40.77.167.240 - - [03/Mar/2023:08:11:53 -0800] "GET /index.php?/on-line/ HTTP/1.1" 500 - "-" "Mozilla/5.0 AppleWebKit/537.36 (KHTML, like Gecko; compatible; bingbot/2.0; +http://www.bing.com/bingbot.htm) Chrome/103.0.5060.134 Safari/537.36" "www.mantech8.com"
40.77.167.139 - - [03/Mar/2023:08:11:54 -0800] "GET /index.php?/category36/ HTTP/1.1" 500 - "-" "Mozilla/5.0 AppleWebKit/537.36 (KHTML, like Gecko; compatible; bingbot/2.0; +http://www.bing.com/bingbot.htm) Chrome/103.0.5060.134 Safari/537.36" "www.mantech8.com"
40.77.167.139 - - [03/Mar/2023:08:11:54 -0800] "GET /index.php?/jp/ HTTP/1.1" 500 - "-" "Mozilla/5.0 AppleWebKit/537.36 (KHTML, like Gecko; compatible; bingbot/2.0; +http://www.bing.com/bingbot.htm) Chrome/103.0.5060.134 Safari/537.36" "www.mantech8.com"
40.77.167.139 - - [03/Mar/2023:08:11:54 -0800] "GET /index.php?/kxyj.htm HTTP/1.1" 500 - "-" "Mozilla/5.0 AppleWebKit/537.36 (KHTML, like Gecko; compatible; bingbot/2.0; +http://www.bing.com/bingbot.htm) Chrome/103.0.5060.134 Safari/537.36" "www.mantech8.com"
40.77.167.139 - - [03/Mar/2023:08:11:55 -0800] "GET /index.php?/bully/ HTTP/1.1" 500 - "-" "Mozilla/5.0 AppleWebKit/537.36 (KHTML, like Gecko; compatible; bingbot/2.0; +http://www.bing.com/bingbot.htm) Chrome/103.0.5060.134 Safari/537.36" "www.mantech8.com"
40.77.167.236 - - [03/Mar/2023:08:11:55 -0800] "GET /index.php?/category37/ HTTP/1.1" 500 - "-" "Mozilla/5.0 AppleWebKit/537.36 (KHTML, like Gecko; compatible; bingbot/2.0; +http://www.bing.com/bingbot.htm) Chrome/103.0.5060.134 Safari/537.36" "www.mantech8.com"
185.191.171.26 - - [03/Mar/2023:08:11:59 -0800] "GET /index.php?camp-fire%2F45529625.html HTTP/1.1" 500 - "-" "Mozilla/5.0 (compatible; SemrushBot/7~bl; +http://www.semrush.com/bot.html)" "mantech8.com"
40.77.167.240 - - [03/Mar/2023:08:12:02 -0800] "GET /index.php?/page/25 HTTP/1.1" 500 - "-" "Mozilla/5.0 AppleWebKit/537.36 (KHTML, like Gecko; compatible; bingbot/2.0; +http://www.bing.com/bingbot.htm) Chrome/103.0.5060.134 Safari/537.36" "www.mantech8.com"
40.77.167.240 - - [03/Mar/2023:08:12:02 -0800] "GET /index.php?/xxgknb/ HTTP/1.1" 500 - "-" "Mozilla/5.0 AppleWebKit/537.36 (KHTML, like Gecko; compatible; bingbot/2.0; +http://www.bing.com/bingbot.htm) Chrome/103.0.5060.134 Safari/537.36" "www.mantech8.com"
40.77.167.240 - - [03/Mar/2023:08:12:03 -0800] "GET /index.php?/20.html HTTP/1.1" 500 - "-" "Mozilla/5.0 AppleWebKit/537.36 (KHTML, like Gecko; compatible; bingbot/2.0; +http://www.bing.com/bingbot.htm) Chrome/103.0.5060.134 Safari/537.36" "www.mantech8.com"
40.77.167.240 - - [03/Mar/2023:08:12:03 -0800] "GET / HTTP/1.1" 500 - "-" "Mozilla/5.0 AppleWebKit/537.36 (KHTML, like Gecko; compatible; bingbot/2.0; +http://www.bing.com/bingbot.htm) Chrome/103.0.5060.134 Safari/537.36" "www.mantech8.com"
185.191.171.14 - - [03/Mar/2023:08:12:04 -0800] "GET /index.php?camp-fire%2F42247734.html HTTP/1.1" 500 - "-" "Mozilla/5.0 (compatible; SemrushBot/7~bl; +http://www.semrush.com/bot.html)" "mantech8.com"
52.167.144.91 - - [03/Mar/2023:08:12:07 -0800] "GET /index.php?/contactus/ HTTP/1.1" 500 - "-" "Mozilla/5.0 AppleWebKit/537.36 (KHTML, like Gecko; compatible; bingbot/2.0; +http://www.bing.com/bingbot.htm) Chrome/103.0.5060.134 Safari/537.36" "www.mantech8.com"
52.167.144.91 - - [03/Mar/2023:08:12:07 -0800] "GET /index.php?/kaigohoken1 HTTP/1.1" 500 - "-" "Mozilla/5.0 AppleWebKit/537.36 (KHTML, like Gecko; compatible; bingbot/2.0; +http://www.bing.com/bingbot.htm) Chrome/103.0.5060.134 Safari/537.36" "www.mantech8.com"
52.167.144.91 - - [03/Mar/2023:08:12:07 -0800] "GET /index.php?/posts/2718 HTTP/1.1" 500 - "-" "Mozilla/5.0 AppleWebKit/537.36 (KHTML, like Gecko; compatible; bingbot/2.0; +http://www.bing.com/bingbot.htm) Chrome/103.0.5060.134 Safari/537.36" "www.mantech8.com"
52.167.144.91 - - [03/Mar/2023:08:12:08 -0800] "GET /index.php?/takizawa_it HTTP/1.1" 500 - "-" "Mozilla/5.0 AppleWebKit/537.36 (KHTML, like Gecko; compatible; bingbot/2.0; +http://www.bing.com/bingbot.htm) Chrome/103.0.5060.134 Safari/537.36" "www.mantech8.com"
52.167.144.91 - - [03/Mar/2023:08:12:08 -0800] "GET /index.php?c=product&a=type&tid=55 HTTP/1.1" 500 - "-" "Mozilla/5.0 AppleWebKit/537.36 (KHTML, like Gecko; compatible; bingbot/2.0; +http://www.bing.com/bingbot.htm) Chrome/103.0.5060.134 Safari/537.36" "www.mantech8.com"
52.167.144.91 - - [03/Mar/2023:08:12:08 -0800] "GET /index.php/ccabe HTTP/1.1" 500 - "-" "Mozilla/5.0 AppleWebKit/537.36 (KHTML, like Gecko; compatible; bingbot/2.0; +http://www.bing.com/bingbot.htm) Chrome/103.0.5060.134 Safari/537.36" "www.mantech8.com"
52.167.144.91 - - [03/Mar/2023:08:12:08 -0800] "GET /index.php?/freenance/ HTTP/1.1" 500 - "-" "Mozilla/5.0 AppleWebKit/537.36 (KHTML, like Gecko; compatible; bingbot/2.0; +http://www.bing.com/bingbot.htm) Chrome/103.0.5060.134 Safari/537.36" "www.mantech8.com"
185.191.171.18 - - [03/Mar/2023:08:12:10 -0800] "GET /index.php?camp-fire%2F40087725.html HTTP/1.1" 500 - "-" "Mozilla/5.0 (compatible; SemrushBot/7~bl; +http://www.semrush.com/bot.html)" "mantech8.com"
185.191.171.43 - - [03/Mar/2023:08:12:13 -0800] "GET /index.php?camp-fire%2F42474593.html HTTP/1.1" 500 - "-" "Mozilla/5.0 (compatible; SemrushBot/7~bl; +http://www.semrush.com/bot.html)" "mantech8.com"
40.77.167.236 - - [03/Mar/2023:08:12:15 -0800] "GET /index.php?/talk/ HTTP/1.1" 500 - "-" "Mozilla/5.0 AppleWebKit/537.36 (KHTML, like Gecko; compatible; bingbot/2.0; +http://www.bing.com/bingbot.htm) Chrome/103.0.5060.134 Safari/537.36" "www.mantech8.com"
40.77.167.236 - - [03/Mar/2023:08:12:15 -0800] "GET /index.php?/zcpt/ HTTP/1.1" 500 - "-" "Mozilla/5.0 AppleWebKit/537.36 (KHTML, like Gecko; compatible; bingbot/2.0; +http://www.bing.com/bingbot.htm) Chrome/103.0.5060.134 Safari/537.36" "www.mantech8.com"
40.77.167.236 - - [03/Mar/2023:08:12:16 -0800] "GET /index.php?/atelier/ HTTP/1.1" 500 - "-" "Mozilla/5.0 AppleWebKit/537.36 (KHTML, like Gecko; compatible; bingbot/2.0; +http://www.bing.com/bingbot.htm) Chrome/103.0.5060.134 Safari/537.36" "www.mantech8.com"
185.191.171.2 - - [03/Mar/2023:08:12:29 -0800] "GET /index.php?camp-fire%2F41286488.html HTTP/1.1" 500 - "-" "Mozilla/5.0 (compatible; SemrushBot/7~bl; +http://www.semrush.com/bot.html)" "mantech8.com"
185.191.171.37 - - [03/Mar/2023:08:12:31 -0800] "GET /index.php?camp-fire%2F42957834.html HTTP/1.1" 500 - "-" "Mozilla/5.0 (compatible; SemrushBot/7~bl; +http://www.semrush.com/bot.html)" "mantech8.com"
185.191.171.17 - - [03/Mar/2023:08:12:37 -0800] "GET /index.php?camp-fire%2F38152216.html HTTP/1.1" 500 - "-" "Mozilla/5.0 (compatible; SemrushBot/7~bl; +http://www.semrush.com/bot.html)" "mantech8.com"
185.191.171.12 - - [03/Mar/2023:08:12:57 -0800] "GET /index.php?camp-fire%2F36832438.html HTTP/1.1" 500 - "-" "Mozilla/5.0 (compatible; SemrushBot/7~bl; +http://www.semrush.com/bot.html)" "mantech8.com"
40.77.167.240 - - [03/Mar/2023:08:13:03 -0800] "GET /index.php/hooa-4f787abefc-69byl.ii HTTP/1.1" 500 - "-" "Mozilla/5.0 AppleWebKit/537.36 (KHTML, like Gecko; compatible; bingbot/2.0; +http://www.bing.com/bingbot.htm) Chrome/103.0.5060.134 Safari/537.36" "mantech8.com"
40.77.167.240 - - [03/Mar/2023:08:13:04 -0800] "GET /index.php/sa5z-0cf2baab-h5mrt.ii HTTP/1.1" 500 - "-" "Mozilla/5.0 AppleWebKit/537.36 (KHTML, like Gecko; compatible; bingbot/2.0; +http://www.bing.com/bingbot.htm) Chrome/103.0.5060.134 Safari/537.36" "mantech8.com"
185.191.171.17 - - [03/Mar/2023:08:13:20 -0800] "GET /index.php?camp-fire%2F41690671.html HTTP/1.1" 500 - "-" "Mozilla/5.0 (compatible; SemrushBot/7~bl; +http://www.semrush.com/bot.html)" "mantech8.com"
185.191.171.37 - - [03/Mar/2023:08:13:21 -0800] "GET /index.php?camp-fire%2F17528926.html HTTP/1.1" 500 - "-" "Mozilla/5.0 (compatible; SemrushBot/7~bl; +http://www.semrush.com/bot.html)" "mantech8.com"
185.191.171.41 - - [03/Mar/2023:08:13:24 -0800] "GET /index.php?camp-fire%2F40976276.html HTTP/1.1" 500 - "-" "Mozilla/5.0 (compatible; SemrushBot/7~bl; +http://www.semrush.com/bot.html)" "mantech8.com"
185.191.171.42 - - [03/Mar/2023:08:13:37 -0800] "GET /index.php?camp-fire%2F37100650.html HTTP/1.1" 500 - "-" "Mozilla/5.0 (compatible; SemrushBot/7~bl; +http://www.semrush.com/bot.html)" "mantech8.com"
185.191.171.1 - - [03/Mar/2023:08:14:00 -0800] "GET /index.php?camp-fire%2F36000250.html HTTP/1.1" 500 - "-" "Mozilla/5.0 (compatible; SemrushBot/7~bl; +http://www.semrush.com/bot.html)" "mantech8.com"
185.191.171.1 - - [03/Mar/2023:08:14:15 -0800] "GET /index.php?camp-fire%2F39530392.html HTTP/1.1" 500 - "-" "Mozilla/5.0 (compatible; SemrushBot/7~bl; +http://www.semrush.com/bot.html)" "mantech8.com"
185.191.171.26 - - [03/Mar/2023:08:14:17 -0800] "GET /index.php?camp-fire%2F41776203.html HTTP/1.1" 500 - "-" "Mozilla/5.0 (compatible; SemrushBot/7~bl; +http://www.semrush.com/bot.html)" "mantech8.com"
185.191.171.25 - - [03/Mar/2023:08:14:30 -0800] "GET /index.php?camp-fire%2F29504109.html HTTP/1.1" 500 - "-" "Mozilla/5.0 (compatible; SemrushBot/7~bl; +http://www.semrush.com/bot.html)" "mantech8.com"
40.77.167.236 - - [03/Mar/2023:08:14:35 -0800] "GET /index.php/424aeeef HTTP/1.1" 500 - "-" "Mozilla/5.0 AppleWebKit/537.36 (KHTML, like Gecko; compatible; bingbot/2.0; +http://www.bing.com/bingbot.htm) Chrome/103.0.5060.134 Safari/537.36" "mantech8.com"
185.191.171.15 - - [03/Mar/2023:08:14:36 -0800] "GET /index.php?camp-fire%2F40573402.html HTTP/1.1" 500 - "-" "Mozilla/5.0 (compatible; SemrushBot/7~bl; +http://www.semrush.com/bot.html)" "mantech8.com"
185.191.171.5 - - [03/Mar/2023:08:14:51 -0800] "GET /robots.txt HTTP/1.1" 200 84 "-" "Mozilla/5.0 (compatible; SemrushBot/7~bl; +http://www.semrush.com/bot.html)" "mantech8.com"
185.191.171.39 - - [03/Mar/2023:08:14:51 -0800] "GET /index.php?camp-fire%2F33626259.html HTTP/1.1" 500 - "-" "Mozilla/5.0 (compatible; SemrushBot/7~bl; +http://www.semrush.com/bot.html)" "mantech8.com"
185.191.171.21 - - [03/Mar/2023:08:15:23 -0800] "GET /index.php?camp-fire%2F39035403.html HTTP/1.1" 500 - "-" "Mozilla/5.0 (compatible; SemrushBot/7~bl; +http://www.semrush.com/bot.html)" "mantech8.com"
52.167.144.91 - - [03/Mar/2023:08:15:35 -0800] "GET /index.php/s0kv-d4dd-oemod.ii HTTP/1.1" 500 - "-" "Mozilla/5.0 AppleWebKit/537.36 (KHTML, like Gecko; compatible; bingbot/2.0; +http://www.bing.com/bingbot.htm) Chrome/103.0.5060.134 Safari/537.36" "mantech8.com"
40.77.167.236 - - [03/Mar/2023:08:15:40 -0800] "GET /index.php/egy1-5e80bdfc-vezse.ii HTTP/1.1" 500 - "-" "Mozilla/5.0 AppleWebKit/537.36 (KHTML, like Gecko; compatible; bingbot/2.0; +http://www.bing.com/bingbot.htm) Chrome/103.0.5060.134 Safari/537.36" "mantech8.com"
185.191.171.37 - - [03/Mar/2023:08:15:48 -0800] "GET /index.php?camp-fire%2F42485371.html HTTP/1.1" 500 - "-" "Mozilla/5.0 (compatible; SemrushBot/7~bl; +http://www.semrush.com/bot.html)" "mantech8.com"
185.191.171.45 - - [03/Mar/2023:08:16:03 -0800] "GET /index.php?camp-fire%2F42373316.html HTTP/1.1" 500 - "-" "Mozilla/5.0 (compatible; SemrushBot/7~bl; +http://www.semrush.com/bot.html)" "mantech8.com"
185.191.171.19 - - [03/Mar/2023:08:16:22 -0800] "GET /index.php?camp-fire%2F39763155.html HTTP/1.1" 500 - "-" "Mozilla/5.0 (compatible; SemrushBot/7~bl; +http://www.semrush.com/bot.html)" "mantech8.com"
40.77.167.236 - - [03/Mar/2023:08:16:26 -0800] "GET /index.php/d3aa3edcea HTTP/1.1" 500 - "-" "Mozilla/5.0 AppleWebKit/537.36 (KHTML, like Gecko; compatible; bingbot/2.0; +http://www.bing.com/bingbot.htm) Chrome/103.0.5060.134 Safari/537.36" "mantech8.com"
40.77.167.240 - - [03/Mar/2023:08:16:33 -0800] "GET /index.php/1cfba HTTP/1.1" 500 - "-" "Mozilla/5.0 AppleWebKit/537.36 (KHTML, like Gecko; compatible; bingbot/2.0; +http://www.bing.com/bingbot.htm) Chrome/103.0.5060.134 Safari/537.36" "mantech8.com"
185.191.171.25 - - [03/Mar/2023:08:16:42 -0800] "GET /index.php?camp-fire%2F40037892.html HTTP/1.1" 500 - "-" "Mozilla/5.0 (compatible; SemrushBot/7~bl; +http://www.semrush.com/bot.html)" "mantech8.com"
185.191.171.25 - - [03/Mar/2023:08:16:52 -0800] "GET /index.php?camp-fire%2F40262117.html HTTP/1.1" 500 - "-" "Mozilla/5.0 (compatible; SemrushBot/7~bl; +http://www.semrush.com/bot.html)" "mantech8.com"
185.191.171.10 - - [03/Mar/2023:08:16:55 -0800] "GET /index.php?camp-fire%2F41877203.html HTTP/1.1" 500 - "-" "Mozilla/5.0 (compatible; SemrushBot/7~bl; +http://www.semrush.com/bot.html)" "mantech8.com"
185.191.171.19 - - [03/Mar/2023:08:16:59 -0800] "GET /index.php?camp-fire%2F27257851.html HTTP/1.1" 500 - "-" "Mozilla/5.0 (compatible; SemrushBot/7~bl; +http://www.semrush.com/bot.html)" "mantech8.com"
40.77.167.236 - - [03/Mar/2023:08:17:06 -0800] "GET /?/art/40.html HTTP/1.1" 500 - "-" "Mozilla/5.0 AppleWebKit/537.36 (KHTML, like Gecko; compatible; bingbot/2.0; +http://www.bing.com/bingbot.htm) Chrome/103.0.5060.134 Safari/537.36" "mantech8.com"
185.191.171.17 - - [03/Mar/2023:08:17:19 -0800] "GET /index.php?camp-fire%2F36404438.html HTTP/1.1" 500 - "-" "Mozilla/5.0 (compatible; SemrushBot/7~bl; +http://www.semrush.com/bot.html)" "mantech8.com"
185.191.171.16 - - [03/Mar/2023:08:17:21 -0800] "GET /index.php?camp-fire%2F38115978.html HTTP/1.1" 500 - "-" "Mozilla/5.0 (compatible; SemrushBot/7~bl; +http://www.semrush.com/bot.html)" "mantech8.com"
185.191.171.25 - - [03/Mar/2023:08:17:28 -0800] "GET /index.php?camp-fire%2F35730838.html HTTP/1.1" 500 - "-" "Mozilla/5.0 (compatible; SemrushBot/7~bl; +http://www.semrush.com/bot.html)" "mantech8.com"
185.191.171.18 - - [03/Mar/2023:08:17:43 -0800] "GET /index.php?camp-fire%2F42107834.html HTTP/1.1" 500 - "-" "Mozilla/5.0 (compatible; SemrushBot/7~bl; +http://www.semrush.com/bot.html)" "mantech8.com"
185.191.171.17 - - [03/Mar/2023:08:17:48 -0800] "GET /index.php?camp-fire%2F36283333.html HTTP/1.1" 500 - "-" "Mozilla/5.0 (compatible; SemrushBot/7~bl; +http://www.semrush.com/bot.html)" "mantech8.com"
185.191.171.26 - - [03/Mar/2023:08:17:51 -0800] "GET /index.php?camp-fire%2F42777903.html HTTP/1.1" 500 - "-" "Mozilla/5.0 (compatible; SemrushBot/7~bl; +http://www.semrush.com/bot.html)" "mantech8.com"
185.191.171.8 - - [03/Mar/2023:08:17:53 -0800] "GET /index.php?camp-fire%2F44297108.html HTTP/1.1" 500 - "-" "Mozilla/5.0 (compatible; SemrushBot/7~bl; +http://www.semrush.com/bot.html)" "mantech8.com"
52.167.144.91 - - [03/Mar/2023:08:18:16 -0800] "GET /index.php/Pstd-47fb1ecefa-iXXAL.Ii HTTP/1.1" 500 - "-" "Mozilla/5.0 AppleWebKit/537.36 (KHTML, like Gecko; compatible; bingbot/2.0; +http://www.bing.com/bingbot.htm) Chrome/103.0.5060.134 Safari/537.36" "www.mantech8.com"
192.42.116.176 - - [03/Mar/2023:08:18:23 -0800] "GET /contact.php HTTP/1.1" 200 26018 "http://mantech8.com/contact.php" "Mozilla/5.0 (Windows NT 6.3; Win64; x64) AppleWebKit/537.36 (KHTML, like Gecko) Chrome/90.0.4430.93 Safari/537.36" "mantech8.com"
192.42.116.176 - - [03/Mar/2023:08:18:24 -0800] "GET /verificationimage.php?1445 HTTP/1.1" 200 1333 "http://mantech8.com/contact.php" "Mozilla/5.0 (Windows NT 6.3; Win64; x64) AppleWebKit/537.36 (KHTML, like Gecko) Chrome/90.0.4430.93 Safari/537.36" "mantech8.com"
192.42.116.176 - - [03/Mar/2023:08:18:25 -0800] "POST /mailer.php HTTP/1.1" 404 73 "http://mantech8.com/contact.php" "Mozilla/5.0 (Windows NT 6.3; Win64; x64) AppleWebKit/537.36 (KHTML, like Gecko) Chrome/90.0.4430.93 Safari/537.36" "mantech8.com"
192.42.116.176 - - [03/Mar/2023:08:18:26 -0800] "GET /contact.php HTTP/1.1" 200 26018 "http://mantech8.com/contact.php" "Mozilla/5.0 (Windows NT 6.3; Win64; x64) AppleWebKit/537.36 (KHTML, like Gecko) Chrome/90.0.4430.93 Safari/537.36" "mantech8.com"
185.191.171.43 - - [03/Mar/2023:08:18:38 -0800] "GET /index.php?camp-fire%2F35020425.html HTTP/1.1" 500 - "-" "Mozilla/5.0 (compatible; SemrushBot/7~bl; +http://www.semrush.com/bot.html)" "mantech8.com"
185.191.171.21 - - [03/Mar/2023:08:18:50 -0800] "GET /index.php?camp-fire%2F44388351.html HTTP/1.1" 500 - "-" "Mozilla/5.0 (compatible; SemrushBot/7~bl; +http://www.semrush.com/bot.html)" "mantech8.com"
185.191.171.15 - - [03/Mar/2023:08:18:53 -0800] "GET /index.php?camp-fire%2F42076949.html HTTP/1.1" 500 - "-" "Mozilla/5.0 (compatible; SemrushBot/7~bl; +http://www.semrush.com/bot.html)" "mantech8.com"
185.191.171.26 - - [03/Mar/2023:08:19:05 -0800] "GET /index.php?camp-fire%2F14778987.html HTTP/1.1" 500 - "-" "Mozilla/5.0 (compatible; SemrushBot/7~bl; +http://www.semrush.com/bot.html)" "mantech8.com"
185.191.171.8 - - [03/Mar/2023:08:20:01 -0800] "GET /index.php?camp-fire%2F41837303.html HTTP/1.1" 500 - "-" "Mozilla/5.0 (compatible; SemrushBot/7~bl; +http://www.semrush.com/bot.html)" "mantech8.com"
185.191.171.44 - - [03/Mar/2023:08:20:11 -0800] "GET /index.php?camp-fire%2F47535450.html HTTP/1.1" 500 - "-" "Mozilla/5.0 (compatible; SemrushBot/7~bl; +http://www.semrush.com/bot.html)" "mantech8.com"
185.191.171.14 - - [03/Mar/2023:08:20:15 -0800] "GET /index.php/camp-fire/30491941.html HTTP/1.1" 500 - "-" "Mozilla/5.0 (compatible; SemrushBot/7~bl; +http://www.semrush.com/bot.html)" "mantech8.com"
185.191.171.9 - - [03/Mar/2023:08:20:18 -0800] "GET /index.php?camp-fire%2F39065935.html HTTP/1.1" 500 - "-" "Mozilla/5.0 (compatible; SemrushBot/7~bl; +http://www.semrush.com/bot.html)" "mantech8.com"
52.167.144.96 - - [03/Mar/2023:08:20:20 -0800] "GET /index.php?/c/product.html HTTP/1.1" 500 - "-" "Mozilla/5.0 AppleWebKit/537.36 (KHTML, like Gecko; compatible; bingbot/2.0; +http://www.bing.com/bingbot.htm) Chrome/103.0.5060.134 Safari/537.36" "www.mantech8.com"
185.191.171.43 - - [03/Mar/2023:08:20:39 -0800] "GET /index.php?camp-fire%2F46250935.html HTTP/1.1" 500 - "-" "Mozilla/5.0 (compatible; SemrushBot/7~bl; +http://www.semrush.com/bot.html)" "mantech8.com"
185.191.171.13 - - [03/Mar/2023:08:20:54 -0800] "GET /index.php?camp-fire%2F35082125.html HTTP/1.1" 500 - "-" "Mozilla/5.0 (compatible; SemrushBot/7~bl; +http://www.semrush.com/bot.html)" "mantech8.com"
40.77.167.236 - - [03/Mar/2023:08:20:57 -0800] "GET /index.php/su70-5b6e9cafbe-icb5e.ii HTTP/1.1" 500 - "-" "Mozilla/5.0 AppleWebKit/537.36 (KHTML, like Gecko; compatible; bingbot/2.0; +http://www.bing.com/bingbot.htm) Chrome/103.0.5060.134 Safari/537.36" "mantech8.com"
185.191.171.45 - - [03/Mar/2023:08:21:03 -0800] "GET /index.php?camp-fire%2F27202051.html HTTP/1.1" 500 - "-" "Mozilla/5.0 (compatible; SemrushBot/7~bl; +http://www.semrush.com/bot.html)" "mantech8.com"
185.191.171.9 - - [03/Mar/2023:08:21:04 -0800] "GET /index.php?camp-fire%2F41702671.html HTTP/1.1" 500 - "-" "Mozilla/5.0 (compatible; SemrushBot/7~bl; +http://www.semrush.com/bot.html)" "mantech8.com"
40.77.167.240 - - [03/Mar/2023:08:21:14 -0800] "GET /?/shopbrand/ct03/ HTTP/1.1" 500 - "-" "Mozilla/5.0 AppleWebKit/537.36 (KHTML, like Gecko; compatible; bingbot/2.0; +http://www.bing.com/bingbot.htm) Chrome/103.0.5060.134 Safari/537.36" "mantech8.com"
185.191.171.45 - - [03/Mar/2023:08:21:22 -0800] "GET /index.php?camp-fire%2F39220159.html HTTP/1.1" 500 - "-" "Mozilla/5.0 (compatible; SemrushBot/7~bl; +http://www.semrush.com/bot.html)" "mantech8.com"
40.77.167.236 - - [03/Mar/2023:08:21:26 -0800] "GET /index.php/nwtf-de0ecbaddc-4qkva.ii HTTP/1.1" 500 - "-" "Mozilla/5.0 AppleWebKit/537.36 (KHTML, like Gecko; compatible; bingbot/2.0; +http://www.bing.com/bingbot.htm) Chrome/103.0.5060.134 Safari/537.36" "mantech8.com"
185.191.171.14 - - [03/Mar/2023:08:21:28 -0800] "GET /index.php?camp-fire%2F41528971.html HTTP/1.1" 500 - "-" "Mozilla/5.0 (compatible; SemrushBot/7~bl; +http://www.semrush.com/bot.html)" "mantech8.com"
185.191.171.23 - - [03/Mar/2023:08:21:29 -0800] "GET /index.php?camp-fire%2F38874892.html HTTP/1.1" 500 - "-" "Mozilla/5.0 (compatible; SemrushBot/7~bl; +http://www.semrush.com/bot.html)" "mantech8.com"
185.191.171.7 - - [03/Mar/2023:08:21:33 -0800] "GET /index.php?camp-fire%2F45660809.html HTTP/1.1" 500 - "-" "Mozilla/5.0 (compatible; SemrushBot/7~bl; +http://www.semrush.com/bot.html)" "mantech8.com"
66.249.66.64 - - [03/Mar/2023:08:21:37 -0800] "GET /sitemapmobile20372.xml HTTP/1.1" 404 88 "-" "Mozilla/5.0 (compatible; Googlebot/2.1; +http://www.google.com/bot.html)" "mantech8.com"
185.191.171.9 - - [03/Mar/2023:08:21:49 -0800] "GET /index.php?camp-fire%2F39898102.html HTTP/1.1" 500 - "-" "Mozilla/5.0 (compatible; SemrushBot/7~bl; +http://www.semrush.com/bot.html)" "mantech8.com"
185.191.171.1 - - [03/Mar/2023:08:22:22 -0800] "GET /index.php/camp-fire/3278798.html HTTP/1.1" 500 - "-" "Mozilla/5.0 (compatible; SemrushBot/7~bl; +http://www.semrush.com/bot.html)" "mantech8.com"
40.77.167.236 - - [03/Mar/2023:08:22:36 -0800] "GET /index.php/90cbcb HTTP/1.1" 500 - "-" "Mozilla/5.0 AppleWebKit/537.36 (KHTML, like Gecko; compatible; bingbot/2.0; +http://www.bing.com/bingbot.htm) Chrome/103.0.5060.134 Safari/537.36" "mantech8.com"
185.191.171.9 - - [03/Mar/2023:08:22:37 -0800] "GET /index.php?camp-fire%2F38976092.html HTTP/1.1" 500 - "-" "Mozilla/5.0 (compatible; SemrushBot/7~bl; +http://www.semrush.com/bot.html)" "mantech8.com"
185.191.171.37 - - [03/Mar/2023:08:23:00 -0800] "GET /index.php?camp-fire%2F105383916.html HTTP/1.1" 500 - "-" "Mozilla/5.0 (compatible; SemrushBot/7~bl; +http://www.semrush.com/bot.html)" "mantech8.com"
185.191.171.25 - - [03/Mar/2023:08:23:07 -0800] "GET /index.php?camp-fire%2F58447568.html HTTP/1.1" 500 - "-" "Mozilla/5.0 (compatible; SemrushBot/7~bl; +http://www.semrush.com/bot.html)" "mantech8.com"
216.244.66.241 - - [03/Mar/2023:08:23:15 -0800] "GET /robots.txt HTTP/1.1" 200 68 "-" "Mozilla/5.0 (compatible; DotBot/1.2; +https://opensiteexplorer.org/dotbot; help@moz.com)" "mantech8.com"
216.244.66.241 - - [03/Mar/2023:08:23:15 -0800] "GET /robots.txt HTTP/1.1" 200 68 "-" "Mozilla/5.0 (compatible; DotBot/1.2; +https://opensiteexplorer.org/dotbot; help@moz.com)" "www.mantech8.com"
185.191.171.4 - - [03/Mar/2023:08:23:15 -0800] "GET /index.php?camp-fire%2F42786003.html HTTP/1.1" 500 - "-" "Mozilla/5.0 (compatible; SemrushBot/7~bl; +http://www.semrush.com/bot.html)" "mantech8.com"
185.191.171.20 - - [03/Mar/2023:08:23:31 -0800] "GET /index.php?camp-fire%2F46657926.html HTTP/1.1" 500 - "-" "Mozilla/5.0 (compatible; SemrushBot/7~bl; +http://www.semrush.com/bot.html)" "mantech8.com"
185.191.171.24 - - [03/Mar/2023:08:23:46 -0800] "GET /index.php?camp-fire%2F37269678.html HTTP/1.1" 500 - "-" "Mozilla/5.0 (compatible; SemrushBot/7~bl; +http://www.semrush.com/bot.html)" "mantech8.com"
185.191.171.19 - - [03/Mar/2023:08:23:51 -0800] "GET /index.php?camp-fire%2F38870417.html HTTP/1.1" 500 - "-" "Mozilla/5.0 (compatible; SemrushBot/7~bl; +http://www.semrush.com/bot.html)" "mantech8.com"
185.191.171.17 - - [03/Mar/2023:08:23:52 -0800] "GET /index.php?camp-fire%2F18059681.html HTTP/1.1" 500 - "-" "Mozilla/5.0 (compatible; SemrushBot/7~bl; +http://www.semrush.com/bot.html)" "mantech8.com"
114.119.141.40 - - [03/Mar/2023:08:23:59 -0800] "GET /index.php/ching-kuo.xml HTTP/1.1" 500 - "-" "Mozilla/5.0 (Linux; Android 7.0;) AppleWebKit/537.36 (KHTML, like Gecko) Mobile Safari/537.36 (compatible; PetalBot;+https://webmaster.petalsearch.com/site/petalbot)" "mantech8.com"
185.191.171.23 - - [03/Mar/2023:08:24:16 -0800] "GET /index.php?camp-fire%2F46170461.html HTTP/1.1" 500 - "-" "Mozilla/5.0 (compatible; SemrushBot/7~bl; +http://www.semrush.com/bot.html)" "mantech8.com"
52.167.144.96 - - [03/Mar/2023:08:24:21 -0800] "GET /index.php/15adbd HTTP/1.1" 500 - "-" "Mozilla/5.0 AppleWebKit/537.36 (KHTML, like Gecko; compatible; bingbot/2.0; +http://www.bing.com/bingbot.htm) Chrome/103.0.5060.134 Safari/537.36" "mantech8.com"
185.191.171.15 - - [03/Mar/2023:08:24:25 -0800] "GET /index.php?camp-fire%2F39055235.html HTTP/1.1" 500 - "-" "Mozilla/5.0 (compatible; SemrushBot/7~bl; +http://www.semrush.com/bot.html)" "mantech8.com"
185.191.171.19 - - [03/Mar/2023:08:24:27 -0800] "GET /index.php?camp-fire%2F35729538.html HTTP/1.1" 500 - "-" "Mozilla/5.0 (compatible; SemrushBot/7~bl; +http://www.semrush.com/bot.html)" "mantech8.com"
40.77.167.236 - - [03/Mar/2023:08:24:28 -0800] "GET /index.php/egy1-b970fcface-vsjfu.ii HTTP/1.1" 500 - "-" "Mozilla/5.0 AppleWebKit/537.36 (KHTML, like Gecko; compatible; bingbot/2.0; +http://www.bing.com/bingbot.htm) Chrome/103.0.5060.134 Safari/537.36" "mantech8.com"
34.148.233.163 - - [03/Mar/2023:08:24:28 -0800] "GET /robots.txt HTTP/1.1" 200 84 "-" "ZoominfoBot (zoominfobot at zoominfo dot com)" "www.mantech8.com"
34.148.233.163 - - [03/Mar/2023:08:24:28 -0800] "GET / HTTP/1.1" 500 - "-" "ZoominfoBot (zoominfobot at zoominfo dot com)" "www.mantech8.com"
40.77.167.240 - - [03/Mar/2023:08:24:34 -0800] "GET /index.php/nwtf-e20daaaca-3ltnb.ii HTTP/1.1" 500 - "-" "Mozilla/5.0 AppleWebKit/537.36 (KHTML, like Gecko; compatible; bingbot/2.0; +http://www.bing.com/bingbot.htm) Chrome/103.0.5060.134 Safari/537.36" "mantech8.com"
40.77.167.240 - - [03/Mar/2023:08:24:35 -0800] "GET /?/szll/ HTTP/1.1" 500 - "-" "Mozilla/5.0 AppleWebKit/537.36 (KHTML, like Gecko; compatible; bingbot/2.0; +http://www.bing.com/bingbot.htm) Chrome/103.0.5060.134 Safari/537.36" "mantech8.com"
185.191.171.25 - - [03/Mar/2023:08:24:39 -0800] "GET /index.php?camp-fire%2F34867308.html HTTP/1.1" 500 - "-" "Mozilla/5.0 (compatible; SemrushBot/7~bl; +http://www.semrush.com/bot.html)" "mantech8.com"
185.191.171.1 - - [03/Mar/2023:08:24:46 -0800] "GET /index.php?camp-fire%2F41863703.html HTTP/1.1" 500 - "-" "Mozilla/5.0 (compatible; SemrushBot/7~bl; +http://www.semrush.com/bot.html)" "mantech8.com"
185.191.171.12 - - [03/Mar/2023:08:24:51 -0800] "GET /index.php?camp-fire%2F42045649.html HTTP/1.1" 500 - "-" "Mozilla/5.0 (compatible; SemrushBot/7~bl; +http://www.semrush.com/bot.html)" "mantech8.com"
185.191.171.38 - - [03/Mar/2023:08:24:58 -0800] "GET /index.php?camp-fire%2F38147172.html HTTP/1.1" 500 - "-" "Mozilla/5.0 (compatible; SemrushBot/7~bl; +http://www.semrush.com/bot.html)" "mantech8.com"
185.191.171.21 - - [03/Mar/2023:08:25:38 -0800] "GET /index.php?camp-fire%2F40959702.html HTTP/1.1" 500 - "-" "Mozilla/5.0 (compatible; SemrushBot/7~bl; +http://www.semrush.com/bot.html)" "mantech8.com"
185.191.171.18 - - [03/Mar/2023:08:25:45 -0800] "GET /index.php?camp-fire%2F34135193.html HTTP/1.1" 500 - "-" "Mozilla/5.0 (compatible; SemrushBot/7~bl; +http://www.semrush.com/bot.html)" "mantech8.com"
185.191.171.24 - - [03/Mar/2023:08:26:13 -0800] "GET /index.php?camp-fire%2F36874459.html HTTP/1.1" 500 - "-" "Mozilla/5.0 (compatible; SemrushBot/7~bl; +http://www.semrush.com/bot.html)" "mantech8.com"
185.191.171.43 - - [03/Mar/2023:08:26:17 -0800] "GET /index.php?camp-fire%2F34668208.html HTTP/1.1" 500 - "-" "Mozilla/5.0 (compatible; SemrushBot/7~bl; +http://www.semrush.com/bot.html)" "mantech8.com"
185.191.171.1 - - [03/Mar/2023:08:26:42 -0800] "GET /index.php?camp-fire%2F42810534.html HTTP/1.1" 500 - "-" "Mozilla/5.0 (compatible; SemrushBot/7~bl; +http://www.semrush.com/bot.html)" "mantech8.com"
52.167.144.91 - - [03/Mar/2023:08:27:18 -0800] "GET /index.php/700eaacbb HTTP/1.1" 500 - "-" "Mozilla/5.0 AppleWebKit/537.36 (KHTML, like Gecko; compatible; bingbot/2.0; +http://www.bing.com/bingbot.htm) Chrome/103.0.5060.134 Safari/537.36" "mantech8.com"
185.191.171.2 - - [03/Mar/2023:08:27:23 -0800] "GET /index.php?camp-fire%2F40404750.html HTTP/1.1" 500 - "-" "Mozilla/5.0 (compatible; SemrushBot/7~bl; +http://www.semrush.com/bot.html)" "mantech8.com"
185.191.171.2 - - [03/Mar/2023:08:27:24 -0800] "GET /index.php?camp-fire%2F116317659.html HTTP/1.1" 500 - "-" "Mozilla/5.0 (compatible; SemrushBot/7~bl; +http://www.semrush.com/bot.html)" "mantech8.com"
40.77.167.236 - - [03/Mar/2023:08:27:27 -0800] "GET /index.php/o6yj-c5ede-pm5ee.ii HTTP/1.1" 500 - "-" "Mozilla/5.0 AppleWebKit/537.36 (KHTML, like Gecko; compatible; bingbot/2.0; +http://www.bing.com/bingbot.htm) Chrome/103.0.5060.134 Safari/537.36" "mantech8.com"
185.191.171.22 - - [03/Mar/2023:08:27:46 -0800] "GET /index.php?camp-fire%2F38881192.html HTTP/1.1" 500 - "-" "Mozilla/5.0 (compatible; SemrushBot/7~bl; +http://www.semrush.com/bot.html)" "mantech8.com"
185.191.171.38 - - [03/Mar/2023:08:27:50 -0800] "GET /index.php?camp-fire%2F43536002.html HTTP/1.1" 500 - "-" "Mozilla/5.0 (compatible; SemrushBot/7~bl; +http://www.semrush.com/bot.html)" "mantech8.com"
185.191.171.45 - - [03/Mar/2023:08:28:12 -0800] "GET /index.php?camp-fire%2F28268621.html HTTP/1.1" 500 - "-" "Mozilla/5.0 (compatible; SemrushBot/7~bl; +http://www.semrush.com/bot.html)" "mantech8.com"
185.191.171.35 - - [03/Mar/2023:08:28:14 -0800] "GET /index.php?camp-fire%2F38155103.html HTTP/1.1" 500 - "-" "Mozilla/5.0 (compatible; SemrushBot/7~bl; +http://www.semrush.com/bot.html)" "mantech8.com"
185.191.171.22 - - [03/Mar/2023:08:28:16 -0800] "GET /index.php?camp-fire%2F119530293.html HTTP/1.1" 500 - "-" "Mozilla/5.0 (compatible; SemrushBot/7~bl; +http://www.semrush.com/bot.html)" "mantech8.com"
185.191.171.15 - - [03/Mar/2023:08:28:24 -0800] "GET /index.php?camp-fire%2F40125188.html HTTP/1.1" 500 - "-" "Mozilla/5.0 (compatible; SemrushBot/7~bl; +http://www.semrush.com/bot.html)" "mantech8.com"
185.191.171.17 - - [03/Mar/2023:08:28:40 -0800] "GET /index.php?camp-fire%2F43726134.html HTTP/1.1" 500 - "-" "Mozilla/5.0 (compatible; SemrushBot/7~bl; +http://www.semrush.com/bot.html)" "mantech8.com"
185.191.171.34 - - [03/Mar/2023:08:28:42 -0800] "GET /index.php?camp-fire%2F51670606.html HTTP/1.1" 500 - "-" "Mozilla/5.0 (compatible; SemrushBot/7~bl; +http://www.semrush.com/bot.html)" "mantech8.com"
185.191.171.24 - - [03/Mar/2023:08:28:47 -0800] "GET /index.php?camp-fire%2F60465460.html HTTP/1.1" 500 - "-" "Mozilla/5.0 (compatible; SemrushBot/7~bl; +http://www.semrush.com/bot.html)" "mantech8.com"
185.191.171.11 - - [03/Mar/2023:08:28:54 -0800] "GET /index.php?camp-fire%2F127882903.html HTTP/1.1" 500 - "-" "Mozilla/5.0 (compatible; SemrushBot/7~bl; +http://www.semrush.com/bot.html)" "mantech8.com"
185.191.171.16 - - [03/Mar/2023:08:29:05 -0800] "GET /index.php?camp-fire%2F35035525.html HTTP/1.1" 500 - "-" "Mozilla/5.0 (compatible; SemrushBot/7~bl; +http://www.semrush.com/bot.html)" "mantech8.com"
185.191.171.15 - - [03/Mar/2023:08:29:20 -0800] "GET /index.php?camp-fire%2F38765730.html HTTP/1.1" 500 - "-" "Mozilla/5.0 (compatible; SemrushBot/7~bl; +http://www.semrush.com/bot.html)" "mantech8.com"
185.191.171.23 - - [03/Mar/2023:08:29:21 -0800] "GET /index.php?camp-fire%2F40333450.html HTTP/1.1" 500 - "-" "Mozilla/5.0 (compatible; SemrushBot/7~bl; +http://www.semrush.com/bot.html)" "mantech8.com"
185.191.171.34 - - [03/Mar/2023:08:30:06 -0800] "GET /index.php?camp-fire%2F42607334.html HTTP/1.1" 500 - "-" "Mozilla/5.0 (compatible; SemrushBot/7~bl; +http://www.semrush.com/bot.html)" "mantech8.com"
185.191.171.9 - - [03/Mar/2023:08:30:07 -0800] "GET /index.php/camp-fire/28036621.html HTTP/1.1" 500 - "-" "Mozilla/5.0 (compatible; SemrushBot/7~bl; +http://www.semrush.com/bot.html)" "mantech8.com"
185.191.171.40 - - [03/Mar/2023:08:30:19 -0800] "GET /index.php?camp-fire%2F115234425.html HTTP/1.1" 500 - "-" "Mozilla/5.0 (compatible; SemrushBot/7~bl; +http://www.semrush.com/bot.html)" "mantech8.com"
185.191.171.26 - - [03/Mar/2023:08:30:38 -0800] "GET /index.php?camp-fire%2F42906534.html HTTP/1.1" 500 - "-" "Mozilla/5.0 (compatible; SemrushBot/7~bl; +http://www.semrush.com/bot.html)" "mantech8.com"
40.77.167.240 - - [03/Mar/2023:08:30:55 -0800] "GET /index.php/wf2o-2ed6aafdf-g5chq.ii HTTP/1.1" 500 - "-" "Mozilla/5.0 AppleWebKit/537.36 (KHTML, like Gecko; compatible; bingbot/2.0; +http://www.bing.com/bingbot.htm) Chrome/103.0.5060.134 Safari/537.36" "mantech8.com"
185.191.171.20 - - [03/Mar/2023:08:30:55 -0800] "GET /index.php?camp-fire%2F45331382.html HTTP/1.1" 500 - "-" "Mozilla/5.0 (compatible; SemrushBot/7~bl; +http://www.semrush.com/bot.html)" "mantech8.com"
185.191.171.12 - - [03/Mar/2023:08:30:58 -0800] "GET /index.php?camp-fire%2F42811534.html HTTP/1.1" 500 - "-" "Mozilla/5.0 (compatible; SemrushBot/7~bl; +http://www.semrush.com/bot.html)" "mantech8.com"
185.191.171.1 - - [03/Mar/2023:08:31:01 -0800] "GET /index.php?camp-fire%2F112832938.html HTTP/1.1" 500 - "-" "Mozilla/5.0 (compatible; SemrushBot/7~bl; +http://www.semrush.com/bot.html)" "mantech8.com"
185.191.171.40 - - [03/Mar/2023:08:31:17 -0800] "GET /index.php/camp-fire/111980372.html HTTP/1.1" 500 - "-" "Mozilla/5.0 (compatible; SemrushBot/7~bl; +http://www.semrush.com/bot.html)" "mantech8.com"
194.233.70.42 - - [03/Mar/2023:08:31:29 -0800] "GET /contact.php HTTP/1.1" 200 26018 "http://mantech8.com/contact.php" "Mozilla/5.0 (Windows NT 6.1; Win64; x64) AppleWebKit/537.36 (KHTML, like Gecko) Chrome/90.0.4430.72 Safari/537.36" "mantech8.com"
40.77.167.139 - - [03/Mar/2023:08:31:32 -0800] "GET /index.php/pstd-e9267bfb-ie1pq.ii HTTP/1.1" 500 - "-" "Mozilla/5.0 AppleWebKit/537.36 (KHTML, like Gecko; compatible; bingbot/2.0; +http://www.bing.com/bingbot.htm) Chrome/103.0.5060.134 Safari/537.36" "mantech8.com"
194.233.70.42 - - [03/Mar/2023:08:31:33 -0800] "GET /verificationimage.php?8506 HTTP/1.1" 200 1307 "http://mantech8.com/contact.php" "Mozilla/5.0 (Windows NT 6.1; Win64; x64) AppleWebKit/537.36 (KHTML, like Gecko) Chrome/90.0.4430.72 Safari/537.36" "mantech8.com"
185.191.171.35 - - [03/Mar/2023:08:31:43 -0800] "GET /index.php?camp-fire%2F105730393.html HTTP/1.1" 500 - "-" "Mozilla/5.0 (compatible; SemrushBot/7~bl; +http://www.semrush.com/bot.html)" "mantech8.com"
194.233.70.42 - - [03/Mar/2023:08:31:45 -0800] "POST /mailer.php HTTP/1.1" 404 73 "http://mantech8.com/contact.php" "Mozilla/5.0 (Windows NT 6.1; Win64; x64) AppleWebKit/537.36 (KHTML, like Gecko) Chrome/90.0.4430.72 Safari/537.36" "mantech8.com"
185.191.171.8 - - [03/Mar/2023:08:31:58 -0800] "GET /index.php?camp-fire%2F45331482.html HTTP/1.1" 500 - "-" "Mozilla/5.0 (compatible; SemrushBot/7~bl; +http://www.semrush.com/bot.html)" "mantech8.com"
185.191.171.21 - - [03/Mar/2023:08:32:07 -0800] "GET /index.php?camp-fire%2F124924292.html HTTP/1.1" 500 - "-" "Mozilla/5.0 (compatible; SemrushBot/7~bl; +http://www.semrush.com/bot.html)" "mantech8.com"
185.191.171.38 - - [03/Mar/2023:08:32:35 -0800] "GET /index.php?camp-fire%2F35101059.html HTTP/1.1" 500 - "-" "Mozilla/5.0 (compatible; SemrushBot/7~bl; +http://www.semrush.com/bot.html)" "mantech8.com"
185.191.171.3 - - [03/Mar/2023:08:32:37 -0800] "GET /index.php?camp-fire%2F38157109.html HTTP/1.1" 500 - "-" "Mozilla/5.0 (compatible; SemrushBot/7~bl; +http://www.semrush.com/bot.html)" "mantech8.com"
185.191.171.20 - - [03/Mar/2023:08:33:00 -0800] "GET /index.php?camp-fire%2F35650650.html HTTP/1.1" 500 - "-" "Mozilla/5.0 (compatible; SemrushBot/7~bl; +http://www.semrush.com/bot.html)" "mantech8.com"
185.191.171.25 - - [03/Mar/2023:08:33:25 -0800] "GET /index.php?camp-fire%2F26114651.html HTTP/1.1" 500 - "-" "Mozilla/5.0 (compatible; SemrushBot/7~bl; +http://www.semrush.com/bot.html)" "mantech8.com"
185.191.171.18 - - [03/Mar/2023:08:33:26 -0800] "GET /index.php?camp-fire%2F37163393.html HTTP/1.1" 500 - "-" "Mozilla/5.0 (compatible; SemrushBot/7~bl; +http://www.semrush.com/bot.html)" "mantech8.com"
185.191.171.1 - - [03/Mar/2023:08:33:35 -0800] "GET /index.php?camp-fire%2F40314693.html HTTP/1.1" 500 - "-" "Mozilla/5.0 (compatible; SemrushBot/7~bl; +http://www.semrush.com/bot.html)" "mantech8.com"
185.191.171.5 - - [03/Mar/2023:08:33:37 -0800] "GET /index.php?camp-fire%2F40263217.html HTTP/1.1" 500 - "-" "Mozilla/5.0 (compatible; SemrushBot/7~bl; +http://www.semrush.com/bot.html)" "mantech8.com"
185.191.171.7 - - [03/Mar/2023:08:33:39 -0800] "GET /index.php?camp-fire%2F32437160.html HTTP/1.1" 500 - "-" "Mozilla/5.0 (compatible; SemrushBot/7~bl; +http://www.semrush.com/bot.html)" "mantech8.com"
40.77.167.139 - - [03/Mar/2023:08:33:42 -0800] "GET /index.php/vmbp-48eecacca-umzww.ii HTTP/1.1" 500 - "-" "Mozilla/5.0 AppleWebKit/537.36 (KHTML, like Gecko; compatible; bingbot/2.0; +http://www.bing.com/bingbot.htm) Chrome/103.0.5060.134 Safari/537.36" "mantech8.com"
185.191.171.5 - - [03/Mar/2023:08:33:47 -0800] "GET /index.php?camp-fire%2F34714559.html HTTP/1.1" 500 - "-" "Mozilla/5.0 (compatible; SemrushBot/7~bl; +http://www.semrush.com/bot.html)" "mantech8.com"
185.191.171.23 - - [03/Mar/2023:08:33:57 -0800] "GET /index.php?camp-fire%2F40084376.html HTTP/1.1" 500 - "-" "Mozilla/5.0 (compatible; SemrushBot/7~bl; +http://www.semrush.com/bot.html)" "mantech8.com"
185.191.171.14 - - [03/Mar/2023:08:34:13 -0800] "GET /index.php?camp-fire%2F40168588.html HTTP/1.1" 500 - "-" "Mozilla/5.0 (compatible; SemrushBot/7~bl; +http://www.semrush.com/bot.html)" "mantech8.com"
52.167.144.96 - - [03/Mar/2023:08:34:22 -0800] "GET /index.php/egy1-e8dfb-vdafh.ii HTTP/1.1" 500 - "-" "Mozilla/5.0 AppleWebKit/537.36 (KHTML, like Gecko; compatible; bingbot/2.0; +http://www.bing.com/bingbot.htm) Chrome/103.0.5060.134 Safari/537.36" "mantech8.com"
40.77.167.139 - - [03/Mar/2023:08:34:27 -0800] "GET /?/thankshop19/ HTTP/1.1" 500 - "-" "Mozilla/5.0 AppleWebKit/537.36 (KHTML, like Gecko; compatible; bingbot/2.0; +http://www.bing.com/bingbot.htm) Chrome/103.0.5060.134 Safari/537.36" "mantech8.com"
185.191.171.6 - - [03/Mar/2023:08:35:06 -0800] "GET /index.php?camp-fire%2F47491630.html HTTP/1.1" 500 - "-" "Mozilla/5.0 (compatible; SemrushBot/7~bl; +http://www.semrush.com/bot.html)" "mantech8.com"
185.191.171.44 - - [03/Mar/2023:08:35:11 -0800] "GET /index.php/camp-fire/4825078.html HTTP/1.1" 500 - "-" "Mozilla/5.0 (compatible; SemrushBot/7~bl; +http://www.semrush.com/bot.html)" "mantech8.com"
185.191.171.11 - - [03/Mar/2023:08:35:31 -0800] "GET /index.php?camp-fire%2F47861617.html HTTP/1.1" 500 - "-" "Mozilla/5.0 (compatible; SemrushBot/7~bl; +http://www.semrush.com/bot.html)" "mantech8.com"
185.191.171.7 - - [03/Mar/2023:08:35:36 -0800] "GET /index.php?camp-fire%2F16646721.html HTTP/1.1" 500 - "-" "Mozilla/5.0 (compatible; SemrushBot/7~bl; +http://www.semrush.com/bot.html)" "mantech8.com"
185.191.171.20 - - [03/Mar/2023:08:35:38 -0800] "GET /index.php?camp-fire%2F49539235.html HTTP/1.1" 500 - "-" "Mozilla/5.0 (compatible; SemrushBot/7~bl; +http://www.semrush.com/bot.html)" "mantech8.com"
185.191.171.20 - - [03/Mar/2023:08:35:47 -0800] "GET /index.php?camp-fire%2F41576125.html HTTP/1.1" 500 - "-" "Mozilla/5.0 (compatible; SemrushBot/7~bl; +http://www.semrush.com/bot.html)" "mantech8.com"
185.191.171.22 - - [03/Mar/2023:08:35:54 -0800] "GET /index.php?camp-fire%2F112430588.html HTTP/1.1" 500 - "-" "Mozilla/5.0 (compatible; SemrushBot/7~bl; +http://www.semrush.com/bot.html)" "mantech8.com"
185.191.171.22 - - [03/Mar/2023:08:35:56 -0800] "GET /index.php/camp-fire/38271003.html HTTP/1.1" 500 - "-" "Mozilla/5.0 (compatible; SemrushBot/7~bl; +http://www.semrush.com/bot.html)" "mantech8.com"
185.191.171.19 - - [03/Mar/2023:08:35:57 -0800] "GET /index.php?camp-fire%2F32651130.html HTTP/1.1" 500 - "-" "Mozilla/5.0 (compatible; SemrushBot/7~bl; +http://www.semrush.com/bot.html)" "mantech8.com"
40.77.167.240 - - [03/Mar/2023:08:36:15 -0800] "GET / HTTP/1.1" 500 - "-" "Mozilla/5.0 AppleWebKit/537.36 (KHTML, like Gecko; compatible; bingbot/2.0; +http://www.bing.com/bingbot.htm) Chrome/103.0.5060.134 Safari/537.36" "www.mantech8.com"
185.191.171.26 - - [03/Mar/2023:08:36:40 -0800] "GET /index.php?camp-fire%2F39919117.html HTTP/1.1" 500 - "-" "Mozilla/5.0 (compatible; SemrushBot/7~bl; +http://www.semrush.com/bot.html)" "mantech8.com"
185.191.171.7 - - [03/Mar/2023:08:36:46 -0800] "GET /index.php?camp-fire%2F39622817.html HTTP/1.1" 500 - "-" "Mozilla/5.0 (compatible; SemrushBot/7~bl; +http://www.semrush.com/bot.html)" "mantech8.com"
185.191.171.39 - - [03/Mar/2023:08:37:03 -0800] "GET /robots.txt HTTP/1.1" 200 84 "-" "Mozilla/5.0 (compatible; SemrushBot/7~bl; +http://www.semrush.com/bot.html)" "mantech8.com"
185.191.171.1 - - [03/Mar/2023:08:37:04 -0800] "GET /index.php?camp-fire%2F41962571.html HTTP/1.1" 500 - "-" "Mozilla/5.0 (compatible; SemrushBot/7~bl; +http://www.semrush.com/bot.html)" "mantech8.com"
40.77.167.139 - - [03/Mar/2023:08:37:23 -0800] "GET /index.php/wf2o-8e9ffbed-g7jne.ii HTTP/1.1" 500 - "-" "Mozilla/5.0 AppleWebKit/537.36 (KHTML, like Gecko; compatible; bingbot/2.0; +http://www.bing.com/bingbot.htm) Chrome/103.0.5060.134 Safari/537.36" "mantech8.com"
40.77.167.139 - - [03/Mar/2023:08:37:24 -0800] "GET /index.php/5b6abebade HTTP/1.1" 500 - "-" "Mozilla/5.0 AppleWebKit/537.36 (KHTML, like Gecko; compatible; bingbot/2.0; +http://www.bing.com/bingbot.htm) Chrome/103.0.5060.134 Safari/537.36" "mantech8.com"
185.191.171.16 - - [03/Mar/2023:08:37:27 -0800] "GET /index.php?camp-fire%2F45305997.html HTTP/1.1" 500 - "-" "Mozilla/5.0 (compatible; SemrushBot/7~bl; +http://www.semrush.com/bot.html)" "mantech8.com"
185.191.171.39 - - [03/Mar/2023:08:37:29 -0800] "GET /index.php?camp-fire%2F41782803.html HTTP/1.1" 500 - "-" "Mozilla/5.0 (compatible; SemrushBot/7~bl; +http://www.semrush.com/bot.html)" "mantech8.com"
185.191.171.15 - - [03/Mar/2023:08:37:41 -0800] "GET /index.php?camp-fire%2F43757534.html HTTP/1.1" 500 - "-" "Mozilla/5.0 (compatible; SemrushBot/7~bl; +http://www.semrush.com/bot.html)" "mantech8.com"
185.191.171.15 - - [03/Mar/2023:08:37:52 -0800] "GET /index.php?camp-fire%2F39078572.html HTTP/1.1" 500 - "-" "Mozilla/5.0 (compatible; SemrushBot/7~bl; +http://www.semrush.com/bot.html)" "mantech8.com"
185.191.171.7 - - [03/Mar/2023:08:38:02 -0800] "GET /index.php?camp-fire%2F42066749.html HTTP/1.1" 500 - "-" "Mozilla/5.0 (compatible; SemrushBot/7~bl; +http://www.semrush.com/bot.html)" "mantech8.com"
185.191.171.9 - - [03/Mar/2023:08:38:08 -0800] "GET /index.php?camp-fire%2F39530372.html HTTP/1.1" 500 - "-" "Mozilla/5.0 (compatible; SemrushBot/7~bl; +http://www.semrush.com/bot.html)" "mantech8.com"
52.167.144.96 - - [03/Mar/2023:08:38:32 -0800] "GET /index.php/decf HTTP/1.1" 500 - "-" "Mozilla/5.0 AppleWebKit/537.36 (KHTML, like Gecko; compatible; bingbot/2.0; +http://www.bing.com/bingbot.htm) Chrome/103.0.5060.134 Safari/537.36" "mantech8.com"
185.191.171.14 - - [03/Mar/2023:08:38:37 -0800] "GET /index.php?camp-fire%2F40338650.html HTTP/1.1" 500 - "-" "Mozilla/5.0 (compatible; SemrushBot/7~bl; +http://www.semrush.com/bot.html)" "mantech8.com"
185.191.171.13 - - [03/Mar/2023:08:39:11 -0800] "GET /index.php?camp-fire%2F42833949.html HTTP/1.1" 500 - "-" "Mozilla/5.0 (compatible; SemrushBot/7~bl; +http://www.semrush.com/bot.html)" "mantech8.com"
114.119.146.255 - - [03/Mar/2023:08:39:15 -0800] "GET /bimages/gallery/alfacgiapi/?C=M%3BO%3DA HTTP/1.1" 200 471 "http://mantech8.com/bimages/gallery/alfacgiapi/?C=S%3BO%3DA" "Mozilla/5.0 (Linux; Android 7.0;) AppleWebKit/537.36 (KHTML, like Gecko) Mobile Safari/537.36 (compatible; PetalBot;+https://webmaster.petalsearch.com/site/petalbot)" "mantech8.com"
185.191.171.18 - - [03/Mar/2023:08:39:23 -0800] "GET /index.php?camp-fire%2F38083072.html HTTP/1.1" 500 - "-" "Mozilla/5.0 (compatible; SemrushBot/7~bl; +http://www.semrush.com/bot.html)" "mantech8.com"
40.77.167.139 - - [03/Mar/2023:08:39:33 -0800] "GET /index.php/pstd-766ddcdde-iwryp.ii HTTP/1.1" 500 - "-" "Mozilla/5.0 AppleWebKit/537.36 (KHTML, like Gecko; compatible; bingbot/2.0; +http://www.bing.com/bingbot.htm) Chrome/103.0.5060.134 Safari/537.36" "mantech8.com"
185.191.171.23 - - [03/Mar/2023:08:39:34 -0800] "GET /index.php/camp-fire/6281690.html HTTP/1.1" 500 - "-" "Mozilla/5.0 (compatible; SemrushBot/7~bl; +http://www.semrush.com/bot.html)" "mantech8.com"
185.191.171.19 - - [03/Mar/2023:08:39:40 -0800] "GET /index.php?camp-fire%2F41159650.html HTTP/1.1" 500 - "-" "Mozilla/5.0 (compatible; SemrushBot/7~bl; +http://www.semrush.com/bot.html)" "mantech8.com"
185.191.171.19 - - [03/Mar/2023:08:39:44 -0800] "GET /index.php?camp-fire%2F42136349.html HTTP/1.1" 500 - "-" "Mozilla/5.0 (compatible; SemrushBot/7~bl; +http://www.semrush.com/bot.html)" "mantech8.com"
185.191.171.19 - - [03/Mar/2023:08:39:47 -0800] "GET /index.php?camp-fire%2F39834702.html HTTP/1.1" 500 - "-" "Mozilla/5.0 (compatible; SemrushBot/7~bl; +http://www.semrush.com/bot.html)" "mantech8.com"
185.191.171.9 - - [03/Mar/2023:08:39:49 -0800] "GET /index.php?camp-fire%2F53033225.html HTTP/1.1" 500 - "-" "Mozilla/5.0 (compatible; SemrushBot/7~bl; +http://www.semrush.com/bot.html)" "mantech8.com"
185.191.171.37 - - [03/Mar/2023:08:40:21 -0800] "GET /index.php?camp-fire%2F10220790.html HTTP/1.1" 500 - "-" "Mozilla/5.0 (compatible; SemrushBot/7~bl; +http://www.semrush.com/bot.html)" "mantech8.com"
185.191.171.17 - - [03/Mar/2023:08:40:25 -0800] "GET /index.php?camp-fire%2F39931402.html HTTP/1.1" 500 - "-" "Mozilla/5.0 (compatible; SemrushBot/7~bl; +http://www.semrush.com/bot.html)" "mantech8.com"
40.77.167.240 - - [03/Mar/2023:08:40:25 -0800] "GET /index.php/14js-2cced-cbhus.ii HTTP/1.1" 500 - "-" "Mozilla/5.0 AppleWebKit/537.36 (KHTML, like Gecko; compatible; bingbot/2.0; +http://www.bing.com/bingbot.htm) Chrome/103.0.5060.134 Safari/537.36" "mantech8.com"
185.191.171.40 - - [03/Mar/2023:08:40:38 -0800] "GET /index.php?camp-fire%2F41379670.html HTTP/1.1" 500 - "-" "Mozilla/5.0 (compatible; SemrushBot/7~bl; +http://www.semrush.com/bot.html)" "mantech8.com"
185.191.171.18 - - [03/Mar/2023:08:41:05 -0800] "GET /index.php?camp-fire%2F47742459.html HTTP/1.1" 500 - "-" "Mozilla/5.0 (compatible; SemrushBot/7~bl; +http://www.semrush.com/bot.html)" "mantech8.com"
185.191.171.3 - - [03/Mar/2023:08:41:09 -0800] "GET /index.php?camp-fire%2F45330582.html HTTP/1.1" 500 - "-" "Mozilla/5.0 (compatible; SemrushBot/7~bl; +http://www.semrush.com/bot.html)" "mantech8.com"
185.191.171.39 - - [03/Mar/2023:08:41:49 -0800] "GET /index.php?camp-fire%2F49282349.html HTTP/1.1" 500 - "-" "Mozilla/5.0 (compatible; SemrushBot/7~bl; +http://www.semrush.com/bot.html)" "mantech8.com"
40.77.167.139 - - [03/Mar/2023:08:42:13 -0800] "GET /?/hy/ HTTP/1.1" 500 - "-" "Mozilla/5.0 AppleWebKit/537.36 (KHTML, like Gecko; compatible; bingbot/2.0; +http://www.bing.com/bingbot.htm) Chrome/103.0.5060.134 Safari/537.36" "mantech8.com"
185.191.171.40 - - [03/Mar/2023:08:42:18 -0800] "GET /index.php?camp-fire%2F43151149.html HTTP/1.1" 500 - "-" "Mozilla/5.0 (compatible; SemrushBot/7~bl; +http://www.semrush.com/bot.html)" "mantech8.com"
185.191.171.44 - - [03/Mar/2023:08:42:22 -0800] "GET /index.php?camp-fire%2F49598847.html HTTP/1.1" 500 - "-" "Mozilla/5.0 (compatible; SemrushBot/7~bl; +http://www.semrush.com/bot.html)" "mantech8.com"
185.191.171.33 - - [03/Mar/2023:08:42:24 -0800] "GET /index.php?camp-fire%2F40879502.html HTTP/1.1" 500 - "-" "Mozilla/5.0 (compatible; SemrushBot/7~bl; +http://www.semrush.com/bot.html)" "mantech8.com"
185.191.171.33 - - [03/Mar/2023:08:42:25 -0800] "GET /index.php?camp-fire%2F7782842.html HTTP/1.1" 500 - "-" "Mozilla/5.0 (compatible; SemrushBot/7~bl; +http://www.semrush.com/bot.html)" "mantech8.com"
185.191.171.25 - - [03/Mar/2023:08:42:26 -0800] "GET /index.php/camp-fire/40560788.html HTTP/1.1" 500 - "-" "Mozilla/5.0 (compatible; SemrushBot/7~bl; +http://www.semrush.com/bot.html)" "mantech8.com"
185.191.171.7 - - [03/Mar/2023:08:42:48 -0800] "GET /index.php?camp-fire%2F38839492.html HTTP/1.1" 500 - "-" "Mozilla/5.0 (compatible; SemrushBot/7~bl; +http://www.semrush.com/bot.html)" "mantech8.com"
185.191.171.35 - - [03/Mar/2023:08:42:49 -0800] "GET /index.php?camp-fire%2F41778968.html HTTP/1.1" 500 - "-" "Mozilla/5.0 (compatible; SemrushBot/7~bl; +http://www.semrush.com/bot.html)" "mantech8.com"
185.191.171.22 - - [03/Mar/2023:08:43:16 -0800] "GET /index.php?camp-fire%2F27735326.html HTTP/1.1" 500 - "-" "Mozilla/5.0 (compatible; SemrushBot/7~bl; +http://www.semrush.com/bot.html)" "mantech8.com"
185.191.171.42 - - [03/Mar/2023:08:43:29 -0800] "GET /index.php?camp-fire%2F40487333.html HTTP/1.1" 500 - "-" "Mozilla/5.0 (compatible; SemrushBot/7~bl; +http://www.semrush.com/bot.html)" "mantech8.com"
185.191.171.40 - - [03/Mar/2023:08:43:51 -0800] "GET /index.php?camp-fire%2F41403171.html HTTP/1.1" 500 - "-" "Mozilla/5.0 (compatible; SemrushBot/7~bl; +http://www.semrush.com/bot.html)" "mantech8.com"
185.191.171.25 - - [03/Mar/2023:08:44:23 -0800] "GET /index.php?camp-fire%2F40389250.html HTTP/1.1" 500 - "-" "Mozilla/5.0 (compatible; SemrushBot/7~bl; +http://www.semrush.com/bot.html)" "mantech8.com"
185.191.171.3 - - [03/Mar/2023:08:44:33 -0800] "GET /index.php?camp-fire%2F33923608.html HTTP/1.1" 500 - "-" "Mozilla/5.0 (compatible; SemrushBot/7~bl; +http://www.semrush.com/bot.html)" "mantech8.com"
185.191.171.2 - - [03/Mar/2023:08:44:45 -0800] "GET /index.php?camp-fire%2F35057725.html HTTP/1.1" 500 - "-" "Mozilla/5.0 (compatible; SemrushBot/7~bl; +http://www.semrush.com/bot.html)" "mantech8.com"
52.167.144.96 - - [03/Mar/2023:08:44:54 -0800] "GET /index.php/fcdba HTTP/1.1" 500 - "-" "Mozilla/5.0 AppleWebKit/537.36 (KHTML, like Gecko; compatible; bingbot/2.0; +http://www.bing.com/bingbot.htm) Chrome/103.0.5060.134 Safari/537.36" "mantech8.com"
185.191.171.34 - - [03/Mar/2023:08:44:57 -0800] "GET /index.php/camp-fire/30669055.html HTTP/1.1" 500 - "-" "Mozilla/5.0 (compatible; SemrushBot/7~bl; +http://www.semrush.com/bot.html)" "mantech8.com"
185.191.171.25 - - [03/Mar/2023:08:45:10 -0800] "GET /index.php?camp-fire%2F24840033.html HTTP/1.1" 500 - "-" "Mozilla/5.0 (compatible; SemrushBot/7~bl; +http://www.semrush.com/bot.html)" "mantech8.com"
185.191.171.44 - - [03/Mar/2023:08:45:11 -0800] "GET /index.php?camp-fire%2F23438569.html HTTP/1.1" 500 - "-" "Mozilla/5.0 (compatible; SemrushBot/7~bl; +http://www.semrush.com/bot.html)" "mantech8.com"
185.191.171.21 - - [03/Mar/2023:08:45:29 -0800] "GET /index.php?camp-fire%2F45005741.html HTTP/1.1" 500 - "-" "Mozilla/5.0 (compatible; SemrushBot/7~bl; +http://www.semrush.com/bot.html)" "mantech8.com"
185.191.171.25 - - [03/Mar/2023:08:45:46 -0800] "GET /index.php?camp-fire%2F41420097.html HTTP/1.1" 500 - "-" "Mozilla/5.0 (compatible; SemrushBot/7~bl; +http://www.semrush.com/bot.html)" "mantech8.com"
185.191.171.34 - - [03/Mar/2023:08:45:58 -0800] "GET /index.php?camp-fire%2F34772559.html HTTP/1.1" 500 - "-" "Mozilla/5.0 (compatible; SemrushBot/7~bl; +http://www.semrush.com/bot.html)" "mantech8.com"
185.191.171.35 - - [03/Mar/2023:08:45:59 -0800] "GET /index.php?camp-fire%2F39857102.html HTTP/1.1" 500 - "-" "Mozilla/5.0 (compatible; SemrushBot/7~bl; +http://www.semrush.com/bot.html)" "mantech8.com"
