114.119.133.76 - - [02/Mar/2023:05:26:08 -0800] "GET /bimages/hydrog/?C=N%3BO%3DD HTTP/1.1" 200 486 "http://www.mantech8.com/bimages/hydrog/?C=M%3BO%3DA" "Mozilla/5.0 (Linux; Android 7.0;) AppleWebKit/537.36 (KHTML, like Gecko) Mobile Safari/537.36 (compatible; PetalBot;+https://webmaster.petalsearch.com/site/petalbot)" "www.mantech8.com"
185.191.171.43 - - [02/Mar/2023:05:26:27 -0800] "GET /index.php?camp-fire%2F39570772.html HTTP/1.1" 500 - "-" "Mozilla/5.0 (compatible; SemrushBot/7~bl; +http://www.semrush.com/bot.html)" "mantech8.com"
185.191.171.9 - - [02/Mar/2023:05:26:30 -0800] "GET /index.php?camp-fire%2F2253659.html HTTP/1.1" 500 - "-" "Mozilla/5.0 (compatible; SemrushBot/7~bl; +http://www.semrush.com/bot.html)" "mantech8.com"
185.191.171.25 - - [02/Mar/2023:05:26:43 -0800] "GET /index.php/camp-fire/18606509.html HTTP/1.1" 500 - "-" "Mozilla/5.0 (compatible; SemrushBot/7~bl; +http://www.semrush.com/bot.html)" "mantech8.com"
185.191.171.22 - - [02/Mar/2023:05:26:47 -0800] "GET /index.php/camp-fire/26110382.html HTTP/1.1" 500 - "-" "Mozilla/5.0 (compatible; SemrushBot/7~bl; +http://www.semrush.com/bot.html)" "mantech8.com"
185.191.171.41 - - [02/Mar/2023:05:26:53 -0800] "GET /index.php?camp-fire%2F27374951.html HTTP/1.1" 500 - "-" "Mozilla/5.0 (compatible; SemrushBot/7~bl; +http://www.semrush.com/bot.html)" "mantech8.com"
185.191.171.4 - - [02/Mar/2023:05:26:54 -0800] "GET /index.php/camp-fire/1247229.html HTTP/1.1" 500 - "-" "Mozilla/5.0 (compatible; SemrushBot/7~bl; +http://www.semrush.com/bot.html)" "mantech8.com"
207.46.13.210 - - [02/Mar/2023:05:27:25 -0800] "GET /index.php/mkjw-a6bb-byjpn.ii HTTP/1.1" 500 - "-" "Mozilla/5.0 AppleWebKit/537.36 (KHTML, like Gecko; compatible; bingbot/2.0; +http://www.bing.com/bingbot.htm) Chrome/103.0.5060.134 Safari/537.36" "mantech8.com"
52.167.144.84 - - [02/Mar/2023:05:27:29 -0800] "GET /index.php/2dcf2ccec HTTP/1.1" 500 - "-" "Mozilla/5.0 AppleWebKit/537.36 (KHTML, like Gecko; compatible; bingbot/2.0; +http://www.bing.com/bingbot.htm) Chrome/103.0.5060.134 Safari/537.36" "mantech8.com"
52.167.144.84 - - [02/Mar/2023:05:27:40 -0800] "GET /index.php/699fcfeec HTTP/1.1" 500 - "-" "Mozilla/5.0 AppleWebKit/537.36 (KHTML, like Gecko; compatible; bingbot/2.0; +http://www.bing.com/bingbot.htm) Chrome/103.0.5060.134 Safari/537.36" "mantech8.com"
185.191.171.40 - - [02/Mar/2023:05:27:41 -0800] "GET /index.php?camp-fire%2F33693559.html HTTP/1.1" 500 - "-" "Mozilla/5.0 (compatible; SemrushBot/7~bl; +http://www.semrush.com/bot.html)" "mantech8.com"
185.191.171.14 - - [02/Mar/2023:05:27:44 -0800] "GET /index.php?camp-fire%2F32682325.html HTTP/1.1" 500 - "-" "Mozilla/5.0 (compatible; SemrushBot/7~bl; +http://www.semrush.com/bot.html)" "mantech8.com"
207.46.13.210 - - [02/Mar/2023:05:27:54 -0800] "GET /?/kw/4595-e.html HTTP/1.1" 500 - "-" "Mozilla/5.0 AppleWebKit/537.36 (KHTML, like Gecko; compatible; bingbot/2.0; +http://www.bing.com/bingbot.htm) Chrome/103.0.5060.134 Safari/537.36" "mantech8.com"
87.249.133.10 - - [02/Mar/2023:05:28:02 -0800] "GET /wikindex.php?h3ct0r=sec HTTP/1.1" 404 88 "-" "Mozilla/5.0 (Windows NT 10.0; Win64; x64; rv:108.0) Gecko/20100101 Firefox/108.0" "www.mantech8.com"
185.191.171.13 - - [02/Mar/2023:05:28:58 -0800] "GET /index.php/camp-fire/3313700.html HTTP/1.1" 500 - "-" "Mozilla/5.0 (compatible; SemrushBot/7~bl; +http://www.semrush.com/bot.html)" "mantech8.com"
185.191.171.33 - - [02/Mar/2023:05:29:04 -0800] "GET /index.php?camp-fire%2F32543568.html HTTP/1.1" 500 - "-" "Mozilla/5.0 (compatible; SemrushBot/7~bl; +http://www.semrush.com/bot.html)" "mantech8.com"
185.191.171.17 - - [02/Mar/2023:05:29:10 -0800] "GET /index.php?camp-fire%2F39027935.html HTTP/1.1" 500 - "-" "Mozilla/5.0 (compatible; SemrushBot/7~bl; +http://www.semrush.com/bot.html)" "mantech8.com"
185.191.171.16 - - [02/Mar/2023:05:29:14 -0800] "GET /index.php/camp-fire/39145378.html HTTP/1.1" 500 - "-" "Mozilla/5.0 (compatible; SemrushBot/7~bl; +http://www.semrush.com/bot.html)" "mantech8.com"
185.191.171.25 - - [02/Mar/2023:05:29:20 -0800] "GET /index.php/camp-fire/11933276.html HTTP/1.1" 500 - "-" "Mozilla/5.0 (compatible; SemrushBot/7~bl; +http://www.semrush.com/bot.html)" "mantech8.com"
185.191.171.37 - - [02/Mar/2023:05:29:41 -0800] "GET /index.php?camp-fire%2F14677824.html HTTP/1.1" 500 - "-" "Mozilla/5.0 (compatible; SemrushBot/7~bl; +http://www.semrush.com/bot.html)" "mantech8.com"
185.191.171.12 - - [02/Mar/2023:05:29:56 -0800] "GET /index.php/camp-fire/29275347.html HTTP/1.1" 500 - "-" "Mozilla/5.0 (compatible; SemrushBot/7~bl; +http://www.semrush.com/bot.html)" "mantech8.com"
185.191.171.9 - - [02/Mar/2023:05:29:59 -0800] "GET /index.php/camp-fire/15231657.html HTTP/1.1" 500 - "-" "Mozilla/5.0 (compatible; SemrushBot/7~bl; +http://www.semrush.com/bot.html)" "mantech8.com"
87.249.133.10 - - [02/Mar/2023:05:30:24 -0800] "GET /cgi-bin/wp-supports.php?h3ct0r=sec HTTP/1.1" 404 88 "-" "Mozilla/5.0 (Windows NT 10.0; Win64; x64) AppleWebKit/537.36 (KHTML, like Gecko) Chrome/108.0.0.0 Safari/537.36 Edg/108.0.1462.54" "www.mantech8.com"
185.191.171.41 - - [02/Mar/2023:05:31:04 -0800] "GET /index.php/camp-fire/23591706.html HTTP/1.1" 500 - "-" "Mozilla/5.0 (compatible; SemrushBot/7~bl; +http://www.semrush.com/bot.html)" "mantech8.com"
185.191.171.33 - - [02/Mar/2023:05:31:15 -0800] "GET /index.php?camp-fire%2F38906617.html HTTP/1.1" 500 - "-" "Mozilla/5.0 (compatible; SemrushBot/7~bl; +http://www.semrush.com/bot.html)" "mantech8.com"
185.191.171.1 - - [02/Mar/2023:05:31:21 -0800] "GET /index.php?camp-fire%2F82417677.html HTTP/1.1" 500 - "-" "Mozilla/5.0 (compatible; SemrushBot/7~bl; +http://www.semrush.com/bot.html)" "mantech8.com"
185.191.171.24 - - [02/Mar/2023:05:31:23 -0800] "GET /index.php?camp-fire%2F27644871.html HTTP/1.1" 500 - "-" "Mozilla/5.0 (compatible; SemrushBot/7~bl; +http://www.semrush.com/bot.html)" "mantech8.com"
185.191.171.21 - - [02/Mar/2023:05:31:28 -0800] "GET /index.php?camp-fire%2F27669871.html HTTP/1.1" 500 - "-" "Mozilla/5.0 (compatible; SemrushBot/7~bl; +http://www.semrush.com/bot.html)" "mantech8.com"
114.119.152.30 - - [02/Mar/2023:05:31:41 -0800] "GET /index.php/sitemap42187.xml HTTP/1.1" 500 - "-" "Mozilla/5.0 (Linux; Android 7.0;) AppleWebKit/537.36 (KHTML, like Gecko) Mobile Safari/537.36 (compatible; PetalBot;+https://webmaster.petalsearch.com/site/petalbot)" "mantech8.com"
185.191.171.1 - - [02/Mar/2023:05:31:53 -0800] "GET /index.php?camp-fire%2F49384338.html HTTP/1.1" 500 - "-" "Mozilla/5.0 (compatible; SemrushBot/7~bl; +http://www.semrush.com/bot.html)" "mantech8.com"
87.249.133.10 - - [02/Mar/2023:05:31:55 -0800] "GET /wp-content/wp-supports.php?h3ct0r=sec HTTP/1.1" 404 88 "-" "Mozilla/5.0 (Windows NT 10.0; Win64; x64; rv:108.0) Gecko/20100101 Firefox/108.0" "www.mantech8.com"
185.191.171.41 - - [02/Mar/2023:05:31:58 -0800] "GET /index.php/camp-fire/3873274.html HTTP/1.1" 500 - "-" "Mozilla/5.0 (compatible; SemrushBot/7~bl; +http://www.semrush.com/bot.html)" "mantech8.com"
185.191.171.5 - - [02/Mar/2023:05:31:59 -0800] "GET /index.php/camp-fire/27955971.html HTTP/1.1" 500 - "-" "Mozilla/5.0 (compatible; SemrushBot/7~bl; +http://www.semrush.com/bot.html)" "mantech8.com"
185.191.171.23 - - [02/Mar/2023:05:32:00 -0800] "GET /index.php?camp-fire%2F40392192.html HTTP/1.1" 500 - "-" "Mozilla/5.0 (compatible; SemrushBot/7~bl; +http://www.semrush.com/bot.html)" "mantech8.com"
207.46.13.210 - - [02/Mar/2023:05:32:22 -0800] "GET /index.php/1cccd HTTP/1.1" 500 - "-" "Mozilla/5.0 AppleWebKit/537.36 (KHTML, like Gecko; compatible; bingbot/2.0; +http://www.bing.com/bingbot.htm) Chrome/103.0.5060.134 Safari/537.36" "mantech8.com"
185.191.171.41 - - [02/Mar/2023:05:32:35 -0800] "GET /index.php?camp-fire%2F55911071.html HTTP/1.1" 500 - "-" "Mozilla/5.0 (compatible; SemrushBot/7~bl; +http://www.semrush.com/bot.html)" "mantech8.com"
185.191.171.40 - - [02/Mar/2023:05:32:36 -0800] "GET /index.php?camp-fire%2F38111656.html HTTP/1.1" 500 - "-" "Mozilla/5.0 (compatible; SemrushBot/7~bl; +http://www.semrush.com/bot.html)" "mantech8.com"
207.46.13.210 - - [02/Mar/2023:05:33:12 -0800] "GET /index.php/egy1-5e80bdfc-vezse.ii HTTP/1.1" 500 - "-" "Mozilla/5.0 AppleWebKit/537.36 (KHTML, like Gecko; compatible; bingbot/2.0; +http://www.bing.com/bingbot.htm) Chrome/103.0.5060.134 Safari/537.36" "mantech8.com"
185.191.171.26 - - [02/Mar/2023:05:33:15 -0800] "GET /index.php/camp-fire/15193284.html HTTP/1.1" 500 - "-" "Mozilla/5.0 (compatible; SemrushBot/7~bl; +http://www.semrush.com/bot.html)" "mantech8.com"
185.191.171.3 - - [02/Mar/2023:05:33:27 -0800] "GET /index.php?camp-fire%2F28599964.html HTTP/1.1" 500 - "-" "Mozilla/5.0 (compatible; SemrushBot/7~bl; +http://www.semrush.com/bot.html)" "mantech8.com"
207.46.13.210 - - [02/Mar/2023:05:33:49 -0800] "GET /index.php/yhfg-25cbad-pkhsj.ii HTTP/1.1" 500 - "-" "Mozilla/5.0 AppleWebKit/537.36 (KHTML, like Gecko; compatible; bingbot/2.0; +http://www.bing.com/bingbot.htm) Chrome/103.0.5060.134 Safari/537.36" "mantech8.com"
185.191.171.3 - - [02/Mar/2023:05:33:55 -0800] "GET /index.php/camp-fire/33317742.html HTTP/1.1" 500 - "-" "Mozilla/5.0 (compatible; SemrushBot/7~bl; +http://www.semrush.com/bot.html)" "mantech8.com"
185.191.171.9 - - [02/Mar/2023:05:34:05 -0800] "GET /index.php/camp-fire/31741941.html HTTP/1.1" 500 - "-" "Mozilla/5.0 (compatible; SemrushBot/7~bl; +http://www.semrush.com/bot.html)" "mantech8.com"
207.46.13.210 - - [02/Mar/2023:05:34:20 -0800] "GET /index.php/mcko-129eebce-vtzvc.ii HTTP/1.1" 500 - "-" "Mozilla/5.0 AppleWebKit/537.36 (KHTML, like Gecko; compatible; bingbot/2.0; +http://www.bing.com/bingbot.htm) Chrome/103.0.5060.134 Safari/537.36" "mantech8.com"
87.249.133.10 - - [02/Mar/2023:05:34:27 -0800] "GET /wp-admin/wp-supports.php?h3ct0r=sec HTTP/1.1" 404 88 "-" "Mozilla/5.0 (Windows NT 10.0; Win64; x64) AppleWebKit/537.36 (KHTML, like Gecko) Chrome/108.0.0.0 Safari/537.36" "www.mantech8.com"
185.191.171.7 - - [02/Mar/2023:05:34:34 -0800] "GET /index.php/camp-fire/47418635.html HTTP/1.1" 500 - "-" "Mozilla/5.0 (compatible; SemrushBot/7~bl; +http://www.semrush.com/bot.html)" "mantech8.com"
17.22.253.184 - - [02/Mar/2023:05:34:51 -0800] "GET /revolution/css/layers.css HTTP/1.1" 200 7418 "http://www.mantech8.com/contact.php" "Mozilla/5.0 (Macintosh; Intel Mac OS X 10_15_5) AppleWebKit/605.1.15 (KHTML, like Gecko) Version/13.1.1 Safari/605.1.15 (Applebot/0.1; +http://www.apple.com/go/applebot)" "www.mantech8.com"
17.22.237.23 - - [02/Mar/2023:05:34:52 -0800] "GET /engine1/style.css HTTP/1.1" 200 2450 "http://www.mantech8.com/contact.php" "Mozilla/5.0 (Macintosh; Intel Mac OS X 10_15_5) AppleWebKit/605.1.15 (KHTML, like Gecko) Version/13.1.1 Safari/605.1.15 (Applebot/0.1; +http://www.apple.com/go/applebot)" "www.mantech8.com"
17.22.237.188 - - [02/Mar/2023:05:34:52 -0800] "GET /revolution/css/settings.css HTTP/1.1" 200 7703 "http://www.mantech8.com/contact.php" "Mozilla/5.0 (Macintosh; Intel Mac OS X 10_15_5) AppleWebKit/605.1.15 (KHTML, like Gecko) Version/13.1.1 Safari/605.1.15 (Applebot/0.1; +http://www.apple.com/go/applebot)" "www.mantech8.com"
17.22.253.61 - - [02/Mar/2023:05:34:53 -0800] "GET /css/contact-form.css HTTP/1.1" 200 1554 "http://www.mantech8.com/contact.php" "Mozilla/5.0 (Macintosh; Intel Mac OS X 10_15_5) AppleWebKit/605.1.15 (KHTML, like Gecko) Version/13.1.1 Safari/605.1.15 (Applebot/0.1; +http://www.apple.com/go/applebot)" "www.mantech8.com"
66.249.66.64 - - [02/Mar/2023:05:34:53 -0800] "GET /sitemapmobile2713.xml HTTP/1.1" 404 88 "-" "Mozilla/5.0 (compatible; Googlebot/2.1; +http://www.google.com/bot.html)" "mantech8.com"
17.22.237.28 - - [02/Mar/2023:05:34:53 -0800] "GET /css/contactstyle.css HTTP/1.1" 200 2844 "http://www.mantech8.com/contact.php" "Mozilla/5.0 (Macintosh; Intel Mac OS X 10_15_5) AppleWebKit/605.1.15 (KHTML, like Gecko) Version/13.1.1 Safari/605.1.15 (Applebot/0.1; +http://www.apple.com/go/applebot)" "www.mantech8.com"
17.22.237.70 - - [02/Mar/2023:05:34:54 -0800] "GET /revolution/css/navigation.css HTTP/1.1" 200 8028 "http://www.mantech8.com/contact.php" "Mozilla/5.0 (Macintosh; Intel Mac OS X 10_15_5) AppleWebKit/605.1.15 (KHTML, like Gecko) Version/13.1.1 Safari/605.1.15 (Applebot/0.1; +http://www.apple.com/go/applebot)" "www.mantech8.com"
17.22.253.184 - - [02/Mar/2023:05:34:54 -0800] "GET /css/grid.css HTTP/1.1" 200 1400 "http://www.mantech8.com/contact.php" "Mozilla/5.0 (Macintosh; Intel Mac OS X 10_15_5) AppleWebKit/605.1.15 (KHTML, like Gecko) Version/13.1.1 Safari/605.1.15 (Applebot/0.1; +http://www.apple.com/go/applebot)" "www.mantech8.com"
17.22.237.23 - - [02/Mar/2023:05:34:54 -0800] "GET /css/style2.css HTTP/1.1" 200 8414 "http://www.mantech8.com/contact.php" "Mozilla/5.0 (Macintosh; Intel Mac OS X 10_15_5) AppleWebKit/605.1.15 (KHTML, like Gecko) Version/13.1.1 Safari/605.1.15 (Applebot/0.1; +http://www.apple.com/go/applebot)" "www.mantech8.com"
17.22.237.188 - - [02/Mar/2023:05:34:55 -0800] "GET /css/responsive1.css HTTP/1.1" 200 1710 "http://www.mantech8.com/contact.php" "Mozilla/5.0 (Macintosh; Intel Mac OS X 10_15_5) AppleWebKit/605.1.15 (KHTML, like Gecko) Version/13.1.1 Safari/605.1.15 (Applebot/0.1; +http://www.apple.com/go/applebot)" "www.mantech8.com"
185.191.171.18 - - [02/Mar/2023:05:34:55 -0800] "GET /index.php/camp-fire/45275303.html HTTP/1.1" 500 - "-" "Mozilla/5.0 (compatible; SemrushBot/7~bl; +http://www.semrush.com/bot.html)" "mantech8.com"
17.22.253.61 - - [02/Mar/2023:05:34:55 -0800] "GET /css/style.css HTTP/1.1" 200 126990 "http://www.mantech8.com/contact.php" "Mozilla/5.0 (Macintosh; Intel Mac OS X 10_15_5) AppleWebKit/605.1.15 (KHTML, like Gecko) Version/13.1.1 Safari/605.1.15 (Applebot/0.1; +http://www.apple.com/go/applebot)" "www.mantech8.com"
17.22.237.28 - - [02/Mar/2023:05:34:56 -0800] "GET /css/animate.css HTTP/1.1" 200 4264 "http://www.mantech8.com/contact.php" "Mozilla/5.0 (Macintosh; Intel Mac OS X 10_15_5) AppleWebKit/605.1.15 (KHTML, like Gecko) Version/13.1.1 Safari/605.1.15 (Applebot/0.1; +http://www.apple.com/go/applebot)" "www.mantech8.com"
17.22.237.70 - - [02/Mar/2023:05:34:56 -0800] "GET /js/jquery.marquee.js?v=3 HTTP/1.1" 404 88 "http://www.mantech8.com/contact.php" "Mozilla/5.0 (Macintosh; Intel Mac OS X 10_15_5) AppleWebKit/605.1.15 (KHTML, like Gecko) Version/13.1.1 Safari/605.1.15 (Applebot/0.1; +http://www.apple.com/go/applebot)" "www.mantech8.com"
185.191.171.3 - - [02/Mar/2023:05:34:56 -0800] "GET /index.php?camp-fire%2F32387160.html HTTP/1.1" 500 - "-" "Mozilla/5.0 (compatible; SemrushBot/7~bl; +http://www.semrush.com/bot.html)" "mantech8.com"
17.22.253.184 - - [02/Mar/2023:05:34:57 -0800] "GET /js/jquery-1.11.3.min.js HTTP/1.1" 200 33279 "http://www.mantech8.com/contact.php" "Mozilla/5.0 (Macintosh; Intel Mac OS X 10_15_5) AppleWebKit/605.1.15 (KHTML, like Gecko) Version/13.1.1 Safari/605.1.15 (Applebot/0.1; +http://www.apple.com/go/applebot)" "www.mantech8.com"
17.22.237.23 - - [02/Mar/2023:05:34:57 -0800] "GET /js/jquery-migrate-1.2.1.min.js HTTP/1.1" 200 3063 "http://www.mantech8.com/contact.php" "Mozilla/5.0 (Macintosh; Intel Mac OS X 10_15_5) AppleWebKit/605.1.15 (KHTML, like Gecko) Version/13.1.1 Safari/605.1.15 (Applebot/0.1; +http://www.apple.com/go/applebot)" "www.mantech8.com"
17.22.237.188 - - [02/Mar/2023:05:34:58 -0800] "GET /revolution/js/jquery.themepunch.tools.min.js HTTP/1.1" 200 36033 "http://www.mantech8.com/contact.php" "Mozilla/5.0 (Macintosh; Intel Mac OS X 10_15_5) AppleWebKit/605.1.15 (KHTML, like Gecko) Version/13.1.1 Safari/605.1.15 (Applebot/0.1; +http://www.apple.com/go/applebot)" "www.mantech8.com"
17.22.253.61 - - [02/Mar/2023:05:34:59 -0800] "GET /revolution/js/jquery.themepunch.revolution.min.js HTTP/1.1" 200 14034 "http://www.mantech8.com/contact.php" "Mozilla/5.0 (Macintosh; Intel Mac OS X 10_15_5) AppleWebKit/605.1.15 (KHTML, like Gecko) Version/13.1.1 Safari/605.1.15 (Applebot/0.1; +http://www.apple.com/go/applebot)" "www.mantech8.com"
17.22.237.28 - - [02/Mar/2023:05:34:59 -0800] "GET /js/plugins.js HTTP/1.1" 200 67071 "http://www.mantech8.com/contact.php" "Mozilla/5.0 (Macintosh; Intel Mac OS X 10_15_5) AppleWebKit/605.1.15 (KHTML, like Gecko) Version/13.1.1 Safari/605.1.15 (Applebot/0.1; +http://www.apple.com/go/applebot)" "www.mantech8.com"
17.22.237.70 - - [02/Mar/2023:05:34:59 -0800] "GET /js/custom.js HTTP/1.1" 200 1648 "http://www.mantech8.com/contact.php" "Mozilla/5.0 (Macintosh; Intel Mac OS X 10_15_5) AppleWebKit/605.1.15 (KHTML, like Gecko) Version/13.1.1 Safari/605.1.15 (Applebot/0.1; +http://www.apple.com/go/applebot)" "www.mantech8.com"
17.22.253.184 - - [02/Mar/2023:05:35:00 -0800] "GET /js/bootstrap.min.js HTTP/1.1" 200 9765 "http://www.mantech8.com/contact.php" "Mozilla/5.0 (Macintosh; Intel Mac OS X 10_15_5) AppleWebKit/605.1.15 (KHTML, like Gecko) Version/13.1.1 Safari/605.1.15 (Applebot/0.1; +http://www.apple.com/go/applebot)" "www.mantech8.com"
17.22.237.23 - - [02/Mar/2023:05:35:00 -0800] "GET /js/core.min1.js HTTP/1.1" 200 5104 "http://www.mantech8.com/contact.php" "Mozilla/5.0 (Macintosh; Intel Mac OS X 10_15_5) AppleWebKit/605.1.15 (KHTML, like Gecko) Version/13.1.1 Safari/605.1.15 (Applebot/0.1; +http://www.apple.com/go/applebot)" "www.mantech8.com"
17.22.237.188 - - [02/Mar/2023:05:35:01 -0800] "GET /js/jquery.rd-parallax.js HTTP/1.1" 200 2021 "http://www.mantech8.com/contact.php" "Mozilla/5.0 (Macintosh; Intel Mac OS X 10_15_5) AppleWebKit/605.1.15 (KHTML, like Gecko) Version/13.1.1 Safari/605.1.15 (Applebot/0.1; +http://www.apple.com/go/applebot)" "www.mantech8.com"
17.22.253.61 - - [02/Mar/2023:05:35:01 -0800] "GET /js/rd-smoothscroll.min1.js HTTP/1.1" 200 1124 "http://www.mantech8.com/contact.php" "Mozilla/5.0 (Macintosh; Intel Mac OS X 10_15_5) AppleWebKit/605.1.15 (KHTML, like Gecko) Version/13.1.1 Safari/605.1.15 (Applebot/0.1; +http://www.apple.com/go/applebot)" "www.mantech8.com"
17.22.237.28 - - [02/Mar/2023:05:35:02 -0800] "GET /js/script.js HTTP/1.1" 200 7687 "http://www.mantech8.com/contact.php" "Mozilla/5.0 (Macintosh; Intel Mac OS X 10_15_5) AppleWebKit/605.1.15 (KHTML, like Gecko) Version/13.1.1 Safari/605.1.15 (Applebot/0.1; +http://www.apple.com/go/applebot)" "www.mantech8.com"
17.22.237.70 - - [02/Mar/2023:05:35:02 -0800] "GET /revolution/js/revolution.extension.actions.min.js HTTP/1.1" 200 2110 "http://www.mantech8.com/contact.php" "Mozilla/5.0 (Macintosh; Intel Mac OS X 10_15_5) AppleWebKit/605.1.15 (KHTML, like Gecko) Version/13.1.1 Safari/605.1.15 (Applebot/0.1; +http://www.apple.com/go/applebot)" "www.mantech8.com"
17.22.253.184 - - [02/Mar/2023:05:35:03 -0800] "GET /revolution/js/revolution.extension.carousel.min.js HTTP/1.1" 200 2465 "http://www.mantech8.com/contact.php" "Mozilla/5.0 (Macintosh; Intel Mac OS X 10_15_5) AppleWebKit/605.1.15 (KHTML, like Gecko) Version/13.1.1 Safari/605.1.15 (Applebot/0.1; +http://www.apple.com/go/applebot)" "www.mantech8.com"
17.22.237.23 - - [02/Mar/2023:05:35:03 -0800] "GET /revolution/js/revolution.extension.kenburn.min.js HTTP/1.1" 200 1285 "http://www.mantech8.com/contact.php" "Mozilla/5.0 (Macintosh; Intel Mac OS X 10_15_5) AppleWebKit/605.1.15 (KHTML, like Gecko) Version/13.1.1 Safari/605.1.15 (Applebot/0.1; +http://www.apple.com/go/applebot)" "www.mantech8.com"
17.22.237.188 - - [02/Mar/2023:05:35:04 -0800] "GET /revolution/js/revolution.extension.layeranimation.min.js HTTP/1.1" 200 8295 "http://www.mantech8.com/contact.php" "Mozilla/5.0 (Macintosh; Intel Mac OS X 10_15_5) AppleWebKit/605.1.15 (KHTML, like Gecko) Version/13.1.1 Safari/605.1.15 (Applebot/0.1; +http://www.apple.com/go/applebot)" "www.mantech8.com"
17.22.253.61 - - [02/Mar/2023:05:35:04 -0800] "GET /revolution/js/revolution.extension.migration.min.js HTTP/1.1" 200 1739 "http://www.mantech8.com/contact.php" "Mozilla/5.0 (Macintosh; Intel Mac OS X 10_15_5) AppleWebKit/605.1.15 (KHTML, like Gecko) Version/13.1.1 Safari/605.1.15 (Applebot/0.1; +http://www.apple.com/go/applebot)" "www.mantech8.com"
17.22.237.28 - - [02/Mar/2023:05:35:05 -0800] "GET /revolution/js/revolution.extension.navigation.min.js HTTP/1.1" 200 6533 "http://www.mantech8.com/contact.php" "Mozilla/5.0 (Macintosh; Intel Mac OS X 10_15_5) AppleWebKit/605.1.15 (KHTML, like Gecko) Version/13.1.1 Safari/605.1.15 (Applebot/0.1; +http://www.apple.com/go/applebot)" "www.mantech8.com"
17.22.237.70 - - [02/Mar/2023:05:35:05 -0800] "GET /revolution/js/revolution.extension.parallax.min.js HTTP/1.1" 200 2490 "http://www.mantech8.com/contact.php" "Mozilla/5.0 (Macintosh; Intel Mac OS X 10_15_5) AppleWebKit/605.1.15 (KHTML, like Gecko) Version/13.1.1 Safari/605.1.15 (Applebot/0.1; +http://www.apple.com/go/applebot)" "www.mantech8.com"
17.22.253.184 - - [02/Mar/2023:05:35:06 -0800] "GET /revolution/js/revolution.extension.slideanims.min.js HTTP/1.1" 200 6622 "http://www.mantech8.com/contact.php" "Mozilla/5.0 (Macintosh; Intel Mac OS X 10_15_5) AppleWebKit/605.1.15 (KHTML, like Gecko) Version/13.1.1 Safari/605.1.15 (Applebot/0.1; +http://www.apple.com/go/applebot)" "www.mantech8.com"
17.22.237.23 - - [02/Mar/2023:05:35:06 -0800] "GET /revolution/js/revolution.extension.video.min.js HTTP/1.1" 200 5233 "http://www.mantech8.com/contact.php" "Mozilla/5.0 (Macintosh; Intel Mac OS X 10_15_5) AppleWebKit/605.1.15 (KHTML, like Gecko) Version/13.1.1 Safari/605.1.15 (Applebot/0.1; +http://www.apple.com/go/applebot)" "www.mantech8.com"
17.22.237.188 - - [02/Mar/2023:05:35:07 -0800] "GET /css/hover.css HTTP/1.1" 200 8530 "http://www.mantech8.com/contact.php" "Mozilla/5.0 (Macintosh; Intel Mac OS X 10_15_5) AppleWebKit/605.1.15 (KHTML, like Gecko) Version/13.1.1 Safari/605.1.15 (Applebot/0.1; +http://www.apple.com/go/applebot)" "www.mantech8.com"
17.22.253.61 - - [02/Mar/2023:05:35:07 -0800] "GET /css/flaticon.css HTTP/1.1" 200 321 "http://www.mantech8.com/contact.php" "Mozilla/5.0 (Macintosh; Intel Mac OS X 10_15_5) AppleWebKit/605.1.15 (KHTML, like Gecko) Version/13.1.1 Safari/605.1.15 (Applebot/0.1; +http://www.apple.com/go/applebot)" "www.mantech8.com"
17.22.237.28 - - [02/Mar/2023:05:35:08 -0800] "GET /css/font-awesome.css HTTP/1.1" 200 5793 "http://www.mantech8.com/contact.php" "Mozilla/5.0 (Macintosh; Intel Mac OS X 10_15_5) AppleWebKit/605.1.15 (KHTML, like Gecko) Version/13.1.1 Safari/605.1.15 (Applebot/0.1; +http://www.apple.com/go/applebot)" "www.mantech8.com"
17.22.237.188 - - [02/Mar/2023:05:35:09 -0800] "GET /js/jquery.ui.totop.min.js HTTP/1.1" 200 510 "http://www.mantech8.com/contact.php" "Mozilla/5.0 (Macintosh; Intel Mac OS X 10_15_5) AppleWebKit/605.1.15 (KHTML, like Gecko) Version/13.1.1 Safari/605.1.15 (Applebot/0.1; +http://www.apple.com/go/applebot)" "www.mantech8.com"
17.22.237.23 - - [02/Mar/2023:05:35:09 -0800] "GET /js/wow.min.js HTTP/1.1" 200 2731 "http://www.mantech8.com/contact.php" "Mozilla/5.0 (Macintosh; Intel Mac OS X 10_15_5) AppleWebKit/605.1.15 (KHTML, like Gecko) Version/13.1.1 Safari/605.1.15 (Applebot/0.1; +http://www.apple.com/go/applebot)" "www.mantech8.com"
185.191.171.39 - - [02/Mar/2023:05:35:33 -0800] "GET /index.php/camp-fire/25021624.html HTTP/1.1" 500 - "-" "Mozilla/5.0 (compatible; SemrushBot/7~bl; +http://www.semrush.com/bot.html)" "mantech8.com"
185.191.171.39 - - [02/Mar/2023:05:35:45 -0800] "GET /index.php?camp-fire%2F27776671.html HTTP/1.1" 500 - "-" "Mozilla/5.0 (compatible; SemrushBot/7~bl; +http://www.semrush.com/bot.html)" "mantech8.com"
185.191.171.10 - - [02/Mar/2023:05:36:00 -0800] "GET /index.php?camp-fire%2F35685450.html HTTP/1.1" 500 - "-" "Mozilla/5.0 (compatible; SemrushBot/7~bl; +http://www.semrush.com/bot.html)" "mantech8.com"
185.191.171.5 - - [02/Mar/2023:05:36:03 -0800] "GET /index.php?camp-fire%2F32514251.html HTTP/1.1" 500 - "-" "Mozilla/5.0 (compatible; SemrushBot/7~bl; +http://www.semrush.com/bot.html)" "mantech8.com"
52.167.144.175 - - [02/Mar/2023:05:36:04 -0800] "GET /index.php/txf8-3a4efabce-alrrs.ii HTTP/1.1" 500 - "-" "Mozilla/5.0 AppleWebKit/537.36 (KHTML, like Gecko; compatible; bingbot/2.0; +http://www.bing.com/bingbot.htm) Chrome/103.0.5060.134 Safari/537.36" "mantech8.com"
185.191.171.39 - - [02/Mar/2023:05:36:15 -0800] "GET /index.php?camp-fire%2F30544341.html HTTP/1.1" 500 - "-" "Mozilla/5.0 (compatible; SemrushBot/7~bl; +http://www.semrush.com/bot.html)" "mantech8.com"
207.46.13.210 - - [02/Mar/2023:05:36:19 -0800] "GET /index.php/2e4b4bdadf HTTP/1.1" 500 - "-" "Mozilla/5.0 AppleWebKit/537.36 (KHTML, like Gecko; compatible; bingbot/2.0; +http://www.bing.com/bingbot.htm) Chrome/103.0.5060.134 Safari/537.36" "mantech8.com"
207.46.13.210 - - [02/Mar/2023:05:36:39 -0800] "GET /index.php/nwtf-58ed-3p0fa.ii HTTP/1.1" 500 - "-" "Mozilla/5.0 AppleWebKit/537.36 (KHTML, like Gecko; compatible; bingbot/2.0; +http://www.bing.com/bingbot.htm) Chrome/103.0.5060.134 Safari/537.36" "mantech8.com"
185.191.171.18 - - [02/Mar/2023:05:36:41 -0800] "GET /index.php/camp-fire/21476300.html HTTP/1.1" 500 - "-" "Mozilla/5.0 (compatible; SemrushBot/7~bl; +http://www.semrush.com/bot.html)" "mantech8.com"
40.77.167.240 - - [02/Mar/2023:05:36:50 -0800] "GET / HTTP/1.1" 500 - "-" "Mozilla/5.0 AppleWebKit/537.36 (KHTML, like Gecko; compatible; bingbot/2.0; +http://www.bing.com/bingbot.htm) Chrome/103.0.5060.134 Safari/537.36" "www.mantech8.com"
185.191.171.42 - - [02/Mar/2023:05:37:03 -0800] "GET /index.php?camp-fire%2F30477841.html HTTP/1.1" 500 - "-" "Mozilla/5.0 (compatible; SemrushBot/7~bl; +http://www.semrush.com/bot.html)" "mantech8.com"
185.191.171.8 - - [02/Mar/2023:05:37:17 -0800] "GET /index.php/camp-fire/14637980.html HTTP/1.1" 500 - "-" "Mozilla/5.0 (compatible; SemrushBot/7~bl; +http://www.semrush.com/bot.html)" "mantech8.com"
207.46.13.210 - - [02/Mar/2023:05:37:18 -0800] "GET /index.php/mcko-cbdcababa-vbldy.ii HTTP/1.1" 500 - "-" "Mozilla/5.0 AppleWebKit/537.36 (KHTML, like Gecko; compatible; bingbot/2.0; +http://www.bing.com/bingbot.htm) Chrome/103.0.5060.134 Safari/537.36" "mantech8.com"
185.191.171.13 - - [02/Mar/2023:05:37:20 -0800] "GET /index.php?camp-fire%2F49340734.html HTTP/1.1" 500 - "-" "Mozilla/5.0 (compatible; SemrushBot/7~bl; +http://www.semrush.com/bot.html)" "mantech8.com"
185.191.171.15 - - [02/Mar/2023:05:37:29 -0800] "GET /index.php?camp-fire%2F31121550.html HTTP/1.1" 500 - "-" "Mozilla/5.0 (compatible; SemrushBot/7~bl; +http://www.semrush.com/bot.html)" "mantech8.com"
185.191.171.19 - - [02/Mar/2023:05:37:31 -0800] "GET /index.php?camp-fire%2F38187378.html HTTP/1.1" 500 - "-" "Mozilla/5.0 (compatible; SemrushBot/7~bl; +http://www.semrush.com/bot.html)" "mantech8.com"
185.191.171.24 - - [02/Mar/2023:05:37:57 -0800] "GET /robots.txt HTTP/1.1" 200 84 "-" "Mozilla/5.0 (compatible; SemrushBot/7~bl; +http://www.semrush.com/bot.html)" "mantech8.com"
185.191.171.20 - - [02/Mar/2023:05:37:58 -0800] "GET /index.php?camp-fire%2F37803697.html HTTP/1.1" 500 - "-" "Mozilla/5.0 (compatible; SemrushBot/7~bl; +http://www.semrush.com/bot.html)" "mantech8.com"
185.191.171.33 - - [02/Mar/2023:05:38:10 -0800] "GET /index.php/camp-fire/19494176.html HTTP/1.1" 500 - "-" "Mozilla/5.0 (compatible; SemrushBot/7~bl; +http://www.semrush.com/bot.html)" "mantech8.com"
207.46.13.210 - - [02/Mar/2023:05:38:18 -0800] "GET /index.php/mcko-b2fa8aeade-vb6xz.ii HTTP/1.1" 500 - "-" "Mozilla/5.0 AppleWebKit/537.36 (KHTML, like Gecko; compatible; bingbot/2.0; +http://www.bing.com/bingbot.htm) Chrome/103.0.5060.134 Safari/537.36" "mantech8.com"
114.119.142.217 - - [02/Mar/2023:05:38:39 -0800] "GET /sitemap26.xml HTTP/1.1" 404 88 "-" "Mozilla/5.0 (Linux; Android 7.0;) AppleWebKit/537.36 (KHTML, like Gecko) Mobile Safari/537.36 (compatible; PetalBot;+https://webmaster.petalsearch.com/site/petalbot)" "mantech8.com"
185.191.171.23 - - [02/Mar/2023:05:38:43 -0800] "GET /index.php/camp-fire/28954035.html HTTP/1.1" 500 - "-" "Mozilla/5.0 (compatible; SemrushBot/7~bl; +http://www.semrush.com/bot.html)" "mantech8.com"
185.191.171.26 - - [02/Mar/2023:05:38:58 -0800] "GET /index.php/camp-fire/32178206.html HTTP/1.1" 500 - "-" "Mozilla/5.0 (compatible; SemrushBot/7~bl; +http://www.semrush.com/bot.html)" "mantech8.com"
185.191.171.25 - - [02/Mar/2023:05:39:15 -0800] "GET /index.php/camp-fire/17352265.html HTTP/1.1" 500 - "-" "Mozilla/5.0 (compatible; SemrushBot/7~bl; +http://www.semrush.com/bot.html)" "mantech8.com"
185.191.171.23 - - [02/Mar/2023:05:39:17 -0800] "GET /index.php?camp-fire%2F40187288.html HTTP/1.1" 500 - "-" "Mozilla/5.0 (compatible; SemrushBot/7~bl; +http://www.semrush.com/bot.html)" "mantech8.com"
157.55.39.218 - - [02/Mar/2023:05:39:33 -0800] "GET /index.php/s0kv-38eb9bbcda-oecms.ii HTTP/1.1" 500 - "-" "Mozilla/5.0 AppleWebKit/537.36 (KHTML, like Gecko; compatible; bingbot/2.0; +http://www.bing.com/bingbot.htm) Chrome/103.0.5060.134 Safari/537.36" "mantech8.com"
157.55.39.218 - - [02/Mar/2023:05:39:35 -0800] "GET /index.php/nwtf-861ceacbd-3pzdi.ii HTTP/1.1" 500 - "-" "Mozilla/5.0 AppleWebKit/537.36 (KHTML, like Gecko; compatible; bingbot/2.0; +http://www.bing.com/bingbot.htm) Chrome/103.0.5060.134 Safari/537.36" "mantech8.com"
207.46.13.210 - - [02/Mar/2023:05:39:38 -0800] "GET /index.php/d334bdabfe HTTP/1.1" 500 - "-" "Mozilla/5.0 AppleWebKit/537.36 (KHTML, like Gecko; compatible; bingbot/2.0; +http://www.bing.com/bingbot.htm) Chrome/103.0.5060.134 Safari/537.36" "mantech8.com"
185.191.171.26 - - [02/Mar/2023:05:39:50 -0800] "GET /index.php/camp-fire/15518346.html HTTP/1.1" 500 - "-" "Mozilla/5.0 (compatible; SemrushBot/7~bl; +http://www.semrush.com/bot.html)" "mantech8.com"
185.191.171.17 - - [02/Mar/2023:05:39:54 -0800] "GET /index.php?camp-fire%2F38169303.html HTTP/1.1" 500 - "-" "Mozilla/5.0 (compatible; SemrushBot/7~bl; +http://www.semrush.com/bot.html)" "mantech8.com"
185.191.171.34 - - [02/Mar/2023:05:40:37 -0800] "GET /index.php?camp-fire%2F38235572.html HTTP/1.1" 500 - "-" "Mozilla/5.0 (compatible; SemrushBot/7~bl; +http://www.semrush.com/bot.html)" "mantech8.com"
52.167.144.84 - - [02/Mar/2023:05:40:41 -0800] "GET / HTTP/1.1" 500 - "-" "Mozilla/5.0 AppleWebKit/537.36 (KHTML, like Gecko; compatible; bingbot/2.0; +http://www.bing.com/bingbot.htm) Chrome/103.0.5060.134 Safari/537.36" "www.mantech8.com"
185.191.171.7 - - [02/Mar/2023:05:40:52 -0800] "GET /index.php?camp-fire%2F24272506.html HTTP/1.1" 500 - "-" "Mozilla/5.0 (compatible; SemrushBot/7~bl; +http://www.semrush.com/bot.html)" "mantech8.com"
216.131.116.9 - - [02/Mar/2023:05:40:53 -0800] "GET / HTTP/1.1" 500 - "-" "Mozilla/5.0 (Windows NT 10.0; Win64; x64) AppleWebKit/537.36 (KHTML, like Gecko) Chrome/103.0.0.0 Safari/537.36 Vivaldi/5.3.2679.68" "www.mantech8.com"
216.131.116.9 - - [02/Mar/2023:05:40:53 -0800] "GET / HTTP/1.1" 500 - "-" "Mozilla/5.0 (Windows NT 10.0; Win64; x64) AppleWebKit/537.36 (KHTML, like Gecko) Chrome/103.0.0.0 Safari/537.36 Vivaldi/5.3.2679.68" "www.mantech8.com"
216.131.116.9 - - [02/Mar/2023:05:40:54 -0800] "GET / HTTP/1.1" 500 - "-" "Mozilla/5.0 (Windows NT 10.0; Win64; x64) AppleWebKit/537.36 (KHTML, like Gecko) Chrome/103.0.0.0 Safari/537.36 Vivaldi/5.3.2679.68" "www.mantech8.com"
185.191.171.37 - - [02/Mar/2023:05:40:58 -0800] "GET /index.php/camp-fire/10531051.html HTTP/1.1" 500 - "-" "Mozilla/5.0 (compatible; SemrushBot/7~bl; +http://www.semrush.com/bot.html)" "mantech8.com"
185.191.171.26 - - [02/Mar/2023:05:41:14 -0800] "GET /index.php/camp-fire/17541683.html HTTP/1.1" 500 - "-" "Mozilla/5.0 (compatible; SemrushBot/7~bl; +http://www.semrush.com/bot.html)" "mantech8.com"
185.191.171.6 - - [02/Mar/2023:05:41:16 -0800] "GET /index.php?camp-fire%2F11489909.html HTTP/1.1" 500 - "-" "Mozilla/5.0 (compatible; SemrushBot/7~bl; +http://www.semrush.com/bot.html)" "mantech8.com"
207.46.13.210 - - [02/Mar/2023:05:41:19 -0800] "GET /index.php/49efb HTTP/1.1" 500 - "-" "Mozilla/5.0 AppleWebKit/537.36 (KHTML, like Gecko; compatible; bingbot/2.0; +http://www.bing.com/bingbot.htm) Chrome/103.0.5060.134 Safari/537.36" "mantech8.com"
185.191.171.9 - - [02/Mar/2023:05:41:32 -0800] "GET /index.php?camp-fire%2F32523760.html HTTP/1.1" 500 - "-" "Mozilla/5.0 (compatible; SemrushBot/7~bl; +http://www.semrush.com/bot.html)" "mantech8.com"
185.191.171.20 - - [02/Mar/2023:05:41:34 -0800] "GET /index.php/camp-fire/3520451.html HTTP/1.1" 500 - "-" "Mozilla/5.0 (compatible; SemrushBot/7~bl; +http://www.semrush.com/bot.html)" "mantech8.com"
52.167.144.84 - - [02/Mar/2023:05:41:42 -0800] "GET /index.php/54be HTTP/1.1" 500 - "-" "Mozilla/5.0 AppleWebKit/537.36 (KHTML, like Gecko; compatible; bingbot/2.0; +http://www.bing.com/bingbot.htm) Chrome/103.0.5060.134 Safari/537.36" "mantech8.com"
185.191.171.8 - - [02/Mar/2023:05:42:19 -0800] "GET /index.php/camp-fire/33660908.html HTTP/1.1" 500 - "-" "Mozilla/5.0 (compatible; SemrushBot/7~bl; +http://www.semrush.com/bot.html)" "mantech8.com"
185.191.171.43 - - [02/Mar/2023:05:42:37 -0800] "GET /index.php/camp-fire/32138376.html HTTP/1.1" 500 - "-" "Mozilla/5.0 (compatible; SemrushBot/7~bl; +http://www.semrush.com/bot.html)" "mantech8.com"
185.191.171.22 - - [02/Mar/2023:05:42:43 -0800] "GET /index.php?camp-fire%2F39973817.html HTTP/1.1" 500 - "-" "Mozilla/5.0 (compatible; SemrushBot/7~bl; +http://www.semrush.com/bot.html)" "mantech8.com"
185.191.171.20 - - [02/Mar/2023:05:43:08 -0800] "GET /index.php?camp-fire%2F110940035.html HTTP/1.1" 500 - "-" "Mozilla/5.0 (compatible; SemrushBot/7~bl; +http://www.semrush.com/bot.html)" "mantech8.com"
185.191.171.24 - - [02/Mar/2023:05:43:09 -0800] "GET /index.php/camp-fire/27303770.html HTTP/1.1" 500 - "-" "Mozilla/5.0 (compatible; SemrushBot/7~bl; +http://www.semrush.com/bot.html)" "mantech8.com"
185.191.171.34 - - [02/Mar/2023:05:43:36 -0800] "GET /index.php?camp-fire%2F35099025.html HTTP/1.1" 500 - "-" "Mozilla/5.0 (compatible; SemrushBot/7~bl; +http://www.semrush.com/bot.html)" "mantech8.com"
185.191.171.26 - - [02/Mar/2023:05:43:38 -0800] "GET /index.php?camp-fire%2F87987577.html HTTP/1.1" 500 - "-" "Mozilla/5.0 (compatible; SemrushBot/7~bl; +http://www.semrush.com/bot.html)" "mantech8.com"
185.191.171.15 - - [02/Mar/2023:05:43:43 -0800] "GET /index.php?camp-fire%2F53712638.html HTTP/1.1" 500 - "-" "Mozilla/5.0 (compatible; SemrushBot/7~bl; +http://www.semrush.com/bot.html)" "mantech8.com"
185.191.171.17 - - [02/Mar/2023:05:43:45 -0800] "GET /index.php?camp-fire%2F44828338.html HTTP/1.1" 500 - "-" "Mozilla/5.0 (compatible; SemrushBot/7~bl; +http://www.semrush.com/bot.html)" "mantech8.com"
185.191.171.26 - - [02/Mar/2023:05:43:57 -0800] "GET /index.php/camp-fire/5313177.html HTTP/1.1" 500 - "-" "Mozilla/5.0 (compatible; SemrushBot/7~bl; +http://www.semrush.com/bot.html)" "mantech8.com"
185.191.171.10 - - [02/Mar/2023:05:44:05 -0800] "GET /index.php/camp-fire/32543225.html HTTP/1.1" 500 - "-" "Mozilla/5.0 (compatible; SemrushBot/7~bl; +http://www.semrush.com/bot.html)" "mantech8.com"
207.46.13.210 - - [02/Mar/2023:05:44:09 -0800] "GET /index.php/egy1-8bdcafebfa-vxasa.ii HTTP/1.1" 500 - "-" "Mozilla/5.0 AppleWebKit/537.36 (KHTML, like Gecko; compatible; bingbot/2.0; +http://www.bing.com/bingbot.htm) Chrome/103.0.5060.134 Safari/537.36" "mantech8.com"
87.249.133.10 - - [02/Mar/2023:05:44:44 -0800] "GET /cgi-bin/wp-secure.php HTTP/1.1" 404 88 "-" "Mozilla/5.0 (Windows NT 10.0; Win64; x64) AppleWebKit/537.36 (KHTML, like Gecko) Chrome/108.0.0.0 Safari/537.36" "www.mantech8.com"
185.191.171.10 - - [02/Mar/2023:05:45:06 -0800] "GET /index.php/camp-fire/23111165.html HTTP/1.1" 500 - "-" "Mozilla/5.0 (compatible; SemrushBot/7~bl; +http://www.semrush.com/bot.html)" "mantech8.com"
185.191.171.24 - - [02/Mar/2023:05:45:17 -0800] "GET /index.php?camp-fire%2F26773821.html HTTP/1.1" 500 - "-" "Mozilla/5.0 (compatible; SemrushBot/7~bl; +http://www.semrush.com/bot.html)" "mantech8.com"
185.191.171.34 - - [02/Mar/2023:05:45:47 -0800] "GET /index.php?camp-fire%2F25090633.html HTTP/1.1" 500 - "-" "Mozilla/5.0 (compatible; SemrushBot/7~bl; +http://www.semrush.com/bot.html)" "mantech8.com"
185.191.171.26 - - [02/Mar/2023:05:46:05 -0800] "GET /index.php?camp-fire%2F27585626.html HTTP/1.1" 500 - "-" "Mozilla/5.0 (compatible; SemrushBot/7~bl; +http://www.semrush.com/bot.html)" "mantech8.com"
185.191.171.18 - - [02/Mar/2023:05:46:15 -0800] "GET /index.php?camp-fire%2F39224203.html HTTP/1.1" 500 - "-" "Mozilla/5.0 (compatible; SemrushBot/7~bl; +http://www.semrush.com/bot.html)" "mantech8.com"
52.167.144.96 - - [02/Mar/2023:05:46:23 -0800] "GET /?/col.jsp?id=105 HTTP/1.1" 500 - "-" "Mozilla/5.0 AppleWebKit/537.36 (KHTML, like Gecko; compatible; bingbot/2.0; +http://www.bing.com/bingbot.htm) Chrome/103.0.5060.134 Safari/537.36" "mantech8.com"
114.119.133.67 - - [02/Mar/2023:05:46:40 -0800] "GET /bimages/hgallery/thump/ HTTP/1.1" 200 506 "http://www.mantech8.com/bimages/hgallery/" "Mozilla/5.0 (Linux; Android 7.0;) AppleWebKit/537.36 (KHTML, like Gecko) Mobile Safari/537.36 (compatible; PetalBot;+https://webmaster.petalsearch.com/site/petalbot)" "www.mantech8.com"
52.167.144.175 - - [02/Mar/2023:05:46:54 -0800] "GET /index.php/d8b9edffed HTTP/1.1" 500 - "-" "Mozilla/5.0 AppleWebKit/537.36 (KHTML, like Gecko; compatible; bingbot/2.0; +http://www.bing.com/bingbot.htm) Chrome/103.0.5060.134 Safari/537.36" "mantech8.com"
185.191.171.14 - - [02/Mar/2023:05:47:08 -0800] "GET /index.php/camp-fire/15091624.html HTTP/1.1" 500 - "-" "Mozilla/5.0 (compatible; SemrushBot/7~bl; +http://www.semrush.com/bot.html)" "mantech8.com"
40.77.167.240 - - [02/Mar/2023:05:47:11 -0800] "GET /index.php/hooa-4f787abefc-69byl.ii HTTP/1.1" 500 - "-" "Mozilla/5.0 AppleWebKit/537.36 (KHTML, like Gecko; compatible; bingbot/2.0; +http://www.bing.com/bingbot.htm) Chrome/103.0.5060.134 Safari/537.36" "mantech8.com"
40.77.167.240 - - [02/Mar/2023:05:47:11 -0800] "GET /index.php/mcko-b6ecc-vbfit.ii HTTP/1.1" 500 - "-" "Mozilla/5.0 AppleWebKit/537.36 (KHTML, like Gecko; compatible; bingbot/2.0; +http://www.bing.com/bingbot.htm) Chrome/103.0.5060.134 Safari/537.36" "mantech8.com"
40.77.167.240 - - [02/Mar/2023:05:47:11 -0800] "GET /index.php/46c13eff HTTP/1.1" 500 - "-" "Mozilla/5.0 AppleWebKit/537.36 (KHTML, like Gecko; compatible; bingbot/2.0; +http://www.bing.com/bingbot.htm) Chrome/103.0.5060.134 Safari/537.36" "mantech8.com"
40.77.167.240 - - [02/Mar/2023:05:47:11 -0800] "GET /index.php/wf2o-c890efbfcf-g65ra.ii HTTP/1.1" 500 - "-" "Mozilla/5.0 AppleWebKit/537.36 (KHTML, like Gecko; compatible; bingbot/2.0; +http://www.bing.com/bingbot.htm) Chrome/103.0.5060.134 Safari/537.36" "mantech8.com"
40.77.167.240 - - [02/Mar/2023:05:47:11 -0800] "GET /index.php/bljc-beda-kzwao.ii HTTP/1.1" 500 - "-" "Mozilla/5.0 AppleWebKit/537.36 (KHTML, like Gecko; compatible; bingbot/2.0; +http://www.bing.com/bingbot.htm) Chrome/103.0.5060.134 Safari/537.36" "mantech8.com"
185.191.171.43 - - [02/Mar/2023:05:47:17 -0800] "GET /index.php/camp-fire/17350165.html HTTP/1.1" 500 - "-" "Mozilla/5.0 (compatible; SemrushBot/7~bl; +http://www.semrush.com/bot.html)" "mantech8.com"
185.191.171.42 - - [02/Mar/2023:05:47:20 -0800] "GET /index.php?camp-fire%2F2456893.html HTTP/1.1" 500 - "-" "Mozilla/5.0 (compatible; SemrushBot/7~bl; +http://www.semrush.com/bot.html)" "mantech8.com"
185.191.171.35 - - [02/Mar/2023:05:47:48 -0800] "GET /index.php/camp-fire/51953472.html HTTP/1.1" 500 - "-" "Mozilla/5.0 (compatible; SemrushBot/7~bl; +http://www.semrush.com/bot.html)" "mantech8.com"
185.191.171.12 - - [02/Mar/2023:05:47:54 -0800] "GET /index.php/camp-fire/547269.html HTTP/1.1" 500 - "-" "Mozilla/5.0 (compatible; SemrushBot/7~bl; +http://www.semrush.com/bot.html)" "mantech8.com"
40.77.167.240 - - [02/Mar/2023:05:48:01 -0800] "GET /index.php/14js-2cced-cbhus.ii HTTP/1.1" 500 - "-" "Mozilla/5.0 AppleWebKit/537.36 (KHTML, like Gecko; compatible; bingbot/2.0; +http://www.bing.com/bingbot.htm) Chrome/103.0.5060.134 Safari/537.36" "mantech8.com"
185.191.171.12 - - [02/Mar/2023:05:48:29 -0800] "GET /index.php/camp-fire/14945659.html HTTP/1.1" 500 - "-" "Mozilla/5.0 (compatible; SemrushBot/7~bl; +http://www.semrush.com/bot.html)" "mantech8.com"
185.191.171.17 - - [02/Mar/2023:05:48:31 -0800] "GET /index.php?camp-fire%2F33753059.html HTTP/1.1" 500 - "-" "Mozilla/5.0 (compatible; SemrushBot/7~bl; +http://www.semrush.com/bot.html)" "mantech8.com"
185.191.171.23 - - [02/Mar/2023:05:48:38 -0800] "GET /index.php?camp-fire%2F27397676.html HTTP/1.1" 500 - "-" "Mozilla/5.0 (compatible; SemrushBot/7~bl; +http://www.semrush.com/bot.html)" "mantech8.com"
185.191.171.33 - - [02/Mar/2023:05:48:46 -0800] "GET /index.php?camp-fire%2F25691784.html HTTP/1.1" 500 - "-" "Mozilla/5.0 (compatible; SemrushBot/7~bl; +http://www.semrush.com/bot.html)" "mantech8.com"
185.191.171.17 - - [02/Mar/2023:05:49:02 -0800] "GET /index.php?camp-fire%2F33382116.html HTTP/1.1" 500 - "-" "Mozilla/5.0 (compatible; SemrushBot/7~bl; +http://www.semrush.com/bot.html)" "mantech8.com"
185.191.171.23 - - [02/Mar/2023:05:49:14 -0800] "GET /index.php?camp-fire%2F27544497.html HTTP/1.1" 500 - "-" "Mozilla/5.0 (compatible; SemrushBot/7~bl; +http://www.semrush.com/bot.html)" "mantech8.com"
185.191.171.10 - - [02/Mar/2023:05:49:24 -0800] "GET /index.php?camp-fire%2F28941835.html HTTP/1.1" 500 - "-" "Mozilla/5.0 (compatible; SemrushBot/7~bl; +http://www.semrush.com/bot.html)" "mantech8.com"
207.46.13.210 - - [02/Mar/2023:05:49:40 -0800] "GET /index.php/23c99fef HTTP/1.1" 500 - "-" "Mozilla/5.0 AppleWebKit/537.36 (KHTML, like Gecko; compatible; bingbot/2.0; +http://www.bing.com/bingbot.htm) Chrome/103.0.5060.134 Safari/537.36" "mantech8.com"
185.191.171.45 - - [02/Mar/2023:05:49:45 -0800] "GET /index.php/camp-fire/26177251.html HTTP/1.1" 500 - "-" "Mozilla/5.0 (compatible; SemrushBot/7~bl; +http://www.semrush.com/bot.html)" "mantech8.com"
52.167.144.84 - - [02/Mar/2023:05:49:52 -0800] "GET /index.php/nwtf-41dacedd-4qewc.ii HTTP/1.1" 500 - "-" "Mozilla/5.0 AppleWebKit/537.36 (KHTML, like Gecko; compatible; bingbot/2.0; +http://www.bing.com/bingbot.htm) Chrome/103.0.5060.134 Safari/537.36" "mantech8.com"
185.191.171.13 - - [02/Mar/2023:05:50:09 -0800] "GET /index.php/camp-fire/35805338.html HTTP/1.1" 500 - "-" "Mozilla/5.0 (compatible; SemrushBot/7~bl; +http://www.semrush.com/bot.html)" "mantech8.com"
185.191.171.14 - - [02/Mar/2023:05:50:14 -0800] "GET /index.php?camp-fire%2F28334893.html HTTP/1.1" 500 - "-" "Mozilla/5.0 (compatible; SemrushBot/7~bl; +http://www.semrush.com/bot.html)" "mantech8.com"
185.191.171.35 - - [02/Mar/2023:05:50:31 -0800] "GET /index.php?camp-fire%2F32516968.html HTTP/1.1" 500 - "-" "Mozilla/5.0 (compatible; SemrushBot/7~bl; +http://www.semrush.com/bot.html)" "mantech8.com"
185.191.171.6 - - [02/Mar/2023:05:50:34 -0800] "GET /index.php?camp-fire%2F29067997.html HTTP/1.1" 500 - "-" "Mozilla/5.0 (compatible; SemrushBot/7~bl; +http://www.semrush.com/bot.html)" "mantech8.com"
40.77.167.240 - - [02/Mar/2023:05:50:41 -0800] "GET /index.php/wf2o-2ed6aafdf-g5chq.ii HTTP/1.1" 500 - "-" "Mozilla/5.0 AppleWebKit/537.36 (KHTML, like Gecko; compatible; bingbot/2.0; +http://www.bing.com/bingbot.htm) Chrome/103.0.5060.134 Safari/537.36" "mantech8.com"
185.191.171.1 - - [02/Mar/2023:05:50:45 -0800] "GET /index.php?camp-fire%2F15327365.html HTTP/1.1" 500 - "-" "Mozilla/5.0 (compatible; SemrushBot/7~bl; +http://www.semrush.com/bot.html)" "mantech8.com"
185.191.171.24 - - [02/Mar/2023:05:50:49 -0800] "GET /index.php/camp-fire/19708276.html HTTP/1.1" 500 - "-" "Mozilla/5.0 (compatible; SemrushBot/7~bl; +http://www.semrush.com/bot.html)" "mantech8.com"
185.191.171.44 - - [02/Mar/2023:05:51:12 -0800] "GET /index.php?camp-fire%2F35170325.html HTTP/1.1" 500 - "-" "Mozilla/5.0 (compatible; SemrushBot/7~bl; +http://www.semrush.com/bot.html)" "mantech8.com"
185.191.171.33 - - [02/Mar/2023:05:52:42 -0800] "GET /index.php/camp-fire/96152947.html HTTP/1.1" 500 - "-" "Mozilla/5.0 (compatible; SemrushBot/7~bl; +http://www.semrush.com/bot.html)" "mantech8.com"
52.167.144.96 - - [02/Mar/2023:05:52:43 -0800] "GET /index.php/ceedffbb HTTP/1.1" 500 - "-" "Mozilla/5.0 AppleWebKit/537.36 (KHTML, like Gecko; compatible; bingbot/2.0; +http://www.bing.com/bingbot.htm) Chrome/103.0.5060.134 Safari/537.36" "mantech8.com"
185.191.171.3 - - [02/Mar/2023:05:52:45 -0800] "GET /index.php/camp-fire/28440564.html HTTP/1.1" 500 - "-" "Mozilla/5.0 (compatible; SemrushBot/7~bl; +http://www.semrush.com/bot.html)" "mantech8.com"
157.55.39.218 - - [02/Mar/2023:05:52:47 -0800] "GET /index.php/eebaea HTTP/1.1" 500 - "-" "Mozilla/5.0 AppleWebKit/537.36 (KHTML, like Gecko; compatible; bingbot/2.0; +http://www.bing.com/bingbot.htm) Chrome/103.0.5060.134 Safari/537.36" "mantech8.com"
185.191.171.19 - - [02/Mar/2023:05:52:48 -0800] "GET /index.php/camp-fire/15494446.html HTTP/1.1" 500 - "-" "Mozilla/5.0 (compatible; SemrushBot/7~bl; +http://www.semrush.com/bot.html)" "mantech8.com"
157.55.39.218 - - [02/Mar/2023:05:52:49 -0800] "GET /index.php/e31edaec HTTP/1.1" 500 - "-" "Mozilla/5.0 AppleWebKit/537.36 (KHTML, like Gecko; compatible; bingbot/2.0; +http://www.bing.com/bingbot.htm) Chrome/103.0.5060.134 Safari/537.36" "mantech8.com"
157.55.39.218 - - [02/Mar/2023:05:52:49 -0800] "GET /?/wlkj/4655.html HTTP/1.1" 500 - "-" "Mozilla/5.0 AppleWebKit/537.36 (KHTML, like Gecko; compatible; bingbot/2.0; +http://www.bing.com/bingbot.htm) Chrome/103.0.5060.134 Safari/537.36" "mantech8.com"
185.191.171.21 - - [02/Mar/2023:05:52:56 -0800] "GET /index.php?camp-fire%2F28742671.html HTTP/1.1" 500 - "-" "Mozilla/5.0 (compatible; SemrushBot/7~bl; +http://www.semrush.com/bot.html)" "mantech8.com"
185.191.171.14 - - [02/Mar/2023:05:53:31 -0800] "GET /index.php?camp-fire%2F27040451.html HTTP/1.1" 500 - "-" "Mozilla/5.0 (compatible; SemrushBot/7~bl; +http://www.semrush.com/bot.html)" "mantech8.com"
185.191.171.1 - - [02/Mar/2023:05:53:56 -0800] "GET /index.php?camp-fire%2F37719578.html HTTP/1.1" 500 - "-" "Mozilla/5.0 (compatible; SemrushBot/7~bl; +http://www.semrush.com/bot.html)" "mantech8.com"
52.167.144.84 - - [02/Mar/2023:05:54:12 -0800] "GET /index.php/2e2cdfce HTTP/1.1" 500 - "-" "Mozilla/5.0 AppleWebKit/537.36 (KHTML, like Gecko; compatible; bingbot/2.0; +http://www.bing.com/bingbot.htm) Chrome/103.0.5060.134 Safari/537.36" "mantech8.com"
52.167.144.84 - - [02/Mar/2023:05:54:32 -0800] "GET /index.php/nwtf-9abfab-3l4fd.ii HTTP/1.1" 500 - "-" "Mozilla/5.0 AppleWebKit/537.36 (KHTML, like Gecko; compatible; bingbot/2.0; +http://www.bing.com/bingbot.htm) Chrome/103.0.5060.134 Safari/537.36" "mantech8.com"
185.191.171.4 - - [02/Mar/2023:05:54:39 -0800] "GET /index.php/camp-fire/29275947.html HTTP/1.1" 500 - "-" "Mozilla/5.0 (compatible; SemrushBot/7~bl; +http://www.semrush.com/bot.html)" "mantech8.com"
114.119.158.50 - - [02/Mar/2023:05:54:48 -0800] "GET /index.php?camp-fire/84310729.html HTTP/1.1" 500 - "-" "Mozilla/5.0 (Linux; Android 7.0;) AppleWebKit/537.36 (KHTML, like Gecko) Mobile Safari/537.36 (compatible; PetalBot;+https://webmaster.petalsearch.com/site/petalbot)" "www.mantech8.com"
185.191.171.7 - - [02/Mar/2023:05:54:53 -0800] "GET /index.php?camp-fire%2F10502957.html HTTP/1.1" 500 - "-" "Mozilla/5.0 (compatible; SemrushBot/7~bl; +http://www.semrush.com/bot.html)" "mantech8.com"
185.191.171.19 - - [02/Mar/2023:05:55:03 -0800] "GET /index.php?camp-fire%2F32116981.html HTTP/1.1" 500 - "-" "Mozilla/5.0 (compatible; SemrushBot/7~bl; +http://www.semrush.com/bot.html)" "mantech8.com"
185.191.171.33 - - [02/Mar/2023:05:55:09 -0800] "GET /index.php/camp-fire/26026476.html HTTP/1.1" 500 - "-" "Mozilla/5.0 (compatible; SemrushBot/7~bl; +http://www.semrush.com/bot.html)" "mantech8.com"
185.191.171.23 - - [02/Mar/2023:05:55:28 -0800] "GET /index.php/camp-fire/26052676.html HTTP/1.1" 500 - "-" "Mozilla/5.0 (compatible; SemrushBot/7~bl; +http://www.semrush.com/bot.html)" "mantech8.com"
52.167.144.175 - - [02/Mar/2023:05:55:34 -0800] "GET /index.php/kjz2-886cfefedb-hahca.ii HTTP/1.1" 500 - "-" "Mozilla/5.0 AppleWebKit/537.36 (KHTML, like Gecko; compatible; bingbot/2.0; +http://www.bing.com/bingbot.htm) Chrome/103.0.5060.134 Safari/537.36" "mantech8.com"
185.191.171.40 - - [02/Mar/2023:05:55:37 -0800] "GET /index.php?camp-fire%2F29447371.html HTTP/1.1" 500 - "-" "Mozilla/5.0 (compatible; SemrushBot/7~bl; +http://www.semrush.com/bot.html)" "mantech8.com"
216.244.66.241 - - [02/Mar/2023:05:55:47 -0800] "GET /robots.txt HTTP/1.1" 200 68 "-" "Mozilla/5.0 (compatible; DotBot/1.2; +https://opensiteexplorer.org/dotbot; help@moz.com)" "mantech8.com"
216.244.66.241 - - [02/Mar/2023:05:55:47 -0800] "GET /robots.txt HTTP/1.1" 200 68 "-" "Mozilla/5.0 (compatible; DotBot/1.2; +https://opensiteexplorer.org/dotbot; help@moz.com)" "www.mantech8.com"
185.191.171.44 - - [02/Mar/2023:05:55:53 -0800] "GET /index.php?camp-fire%2F24669606.html HTTP/1.1" 500 - "-" "Mozilla/5.0 (compatible; SemrushBot/7~bl; +http://www.semrush.com/bot.html)" "mantech8.com"
185.191.171.4 - - [02/Mar/2023:05:55:55 -0800] "GET /index.php?camp-fire%2F32109330.html HTTP/1.1" 500 - "-" "Mozilla/5.0 (compatible; SemrushBot/7~bl; +http://www.semrush.com/bot.html)" "mantech8.com"
207.46.13.210 - - [02/Mar/2023:05:56:03 -0800] "GET /index.php/b68edefb HTTP/1.1" 500 - "-" "Mozilla/5.0 AppleWebKit/537.36 (KHTML, like Gecko; compatible; bingbot/2.0; +http://www.bing.com/bingbot.htm) Chrome/103.0.5060.134 Safari/537.36" "mantech8.com"
185.191.171.22 - - [02/Mar/2023:05:56:19 -0800] "GET /index.php?camp-fire%2F34523997.html HTTP/1.1" 500 - "-" "Mozilla/5.0 (compatible; SemrushBot/7~bl; +http://www.semrush.com/bot.html)" "mantech8.com"
185.191.171.25 - - [02/Mar/2023:05:56:27 -0800] "GET /index.php?camp-fire%2F2596653.html HTTP/1.1" 500 - "-" "Mozilla/5.0 (compatible; SemrushBot/7~bl; +http://www.semrush.com/bot.html)" "mantech8.com"
185.191.171.26 - - [02/Mar/2023:05:56:53 -0800] "GET /index.php?camp-fire%2F36984350.html HTTP/1.1" 500 - "-" "Mozilla/5.0 (compatible; SemrushBot/7~bl; +http://www.semrush.com/bot.html)" "mantech8.com"
185.191.171.10 - - [02/Mar/2023:05:57:06 -0800] "GET /index.php?camp-fire%2F37292221.html HTTP/1.1" 500 - "-" "Mozilla/5.0 (compatible; SemrushBot/7~bl; +http://www.semrush.com/bot.html)" "mantech8.com"
185.191.171.45 - - [02/Mar/2023:05:57:08 -0800] "GET /index.php/camp-fire/24911650.html HTTP/1.1" 500 - "-" "Mozilla/5.0 (compatible; SemrushBot/7~bl; +http://www.semrush.com/bot.html)" "mantech8.com"
