185.191.171.20 - - [02/Mar/2023:04:44:16 -0800] "GET /index.php?camp-fire%2F29166166.html HTTP/1.1" 500 - "-" "Mozilla/5.0 (compatible; SemrushBot/7~bl; +http://www.semrush.com/bot.html)" "mantech8.com"
157.55.39.253 - - [02/Mar/2023:04:44:17 -0800] "GET /index.php/mkjw-a6bb-byjpn.ii HTTP/1.1" 500 - "-" "Mozilla/5.0 AppleWebKit/537.36 (KHTML, like Gecko; compatible; bingbot/2.0; +http://www.bing.com/bingbot.htm) Chrome/103.0.5060.134 Safari/537.36" "mantech8.com"
52.167.144.96 - - [02/Mar/2023:04:44:22 -0800] "GET /index.php/f33bfedff HTTP/1.1" 500 - "-" "Mozilla/5.0 AppleWebKit/537.36 (KHTML, like Gecko; compatible; bingbot/2.0; +http://www.bing.com/bingbot.htm) Chrome/103.0.5060.134 Safari/537.36" "mantech8.com"
185.191.171.15 - - [02/Mar/2023:04:44:30 -0800] "GET /index.php/camp-fire/11585209.html HTTP/1.1" 500 - "-" "Mozilla/5.0 (compatible; SemrushBot/7~bl; +http://www.semrush.com/bot.html)" "mantech8.com"
185.191.171.7 - - [02/Mar/2023:04:44:47 -0800] "GET /index.php/camp-fire/17268326.html HTTP/1.1" 500 - "-" "Mozilla/5.0 (compatible; SemrushBot/7~bl; +http://www.semrush.com/bot.html)" "mantech8.com"
185.191.171.5 - - [02/Mar/2023:04:44:54 -0800] "GET /index.php/camp-fire/1228629.html HTTP/1.1" 500 - "-" "Mozilla/5.0 (compatible; SemrushBot/7~bl; +http://www.semrush.com/bot.html)" "mantech8.com"
185.191.171.33 - - [02/Mar/2023:04:45:19 -0800] "GET /index.php?camp-fire%2F10850657.html HTTP/1.1" 500 - "-" "Mozilla/5.0 (compatible; SemrushBot/7~bl; +http://www.semrush.com/bot.html)" "mantech8.com"
157.55.39.218 - - [02/Mar/2023:04:45:24 -0800] "GET /index.php/10be HTTP/1.1" 500 - "-" "Mozilla/5.0 AppleWebKit/537.36 (KHTML, like Gecko; compatible; bingbot/2.0; +http://www.bing.com/bingbot.htm) Chrome/103.0.5060.134 Safari/537.36" "mantech8.com"
185.191.171.26 - - [02/Mar/2023:04:45:38 -0800] "GET /index.php/camp-fire/28624089.html HTTP/1.1" 500 - "-" "Mozilla/5.0 (compatible; SemrushBot/7~bl; +http://www.semrush.com/bot.html)" "mantech8.com"
185.191.171.20 - - [02/Mar/2023:04:45:41 -0800] "GET /index.php?camp-fire%2F28601489.html HTTP/1.1" 500 - "-" "Mozilla/5.0 (compatible; SemrushBot/7~bl; +http://www.semrush.com/bot.html)" "mantech8.com"
185.191.171.6 - - [02/Mar/2023:04:46:00 -0800] "GET /index.php/camp-fire/41392671.html HTTP/1.1" 500 - "-" "Mozilla/5.0 (compatible; SemrushBot/7~bl; +http://www.semrush.com/bot.html)" "mantech8.com"
185.191.171.36 - - [02/Mar/2023:04:46:04 -0800] "GET /index.php/camp-fire/10390590.html HTTP/1.1" 500 - "-" "Mozilla/5.0 (compatible; SemrushBot/7~bl; +http://www.semrush.com/bot.html)" "mantech8.com"
185.191.171.21 - - [02/Mar/2023:04:46:10 -0800] "GET /index.php?camp-fire%2F82967598.html HTTP/1.1" 500 - "-" "Mozilla/5.0 (compatible; SemrushBot/7~bl; +http://www.semrush.com/bot.html)" "mantech8.com"
52.167.144.84 - - [02/Mar/2023:04:46:36 -0800] "GET /index.php/nwtf-48cffbeee-4q7pm.ii HTTP/1.1" 500 - "-" "Mozilla/5.0 AppleWebKit/537.36 (KHTML, like Gecko; compatible; bingbot/2.0; +http://www.bing.com/bingbot.htm) Chrome/103.0.5060.134 Safari/537.36" "mantech8.com"
185.191.171.19 - - [02/Mar/2023:04:46:54 -0800] "GET /index.php/camp-fire/23082746.html HTTP/1.1" 500 - "-" "Mozilla/5.0 (compatible; SemrushBot/7~bl; +http://www.semrush.com/bot.html)" "mantech8.com"
185.191.171.36 - - [02/Mar/2023:04:47:16 -0800] "GET /index.php/camp-fire/32675833.html HTTP/1.1" 500 - "-" "Mozilla/5.0 (compatible; SemrushBot/7~bl; +http://www.semrush.com/bot.html)" "mantech8.com"
185.191.171.45 - - [02/Mar/2023:04:47:22 -0800] "GET /index.php/camp-fire/33619359.html HTTP/1.1" 500 - "-" "Mozilla/5.0 (compatible; SemrushBot/7~bl; +http://www.semrush.com/bot.html)" "mantech8.com"
40.77.167.240 - - [02/Mar/2023:04:47:55 -0800] "GET /index.php/204f9cfe HTTP/1.1" 500 - "-" "Mozilla/5.0 AppleWebKit/537.36 (KHTML, like Gecko; compatible; bingbot/2.0; +http://www.bing.com/bingbot.htm) Chrome/103.0.5060.134 Safari/537.36" "mantech8.com"
52.167.144.175 - - [02/Mar/2023:04:48:18 -0800] "GET /index.php?c=product&a=type&tid=77 HTTP/1.1" 500 - "-" "Mozilla/5.0 AppleWebKit/537.36 (KHTML, like Gecko; compatible; bingbot/2.0; +http://www.bing.com/bingbot.htm) Chrome/103.0.5060.134 Safari/537.36" "www.mantech8.com"
185.191.171.1 - - [02/Mar/2023:04:48:26 -0800] "GET /index.php?camp-fire%2F38835917.html HTTP/1.1" 500 - "-" "Mozilla/5.0 (compatible; SemrushBot/7~bl; +http://www.semrush.com/bot.html)" "mantech8.com"
185.191.171.20 - - [02/Mar/2023:04:48:31 -0800] "GET /index.php?camp-fire%2F8131278.html HTTP/1.1" 500 - "-" "Mozilla/5.0 (compatible; SemrushBot/7~bl; +http://www.semrush.com/bot.html)" "mantech8.com"
185.191.171.41 - - [02/Mar/2023:04:48:33 -0800] "GET /index.php?camp-fire%2F35921747.html HTTP/1.1" 500 - "-" "Mozilla/5.0 (compatible; SemrushBot/7~bl; +http://www.semrush.com/bot.html)" "mantech8.com"
185.191.171.44 - - [02/Mar/2023:04:48:34 -0800] "GET /index.php?camp-fire%2F33450493.html HTTP/1.1" 500 - "-" "Mozilla/5.0 (compatible; SemrushBot/7~bl; +http://www.semrush.com/bot.html)" "mantech8.com"
114.119.130.40 - - [02/Mar/2023:04:48:51 -0800] "GET /bimages/headg/thump/?C=N%3BO%3DD HTTP/1.1" 200 484 "http://www.mantech8.com/bimages/headg/thump/" "Mozilla/5.0 (Linux; Android 7.0;) AppleWebKit/537.36 (KHTML, like Gecko) Mobile Safari/537.36 (compatible; PetalBot;+https://webmaster.petalsearch.com/site/petalbot)" "www.mantech8.com"
185.191.171.45 - - [02/Mar/2023:04:49:16 -0800] "GET /index.php/camp-fire/40320317.html HTTP/1.1" 500 - "-" "Mozilla/5.0 (compatible; SemrushBot/7~bl; +http://www.semrush.com/bot.html)" "mantech8.com"
185.191.171.22 - - [02/Mar/2023:04:49:29 -0800] "GET /index.php?camp-fire%2F56581859.html HTTP/1.1" 500 - "-" "Mozilla/5.0 (compatible; SemrushBot/7~bl; +http://www.semrush.com/bot.html)" "mantech8.com"
185.191.171.45 - - [02/Mar/2023:04:49:39 -0800] "GET /index.php/camp-fire/27761280.html HTTP/1.1" 500 - "-" "Mozilla/5.0 (compatible; SemrushBot/7~bl; +http://www.semrush.com/bot.html)" "mantech8.com"
185.191.171.35 - - [02/Mar/2023:04:49:43 -0800] "GET /index.php?camp-fire%2F27321097.html HTTP/1.1" 500 - "-" "Mozilla/5.0 (compatible; SemrushBot/7~bl; +http://www.semrush.com/bot.html)" "mantech8.com"
185.191.171.14 - - [02/Mar/2023:04:49:45 -0800] "GET /index.php/camp-fire/11963776.html HTTP/1.1" 500 - "-" "Mozilla/5.0 (compatible; SemrushBot/7~bl; +http://www.semrush.com/bot.html)" "mantech8.com"
185.191.171.42 - - [02/Mar/2023:04:49:47 -0800] "GET /index.php/camp-fire/35014025.html HTTP/1.1" 500 - "-" "Mozilla/5.0 (compatible; SemrushBot/7~bl; +http://www.semrush.com/bot.html)" "mantech8.com"
185.191.171.34 - - [02/Mar/2023:04:50:19 -0800] "GET /index.php/camp-fire/10546657.html HTTP/1.1" 500 - "-" "Mozilla/5.0 (compatible; SemrushBot/7~bl; +http://www.semrush.com/bot.html)" "mantech8.com"
185.191.171.41 - - [02/Mar/2023:04:50:45 -0800] "GET /index.php?camp-fire%2F55519071.html HTTP/1.1" 500 - "-" "Mozilla/5.0 (compatible; SemrushBot/7~bl; +http://www.semrush.com/bot.html)" "mantech8.com"
185.191.171.36 - - [02/Mar/2023:04:50:59 -0800] "GET /index.php?camp-fire%2F31540955.html HTTP/1.1" 500 - "-" "Mozilla/5.0 (compatible; SemrushBot/7~bl; +http://www.semrush.com/bot.html)" "mantech8.com"
185.191.171.38 - - [02/Mar/2023:04:51:30 -0800] "GET /index.php/camp-fire/3887574.html HTTP/1.1" 500 - "-" "Mozilla/5.0 (compatible; SemrushBot/7~bl; +http://www.semrush.com/bot.html)" "mantech8.com"
185.191.171.38 - - [02/Mar/2023:04:51:46 -0800] "GET /index.php/camp-fire/24057659.html HTTP/1.1" 500 - "-" "Mozilla/5.0 (compatible; SemrushBot/7~bl; +http://www.semrush.com/bot.html)" "mantech8.com"
185.191.171.37 - - [02/Mar/2023:04:52:09 -0800] "GET /index.php/camp-fire/17954265.html HTTP/1.1" 500 - "-" "Mozilla/5.0 (compatible; SemrushBot/7~bl; +http://www.semrush.com/bot.html)" "mantech8.com"
185.191.171.45 - - [02/Mar/2023:04:52:20 -0800] "GET /index.php/camp-fire/14711277.html HTTP/1.1" 500 - "-" "Mozilla/5.0 (compatible; SemrushBot/7~bl; +http://www.semrush.com/bot.html)" "mantech8.com"
185.191.171.13 - - [02/Mar/2023:04:52:46 -0800] "GET /index.php?camp-fire%2F16546965.html HTTP/1.1" 500 - "-" "Mozilla/5.0 (compatible; SemrushBot/7~bl; +http://www.semrush.com/bot.html)" "mantech8.com"
185.191.171.37 - - [02/Mar/2023:04:52:58 -0800] "GET /index.php?camp-fire%2F27943447.html HTTP/1.1" 500 - "-" "Mozilla/5.0 (compatible; SemrushBot/7~bl; +http://www.semrush.com/bot.html)" "mantech8.com"
185.191.171.41 - - [02/Mar/2023:04:53:09 -0800] "GET /index.php?camp-fire%2F17547427.html HTTP/1.1" 500 - "-" "Mozilla/5.0 (compatible; SemrushBot/7~bl; +http://www.semrush.com/bot.html)" "mantech8.com"
185.191.171.7 - - [02/Mar/2023:04:53:23 -0800] "GET /index.php?camp-fire%2F33646068.html HTTP/1.1" 500 - "-" "Mozilla/5.0 (compatible; SemrushBot/7~bl; +http://www.semrush.com/bot.html)" "mantech8.com"
185.191.171.6 - - [02/Mar/2023:04:53:36 -0800] "GET /index.php/camp-fire/51969403.html HTTP/1.1" 500 - "-" "Mozilla/5.0 (compatible; SemrushBot/7~bl; +http://www.semrush.com/bot.html)" "mantech8.com"
185.191.171.13 - - [02/Mar/2023:04:53:39 -0800] "GET /index.php?camp-fire%2F27827471.html HTTP/1.1" 500 - "-" "Mozilla/5.0 (compatible; SemrushBot/7~bl; +http://www.semrush.com/bot.html)" "mantech8.com"
185.191.171.35 - - [02/Mar/2023:04:54:03 -0800] "GET /index.php/camp-fire/15198484.html HTTP/1.1" 500 - "-" "Mozilla/5.0 (compatible; SemrushBot/7~bl; +http://www.semrush.com/bot.html)" "mantech8.com"
185.191.171.44 - - [02/Mar/2023:04:54:20 -0800] "GET /index.php?camp-fire%2F11456609.html HTTP/1.1" 500 - "-" "Mozilla/5.0 (compatible; SemrushBot/7~bl; +http://www.semrush.com/bot.html)" "mantech8.com"
40.77.167.240 - - [02/Mar/2023:04:54:27 -0800] "GET / HTTP/1.1" 500 - "-" "Mozilla/5.0 AppleWebKit/537.36 (KHTML, like Gecko; compatible; bingbot/2.0; +http://www.bing.com/bingbot.htm) Chrome/103.0.5060.134 Safari/537.36" "www.mantech8.com"
185.191.171.8 - - [02/Mar/2023:04:54:36 -0800] "GET /index.php/camp-fire/27961670.html HTTP/1.1" 500 - "-" "Mozilla/5.0 (compatible; SemrushBot/7~bl; +http://www.semrush.com/bot.html)" "mantech8.com"
185.191.171.16 - - [02/Mar/2023:04:54:41 -0800] "GET /index.php/camp-fire/18490381.html HTTP/1.1" 500 - "-" "Mozilla/5.0 (compatible; SemrushBot/7~bl; +http://www.semrush.com/bot.html)" "mantech8.com"
185.191.171.2 - - [02/Mar/2023:04:54:45 -0800] "GET /index.php/camp-fire/17431065.html HTTP/1.1" 500 - "-" "Mozilla/5.0 (compatible; SemrushBot/7~bl; +http://www.semrush.com/bot.html)" "mantech8.com"
114.119.159.56 - - [02/Mar/2023:04:54:53 -0800] "GET /bimages/certificate/ HTTP/1.1" 200 651 "http://www.mantech8.com/bimages/certificate/thump/?C=S%3BO%3DA" "Mozilla/5.0 (Linux; Android 7.0;) AppleWebKit/537.36 (KHTML, like Gecko) Mobile Safari/537.36 (compatible; PetalBot;+https://webmaster.petalsearch.com/site/petalbot)" "www.mantech8.com"
185.191.171.38 - - [02/Mar/2023:04:55:09 -0800] "GET /index.php?camp-fire%2F54394076.html HTTP/1.1" 500 - "-" "Mozilla/5.0 (compatible; SemrushBot/7~bl; +http://www.semrush.com/bot.html)" "mantech8.com"
185.191.171.10 - - [02/Mar/2023:04:55:37 -0800] "GET /index.php?camp-fire%2F32482078.html HTTP/1.1" 500 - "-" "Mozilla/5.0 (compatible; SemrushBot/7~bl; +http://www.semrush.com/bot.html)" "mantech8.com"
157.55.39.218 - - [02/Mar/2023:04:55:55 -0800] "GET /index.php/voot-1d3eddaca-oev1h.ii HTTP/1.1" 500 - "-" "Mozilla/5.0 AppleWebKit/537.36 (KHTML, like Gecko; compatible; bingbot/2.0; +http://www.bing.com/bingbot.htm) Chrome/103.0.5060.134 Safari/537.36" "mantech8.com"
185.191.171.3 - - [02/Mar/2023:04:56:02 -0800] "GET /index.php?camp-fire%2F17690265.html HTTP/1.1" 500 - "-" "Mozilla/5.0 (compatible; SemrushBot/7~bl; +http://www.semrush.com/bot.html)" "mantech8.com"
185.191.171.37 - - [02/Mar/2023:04:56:10 -0800] "GET /index.php?camp-fire%2F38230732.html HTTP/1.1" 500 - "-" "Mozilla/5.0 (compatible; SemrushBot/7~bl; +http://www.semrush.com/bot.html)" "mantech8.com"
185.191.171.8 - - [02/Mar/2023:04:56:21 -0800] "GET /index.php/camp-fire/9565953.html HTTP/1.1" 500 - "-" "Mozilla/5.0 (compatible; SemrushBot/7~bl; +http://www.semrush.com/bot.html)" "mantech8.com"
185.191.171.23 - - [02/Mar/2023:04:56:29 -0800] "GET /index.php/camp-fire/28845166.html HTTP/1.1" 500 - "-" "Mozilla/5.0 (compatible; SemrushBot/7~bl; +http://www.semrush.com/bot.html)" "mantech8.com"
52.167.144.84 - - [02/Mar/2023:04:57:08 -0800] "GET / HTTP/1.1" 500 - "-" "Mozilla/5.0 AppleWebKit/537.36 (KHTML, like Gecko; compatible; bingbot/2.0; +http://www.bing.com/bingbot.htm) Chrome/103.0.5060.134 Safari/537.36" "www.mantech8.com"
185.191.171.26 - - [02/Mar/2023:04:57:17 -0800] "GET /index.php/camp-fire/2239872.html HTTP/1.1" 500 - "-" "Mozilla/5.0 (compatible; SemrushBot/7~bl; +http://www.semrush.com/bot.html)" "mantech8.com"
52.167.144.175 - - [02/Mar/2023:04:57:19 -0800] "GET /?/?news/274 HTTP/1.1" 500 - "-" "Mozilla/5.0 AppleWebKit/537.36 (KHTML, like Gecko; compatible; bingbot/2.0; +http://www.bing.com/bingbot.htm) Chrome/103.0.5060.134 Safari/537.36" "mantech8.com"
185.191.171.3 - - [02/Mar/2023:04:57:24 -0800] "GET /index.php/camp-fire/34838383.html HTTP/1.1" 500 - "-" "Mozilla/5.0 (compatible; SemrushBot/7~bl; +http://www.semrush.com/bot.html)" "mantech8.com"
185.191.171.7 - - [02/Mar/2023:04:57:32 -0800] "GET /index.php?camp-fire%2F26912976.html HTTP/1.1" 500 - "-" "Mozilla/5.0 (compatible; SemrushBot/7~bl; +http://www.semrush.com/bot.html)" "mantech8.com"
207.46.13.210 - - [02/Mar/2023:04:57:34 -0800] "GET /index.php/zsuz-50cce-soeok.ii HTTP/1.1" 500 - "-" "Mozilla/5.0 AppleWebKit/537.36 (KHTML, like Gecko; compatible; bingbot/2.0; +http://www.bing.com/bingbot.htm) Chrome/103.0.5060.134 Safari/537.36" "mantech8.com"
185.191.171.17 - - [02/Mar/2023:04:57:39 -0800] "GET /index.php?camp-fire%2F28089171.html HTTP/1.1" 500 - "-" "Mozilla/5.0 (compatible; SemrushBot/7~bl; +http://www.semrush.com/bot.html)" "mantech8.com"
185.191.171.8 - - [02/Mar/2023:04:57:50 -0800] "GET /index.php?camp-fire%2F35335651.html HTTP/1.1" 500 - "-" "Mozilla/5.0 (compatible; SemrushBot/7~bl; +http://www.semrush.com/bot.html)" "mantech8.com"
40.77.167.240 - - [02/Mar/2023:04:57:57 -0800] "GET /index.php/kjz2-f1e1acacf-haby7.ii HTTP/1.1" 500 - "-" "Mozilla/5.0 AppleWebKit/537.36 (KHTML, like Gecko; compatible; bingbot/2.0; +http://www.bing.com/bingbot.htm) Chrome/103.0.5060.134 Safari/537.36" "mantech8.com"
185.191.171.7 - - [02/Mar/2023:04:58:02 -0800] "GET /index.php/camp-fire/11476709.html HTTP/1.1" 500 - "-" "Mozilla/5.0 (compatible; SemrushBot/7~bl; +http://www.semrush.com/bot.html)" "mantech8.com"
157.55.39.218 - - [02/Mar/2023:04:58:03 -0800] "GET /index.php/GI84-d3099aba-SEMwL.Ii HTTP/1.1" 500 - "-" "Mozilla/5.0 AppleWebKit/537.36 (KHTML, like Gecko; compatible; bingbot/2.0; +http://www.bing.com/bingbot.htm) Chrome/103.0.5060.134 Safari/537.36" "www.mantech8.com"
185.191.171.3 - - [02/Mar/2023:04:58:05 -0800] "GET /index.php?camp-fire%2F10166690.html HTTP/1.1" 500 - "-" "Mozilla/5.0 (compatible; SemrushBot/7~bl; +http://www.semrush.com/bot.html)" "mantech8.com"
185.191.171.6 - - [02/Mar/2023:04:58:21 -0800] "GET /index.php?camp-fire%2F35897338.html HTTP/1.1" 500 - "-" "Mozilla/5.0 (compatible; SemrushBot/7~bl; +http://www.semrush.com/bot.html)" "mantech8.com"
185.191.171.19 - - [02/Mar/2023:04:59:17 -0800] "GET /index.php/camp-fire/34193359.html HTTP/1.1" 500 - "-" "Mozilla/5.0 (compatible; SemrushBot/7~bl; +http://www.semrush.com/bot.html)" "mantech8.com"
185.191.171.6 - - [02/Mar/2023:04:59:19 -0800] "GET /index.php/camp-fire/51737703.html HTTP/1.1" 500 - "-" "Mozilla/5.0 (compatible; SemrushBot/7~bl; +http://www.semrush.com/bot.html)" "mantech8.com"
52.167.144.96 - - [02/Mar/2023:04:59:29 -0800] "GET /index.php/7eefafce HTTP/1.1" 500 - "-" "Mozilla/5.0 AppleWebKit/537.36 (KHTML, like Gecko; compatible; bingbot/2.0; +http://www.bing.com/bingbot.htm) Chrome/103.0.5060.134 Safari/537.36" "mantech8.com"
185.191.171.42 - - [02/Mar/2023:04:59:44 -0800] "GET /index.php/camp-fire/1931451.html HTTP/1.1" 500 - "-" "Mozilla/5.0 (compatible; SemrushBot/7~bl; +http://www.semrush.com/bot.html)" "mantech8.com"
207.46.13.210 - - [02/Mar/2023:04:59:59 -0800] "GET /index.php/o6yj-c5ede-pm5ee.ii HTTP/1.1" 500 - "-" "Mozilla/5.0 AppleWebKit/537.36 (KHTML, like Gecko; compatible; bingbot/2.0; +http://www.bing.com/bingbot.htm) Chrome/103.0.5060.134 Safari/537.36" "mantech8.com"
185.191.171.40 - - [02/Mar/2023:05:00:09 -0800] "GET /index.php/camp-fire/28139509.html HTTP/1.1" 500 - "-" "Mozilla/5.0 (compatible; SemrushBot/7~bl; +http://www.semrush.com/bot.html)" "mantech8.com"
185.191.171.39 - - [02/Mar/2023:05:00:52 -0800] "GET /index.php?camp-fire%2F18787880.html HTTP/1.1" 500 - "-" "Mozilla/5.0 (compatible; SemrushBot/7~bl; +http://www.semrush.com/bot.html)" "mantech8.com"
114.119.147.152 - - [02/Mar/2023:05:00:53 -0800] "GET /index.php?sitemap48.xml HTTP/1.1" 500 - "-" "Mozilla/5.0 (Linux; Android 7.0;) AppleWebKit/537.36 (KHTML, like Gecko) Mobile Safari/537.36 (compatible; PetalBot;+https://webmaster.petalsearch.com/site/petalbot)" "mantech8.com"
185.191.171.44 - - [02/Mar/2023:05:00:56 -0800] "GET /index.php/camp-fire/37004450.html HTTP/1.1" 500 - "-" "Mozilla/5.0 (compatible; SemrushBot/7~bl; +http://www.semrush.com/bot.html)" "mantech8.com"
185.191.171.44 - - [02/Mar/2023:05:01:10 -0800] "GET /index.php?camp-fire%2F27108663.html HTTP/1.1" 500 - "-" "Mozilla/5.0 (compatible; SemrushBot/7~bl; +http://www.semrush.com/bot.html)" "mantech8.com"
52.167.144.84 - - [02/Mar/2023:05:01:17 -0800] "GET /index.php/egy1-7053aadffb-vsaib.ii HTTP/1.1" 500 - "-" "Mozilla/5.0 AppleWebKit/537.36 (KHTML, like Gecko; compatible; bingbot/2.0; +http://www.bing.com/bingbot.htm) Chrome/103.0.5060.134 Safari/537.36" "mantech8.com"
185.191.171.19 - - [02/Mar/2023:05:01:37 -0800] "GET /index.php?camp-fire%2F66162972.html HTTP/1.1" 500 - "-" "Mozilla/5.0 (compatible; SemrushBot/7~bl; +http://www.semrush.com/bot.html)" "mantech8.com"
157.55.39.218 - - [02/Mar/2023:05:02:07 -0800] "GET /index.php/Mcko-2f0befde-Vt7Ee.Ii HTTP/1.1" 500 - "-" "Mozilla/5.0 AppleWebKit/537.36 (KHTML, like Gecko; compatible; bingbot/2.0; +http://www.bing.com/bingbot.htm) Chrome/103.0.5060.134 Safari/537.36" "www.mantech8.com"
185.191.171.13 - - [02/Mar/2023:05:02:11 -0800] "GET /index.php/camp-fire/40016276.html HTTP/1.1" 500 - "-" "Mozilla/5.0 (compatible; SemrushBot/7~bl; +http://www.semrush.com/bot.html)" "mantech8.com"
40.77.167.240 - - [02/Mar/2023:05:02:17 -0800] "GET /index.php/37eb HTTP/1.1" 500 - "-" "Mozilla/5.0 AppleWebKit/537.36 (KHTML, like Gecko; compatible; bingbot/2.0; +http://www.bing.com/bingbot.htm) Chrome/103.0.5060.134 Safari/537.36" "mantech8.com"
185.191.171.22 - - [02/Mar/2023:05:02:23 -0800] "GET /index.php?camp-fire%2F62449257.html HTTP/1.1" 500 - "-" "Mozilla/5.0 (compatible; SemrushBot/7~bl; +http://www.semrush.com/bot.html)" "mantech8.com"
185.191.171.39 - - [02/Mar/2023:05:02:25 -0800] "GET /index.php?camp-fire%2F38845817.html HTTP/1.1" 500 - "-" "Mozilla/5.0 (compatible; SemrushBot/7~bl; +http://www.semrush.com/bot.html)" "mantech8.com"
185.191.171.6 - - [02/Mar/2023:05:02:29 -0800] "GET /index.php?camp-fire%2F33656130.html HTTP/1.1" 500 - "-" "Mozilla/5.0 (compatible; SemrushBot/7~bl; +http://www.semrush.com/bot.html)" "mantech8.com"
185.191.171.15 - - [02/Mar/2023:05:02:33 -0800] "GET /index.php/camp-fire/11403396.html HTTP/1.1" 500 - "-" "Mozilla/5.0 (compatible; SemrushBot/7~bl; +http://www.semrush.com/bot.html)" "mantech8.com"
185.191.171.26 - - [02/Mar/2023:05:02:35 -0800] "GET /index.php?camp-fire%2F55457268.html HTTP/1.1" 500 - "-" "Mozilla/5.0 (compatible; SemrushBot/7~bl; +http://www.semrush.com/bot.html)" "mantech8.com"
185.191.171.9 - - [02/Mar/2023:05:02:45 -0800] "GET /index.php/camp-fire/14544824.html HTTP/1.1" 500 - "-" "Mozilla/5.0 (compatible; SemrushBot/7~bl; +http://www.semrush.com/bot.html)" "mantech8.com"
216.244.66.241 - - [02/Mar/2023:05:02:49 -0800] "GET /robots.txt HTTP/1.1" 200 68 "-" "Mozilla/5.0 (compatible; DotBot/1.2; +https://opensiteexplorer.org/dotbot; help@moz.com)" "www.mantech8.com"
216.244.66.241 - - [02/Mar/2023:05:02:49 -0800] "GET /robots.txt HTTP/1.1" 200 68 "-" "Mozilla/5.0 (compatible; DotBot/1.2; +https://opensiteexplorer.org/dotbot; help@moz.com)" "mantech8.com"
185.191.171.26 - - [02/Mar/2023:05:02:54 -0800] "GET /index.php?camp-fire%2F31936630.html HTTP/1.1" 500 - "-" "Mozilla/5.0 (compatible; SemrushBot/7~bl; +http://www.semrush.com/bot.html)" "mantech8.com"
185.191.171.2 - - [02/Mar/2023:05:02:59 -0800] "GET /index.php?camp-fire%2F56202796.html HTTP/1.1" 500 - "-" "Mozilla/5.0 (compatible; SemrushBot/7~bl; +http://www.semrush.com/bot.html)" "mantech8.com"
40.77.167.240 - - [02/Mar/2023:05:03:07 -0800] "GET /?/p/cf8gynppi1j/ HTTP/1.1" 500 - "-" "Mozilla/5.0 AppleWebKit/537.36 (KHTML, like Gecko; compatible; bingbot/2.0; +http://www.bing.com/bingbot.htm) Chrome/103.0.5060.134 Safari/537.36" "mantech8.com"
157.55.39.218 - - [02/Mar/2023:05:03:37 -0800] "GET /index.php/e953fcfecb HTTP/1.1" 500 - "-" "Mozilla/5.0 AppleWebKit/537.36 (KHTML, like Gecko; compatible; bingbot/2.0; +http://www.bing.com/bingbot.htm) Chrome/103.0.5060.134 Safari/537.36" "mantech8.com"
52.167.144.96 - - [02/Mar/2023:05:03:41 -0800] "GET /index.php/f98b2daa HTTP/1.1" 500 - "-" "Mozilla/5.0 AppleWebKit/537.36 (KHTML, like Gecko; compatible; bingbot/2.0; +http://www.bing.com/bingbot.htm) Chrome/103.0.5060.134 Safari/537.36" "mantech8.com"
185.191.171.43 - - [02/Mar/2023:05:03:52 -0800] "GET /index.php/camp-fire/20027380.html HTTP/1.1" 500 - "-" "Mozilla/5.0 (compatible; SemrushBot/7~bl; +http://www.semrush.com/bot.html)" "mantech8.com"
185.191.171.35 - - [02/Mar/2023:05:03:59 -0800] "GET /index.php?camp-fire%2F38831217.html HTTP/1.1" 500 - "-" "Mozilla/5.0 (compatible; SemrushBot/7~bl; +http://www.semrush.com/bot.html)" "mantech8.com"
185.191.171.25 - - [02/Mar/2023:05:04:15 -0800] "GET /index.php/camp-fire/1837551.html HTTP/1.1" 500 - "-" "Mozilla/5.0 (compatible; SemrushBot/7~bl; +http://www.semrush.com/bot.html)" "mantech8.com"
185.191.171.6 - - [02/Mar/2023:05:04:39 -0800] "GET /index.php/camp-fire/12343753.html HTTP/1.1" 500 - "-" "Mozilla/5.0 (compatible; SemrushBot/7~bl; +http://www.semrush.com/bot.html)" "mantech8.com"
40.77.167.240 - - [02/Mar/2023:05:04:57 -0800] "GET /index.php/14js-2cced-cbhus.ii HTTP/1.1" 500 - "-" "Mozilla/5.0 AppleWebKit/537.36 (KHTML, like Gecko; compatible; bingbot/2.0; +http://www.bing.com/bingbot.htm) Chrome/103.0.5060.134 Safari/537.36" "mantech8.com"
52.167.144.84 - - [02/Mar/2023:05:05:01 -0800] "GET /index.php/Wf2o-512cdbcf-G5Use.Ii HTTP/1.1" 500 - "-" "Mozilla/5.0 AppleWebKit/537.36 (KHTML, like Gecko; compatible; bingbot/2.0; +http://www.bing.com/bingbot.htm) Chrome/103.0.5060.134 Safari/537.36" "mantech8.com"
185.191.171.14 - - [02/Mar/2023:05:05:09 -0800] "GET /index.php/camp-fire/37081478.html HTTP/1.1" 500 - "-" "Mozilla/5.0 (compatible; SemrushBot/7~bl; +http://www.semrush.com/bot.html)" "mantech8.com"
185.191.171.9 - - [02/Mar/2023:05:05:18 -0800] "GET /index.php?camp-fire%2F55804074.html HTTP/1.1" 500 - "-" "Mozilla/5.0 (compatible; SemrushBot/7~bl; +http://www.semrush.com/bot.html)" "mantech8.com"
52.167.144.96 - - [02/Mar/2023:05:05:29 -0800] "GET /?/archives/749 HTTP/1.1" 500 - "-" "Mozilla/5.0 AppleWebKit/537.36 (KHTML, like Gecko; compatible; bingbot/2.0; +http://www.bing.com/bingbot.htm) Chrome/103.0.5060.134 Safari/537.36" "mantech8.com"
207.46.13.210 - - [02/Mar/2023:05:05:47 -0800] "GET /index.php/23eaec HTTP/1.1" 500 - "-" "Mozilla/5.0 AppleWebKit/537.36 (KHTML, like Gecko; compatible; bingbot/2.0; +http://www.bing.com/bingbot.htm) Chrome/103.0.5060.134 Safari/537.36" "mantech8.com"
185.191.171.7 - - [02/Mar/2023:05:05:59 -0800] "GET /index.php?camp-fire%2F27912559.html HTTP/1.1" 500 - "-" "Mozilla/5.0 (compatible; SemrushBot/7~bl; +http://www.semrush.com/bot.html)" "mantech8.com"
185.191.171.23 - - [02/Mar/2023:05:06:08 -0800] "GET /index.php?camp-fire%2F35036330.html HTTP/1.1" 500 - "-" "Mozilla/5.0 (compatible; SemrushBot/7~bl; +http://www.semrush.com/bot.html)" "mantech8.com"
185.191.171.26 - - [02/Mar/2023:05:06:25 -0800] "GET /index.php?camp-fire%2F29526371.html HTTP/1.1" 500 - "-" "Mozilla/5.0 (compatible; SemrushBot/7~bl; +http://www.semrush.com/bot.html)" "mantech8.com"
40.77.167.240 - - [02/Mar/2023:05:06:27 -0800] "GET /index.php/wf2o-2ed6aafdf-g5chq.ii HTTP/1.1" 500 - "-" "Mozilla/5.0 AppleWebKit/537.36 (KHTML, like Gecko; compatible; bingbot/2.0; +http://www.bing.com/bingbot.htm) Chrome/103.0.5060.134 Safari/537.36" "mantech8.com"
87.249.133.10 - - [02/Mar/2023:05:06:39 -0800] "GET /wp-supports.php?h3ct0r=sec HTTP/1.1" 200 1529 "-" "Mozilla/5.0 (Windows NT 10.0; Win64; x64) AppleWebKit/537.36 (KHTML, like Gecko) Chrome/108.0.0.0 Safari/537.36 Edg/108.0.1462.54" "www.mantech8.com"
87.249.133.10 - - [02/Mar/2023:05:06:52 -0800] "GET /wp-content/languages/wp-widgets.php?h3ct0r=sec HTTP/1.1" 200 1529 "-" "Mozilla/5.0 (Windows NT 10.0; Win64; x64) AppleWebKit/537.36 (KHTML, like Gecko) Chrome/108.0.0.0 Safari/537.36" "www.mantech8.com"
185.191.171.12 - - [02/Mar/2023:05:06:57 -0800] "GET /index.php/camp-fire/3725293.html HTTP/1.1" 500 - "-" "Mozilla/5.0 (compatible; SemrushBot/7~bl; +http://www.semrush.com/bot.html)" "mantech8.com"
185.191.171.14 - - [02/Mar/2023:05:07:02 -0800] "GET /index.php?camp-fire%2F27890659.html HTTP/1.1" 500 - "-" "Mozilla/5.0 (compatible; SemrushBot/7~bl; +http://www.semrush.com/bot.html)" "mantech8.com"
185.191.171.3 - - [02/Mar/2023:05:07:08 -0800] "GET /index.php/camp-fire/25536665.html HTTP/1.1" 500 - "-" "Mozilla/5.0 (compatible; SemrushBot/7~bl; +http://www.semrush.com/bot.html)" "mantech8.com"
114.119.145.88 - - [02/Mar/2023:05:07:12 -0800] "GET /index.php?sitemap46291.xml HTTP/1.1" 500 - "-" "Mozilla/5.0 (Linux; Android 7.0;) AppleWebKit/537.36 (KHTML, like Gecko) Mobile Safari/537.36 (compatible; PetalBot;+https://webmaster.petalsearch.com/site/petalbot)" "mantech8.com"
157.55.39.218 - - [02/Mar/2023:05:07:40 -0800] "GET /?/kata/ HTTP/1.1" 500 - "-" "Mozilla/5.0 AppleWebKit/537.36 (KHTML, like Gecko; compatible; bingbot/2.0; +http://www.bing.com/bingbot.htm) Chrome/103.0.5060.134 Safari/537.36" "mantech8.com"
185.191.171.7 - - [02/Mar/2023:05:07:44 -0800] "GET /index.php?camp-fire%2F36151350.html HTTP/1.1" 500 - "-" "Mozilla/5.0 (compatible; SemrushBot/7~bl; +http://www.semrush.com/bot.html)" "mantech8.com"
185.191.171.15 - - [02/Mar/2023:05:07:46 -0800] "GET /index.php/camp-fire/19261465.html HTTP/1.1" 500 - "-" "Mozilla/5.0 (compatible; SemrushBot/7~bl; +http://www.semrush.com/bot.html)" "mantech8.com"
87.249.133.10 - - [02/Mar/2023:05:07:51 -0800] "GET /wp-activate.php?h3ct0r=sec HTTP/1.1" 200 1530 "-" "Mozilla/5.0 (Windows NT 10.0; Win64; x64; rv:108.0) Gecko/20100101 Firefox/108.0" "www.mantech8.com"
185.191.171.18 - - [02/Mar/2023:05:07:58 -0800] "GET /index.php/camp-fire/17635427.html HTTP/1.1" 500 - "-" "Mozilla/5.0 (compatible; SemrushBot/7~bl; +http://www.semrush.com/bot.html)" "mantech8.com"
40.77.167.240 - - [02/Mar/2023:05:08:07 -0800] "GET /?/?pid=86415965 HTTP/1.1" 500 - "-" "Mozilla/5.0 AppleWebKit/537.36 (KHTML, like Gecko; compatible; bingbot/2.0; +http://www.bing.com/bingbot.htm) Chrome/103.0.5060.134 Safari/537.36" "mantech8.com"
52.167.144.96 - - [02/Mar/2023:05:08:20 -0800] "GET /index.php/cb7aeccc HTTP/1.1" 500 - "-" "Mozilla/5.0 AppleWebKit/537.36 (KHTML, like Gecko; compatible; bingbot/2.0; +http://www.bing.com/bingbot.htm) Chrome/103.0.5060.134 Safari/537.36" "mantech8.com"
185.191.171.2 - - [02/Mar/2023:05:08:21 -0800] "GET /index.php/camp-fire/4830293.html HTTP/1.1" 500 - "-" "Mozilla/5.0 (compatible; SemrushBot/7~bl; +http://www.semrush.com/bot.html)" "mantech8.com"
185.191.171.1 - - [02/Mar/2023:05:08:26 -0800] "GET /index.php?camp-fire%2F33485868.html HTTP/1.1" 500 - "-" "Mozilla/5.0 (compatible; SemrushBot/7~bl; +http://www.semrush.com/bot.html)" "mantech8.com"
185.191.171.10 - - [02/Mar/2023:05:08:39 -0800] "GET /index.php?camp-fire%2F35744650.html HTTP/1.1" 500 - "-" "Mozilla/5.0 (compatible; SemrushBot/7~bl; +http://www.semrush.com/bot.html)" "mantech8.com"
185.191.171.15 - - [02/Mar/2023:05:08:45 -0800] "GET /index.php/camp-fire/34181825.html HTTP/1.1" 500 - "-" "Mozilla/5.0 (compatible; SemrushBot/7~bl; +http://www.semrush.com/bot.html)" "mantech8.com"
185.191.171.18 - - [02/Mar/2023:05:09:10 -0800] "GET /index.php?camp-fire%2F27876109.html HTTP/1.1" 500 - "-" "Mozilla/5.0 (compatible; SemrushBot/7~bl; +http://www.semrush.com/bot.html)" "mantech8.com"
87.249.133.10 - - [02/Mar/2023:05:09:25 -0800] "GET /wp-god.php?66=sec HTTP/1.1" 200 23930 "-" "Mozilla/5.0 (Windows NT 10.0; Win64; x64) AppleWebKit/537.36 (KHTML, like Gecko) Chrome/108.0.0.0 Safari/537.36 Edg/108.0.1462.54" "www.mantech8.com"
185.191.171.15 - - [02/Mar/2023:05:09:28 -0800] "GET /index.php/camp-fire/26998753.html HTTP/1.1" 500 - "-" "Mozilla/5.0 (compatible; SemrushBot/7~bl; +http://www.semrush.com/bot.html)" "mantech8.com"
157.55.39.218 - - [02/Mar/2023:05:09:30 -0800] "GET /index.php/mcko-f6bfca-vtm0v.ii HTTP/1.1" 500 - "-" "Mozilla/5.0 AppleWebKit/537.36 (KHTML, like Gecko; compatible; bingbot/2.0; +http://www.bing.com/bingbot.htm) Chrome/103.0.5060.134 Safari/537.36" "mantech8.com"
185.191.171.24 - - [02/Mar/2023:05:09:36 -0800] "GET /index.php/camp-fire/28560182.html HTTP/1.1" 500 - "-" "Mozilla/5.0 (compatible; SemrushBot/7~bl; +http://www.semrush.com/bot.html)" "mantech8.com"
185.191.171.5 - - [02/Mar/2023:05:09:57 -0800] "GET /index.php/camp-fire/36628659.html HTTP/1.1" 500 - "-" "Mozilla/5.0 (compatible; SemrushBot/7~bl; +http://www.semrush.com/bot.html)" "mantech8.com"
185.191.171.24 - - [02/Mar/2023:05:10:08 -0800] "GET /robots.txt HTTP/1.1" 200 84 "-" "Mozilla/5.0 (compatible; SemrushBot/7~bl; +http://www.semrush.com/bot.html)" "mantech8.com"
185.191.171.11 - - [02/Mar/2023:05:10:08 -0800] "GET /index.php/camp-fire/30532841.html HTTP/1.1" 500 - "-" "Mozilla/5.0 (compatible; SemrushBot/7~bl; +http://www.semrush.com/bot.html)" "mantech8.com"
185.191.171.10 - - [02/Mar/2023:05:10:25 -0800] "GET /index.php?camp-fire%2F39888376.html HTTP/1.1" 500 - "-" "Mozilla/5.0 (compatible; SemrushBot/7~bl; +http://www.semrush.com/bot.html)" "mantech8.com"
52.167.144.84 - - [02/Mar/2023:05:10:29 -0800] "GET /index.php/nwtf-9abfab-3l4fd.ii HTTP/1.1" 500 - "-" "Mozilla/5.0 AppleWebKit/537.36 (KHTML, like Gecko; compatible; bingbot/2.0; +http://www.bing.com/bingbot.htm) Chrome/103.0.5060.134 Safari/537.36" "mantech8.com"
52.167.144.84 - - [02/Mar/2023:05:10:30 -0800] "GET /index.php/e2fcc HTTP/1.1" 500 - "-" "Mozilla/5.0 AppleWebKit/537.36 (KHTML, like Gecko; compatible; bingbot/2.0; +http://www.bing.com/bingbot.htm) Chrome/103.0.5060.134 Safari/537.36" "mantech8.com"
157.55.39.218 - - [02/Mar/2023:05:10:53 -0800] "GET /index.php/mcko-f6bfca-vtm0v.ii HTTP/1.1" 500 - "-" "Mozilla/5.0 AppleWebKit/537.36 (KHTML, like Gecko; compatible; bingbot/2.0; +http://www.bing.com/bingbot.htm) Chrome/103.0.5060.134 Safari/537.36" "mantech8.com"
185.191.171.21 - - [02/Mar/2023:05:10:56 -0800] "GET /index.php?camp-fire%2F29035459.html HTTP/1.1" 500 - "-" "Mozilla/5.0 (compatible; SemrushBot/7~bl; +http://www.semrush.com/bot.html)" "mantech8.com"
185.191.171.12 - - [02/Mar/2023:05:11:07 -0800] "GET /index.php?camp-fire%2F30667141.html HTTP/1.1" 500 - "-" "Mozilla/5.0 (compatible; SemrushBot/7~bl; +http://www.semrush.com/bot.html)" "mantech8.com"
185.191.171.45 - - [02/Mar/2023:05:11:18 -0800] "GET /index.php/camp-fire/34609168.html HTTP/1.1" 500 - "-" "Mozilla/5.0 (compatible; SemrushBot/7~bl; +http://www.semrush.com/bot.html)" "mantech8.com"
17.241.227.242 - - [02/Mar/2023:05:11:21 -0800] "GET /robots.txt HTTP/1.1" 200 84 "-" "Mozilla/5.0 (Macintosh; Intel Mac OS X 10_15_5) AppleWebKit/605.1.15 (KHTML, like Gecko) Version/13.1.1 Safari/605.1.15 (Applebot/0.1; +http://www.apple.com/go/applebot)" "www.mantech8.com"
17.241.227.242 - - [02/Mar/2023:05:11:21 -0800] "GET /contact.php HTTP/1.1" 200 26018 "-" "Mozilla/5.0 (Macintosh; Intel Mac OS X 10_15_5) AppleWebKit/605.1.15 (KHTML, like Gecko) Version/13.1.1 Safari/605.1.15 (Applebot/0.1; +http://www.apple.com/go/applebot)" "www.mantech8.com"
185.191.171.9 - - [02/Mar/2023:05:11:51 -0800] "GET /index.php?camp-fire%2F33666421.html HTTP/1.1" 500 - "-" "Mozilla/5.0 (compatible; SemrushBot/7~bl; +http://www.semrush.com/bot.html)" "mantech8.com"
207.46.13.210 - - [02/Mar/2023:05:11:53 -0800] "GET /index.php/b68edefb HTTP/1.1" 500 - "-" "Mozilla/5.0 AppleWebKit/537.36 (KHTML, like Gecko; compatible; bingbot/2.0; +http://www.bing.com/bingbot.htm) Chrome/103.0.5060.134 Safari/537.36" "mantech8.com"
52.167.144.84 - - [02/Mar/2023:05:11:58 -0800] "GET /?/damoco/ HTTP/1.1" 500 - "-" "Mozilla/5.0 AppleWebKit/537.36 (KHTML, like Gecko; compatible; bingbot/2.0; +http://www.bing.com/bingbot.htm) Chrome/103.0.5060.134 Safari/537.36" "mantech8.com"
185.191.171.18 - - [02/Mar/2023:05:12:03 -0800] "GET /index.php/camp-fire/42226376.html HTTP/1.1" 500 - "-" "Mozilla/5.0 (compatible; SemrushBot/7~bl; +http://www.semrush.com/bot.html)" "mantech8.com"
185.191.171.45 - - [02/Mar/2023:05:12:37 -0800] "GET /index.php/camp-fire/7799042.html HTTP/1.1" 500 - "-" "Mozilla/5.0 (compatible; SemrushBot/7~bl; +http://www.semrush.com/bot.html)" "mantech8.com"
185.191.171.21 - - [02/Mar/2023:05:12:39 -0800] "GET /index.php?camp-fire%2F40505976.html HTTP/1.1" 500 - "-" "Mozilla/5.0 (compatible; SemrushBot/7~bl; +http://www.semrush.com/bot.html)" "mantech8.com"
185.191.171.38 - - [02/Mar/2023:05:12:43 -0800] "GET /index.php/camp-fire/27347647.html HTTP/1.1" 500 - "-" "Mozilla/5.0 (compatible; SemrushBot/7~bl; +http://www.semrush.com/bot.html)" "mantech8.com"
52.167.144.84 - - [02/Mar/2023:05:12:49 -0800] "GET /index.php/c08b6cae HTTP/1.1" 500 - "-" "Mozilla/5.0 AppleWebKit/537.36 (KHTML, like Gecko; compatible; bingbot/2.0; +http://www.bing.com/bingbot.htm) Chrome/103.0.5060.134 Safari/537.36" "mantech8.com"
185.191.171.36 - - [02/Mar/2023:05:12:57 -0800] "GET /index.php?camp-fire%2F33133932.html HTTP/1.1" 500 - "-" "Mozilla/5.0 (compatible; SemrushBot/7~bl; +http://www.semrush.com/bot.html)" "mantech8.com"
185.191.171.26 - - [02/Mar/2023:05:13:03 -0800] "GET /index.php?camp-fire%2F56237234.html HTTP/1.1" 500 - "-" "Mozilla/5.0 (compatible; SemrushBot/7~bl; +http://www.semrush.com/bot.html)" "mantech8.com"
114.119.130.27 - - [02/Mar/2023:05:13:24 -0800] "GET /bimages/hgallery/thump/?C=M%3BO%3DA HTTP/1.1" 200 506 "http://www.mantech8.com/bimages/hgallery/thump/?C=S%3BO%3DA" "Mozilla/5.0 (Linux; Android 7.0;) AppleWebKit/537.36 (KHTML, like Gecko) Mobile Safari/537.36 (compatible; PetalBot;+https://webmaster.petalsearch.com/site/petalbot)" "www.mantech8.com"
185.191.171.35 - - [02/Mar/2023:05:13:54 -0800] "GET /index.php/camp-fire/24288142.html HTTP/1.1" 500 - "-" "Mozilla/5.0 (compatible; SemrushBot/7~bl; +http://www.semrush.com/bot.html)" "mantech8.com"
185.191.171.35 - - [02/Mar/2023:05:14:16 -0800] "GET /index.php/camp-fire/33526764.html HTTP/1.1" 500 - "-" "Mozilla/5.0 (compatible; SemrushBot/7~bl; +http://www.semrush.com/bot.html)" "mantech8.com"
157.55.39.218 - - [02/Mar/2023:05:14:19 -0800] "GET /index.php/wf2o-8e9ffbed-g7jne.ii HTTP/1.1" 500 - "-" "Mozilla/5.0 AppleWebKit/537.36 (KHTML, like Gecko; compatible; bingbot/2.0; +http://www.bing.com/bingbot.htm) Chrome/103.0.5060.134 Safari/537.36" "mantech8.com"
185.191.171.10 - - [02/Mar/2023:05:14:34 -0800] "GET /index.php/camp-fire/14493524.html HTTP/1.1" 500 - "-" "Mozilla/5.0 (compatible; SemrushBot/7~bl; +http://www.semrush.com/bot.html)" "mantech8.com"
185.191.171.19 - - [02/Mar/2023:05:14:56 -0800] "GET /index.php/camp-fire/27651609.html HTTP/1.1" 500 - "-" "Mozilla/5.0 (compatible; SemrushBot/7~bl; +http://www.semrush.com/bot.html)" "mantech8.com"
185.191.171.24 - - [02/Mar/2023:05:15:04 -0800] "GET /index.php/camp-fire/29872696.html HTTP/1.1" 500 - "-" "Mozilla/5.0 (compatible; SemrushBot/7~bl; +http://www.semrush.com/bot.html)" "mantech8.com"
185.191.171.37 - - [02/Mar/2023:05:15:36 -0800] "GET /index.php/camp-fire/35080593.html HTTP/1.1" 500 - "-" "Mozilla/5.0 (compatible; SemrushBot/7~bl; +http://www.semrush.com/bot.html)" "mantech8.com"
185.191.171.19 - - [02/Mar/2023:05:15:37 -0800] "GET /index.php?camp-fire%2F26839608.html HTTP/1.1" 500 - "-" "Mozilla/5.0 (compatible; SemrushBot/7~bl; +http://www.semrush.com/bot.html)" "mantech8.com"
185.191.171.17 - - [02/Mar/2023:05:15:50 -0800] "GET /index.php?camp-fire%2F29956583.html HTTP/1.1" 500 - "-" "Mozilla/5.0 (compatible; SemrushBot/7~bl; +http://www.semrush.com/bot.html)" "mantech8.com"
185.191.171.3 - - [02/Mar/2023:05:16:07 -0800] "GET /index.php?camp-fire%2F15139056.html HTTP/1.1" 500 - "-" "Mozilla/5.0 (compatible; SemrushBot/7~bl; +http://www.semrush.com/bot.html)" "mantech8.com"
185.191.171.23 - - [02/Mar/2023:05:16:29 -0800] "GET /index.php?camp-fire%2F27703871.html HTTP/1.1" 500 - "-" "Mozilla/5.0 (compatible; SemrushBot/7~bl; +http://www.semrush.com/bot.html)" "mantech8.com"
185.191.171.6 - - [02/Mar/2023:05:16:32 -0800] "GET /index.php?camp-fire%2F33737430.html HTTP/1.1" 500 - "-" "Mozilla/5.0 (compatible; SemrushBot/7~bl; +http://www.semrush.com/bot.html)" "mantech8.com"
185.191.171.23 - - [02/Mar/2023:05:16:34 -0800] "GET /index.php?camp-fire%2F30636155.html HTTP/1.1" 500 - "-" "Mozilla/5.0 (compatible; SemrushBot/7~bl; +http://www.semrush.com/bot.html)" "mantech8.com"
185.191.171.11 - - [02/Mar/2023:05:17:00 -0800] "GET /index.php?camp-fire%2F33133616.html HTTP/1.1" 500 - "-" "Mozilla/5.0 (compatible; SemrushBot/7~bl; +http://www.semrush.com/bot.html)" "mantech8.com"
185.191.171.19 - - [02/Mar/2023:05:17:01 -0800] "GET /index.php/camp-fire/1841800.html HTTP/1.1" 500 - "-" "Mozilla/5.0 (compatible; SemrushBot/7~bl; +http://www.semrush.com/bot.html)" "mantech8.com"
185.191.171.5 - - [02/Mar/2023:05:17:09 -0800] "GET /index.php?camp-fire%2F28409170.html HTTP/1.1" 500 - "-" "Mozilla/5.0 (compatible; SemrushBot/7~bl; +http://www.semrush.com/bot.html)" "mantech8.com"
185.191.171.44 - - [02/Mar/2023:05:17:24 -0800] "GET /index.php?camp-fire%2F35789625.html HTTP/1.1" 500 - "-" "Mozilla/5.0 (compatible; SemrushBot/7~bl; +http://www.semrush.com/bot.html)" "mantech8.com"
40.77.167.240 - - [02/Mar/2023:05:17:40 -0800] "GET /index.php/k937-30d9ddfffc-71a02.ii HTTP/1.1" 500 - "-" "Mozilla/5.0 AppleWebKit/537.36 (KHTML, like Gecko; compatible; bingbot/2.0; +http://www.bing.com/bingbot.htm) Chrome/103.0.5060.134 Safari/537.36" "mantech8.com"
185.191.171.6 - - [02/Mar/2023:05:17:45 -0800] "GET /index.php/camp-fire/20219980.html HTTP/1.1" 500 - "-" "Mozilla/5.0 (compatible; SemrushBot/7~bl; +http://www.semrush.com/bot.html)" "mantech8.com"
185.191.171.16 - - [02/Mar/2023:05:17:54 -0800] "GET /index.php/camp-fire/75142400.html HTTP/1.1" 500 - "-" "Mozilla/5.0 (compatible; SemrushBot/7~bl; +http://www.semrush.com/bot.html)" "mantech8.com"
87.249.133.10 - - [02/Mar/2023:05:18:35 -0800] "GET /wp-god.php?66=sec HTTP/1.1" 200 23930 "-" "Mozilla/5.0 (Windows NT 10.0; Win64; x64) AppleWebKit/537.36 (KHTML, like Gecko) Chrome/108.0.0.0 Safari/537.36" "www.mantech8.com"
185.191.171.10 - - [02/Mar/2023:05:18:49 -0800] "GET /index.php/camp-fire/40300050.html HTTP/1.1" 500 - "-" "Mozilla/5.0 (compatible; SemrushBot/7~bl; +http://www.semrush.com/bot.html)" "mantech8.com"
114.119.145.237 - - [02/Mar/2023:05:19:32 -0800] "GET /?sitemap659.xml HTTP/1.1" 500 - "-" "Mozilla/5.0 (Linux; Android 7.0;) AppleWebKit/537.36 (KHTML, like Gecko) Mobile Safari/537.36 (compatible; PetalBot;+https://webmaster.petalsearch.com/site/petalbot)" "mantech8.com"
185.191.171.44 - - [02/Mar/2023:05:19:35 -0800] "GET /index.php?camp-fire%2F40314393.html HTTP/1.1" 500 - "-" "Mozilla/5.0 (compatible; SemrushBot/7~bl; +http://www.semrush.com/bot.html)" "mantech8.com"
185.191.171.41 - - [02/Mar/2023:05:19:37 -0800] "GET /index.php/camp-fire/9185096.html HTTP/1.1" 500 - "-" "Mozilla/5.0 (compatible; SemrushBot/7~bl; +http://www.semrush.com/bot.html)" "mantech8.com"
185.191.171.45 - - [02/Mar/2023:05:19:40 -0800] "GET /index.php?camp-fire%2F32590025.html HTTP/1.1" 500 - "-" "Mozilla/5.0 (compatible; SemrushBot/7~bl; +http://www.semrush.com/bot.html)" "mantech8.com"
185.191.171.43 - - [02/Mar/2023:05:19:54 -0800] "GET /index.php?camp-fire%2F32417855.html HTTP/1.1" 500 - "-" "Mozilla/5.0 (compatible; SemrushBot/7~bl; +http://www.semrush.com/bot.html)" "mantech8.com"
185.191.171.39 - - [02/Mar/2023:05:19:55 -0800] "GET /index.php/camp-fire/34650725.html HTTP/1.1" 500 - "-" "Mozilla/5.0 (compatible; SemrushBot/7~bl; +http://www.semrush.com/bot.html)" "mantech8.com"
185.191.171.36 - - [02/Mar/2023:05:20:11 -0800] "GET /index.php/camp-fire/2390193.html HTTP/1.1" 500 - "-" "Mozilla/5.0 (compatible; SemrushBot/7~bl; +http://www.semrush.com/bot.html)" "mantech8.com"
74.119.144.60 - - [02/Mar/2023:05:20:40 -0800] "GET /contact.php HTTP/1.1" 200 26017 "http://mantech8.com/contact.php" "Mozilla/5.0 (Windows NT 10.0; Win64; x64) AppleWebKit/537.36 (KHTML, like Gecko) Chrome/90.0.4430.85 Safari/537.36 Edg/90.0.818.49" "mantech8.com"
52.167.144.96 - - [02/Mar/2023:05:20:51 -0800] "GET /index.php/fcdba HTTP/1.1" 500 - "-" "Mozilla/5.0 AppleWebKit/537.36 (KHTML, like Gecko; compatible; bingbot/2.0; +http://www.bing.com/bingbot.htm) Chrome/103.0.5060.134 Safari/537.36" "mantech8.com"
185.191.171.45 - - [02/Mar/2023:05:20:56 -0800] "GET /index.php?camp-fire%2F84331460.html HTTP/1.1" 500 - "-" "Mozilla/5.0 (compatible; SemrushBot/7~bl; +http://www.semrush.com/bot.html)" "mantech8.com"
74.119.144.60 - - [02/Mar/2023:05:20:57 -0800] "GET /contact.php HTTP/1.1" 200 26018 "http://mantech8.com/contact.php" "Mozilla/5.0 (Windows NT 10.0; Win64; x64) AppleWebKit/537.36 (KHTML, like Gecko) Chrome/90.0.4430.85 Safari/537.36 Edg/90.0.818.49" "mantech8.com"
185.191.171.21 - - [02/Mar/2023:05:20:59 -0800] "GET /index.php/camp-fire/42607638.html HTTP/1.1" 500 - "-" "Mozilla/5.0 (compatible; SemrushBot/7~bl; +http://www.semrush.com/bot.html)" "mantech8.com"
185.191.171.36 - - [02/Mar/2023:05:21:00 -0800] "GET /index.php/camp-fire/8125478.html HTTP/1.1" 500 - "-" "Mozilla/5.0 (compatible; SemrushBot/7~bl; +http://www.semrush.com/bot.html)" "mantech8.com"
185.191.171.15 - - [02/Mar/2023:05:21:28 -0800] "GET /index.php?camp-fire%2F29220126.html HTTP/1.1" 500 - "-" "Mozilla/5.0 (compatible; SemrushBot/7~bl; +http://www.semrush.com/bot.html)" "mantech8.com"
185.191.171.11 - - [02/Mar/2023:05:21:40 -0800] "GET /index.php/camp-fire/45886972.html HTTP/1.1" 500 - "-" "Mozilla/5.0 (compatible; SemrushBot/7~bl; +http://www.semrush.com/bot.html)" "mantech8.com"
87.249.133.10 - - [02/Mar/2023:05:21:40 -0800] "GET /wp-secure.php HTTP/1.1" 200 28406 "-" "Mozilla/5.0 (Windows NT 10.0; Win64; x64) AppleWebKit/537.36 (KHTML, like Gecko) Chrome/108.0.0.0 Safari/537.36 Edg/108.0.1462.54" "www.mantech8.com"
185.191.171.22 - - [02/Mar/2023:05:21:59 -0800] "GET /index.php/camp-fire/39852902.html HTTP/1.1" 500 - "-" "Mozilla/5.0 (compatible; SemrushBot/7~bl; +http://www.semrush.com/bot.html)" "mantech8.com"
185.191.171.44 - - [02/Mar/2023:05:22:00 -0800] "GET /index.php?camp-fire%2F15921287.html HTTP/1.1" 500 - "-" "Mozilla/5.0 (compatible; SemrushBot/7~bl; +http://www.semrush.com/bot.html)" "mantech8.com"
185.191.171.3 - - [02/Mar/2023:05:22:35 -0800] "GET /index.php/camp-fire/100007641.html HTTP/1.1" 500 - "-" "Mozilla/5.0 (compatible; SemrushBot/7~bl; +http://www.semrush.com/bot.html)" "mantech8.com"
185.191.171.21 - - [02/Mar/2023:05:22:38 -0800] "GET /index.php/camp-fire/8715578.html HTTP/1.1" 500 - "-" "Mozilla/5.0 (compatible; SemrushBot/7~bl; +http://www.semrush.com/bot.html)" "mantech8.com"
185.191.171.18 - - [02/Mar/2023:05:22:43 -0800] "GET /index.php?camp-fire%2F27938159.html HTTP/1.1" 500 - "-" "Mozilla/5.0 (compatible; SemrushBot/7~bl; +http://www.semrush.com/bot.html)" "mantech8.com"
207.46.13.210 - - [02/Mar/2023:05:23:19 -0800] "GET /index.php/pstd-d1e0babffd-is3ev.ii HTTP/1.1" 500 - "-" "Mozilla/5.0 AppleWebKit/537.36 (KHTML, like Gecko; compatible; bingbot/2.0; +http://www.bing.com/bingbot.htm) Chrome/103.0.5060.134 Safari/537.36" "mantech8.com"
185.191.171.7 - - [02/Mar/2023:05:23:27 -0800] "GET /index.php?camp-fire%2F21908617.html HTTP/1.1" 500 - "-" "Mozilla/5.0 (compatible; SemrushBot/7~bl; +http://www.semrush.com/bot.html)" "mantech8.com"
185.191.171.17 - - [02/Mar/2023:05:23:41 -0800] "GET /index.php/camp-fire/36899225.html HTTP/1.1" 500 - "-" "Mozilla/5.0 (compatible; SemrushBot/7~bl; +http://www.semrush.com/bot.html)" "mantech8.com"
185.191.171.33 - - [02/Mar/2023:05:23:46 -0800] "GET /index.php?camp-fire%2F35019725.html HTTP/1.1" 500 - "-" "Mozilla/5.0 (compatible; SemrushBot/7~bl; +http://www.semrush.com/bot.html)" "mantech8.com"
185.191.171.1 - - [02/Mar/2023:05:23:55 -0800] "GET /index.php?camp-fire%2F28554964.html HTTP/1.1" 500 - "-" "Mozilla/5.0 (compatible; SemrushBot/7~bl; +http://www.semrush.com/bot.html)" "mantech8.com"
185.191.171.36 - - [02/Mar/2023:05:23:58 -0800] "GET /index.php?camp-fire%2F21900535.html HTTP/1.1" 500 - "-" "Mozilla/5.0 (compatible; SemrushBot/7~bl; +http://www.semrush.com/bot.html)" "mantech8.com"
52.167.144.96 - - [02/Mar/2023:05:24:01 -0800] "GET /index.php?/gzdt/ HTTP/1.1" 500 - "-" "Mozilla/5.0 AppleWebKit/537.36 (KHTML, like Gecko; compatible; bingbot/2.0; +http://www.bing.com/bingbot.htm) Chrome/103.0.5060.134 Safari/537.36" "www.mantech8.com"
52.167.144.96 - - [02/Mar/2023:05:24:02 -0800] "GET /index.php/egy1-e8dfb-vdafh.ii HTTP/1.1" 500 - "-" "Mozilla/5.0 AppleWebKit/537.36 (KHTML, like Gecko; compatible; bingbot/2.0; +http://www.bing.com/bingbot.htm) Chrome/103.0.5060.134 Safari/537.36" "mantech8.com"
52.167.144.175 - - [02/Mar/2023:05:24:05 -0800] "GET /certificate.php HTTP/1.1" 200 20241 "-" "Mozilla/5.0 AppleWebKit/537.36 (KHTML, like Gecko; compatible; bingbot/2.0; +http://www.bing.com/bingbot.htm) Chrome/103.0.5060.134 Safari/537.36" "www.mantech8.com"
52.167.144.84 - - [02/Mar/2023:05:24:09 -0800] "GET /index.php?c=product&a=type&tid=75 HTTP/1.1" 500 - "-" "Mozilla/5.0 AppleWebKit/537.36 (KHTML, like Gecko; compatible; bingbot/2.0; +http://www.bing.com/bingbot.htm) Chrome/103.0.5060.134 Safari/537.36" "www.mantech8.com"
185.191.171.36 - - [02/Mar/2023:05:24:10 -0800] "GET /index.php/camp-fire/41523771.html HTTP/1.1" 500 - "-" "Mozilla/5.0 (compatible; SemrushBot/7~bl; +http://www.semrush.com/bot.html)" "mantech8.com"
40.77.167.240 - - [02/Mar/2023:05:24:11 -0800] "GET /index.php?/spa/ HTTP/1.1" 500 - "-" "Mozilla/5.0 AppleWebKit/537.36 (KHTML, like Gecko; compatible; bingbot/2.0; +http://www.bing.com/bingbot.htm) Chrome/103.0.5060.134 Safari/537.36" "www.mantech8.com"
40.77.167.240 - - [02/Mar/2023:05:24:11 -0800] "GET /index.php?/extraction/ HTTP/1.1" 500 - "-" "Mozilla/5.0 AppleWebKit/537.36 (KHTML, like Gecko; compatible; bingbot/2.0; +http://www.bing.com/bingbot.htm) Chrome/103.0.5060.134 Safari/537.36" "www.mantech8.com"
52.167.144.84 - - [02/Mar/2023:05:24:19 -0800] "GET /index.php?/2022/07 HTTP/1.1" 500 - "-" "Mozilla/5.0 AppleWebKit/537.36 (KHTML, like Gecko; compatible; bingbot/2.0; +http://www.bing.com/bingbot.htm) Chrome/103.0.5060.134 Safari/537.36" "www.mantech8.com"
157.55.39.218 - - [02/Mar/2023:05:24:25 -0800] "GET /index.php/3lOEa-11ed-nWTf.Ii HTTP/1.1" 500 - "-" "Mozilla/5.0 AppleWebKit/537.36 (KHTML, like Gecko; compatible; bingbot/2.0; +http://www.bing.com/bingbot.htm) Chrome/103.0.5060.134 Safari/537.36" "mantech8.com"
157.55.39.218 - - [02/Mar/2023:05:24:43 -0800] "GET /index.php?/login.html HTTP/1.1" 500 - "-" "Mozilla/5.0 AppleWebKit/537.36 (KHTML, like Gecko; compatible; bingbot/2.0; +http://www.bing.com/bingbot.htm) Chrome/103.0.5060.134 Safari/537.36" "www.mantech8.com"
157.55.39.218 - - [02/Mar/2023:05:24:43 -0800] "GET /index.php?/lifehack04/ HTTP/1.1" 500 - "-" "Mozilla/5.0 AppleWebKit/537.36 (KHTML, like Gecko; compatible; bingbot/2.0; +http://www.bing.com/bingbot.htm) Chrome/103.0.5060.134 Safari/537.36" "www.mantech8.com"
157.55.39.218 - - [02/Mar/2023:05:24:44 -0800] "GET /index.php?/muban/kj/ HTTP/1.1" 500 - "-" "Mozilla/5.0 AppleWebKit/537.36 (KHTML, like Gecko; compatible; bingbot/2.0; +http://www.bing.com/bingbot.htm) Chrome/103.0.5060.134 Safari/537.36" "www.mantech8.com"
157.55.39.218 - - [02/Mar/2023:05:24:44 -0800] "GET /index.php?/result HTTP/1.1" 500 - "-" "Mozilla/5.0 AppleWebKit/537.36 (KHTML, like Gecko; compatible; bingbot/2.0; +http://www.bing.com/bingbot.htm) Chrome/103.0.5060.134 Safari/537.36" "www.mantech8.com"
157.55.39.218 - - [02/Mar/2023:05:24:44 -0800] "GET /index.php?/2021/01 HTTP/1.1" 500 - "-" "Mozilla/5.0 AppleWebKit/537.36 (KHTML, like Gecko; compatible; bingbot/2.0; +http://www.bing.com/bingbot.htm) Chrome/103.0.5060.134 Safari/537.36" "www.mantech8.com"
185.191.171.3 - - [02/Mar/2023:05:24:57 -0800] "GET /index.php?camp-fire%2F30571141.html HTTP/1.1" 500 - "-" "Mozilla/5.0 (compatible; SemrushBot/7~bl; +http://www.semrush.com/bot.html)" "mantech8.com"
185.191.171.21 - - [02/Mar/2023:05:24:59 -0800] "GET /index.php/camp-fire/31892830.html HTTP/1.1" 500 - "-" "Mozilla/5.0 (compatible; SemrushBot/7~bl; +http://www.semrush.com/bot.html)" "mantech8.com"
185.191.171.24 - - [02/Mar/2023:05:25:01 -0800] "GET /index.php/camp-fire/24266250.html HTTP/1.1" 500 - "-" "Mozilla/5.0 (compatible; SemrushBot/7~bl; +http://www.semrush.com/bot.html)" "mantech8.com"
52.167.144.96 - - [02/Mar/2023:05:25:21 -0800] "GET /index.php/80b9baeec HTTP/1.1" 500 - "-" "Mozilla/5.0 AppleWebKit/537.36 (KHTML, like Gecko; compatible; bingbot/2.0; +http://www.bing.com/bingbot.htm) Chrome/103.0.5060.134 Safari/537.36" "mantech8.com"
52.167.144.96 - - [02/Mar/2023:05:25:41 -0800] "GET /?/law HTTP/1.1" 500 - "-" "Mozilla/5.0 AppleWebKit/537.36 (KHTML, like Gecko; compatible; bingbot/2.0; +http://www.bing.com/bingbot.htm) Chrome/103.0.5060.134 Safari/537.36" "mantech8.com"
185.191.171.36 - - [02/Mar/2023:05:25:43 -0800] "GET /index.php/camp-fire/15252672.html HTTP/1.1" 500 - "-" "Mozilla/5.0 (compatible; SemrushBot/7~bl; +http://www.semrush.com/bot.html)" "mantech8.com"
