185.191.171.43 - - [01/Mar/2023:03:45:43 -0800] "GET /index.php/camp-fire/16533665.html HTTP/1.1" 500 - "-" "Mozilla/5.0 (compatible; SemrushBot/7~bl; +http://www.semrush.com/bot.html)" "mantech8.com"
185.191.171.7 - - [01/Mar/2023:03:46:01 -0800] "GET /index.php?camp-fire%2F10375000.html HTTP/1.1" 500 - "-" "Mozilla/5.0 (compatible; SemrushBot/7~bl; +http://www.semrush.com/bot.html)" "mantech8.com"
185.191.171.12 - - [01/Mar/2023:03:46:10 -0800] "GET /index.php/camp-fire/1489559.html HTTP/1.1" 500 - "-" "Mozilla/5.0 (compatible; SemrushBot/7~bl; +http://www.semrush.com/bot.html)" "mantech8.com"
185.191.171.10 - - [01/Mar/2023:03:46:12 -0800] "GET /index.php?camp-fire%2F28449726.html HTTP/1.1" 500 - "-" "Mozilla/5.0 (compatible; SemrushBot/7~bl; +http://www.semrush.com/bot.html)" "mantech8.com"
185.191.171.25 - - [01/Mar/2023:03:46:34 -0800] "GET /index.php/camp-fire/25281733.html HTTP/1.1" 500 - "-" "Mozilla/5.0 (compatible; SemrushBot/7~bl; +http://www.semrush.com/bot.html)" "mantech8.com"
185.191.171.4 - - [01/Mar/2023:03:47:00 -0800] "GET /index.php?camp-fire%2F20997535.html HTTP/1.1" 500 - "-" "Mozilla/5.0 (compatible; SemrushBot/7~bl; +http://www.semrush.com/bot.html)" "mantech8.com"
185.191.171.25 - - [01/Mar/2023:03:47:03 -0800] "GET /index.php?camp-fire%2F30513921.html HTTP/1.1" 500 - "-" "Mozilla/5.0 (compatible; SemrushBot/7~bl; +http://www.semrush.com/bot.html)" "mantech8.com"
185.191.171.25 - - [01/Mar/2023:03:47:37 -0800] "GET /index.php?camp-fire%2F10316683.html HTTP/1.1" 500 - "-" "Mozilla/5.0 (compatible; SemrushBot/7~bl; +http://www.semrush.com/bot.html)" "mantech8.com"
185.191.171.20 - - [01/Mar/2023:03:47:44 -0800] "GET /index.php?camp-fire%2F31846755.html HTTP/1.1" 500 - "-" "Mozilla/5.0 (compatible; SemrushBot/7~bl; +http://www.semrush.com/bot.html)" "mantech8.com"
185.191.171.20 - - [01/Mar/2023:03:48:20 -0800] "GET /index.php/camp-fire/33812208.html HTTP/1.1" 500 - "-" "Mozilla/5.0 (compatible; SemrushBot/7~bl; +http://www.semrush.com/bot.html)" "mantech8.com"
185.191.171.23 - - [01/Mar/2023:03:48:28 -0800] "GET /index.php/camp-fire/28256035.html HTTP/1.1" 500 - "-" "Mozilla/5.0 (compatible; SemrushBot/7~bl; +http://www.semrush.com/bot.html)" "mantech8.com"
185.191.171.25 - - [01/Mar/2023:03:48:58 -0800] "GET /index.php?camp-fire%2F39018717.html HTTP/1.1" 500 - "-" "Mozilla/5.0 (compatible; SemrushBot/7~bl; +http://www.semrush.com/bot.html)" "mantech8.com"
77.75.77.119 - - [01/Mar/2023:03:49:12 -0800] "GET /bimages/bus/ HTTP/1.1" 200 452 "-" "Mozilla/5.0 (compatible; SeznamBot/4.0-RC1; +http://napoveda.seznam.cz/seznambot-intro/)" "www.mantech8.com"
185.191.171.7 - - [01/Mar/2023:03:49:20 -0800] "GET /index.php?camp-fire%2F34207989.html HTTP/1.1" 500 - "-" "Mozilla/5.0 (compatible; SemrushBot/7~bl; +http://www.semrush.com/bot.html)" "mantech8.com"
185.191.171.3 - - [01/Mar/2023:03:49:25 -0800] "GET /index.php?camp-fire%2F32443160.html HTTP/1.1" 500 - "-" "Mozilla/5.0 (compatible; SemrushBot/7~bl; +http://www.semrush.com/bot.html)" "mantech8.com"
185.191.171.26 - - [01/Mar/2023:03:49:27 -0800] "GET /index.php?camp-fire%2F38096072.html HTTP/1.1" 500 - "-" "Mozilla/5.0 (compatible; SemrushBot/7~bl; +http://www.semrush.com/bot.html)" "mantech8.com"
185.191.171.3 - - [01/Mar/2023:03:49:32 -0800] "GET /index.php?camp-fire%2F14860372.html HTTP/1.1" 500 - "-" "Mozilla/5.0 (compatible; SemrushBot/7~bl; +http://www.semrush.com/bot.html)" "mantech8.com"
185.191.171.21 - - [01/Mar/2023:03:49:40 -0800] "GET /index.php?camp-fire%2F25959308.html HTTP/1.1" 500 - "-" "Mozilla/5.0 (compatible; SemrushBot/7~bl; +http://www.semrush.com/bot.html)" "mantech8.com"
52.167.144.70 - - [01/Mar/2023:03:49:45 -0800] "GET /index.php/wf2o-2ed6aafdf-g5chq.ii HTTP/1.1" 500 - "-" "Mozilla/5.0 AppleWebKit/537.36 (KHTML, like Gecko; compatible; bingbot/2.0; +http://www.bing.com/bingbot.htm) Chrome/103.0.5060.134 Safari/537.36" "mantech8.com"
185.191.171.22 - - [01/Mar/2023:03:49:55 -0800] "GET /index.php?camp-fire%2F38461946.html HTTP/1.1" 500 - "-" "Mozilla/5.0 (compatible; SemrushBot/7~bl; +http://www.semrush.com/bot.html)" "mantech8.com"
185.191.171.13 - - [01/Mar/2023:03:50:10 -0800] "GET /index.php/camp-fire/8160878.html HTTP/1.1" 500 - "-" "Mozilla/5.0 (compatible; SemrushBot/7~bl; +http://www.semrush.com/bot.html)" "mantech8.com"
114.119.162.170 - - [01/Mar/2023:03:50:13 -0800] "GET /bimages/pipeg/mini.phP HTTP/1.1" 200 32 "http://www.mantech8.com/bimages/pipeg/" "Mozilla/5.0 (Linux; Android 7.0;) AppleWebKit/537.36 (KHTML, like Gecko) Mobile Safari/537.36 (compatible; PetalBot;+https://webmaster.petalsearch.com/site/petalbot)" "www.mantech8.com"
52.167.144.70 - - [01/Mar/2023:03:50:15 -0800] "GET /index.php/d4de HTTP/1.1" 500 - "-" "Mozilla/5.0 AppleWebKit/537.36 (KHTML, like Gecko; compatible; bingbot/2.0; +http://www.bing.com/bingbot.htm) Chrome/103.0.5060.134 Safari/537.36" "mantech8.com"
185.191.171.16 - - [01/Mar/2023:03:50:23 -0800] "GET /index.php/camp-fire/1278300.html HTTP/1.1" 500 - "-" "Mozilla/5.0 (compatible; SemrushBot/7~bl; +http://www.semrush.com/bot.html)" "mantech8.com"
185.191.171.36 - - [01/Mar/2023:03:50:41 -0800] "GET /index.php/camp-fire/27960671.html HTTP/1.1" 500 - "-" "Mozilla/5.0 (compatible; SemrushBot/7~bl; +http://www.semrush.com/bot.html)" "mantech8.com"
52.167.144.70 - - [01/Mar/2023:03:50:45 -0800] "GET /index.php/14js-2cced-cbhus.ii HTTP/1.1" 500 - "-" "Mozilla/5.0 AppleWebKit/537.36 (KHTML, like Gecko; compatible; bingbot/2.0; +http://www.bing.com/bingbot.htm) Chrome/103.0.5060.134 Safari/537.36" "mantech8.com"
185.191.171.26 - - [01/Mar/2023:03:51:27 -0800] "GET /index.php?camp-fire%2F28787571.html HTTP/1.1" 500 - "-" "Mozilla/5.0 (compatible; SemrushBot/7~bl; +http://www.semrush.com/bot.html)" "mantech8.com"
185.191.171.10 - - [01/Mar/2023:03:51:28 -0800] "GET /index.php?camp-fire%2F28717564.html HTTP/1.1" 500 - "-" "Mozilla/5.0 (compatible; SemrushBot/7~bl; +http://www.semrush.com/bot.html)" "mantech8.com"
185.191.171.44 - - [01/Mar/2023:03:51:33 -0800] "GET /index.php?camp-fire%2F22379846.html HTTP/1.1" 500 - "-" "Mozilla/5.0 (compatible; SemrushBot/7~bl; +http://www.semrush.com/bot.html)" "mantech8.com"
185.191.171.40 - - [01/Mar/2023:03:51:40 -0800] "GET /index.php?camp-fire%2F27571871.html HTTP/1.1" 500 - "-" "Mozilla/5.0 (compatible; SemrushBot/7~bl; +http://www.semrush.com/bot.html)" "mantech8.com"
185.191.171.44 - - [01/Mar/2023:03:52:07 -0800] "GET /index.php/camp-fire/24255450.html HTTP/1.1" 500 - "-" "Mozilla/5.0 (compatible; SemrushBot/7~bl; +http://www.semrush.com/bot.html)" "mantech8.com"
52.167.144.95 - - [01/Mar/2023:03:52:08 -0800] "GET /index.php/eaYH-1eae-RkeyV.Ii HTTP/1.1" 500 - "-" "Mozilla/5.0 AppleWebKit/537.36 (KHTML, like Gecko; compatible; bingbot/2.0; +http://www.bing.com/bingbot.htm) Chrome/103.0.5060.134 Safari/537.36" "www.mantech8.com"
185.191.171.41 - - [01/Mar/2023:03:52:08 -0800] "GET /index.php?camp-fire%2F27465026.html HTTP/1.1" 500 - "-" "Mozilla/5.0 (compatible; SemrushBot/7~bl; +http://www.semrush.com/bot.html)" "mantech8.com"
185.191.171.44 - - [01/Mar/2023:03:52:35 -0800] "GET /index.php?camp-fire%2F24292790.html HTTP/1.1" 500 - "-" "Mozilla/5.0 (compatible; SemrushBot/7~bl; +http://www.semrush.com/bot.html)" "mantech8.com"
40.77.167.195 - - [01/Mar/2023:03:52:40 -0800] "GET /index.php/e2fcc HTTP/1.1" 500 - "-" "Mozilla/5.0 AppleWebKit/537.36 (KHTML, like Gecko; compatible; bingbot/2.0; +http://www.bing.com/bingbot.htm) Chrome/103.0.5060.134 Safari/537.36" "mantech8.com"
40.77.167.195 - - [01/Mar/2023:03:52:41 -0800] "GET /index.php/hFdr-0d4bfaaed-IpHqS.Ii HTTP/1.1" 500 - "-" "Mozilla/5.0 AppleWebKit/537.36 (KHTML, like Gecko; compatible; bingbot/2.0; +http://www.bing.com/bingbot.htm) Chrome/103.0.5060.134 Safari/537.36" "mantech8.com"
185.191.171.11 - - [01/Mar/2023:03:53:01 -0800] "GET /index.php/camp-fire/30413651.html HTTP/1.1" 500 - "-" "Mozilla/5.0 (compatible; SemrushBot/7~bl; +http://www.semrush.com/bot.html)" "mantech8.com"
185.191.171.39 - - [01/Mar/2023:03:53:23 -0800] "GET /index.php?camp-fire%2F30626655.html HTTP/1.1" 500 - "-" "Mozilla/5.0 (compatible; SemrushBot/7~bl; +http://www.semrush.com/bot.html)" "mantech8.com"
185.191.171.40 - - [01/Mar/2023:03:53:28 -0800] "GET /index.php?camp-fire%2F32696663.html HTTP/1.1" 500 - "-" "Mozilla/5.0 (compatible; SemrushBot/7~bl; +http://www.semrush.com/bot.html)" "mantech8.com"
185.191.171.10 - - [01/Mar/2023:03:53:36 -0800] "GET /index.php?camp-fire%2F10593257.html HTTP/1.1" 500 - "-" "Mozilla/5.0 (compatible; SemrushBot/7~bl; +http://www.semrush.com/bot.html)" "mantech8.com"
185.191.171.4 - - [01/Mar/2023:03:53:42 -0800] "GET /index.php?camp-fire%2F29324300.html HTTP/1.1" 500 - "-" "Mozilla/5.0 (compatible; SemrushBot/7~bl; +http://www.semrush.com/bot.html)" "mantech8.com"
185.191.171.40 - - [01/Mar/2023:03:54:11 -0800] "GET /index.php?camp-fire%2F33691908.html HTTP/1.1" 500 - "-" "Mozilla/5.0 (compatible; SemrushBot/7~bl; +http://www.semrush.com/bot.html)" "mantech8.com"
185.191.171.45 - - [01/Mar/2023:03:54:33 -0800] "GET /index.php/camp-fire/10355183.html HTTP/1.1" 500 - "-" "Mozilla/5.0 (compatible; SemrushBot/7~bl; +http://www.semrush.com/bot.html)" "mantech8.com"
185.191.171.11 - - [01/Mar/2023:03:54:39 -0800] "GET /index.php?camp-fire%2F27704209.html HTTP/1.1" 500 - "-" "Mozilla/5.0 (compatible; SemrushBot/7~bl; +http://www.semrush.com/bot.html)" "mantech8.com"
185.191.171.25 - - [01/Mar/2023:03:55:35 -0800] "GET /index.php?camp-fire%2F28232471.html HTTP/1.1" 500 - "-" "Mozilla/5.0 (compatible; SemrushBot/7~bl; +http://www.semrush.com/bot.html)" "mantech8.com"
185.191.171.1 - - [01/Mar/2023:03:55:37 -0800] "GET /index.php/camp-fire/28608589.html HTTP/1.1" 500 - "-" "Mozilla/5.0 (compatible; SemrushBot/7~bl; +http://www.semrush.com/bot.html)" "mantech8.com"
185.191.171.40 - - [01/Mar/2023:03:55:38 -0800] "GET /index.php?camp-fire%2F33637668.html HTTP/1.1" 500 - "-" "Mozilla/5.0 (compatible; SemrushBot/7~bl; +http://www.semrush.com/bot.html)" "mantech8.com"
114.119.133.91 - - [01/Mar/2023:03:55:47 -0800] "GET /bimages/hydrog/thump/ HTTP/1.1" 200 468 "http://www.mantech8.com/bimages/hydrog/?C=S%3BO%3DA" "Mozilla/5.0 (Linux; Android 7.0;) AppleWebKit/537.36 (KHTML, like Gecko) Mobile Safari/537.36 (compatible; PetalBot;+https://webmaster.petalsearch.com/site/petalbot)" "www.mantech8.com"
185.191.171.1 - - [01/Mar/2023:03:55:53 -0800] "GET /index.php/camp-fire/19316483.html HTTP/1.1" 500 - "-" "Mozilla/5.0 (compatible; SemrushBot/7~bl; +http://www.semrush.com/bot.html)" "mantech8.com"
185.191.171.11 - - [01/Mar/2023:03:55:57 -0800] "GET /index.php?camp-fire%2F14746083.html HTTP/1.1" 500 - "-" "Mozilla/5.0 (compatible; SemrushBot/7~bl; +http://www.semrush.com/bot.html)" "mantech8.com"
40.77.167.195 - - [01/Mar/2023:03:56:01 -0800] "GET /gallery.php HTTP/1.1" 200 45868 "-" "Mozilla/5.0 AppleWebKit/537.36 (KHTML, like Gecko; compatible; bingbot/2.0; +http://www.bing.com/bingbot.htm) Chrome/103.0.5060.134 Safari/537.36" "www.mantech8.com"
185.191.171.16 - - [01/Mar/2023:03:56:23 -0800] "GET /index.php?camp-fire%2F32838124.html HTTP/1.1" 500 - "-" "Mozilla/5.0 (compatible; SemrushBot/7~bl; +http://www.semrush.com/bot.html)" "mantech8.com"
185.191.171.23 - - [01/Mar/2023:03:56:29 -0800] "GET /index.php?camp-fire%2F28819466.html HTTP/1.1" 500 - "-" "Mozilla/5.0 (compatible; SemrushBot/7~bl; +http://www.semrush.com/bot.html)" "mantech8.com"
185.191.171.33 - - [01/Mar/2023:03:57:11 -0800] "GET /index.php?camp-fire%2F31652451.html HTTP/1.1" 500 - "-" "Mozilla/5.0 (compatible; SemrushBot/7~bl; +http://www.semrush.com/bot.html)" "mantech8.com"
185.191.171.20 - - [01/Mar/2023:03:57:30 -0800] "GET /index.php?camp-fire%2F32405860.html HTTP/1.1" 500 - "-" "Mozilla/5.0 (compatible; SemrushBot/7~bl; +http://www.semrush.com/bot.html)" "mantech8.com"
185.191.171.26 - - [01/Mar/2023:03:57:31 -0800] "GET /index.php?camp-fire%2F32570925.html HTTP/1.1" 500 - "-" "Mozilla/5.0 (compatible; SemrushBot/7~bl; +http://www.semrush.com/bot.html)" "mantech8.com"
185.191.171.23 - - [01/Mar/2023:03:57:52 -0800] "GET /index.php?camp-fire%2F33621859.html HTTP/1.1" 500 - "-" "Mozilla/5.0 (compatible; SemrushBot/7~bl; +http://www.semrush.com/bot.html)" "mantech8.com"
40.77.167.211 - - [01/Mar/2023:03:57:58 -0800] "GET /index.php/b68edefb HTTP/1.1" 500 - "-" "Mozilla/5.0 AppleWebKit/537.36 (KHTML, like Gecko; compatible; bingbot/2.0; +http://www.bing.com/bingbot.htm) Chrome/103.0.5060.134 Safari/537.36" "mantech8.com"
185.191.171.3 - - [01/Mar/2023:03:58:09 -0800] "GET /index.php/camp-fire/32969189.html HTTP/1.1" 500 - "-" "Mozilla/5.0 (compatible; SemrushBot/7~bl; +http://www.semrush.com/bot.html)" "mantech8.com"
185.191.171.38 - - [01/Mar/2023:03:58:21 -0800] "GET /index.php?camp-fire%2F39860372.html HTTP/1.1" 500 - "-" "Mozilla/5.0 (compatible; SemrushBot/7~bl; +http://www.semrush.com/bot.html)" "mantech8.com"
185.191.171.43 - - [01/Mar/2023:03:58:24 -0800] "GET /index.php?camp-fire%2F18645927.html HTTP/1.1" 500 - "-" "Mozilla/5.0 (compatible; SemrushBot/7~bl; +http://www.semrush.com/bot.html)" "mantech8.com"
185.191.171.23 - - [01/Mar/2023:03:58:25 -0800] "GET /index.php/camp-fire/20824735.html HTTP/1.1" 500 - "-" "Mozilla/5.0 (compatible; SemrushBot/7~bl; +http://www.semrush.com/bot.html)" "mantech8.com"
185.191.171.7 - - [01/Mar/2023:03:58:34 -0800] "GET /index.php?camp-fire%2F33205216.html HTTP/1.1" 500 - "-" "Mozilla/5.0 (compatible; SemrushBot/7~bl; +http://www.semrush.com/bot.html)" "mantech8.com"
210.14.105.145 - - [01/Mar/2023:03:58:43 -0800] "GET /contact.php HTTP/1.1" 200 26018 "-" "Mozilla/5.0 (Windows NT 10.0; Win64; x64; rv:102.0) Gecko/20100101 Firefox/102.0" "mantech8.com"
185.191.171.43 - - [01/Mar/2023:03:58:55 -0800] "GET /index.php?camp-fire%2F33734525.html HTTP/1.1" 500 - "-" "Mozilla/5.0 (compatible; SemrushBot/7~bl; +http://www.semrush.com/bot.html)" "mantech8.com"
42.236.17.87 - - [01/Mar/2023:03:59:14 -0800] "GET / HTTP/1.1" 500 - "http://www.mantech8.com/" "-" "www.mantech8.com"
52.167.144.80 - - [01/Mar/2023:04:00:10 -0800] "GET /index.php/wf2o-8e9ffbed-g7jne.ii HTTP/1.1" 500 - "-" "Mozilla/5.0 AppleWebKit/537.36 (KHTML, like Gecko; compatible; bingbot/2.0; +http://www.bing.com/bingbot.htm) Chrome/103.0.5060.134 Safari/537.36" "mantech8.com"
185.191.171.20 - - [01/Mar/2023:04:00:15 -0800] "GET /index.php?camp-fire%2F35387338.html HTTP/1.1" 500 - "-" "Mozilla/5.0 (compatible; SemrushBot/7~bl; +http://www.semrush.com/bot.html)" "mantech8.com"
185.191.171.42 - - [01/Mar/2023:04:00:17 -0800] "GET /index.php/camp-fire/43743217.html HTTP/1.1" 500 - "-" "Mozilla/5.0 (compatible; SemrushBot/7~bl; +http://www.semrush.com/bot.html)" "mantech8.com"
185.191.171.24 - - [01/Mar/2023:04:00:31 -0800] "GET /index.php/camp-fire/1481690.html HTTP/1.1" 500 - "-" "Mozilla/5.0 (compatible; SemrushBot/7~bl; +http://www.semrush.com/bot.html)" "mantech8.com"
114.119.141.119 - - [01/Mar/2023:04:00:54 -0800] "GET /bimages/bus/?C=S%3BO%3DA HTTP/1.1" 200 452 "http://www.mantech8.com/bimages/bus/?C=M%3BO%3DA" "Mozilla/5.0 (Linux; Android 7.0;) AppleWebKit/537.36 (KHTML, like Gecko) Mobile Safari/537.36 (compatible; PetalBot;+https://webmaster.petalsearch.com/site/petalbot)" "www.mantech8.com"
185.191.171.7 - - [01/Mar/2023:04:01:05 -0800] "GET /index.php?camp-fire%2F25989476.html HTTP/1.1" 500 - "-" "Mozilla/5.0 (compatible; SemrushBot/7~bl; +http://www.semrush.com/bot.html)" "mantech8.com"
185.191.171.16 - - [01/Mar/2023:04:01:10 -0800] "GET /index.php?camp-fire%2F32761925.html HTTP/1.1" 500 - "-" "Mozilla/5.0 (compatible; SemrushBot/7~bl; +http://www.semrush.com/bot.html)" "mantech8.com"
185.191.171.14 - - [01/Mar/2023:04:01:22 -0800] "GET /index.php?camp-fire%2F31143641.html HTTP/1.1" 500 - "-" "Mozilla/5.0 (compatible; SemrushBot/7~bl; +http://www.semrush.com/bot.html)" "mantech8.com"
185.191.171.45 - - [01/Mar/2023:04:01:40 -0800] "GET /index.php?camp-fire%2F27726247.html HTTP/1.1" 500 - "-" "Mozilla/5.0 (compatible; SemrushBot/7~bl; +http://www.semrush.com/bot.html)" "mantech8.com"
185.191.171.2 - - [01/Mar/2023:04:01:54 -0800] "GET /index.php?camp-fire%2F86547208.html HTTP/1.1" 500 - "-" "Mozilla/5.0 (compatible; SemrushBot/7~bl; +http://www.semrush.com/bot.html)" "mantech8.com"
185.191.171.10 - - [01/Mar/2023:04:02:00 -0800] "GET /index.php?camp-fire%2F28218109.html HTTP/1.1" 500 - "-" "Mozilla/5.0 (compatible; SemrushBot/7~bl; +http://www.semrush.com/bot.html)" "mantech8.com"
185.191.171.2 - - [01/Mar/2023:04:02:18 -0800] "GET /index.php?camp-fire%2F12356900.html HTTP/1.1" 500 - "-" "Mozilla/5.0 (compatible; SemrushBot/7~bl; +http://www.semrush.com/bot.html)" "mantech8.com"
185.191.171.4 - - [01/Mar/2023:04:02:46 -0800] "GET /index.php?camp-fire%2F41974232.html HTTP/1.1" 500 - "-" "Mozilla/5.0 (compatible; SemrushBot/7~bl; +http://www.semrush.com/bot.html)" "mantech8.com"
185.191.171.5 - - [01/Mar/2023:04:02:50 -0800] "GET /index.php?camp-fire%2F28988059.html HTTP/1.1" 500 - "-" "Mozilla/5.0 (compatible; SemrushBot/7~bl; +http://www.semrush.com/bot.html)" "mantech8.com"
52.167.144.96 - - [01/Mar/2023:04:02:51 -0800] "GET /index.php/fcdba HTTP/1.1" 500 - "-" "Mozilla/5.0 AppleWebKit/537.36 (KHTML, like Gecko; compatible; bingbot/2.0; +http://www.bing.com/bingbot.htm) Chrome/103.0.5060.134 Safari/537.36" "mantech8.com"
185.191.171.18 - - [01/Mar/2023:04:02:52 -0800] "GET /index.php/camp-fire/42854934.html HTTP/1.1" 500 - "-" "Mozilla/5.0 (compatible; SemrushBot/7~bl; +http://www.semrush.com/bot.html)" "mantech8.com"
216.244.66.241 - - [01/Mar/2023:04:02:56 -0800] "GET /bimages/cert/?C=N;O=D HTTP/1.1" 200 1820 "-" "Mozilla/5.0 (compatible; DotBot/1.2; +https://opensiteexplorer.org/dotbot; help@moz.com)" "www.mantech8.com"
216.244.66.241 - - [01/Mar/2023:04:03:05 -0800] "GET /bimages/cleang/thump/c3.jpg HTTP/1.1" 200 106010 "-" "Mozilla/5.0 (compatible; DotBot/1.2; +https://opensiteexplorer.org/dotbot; help@moz.com)" "mantech8.com"
185.191.171.24 - - [01/Mar/2023:04:03:20 -0800] "GET /index.php?camp-fire%2F32519430.html HTTP/1.1" 500 - "-" "Mozilla/5.0 (compatible; SemrushBot/7~bl; +http://www.semrush.com/bot.html)" "mantech8.com"
185.191.171.25 - - [01/Mar/2023:04:03:24 -0800] "GET /index.php?camp-fire%2F1278498.html HTTP/1.1" 500 - "-" "Mozilla/5.0 (compatible; SemrushBot/7~bl; +http://www.semrush.com/bot.html)" "mantech8.com"
185.191.171.26 - - [01/Mar/2023:04:03:42 -0800] "GET /index.php?camp-fire%2F4307700.html HTTP/1.1" 500 - "-" "Mozilla/5.0 (compatible; SemrushBot/7~bl; +http://www.semrush.com/bot.html)" "mantech8.com"
216.244.66.241 - - [01/Mar/2023:04:03:46 -0800] "GET /bimages/gallery/thump/IDN%20B1.jpg HTTP/1.1" 200 474369 "-" "Mozilla/5.0 (compatible; DotBot/1.2; +https://opensiteexplorer.org/dotbot; help@moz.com)" "mantech8.com"
185.191.171.17 - - [01/Mar/2023:04:03:48 -0800] "GET /index.php/camp-fire/18080083.html HTTP/1.1" 500 - "-" "Mozilla/5.0 (compatible; SemrushBot/7~bl; +http://www.semrush.com/bot.html)" "mantech8.com"
185.191.171.4 - - [01/Mar/2023:04:03:58 -0800] "GET /index.php?camp-fire%2F33734208.html HTTP/1.1" 500 - "-" "Mozilla/5.0 (compatible; SemrushBot/7~bl; +http://www.semrush.com/bot.html)" "mantech8.com"
216.244.66.241 - - [01/Mar/2023:04:04:01 -0800] "GET /bimages/gallery/thump/c3.jpg HTTP/1.1" 200 106010 "-" "Mozilla/5.0 (compatible; DotBot/1.2; +https://opensiteexplorer.org/dotbot; help@moz.com)" "mantech8.com"
185.191.171.13 - - [01/Mar/2023:04:04:07 -0800] "GET /index.php?camp-fire%2F50814850.html HTTP/1.1" 500 - "-" "Mozilla/5.0 (compatible; SemrushBot/7~bl; +http://www.semrush.com/bot.html)" "mantech8.com"
216.244.66.241 - - [01/Mar/2023:04:04:12 -0800] "GET /bimages/gallery/thump/paint%20b1.jpg HTTP/1.1" 200 132815 "-" "Mozilla/5.0 (compatible; DotBot/1.2; +https://opensiteexplorer.org/dotbot; help@moz.com)" "mantech8.com"
185.191.171.14 - - [01/Mar/2023:04:04:26 -0800] "GET /index.php?camp-fire%2F37611178.html HTTP/1.1" 500 - "-" "Mozilla/5.0 (compatible; SemrushBot/7~bl; +http://www.semrush.com/bot.html)" "mantech8.com"
185.191.171.43 - - [01/Mar/2023:04:05:21 -0800] "GET /index.php/camp-fire/2519893.html HTTP/1.1" 500 - "-" "Mozilla/5.0 (compatible; SemrushBot/7~bl; +http://www.semrush.com/bot.html)" "mantech8.com"
185.191.171.4 - - [01/Mar/2023:04:05:27 -0800] "GET /index.php/camp-fire/16402324.html HTTP/1.1" 500 - "-" "Mozilla/5.0 (compatible; SemrushBot/7~bl; +http://www.semrush.com/bot.html)" "mantech8.com"
185.191.171.11 - - [01/Mar/2023:04:05:45 -0800] "GET /index.php?camp-fire%2F60066049.html HTTP/1.1" 500 - "-" "Mozilla/5.0 (compatible; SemrushBot/7~bl; +http://www.semrush.com/bot.html)" "mantech8.com"
185.191.171.33 - - [01/Mar/2023:04:06:11 -0800] "GET /index.php?camp-fire%2F38815978.html HTTP/1.1" 500 - "-" "Mozilla/5.0 (compatible; SemrushBot/7~bl; +http://www.semrush.com/bot.html)" "mantech8.com"
185.191.171.44 - - [01/Mar/2023:04:06:21 -0800] "GET /index.php?camp-fire%2F56630234.html HTTP/1.1" 500 - "-" "Mozilla/5.0 (compatible; SemrushBot/7~bl; +http://www.semrush.com/bot.html)" "mantech8.com"
185.191.171.36 - - [01/Mar/2023:04:06:29 -0800] "GET /index.php?camp-fire%2F34665026.html HTTP/1.1" 500 - "-" "Mozilla/5.0 (compatible; SemrushBot/7~bl; +http://www.semrush.com/bot.html)" "mantech8.com"
114.119.159.210 - - [01/Mar/2023:04:06:32 -0800] "GET /index.php?camp-fire/61264207.html HTTP/1.1" 500 - "-" "Mozilla/5.0 (Linux; Android 7.0;) AppleWebKit/537.36 (KHTML, like Gecko) Mobile Safari/537.36 (compatible; PetalBot;+https://webmaster.petalsearch.com/site/petalbot)" "www.mantech8.com"
185.191.171.5 - - [01/Mar/2023:04:06:33 -0800] "GET /index.php?camp-fire%2F33625825.html HTTP/1.1" 500 - "-" "Mozilla/5.0 (compatible; SemrushBot/7~bl; +http://www.semrush.com/bot.html)" "mantech8.com"
185.191.171.26 - - [01/Mar/2023:04:06:47 -0800] "GET /index.php?camp-fire%2F49890733.html HTTP/1.1" 500 - "-" "Mozilla/5.0 (compatible; SemrushBot/7~bl; +http://www.semrush.com/bot.html)" "mantech8.com"
185.191.171.40 - - [01/Mar/2023:04:07:11 -0800] "GET /index.php?camp-fire%2F38184203.html HTTP/1.1" 500 - "-" "Mozilla/5.0 (compatible; SemrushBot/7~bl; +http://www.semrush.com/bot.html)" "mantech8.com"
185.191.171.20 - - [01/Mar/2023:04:07:29 -0800] "GET /index.php?camp-fire%2F28599189.html HTTP/1.1" 500 - "-" "Mozilla/5.0 (compatible; SemrushBot/7~bl; +http://www.semrush.com/bot.html)" "mantech8.com"
185.191.171.23 - - [01/Mar/2023:04:07:56 -0800] "GET /index.php/camp-fire/37901938.html HTTP/1.1" 500 - "-" "Mozilla/5.0 (compatible; SemrushBot/7~bl; +http://www.semrush.com/bot.html)" "mantech8.com"
185.191.171.4 - - [01/Mar/2023:04:08:13 -0800] "GET /index.php?camp-fire%2F28457771.html HTTP/1.1" 500 - "-" "Mozilla/5.0 (compatible; SemrushBot/7~bl; +http://www.semrush.com/bot.html)" "mantech8.com"
40.77.167.195 - - [01/Mar/2023:04:08:22 -0800] "GET /index.php/nwtf-9abfab-3l4fd.ii HTTP/1.1" 500 - "-" "Mozilla/5.0 AppleWebKit/537.36 (KHTML, like Gecko; compatible; bingbot/2.0; +http://www.bing.com/bingbot.htm) Chrome/103.0.5060.134 Safari/537.36" "mantech8.com"
185.191.171.6 - - [01/Mar/2023:04:08:23 -0800] "GET /index.php/camp-fire/1152472.html HTTP/1.1" 500 - "-" "Mozilla/5.0 (compatible; SemrushBot/7~bl; +http://www.semrush.com/bot.html)" "mantech8.com"
185.191.171.3 - - [01/Mar/2023:04:08:59 -0800] "GET /index.php?camp-fire%2F33293660.html HTTP/1.1" 500 - "-" "Mozilla/5.0 (compatible; SemrushBot/7~bl; +http://www.semrush.com/bot.html)" "mantech8.com"
185.191.171.39 - - [01/Mar/2023:04:09:16 -0800] "GET /index.php?camp-fire%2F27319197.html HTTP/1.1" 500 - "-" "Mozilla/5.0 (compatible; SemrushBot/7~bl; +http://www.semrush.com/bot.html)" "mantech8.com"
216.244.66.241 - - [01/Mar/2023:04:09:17 -0800] "GET /contact_us.html HTTP/1.1" 200 17162 "-" "Mozilla/5.0 (compatible; DotBot/1.2; +https://opensiteexplorer.org/dotbot; help@moz.com)" "mantech8.com"
185.191.171.39 - - [01/Mar/2023:04:09:34 -0800] "GET /index.php?camp-fire%2F10634957.html HTTP/1.1" 500 - "-" "Mozilla/5.0 (compatible; SemrushBot/7~bl; +http://www.semrush.com/bot.html)" "mantech8.com"
185.191.171.4 - - [01/Mar/2023:04:09:38 -0800] "GET /index.php?camp-fire%2F34678708.html HTTP/1.1" 500 - "-" "Mozilla/5.0 (compatible; SemrushBot/7~bl; +http://www.semrush.com/bot.html)" "mantech8.com"
185.191.171.5 - - [01/Mar/2023:04:09:44 -0800] "GET /index.php?camp-fire%2F28015571.html HTTP/1.1" 500 - "-" "Mozilla/5.0 (compatible; SemrushBot/7~bl; +http://www.semrush.com/bot.html)" "mantech8.com"
216.244.66.241 - - [01/Mar/2023:04:10:02 -0800] "GET /bimages/scafg/thump/?C=D;O=A HTTP/1.1" 200 2525 "-" "Mozilla/5.0 (compatible; DotBot/1.2; +https://opensiteexplorer.org/dotbot; help@moz.com)" "www.mantech8.com"
185.191.171.9 - - [01/Mar/2023:04:10:08 -0800] "GET /index.php/camp-fire/7666680.html HTTP/1.1" 500 - "-" "Mozilla/5.0 (compatible; SemrushBot/7~bl; +http://www.semrush.com/bot.html)" "mantech8.com"
185.191.171.34 - - [01/Mar/2023:04:10:44 -0800] "GET /index.php/camp-fire/518669.html HTTP/1.1" 500 - "-" "Mozilla/5.0 (compatible; SemrushBot/7~bl; +http://www.semrush.com/bot.html)" "mantech8.com"
185.191.171.16 - - [01/Mar/2023:04:10:48 -0800] "GET /index.php?camp-fire%2F10163090.html HTTP/1.1" 500 - "-" "Mozilla/5.0 (compatible; SemrushBot/7~bl; +http://www.semrush.com/bot.html)" "mantech8.com"
185.191.171.39 - - [01/Mar/2023:04:10:52 -0800] "GET /index.php?camp-fire%2F23627177.html HTTP/1.1" 500 - "-" "Mozilla/5.0 (compatible; SemrushBot/7~bl; +http://www.semrush.com/bot.html)" "mantech8.com"
185.191.171.4 - - [01/Mar/2023:04:10:56 -0800] "GET /robots.txt HTTP/1.1" 200 84 "-" "Mozilla/5.0 (compatible; SemrushBot/7~bl; +http://www.semrush.com/bot.html)" "mantech8.com"
185.191.171.34 - - [01/Mar/2023:04:10:57 -0800] "GET /index.php?camp-fire%2F31934230.html HTTP/1.1" 500 - "-" "Mozilla/5.0 (compatible; SemrushBot/7~bl; +http://www.semrush.com/bot.html)" "mantech8.com"
185.191.171.45 - - [01/Mar/2023:04:11:03 -0800] "GET /index.php?camp-fire%2F34244260.html HTTP/1.1" 500 - "-" "Mozilla/5.0 (compatible; SemrushBot/7~bl; +http://www.semrush.com/bot.html)" "mantech8.com"
185.191.171.4 - - [01/Mar/2023:04:11:13 -0800] "GET /index.php?camp-fire%2F39900876.html HTTP/1.1" 500 - "-" "Mozilla/5.0 (compatible; SemrushBot/7~bl; +http://www.semrush.com/bot.html)" "mantech8.com"
185.191.171.18 - - [01/Mar/2023:04:11:46 -0800] "GET /index.php?camp-fire%2F34806071.html HTTP/1.1" 500 - "-" "Mozilla/5.0 (compatible; SemrushBot/7~bl; +http://www.semrush.com/bot.html)" "mantech8.com"
185.191.171.35 - - [01/Mar/2023:04:11:49 -0800] "GET /index.php/camp-fire/13336893.html HTTP/1.1" 500 - "-" "Mozilla/5.0 (compatible; SemrushBot/7~bl; +http://www.semrush.com/bot.html)" "mantech8.com"
114.119.141.18 - - [01/Mar/2023:04:12:04 -0800] "GET /bimages/bus/?C=D%3BO%3DA HTTP/1.1" 200 452 "http://www.mantech8.com/bimages/bus/?C=M%3BO%3DA" "Mozilla/5.0 (Linux; Android 7.0;) AppleWebKit/537.36 (KHTML, like Gecko) Mobile Safari/537.36 (compatible; PetalBot;+https://webmaster.petalsearch.com/site/petalbot)" "www.mantech8.com"
185.191.171.3 - - [01/Mar/2023:04:12:27 -0800] "GET /index.php/camp-fire/11455509.html HTTP/1.1" 500 - "-" "Mozilla/5.0 (compatible; SemrushBot/7~bl; +http://www.semrush.com/bot.html)" "mantech8.com"
185.191.171.20 - - [01/Mar/2023:04:12:35 -0800] "GET /index.php/camp-fire/14967308.html HTTP/1.1" 500 - "-" "Mozilla/5.0 (compatible; SemrushBot/7~bl; +http://www.semrush.com/bot.html)" "mantech8.com"
185.191.171.16 - - [01/Mar/2023:04:12:48 -0800] "GET /index.php?camp-fire%2F34366756.html HTTP/1.1" 500 - "-" "Mozilla/5.0 (compatible; SemrushBot/7~bl; +http://www.semrush.com/bot.html)" "mantech8.com"
185.191.171.16 - - [01/Mar/2023:04:13:09 -0800] "GET /index.php?camp-fire%2F35728038.html HTTP/1.1" 500 - "-" "Mozilla/5.0 (compatible; SemrushBot/7~bl; +http://www.semrush.com/bot.html)" "mantech8.com"
185.191.171.42 - - [01/Mar/2023:04:13:10 -0800] "GET /index.php?camp-fire%2F39696403.html HTTP/1.1" 500 - "-" "Mozilla/5.0 (compatible; SemrushBot/7~bl; +http://www.semrush.com/bot.html)" "mantech8.com"
40.77.167.211 - - [01/Mar/2023:04:14:09 -0800] "GET /index.php/mkjw-a6bb-byjpn.ii HTTP/1.1" 500 - "-" "Mozilla/5.0 AppleWebKit/537.36 (KHTML, like Gecko; compatible; bingbot/2.0; +http://www.bing.com/bingbot.htm) Chrome/103.0.5060.134 Safari/537.36" "mantech8.com"
185.191.171.7 - - [01/Mar/2023:04:14:13 -0800] "GET /index.php?camp-fire%2F28481571.html HTTP/1.1" 500 - "-" "Mozilla/5.0 (compatible; SemrushBot/7~bl; +http://www.semrush.com/bot.html)" "mantech8.com"
185.191.171.34 - - [01/Mar/2023:04:14:34 -0800] "GET /index.php?camp-fire%2F48918076.html HTTP/1.1" 500 - "-" "Mozilla/5.0 (compatible; SemrushBot/7~bl; +http://www.semrush.com/bot.html)" "mantech8.com"
185.191.171.37 - - [01/Mar/2023:04:15:15 -0800] "GET /index.php/camp-fire/48655003.html HTTP/1.1" 500 - "-" "Mozilla/5.0 (compatible; SemrushBot/7~bl; +http://www.semrush.com/bot.html)" "mantech8.com"
185.191.171.11 - - [01/Mar/2023:04:15:19 -0800] "GET /index.php/camp-fire/33504993.html HTTP/1.1" 500 - "-" "Mozilla/5.0 (compatible; SemrushBot/7~bl; +http://www.semrush.com/bot.html)" "mantech8.com"
185.191.171.3 - - [01/Mar/2023:04:15:21 -0800] "GET /index.php?camp-fire%2F78928951.html HTTP/1.1" 500 - "-" "Mozilla/5.0 (compatible; SemrushBot/7~bl; +http://www.semrush.com/bot.html)" "mantech8.com"
185.191.171.21 - - [01/Mar/2023:04:15:26 -0800] "GET /index.php?camp-fire%2F33809108.html HTTP/1.1" 500 - "-" "Mozilla/5.0 (compatible; SemrushBot/7~bl; +http://www.semrush.com/bot.html)" "mantech8.com"
185.191.171.9 - - [01/Mar/2023:04:15:28 -0800] "GET /index.php/camp-fire/12040974.html HTTP/1.1" 500 - "-" "Mozilla/5.0 (compatible; SemrushBot/7~bl; +http://www.semrush.com/bot.html)" "mantech8.com"
185.191.171.33 - - [01/Mar/2023:04:15:33 -0800] "GET /index.php?camp-fire%2F29372689.html HTTP/1.1" 500 - "-" "Mozilla/5.0 (compatible; SemrushBot/7~bl; +http://www.semrush.com/bot.html)" "mantech8.com"
185.191.171.45 - - [01/Mar/2023:04:15:50 -0800] "GET /index.php?camp-fire%2F37177378.html HTTP/1.1" 500 - "-" "Mozilla/5.0 (compatible; SemrushBot/7~bl; +http://www.semrush.com/bot.html)" "mantech8.com"
185.191.171.34 - - [01/Mar/2023:04:15:51 -0800] "GET /index.php?camp-fire%2F61403178.html HTTP/1.1" 500 - "-" "Mozilla/5.0 (compatible; SemrushBot/7~bl; +http://www.semrush.com/bot.html)" "mantech8.com"
185.191.171.8 - - [01/Mar/2023:04:16:10 -0800] "GET /index.php?camp-fire%2F35676850.html HTTP/1.1" 500 - "-" "Mozilla/5.0 (compatible; SemrushBot/7~bl; +http://www.semrush.com/bot.html)" "mantech8.com"
185.191.171.42 - - [01/Mar/2023:04:16:22 -0800] "GET /index.php?camp-fire%2F33163372.html HTTP/1.1" 500 - "-" "Mozilla/5.0 (compatible; SemrushBot/7~bl; +http://www.semrush.com/bot.html)" "mantech8.com"
52.167.144.80 - - [01/Mar/2023:04:16:32 -0800] "GET /index.php/voot-1d3eddaca-oev1h.ii HTTP/1.1" 500 - "-" "Mozilla/5.0 AppleWebKit/537.36 (KHTML, like Gecko; compatible; bingbot/2.0; +http://www.bing.com/bingbot.htm) Chrome/103.0.5060.134 Safari/537.36" "mantech8.com"
185.191.171.37 - - [01/Mar/2023:04:17:04 -0800] "GET /index.php?camp-fire%2F31637555.html HTTP/1.1" 500 - "-" "Mozilla/5.0 (compatible; SemrushBot/7~bl; +http://www.semrush.com/bot.html)" "mantech8.com"
185.191.171.40 - - [01/Mar/2023:04:17:34 -0800] "GET /index.php/camp-fire/10639757.html HTTP/1.1" 500 - "-" "Mozilla/5.0 (compatible; SemrushBot/7~bl; +http://www.semrush.com/bot.html)" "mantech8.com"
185.191.171.44 - - [01/Mar/2023:04:17:38 -0800] "GET /index.php/camp-fire/7579493.html HTTP/1.1" 500 - "-" "Mozilla/5.0 (compatible; SemrushBot/7~bl; +http://www.semrush.com/bot.html)" "mantech8.com"
185.191.171.33 - - [01/Mar/2023:04:17:40 -0800] "GET /index.php?camp-fire%2F28266035.html HTTP/1.1" 500 - "-" "Mozilla/5.0 (compatible; SemrushBot/7~bl; +http://www.semrush.com/bot.html)" "mantech8.com"
114.119.150.239 - - [01/Mar/2023:04:17:57 -0800] "GET /index.php?unpower.xml HTTP/1.1" 500 - "-" "Mozilla/5.0 (Linux; Android 7.0;) AppleWebKit/537.36 (KHTML, like Gecko) Mobile Safari/537.36 (compatible; PetalBot;+https://webmaster.petalsearch.com/site/petalbot)" "mantech8.com"
185.191.171.43 - - [01/Mar/2023:04:18:15 -0800] "GET /index.php?camp-fire%2F16623565.html HTTP/1.1" 500 - "-" "Mozilla/5.0 (compatible; SemrushBot/7~bl; +http://www.semrush.com/bot.html)" "mantech8.com"
185.191.171.5 - - [01/Mar/2023:04:18:33 -0800] "GET /index.php?camp-fire%2F24164606.html HTTP/1.1" 500 - "-" "Mozilla/5.0 (compatible; SemrushBot/7~bl; +http://www.semrush.com/bot.html)" "mantech8.com"
185.191.171.33 - - [01/Mar/2023:04:18:34 -0800] "GET /index.php?camp-fire%2F35917880.html HTTP/1.1" 500 - "-" "Mozilla/5.0 (compatible; SemrushBot/7~bl; +http://www.semrush.com/bot.html)" "mantech8.com"
185.191.171.40 - - [01/Mar/2023:04:18:43 -0800] "GET /index.php?camp-fire%2F39044035.html HTTP/1.1" 500 - "-" "Mozilla/5.0 (compatible; SemrushBot/7~bl; +http://www.semrush.com/bot.html)" "mantech8.com"
52.167.144.80 - - [01/Mar/2023:04:19:13 -0800] "GET /index.php/zsuz-4faac-slivc.ii HTTP/1.1" 500 - "-" "Mozilla/5.0 AppleWebKit/537.36 (KHTML, like Gecko; compatible; bingbot/2.0; +http://www.bing.com/bingbot.htm) Chrome/103.0.5060.134 Safari/537.36" "mantech8.com"
40.77.167.195 - - [01/Mar/2023:04:19:43 -0800] "GET / HTTP/1.1" 500 - "-" "Mozilla/5.0 AppleWebKit/537.36 (KHTML, like Gecko; compatible; bingbot/2.0; +http://www.bing.com/bingbot.htm) Chrome/103.0.5060.134 Safari/537.36" "www.mantech8.com"
185.191.171.42 - - [01/Mar/2023:04:19:47 -0800] "GET /index.php?camp-fire%2F33157556.html HTTP/1.1" 500 - "-" "Mozilla/5.0 (compatible; SemrushBot/7~bl; +http://www.semrush.com/bot.html)" "mantech8.com"
185.191.171.25 - - [01/Mar/2023:04:20:08 -0800] "GET /index.php/camp-fire/1257372.html HTTP/1.1" 500 - "-" "Mozilla/5.0 (compatible; SemrushBot/7~bl; +http://www.semrush.com/bot.html)" "mantech8.com"
185.191.171.4 - - [01/Mar/2023:04:20:16 -0800] "GET /index.php/camp-fire/23699665.html HTTP/1.1" 500 - "-" "Mozilla/5.0 (compatible; SemrushBot/7~bl; +http://www.semrush.com/bot.html)" "mantech8.com"
185.191.171.3 - - [01/Mar/2023:04:20:20 -0800] "GET /index.php?camp-fire%2F15460072.html HTTP/1.1" 500 - "-" "Mozilla/5.0 (compatible; SemrushBot/7~bl; +http://www.semrush.com/bot.html)" "mantech8.com"
185.191.171.3 - - [01/Mar/2023:04:20:43 -0800] "GET /index.php?camp-fire%2F33960659.html HTTP/1.1" 500 - "-" "Mozilla/5.0 (compatible; SemrushBot/7~bl; +http://www.semrush.com/bot.html)" "mantech8.com"
185.191.171.13 - - [01/Mar/2023:04:21:06 -0800] "GET /index.php?camp-fire%2F33872508.html HTTP/1.1" 500 - "-" "Mozilla/5.0 (compatible; SemrushBot/7~bl; +http://www.semrush.com/bot.html)" "mantech8.com"
40.77.167.211 - - [01/Mar/2023:04:21:21 -0800] "GET /index.php/2e4b4bdadf HTTP/1.1" 500 - "-" "Mozilla/5.0 AppleWebKit/537.36 (KHTML, like Gecko; compatible; bingbot/2.0; +http://www.bing.com/bingbot.htm) Chrome/103.0.5060.134 Safari/537.36" "mantech8.com"
185.191.171.22 - - [01/Mar/2023:04:21:27 -0800] "GET /index.php?camp-fire%2F35699238.html HTTP/1.1" 500 - "-" "Mozilla/5.0 (compatible; SemrushBot/7~bl; +http://www.semrush.com/bot.html)" "mantech8.com"
185.191.171.41 - - [01/Mar/2023:04:21:34 -0800] "GET /index.php?camp-fire%2F38880617.html HTTP/1.1" 500 - "-" "Mozilla/5.0 (compatible; SemrushBot/7~bl; +http://www.semrush.com/bot.html)" "mantech8.com"
185.191.171.16 - - [01/Mar/2023:04:21:35 -0800] "GET /index.php/camp-fire/38027341.html HTTP/1.1" 500 - "-" "Mozilla/5.0 (compatible; SemrushBot/7~bl; +http://www.semrush.com/bot.html)" "mantech8.com"
185.191.171.12 - - [01/Mar/2023:04:21:45 -0800] "GET /index.php?camp-fire%2F28658759.html HTTP/1.1" 500 - "-" "Mozilla/5.0 (compatible; SemrushBot/7~bl; +http://www.semrush.com/bot.html)" "mantech8.com"
185.191.171.13 - - [01/Mar/2023:04:21:59 -0800] "GET /index.php?camp-fire%2F37063878.html HTTP/1.1" 500 - "-" "Mozilla/5.0 (compatible; SemrushBot/7~bl; +http://www.semrush.com/bot.html)" "mantech8.com"
185.191.171.19 - - [01/Mar/2023:04:22:23 -0800] "GET /index.php?camp-fire%2F29273964.html HTTP/1.1" 500 - "-" "Mozilla/5.0 (compatible; SemrushBot/7~bl; +http://www.semrush.com/bot.html)" "mantech8.com"
185.191.171.8 - - [01/Mar/2023:04:22:28 -0800] "GET /index.php?camp-fire%2F27687726.html HTTP/1.1" 500 - "-" "Mozilla/5.0 (compatible; SemrushBot/7~bl; +http://www.semrush.com/bot.html)" "mantech8.com"
185.191.171.4 - - [01/Mar/2023:04:22:29 -0800] "GET /index.php/camp-fire/18177859.html HTTP/1.1" 500 - "-" "Mozilla/5.0 (compatible; SemrushBot/7~bl; +http://www.semrush.com/bot.html)" "mantech8.com"
185.191.171.1 - - [01/Mar/2023:04:23:11 -0800] "GET /index.php?camp-fire%2F18825527.html HTTP/1.1" 500 - "-" "Mozilla/5.0 (compatible; SemrushBot/7~bl; +http://www.semrush.com/bot.html)" "mantech8.com"
185.191.171.5 - - [01/Mar/2023:04:23:13 -0800] "GET /index.php?camp-fire%2F27876909.html HTTP/1.1" 500 - "-" "Mozilla/5.0 (compatible; SemrushBot/7~bl; +http://www.semrush.com/bot.html)" "mantech8.com"
185.191.171.44 - - [01/Mar/2023:04:23:32 -0800] "GET /index.php?camp-fire%2F40083776.html HTTP/1.1" 500 - "-" "Mozilla/5.0 (compatible; SemrushBot/7~bl; +http://www.semrush.com/bot.html)" "mantech8.com"
52.167.144.70 - - [01/Mar/2023:04:23:38 -0800] "GET / HTTP/1.1" 500 - "-" "Mozilla/5.0 AppleWebKit/537.36 (KHTML, like Gecko; compatible; bingbot/2.0; +http://www.bing.com/bingbot.htm) Chrome/103.0.5060.134 Safari/537.36" "www.mantech8.com"
52.167.144.96 - - [01/Mar/2023:04:24:02 -0800] "GET /index.php/egy1-e8dfb-vdafh.ii HTTP/1.1" 500 - "-" "Mozilla/5.0 AppleWebKit/537.36 (KHTML, like Gecko; compatible; bingbot/2.0; +http://www.bing.com/bingbot.htm) Chrome/103.0.5060.134 Safari/537.36" "mantech8.com"
185.191.171.10 - - [01/Mar/2023:04:24:34 -0800] "GET /index.php?camp-fire%2F34321806.html HTTP/1.1" 500 - "-" "Mozilla/5.0 (compatible; SemrushBot/7~bl; +http://www.semrush.com/bot.html)" "mantech8.com"
114.119.158.143 - - [01/Mar/2023:04:24:39 -0800] "GET /index.php?sitemap1263.xml HTTP/1.1" 500 - "-" "Mozilla/5.0 (Linux; Android 7.0;) AppleWebKit/537.36 (KHTML, like Gecko) Mobile Safari/537.36 (compatible; PetalBot;+https://webmaster.petalsearch.com/site/petalbot)" "mantech8.com"
185.191.171.19 - - [01/Mar/2023:04:24:58 -0800] "GET /index.php/camp-fire/18106761.html HTTP/1.1" 500 - "-" "Mozilla/5.0 (compatible; SemrushBot/7~bl; +http://www.semrush.com/bot.html)" "mantech8.com"
185.191.171.3 - - [01/Mar/2023:04:25:14 -0800] "GET /index.php/camp-fire/36665860.html HTTP/1.1" 500 - "-" "Mozilla/5.0 (compatible; SemrushBot/7~bl; +http://www.semrush.com/bot.html)" "mantech8.com"
185.191.171.24 - - [01/Mar/2023:04:25:23 -0800] "GET /index.php?camp-fire%2F33968008.html HTTP/1.1" 500 - "-" "Mozilla/5.0 (compatible; SemrushBot/7~bl; +http://www.semrush.com/bot.html)" "mantech8.com"
185.191.171.42 - - [01/Mar/2023:04:25:38 -0800] "GET /index.php?camp-fire%2F33976963.html HTTP/1.1" 500 - "-" "Mozilla/5.0 (compatible; SemrushBot/7~bl; +http://www.semrush.com/bot.html)" "mantech8.com"
185.191.171.38 - - [01/Mar/2023:04:25:39 -0800] "GET /index.php/camp-fire/2497751.html HTTP/1.1" 500 - "-" "Mozilla/5.0 (compatible; SemrushBot/7~bl; +http://www.semrush.com/bot.html)" "mantech8.com"
40.77.167.211 - - [01/Mar/2023:04:25:41 -0800] "GET /index.php/su70-5b6e9cafbe-icb5e.ii HTTP/1.1" 500 - "-" "Mozilla/5.0 AppleWebKit/537.36 (KHTML, like Gecko; compatible; bingbot/2.0; +http://www.bing.com/bingbot.htm) Chrome/103.0.5060.134 Safari/537.36" "mantech8.com"
185.191.171.5 - - [01/Mar/2023:04:25:55 -0800] "GET /index.php?camp-fire%2F28779097.html HTTP/1.1" 500 - "-" "Mozilla/5.0 (compatible; SemrushBot/7~bl; +http://www.semrush.com/bot.html)" "mantech8.com"
185.191.171.17 - - [01/Mar/2023:04:25:57 -0800] "GET /index.php/camp-fire/10320493.html HTTP/1.1" 500 - "-" "Mozilla/5.0 (compatible; SemrushBot/7~bl; +http://www.semrush.com/bot.html)" "mantech8.com"
185.191.171.38 - - [01/Mar/2023:04:26:05 -0800] "GET /index.php?camp-fire%2F36476438.html HTTP/1.1" 500 - "-" "Mozilla/5.0 (compatible; SemrushBot/7~bl; +http://www.semrush.com/bot.html)" "mantech8.com"
185.191.171.22 - - [01/Mar/2023:04:26:21 -0800] "GET /index.php?camp-fire%2F34002093.html HTTP/1.1" 500 - "-" "Mozilla/5.0 (compatible; SemrushBot/7~bl; +http://www.semrush.com/bot.html)" "mantech8.com"
185.191.171.22 - - [01/Mar/2023:04:26:44 -0800] "GET /index.php/camp-fire/16844846.html HTTP/1.1" 500 - "-" "Mozilla/5.0 (compatible; SemrushBot/7~bl; +http://www.semrush.com/bot.html)" "mantech8.com"
40.77.167.195 - - [01/Mar/2023:04:27:54 -0800] "GET /index.php/s0KV-f65bccead-oecQa.Ii HTTP/1.1" 500 - "-" "Mozilla/5.0 AppleWebKit/537.36 (KHTML, like Gecko; compatible; bingbot/2.0; +http://www.bing.com/bingbot.htm) Chrome/103.0.5060.134 Safari/537.36" "www.mantech8.com"
185.191.171.10 - - [01/Mar/2023:04:28:07 -0800] "GET /index.php?camp-fire%2F34286193.html HTTP/1.1" 500 - "-" "Mozilla/5.0 (compatible; SemrushBot/7~bl; +http://www.semrush.com/bot.html)" "mantech8.com"
185.191.171.5 - - [01/Mar/2023:04:28:10 -0800] "GET /index.php/camp-fire/3902774.html HTTP/1.1" 500 - "-" "Mozilla/5.0 (compatible; SemrushBot/7~bl; +http://www.semrush.com/bot.html)" "mantech8.com"
185.191.171.39 - - [01/Mar/2023:04:28:12 -0800] "GET /index.php?camp-fire%2F29206498.html HTTP/1.1" 500 - "-" "Mozilla/5.0 (compatible; SemrushBot/7~bl; +http://www.semrush.com/bot.html)" "mantech8.com"
52.167.144.80 - - [01/Mar/2023:04:28:16 -0800] "GET /index.php/e31edaec HTTP/1.1" 500 - "-" "Mozilla/5.0 AppleWebKit/537.36 (KHTML, like Gecko; compatible; bingbot/2.0; +http://www.bing.com/bingbot.htm) Chrome/103.0.5060.134 Safari/537.36" "mantech8.com"
185.191.171.21 - - [01/Mar/2023:04:28:31 -0800] "GET /index.php?camp-fire%2F39762025.html HTTP/1.1" 500 - "-" "Mozilla/5.0 (compatible; SemrushBot/7~bl; +http://www.semrush.com/bot.html)" "mantech8.com"
185.191.171.40 - - [01/Mar/2023:04:28:41 -0800] "GET /index.php?camp-fire%2F42454534.html HTTP/1.1" 500 - "-" "Mozilla/5.0 (compatible; SemrushBot/7~bl; +http://www.semrush.com/bot.html)" "mantech8.com"
114.119.138.65 - - [01/Mar/2023:04:28:52 -0800] "GET /index.php/viton.xml HTTP/1.1" 500 - "-" "Mozilla/5.0 (Linux; Android 7.0;) AppleWebKit/537.36 (KHTML, like Gecko) Mobile Safari/537.36 (compatible; PetalBot;+https://webmaster.petalsearch.com/site/petalbot)" "mantech8.com"
216.244.66.241 - - [01/Mar/2023:04:28:55 -0800] "GET /robots.txt HTTP/1.1" 200 68 "-" "Mozilla/5.0 (compatible; DotBot/1.2; +https://opensiteexplorer.org/dotbot; help@moz.com)" "www.mantech8.com"
216.244.66.241 - - [01/Mar/2023:04:28:55 -0800] "GET /robots.txt HTTP/1.1" 200 68 "-" "Mozilla/5.0 (compatible; DotBot/1.2; +https://opensiteexplorer.org/dotbot; help@moz.com)" "mantech8.com"
185.191.171.3 - - [01/Mar/2023:04:29:00 -0800] "GET /index.php?camp-fire%2F18043881.html HTTP/1.1" 500 - "-" "Mozilla/5.0 (compatible; SemrushBot/7~bl; +http://www.semrush.com/bot.html)" "mantech8.com"
40.77.167.211 - - [01/Mar/2023:04:29:01 -0800] "GET /index.php/egy1-b970fcface-vsjfu.ii HTTP/1.1" 500 - "-" "Mozilla/5.0 AppleWebKit/537.36 (KHTML, like Gecko; compatible; bingbot/2.0; +http://www.bing.com/bingbot.htm) Chrome/103.0.5060.134 Safari/537.36" "mantech8.com"
185.191.171.22 - - [01/Mar/2023:04:29:28 -0800] "GET /index.php?camp-fire%2F27628971.html HTTP/1.1" 500 - "-" "Mozilla/5.0 (compatible; SemrushBot/7~bl; +http://www.semrush.com/bot.html)" "mantech8.com"
185.191.171.38 - - [01/Mar/2023:04:29:44 -0800] "GET /index.php?camp-fire%2F18099261.html HTTP/1.1" 500 - "-" "Mozilla/5.0 (compatible; SemrushBot/7~bl; +http://www.semrush.com/bot.html)" "mantech8.com"
185.191.171.12 - - [01/Mar/2023:04:29:47 -0800] "GET /index.php/camp-fire/27697551.html HTTP/1.1" 500 - "-" "Mozilla/5.0 (compatible; SemrushBot/7~bl; +http://www.semrush.com/bot.html)" "mantech8.com"
185.191.171.19 - - [01/Mar/2023:04:29:49 -0800] "GET /index.php?camp-fire%2F59620338.html HTTP/1.1" 500 - "-" "Mozilla/5.0 (compatible; SemrushBot/7~bl; +http://www.semrush.com/bot.html)" "mantech8.com"
52.167.144.80 - - [01/Mar/2023:04:30:03 -0800] "GET /index.php/zsuz-074dfdabf-soxu3.ii HTTP/1.1" 500 - "-" "Mozilla/5.0 AppleWebKit/537.36 (KHTML, like Gecko; compatible; bingbot/2.0; +http://www.bing.com/bingbot.htm) Chrome/103.0.5060.134 Safari/537.36" "mantech8.com"
185.191.171.39 - - [01/Mar/2023:04:30:08 -0800] "GET /index.php/camp-fire/48989417.html HTTP/1.1" 500 - "-" "Mozilla/5.0 (compatible; SemrushBot/7~bl; +http://www.semrush.com/bot.html)" "mantech8.com"
52.167.144.70 - - [01/Mar/2023:04:30:08 -0800] "GET /index.php/wf2o-2ed6aafdf-g5chq.ii HTTP/1.1" 500 - "-" "Mozilla/5.0 AppleWebKit/537.36 (KHTML, like Gecko; compatible; bingbot/2.0; +http://www.bing.com/bingbot.htm) Chrome/103.0.5060.134 Safari/537.36" "mantech8.com"
52.167.144.70 - - [01/Mar/2023:04:30:09 -0800] "GET /index.php/204f9cfe HTTP/1.1" 500 - "-" "Mozilla/5.0 AppleWebKit/537.36 (KHTML, like Gecko; compatible; bingbot/2.0; +http://www.bing.com/bingbot.htm) Chrome/103.0.5060.134 Safari/537.36" "mantech8.com"
185.191.171.7 - - [01/Mar/2023:04:30:41 -0800] "GET /index.php?camp-fire%2F32660925.html HTTP/1.1" 500 - "-" "Mozilla/5.0 (compatible; SemrushBot/7~bl; +http://www.semrush.com/bot.html)" "mantech8.com"
185.191.171.36 - - [01/Mar/2023:04:31:34 -0800] "GET /index.php?camp-fire%2F27691583.html HTTP/1.1" 500 - "-" "Mozilla/5.0 (compatible; SemrushBot/7~bl; +http://www.semrush.com/bot.html)" "mantech8.com"
185.191.171.13 - - [01/Mar/2023:04:31:40 -0800] "GET /index.php?camp-fire%2F32378560.html HTTP/1.1" 500 - "-" "Mozilla/5.0 (compatible; SemrushBot/7~bl; +http://www.semrush.com/bot.html)" "mantech8.com"
52.167.144.70 - - [01/Mar/2023:04:31:49 -0800] "GET /index.php/14js-2cced-cbhus.ii HTTP/1.1" 500 - "-" "Mozilla/5.0 AppleWebKit/537.36 (KHTML, like Gecko; compatible; bingbot/2.0; +http://www.bing.com/bingbot.htm) Chrome/103.0.5060.134 Safari/537.36" "mantech8.com"
185.191.171.9 - - [01/Mar/2023:04:32:17 -0800] "GET /index.php/camp-fire/2732253.html HTTP/1.1" 500 - "-" "Mozilla/5.0 (compatible; SemrushBot/7~bl; +http://www.semrush.com/bot.html)" "mantech8.com"
185.191.171.43 - - [01/Mar/2023:04:32:25 -0800] "GET /index.php?camp-fire%2F34301416.html HTTP/1.1" 500 - "-" "Mozilla/5.0 (compatible; SemrushBot/7~bl; +http://www.semrush.com/bot.html)" "mantech8.com"
185.191.171.43 - - [01/Mar/2023:04:32:50 -0800] "GET /index.php?camp-fire%2F33964608.html HTTP/1.1" 500 - "-" "Mozilla/5.0 (compatible; SemrushBot/7~bl; +http://www.semrush.com/bot.html)" "mantech8.com"
185.191.171.5 - - [01/Mar/2023:04:32:58 -0800] "GET /index.php?camp-fire%2F51143421.html HTTP/1.1" 500 - "-" "Mozilla/5.0 (compatible; SemrushBot/7~bl; +http://www.semrush.com/bot.html)" "mantech8.com"
185.191.171.13 - - [01/Mar/2023:04:33:21 -0800] "GET /index.php?camp-fire%2F33721570.html HTTP/1.1" 500 - "-" "Mozilla/5.0 (compatible; SemrushBot/7~bl; +http://www.semrush.com/bot.html)" "mantech8.com"
185.191.171.3 - - [01/Mar/2023:04:33:49 -0800] "GET /index.php?camp-fire%2F13005476.html HTTP/1.1" 500 - "-" "Mozilla/5.0 (compatible; SemrushBot/7~bl; +http://www.semrush.com/bot.html)" "mantech8.com"
185.191.171.6 - - [01/Mar/2023:04:33:54 -0800] "GET /index.php?camp-fire%2F40010476.html HTTP/1.1" 500 - "-" "Mozilla/5.0 (compatible; SemrushBot/7~bl; +http://www.semrush.com/bot.html)" "mantech8.com"
185.191.171.16 - - [01/Mar/2023:04:34:02 -0800] "GET /index.php/camp-fire/18684161.html HTTP/1.1" 500 - "-" "Mozilla/5.0 (compatible; SemrushBot/7~bl; +http://www.semrush.com/bot.html)" "mantech8.com"
114.119.144.51 - - [01/Mar/2023:04:34:27 -0800] "GET /index.php?sitemap18.xml HTTP/1.1" 500 - "-" "Mozilla/5.0 (Linux; Android 7.0;) AppleWebKit/537.36 (KHTML, like Gecko) Mobile Safari/537.36 (compatible; PetalBot;+https://webmaster.petalsearch.com/site/petalbot)" "mantech8.com"
185.191.171.15 - - [01/Mar/2023:04:34:57 -0800] "GET /index.php?camp-fire%2F39237035.html HTTP/1.1" 500 - "-" "Mozilla/5.0 (compatible; SemrushBot/7~bl; +http://www.semrush.com/bot.html)" "mantech8.com"
185.191.171.21 - - [01/Mar/2023:04:35:03 -0800] "GET /index.php/camp-fire/1841359.html HTTP/1.1" 500 - "-" "Mozilla/5.0 (compatible; SemrushBot/7~bl; +http://www.semrush.com/bot.html)" "mantech8.com"
185.191.171.45 - - [01/Mar/2023:04:35:04 -0800] "GET /index.php?camp-fire%2F30686941.html HTTP/1.1" 500 - "-" "Mozilla/5.0 (compatible; SemrushBot/7~bl; +http://www.semrush.com/bot.html)" "mantech8.com"
185.191.171.45 - - [01/Mar/2023:04:35:29 -0800] "GET /index.php?camp-fire%2F78487990.html HTTP/1.1" 500 - "-" "Mozilla/5.0 (compatible; SemrushBot/7~bl; +http://www.semrush.com/bot.html)" "mantech8.com"
185.191.171.3 - - [01/Mar/2023:04:35:33 -0800] "GET /index.php?camp-fire%2F37823278.html HTTP/1.1" 500 - "-" "Mozilla/5.0 (compatible; SemrushBot/7~bl; +http://www.semrush.com/bot.html)" "mantech8.com"
185.191.171.3 - - [01/Mar/2023:04:37:09 -0800] "GET /index.php?camp-fire%2F39599517.html HTTP/1.1" 500 - "-" "Mozilla/5.0 (compatible; SemrushBot/7~bl; +http://www.semrush.com/bot.html)" "mantech8.com"
185.191.171.3 - - [01/Mar/2023:04:37:11 -0800] "GET /index.php?camp-fire%2F35271738.html HTTP/1.1" 500 - "-" "Mozilla/5.0 (compatible; SemrushBot/7~bl; +http://www.semrush.com/bot.html)" "mantech8.com"
185.191.171.11 - - [01/Mar/2023:04:37:12 -0800] "GET /index.php?camp-fire%2F34358208.html HTTP/1.1" 500 - "-" "Mozilla/5.0 (compatible; SemrushBot/7~bl; +http://www.semrush.com/bot.html)" "mantech8.com"
185.191.171.43 - - [01/Mar/2023:04:37:46 -0800] "GET /index.php?camp-fire%2F38834917.html HTTP/1.1" 500 - "-" "Mozilla/5.0 (compatible; SemrushBot/7~bl; +http://www.semrush.com/bot.html)" "mantech8.com"
40.77.167.211 - - [01/Mar/2023:04:38:23 -0800] "GET /index.php/b68edefb HTTP/1.1" 500 - "-" "Mozilla/5.0 AppleWebKit/537.36 (KHTML, like Gecko; compatible; bingbot/2.0; +http://www.bing.com/bingbot.htm) Chrome/103.0.5060.134 Safari/537.36" "mantech8.com"
52.167.144.95 - - [01/Mar/2023:04:38:32 -0800] "GET /index.php/zsuz-afc7ddbeed-sobor.ii HTTP/1.1" 500 - "-" "Mozilla/5.0 AppleWebKit/537.36 (KHTML, like Gecko; compatible; bingbot/2.0; +http://www.bing.com/bingbot.htm) Chrome/103.0.5060.134 Safari/537.36" "mantech8.com"
