40.77.167.211 - - [27/Feb/2023:18:12:16 -0800] "GET /index.php/vmbp-45eedc-ujmcw.ii HTTP/1.1" 500 - "-" "Mozilla/5.0 AppleWebKit/537.36 (KHTML, like Gecko; compatible; bingbot/2.0; +http://www.bing.com/bingbot.htm) Chrome/103.0.5060.134 Safari/537.36" "mantech8.com"
40.77.167.211 - - [27/Feb/2023:18:12:16 -0800] "GET /index.php/wtzk-1ada9cee-n1ook.ii HTTP/1.1" 500 - "-" "Mozilla/5.0 AppleWebKit/537.36 (KHTML, like Gecko; compatible; bingbot/2.0; +http://www.bing.com/bingbot.htm) Chrome/103.0.5060.134 Safari/537.36" "mantech8.com"
52.167.144.70 - - [27/Feb/2023:18:12:21 -0800] "GET /index.php/pstd-4cfd-iszlg.ii HTTP/1.1" 500 - "-" "Mozilla/5.0 AppleWebKit/537.36 (KHTML, like Gecko; compatible; bingbot/2.0; +http://www.bing.com/bingbot.htm) Chrome/103.0.5060.134 Safari/537.36" "mantech8.com"
52.167.144.70 - - [27/Feb/2023:18:12:21 -0800] "GET /index.php/730eccbd HTTP/1.1" 500 - "-" "Mozilla/5.0 AppleWebKit/537.36 (KHTML, like Gecko; compatible; bingbot/2.0; +http://www.bing.com/bingbot.htm) Chrome/103.0.5060.134 Safari/537.36" "mantech8.com"
185.191.171.22 - - [27/Feb/2023:18:12:41 -0800] "GET /index.php?camp-fire%2F37249671.html HTTP/1.1" 500 - "-" "Mozilla/5.0 (compatible; SemrushBot/7~bl; +http://www.semrush.com/bot.html)" "mantech8.com"
52.167.144.84 - - [27/Feb/2023:18:12:46 -0800] "GET /index.php/s0kv-deabdc-oenxp.ii HTTP/1.1" 500 - "-" "Mozilla/5.0 AppleWebKit/537.36 (KHTML, like Gecko; compatible; bingbot/2.0; +http://www.bing.com/bingbot.htm) Chrome/103.0.5060.134 Safari/537.36" "mantech8.com"
216.244.66.241 - - [27/Feb/2023:18:12:56 -0800] "GET /robots.txt HTTP/1.1" 200 68 "-" "Mozilla/5.0 (compatible; DotBot/1.2; +https://opensiteexplorer.org/dotbot; help@moz.com)" "mantech8.com"
216.244.66.241 - - [27/Feb/2023:18:12:56 -0800] "GET /robots.txt HTTP/1.1" 200 68 "-" "Mozilla/5.0 (compatible; DotBot/1.2; +https://opensiteexplorer.org/dotbot; help@moz.com)" "www.mantech8.com"
185.191.171.1 - - [27/Feb/2023:18:12:58 -0800] "GET /index.php?camp-fire%2F16100487.html HTTP/1.1" 500 - "-" "Mozilla/5.0 (compatible; SemrushBot/7~bl; +http://www.semrush.com/bot.html)" "mantech8.com"
40.77.167.178 - - [27/Feb/2023:18:13:21 -0800] "GET /index.php/egy1-e8dfb-vdafh.ii HTTP/1.1" 500 - "-" "Mozilla/5.0 AppleWebKit/537.36 (KHTML, like Gecko; compatible; bingbot/2.0; +http://www.bing.com/bingbot.htm) Chrome/103.0.5060.134 Safari/537.36" "mantech8.com"
185.191.171.10 - - [27/Feb/2023:18:13:29 -0800] "GET /index.php?camp-fire%2F16267772.html HTTP/1.1" 500 - "-" "Mozilla/5.0 (compatible; SemrushBot/7~bl; +http://www.semrush.com/bot.html)" "mantech8.com"
52.167.144.70 - - [27/Feb/2023:18:13:30 -0800] "GET /index.php/ec06bbddcf HTTP/1.1" 500 - "-" "Mozilla/5.0 AppleWebKit/537.36 (KHTML, like Gecko; compatible; bingbot/2.0; +http://www.bing.com/bingbot.htm) Chrome/103.0.5060.134 Safari/537.36" "mantech8.com"
185.191.171.38 - - [27/Feb/2023:18:13:42 -0800] "GET /index.php/camp-fire/3956798.html HTTP/1.1" 500 - "-" "Mozilla/5.0 (compatible; SemrushBot/7~bl; +http://www.semrush.com/bot.html)" "mantech8.com"
52.167.144.70 - - [27/Feb/2023:18:13:51 -0800] "GET /index.php/nwtf-c8abecda-4auos.ii HTTP/1.1" 500 - "-" "Mozilla/5.0 AppleWebKit/537.36 (KHTML, like Gecko; compatible; bingbot/2.0; +http://www.bing.com/bingbot.htm) Chrome/103.0.5060.134 Safari/537.36" "mantech8.com"
52.167.144.70 - - [27/Feb/2023:18:13:51 -0800] "GET /index.php/txf8-cbffb-zari1.ii HTTP/1.1" 500 - "-" "Mozilla/5.0 AppleWebKit/537.36 (KHTML, like Gecko; compatible; bingbot/2.0; +http://www.bing.com/bingbot.htm) Chrome/103.0.5060.134 Safari/537.36" "mantech8.com"
185.191.171.12 - - [27/Feb/2023:18:14:04 -0800] "GET /index.php?camp-fire%2F29120966.html HTTP/1.1" 500 - "-" "Mozilla/5.0 (compatible; SemrushBot/7~bl; +http://www.semrush.com/bot.html)" "mantech8.com"
185.191.171.24 - - [27/Feb/2023:18:14:08 -0800] "GET /index.php?camp-fire%2F33146116.html HTTP/1.1" 500 - "-" "Mozilla/5.0 (compatible; SemrushBot/7~bl; +http://www.semrush.com/bot.html)" "mantech8.com"
40.77.167.211 - - [27/Feb/2023:18:14:26 -0800] "GET /index.php/egy1-3a3f6bbcef-vxf7l.ii HTTP/1.1" 500 - "-" "Mozilla/5.0 AppleWebKit/537.36 (KHTML, like Gecko; compatible; bingbot/2.0; +http://www.bing.com/bingbot.htm) Chrome/103.0.5060.134 Safari/537.36" "mantech8.com"
52.167.144.70 - - [27/Feb/2023:18:14:32 -0800] "GET / HTTP/1.1" 500 - "-" "Mozilla/5.0 AppleWebKit/537.36 (KHTML, like Gecko; compatible; bingbot/2.0; +http://www.bing.com/bingbot.htm) Chrome/103.0.5060.134 Safari/537.36" "www.mantech8.com"
185.191.171.41 - - [27/Feb/2023:18:14:35 -0800] "GET /index.php?camp-fire%2F39373235.html HTTP/1.1" 500 - "-" "Mozilla/5.0 (compatible; SemrushBot/7~bl; +http://www.semrush.com/bot.html)" "mantech8.com"
185.191.171.7 - - [27/Feb/2023:18:14:39 -0800] "GET /index.php?camp-fire%2F35015925.html HTTP/1.1" 500 - "-" "Mozilla/5.0 (compatible; SemrushBot/7~bl; +http://www.semrush.com/bot.html)" "mantech8.com"
185.191.171.9 - - [27/Feb/2023:18:14:40 -0800] "GET /index.php?camp-fire%2F44441759.html HTTP/1.1" 500 - "-" "Mozilla/5.0 (compatible; SemrushBot/7~bl; +http://www.semrush.com/bot.html)" "mantech8.com"
40.77.167.178 - - [27/Feb/2023:18:14:42 -0800] "GET /index.php/Mcko-bfdebaacc-VbJnX.Ii HTTP/1.1" 500 - "-" "Mozilla/5.0 AppleWebKit/537.36 (KHTML, like Gecko; compatible; bingbot/2.0; +http://www.bing.com/bingbot.htm) Chrome/103.0.5060.134 Safari/537.36" "mantech8.com"
185.191.171.17 - - [27/Feb/2023:18:15:12 -0800] "GET /index.php?camp-fire%2F30900117.html HTTP/1.1" 500 - "-" "Mozilla/5.0 (compatible; SemrushBot/7~bl; +http://www.semrush.com/bot.html)" "mantech8.com"
185.191.171.1 - - [27/Feb/2023:18:15:18 -0800] "GET /index.php?camp-fire%2F32402460.html HTTP/1.1" 500 - "-" "Mozilla/5.0 (compatible; SemrushBot/7~bl; +http://www.semrush.com/bot.html)" "mantech8.com"
185.191.171.7 - - [27/Feb/2023:18:15:21 -0800] "GET /index.php?camp-fire%2F40124388.html HTTP/1.1" 500 - "-" "Mozilla/5.0 (compatible; SemrushBot/7~bl; +http://www.semrush.com/bot.html)" "mantech8.com"
185.191.171.35 - - [27/Feb/2023:18:15:40 -0800] "GET /index.php?camp-fire%2F40193588.html HTTP/1.1" 500 - "-" "Mozilla/5.0 (compatible; SemrushBot/7~bl; +http://www.semrush.com/bot.html)" "mantech8.com"
185.191.171.17 - - [27/Feb/2023:18:15:51 -0800] "GET /index.php?camp-fire%2F33573708.html HTTP/1.1" 500 - "-" "Mozilla/5.0 (compatible; SemrushBot/7~bl; +http://www.semrush.com/bot.html)" "mantech8.com"
185.191.171.17 - - [27/Feb/2023:18:16:10 -0800] "GET /index.php?camp-fire%2F28843066.html HTTP/1.1" 500 - "-" "Mozilla/5.0 (compatible; SemrushBot/7~bl; +http://www.semrush.com/bot.html)" "mantech8.com"
185.191.171.7 - - [27/Feb/2023:18:16:19 -0800] "GET /index.php?camp-fire%2F27726771.html HTTP/1.1" 500 - "-" "Mozilla/5.0 (compatible; SemrushBot/7~bl; +http://www.semrush.com/bot.html)" "mantech8.com"
185.191.171.9 - - [27/Feb/2023:18:16:22 -0800] "GET /index.php?camp-fire%2F38836917.html HTTP/1.1" 500 - "-" "Mozilla/5.0 (compatible; SemrushBot/7~bl; +http://www.semrush.com/bot.html)" "mantech8.com"
52.167.144.80 - - [27/Feb/2023:18:16:51 -0800] "GET /index.php/zsuz-4faac-slivc.ii HTTP/1.1" 500 - "-" "Mozilla/5.0 AppleWebKit/537.36 (KHTML, like Gecko; compatible; bingbot/2.0; +http://www.bing.com/bingbot.htm) Chrome/103.0.5060.134 Safari/537.36" "mantech8.com"
52.167.144.80 - - [27/Feb/2023:18:16:51 -0800] "GET /index.php/mcko-ccebc-vgzfb.ii HTTP/1.1" 500 - "-" "Mozilla/5.0 AppleWebKit/537.36 (KHTML, like Gecko; compatible; bingbot/2.0; +http://www.bing.com/bingbot.htm) Chrome/103.0.5060.134 Safari/537.36" "mantech8.com"
52.167.144.80 - - [27/Feb/2023:18:16:52 -0800] "GET /index.php/wtzk-83becadaf-n1qbr.ii HTTP/1.1" 500 - "-" "Mozilla/5.0 AppleWebKit/537.36 (KHTML, like Gecko; compatible; bingbot/2.0; +http://www.bing.com/bingbot.htm) Chrome/103.0.5060.134 Safari/537.36" "mantech8.com"
52.167.144.80 - - [27/Feb/2023:18:16:52 -0800] "GET /index.php/81adaebcd HTTP/1.1" 500 - "-" "Mozilla/5.0 AppleWebKit/537.36 (KHTML, like Gecko; compatible; bingbot/2.0; +http://www.bing.com/bingbot.htm) Chrome/103.0.5060.134 Safari/537.36" "mantech8.com"
52.167.144.80 - - [27/Feb/2023:18:16:52 -0800] "GET /index.php/pstd-3e4dbbbeb-iszjd.ii HTTP/1.1" 500 - "-" "Mozilla/5.0 AppleWebKit/537.36 (KHTML, like Gecko; compatible; bingbot/2.0; +http://www.bing.com/bingbot.htm) Chrome/103.0.5060.134 Safari/537.36" "mantech8.com"
52.167.144.80 - - [27/Feb/2023:18:16:53 -0800] "GET /index.php/e2851afab HTTP/1.1" 500 - "-" "Mozilla/5.0 AppleWebKit/537.36 (KHTML, like Gecko; compatible; bingbot/2.0; +http://www.bing.com/bingbot.htm) Chrome/103.0.5060.134 Safari/537.36" "mantech8.com"
52.167.144.80 - - [27/Feb/2023:18:16:53 -0800] "GET /index.php/egy1-9efbfe-vdt1i.ii HTTP/1.1" 500 - "-" "Mozilla/5.0 AppleWebKit/537.36 (KHTML, like Gecko; compatible; bingbot/2.0; +http://www.bing.com/bingbot.htm) Chrome/103.0.5060.134 Safari/537.36" "mantech8.com"
52.167.144.80 - - [27/Feb/2023:18:16:53 -0800] "GET /index.php/46fb7fdfa HTTP/1.1" 500 - "-" "Mozilla/5.0 AppleWebKit/537.36 (KHTML, like Gecko; compatible; bingbot/2.0; +http://www.bing.com/bingbot.htm) Chrome/103.0.5060.134 Safari/537.36" "mantech8.com"
52.167.144.80 - - [27/Feb/2023:18:16:59 -0800] "GET /index.php/c1cf HTTP/1.1" 500 - "-" "Mozilla/5.0 AppleWebKit/537.36 (KHTML, like Gecko; compatible; bingbot/2.0; +http://www.bing.com/bingbot.htm) Chrome/103.0.5060.134 Safari/537.36" "mantech8.com"
52.167.144.80 - - [27/Feb/2023:18:16:59 -0800] "GET /index.php/3568aaceb HTTP/1.1" 500 - "-" "Mozilla/5.0 AppleWebKit/537.36 (KHTML, like Gecko; compatible; bingbot/2.0; +http://www.bing.com/bingbot.htm) Chrome/103.0.5060.134 Safari/537.36" "mantech8.com"
185.191.171.25 - - [27/Feb/2023:18:17:02 -0800] "GET /robots.txt HTTP/1.1" 200 84 "-" "Mozilla/5.0 (compatible; SemrushBot/7~bl; +http://www.semrush.com/bot.html)" "mantech8.com"
185.191.171.1 - - [27/Feb/2023:18:17:02 -0800] "GET /index.php?camp-fire%2F37462724.html HTTP/1.1" 500 - "-" "Mozilla/5.0 (compatible; SemrushBot/7~bl; +http://www.semrush.com/bot.html)" "mantech8.com"
185.191.171.43 - - [27/Feb/2023:18:17:06 -0800] "GET /index.php?camp-fire%2F37011938.html HTTP/1.1" 500 - "-" "Mozilla/5.0 (compatible; SemrushBot/7~bl; +http://www.semrush.com/bot.html)" "mantech8.com"
52.167.144.84 - - [27/Feb/2023:18:17:08 -0800] "GET / HTTP/1.1" 500 - "-" "Mozilla/5.0 AppleWebKit/537.36 (KHTML, like Gecko; compatible; bingbot/2.0; +http://www.bing.com/bingbot.htm) Chrome/103.0.5060.134 Safari/537.36" "www.mantech8.com"
40.77.167.211 - - [27/Feb/2023:18:17:15 -0800] "GET /index.php/nwtf-f5dcedbe-3p08b.ii HTTP/1.1" 500 - "-" "Mozilla/5.0 AppleWebKit/537.36 (KHTML, like Gecko; compatible; bingbot/2.0; +http://www.bing.com/bingbot.htm) Chrome/103.0.5060.134 Safari/537.36" "mantech8.com"
52.167.144.80 - - [27/Feb/2023:18:17:51 -0800] "GET /bimages/scafg/s10.jpg HTTP/1.1" 200 161684 "-" "Mozilla/5.0 AppleWebKit/537.36 (KHTML, like Gecko; compatible; bingbot/2.0; +http://www.bing.com/bingbot.htm) Chrome/103.0.5060.134 Safari/537.36" "www.mantech8.com"
185.191.171.33 - - [27/Feb/2023:18:17:56 -0800] "GET /index.php?camp-fire%2F38109272.html HTTP/1.1" 500 - "-" "Mozilla/5.0 (compatible; SemrushBot/7~bl; +http://www.semrush.com/bot.html)" "mantech8.com"
185.191.171.42 - - [27/Feb/2023:18:17:59 -0800] "GET /index.php?camp-fire%2F35525827.html HTTP/1.1" 500 - "-" "Mozilla/5.0 (compatible; SemrushBot/7~bl; +http://www.semrush.com/bot.html)" "mantech8.com"
185.191.171.33 - - [27/Feb/2023:18:18:01 -0800] "GET /index.php?camp-fire%2F40150788.html HTTP/1.1" 500 - "-" "Mozilla/5.0 (compatible; SemrushBot/7~bl; +http://www.semrush.com/bot.html)" "mantech8.com"
185.191.171.33 - - [27/Feb/2023:18:18:02 -0800] "GET /index.php?camp-fire%2F35113325.html HTTP/1.1" 500 - "-" "Mozilla/5.0 (compatible; SemrushBot/7~bl; +http://www.semrush.com/bot.html)" "mantech8.com"
185.191.171.3 - - [27/Feb/2023:18:18:19 -0800] "GET /index.php?camp-fire%2F30524941.html HTTP/1.1" 500 - "-" "Mozilla/5.0 (compatible; SemrushBot/7~bl; +http://www.semrush.com/bot.html)" "mantech8.com"
52.167.144.70 - - [27/Feb/2023:18:18:31 -0800] "GET /index.php/60cdc HTTP/1.1" 500 - "-" "Mozilla/5.0 AppleWebKit/537.36 (KHTML, like Gecko; compatible; bingbot/2.0; +http://www.bing.com/bingbot.htm) Chrome/103.0.5060.134 Safari/537.36" "mantech8.com"
114.119.136.14 - - [27/Feb/2023:18:18:49 -0800] "GET /bimages/electric/ HTTP/1.1" 200 420 "http://mantech8.com/bimages/" "Mozilla/5.0 (Linux; Android 7.0;) AppleWebKit/537.36 (KHTML, like Gecko) Mobile Safari/537.36 (compatible; PetalBot;+https://webmaster.petalsearch.com/site/petalbot)" "mantech8.com"
40.77.167.211 - - [27/Feb/2023:18:18:55 -0800] "GET /bimages/gallery/thump/paint%20b3.jpg HTTP/1.1" 200 148747 "-" "Mozilla/5.0 AppleWebKit/537.36 (KHTML, like Gecko; compatible; bingbot/2.0; +http://www.bing.com/bingbot.htm) Chrome/103.0.5060.134 Safari/537.36" "mantech8.com"
185.191.171.41 - - [27/Feb/2023:18:19:12 -0800] "GET /index.php?camp-fire%2F28544759.html HTTP/1.1" 500 - "-" "Mozilla/5.0 (compatible; SemrushBot/7~bl; +http://www.semrush.com/bot.html)" "mantech8.com"
52.167.144.95 - - [27/Feb/2023:18:19:25 -0800] "GET /index.php/d2cbd HTTP/1.1" 500 - "-" "Mozilla/5.0 AppleWebKit/537.36 (KHTML, like Gecko; compatible; bingbot/2.0; +http://www.bing.com/bingbot.htm) Chrome/103.0.5060.134 Safari/537.36" "mantech8.com"
52.167.144.84 - - [27/Feb/2023:18:19:30 -0800] "GET /?/xlzx/ HTTP/1.1" 500 - "-" "Mozilla/5.0 AppleWebKit/537.36 (KHTML, like Gecko; compatible; bingbot/2.0; +http://www.bing.com/bingbot.htm) Chrome/103.0.5060.134 Safari/537.36" "mantech8.com"
185.191.171.6 - - [27/Feb/2023:18:19:44 -0800] "GET /index.php?camp-fire%2F40398950.html HTTP/1.1" 500 - "-" "Mozilla/5.0 (compatible; SemrushBot/7~bl; +http://www.semrush.com/bot.html)" "mantech8.com"
52.167.144.80 - - [27/Feb/2023:18:20:11 -0800] "GET /index.php/nwtf-8ffbd-4aoom.ii HTTP/1.1" 500 - "-" "Mozilla/5.0 AppleWebKit/537.36 (KHTML, like Gecko; compatible; bingbot/2.0; +http://www.bing.com/bingbot.htm) Chrome/103.0.5060.134 Safari/537.36" "mantech8.com"
185.191.171.20 - - [27/Feb/2023:18:20:19 -0800] "GET /index.php?camp-fire%2F39886676.html HTTP/1.1" 500 - "-" "Mozilla/5.0 (compatible; SemrushBot/7~bl; +http://www.semrush.com/bot.html)" "mantech8.com"
185.191.171.40 - - [27/Feb/2023:18:20:25 -0800] "GET /index.php?camp-fire%2F32616825.html HTTP/1.1" 500 - "-" "Mozilla/5.0 (compatible; SemrushBot/7~bl; +http://www.semrush.com/bot.html)" "mantech8.com"
185.191.171.26 - - [27/Feb/2023:18:20:29 -0800] "GET /index.php?camp-fire%2F38817217.html HTTP/1.1" 500 - "-" "Mozilla/5.0 (compatible; SemrushBot/7~bl; +http://www.semrush.com/bot.html)" "mantech8.com"
52.167.144.70 - - [27/Feb/2023:18:20:42 -0800] "GET /index.php/wf2o-2ed6aafdf-g5chq.ii HTTP/1.1" 500 - "-" "Mozilla/5.0 AppleWebKit/537.36 (KHTML, like Gecko; compatible; bingbot/2.0; +http://www.bing.com/bingbot.htm) Chrome/103.0.5060.134 Safari/537.36" "mantech8.com"
185.191.171.3 - - [27/Feb/2023:18:20:45 -0800] "GET /index.php?camp-fire%2F30654755.html HTTP/1.1" 500 - "-" "Mozilla/5.0 (compatible; SemrushBot/7~bl; +http://www.semrush.com/bot.html)" "mantech8.com"
40.77.167.178 - - [27/Feb/2023:18:20:47 -0800] "GET /index.php/dous-cdc6ebcad-abrye.ii HTTP/1.1" 500 - "-" "Mozilla/5.0 AppleWebKit/537.36 (KHTML, like Gecko; compatible; bingbot/2.0; +http://www.bing.com/bingbot.htm) Chrome/103.0.5060.134 Safari/537.36" "mantech8.com"
185.191.171.17 - - [27/Feb/2023:18:20:54 -0800] "GET /index.php?camp-fire%2F33283616.html HTTP/1.1" 500 - "-" "Mozilla/5.0 (compatible; SemrushBot/7~bl; +http://www.semrush.com/bot.html)" "mantech8.com"
185.191.171.25 - - [27/Feb/2023:18:20:59 -0800] "GET /index.php?camp-fire%2F34563093.html HTTP/1.1" 500 - "-" "Mozilla/5.0 (compatible; SemrushBot/7~bl; +http://www.semrush.com/bot.html)" "mantech8.com"
185.191.171.1 - - [27/Feb/2023:18:21:02 -0800] "GET /index.php?camp-fire%2F35721138.html HTTP/1.1" 500 - "-" "Mozilla/5.0 (compatible; SemrushBot/7~bl; +http://www.semrush.com/bot.html)" "mantech8.com"
185.191.171.25 - - [27/Feb/2023:18:21:06 -0800] "GET /index.php?camp-fire%2F31967630.html HTTP/1.1" 500 - "-" "Mozilla/5.0 (compatible; SemrushBot/7~bl; +http://www.semrush.com/bot.html)" "mantech8.com"
185.191.171.7 - - [27/Feb/2023:18:21:16 -0800] "GET /index.php?camp-fire%2F33657108.html HTTP/1.1" 500 - "-" "Mozilla/5.0 (compatible; SemrushBot/7~bl; +http://www.semrush.com/bot.html)" "mantech8.com"
185.191.171.19 - - [27/Feb/2023:18:21:17 -0800] "GET /index.php?camp-fire%2F33968608.html HTTP/1.1" 500 - "-" "Mozilla/5.0 (compatible; SemrushBot/7~bl; +http://www.semrush.com/bot.html)" "mantech8.com"
185.191.171.14 - - [27/Feb/2023:18:21:22 -0800] "GET /index.php?camp-fire%2F40127435.html HTTP/1.1" 500 - "-" "Mozilla/5.0 (compatible; SemrushBot/7~bl; +http://www.semrush.com/bot.html)" "mantech8.com"
52.167.144.84 - - [27/Feb/2023:18:21:37 -0800] "GET /index.php/nwtf-8cd5eccdbb-4ancg.ii HTTP/1.1" 500 - "-" "Mozilla/5.0 AppleWebKit/537.36 (KHTML, like Gecko; compatible; bingbot/2.0; +http://www.bing.com/bingbot.htm) Chrome/103.0.5060.134 Safari/537.36" "mantech8.com"
185.191.171.21 - - [27/Feb/2023:18:21:37 -0800] "GET /index.php?camp-fire%2F39132503.html HTTP/1.1" 500 - "-" "Mozilla/5.0 (compatible; SemrushBot/7~bl; +http://www.semrush.com/bot.html)" "mantech8.com"
52.167.144.80 - - [27/Feb/2023:18:21:43 -0800] "GET /index.php/yhfg-6a9deebaa-pirum.ii HTTP/1.1" 500 - "-" "Mozilla/5.0 AppleWebKit/537.36 (KHTML, like Gecko; compatible; bingbot/2.0; +http://www.bing.com/bingbot.htm) Chrome/103.0.5060.134 Safari/537.36" "mantech8.com"
185.191.171.15 - - [27/Feb/2023:18:21:53 -0800] "GET /index.php?camp-fire%2F18012881.html HTTP/1.1" 500 - "-" "Mozilla/5.0 (compatible; SemrushBot/7~bl; +http://www.semrush.com/bot.html)" "mantech8.com"
185.191.171.13 - - [27/Feb/2023:18:22:05 -0800] "GET /index.php?camp-fire%2F63096788.html HTTP/1.1" 500 - "-" "Mozilla/5.0 (compatible; SemrushBot/7~bl; +http://www.semrush.com/bot.html)" "mantech8.com"
185.191.171.2 - - [27/Feb/2023:18:22:08 -0800] "GET /index.php?camp-fire%2F39696803.html HTTP/1.1" 500 - "-" "Mozilla/5.0 (compatible; SemrushBot/7~bl; +http://www.semrush.com/bot.html)" "mantech8.com"
185.191.171.1 - - [27/Feb/2023:18:22:10 -0800] "GET /index.php?camp-fire%2F39084835.html HTTP/1.1" 500 - "-" "Mozilla/5.0 (compatible; SemrushBot/7~bl; +http://www.semrush.com/bot.html)" "mantech8.com"
185.191.171.1 - - [27/Feb/2023:18:22:37 -0800] "GET /index.php?camp-fire%2F27864197.html HTTP/1.1" 500 - "-" "Mozilla/5.0 (compatible; SemrushBot/7~bl; +http://www.semrush.com/bot.html)" "mantech8.com"
185.191.171.42 - - [27/Feb/2023:18:22:51 -0800] "GET /index.php?camp-fire%2F25239050.html HTTP/1.1" 500 - "-" "Mozilla/5.0 (compatible; SemrushBot/7~bl; +http://www.semrush.com/bot.html)" "mantech8.com"
185.191.171.45 - - [27/Feb/2023:18:23:07 -0800] "GET /index.php/camp-fire/16692426.html HTTP/1.1" 500 - "-" "Mozilla/5.0 (compatible; SemrushBot/7~bl; +http://www.semrush.com/bot.html)" "mantech8.com"
185.191.171.9 - - [27/Feb/2023:18:23:39 -0800] "GET /index.php/camp-fire/14845487.html HTTP/1.1" 500 - "-" "Mozilla/5.0 (compatible; SemrushBot/7~bl; +http://www.semrush.com/bot.html)" "mantech8.com"
52.167.144.70 - - [27/Feb/2023:18:25:02 -0800] "GET /index.php/mcko-2b20fcada-vbvcc.ii HTTP/1.1" 500 - "-" "Mozilla/5.0 AppleWebKit/537.36 (KHTML, like Gecko; compatible; bingbot/2.0; +http://www.bing.com/bingbot.htm) Chrome/103.0.5060.134 Safari/537.36" "mantech8.com"
185.191.171.38 - - [27/Feb/2023:18:25:09 -0800] "GET /index.php?camp-fire%2F37032278.html HTTP/1.1" 500 - "-" "Mozilla/5.0 (compatible; SemrushBot/7~bl; +http://www.semrush.com/bot.html)" "mantech8.com"
185.191.171.24 - - [27/Feb/2023:18:25:11 -0800] "GET /index.php?camp-fire%2F39054492.html HTTP/1.1" 500 - "-" "Mozilla/5.0 (compatible; SemrushBot/7~bl; +http://www.semrush.com/bot.html)" "mantech8.com"
185.191.171.45 - - [27/Feb/2023:18:25:20 -0800] "GET /index.php?camp-fire%2F33138116.html HTTP/1.1" 500 - "-" "Mozilla/5.0 (compatible; SemrushBot/7~bl; +http://www.semrush.com/bot.html)" "mantech8.com"
185.191.171.12 - - [27/Feb/2023:18:25:21 -0800] "GET /index.php?camp-fire%2F39220759.html HTTP/1.1" 500 - "-" "Mozilla/5.0 (compatible; SemrushBot/7~bl; +http://www.semrush.com/bot.html)" "mantech8.com"
40.77.167.178 - - [27/Feb/2023:18:25:23 -0800] "GET /index.php/88efafcee HTTP/1.1" 500 - "-" "Mozilla/5.0 AppleWebKit/537.36 (KHTML, like Gecko; compatible; bingbot/2.0; +http://www.bing.com/bingbot.htm) Chrome/103.0.5060.134 Safari/537.36" "mantech8.com"
40.77.167.178 - - [27/Feb/2023:18:26:02 -0800] "GET /index.php/ce9ebdee HTTP/1.1" 500 - "-" "Mozilla/5.0 AppleWebKit/537.36 (KHTML, like Gecko; compatible; bingbot/2.0; +http://www.bing.com/bingbot.htm) Chrome/103.0.5060.134 Safari/537.36" "mantech8.com"
185.191.171.5 - - [27/Feb/2023:18:26:05 -0800] "GET /index.php/camp-fire/4288296.html HTTP/1.1" 500 - "-" "Mozilla/5.0 (compatible; SemrushBot/7~bl; +http://www.semrush.com/bot.html)" "mantech8.com"
52.167.144.80 - - [27/Feb/2023:18:26:06 -0800] "GET /index.php/26ddfd HTTP/1.1" 500 - "-" "Mozilla/5.0 AppleWebKit/537.36 (KHTML, like Gecko; compatible; bingbot/2.0; +http://www.bing.com/bingbot.htm) Chrome/103.0.5060.134 Safari/537.36" "mantech8.com"
52.167.144.80 - - [27/Feb/2023:18:26:06 -0800] "GET /index.php/52cc/0ade HTTP/1.1" 500 - "-" "Mozilla/5.0 AppleWebKit/537.36 (KHTML, like Gecko; compatible; bingbot/2.0; +http://www.bing.com/bingbot.htm) Chrome/103.0.5060.134 Safari/537.36" "mantech8.com"
185.191.171.38 - - [27/Feb/2023:18:26:07 -0800] "GET /index.php?camp-fire%2F29355464.html HTTP/1.1" 500 - "-" "Mozilla/5.0 (compatible; SemrushBot/7~bl; +http://www.semrush.com/bot.html)" "mantech8.com"
185.191.171.21 - - [27/Feb/2023:18:26:15 -0800] "GET /index.php?camp-fire%2F30785641.html HTTP/1.1" 500 - "-" "Mozilla/5.0 (compatible; SemrushBot/7~bl; +http://www.semrush.com/bot.html)" "mantech8.com"
185.191.171.18 - - [27/Feb/2023:18:26:19 -0800] "GET /index.php?camp-fire%2F31585241.html HTTP/1.1" 500 - "-" "Mozilla/5.0 (compatible; SemrushBot/7~bl; +http://www.semrush.com/bot.html)" "mantech8.com"
40.77.167.178 - - [27/Feb/2023:18:26:34 -0800] "GET /index.php/fcdba HTTP/1.1" 500 - "-" "Mozilla/5.0 AppleWebKit/537.36 (KHTML, like Gecko; compatible; bingbot/2.0; +http://www.bing.com/bingbot.htm) Chrome/103.0.5060.134 Safari/537.36" "mantech8.com"
185.191.171.2 - - [27/Feb/2023:18:26:35 -0800] "GET /index.php?camp-fire%2F31713682.html HTTP/1.1" 500 - "-" "Mozilla/5.0 (compatible; SemrushBot/7~bl; +http://www.semrush.com/bot.html)" "mantech8.com"
40.77.167.211 - - [27/Feb/2023:18:26:38 -0800] "GET /index.php/mkjw-a6bb-byjpn.ii HTTP/1.1" 500 - "-" "Mozilla/5.0 AppleWebKit/537.36 (KHTML, like Gecko; compatible; bingbot/2.0; +http://www.bing.com/bingbot.htm) Chrome/103.0.5060.134 Safari/537.36" "mantech8.com"
185.191.171.8 - - [27/Feb/2023:18:26:38 -0800] "GET /index.php?camp-fire%2F35754638.html HTTP/1.1" 500 - "-" "Mozilla/5.0 (compatible; SemrushBot/7~bl; +http://www.semrush.com/bot.html)" "mantech8.com"
40.77.167.211 - - [27/Feb/2023:18:26:39 -0800] "GET /index.php/b68edefb HTTP/1.1" 500 - "-" "Mozilla/5.0 AppleWebKit/537.36 (KHTML, like Gecko; compatible; bingbot/2.0; +http://www.bing.com/bingbot.htm) Chrome/103.0.5060.134 Safari/537.36" "mantech8.com"
185.191.171.1 - - [27/Feb/2023:18:26:53 -0800] "GET /index.php?camp-fire%2F56572349.html HTTP/1.1" 500 - "-" "Mozilla/5.0 (compatible; SemrushBot/7~bl; +http://www.semrush.com/bot.html)" "mantech8.com"
40.77.167.178 - - [27/Feb/2023:18:27:12 -0800] "GET /index.php/aps-d7dafeec-oktsc.ii HTTP/1.1" 500 - "-" "Mozilla/5.0 AppleWebKit/537.36 (KHTML, like Gecko; compatible; bingbot/2.0; +http://www.bing.com/bingbot.htm) Chrome/103.0.5060.134 Safari/537.36" "mantech8.com"
40.77.167.178 - - [27/Feb/2023:18:27:13 -0800] "GET /index.php/q5w4-11bfc-jpbtl.ii HTTP/1.1" 500 - "-" "Mozilla/5.0 AppleWebKit/537.36 (KHTML, like Gecko; compatible; bingbot/2.0; +http://www.bing.com/bingbot.htm) Chrome/103.0.5060.134 Safari/537.36" "mantech8.com"
185.191.171.10 - - [27/Feb/2023:18:27:17 -0800] "GET /index.php?camp-fire%2F28346971.html HTTP/1.1" 500 - "-" "Mozilla/5.0 (compatible; SemrushBot/7~bl; +http://www.semrush.com/bot.html)" "mantech8.com"
185.191.171.9 - - [27/Feb/2023:18:27:24 -0800] "GET /index.php?camp-fire%2F57066685.html HTTP/1.1" 500 - "-" "Mozilla/5.0 (compatible; SemrushBot/7~bl; +http://www.semrush.com/bot.html)" "mantech8.com"
52.167.144.95 - - [27/Feb/2023:18:27:46 -0800] "GET /index.php/egy1-5b1a1cebfa-vdhsf.ii HTTP/1.1" 500 - "-" "Mozilla/5.0 AppleWebKit/537.36 (KHTML, like Gecko; compatible; bingbot/2.0; +http://www.bing.com/bingbot.htm) Chrome/103.0.5060.134 Safari/537.36" "mantech8.com"
52.167.144.95 - - [27/Feb/2023:18:27:46 -0800] "GET /index.php/nwtf-ca66cfeca-3p3az.ii HTTP/1.1" 500 - "-" "Mozilla/5.0 AppleWebKit/537.36 (KHTML, like Gecko; compatible; bingbot/2.0; +http://www.bing.com/bingbot.htm) Chrome/103.0.5060.134 Safari/537.36" "mantech8.com"
52.167.144.95 - - [27/Feb/2023:18:27:47 -0800] "GET /?/nd.jsp?id=328 HTTP/1.1" 500 - "-" "Mozilla/5.0 AppleWebKit/537.36 (KHTML, like Gecko; compatible; bingbot/2.0; +http://www.bing.com/bingbot.htm) Chrome/103.0.5060.134 Safari/537.36" "mantech8.com"
185.191.171.2 - - [27/Feb/2023:18:27:54 -0800] "GET /index.php?camp-fire%2F33091316.html HTTP/1.1" 500 - "-" "Mozilla/5.0 (compatible; SemrushBot/7~bl; +http://www.semrush.com/bot.html)" "mantech8.com"
103.176.113.254 - - [27/Feb/2023:18:27:56 -0800] "POST / HTTP/1.1" 500 - "-" "Mozilla/5.0 (Macintosh; Intel Mac OS X 10_10_3) AppleWebKit/537.36 (KHTML, like Gecko) Chrome/45.0.2454.85 Safari/537.36" "mantech8.com"
185.191.171.6 - - [27/Feb/2023:18:27:58 -0800] "GET /index.php?camp-fire%2F35853442.html HTTP/1.1" 500 - "-" "Mozilla/5.0 (compatible; SemrushBot/7~bl; +http://www.semrush.com/bot.html)" "mantech8.com"
52.167.144.70 - - [27/Feb/2023:18:28:03 -0800] "GET /index.php/mcko-2e3eddeec-vhwxw.ii HTTP/1.1" 500 - "-" "Mozilla/5.0 AppleWebKit/537.36 (KHTML, like Gecko; compatible; bingbot/2.0; +http://www.bing.com/bingbot.htm) Chrome/103.0.5060.134 Safari/537.36" "mantech8.com"
185.191.171.41 - - [27/Feb/2023:18:28:04 -0800] "GET /index.php?camp-fire%2F52207150.html HTTP/1.1" 500 - "-" "Mozilla/5.0 (compatible; SemrushBot/7~bl; +http://www.semrush.com/bot.html)" "mantech8.com"
185.191.171.10 - - [27/Feb/2023:18:28:23 -0800] "GET /index.php?camp-fire%2F17597880.html HTTP/1.1" 500 - "-" "Mozilla/5.0 (compatible; SemrushBot/7~bl; +http://www.semrush.com/bot.html)" "mantech8.com"
52.167.144.95 - - [27/Feb/2023:18:28:26 -0800] "GET /index.php/q5w4-f1bcf-jk23q.ii HTTP/1.1" 500 - "-" "Mozilla/5.0 AppleWebKit/537.36 (KHTML, like Gecko; compatible; bingbot/2.0; +http://www.bing.com/bingbot.htm) Chrome/103.0.5060.134 Safari/537.36" "mantech8.com"
52.167.144.95 - - [27/Feb/2023:18:28:26 -0800] "GET /index.php/5942debfc HTTP/1.1" 500 - "-" "Mozilla/5.0 AppleWebKit/537.36 (KHTML, like Gecko; compatible; bingbot/2.0; +http://www.bing.com/bingbot.htm) Chrome/103.0.5060.134 Safari/537.36" "mantech8.com"
185.191.171.9 - - [27/Feb/2023:18:28:40 -0800] "GET /index.php?camp-fire%2F21903883.html HTTP/1.1" 500 - "-" "Mozilla/5.0 (compatible; SemrushBot/7~bl; +http://www.semrush.com/bot.html)" "mantech8.com"
185.191.171.24 - - [27/Feb/2023:18:28:43 -0800] "GET /index.php/camp-fire/26241482.html HTTP/1.1" 500 - "-" "Mozilla/5.0 (compatible; SemrushBot/7~bl; +http://www.semrush.com/bot.html)" "mantech8.com"
185.191.171.44 - - [27/Feb/2023:18:29:29 -0800] "GET /index.php?camp-fire%2F30637541.html HTTP/1.1" 500 - "-" "Mozilla/5.0 (compatible; SemrushBot/7~bl; +http://www.semrush.com/bot.html)" "mantech8.com"
185.191.171.43 - - [27/Feb/2023:18:30:01 -0800] "GET /index.php/camp-fire/27640509.html HTTP/1.1" 500 - "-" "Mozilla/5.0 (compatible; SemrushBot/7~bl; +http://www.semrush.com/bot.html)" "mantech8.com"
185.191.171.6 - - [27/Feb/2023:18:30:15 -0800] "GET /index.php?camp-fire%2F32957330.html HTTP/1.1" 500 - "-" "Mozilla/5.0 (compatible; SemrushBot/7~bl; +http://www.semrush.com/bot.html)" "mantech8.com"
52.167.144.95 - - [27/Feb/2023:18:30:26 -0800] "GET /index.php/332b9bad HTTP/1.1" 500 - "-" "Mozilla/5.0 AppleWebKit/537.36 (KHTML, like Gecko; compatible; bingbot/2.0; +http://www.bing.com/bingbot.htm) Chrome/103.0.5060.134 Safari/537.36" "mantech8.com"
185.191.171.35 - - [27/Feb/2023:18:30:46 -0800] "GET /index.php?camp-fire%2F35942406.html HTTP/1.1" 500 - "-" "Mozilla/5.0 (compatible; SemrushBot/7~bl; +http://www.semrush.com/bot.html)" "mantech8.com"
185.191.171.14 - - [27/Feb/2023:18:30:48 -0800] "GET /index.php?camp-fire%2F39575303.html HTTP/1.1" 500 - "-" "Mozilla/5.0 (compatible; SemrushBot/7~bl; +http://www.semrush.com/bot.html)" "mantech8.com"
185.191.171.26 - - [27/Feb/2023:18:30:56 -0800] "GET /index.php?camp-fire%2F56743174.html HTTP/1.1" 500 - "-" "Mozilla/5.0 (compatible; SemrushBot/7~bl; +http://www.semrush.com/bot.html)" "mantech8.com"
52.167.144.95 - - [27/Feb/2023:18:30:56 -0800] "GET /index.php/73efaf HTTP/1.1" 500 - "-" "Mozilla/5.0 AppleWebKit/537.36 (KHTML, like Gecko; compatible; bingbot/2.0; +http://www.bing.com/bingbot.htm) Chrome/103.0.5060.134 Safari/537.36" "mantech8.com"
185.191.171.21 - - [27/Feb/2023:18:30:58 -0800] "GET /index.php?camp-fire%2F21308980.html HTTP/1.1" 500 - "-" "Mozilla/5.0 (compatible; SemrushBot/7~bl; +http://www.semrush.com/bot.html)" "mantech8.com"
185.191.171.20 - - [27/Feb/2023:18:30:59 -0800] "GET /index.php/camp-fire/28453771.html HTTP/1.1" 500 - "-" "Mozilla/5.0 (compatible; SemrushBot/7~bl; +http://www.semrush.com/bot.html)" "mantech8.com"
40.77.167.211 - - [27/Feb/2023:18:31:08 -0800] "GET /index.php/2e4b4bdadf HTTP/1.1" 500 - "-" "Mozilla/5.0 AppleWebKit/537.36 (KHTML, like Gecko; compatible; bingbot/2.0; +http://www.bing.com/bingbot.htm) Chrome/103.0.5060.134 Safari/537.36" "mantech8.com"
185.191.171.33 - - [27/Feb/2023:18:31:09 -0800] "GET /index.php?camp-fire%2F37221178.html HTTP/1.1" 500 - "-" "Mozilla/5.0 (compatible; SemrushBot/7~bl; +http://www.semrush.com/bot.html)" "mantech8.com"
52.167.144.95 - - [27/Feb/2023:18:31:16 -0800] "GET /?/jyjx/crjy.htm HTTP/1.1" 500 - "-" "Mozilla/5.0 AppleWebKit/537.36 (KHTML, like Gecko; compatible; bingbot/2.0; +http://www.bing.com/bingbot.htm) Chrome/103.0.5060.134 Safari/537.36" "mantech8.com"
185.191.171.35 - - [27/Feb/2023:18:31:59 -0800] "GET /index.php?camp-fire%2F32180830.html HTTP/1.1" 500 - "-" "Mozilla/5.0 (compatible; SemrushBot/7~bl; +http://www.semrush.com/bot.html)" "mantech8.com"
185.191.171.11 - - [27/Feb/2023:18:32:07 -0800] "GET /index.php?camp-fire%2F31910930.html HTTP/1.1" 500 - "-" "Mozilla/5.0 (compatible; SemrushBot/7~bl; +http://www.semrush.com/bot.html)" "mantech8.com"
40.77.167.211 - - [27/Feb/2023:18:32:07 -0800] "GET /index.php/52cfca HTTP/1.1" 500 - "-" "Mozilla/5.0 AppleWebKit/537.36 (KHTML, like Gecko; compatible; bingbot/2.0; +http://www.bing.com/bingbot.htm) Chrome/103.0.5060.134 Safari/537.36" "mantech8.com"
52.167.144.80 - - [27/Feb/2023:18:32:24 -0800] "GET /index.php/e31edaec HTTP/1.1" 500 - "-" "Mozilla/5.0 AppleWebKit/537.36 (KHTML, like Gecko; compatible; bingbot/2.0; +http://www.bing.com/bingbot.htm) Chrome/103.0.5060.134 Safari/537.36" "mantech8.com"
185.191.171.18 - - [27/Feb/2023:18:32:40 -0800] "GET /index.php?camp-fire%2F38768603.html HTTP/1.1" 500 - "-" "Mozilla/5.0 (compatible; SemrushBot/7~bl; +http://www.semrush.com/bot.html)" "mantech8.com"
185.191.171.22 - - [27/Feb/2023:18:32:42 -0800] "GET /index.php?camp-fire%2F31561055.html HTTP/1.1" 500 - "-" "Mozilla/5.0 (compatible; SemrushBot/7~bl; +http://www.semrush.com/bot.html)" "mantech8.com"
52.167.144.80 - - [27/Feb/2023:18:32:44 -0800] "GET /index.php/nwtf-c1ea-3lwvx.ii HTTP/1.1" 500 - "-" "Mozilla/5.0 AppleWebKit/537.36 (KHTML, like Gecko; compatible; bingbot/2.0; +http://www.bing.com/bingbot.htm) Chrome/103.0.5060.134 Safari/537.36" "mantech8.com"
185.191.171.16 - - [27/Feb/2023:18:32:46 -0800] "GET /index.php?camp-fire%2F37268978.html HTTP/1.1" 500 - "-" "Mozilla/5.0 (compatible; SemrushBot/7~bl; +http://www.semrush.com/bot.html)" "mantech8.com"
185.191.171.41 - - [27/Feb/2023:18:32:48 -0800] "GET /index.php?camp-fire%2F17582680.html HTTP/1.1" 500 - "-" "Mozilla/5.0 (compatible; SemrushBot/7~bl; +http://www.semrush.com/bot.html)" "mantech8.com"
185.191.171.18 - - [27/Feb/2023:18:33:23 -0800] "GET /index.php?camp-fire%2F56179949.html HTTP/1.1" 500 - "-" "Mozilla/5.0 (compatible; SemrushBot/7~bl; +http://www.semrush.com/bot.html)" "mantech8.com"
185.191.171.18 - - [27/Feb/2023:18:33:28 -0800] "GET /index.php?camp-fire%2F24520006.html HTTP/1.1" 500 - "-" "Mozilla/5.0 (compatible; SemrushBot/7~bl; +http://www.semrush.com/bot.html)" "mantech8.com"
185.191.171.36 - - [27/Feb/2023:18:34:37 -0800] "GET /index.php?camp-fire%2F10480698.html HTTP/1.1" 500 - "-" "Mozilla/5.0 (compatible; SemrushBot/7~bl; +http://www.semrush.com/bot.html)" "mantech8.com"
185.191.171.38 - - [27/Feb/2023:18:34:41 -0800] "GET /index.php/camp-fire/44164733.html HTTP/1.1" 500 - "-" "Mozilla/5.0 (compatible; SemrushBot/7~bl; +http://www.semrush.com/bot.html)" "mantech8.com"
185.191.171.18 - - [27/Feb/2023:18:34:47 -0800] "GET /index.php?camp-fire%2F38034978.html HTTP/1.1" 500 - "-" "Mozilla/5.0 (compatible; SemrushBot/7~bl; +http://www.semrush.com/bot.html)" "mantech8.com"
185.191.171.21 - - [27/Feb/2023:18:34:54 -0800] "GET /index.php?camp-fire%2F38429103.html HTTP/1.1" 500 - "-" "Mozilla/5.0 (compatible; SemrushBot/7~bl; +http://www.semrush.com/bot.html)" "mantech8.com"
185.191.171.40 - - [27/Feb/2023:18:35:22 -0800] "GET /index.php?camp-fire%2F32621125.html HTTP/1.1" 500 - "-" "Mozilla/5.0 (compatible; SemrushBot/7~bl; +http://www.semrush.com/bot.html)" "mantech8.com"
40.77.167.211 - - [27/Feb/2023:18:35:27 -0800] "GET /index.php/gvdr-fc9dfbdde-vmnmp.ii HTTP/1.1" 500 - "-" "Mozilla/5.0 AppleWebKit/537.36 (KHTML, like Gecko; compatible; bingbot/2.0; +http://www.bing.com/bingbot.htm) Chrome/103.0.5060.134 Safari/537.36" "mantech8.com"
185.191.171.24 - - [27/Feb/2023:18:35:34 -0800] "GET /index.php/camp-fire/33883508.html HTTP/1.1" 500 - "-" "Mozilla/5.0 (compatible; SemrushBot/7~bl; +http://www.semrush.com/bot.html)" "mantech8.com"
185.191.171.41 - - [27/Feb/2023:18:35:41 -0800] "GET /index.php?camp-fire%2F36691209.html HTTP/1.1" 500 - "-" "Mozilla/5.0 (compatible; SemrushBot/7~bl; +http://www.semrush.com/bot.html)" "mantech8.com"
185.191.171.43 - - [27/Feb/2023:18:35:48 -0800] "GET /index.php?camp-fire%2F35399159.html HTTP/1.1" 500 - "-" "Mozilla/5.0 (compatible; SemrushBot/7~bl; +http://www.semrush.com/bot.html)" "mantech8.com"
185.191.171.18 - - [27/Feb/2023:18:35:50 -0800] "GET /index.php?camp-fire%2F32249659.html HTTP/1.1" 500 - "-" "Mozilla/5.0 (compatible; SemrushBot/7~bl; +http://www.semrush.com/bot.html)" "mantech8.com"
40.77.167.211 - - [27/Feb/2023:18:36:08 -0800] "GET /index.php/ba8s-ecbcff-08vpn.ii HTTP/1.1" 500 - "-" "Mozilla/5.0 AppleWebKit/537.36 (KHTML, like Gecko; compatible; bingbot/2.0; +http://www.bing.com/bingbot.htm) Chrome/103.0.5060.134 Safari/537.36" "mantech8.com"
216.244.66.241 - - [27/Feb/2023:18:36:16 -0800] "GET /bimages/gallery/thump/paint%20b1.jpg HTTP/1.1" 200 132815 "-" "Mozilla/5.0 (compatible; DotBot/1.2; +https://opensiteexplorer.org/dotbot; help@moz.com)" "www.mantech8.com"
40.77.167.211 - - [27/Feb/2023:18:36:18 -0800] "GET /index.php/nwtf-b558dbbcfd-3lrwp.ii HTTP/1.1" 500 - "-" "Mozilla/5.0 AppleWebKit/537.36 (KHTML, like Gecko; compatible; bingbot/2.0; +http://www.bing.com/bingbot.htm) Chrome/103.0.5060.134 Safari/537.36" "mantech8.com"
185.191.171.43 - - [27/Feb/2023:18:36:28 -0800] "GET /index.php?camp-fire%2F35924925.html HTTP/1.1" 500 - "-" "Mozilla/5.0 (compatible; SemrushBot/7~bl; +http://www.semrush.com/bot.html)" "mantech8.com"
52.167.144.95 - - [27/Feb/2023:18:36:37 -0800] "GET /index.php/e09babddc HTTP/1.1" 500 - "-" "Mozilla/5.0 AppleWebKit/537.36 (KHTML, like Gecko; compatible; bingbot/2.0; +http://www.bing.com/bingbot.htm) Chrome/103.0.5060.134 Safari/537.36" "mantech8.com"
185.191.171.39 - - [27/Feb/2023:18:36:53 -0800] "GET /index.php?camp-fire%2F33151916.html HTTP/1.1" 500 - "-" "Mozilla/5.0 (compatible; SemrushBot/7~bl; +http://www.semrush.com/bot.html)" "mantech8.com"
185.191.171.14 - - [27/Feb/2023:18:36:54 -0800] "GET /index.php?camp-fire%2F28256370.html HTTP/1.1" 500 - "-" "Mozilla/5.0 (compatible; SemrushBot/7~bl; +http://www.semrush.com/bot.html)" "mantech8.com"
185.191.171.12 - - [27/Feb/2023:18:37:25 -0800] "GET /index.php?camp-fire%2F14008359.html HTTP/1.1" 500 - "-" "Mozilla/5.0 (compatible; SemrushBot/7~bl; +http://www.semrush.com/bot.html)" "mantech8.com"
185.191.171.4 - - [27/Feb/2023:18:37:44 -0800] "GET /index.php/camp-fire/14921787.html HTTP/1.1" 500 - "-" "Mozilla/5.0 (compatible; SemrushBot/7~bl; +http://www.semrush.com/bot.html)" "mantech8.com"
185.191.171.4 - - [27/Feb/2023:18:37:57 -0800] "GET /index.php?camp-fire%2F47084532.html HTTP/1.1" 500 - "-" "Mozilla/5.0 (compatible; SemrushBot/7~bl; +http://www.semrush.com/bot.html)" "mantech8.com"
185.191.171.18 - - [27/Feb/2023:18:38:21 -0800] "GET /index.php?camp-fire%2F40300550.html HTTP/1.1" 500 - "-" "Mozilla/5.0 (compatible; SemrushBot/7~bl; +http://www.semrush.com/bot.html)" "mantech8.com"
185.191.171.33 - - [27/Feb/2023:18:38:23 -0800] "GET /index.php?camp-fire%2F39287272.html HTTP/1.1" 500 - "-" "Mozilla/5.0 (compatible; SemrushBot/7~bl; +http://www.semrush.com/bot.html)" "mantech8.com"
185.191.171.38 - - [27/Feb/2023:18:38:24 -0800] "GET /index.php?camp-fire%2F33732442.html HTTP/1.1" 500 - "-" "Mozilla/5.0 (compatible; SemrushBot/7~bl; +http://www.semrush.com/bot.html)" "mantech8.com"
185.191.171.4 - - [27/Feb/2023:18:38:38 -0800] "GET /index.php?camp-fire%2F32583868.html HTTP/1.1" 500 - "-" "Mozilla/5.0 (compatible; SemrushBot/7~bl; +http://www.semrush.com/bot.html)" "mantech8.com"
185.191.171.33 - - [27/Feb/2023:18:38:41 -0800] "GET /index.php?camp-fire%2F35913638.html HTTP/1.1" 500 - "-" "Mozilla/5.0 (compatible; SemrushBot/7~bl; +http://www.semrush.com/bot.html)" "mantech8.com"
185.191.171.9 - - [27/Feb/2023:18:38:49 -0800] "GET /index.php?camp-fire%2F32386721.html HTTP/1.1" 500 - "-" "Mozilla/5.0 (compatible; SemrushBot/7~bl; +http://www.semrush.com/bot.html)" "mantech8.com"
185.191.171.33 - - [27/Feb/2023:18:39:07 -0800] "GET /index.php?camp-fire%2F24561230.html HTTP/1.1" 500 - "-" "Mozilla/5.0 (compatible; SemrushBot/7~bl; +http://www.semrush.com/bot.html)" "mantech8.com"
114.119.151.206 - - [27/Feb/2023:18:39:47 -0800] "GET /bimages/cleang/thump/?C=N%3BO%3DD HTTP/1.1" 200 462 "http://www.mantech8.com/bimages/cleang/thump/?C=M%3BO%3DA" "Mozilla/5.0 (Linux; Android 7.0;) AppleWebKit/537.36 (KHTML, like Gecko) Mobile Safari/537.36 (compatible; PetalBot;+https://webmaster.petalsearch.com/site/petalbot)" "www.mantech8.com"
185.191.171.9 - - [27/Feb/2023:18:40:12 -0800] "GET /index.php/camp-fire/2410993.html HTTP/1.1" 500 - "-" "Mozilla/5.0 (compatible; SemrushBot/7~bl; +http://www.semrush.com/bot.html)" "mantech8.com"
52.167.144.84 - - [27/Feb/2023:18:40:19 -0800] "GET /index.php/e8ddb HTTP/1.1" 500 - "-" "Mozilla/5.0 AppleWebKit/537.36 (KHTML, like Gecko; compatible; bingbot/2.0; +http://www.bing.com/bingbot.htm) Chrome/103.0.5060.134 Safari/537.36" "mantech8.com"
52.167.144.84 - - [27/Feb/2023:18:40:20 -0800] "GET /index.php/36cfb HTTP/1.1" 500 - "-" "Mozilla/5.0 AppleWebKit/537.36 (KHTML, like Gecko; compatible; bingbot/2.0; +http://www.bing.com/bingbot.htm) Chrome/103.0.5060.134 Safari/537.36" "mantech8.com"
52.167.144.84 - - [27/Feb/2023:18:40:20 -0800] "GET /index.php/c894acbbc HTTP/1.1" 500 - "-" "Mozilla/5.0 AppleWebKit/537.36 (KHTML, like Gecko; compatible; bingbot/2.0; +http://www.bing.com/bingbot.htm) Chrome/103.0.5060.134 Safari/537.36" "mantech8.com"
185.191.171.44 - - [27/Feb/2023:18:40:25 -0800] "GET /index.php?camp-fire%2F33211225.html HTTP/1.1" 500 - "-" "Mozilla/5.0 (compatible; SemrushBot/7~bl; +http://www.semrush.com/bot.html)" "mantech8.com"
185.191.171.12 - - [27/Feb/2023:18:40:36 -0800] "GET /index.php?camp-fire%2F27926559.html HTTP/1.1" 500 - "-" "Mozilla/5.0 (compatible; SemrushBot/7~bl; +http://www.semrush.com/bot.html)" "mantech8.com"
52.167.144.84 - - [27/Feb/2023:18:40:49 -0800] "GET /index.php/43ed HTTP/1.1" 500 - "-" "Mozilla/5.0 AppleWebKit/537.36 (KHTML, like Gecko; compatible; bingbot/2.0; +http://www.bing.com/bingbot.htm) Chrome/103.0.5060.134 Safari/537.36" "mantech8.com"
52.167.144.95 - - [27/Feb/2023:18:40:57 -0800] "GET /index.php/naq6-9a6d3bee-iiztz.ii HTTP/1.1" 500 - "-" "Mozilla/5.0 AppleWebKit/537.36 (KHTML, like Gecko; compatible; bingbot/2.0; +http://www.bing.com/bingbot.htm) Chrome/103.0.5060.134 Safari/537.36" "mantech8.com"
185.191.171.16 - - [27/Feb/2023:18:41:04 -0800] "GET /index.php?camp-fire%2F34781208.html HTTP/1.1" 500 - "-" "Mozilla/5.0 (compatible; SemrushBot/7~bl; +http://www.semrush.com/bot.html)" "mantech8.com"
185.191.171.6 - - [27/Feb/2023:18:41:18 -0800] "GET /index.php?camp-fire%2F33093630.html HTTP/1.1" 500 - "-" "Mozilla/5.0 (compatible; SemrushBot/7~bl; +http://www.semrush.com/bot.html)" "mantech8.com"
185.191.171.22 - - [27/Feb/2023:18:42:02 -0800] "GET /index.php?camp-fire%2F36195538.html HTTP/1.1" 500 - "-" "Mozilla/5.0 (compatible; SemrushBot/7~bl; +http://www.semrush.com/bot.html)" "mantech8.com"
185.191.171.35 - - [27/Feb/2023:18:42:04 -0800] "GET /index.php?camp-fire%2F45497135.html HTTP/1.1" 500 - "-" "Mozilla/5.0 (compatible; SemrushBot/7~bl; +http://www.semrush.com/bot.html)" "mantech8.com"
185.191.171.45 - - [27/Feb/2023:18:42:11 -0800] "GET /index.php?camp-fire%2F50470082.html HTTP/1.1" 500 - "-" "Mozilla/5.0 (compatible; SemrushBot/7~bl; +http://www.semrush.com/bot.html)" "mantech8.com"
52.167.144.95 - - [27/Feb/2023:18:42:17 -0800] "GET /index.php/nwtf-17c1dccda-4ayjo.ii HTTP/1.1" 500 - "-" "Mozilla/5.0 AppleWebKit/537.36 (KHTML, like Gecko; compatible; bingbot/2.0; +http://www.bing.com/bingbot.htm) Chrome/103.0.5060.134 Safari/537.36" "mantech8.com"
40.77.167.211 - - [27/Feb/2023:18:42:28 -0800] "GET /?/art/40.html HTTP/1.1" 500 - "-" "Mozilla/5.0 AppleWebKit/537.36 (KHTML, like Gecko; compatible; bingbot/2.0; +http://www.bing.com/bingbot.htm) Chrome/103.0.5060.134 Safari/537.36" "mantech8.com"
185.191.171.15 - - [27/Feb/2023:18:42:33 -0800] "GET /index.php/camp-fire/28585409.html HTTP/1.1" 500 - "-" "Mozilla/5.0 (compatible; SemrushBot/7~bl; +http://www.semrush.com/bot.html)" "mantech8.com"
40.77.167.211 - - [27/Feb/2023:18:42:38 -0800] "GET /index.php?/category37/ HTTP/1.1" 500 - "-" "Mozilla/5.0 AppleWebKit/537.36 (KHTML, like Gecko; compatible; bingbot/2.0; +http://www.bing.com/bingbot.htm) Chrome/103.0.5060.134 Safari/537.36" "www.mantech8.com"
40.77.167.211 - - [27/Feb/2023:18:42:38 -0800] "GET /index.php?/talk/ HTTP/1.1" 500 - "-" "Mozilla/5.0 AppleWebKit/537.36 (KHTML, like Gecko; compatible; bingbot/2.0; +http://www.bing.com/bingbot.htm) Chrome/103.0.5060.134 Safari/537.36" "www.mantech8.com"
40.77.167.211 - - [27/Feb/2023:18:42:38 -0800] "GET /index.php?/zcpt/ HTTP/1.1" 500 - "-" "Mozilla/5.0 AppleWebKit/537.36 (KHTML, like Gecko; compatible; bingbot/2.0; +http://www.bing.com/bingbot.htm) Chrome/103.0.5060.134 Safari/537.36" "www.mantech8.com"
185.191.171.45 - - [27/Feb/2023:18:42:39 -0800] "GET /index.php?camp-fire%2F1435559.html HTTP/1.1" 500 - "-" "Mozilla/5.0 (compatible; SemrushBot/7~bl; +http://www.semrush.com/bot.html)" "mantech8.com"
40.77.167.211 - - [27/Feb/2023:18:42:39 -0800] "GET /index.php?/atelier/ HTTP/1.1" 500 - "-" "Mozilla/5.0 AppleWebKit/537.36 (KHTML, like Gecko; compatible; bingbot/2.0; +http://www.bing.com/bingbot.htm) Chrome/103.0.5060.134 Safari/537.36" "www.mantech8.com"
52.167.144.95 - - [27/Feb/2023:18:42:42 -0800] "GET /certificate.php HTTP/1.1" 200 20241 "-" "Mozilla/5.0 AppleWebKit/537.36 (KHTML, like Gecko; compatible; bingbot/2.0; +http://www.bing.com/bingbot.htm) Chrome/103.0.5060.134 Safari/537.36" "www.mantech8.com"
52.167.144.95 - - [27/Feb/2023:18:42:43 -0800] "GET /index.php?/contactus/ HTTP/1.1" 500 - "-" "Mozilla/5.0 AppleWebKit/537.36 (KHTML, like Gecko; compatible; bingbot/2.0; +http://www.bing.com/bingbot.htm) Chrome/103.0.5060.134 Safari/537.36" "www.mantech8.com"
52.167.144.95 - - [27/Feb/2023:18:42:43 -0800] "GET /index.php?/kaigohoken1 HTTP/1.1" 500 - "-" "Mozilla/5.0 AppleWebKit/537.36 (KHTML, like Gecko; compatible; bingbot/2.0; +http://www.bing.com/bingbot.htm) Chrome/103.0.5060.134 Safari/537.36" "www.mantech8.com"
52.167.144.95 - - [27/Feb/2023:18:42:43 -0800] "GET /index.php?/posts/2718 HTTP/1.1" 500 - "-" "Mozilla/5.0 AppleWebKit/537.36 (KHTML, like Gecko; compatible; bingbot/2.0; +http://www.bing.com/bingbot.htm) Chrome/103.0.5060.134 Safari/537.36" "www.mantech8.com"
52.167.144.95 - - [27/Feb/2023:18:42:43 -0800] "GET /index.php?/takizawa_it HTTP/1.1" 500 - "-" "Mozilla/5.0 AppleWebKit/537.36 (KHTML, like Gecko; compatible; bingbot/2.0; +http://www.bing.com/bingbot.htm) Chrome/103.0.5060.134 Safari/537.36" "www.mantech8.com"
52.167.144.95 - - [27/Feb/2023:18:42:44 -0800] "GET /index.php?c=product&a=type&tid=55 HTTP/1.1" 500 - "-" "Mozilla/5.0 AppleWebKit/537.36 (KHTML, like Gecko; compatible; bingbot/2.0; +http://www.bing.com/bingbot.htm) Chrome/103.0.5060.134 Safari/537.36" "www.mantech8.com"
52.167.144.95 - - [27/Feb/2023:18:42:44 -0800] "GET /index.php/ccabe HTTP/1.1" 500 - "-" "Mozilla/5.0 AppleWebKit/537.36 (KHTML, like Gecko; compatible; bingbot/2.0; +http://www.bing.com/bingbot.htm) Chrome/103.0.5060.134 Safari/537.36" "www.mantech8.com"
52.167.144.80 - - [27/Feb/2023:18:42:45 -0800] "GET /index.php?/category36/ HTTP/1.1" 500 - "-" "Mozilla/5.0 AppleWebKit/537.36 (KHTML, like Gecko; compatible; bingbot/2.0; +http://www.bing.com/bingbot.htm) Chrome/103.0.5060.134 Safari/537.36" "www.mantech8.com"
52.167.144.70 - - [27/Feb/2023:18:42:49 -0800] "GET /index.php?/on-line/ HTTP/1.1" 500 - "-" "Mozilla/5.0 AppleWebKit/537.36 (KHTML, like Gecko; compatible; bingbot/2.0; +http://www.bing.com/bingbot.htm) Chrome/103.0.5060.134 Safari/537.36" "www.mantech8.com"
52.167.144.84 - - [27/Feb/2023:18:42:50 -0800] "GET /index.php?/ershi HTTP/1.1" 500 - "-" "Mozilla/5.0 AppleWebKit/537.36 (KHTML, like Gecko; compatible; bingbot/2.0; +http://www.bing.com/bingbot.htm) Chrome/103.0.5060.134 Safari/537.36" "www.mantech8.com"
52.167.144.70 - - [27/Feb/2023:18:42:50 -0800] "GET /index.php?/page/25 HTTP/1.1" 500 - "-" "Mozilla/5.0 AppleWebKit/537.36 (KHTML, like Gecko; compatible; bingbot/2.0; +http://www.bing.com/bingbot.htm) Chrome/103.0.5060.134 Safari/537.36" "www.mantech8.com"
52.167.144.70 - - [27/Feb/2023:18:42:50 -0800] "GET /index.php?/xxgknb/ HTTP/1.1" 500 - "-" "Mozilla/5.0 AppleWebKit/537.36 (KHTML, like Gecko; compatible; bingbot/2.0; +http://www.bing.com/bingbot.htm) Chrome/103.0.5060.134 Safari/537.36" "www.mantech8.com"
52.167.144.70 - - [27/Feb/2023:18:42:50 -0800] "GET /index.php?/20.html HTTP/1.1" 500 - "-" "Mozilla/5.0 AppleWebKit/537.36 (KHTML, like Gecko; compatible; bingbot/2.0; +http://www.bing.com/bingbot.htm) Chrome/103.0.5060.134 Safari/537.36" "www.mantech8.com"
52.167.144.70 - - [27/Feb/2023:18:42:50 -0800] "GET / HTTP/1.1" 500 - "-" "Mozilla/5.0 AppleWebKit/537.36 (KHTML, like Gecko; compatible; bingbot/2.0; +http://www.bing.com/bingbot.htm) Chrome/103.0.5060.134 Safari/537.36" "www.mantech8.com"
185.191.171.15 - - [27/Feb/2023:18:42:53 -0800] "GET /index.php?camp-fire%2F26782447.html HTTP/1.1" 500 - "-" "Mozilla/5.0 (compatible; SemrushBot/7~bl; +http://www.semrush.com/bot.html)" "mantech8.com"
40.77.167.178 - - [27/Feb/2023:18:42:54 -0800] "GET /index.php?/category5/ HTTP/1.1" 500 - "-" "Mozilla/5.0 AppleWebKit/537.36 (KHTML, like Gecko; compatible; bingbot/2.0; +http://www.bing.com/bingbot.htm) Chrome/103.0.5060.134 Safari/537.36" "www.mantech8.com"
40.77.167.178 - - [27/Feb/2023:18:42:54 -0800] "GET /index.php?/job HTTP/1.1" 500 - "-" "Mozilla/5.0 AppleWebKit/537.36 (KHTML, like Gecko; compatible; bingbot/2.0; +http://www.bing.com/bingbot.htm) Chrome/103.0.5060.134 Safari/537.36" "www.mantech8.com"
40.77.167.178 - - [27/Feb/2023:18:42:54 -0800] "GET /index.php?/manner-pay/ HTTP/1.1" 500 - "-" "Mozilla/5.0 AppleWebKit/537.36 (KHTML, like Gecko; compatible; bingbot/2.0; +http://www.bing.com/bingbot.htm) Chrome/103.0.5060.134 Safari/537.36" "www.mantech8.com"
40.77.167.178 - - [27/Feb/2023:18:42:55 -0800] "GET /index.php?/seminer/ HTTP/1.1" 500 - "-" "Mozilla/5.0 AppleWebKit/537.36 (KHTML, like Gecko; compatible; bingbot/2.0; +http://www.bing.com/bingbot.htm) Chrome/103.0.5060.134 Safari/537.36" "www.mantech8.com"
40.77.167.178 - - [27/Feb/2023:18:42:55 -0800] "GET /index.php?/xjdx/ HTTP/1.1" 500 - "-" "Mozilla/5.0 AppleWebKit/537.36 (KHTML, like Gecko; compatible; bingbot/2.0; +http://www.bing.com/bingbot.htm) Chrome/103.0.5060.134 Safari/537.36" "www.mantech8.com"
40.77.167.178 - - [27/Feb/2023:18:42:55 -0800] "GET /index.php?c=article&a=type&tid=86 HTTP/1.1" 500 - "-" "Mozilla/5.0 AppleWebKit/537.36 (KHTML, like Gecko; compatible; bingbot/2.0; +http://www.bing.com/bingbot.htm) Chrome/103.0.5060.134 Safari/537.36" "www.mantech8.com"
52.167.144.80 - - [27/Feb/2023:18:43:00 -0800] "GET /index.php?/jp/ HTTP/1.1" 500 - "-" "Mozilla/5.0 AppleWebKit/537.36 (KHTML, like Gecko; compatible; bingbot/2.0; +http://www.bing.com/bingbot.htm) Chrome/103.0.5060.134 Safari/537.36" "www.mantech8.com"
52.167.144.80 - - [27/Feb/2023:18:43:00 -0800] "GET /index.php?/kxyj.htm HTTP/1.1" 500 - "-" "Mozilla/5.0 AppleWebKit/537.36 (KHTML, like Gecko; compatible; bingbot/2.0; +http://www.bing.com/bingbot.htm) Chrome/103.0.5060.134 Safari/537.36" "www.mantech8.com"
52.167.144.80 - - [27/Feb/2023:18:43:00 -0800] "GET /index.php?/bully/ HTTP/1.1" 500 - "-" "Mozilla/5.0 AppleWebKit/537.36 (KHTML, like Gecko; compatible; bingbot/2.0; +http://www.bing.com/bingbot.htm) Chrome/103.0.5060.134 Safari/537.36" "www.mantech8.com"
52.167.144.84 - - [27/Feb/2023:18:43:09 -0800] "GET / HTTP/1.1" 500 - "-" "Mozilla/5.0 AppleWebKit/537.36 (KHTML, like Gecko; compatible; bingbot/2.0; +http://www.bing.com/bingbot.htm) Chrome/103.0.5060.134 Safari/537.36" "www.mantech8.com"
