185.191.171.4 - - [20/Feb/2023:03:51:46 -0800] "GET /index.php?camp-fire%2F33753159.html HTTP/1.1" 500 - "-" "Mozilla/5.0 (compatible; SemrushBot/7~bl; +http://www.semrush.com/bot.html)" "mantech8.com"
185.191.171.42 - - [20/Feb/2023:03:51:48 -0800] "GET /index.php/camp-fire/33469725.html HTTP/1.1" 500 - "-" "Mozilla/5.0 (compatible; SemrushBot/7~bl; +http://www.semrush.com/bot.html)" "mantech8.com"
216.244.66.241 - - [20/Feb/2023:03:51:59 -0800] "GET /robots.txt HTTP/1.1" 200 68 "-" "Mozilla/5.0 (compatible; DotBot/1.2; +https://opensiteexplorer.org/dotbot; help@moz.com)" "www.mantech8.com"
216.244.66.241 - - [20/Feb/2023:03:51:59 -0800] "GET /robots.txt HTTP/1.1" 200 68 "-" "Mozilla/5.0 (compatible; DotBot/1.2; +https://opensiteexplorer.org/dotbot; help@moz.com)" "mantech8.com"
40.77.167.194 - - [20/Feb/2023:03:52:05 -0800] "GET /index.php/zsuz-afc7ddbeed-sobor.ii HTTP/1.1" 500 - "-" "Mozilla/5.0 AppleWebKit/537.36 (KHTML, like Gecko; compatible; bingbot/2.0; +http://www.bing.com/bingbot.htm) Chrome/103.0.5060.134 Safari/537.36" "mantech8.com"
52.167.144.92 - - [20/Feb/2023:03:53:23 -0800] "GET /index.php/b68edefb HTTP/1.1" 500 - "-" "Mozilla/5.0 AppleWebKit/537.36 (KHTML, like Gecko; compatible; bingbot/2.0; +http://www.bing.com/bingbot.htm) Chrome/103.0.5060.134 Safari/537.36" "mantech8.com"
185.191.171.20 - - [20/Feb/2023:03:53:39 -0800] "GET /index.php?camp-fire%2F28475064.html HTTP/1.1" 500 - "-" "Mozilla/5.0 (compatible; SemrushBot/7~bl; +http://www.semrush.com/bot.html)" "mantech8.com"
185.191.171.12 - - [20/Feb/2023:03:53:42 -0800] "GET /index.php?camp-fire%2F28266835.html HTTP/1.1" 500 - "-" "Mozilla/5.0 (compatible; SemrushBot/7~bl; +http://www.semrush.com/bot.html)" "mantech8.com"
185.191.171.15 - - [20/Feb/2023:03:53:59 -0800] "GET /index.php/camp-fire/37610038.html HTTP/1.1" 500 - "-" "Mozilla/5.0 (compatible; SemrushBot/7~bl; +http://www.semrush.com/bot.html)" "mantech8.com"
185.191.171.25 - - [20/Feb/2023:03:54:06 -0800] "GET /index.php/camp-fire/36953765.html HTTP/1.1" 500 - "-" "Mozilla/5.0 (compatible; SemrushBot/7~bl; +http://www.semrush.com/bot.html)" "mantech8.com"
185.191.171.24 - - [20/Feb/2023:03:54:23 -0800] "GET /index.php?camp-fire%2F56097772.html HTTP/1.1" 500 - "-" "Mozilla/5.0 (compatible; SemrushBot/7~bl; +http://www.semrush.com/bot.html)" "mantech8.com"
185.191.171.42 - - [20/Feb/2023:03:54:40 -0800] "GET /index.php?camp-fire%2F35706666.html HTTP/1.1" 500 - "-" "Mozilla/5.0 (compatible; SemrushBot/7~bl; +http://www.semrush.com/bot.html)" "mantech8.com"
185.191.171.10 - - [20/Feb/2023:03:55:20 -0800] "GET /index.php?camp-fire%2F27220561.html HTTP/1.1" 500 - "-" "Mozilla/5.0 (compatible; SemrushBot/7~bl; +http://www.semrush.com/bot.html)" "mantech8.com"
185.191.171.43 - - [20/Feb/2023:03:56:22 -0800] "GET /index.php?camp-fire%2F27972571.html HTTP/1.1" 500 - "-" "Mozilla/5.0 (compatible; SemrushBot/7~bl; +http://www.semrush.com/bot.html)" "mantech8.com"
185.191.171.13 - - [20/Feb/2023:03:56:27 -0800] "GET /bimages/electric/?C=N%3BO%3DD HTTP/1.1" 200 420 "-" "Mozilla/5.0 (compatible; SemrushBot/7~bl; +http://www.semrush.com/bot.html)" "www.mantech8.com"
34.74.125.15 - - [20/Feb/2023:03:56:34 -0800] "GET /robots.txt HTTP/1.1" 200 84 "-" "ZoominfoBot (zoominfobot at zoominfo dot com)" "mantech8.com"
34.74.125.15 - - [20/Feb/2023:03:56:34 -0800] "GET / HTTP/1.1" 500 - "-" "ZoominfoBot (zoominfobot at zoominfo dot com)" "mantech8.com"
185.191.171.41 - - [20/Feb/2023:03:56:37 -0800] "GET /index.php?camp-fire%2F38187603.html HTTP/1.1" 500 - "-" "Mozilla/5.0 (compatible; SemrushBot/7~bl; +http://www.semrush.com/bot.html)" "mantech8.com"
185.191.171.10 - - [20/Feb/2023:03:57:14 -0800] "GET /?camp-fire%2F7273580.html HTTP/1.1" 500 - "-" "Mozilla/5.0 (compatible; SemrushBot/7~bl; +http://www.semrush.com/bot.html)" "mantech8.com"
185.191.171.25 - - [20/Feb/2023:03:57:59 -0800] "GET /?camp-fire%2F1811051.html HTTP/1.1" 500 - "-" "Mozilla/5.0 (compatible; SemrushBot/7~bl; +http://www.semrush.com/bot.html)" "mantech8.com"
185.191.171.9 - - [20/Feb/2023:03:58:45 -0800] "GET /index.php?camp-fire%2F18060865.html HTTP/1.1" 500 - "-" "Mozilla/5.0 (compatible; SemrushBot/7~bl; +http://www.semrush.com/bot.html)" "mantech8.com"
40.77.167.195 - - [20/Feb/2023:03:59:03 -0800] "GET /index.php/92a9bedafe HTTP/1.1" 500 - "-" "Mozilla/5.0 AppleWebKit/537.36 (KHTML, like Gecko; compatible; bingbot/2.0; +http://www.bing.com/bingbot.htm) Chrome/103.0.5060.134 Safari/537.36" "mantech8.com"
185.191.171.45 - - [20/Feb/2023:03:59:03 -0800] "GET /index.php?camp-fire%2F26345551.html HTTP/1.1" 500 - "-" "Mozilla/5.0 (compatible; SemrushBot/7~bl; +http://www.semrush.com/bot.html)" "mantech8.com"
185.191.171.21 - - [20/Feb/2023:03:59:29 -0800] "GET /index.php/camp-fire/4750796.html HTTP/1.1" 500 - "-" "Mozilla/5.0 (compatible; SemrushBot/7~bl; +http://www.semrush.com/bot.html)" "mantech8.com"
185.191.171.41 - - [20/Feb/2023:03:59:32 -0800] "GET /index.php/camp-fire/33098116.html HTTP/1.1" 500 - "-" "Mozilla/5.0 (compatible; SemrushBot/7~bl; +http://www.semrush.com/bot.html)" "mantech8.com"
185.191.171.39 - - [20/Feb/2023:03:59:48 -0800] "GET /index.php/camp-fire/8836378.html HTTP/1.1" 500 - "-" "Mozilla/5.0 (compatible; SemrushBot/7~bl; +http://www.semrush.com/bot.html)" "mantech8.com"
52.167.144.92 - - [20/Feb/2023:03:59:52 -0800] "GET /index.php/egy1-5e80bdfc-vezse.ii HTTP/1.1" 500 - "-" "Mozilla/5.0 AppleWebKit/537.36 (KHTML, like Gecko; compatible; bingbot/2.0; +http://www.bing.com/bingbot.htm) Chrome/103.0.5060.134 Safari/537.36" "mantech8.com"
40.77.167.166 - - [20/Feb/2023:03:59:56 -0800] "GET /index.php/wf2o-2ed6aafdf-g5chq.ii HTTP/1.1" 500 - "-" "Mozilla/5.0 AppleWebKit/537.36 (KHTML, like Gecko; compatible; bingbot/2.0; +http://www.bing.com/bingbot.htm) Chrome/103.0.5060.134 Safari/537.36" "mantech8.com"
185.191.171.38 - - [20/Feb/2023:04:00:08 -0800] "GET /index.php/camp-fire/24215126.html HTTP/1.1" 500 - "-" "Mozilla/5.0 (compatible; SemrushBot/7~bl; +http://www.semrush.com/bot.html)" "mantech8.com"
185.191.171.38 - - [20/Feb/2023:04:00:13 -0800] "GET /index.php/camp-fire/37760871.html HTTP/1.1" 500 - "-" "Mozilla/5.0 (compatible; SemrushBot/7~bl; +http://www.semrush.com/bot.html)" "mantech8.com"
40.77.167.166 - - [20/Feb/2023:04:00:17 -0800] "GET /index.php/dab9edbdae HTTP/1.1" 500 - "-" "Mozilla/5.0 AppleWebKit/537.36 (KHTML, like Gecko; compatible; bingbot/2.0; +http://www.bing.com/bingbot.htm) Chrome/103.0.5060.134 Safari/537.36" "mantech8.com"
52.167.144.92 - - [20/Feb/2023:04:00:42 -0800] "GET /index.php/mkjw-a6bb-byjpn.ii HTTP/1.1" 500 - "-" "Mozilla/5.0 AppleWebKit/537.36 (KHTML, like Gecko; compatible; bingbot/2.0; +http://www.bing.com/bingbot.htm) Chrome/103.0.5060.134 Safari/537.36" "mantech8.com"
185.191.171.25 - - [20/Feb/2023:04:00:49 -0800] "GET /index.php?camp-fire%2F18725727.html HTTP/1.1" 500 - "-" "Mozilla/5.0 (compatible; SemrushBot/7~bl; +http://www.semrush.com/bot.html)" "mantech8.com"
185.191.171.16 - - [20/Feb/2023:04:01:33 -0800] "GET /index.php/camp-fire/33660178.html HTTP/1.1" 500 - "-" "Mozilla/5.0 (compatible; SemrushBot/7~bl; +http://www.semrush.com/bot.html)" "mantech8.com"
185.191.171.37 - - [20/Feb/2023:04:02:12 -0800] "GET /index.php/camp-fire/55921749.html HTTP/1.1" 500 - "-" "Mozilla/5.0 (compatible; SemrushBot/7~bl; +http://www.semrush.com/bot.html)" "mantech8.com"
185.191.171.22 - - [20/Feb/2023:04:03:14 -0800] "GET /index.php?camp-fire%2F25604306.html HTTP/1.1" 500 - "-" "Mozilla/5.0 (compatible; SemrushBot/7~bl; +http://www.semrush.com/bot.html)" "mantech8.com"
185.191.171.11 - - [20/Feb/2023:04:03:16 -0800] "GET /index.php?camp-fire%2F33667021.html HTTP/1.1" 500 - "-" "Mozilla/5.0 (compatible; SemrushBot/7~bl; +http://www.semrush.com/bot.html)" "mantech8.com"
185.191.171.3 - - [20/Feb/2023:04:03:18 -0800] "GET /index.php?camp-fire%2F41385471.html HTTP/1.1" 500 - "-" "Mozilla/5.0 (compatible; SemrushBot/7~bl; +http://www.semrush.com/bot.html)" "mantech8.com"
185.191.171.12 - - [20/Feb/2023:04:03:50 -0800] "GET /index.php?camp-fire%2F29258589.html HTTP/1.1" 500 - "-" "Mozilla/5.0 (compatible; SemrushBot/7~bl; +http://www.semrush.com/bot.html)" "mantech8.com"
185.191.171.18 - - [20/Feb/2023:04:04:24 -0800] "GET /index.php/camp-fire/5524600.html HTTP/1.1" 500 - "-" "Mozilla/5.0 (compatible; SemrushBot/7~bl; +http://www.semrush.com/bot.html)" "mantech8.com"
185.191.171.2 - - [20/Feb/2023:04:05:14 -0800] "GET /index.php?camp-fire%2F31268641.html HTTP/1.1" 500 - "-" "Mozilla/5.0 (compatible; SemrushBot/7~bl; +http://www.semrush.com/bot.html)" "mantech8.com"
185.191.171.40 - - [20/Feb/2023:04:05:27 -0800] "GET /bimages/certificate/thump/ HTTP/1.1" 200 637 "-" "Mozilla/5.0 (compatible; SemrushBot/7~bl; +http://www.semrush.com/bot.html)" "www.mantech8.com"
185.191.171.42 - - [20/Feb/2023:04:05:47 -0800] "GET /robots.txt HTTP/1.1" 200 84 "-" "Mozilla/5.0 (compatible; SemrushBot/7~bl; +http://www.semrush.com/bot.html)" "mantech8.com"
185.191.171.2 - - [20/Feb/2023:04:05:47 -0800] "GET /index.php/camp-fire/3419100.html HTTP/1.1" 500 - "-" "Mozilla/5.0 (compatible; SemrushBot/7~bl; +http://www.semrush.com/bot.html)" "mantech8.com"
185.191.171.14 - - [20/Feb/2023:04:05:51 -0800] "GET /bimages/video/?C=S%3BO%3DA HTTP/1.1" 200 550 "-" "Mozilla/5.0 (compatible; SemrushBot/7~bl; +http://www.semrush.com/bot.html)" "www.mantech8.com"
185.191.171.7 - - [20/Feb/2023:04:06:24 -0800] "GET /index.php?camp-fire%2F35030225.html HTTP/1.1" 500 - "-" "Mozilla/5.0 (compatible; SemrushBot/7~bl; +http://www.semrush.com/bot.html)" "mantech8.com"
185.191.171.12 - - [20/Feb/2023:04:06:34 -0800] "GET /index.php/camp-fire/8450998.html HTTP/1.1" 500 - "-" "Mozilla/5.0 (compatible; SemrushBot/7~bl; +http://www.semrush.com/bot.html)" "mantech8.com"
185.191.171.38 - - [20/Feb/2023:04:07:14 -0800] "GET /index.php/camp-fire/60495003.html HTTP/1.1" 500 - "-" "Mozilla/5.0 (compatible; SemrushBot/7~bl; +http://www.semrush.com/bot.html)" "mantech8.com"
185.191.171.9 - - [20/Feb/2023:04:07:32 -0800] "GET /index.php?camp-fire%2F7701908.html HTTP/1.1" 500 - "-" "Mozilla/5.0 (compatible; SemrushBot/7~bl; +http://www.semrush.com/bot.html)" "mantech8.com"
185.191.171.14 - - [20/Feb/2023:04:07:57 -0800] "GET /index.php?camp-fire%2F114702689.html HTTP/1.1" 500 - "-" "Mozilla/5.0 (compatible; SemrushBot/7~bl; +http://www.semrush.com/bot.html)" "mantech8.com"
114.119.139.66 - - [20/Feb/2023:04:08:04 -0800] "GET /robots.txt HTTP/1.1" 200 84 "-" "Mozilla/5.0 (compatible;PetalBot;+https://webmaster.petalsearch.com/site/petalbot)" "mantech8.com"
185.191.171.10 - - [20/Feb/2023:04:08:28 -0800] "GET /index.php?camp-fire%2F30824463.html HTTP/1.1" 500 - "-" "Mozilla/5.0 (compatible; SemrushBot/7~bl; +http://www.semrush.com/bot.html)" "mantech8.com"
185.191.171.26 - - [20/Feb/2023:04:08:37 -0800] "GET /index.php?camp-fire%2F34240116.html HTTP/1.1" 500 - "-" "Mozilla/5.0 (compatible; SemrushBot/7~bl; +http://www.semrush.com/bot.html)" "mantech8.com"
190.152.167.190 - - [20/Feb/2023:04:09:15 -0800] "GET /contact.php HTTP/1.1" 200 26018 "http://mantech8.com/contact.php" "Mozilla/5.0 (Windows NT 10.0; Win64; x64) AppleWebKit/537.36 (KHTML, like Gecko) Chrome/90.0.4430.85 Safari/537.36" "mantech8.com"
40.77.167.166 - - [20/Feb/2023:04:09:16 -0800] "GET /index.php/8f3d8ecde HTTP/1.1" 500 - "-" "Mozilla/5.0 AppleWebKit/537.36 (KHTML, like Gecko; compatible; bingbot/2.0; +http://www.bing.com/bingbot.htm) Chrome/103.0.5060.134 Safari/537.36" "mantech8.com"
40.77.167.166 - - [20/Feb/2023:04:09:17 -0800] "GET /index.php/2cee/02ff HTTP/1.1" 500 - "-" "Mozilla/5.0 AppleWebKit/537.36 (KHTML, like Gecko; compatible; bingbot/2.0; +http://www.bing.com/bingbot.htm) Chrome/103.0.5060.134 Safari/537.36" "mantech8.com"
190.152.167.190 - - [20/Feb/2023:04:09:19 -0800] "GET /verificationimage.php?9991 HTTP/1.1" 200 1368 "http://mantech8.com/contact.php" "Mozilla/5.0 (Windows NT 10.0; Win64; x64) AppleWebKit/537.36 (KHTML, like Gecko) Chrome/90.0.4430.85 Safari/537.36" "mantech8.com"
185.191.171.35 - - [20/Feb/2023:04:09:26 -0800] "GET /index.php?camp-fire%2F29017324.html HTTP/1.1" 500 - "-" "Mozilla/5.0 (compatible; SemrushBot/7~bl; +http://www.semrush.com/bot.html)" "mantech8.com"
185.191.171.45 - - [20/Feb/2023:04:10:08 -0800] "GET /index.php?camp-fire%2F34747959.html HTTP/1.1" 500 - "-" "Mozilla/5.0 (compatible; SemrushBot/7~bl; +http://www.semrush.com/bot.html)" "mantech8.com"
185.191.171.43 - - [20/Feb/2023:04:10:29 -0800] "GET /index.php?camp-fire%2F38815617.html HTTP/1.1" 500 - "-" "Mozilla/5.0 (compatible; SemrushBot/7~bl; +http://www.semrush.com/bot.html)" "mantech8.com"
40.77.167.195 - - [20/Feb/2023:04:10:44 -0800] "GET /?/?author=2 HTTP/1.1" 500 - "-" "Mozilla/5.0 AppleWebKit/537.36 (KHTML, like Gecko; compatible; bingbot/2.0; +http://www.bing.com/bingbot.htm) Chrome/103.0.5060.134 Safari/537.36" "mantech8.com"
185.191.171.41 - - [20/Feb/2023:04:10:46 -0800] "GET /index.php?camp-fire%2F30604666.html HTTP/1.1" 500 - "-" "Mozilla/5.0 (compatible; SemrushBot/7~bl; +http://www.semrush.com/bot.html)" "mantech8.com"
185.191.171.43 - - [20/Feb/2023:04:11:14 -0800] "GET /?camp-fire%2F35317338.html HTTP/1.1" 500 - "-" "Mozilla/5.0 (compatible; SemrushBot/7~bl; +http://www.semrush.com/bot.html)" "mantech8.com"
185.191.171.18 - - [20/Feb/2023:04:11:22 -0800] "GET /index.php?camp-fire%2F56899066.html HTTP/1.1" 500 - "-" "Mozilla/5.0 (compatible; SemrushBot/7~bl; +http://www.semrush.com/bot.html)" "mantech8.com"
52.167.144.92 - - [20/Feb/2023:04:11:43 -0800] "GET /index.php/e98bcfab HTTP/1.1" 500 - "-" "Mozilla/5.0 AppleWebKit/537.36 (KHTML, like Gecko; compatible; bingbot/2.0; +http://www.bing.com/bingbot.htm) Chrome/103.0.5060.134 Safari/537.36" "mantech8.com"
185.191.171.39 - - [20/Feb/2023:04:12:05 -0800] "GET /robots.txt HTTP/1.1" 200 84 "-" "Mozilla/5.0 (compatible; SemrushBot/7~bl; +http://www.semrush.com/bot.html)" "www.mantech8.com"
185.191.171.15 - - [20/Feb/2023:04:12:06 -0800] "GET /bimages/cleang/?C=S%3BO%3DA HTTP/1.1" 200 505 "-" "Mozilla/5.0 (compatible; SemrushBot/7~bl; +http://www.semrush.com/bot.html)" "www.mantech8.com"
185.191.171.38 - - [20/Feb/2023:04:12:06 -0800] "GET /index.php?camp-fire%2F34571308.html HTTP/1.1" 500 - "-" "Mozilla/5.0 (compatible; SemrushBot/7~bl; +http://www.semrush.com/bot.html)" "mantech8.com"
52.167.144.92 - - [20/Feb/2023:04:12:34 -0800] "GET /index.php/2e4b4bdadf HTTP/1.1" 500 - "-" "Mozilla/5.0 AppleWebKit/537.36 (KHTML, like Gecko; compatible; bingbot/2.0; +http://www.bing.com/bingbot.htm) Chrome/103.0.5060.134 Safari/537.36" "mantech8.com"
52.167.144.92 - - [20/Feb/2023:04:12:34 -0800] "GET /index.php/b3350bbdee HTTP/1.1" 500 - "-" "Mozilla/5.0 AppleWebKit/537.36 (KHTML, like Gecko; compatible; bingbot/2.0; +http://www.bing.com/bingbot.htm) Chrome/103.0.5060.134 Safari/537.36" "mantech8.com"
185.191.171.3 - - [20/Feb/2023:04:12:39 -0800] "GET /index.php/camp-fire/47532666.html HTTP/1.1" 500 - "-" "Mozilla/5.0 (compatible; SemrushBot/7~bl; +http://www.semrush.com/bot.html)" "mantech8.com"
185.191.171.22 - - [20/Feb/2023:04:12:41 -0800] "GET /index.php?camp-fire%2F37892689.html HTTP/1.1" 500 - "-" "Mozilla/5.0 (compatible; SemrushBot/7~bl; +http://www.semrush.com/bot.html)" "mantech8.com"
40.77.167.166 - - [20/Feb/2023:04:12:57 -0800] "GET /index.php/14js-2cced-cbhus.ii HTTP/1.1" 500 - "-" "Mozilla/5.0 AppleWebKit/537.36 (KHTML, like Gecko; compatible; bingbot/2.0; +http://www.bing.com/bingbot.htm) Chrome/103.0.5060.134 Safari/537.36" "mantech8.com"
185.191.171.42 - - [20/Feb/2023:04:13:27 -0800] "GET /index.php/camp-fire/3283498.html HTTP/1.1" 500 - "-" "Mozilla/5.0 (compatible; SemrushBot/7~bl; +http://www.semrush.com/bot.html)" "mantech8.com"
40.77.167.166 - - [20/Feb/2023:04:13:56 -0800] "GET /index.php/ecfc HTTP/1.1" 500 - "-" "Mozilla/5.0 AppleWebKit/537.36 (KHTML, like Gecko; compatible; bingbot/2.0; +http://www.bing.com/bingbot.htm) Chrome/103.0.5060.134 Safari/537.36" "mantech8.com"
185.191.171.19 - - [20/Feb/2023:04:14:01 -0800] "GET /index.php?camp-fire%2F37034978.html HTTP/1.1" 500 - "-" "Mozilla/5.0 (compatible; SemrushBot/7~bl; +http://www.semrush.com/bot.html)" "mantech8.com"
52.167.144.32 - - [20/Feb/2023:04:14:01 -0800] "GET /?/pd.jsp?id=74 HTTP/1.1" 500 - "-" "Mozilla/5.0 AppleWebKit/537.36 (KHTML, like Gecko; compatible; bingbot/2.0; +http://www.bing.com/bingbot.htm) Chrome/103.0.5060.134 Safari/537.36" "mantech8.com"
185.191.171.43 - - [20/Feb/2023:04:15:07 -0800] "GET /?camp-fire%2F96607838.html HTTP/1.1" 500 - "-" "Mozilla/5.0 (compatible; SemrushBot/7~bl; +http://www.semrush.com/bot.html)" "mantech8.com"
185.191.171.25 - - [20/Feb/2023:04:15:33 -0800] "GET /index.php?camp-fire%2F27998397.html HTTP/1.1" 500 - "-" "Mozilla/5.0 (compatible; SemrushBot/7~bl; +http://www.semrush.com/bot.html)" "mantech8.com"
185.191.171.38 - - [20/Feb/2023:04:16:39 -0800] "GET /index.php?camp-fire%2F42839534.html HTTP/1.1" 500 - "-" "Mozilla/5.0 (compatible; SemrushBot/7~bl; +http://www.semrush.com/bot.html)" "mantech8.com"
185.191.171.21 - - [20/Feb/2023:04:16:47 -0800] "GET /index.php/camp-fire/8220778.html HTTP/1.1" 500 - "-" "Mozilla/5.0 (compatible; SemrushBot/7~bl; +http://www.semrush.com/bot.html)" "mantech8.com"
185.191.171.3 - - [20/Feb/2023:04:16:55 -0800] "GET /index.php?camp-fire%2F101243556.html HTTP/1.1" 500 - "-" "Mozilla/5.0 (compatible; SemrushBot/7~bl; +http://www.semrush.com/bot.html)" "mantech8.com"
40.77.167.166 - - [20/Feb/2023:04:16:58 -0800] "GET /index.php/89d84ddd HTTP/1.1" 500 - "-" "Mozilla/5.0 AppleWebKit/537.36 (KHTML, like Gecko; compatible; bingbot/2.0; +http://www.bing.com/bingbot.htm) Chrome/103.0.5060.134 Safari/537.36" "mantech8.com"
185.191.171.13 - - [20/Feb/2023:04:17:21 -0800] "GET /index.php/camp-fire/39762192.html HTTP/1.1" 500 - "-" "Mozilla/5.0 (compatible; SemrushBot/7~bl; +http://www.semrush.com/bot.html)" "mantech8.com"
185.191.171.1 - - [20/Feb/2023:04:17:22 -0800] "GET /index.php/camp-fire/9307372.html HTTP/1.1" 500 - "-" "Mozilla/5.0 (compatible; SemrushBot/7~bl; +http://www.semrush.com/bot.html)" "mantech8.com"
40.77.167.194 - - [20/Feb/2023:04:17:28 -0800] "GET /index.php/21b5ddebf HTTP/1.1" 500 - "-" "Mozilla/5.0 AppleWebKit/537.36 (KHTML, like Gecko; compatible; bingbot/2.0; +http://www.bing.com/bingbot.htm) Chrome/103.0.5060.134 Safari/537.36" "mantech8.com"
185.191.171.43 - - [20/Feb/2023:04:17:29 -0800] "GET /index.php?camp-fire%2F11383890.html HTTP/1.1" 500 - "-" "Mozilla/5.0 (compatible; SemrushBot/7~bl; +http://www.semrush.com/bot.html)" "mantech8.com"
185.191.171.40 - - [20/Feb/2023:04:17:45 -0800] "GET /index.php?camp-fire%2F32002630.html HTTP/1.1" 500 - "-" "Mozilla/5.0 (compatible; SemrushBot/7~bl; +http://www.semrush.com/bot.html)" "mantech8.com"
40.77.167.166 - - [20/Feb/2023:04:17:58 -0800] "GET /index.php/hooa-4f787abefc-69byl.ii HTTP/1.1" 500 - "-" "Mozilla/5.0 AppleWebKit/537.36 (KHTML, like Gecko; compatible; bingbot/2.0; +http://www.bing.com/bingbot.htm) Chrome/103.0.5060.134 Safari/537.36" "mantech8.com"
40.77.167.166 - - [20/Feb/2023:04:17:59 -0800] "GET /index.php/95cad/88eab HTTP/1.1" 500 - "-" "Mozilla/5.0 AppleWebKit/537.36 (KHTML, like Gecko; compatible; bingbot/2.0; +http://www.bing.com/bingbot.htm) Chrome/103.0.5060.134 Safari/537.36" "mantech8.com"
185.191.171.34 - - [20/Feb/2023:04:18:05 -0800] "GET /?camp-fire%2F66989017.html HTTP/1.1" 500 - "-" "Mozilla/5.0 (compatible; SemrushBot/7~bl; +http://www.semrush.com/bot.html)" "mantech8.com"
40.77.167.195 - - [20/Feb/2023:04:18:25 -0800] "GET / HTTP/1.1" 500 - "-" "Mozilla/5.0 AppleWebKit/537.36 (KHTML, like Gecko; compatible; bingbot/2.0; +http://www.bing.com/bingbot.htm) Chrome/103.0.5060.134 Safari/537.36" "www.mantech8.com"
185.191.171.33 - - [20/Feb/2023:04:18:42 -0800] "GET /index.php?camp-fire%2F29620064.html HTTP/1.1" 500 - "-" "Mozilla/5.0 (compatible; SemrushBot/7~bl; +http://www.semrush.com/bot.html)" "mantech8.com"
40.77.167.195 - - [20/Feb/2023:04:18:45 -0800] "GET /?/jxky/lxsjx.htm HTTP/1.1" 500 - "-" "Mozilla/5.0 AppleWebKit/537.36 (KHTML, like Gecko; compatible; bingbot/2.0; +http://www.bing.com/bingbot.htm) Chrome/103.0.5060.134 Safari/537.36" "mantech8.com"
40.77.167.166 - - [20/Feb/2023:04:18:48 -0800] "GET / HTTP/1.1" 500 - "-" "Mozilla/5.0 AppleWebKit/537.36 (KHTML, like Gecko; compatible; bingbot/2.0; +http://www.bing.com/bingbot.htm) Chrome/103.0.5060.134 Safari/537.36" "www.mantech8.com"
185.191.171.21 - - [20/Feb/2023:04:19:08 -0800] "GET /index.php?camp-fire%2F33813508.html HTTP/1.1" 500 - "-" "Mozilla/5.0 (compatible; SemrushBot/7~bl; +http://www.semrush.com/bot.html)" "mantech8.com"
52.167.144.32 - - [20/Feb/2023:04:19:28 -0800] "GET /index.php/voot-1d3eddaca-oev1h.ii HTTP/1.1" 500 - "-" "Mozilla/5.0 AppleWebKit/537.36 (KHTML, like Gecko; compatible; bingbot/2.0; +http://www.bing.com/bingbot.htm) Chrome/103.0.5060.134 Safari/537.36" "mantech8.com"
52.167.144.32 - - [20/Feb/2023:04:19:28 -0800] "GET /index.php/mcko-a043ffbce-vt7cb.ii HTTP/1.1" 500 - "-" "Mozilla/5.0 AppleWebKit/537.36 (KHTML, like Gecko; compatible; bingbot/2.0; +http://www.bing.com/bingbot.htm) Chrome/103.0.5060.134 Safari/537.36" "mantech8.com"
185.191.171.16 - - [20/Feb/2023:04:20:32 -0800] "GET /index.php?camp-fire%2F28637821.html HTTP/1.1" 500 - "-" "Mozilla/5.0 (compatible; SemrushBot/7~bl; +http://www.semrush.com/bot.html)" "mantech8.com"
40.77.167.195 - - [20/Feb/2023:04:20:34 -0800] "GET /index.php/a1fb9cdbdb HTTP/1.1" 500 - "-" "Mozilla/5.0 AppleWebKit/537.36 (KHTML, like Gecko; compatible; bingbot/2.0; +http://www.bing.com/bingbot.htm) Chrome/103.0.5060.134 Safari/537.36" "mantech8.com"
185.191.171.37 - - [20/Feb/2023:04:20:39 -0800] "GET /index.php/camp-fire/34205046.html HTTP/1.1" 500 - "-" "Mozilla/5.0 (compatible; SemrushBot/7~bl; +http://www.semrush.com/bot.html)" "mantech8.com"
52.167.144.32 - - [20/Feb/2023:04:20:49 -0800] "GET /index.php/e31edaec HTTP/1.1" 500 - "-" "Mozilla/5.0 AppleWebKit/537.36 (KHTML, like Gecko; compatible; bingbot/2.0; +http://www.bing.com/bingbot.htm) Chrome/103.0.5060.134 Safari/537.36" "mantech8.com"
185.191.171.22 - - [20/Feb/2023:04:20:50 -0800] "GET /index.php/camp-fire/26150780.html HTTP/1.1" 500 - "-" "Mozilla/5.0 (compatible; SemrushBot/7~bl; +http://www.semrush.com/bot.html)" "mantech8.com"
185.191.171.11 - - [20/Feb/2023:04:21:15 -0800] "GET /index.php?camp-fire%2F39495717.html HTTP/1.1" 500 - "-" "Mozilla/5.0 (compatible; SemrushBot/7~bl; +http://www.semrush.com/bot.html)" "mantech8.com"
185.191.171.17 - - [20/Feb/2023:04:22:00 -0800] "GET /index.php?camp-fire%2F39904376.html HTTP/1.1" 500 - "-" "Mozilla/5.0 (compatible; SemrushBot/7~bl; +http://www.semrush.com/bot.html)" "mantech8.com"
185.191.171.4 - - [20/Feb/2023:04:22:06 -0800] "GET /index.php?camp-fire%2F30015646.html HTTP/1.1" 500 - "-" "Mozilla/5.0 (compatible; SemrushBot/7~bl; +http://www.semrush.com/bot.html)" "mantech8.com"
185.191.171.14 - - [20/Feb/2023:04:22:22 -0800] "GET /index.php?camp-fire%2F36748450.html HTTP/1.1" 500 - "-" "Mozilla/5.0 (compatible; SemrushBot/7~bl; +http://www.semrush.com/bot.html)" "mantech8.com"
185.191.171.22 - - [20/Feb/2023:04:22:29 -0800] "GET /?camp-fire%2F28265535.html HTTP/1.1" 500 - "-" "Mozilla/5.0 (compatible; SemrushBot/7~bl; +http://www.semrush.com/bot.html)" "mantech8.com"
185.191.171.4 - - [20/Feb/2023:04:22:49 -0800] "GET /?camp-fire%2F96762351.html HTTP/1.1" 500 - "-" "Mozilla/5.0 (compatible; SemrushBot/7~bl; +http://www.semrush.com/bot.html)" "mantech8.com"
185.191.171.6 - - [20/Feb/2023:04:22:50 -0800] "GET /bimages/client/?C=N%3BO%3DD HTTP/1.1" 200 706 "-" "Mozilla/5.0 (compatible; SemrushBot/7~bl; +http://www.semrush.com/bot.html)" "www.mantech8.com"
185.191.171.18 - - [20/Feb/2023:04:23:20 -0800] "GET /index.php?camp-fire%2F32806730.html HTTP/1.1" 500 - "-" "Mozilla/5.0 (compatible; SemrushBot/7~bl; +http://www.semrush.com/bot.html)" "mantech8.com"
52.167.144.92 - - [20/Feb/2023:04:23:45 -0800] "GET /index.php/31L7-93b04edd-oMFvC.Ii HTTP/1.1" 500 - "-" "Mozilla/5.0 AppleWebKit/537.36 (KHTML, like Gecko; compatible; bingbot/2.0; +http://www.bing.com/bingbot.htm) Chrome/103.0.5060.134 Safari/537.36" "www.mantech8.com"
52.167.144.92 - - [20/Feb/2023:04:23:54 -0800] "GET /index.php/su70-342ecece-icmbc.ii HTTP/1.1" 500 - "-" "Mozilla/5.0 AppleWebKit/537.36 (KHTML, like Gecko; compatible; bingbot/2.0; +http://www.bing.com/bingbot.htm) Chrome/103.0.5060.134 Safari/537.36" "mantech8.com"
185.191.171.33 - - [20/Feb/2023:04:24:22 -0800] "GET /?camp-fire%2F30629341.html HTTP/1.1" 500 - "-" "Mozilla/5.0 (compatible; SemrushBot/7~bl; +http://www.semrush.com/bot.html)" "mantech8.com"
185.191.171.43 - - [20/Feb/2023:04:26:06 -0800] "GET /index.php?camp-fire%2F29915866.html HTTP/1.1" 500 - "-" "Mozilla/5.0 (compatible; SemrushBot/7~bl; +http://www.semrush.com/bot.html)" "mantech8.com"
185.191.171.44 - - [20/Feb/2023:04:26:36 -0800] "GET /bimages/scafg/thump/?C=N%3BO%3DD HTTP/1.1" 200 535 "-" "Mozilla/5.0 (compatible; SemrushBot/7~bl; +http://www.semrush.com/bot.html)" "www.mantech8.com"
185.191.171.18 - - [20/Feb/2023:04:26:49 -0800] "GET /index.php?camp-fire%2F37754487.html HTTP/1.1" 500 - "-" "Mozilla/5.0 (compatible; SemrushBot/7~bl; +http://www.semrush.com/bot.html)" "mantech8.com"
185.191.171.3 - - [20/Feb/2023:04:27:00 -0800] "GET /?camp-fire%2F41803303.html HTTP/1.1" 500 - "-" "Mozilla/5.0 (compatible; SemrushBot/7~bl; +http://www.semrush.com/bot.html)" "mantech8.com"
185.191.171.44 - - [20/Feb/2023:04:27:10 -0800] "GET /index.php/camp-fire/35019487.html HTTP/1.1" 500 - "-" "Mozilla/5.0 (compatible; SemrushBot/7~bl; +http://www.semrush.com/bot.html)" "mantech8.com"
54.226.6.9 - - [20/Feb/2023:04:27:20 -0800] "GET /sftp-config.json HTTP/1.1" 404 88 "-" "Mozilla/5.0 (Macintosh; Intel Mac OS X 10.15; rv:77.0) Gecko/20100101 Firefox/77.0" "mantech8.com"
40.77.167.166 - - [20/Feb/2023:04:27:59 -0800] "GET /index.php/870edcdf HTTP/1.1" 500 - "-" "Mozilla/5.0 AppleWebKit/537.36 (KHTML, like Gecko; compatible; bingbot/2.0; +http://www.bing.com/bingbot.htm) Chrome/103.0.5060.134 Safari/537.36" "mantech8.com"
185.191.171.16 - - [20/Feb/2023:04:28:15 -0800] "GET /index.php/camp-fire/49196441.html HTTP/1.1" 500 - "-" "Mozilla/5.0 (compatible; SemrushBot/7~bl; +http://www.semrush.com/bot.html)" "mantech8.com"
185.191.171.43 - - [20/Feb/2023:04:28:24 -0800] "GET /index.php?camp-fire%2F47014288.html HTTP/1.1" 500 - "-" "Mozilla/5.0 (compatible; SemrushBot/7~bl; +http://www.semrush.com/bot.html)" "mantech8.com"
185.191.171.15 - - [20/Feb/2023:04:28:46 -0800] "GET /index.php?camp-fire%2F38811017.html HTTP/1.1" 500 - "-" "Mozilla/5.0 (compatible; SemrushBot/7~bl; +http://www.semrush.com/bot.html)" "mantech8.com"
40.77.167.195 - - [20/Feb/2023:04:28:47 -0800] "GET /index.php/nwtf-9abfab-3l4fd.ii HTTP/1.1" 500 - "-" "Mozilla/5.0 AppleWebKit/537.36 (KHTML, like Gecko; compatible; bingbot/2.0; +http://www.bing.com/bingbot.htm) Chrome/103.0.5060.134 Safari/537.36" "mantech8.com"
185.191.171.18 - - [20/Feb/2023:04:29:24 -0800] "GET /?camp-fire%2F17543627.html HTTP/1.1" 500 - "-" "Mozilla/5.0 (compatible; SemrushBot/7~bl; +http://www.semrush.com/bot.html)" "mantech8.com"
185.191.171.19 - - [20/Feb/2023:04:30:02 -0800] "GET /?camp-fire%2F58433734.html HTTP/1.1" 500 - "-" "Mozilla/5.0 (compatible; SemrushBot/7~bl; +http://www.semrush.com/bot.html)" "mantech8.com"
40.77.167.211 - - [20/Feb/2023:04:30:28 -0800] "GET /index.php/EGy1-636bebdf-vs8iS.Ii HTTP/1.1" 500 - "-" "Mozilla/5.0 AppleWebKit/537.36 (KHTML, like Gecko; compatible; bingbot/2.0; +http://www.bing.com/bingbot.htm) Chrome/103.0.5060.134 Safari/537.36" "www.mantech8.com"
185.191.171.43 - - [20/Feb/2023:04:30:37 -0800] "GET /index.php/camp-fire/35696650.html HTTP/1.1" 500 - "-" "Mozilla/5.0 (compatible; SemrushBot/7~bl; +http://www.semrush.com/bot.html)" "mantech8.com"
185.191.171.2 - - [20/Feb/2023:04:30:53 -0800] "GET /index.php?camp-fire%2F34799908.html HTTP/1.1" 500 - "-" "Mozilla/5.0 (compatible; SemrushBot/7~bl; +http://www.semrush.com/bot.html)" "mantech8.com"
185.191.171.14 - - [20/Feb/2023:04:30:59 -0800] "GET /index.php?camp-fire%2F32741725.html HTTP/1.1" 500 - "-" "Mozilla/5.0 (compatible; SemrushBot/7~bl; +http://www.semrush.com/bot.html)" "mantech8.com"
185.191.171.38 - - [20/Feb/2023:04:31:03 -0800] "GET /index.php?camp-fire%2F39067635.html HTTP/1.1" 500 - "-" "Mozilla/5.0 (compatible; SemrushBot/7~bl; +http://www.semrush.com/bot.html)" "mantech8.com"
185.191.171.18 - - [20/Feb/2023:04:31:22 -0800] "GET /index.php?camp-fire%2F40761788.html HTTP/1.1" 500 - "-" "Mozilla/5.0 (compatible; SemrushBot/7~bl; +http://www.semrush.com/bot.html)" "mantech8.com"
185.191.171.40 - - [20/Feb/2023:04:31:27 -0800] "GET /index.php/camp-fire/32658425.html HTTP/1.1" 500 - "-" "Mozilla/5.0 (compatible; SemrushBot/7~bl; +http://www.semrush.com/bot.html)" "mantech8.com"
185.191.171.21 - - [20/Feb/2023:04:31:36 -0800] "GET /index.php/camp-fire/33627859.html HTTP/1.1" 500 - "-" "Mozilla/5.0 (compatible; SemrushBot/7~bl; +http://www.semrush.com/bot.html)" "mantech8.com"
52.167.144.92 - - [20/Feb/2023:04:31:46 -0800] "GET /index.php/cd2dcbffa HTTP/1.1" 500 - "-" "Mozilla/5.0 AppleWebKit/537.36 (KHTML, like Gecko; compatible; bingbot/2.0; +http://www.bing.com/bingbot.htm) Chrome/103.0.5060.134 Safari/537.36" "mantech8.com"
185.191.171.33 - - [20/Feb/2023:04:31:47 -0800] "GET /index.php?camp-fire%2F42160250.html HTTP/1.1" 500 - "-" "Mozilla/5.0 (compatible; SemrushBot/7~bl; +http://www.semrush.com/bot.html)" "mantech8.com"
185.191.171.22 - - [20/Feb/2023:04:32:24 -0800] "GET /index.php?camp-fire%2F27891782.html HTTP/1.1" 500 - "-" "Mozilla/5.0 (compatible; SemrushBot/7~bl; +http://www.semrush.com/bot.html)" "mantech8.com"
185.191.171.12 - - [20/Feb/2023:04:32:58 -0800] "GET /index.php?camp-fire%2F19297627.html HTTP/1.1" 500 - "-" "Mozilla/5.0 (compatible; SemrushBot/7~bl; +http://www.semrush.com/bot.html)" "mantech8.com"
185.191.171.21 - - [20/Feb/2023:04:33:36 -0800] "GET /index.php?camp-fire%2F41487025.html HTTP/1.1" 500 - "-" "Mozilla/5.0 (compatible; SemrushBot/7~bl; +http://www.semrush.com/bot.html)" "mantech8.com"
52.167.144.92 - - [20/Feb/2023:04:33:36 -0800] "GET /index.php/b68edefb HTTP/1.1" 500 - "-" "Mozilla/5.0 AppleWebKit/537.36 (KHTML, like Gecko; compatible; bingbot/2.0; +http://www.bing.com/bingbot.htm) Chrome/103.0.5060.134 Safari/537.36" "mantech8.com"
185.191.171.22 - - [20/Feb/2023:04:33:58 -0800] "GET /index.php?camp-fire%2F36425350.html HTTP/1.1" 500 - "-" "Mozilla/5.0 (compatible; SemrushBot/7~bl; +http://www.semrush.com/bot.html)" "mantech8.com"
185.191.171.34 - - [20/Feb/2023:04:34:04 -0800] "GET /index.php?camp-fire%2F35120025.html HTTP/1.1" 500 - "-" "Mozilla/5.0 (compatible; SemrushBot/7~bl; +http://www.semrush.com/bot.html)" "mantech8.com"
185.191.171.10 - - [20/Feb/2023:04:34:22 -0800] "GET /index.php?camp-fire%2F15881987.html HTTP/1.1" 500 - "-" "Mozilla/5.0 (compatible; SemrushBot/7~bl; +http://www.semrush.com/bot.html)" "mantech8.com"
185.191.171.14 - - [20/Feb/2023:04:35:49 -0800] "GET /index.php/camp-fire/37901238.html HTTP/1.1" 500 - "-" "Mozilla/5.0 (compatible; SemrushBot/7~bl; +http://www.semrush.com/bot.html)" "mantech8.com"
185.191.171.14 - - [20/Feb/2023:04:36:06 -0800] "GET /index.php?camp-fire%2F30493141.html HTTP/1.1" 500 - "-" "Mozilla/5.0 (compatible; SemrushBot/7~bl; +http://www.semrush.com/bot.html)" "mantech8.com"
52.167.144.92 - - [20/Feb/2023:04:36:06 -0800] "GET /index.php/bdcdb HTTP/1.1" 500 - "-" "Mozilla/5.0 AppleWebKit/537.36 (KHTML, like Gecko; compatible; bingbot/2.0; +http://www.bing.com/bingbot.htm) Chrome/103.0.5060.134 Safari/537.36" "mantech8.com"
185.191.171.40 - - [20/Feb/2023:04:36:13 -0800] "GET /bimages/electric/?C=D%3BO%3DA HTTP/1.1" 200 420 "-" "Mozilla/5.0 (compatible; SemrushBot/7~bl; +http://www.semrush.com/bot.html)" "www.mantech8.com"
185.191.171.11 - - [20/Feb/2023:04:37:02 -0800] "GET /index.php?camp-fire%2F27402770.html HTTP/1.1" 500 - "-" "Mozilla/5.0 (compatible; SemrushBot/7~bl; +http://www.semrush.com/bot.html)" "mantech8.com"
185.191.171.36 - - [20/Feb/2023:04:37:04 -0800] "GET /index.php?camp-fire%2F27383697.html HTTP/1.1" 500 - "-" "Mozilla/5.0 (compatible; SemrushBot/7~bl; +http://www.semrush.com/bot.html)" "mantech8.com"
185.191.171.35 - - [20/Feb/2023:04:37:54 -0800] "GET /index.php?camp-fire%2F34527390.html HTTP/1.1" 500 - "-" "Mozilla/5.0 (compatible; SemrushBot/7~bl; +http://www.semrush.com/bot.html)" "mantech8.com"
185.191.171.17 - - [20/Feb/2023:04:38:38 -0800] "GET /index.php?camp-fire%2F42731049.html HTTP/1.1" 500 - "-" "Mozilla/5.0 (compatible; SemrushBot/7~bl; +http://www.semrush.com/bot.html)" "mantech8.com"
114.119.141.186 - - [20/Feb/2023:04:38:55 -0800] "GET /bimages/pipeg/thump/session.php HTTP/1.1" 200 32 "http://www.mantech8.com/bimages/pipeg/thump/?C=M%3BO%3DA" "Mozilla/5.0 (Linux; Android 7.0;) AppleWebKit/537.36 (KHTML, like Gecko) Mobile Safari/537.36 (compatible; PetalBot;+https://webmaster.petalsearch.com/site/petalbot)" "www.mantech8.com"
52.167.144.32 - - [20/Feb/2023:04:39:11 -0800] "GET /index.php/mcko-6481fadba-vyvcc.ii HTTP/1.1" 500 - "-" "Mozilla/5.0 AppleWebKit/537.36 (KHTML, like Gecko; compatible; bingbot/2.0; +http://www.bing.com/bingbot.htm) Chrome/103.0.5060.134 Safari/537.36" "mantech8.com"
185.191.171.43 - - [20/Feb/2023:04:39:21 -0800] "GET /?camp-fire%2F30548490.html HTTP/1.1" 500 - "-" "Mozilla/5.0 (compatible; SemrushBot/7~bl; +http://www.semrush.com/bot.html)" "mantech8.com"
216.244.66.241 - - [20/Feb/2023:04:39:50 -0800] "GET /robots.txt HTTP/1.1" 200 68 "-" "Mozilla/5.0 (compatible; DotBot/1.2; +https://opensiteexplorer.org/dotbot; help@moz.com)" "mantech8.com"
216.244.66.241 - - [20/Feb/2023:04:39:50 -0800] "GET /robots.txt HTTP/1.1" 200 68 "-" "Mozilla/5.0 (compatible; DotBot/1.2; +https://opensiteexplorer.org/dotbot; help@moz.com)" "www.mantech8.com"
185.191.171.35 - - [20/Feb/2023:04:40:00 -0800] "GET /index.php?camp-fire%2F53532771.html HTTP/1.1" 500 - "-" "Mozilla/5.0 (compatible; SemrushBot/7~bl; +http://www.semrush.com/bot.html)" "mantech8.com"
185.191.171.39 - - [20/Feb/2023:04:40:06 -0800] "GET /index.php/camp-fire/465069.html HTTP/1.1" 500 - "-" "Mozilla/5.0 (compatible; SemrushBot/7~bl; +http://www.semrush.com/bot.html)" "mantech8.com"
40.77.167.166 - - [20/Feb/2023:04:40:30 -0800] "GET /index.php/wf2o-2ed6aafdf-g5chq.ii HTTP/1.1" 500 - "-" "Mozilla/5.0 AppleWebKit/537.36 (KHTML, like Gecko; compatible; bingbot/2.0; +http://www.bing.com/bingbot.htm) Chrome/103.0.5060.134 Safari/537.36" "mantech8.com"
185.191.171.11 - - [20/Feb/2023:04:40:59 -0800] "GET /index.php?camp-fire%2F31516476.html HTTP/1.1" 500 - "-" "Mozilla/5.0 (compatible; SemrushBot/7~bl; +http://www.semrush.com/bot.html)" "mantech8.com"
185.191.171.20 - - [20/Feb/2023:04:41:14 -0800] "GET /index.php/camp-fire/33643259.html HTTP/1.1" 500 - "-" "Mozilla/5.0 (compatible; SemrushBot/7~bl; +http://www.semrush.com/bot.html)" "mantech8.com"
52.167.144.92 - - [20/Feb/2023:04:41:37 -0800] "GET /index.php/mkjw-a6bb-byjpn.ii HTTP/1.1" 500 - "-" "Mozilla/5.0 AppleWebKit/537.36 (KHTML, like Gecko; compatible; bingbot/2.0; +http://www.bing.com/bingbot.htm) Chrome/103.0.5060.134 Safari/537.36" "mantech8.com"
185.191.171.12 - - [20/Feb/2023:04:42:05 -0800] "GET /index.php?camp-fire%2F56243130.html HTTP/1.1" 500 - "-" "Mozilla/5.0 (compatible; SemrushBot/7~bl; +http://www.semrush.com/bot.html)" "mantech8.com"
185.191.171.22 - - [20/Feb/2023:04:42:24 -0800] "GET /index.php?camp-fire%2F34320226.html HTTP/1.1" 500 - "-" "Mozilla/5.0 (compatible; SemrushBot/7~bl; +http://www.semrush.com/bot.html)" "mantech8.com"
185.191.171.13 - - [20/Feb/2023:04:42:38 -0800] "GET /index.php?camp-fire%2F47492630.html HTTP/1.1" 500 - "-" "Mozilla/5.0 (compatible; SemrushBot/7~bl; +http://www.semrush.com/bot.html)" "mantech8.com"
185.191.171.8 - - [20/Feb/2023:04:42:40 -0800] "GET /index.php/camp-fire/3129978.html HTTP/1.1" 500 - "-" "Mozilla/5.0 (compatible; SemrushBot/7~bl; +http://www.semrush.com/bot.html)" "mantech8.com"
185.191.171.8 - - [20/Feb/2023:04:42:42 -0800] "GET /index.php/camp-fire/57270478.html HTTP/1.1" 500 - "-" "Mozilla/5.0 (compatible; SemrushBot/7~bl; +http://www.semrush.com/bot.html)" "mantech8.com"
185.191.171.37 - - [20/Feb/2023:04:42:47 -0800] "GET /index.php?camp-fire%2F40765764.html HTTP/1.1" 500 - "-" "Mozilla/5.0 (compatible; SemrushBot/7~bl; +http://www.semrush.com/bot.html)" "mantech8.com"
185.191.171.38 - - [20/Feb/2023:04:43:26 -0800] "GET /index.php?camp-fire%2F15030472.html HTTP/1.1" 500 - "-" "Mozilla/5.0 (compatible; SemrushBot/7~bl; +http://www.semrush.com/bot.html)" "mantech8.com"
185.191.171.3 - - [20/Feb/2023:04:43:28 -0800] "GET /bimages/client/black2llleaf.php HTTP/1.1" 500 - "-" "Mozilla/5.0 (compatible; SemrushBot/7~bl; +http://www.semrush.com/bot.html)" "mantech8.com"
185.191.171.33 - - [20/Feb/2023:04:43:35 -0800] "GET /index.php/camp-fire/32683425.html HTTP/1.1" 500 - "-" "Mozilla/5.0 (compatible; SemrushBot/7~bl; +http://www.semrush.com/bot.html)" "mantech8.com"
185.191.171.34 - - [20/Feb/2023:04:44:21 -0800] "GET /bimages/safety/?C=S%3BO%3DA HTTP/1.1" 200 465 "-" "Mozilla/5.0 (compatible; SemrushBot/7~bl; +http://www.semrush.com/bot.html)" "www.mantech8.com"
114.119.136.120 - - [20/Feb/2023:04:44:25 -0800] "GET /bimages/bus/?C=D%3BO%3DA HTTP/1.1" 200 452 "http://www.mantech8.com/bimages/bus/?C=M%3BO%3DA" "Mozilla/5.0 (Linux; Android 7.0;) AppleWebKit/537.36 (KHTML, like Gecko) Mobile Safari/537.36 (compatible; PetalBot;+https://webmaster.petalsearch.com/site/petalbot)" "www.mantech8.com"
185.191.171.11 - - [20/Feb/2023:04:44:47 -0800] "GET /index.php/camp-fire/4307196.html HTTP/1.1" 500 - "-" "Mozilla/5.0 (compatible; SemrushBot/7~bl; +http://www.semrush.com/bot.html)" "mantech8.com"
185.191.171.45 - - [20/Feb/2023:04:45:31 -0800] "GET /index.php?camp-fire%2F79903321.html HTTP/1.1" 500 - "-" "Mozilla/5.0 (compatible; SemrushBot/7~bl; +http://www.semrush.com/bot.html)" "mantech8.com"
185.191.171.7 - - [20/Feb/2023:04:47:50 -0800] "GET /index.php?camp-fire%2F55256800.html HTTP/1.1" 500 - "-" "Mozilla/5.0 (compatible; SemrushBot/7~bl; +http://www.semrush.com/bot.html)" "mantech8.com"
185.191.171.6 - - [20/Feb/2023:04:47:54 -0800] "GET /index.php?camp-fire%2F18090361.html HTTP/1.1" 500 - "-" "Mozilla/5.0 (compatible; SemrushBot/7~bl; +http://www.semrush.com/bot.html)" "mantech8.com"
185.191.171.8 - - [20/Feb/2023:04:48:12 -0800] "GET /?camp-fire%2F28466164.html HTTP/1.1" 500 - "-" "Mozilla/5.0 (compatible; SemrushBot/7~bl; +http://www.semrush.com/bot.html)" "mantech8.com"
185.191.171.23 - - [20/Feb/2023:04:48:16 -0800] "GET /index.php/camp-fire/31707947.html HTTP/1.1" 500 - "-" "Mozilla/5.0 (compatible; SemrushBot/7~bl; +http://www.semrush.com/bot.html)" "mantech8.com"
40.77.167.166 - - [20/Feb/2023:04:48:21 -0800] "GET /index.php/e3faabcb HTTP/1.1" 500 - "-" "Mozilla/5.0 AppleWebKit/537.36 (KHTML, like Gecko; compatible; bingbot/2.0; +http://www.bing.com/bingbot.htm) Chrome/103.0.5060.134 Safari/537.36" "mantech8.com"
185.191.171.1 - - [20/Feb/2023:04:48:33 -0800] "GET /index.php?camp-fire%2F30678866.html HTTP/1.1" 500 - "-" "Mozilla/5.0 (compatible; SemrushBot/7~bl; +http://www.semrush.com/bot.html)" "mantech8.com"
52.167.144.92 - - [20/Feb/2023:04:48:36 -0800] "GET /sitemap.xml HTTP/1.1" 404 88 "-" "Mozilla/5.0 AppleWebKit/537.36 (KHTML, like Gecko; compatible; bingbot/2.0; +http://www.bing.com/bingbot.htm) Chrome/103.0.5060.134 Safari/537.36" "www.mantech8.com"
185.191.171.9 - - [20/Feb/2023:04:49:04 -0800] "GET /index.php?camp-fire%2F29817871.html HTTP/1.1" 500 - "-" "Mozilla/5.0 (compatible; SemrushBot/7~bl; +http://www.semrush.com/bot.html)" "mantech8.com"
185.191.171.4 - - [20/Feb/2023:04:49:08 -0800] "GET /index.php?camp-fire%2F33449693.html HTTP/1.1" 500 - "-" "Mozilla/5.0 (compatible; SemrushBot/7~bl; +http://www.semrush.com/bot.html)" "mantech8.com"
185.191.171.15 - - [20/Feb/2023:04:49:25 -0800] "GET /index.php/camp-fire/41277292.html HTTP/1.1" 500 - "-" "Mozilla/5.0 (compatible; SemrushBot/7~bl; +http://www.semrush.com/bot.html)" "mantech8.com"
114.119.154.14 - - [20/Feb/2023:04:49:59 -0800] "GET /bimages/safety/?C=D%3BO%3DA HTTP/1.1" 200 465 "http://mantech8.com/bimages/safety/?C=M%3BO%3DA" "Mozilla/5.0 (Linux; Android 7.0;) AppleWebKit/537.36 (KHTML, like Gecko) Mobile Safari/537.36 (compatible; PetalBot;+https://webmaster.petalsearch.com/site/petalbot)" "mantech8.com"
185.191.171.17 - - [20/Feb/2023:04:50:22 -0800] "GET /index.php?camp-fire%2F32378260.html HTTP/1.1" 500 - "-" "Mozilla/5.0 (compatible; SemrushBot/7~bl; +http://www.semrush.com/bot.html)" "mantech8.com"
185.191.171.19 - - [20/Feb/2023:04:50:23 -0800] "GET /?camp-fire%2F33478593.html HTTP/1.1" 500 - "-" "Mozilla/5.0 (compatible; SemrushBot/7~bl; +http://www.semrush.com/bot.html)" "mantech8.com"
40.77.167.194 - - [20/Feb/2023:04:50:40 -0800] "GET /?/manage.php?op=buyinfolistnew HTTP/1.1" 500 - "-" "Mozilla/5.0 AppleWebKit/537.36 (KHTML, like Gecko; compatible; bingbot/2.0; +http://www.bing.com/bingbot.htm) Chrome/103.0.5060.134 Safari/537.36" "mantech8.com"
185.191.171.9 - - [20/Feb/2023:04:51:05 -0800] "GET /index.php?camp-fire%2F60833234.html HTTP/1.1" 500 - "-" "Mozilla/5.0 (compatible; SemrushBot/7~bl; +http://www.semrush.com/bot.html)" "mantech8.com"
185.191.171.4 - - [20/Feb/2023:04:51:12 -0800] "GET /?camp-fire%2F50179272.html HTTP/1.1" 500 - "-" "Mozilla/5.0 (compatible; SemrushBot/7~bl; +http://www.semrush.com/bot.html)" "mantech8.com"
185.191.171.4 - - [20/Feb/2023:04:51:17 -0800] "GET /index.php?camp-fire%2F33659708.html HTTP/1.1" 500 - "-" "Mozilla/5.0 (compatible; SemrushBot/7~bl; +http://www.semrush.com/bot.html)" "mantech8.com"
185.191.171.23 - - [20/Feb/2023:04:51:38 -0800] "GET /index.php?camp-fire%2F35942006.html HTTP/1.1" 500 - "-" "Mozilla/5.0 (compatible; SemrushBot/7~bl; +http://www.semrush.com/bot.html)" "mantech8.com"
185.191.171.20 - - [20/Feb/2023:04:51:45 -0800] "GET /index.php?camp-fire%2F16920456.html HTTP/1.1" 500 - "-" "Mozilla/5.0 (compatible; SemrushBot/7~bl; +http://www.semrush.com/bot.html)" "mantech8.com"
185.191.171.11 - - [20/Feb/2023:04:52:14 -0800] "GET /robots.txt HTTP/1.1" 200 84 "-" "Mozilla/5.0 (compatible; SemrushBot/7~bl; +http://www.semrush.com/bot.html)" "mantech8.com"
185.191.171.43 - - [20/Feb/2023:04:52:14 -0800] "GET /index.php?camp-fire%2F42816434.html HTTP/1.1" 500 - "-" "Mozilla/5.0 (compatible; SemrushBot/7~bl; +http://www.semrush.com/bot.html)" "mantech8.com"
185.191.171.38 - - [20/Feb/2023:04:52:48 -0800] "GET /index.php?camp-fire%2F40730302.html HTTP/1.1" 500 - "-" "Mozilla/5.0 (compatible; SemrushBot/7~bl; +http://www.semrush.com/bot.html)" "mantech8.com"
40.77.167.166 - - [20/Feb/2023:04:53:32 -0800] "GET /index.php/14js-2cced-cbhus.ii HTTP/1.1" 500 - "-" "Mozilla/5.0 AppleWebKit/537.36 (KHTML, like Gecko; compatible; bingbot/2.0; +http://www.bing.com/bingbot.htm) Chrome/103.0.5060.134 Safari/537.36" "mantech8.com"
185.191.171.25 - - [20/Feb/2023:04:53:37 -0800] "GET /?camp-fire%2F39076235.html HTTP/1.1" 500 - "-" "Mozilla/5.0 (compatible; SemrushBot/7~bl; +http://www.semrush.com/bot.html)" "mantech8.com"
185.191.171.15 - - [20/Feb/2023:04:53:51 -0800] "GET /index.php?camp-fire%2F38940472.html HTTP/1.1" 500 - "-" "Mozilla/5.0 (compatible; SemrushBot/7~bl; +http://www.semrush.com/bot.html)" "mantech8.com"
185.191.171.17 - - [20/Feb/2023:04:54:03 -0800] "GET /?camp-fire%2F3951174.html HTTP/1.1" 500 - "-" "Mozilla/5.0 (compatible; SemrushBot/7~bl; +http://www.semrush.com/bot.html)" "mantech8.com"
185.191.171.3 - - [20/Feb/2023:04:54:29 -0800] "GET /index.php?camp-fire%2F35793150.html HTTP/1.1" 500 - "-" "Mozilla/5.0 (compatible; SemrushBot/7~bl; +http://www.semrush.com/bot.html)" "mantech8.com"
52.167.144.92 - - [20/Feb/2023:04:54:38 -0800] "GET /index.php/2e4b4bdadf HTTP/1.1" 500 - "-" "Mozilla/5.0 AppleWebKit/537.36 (KHTML, like Gecko; compatible; bingbot/2.0; +http://www.bing.com/bingbot.htm) Chrome/103.0.5060.134 Safari/537.36" "mantech8.com"
185.191.171.6 - - [20/Feb/2023:04:55:03 -0800] "GET /index.php/camp-fire/42105934.html HTTP/1.1" 500 - "-" "Mozilla/5.0 (compatible; SemrushBot/7~bl; +http://www.semrush.com/bot.html)" "mantech8.com"
185.191.171.33 - - [20/Feb/2023:04:56:02 -0800] "GET /?camp-fire%2F5010600.html HTTP/1.1" 500 - "-" "Mozilla/5.0 (compatible; SemrushBot/7~bl; +http://www.semrush.com/bot.html)" "mantech8.com"
185.191.171.45 - - [20/Feb/2023:04:56:38 -0800] "GET /bimages/headg/?C=M%3BO%3DA HTTP/1.1" 200 491 "-" "Mozilla/5.0 (compatible; SemrushBot/7~bl; +http://www.semrush.com/bot.html)" "www.mantech8.com"
185.191.171.26 - - [20/Feb/2023:04:56:41 -0800] "GET /index.php?camp-fire%2F28977209.html HTTP/1.1" 500 - "-" "Mozilla/5.0 (compatible; SemrushBot/7~bl; +http://www.semrush.com/bot.html)" "mantech8.com"
114.119.152.161 - - [20/Feb/2023:04:56:58 -0800] "GET /?sitemap12592.xml HTTP/1.1" 500 - "-" "Mozilla/5.0 (Linux; Android 7.0;) AppleWebKit/537.36 (KHTML, like Gecko) Mobile Safari/537.36 (compatible; PetalBot;+https://webmaster.petalsearch.com/site/petalbot)" "mantech8.com"
40.77.167.194 - - [20/Feb/2023:04:57:11 -0800] "GET /index.php/nWTf-e1aae-4ABjK.Ii HTTP/1.1" 500 - "-" "Mozilla/5.0 AppleWebKit/537.36 (KHTML, like Gecko; compatible; bingbot/2.0; +http://www.bing.com/bingbot.htm) Chrome/103.0.5060.134 Safari/537.36" "www.mantech8.com"
185.191.171.45 - - [20/Feb/2023:04:57:14 -0800] "GET /index.php/camp-fire/36591950.html HTTP/1.1" 500 - "-" "Mozilla/5.0 (compatible; SemrushBot/7~bl; +http://www.semrush.com/bot.html)" "mantech8.com"
185.191.171.23 - - [20/Feb/2023:04:57:20 -0800] "GET /index.php?camp-fire%2F44872002.html HTTP/1.1" 500 - "-" "Mozilla/5.0 (compatible; SemrushBot/7~bl; +http://www.semrush.com/bot.html)" "mantech8.com"
185.191.171.7 - - [20/Feb/2023:04:57:46 -0800] "GET /index.php?camp-fire%2F27697671.html HTTP/1.1" 500 - "-" "Mozilla/5.0 (compatible; SemrushBot/7~bl; +http://www.semrush.com/bot.html)" "mantech8.com"
40.77.167.195 - - [20/Feb/2023:04:57:49 -0800] "GET /?/buxiuganx/238/ HTTP/1.1" 500 - "-" "Mozilla/5.0 AppleWebKit/537.36 (KHTML, like Gecko; compatible; bingbot/2.0; +http://www.bing.com/bingbot.htm) Chrome/103.0.5060.134 Safari/537.36" "mantech8.com"
40.77.167.166 - - [20/Feb/2023:04:58:12 -0800] "GET / HTTP/1.1" 500 - "-" "Mozilla/5.0 AppleWebKit/537.36 (KHTML, like Gecko; compatible; bingbot/2.0; +http://www.bing.com/bingbot.htm) Chrome/103.0.5060.134 Safari/537.36" "www.mantech8.com"
185.191.171.24 - - [20/Feb/2023:04:58:41 -0800] "GET /bimages/hgallery/ HTTP/1.1" 200 499 "-" "Mozilla/5.0 (compatible; SemrushBot/7~bl; +http://www.semrush.com/bot.html)" "www.mantech8.com"
185.191.171.2 - - [20/Feb/2023:04:58:45 -0800] "GET /index.php?camp-fire%2F32570068.html HTTP/1.1" 500 - "-" "Mozilla/5.0 (compatible; SemrushBot/7~bl; +http://www.semrush.com/bot.html)" "mantech8.com"
40.77.167.166 - - [20/Feb/2023:04:58:52 -0800] "GET /index.php/075aaafe HTTP/1.1" 500 - "-" "Mozilla/5.0 AppleWebKit/537.36 (KHTML, like Gecko; compatible; bingbot/2.0; +http://www.bing.com/bingbot.htm) Chrome/103.0.5060.134 Safari/537.36" "mantech8.com"
40.77.167.166 - - [20/Feb/2023:04:59:23 -0800] "GET /index.php/d4de HTTP/1.1" 500 - "-" "Mozilla/5.0 AppleWebKit/537.36 (KHTML, like Gecko; compatible; bingbot/2.0; +http://www.bing.com/bingbot.htm) Chrome/103.0.5060.134 Safari/537.36" "mantech8.com"
185.191.171.38 - - [20/Feb/2023:04:59:44 -0800] "GET /index.php?camp-fire%2F16638483.html HTTP/1.1" 500 - "-" "Mozilla/5.0 (compatible; SemrushBot/7~bl; +http://www.semrush.com/bot.html)" "mantech8.com"
40.77.167.195 - - [20/Feb/2023:04:59:59 -0800] "GET / HTTP/1.1" 500 - "-" "Mozilla/5.0 AppleWebKit/537.36 (KHTML, like Gecko; compatible; bingbot/2.0; +http://www.bing.com/bingbot.htm) Chrome/103.0.5060.134 Safari/537.36" "www.mantech8.com"
185.191.171.43 - - [20/Feb/2023:05:00:14 -0800] "GET /?camp-fire%2F18424681.html HTTP/1.1" 500 - "-" "Mozilla/5.0 (compatible; SemrushBot/7~bl; +http://www.semrush.com/bot.html)" "mantech8.com"
185.191.171.3 - - [20/Feb/2023:05:00:21 -0800] "GET /?camp-fire%2F36614850.html HTTP/1.1" 500 - "-" "Mozilla/5.0 (compatible; SemrushBot/7~bl; +http://www.semrush.com/bot.html)" "mantech8.com"
185.191.171.9 - - [20/Feb/2023:05:00:51 -0800] "GET /index.php?camp-fire%2F28943366.html HTTP/1.1" 500 - "-" "Mozilla/5.0 (compatible; SemrushBot/7~bl; +http://www.semrush.com/bot.html)" "mantech8.com"
185.191.171.22 - - [20/Feb/2023:05:01:31 -0800] "GET /index.php?camp-fire%2F33534625.html HTTP/1.1" 500 - "-" "Mozilla/5.0 (compatible; SemrushBot/7~bl; +http://www.semrush.com/bot.html)" "mantech8.com"
185.191.171.17 - - [20/Feb/2023:05:02:23 -0800] "GET /?camp-fire%2F37575478.html HTTP/1.1" 500 - "-" "Mozilla/5.0 (compatible; SemrushBot/7~bl; +http://www.semrush.com/bot.html)" "mantech8.com"
114.119.157.191 - - [20/Feb/2023:05:02:25 -0800] "GET /index.php?camp-fire/92266463.html HTTP/1.1" 500 - "-" "Mozilla/5.0 (Linux; Android 7.0;) AppleWebKit/537.36 (KHTML, like Gecko) Mobile Safari/537.36 (compatible; PetalBot;+https://webmaster.petalsearch.com/site/petalbot)" "www.mantech8.com"
52.167.144.32 - - [20/Feb/2023:05:02:54 -0800] "GET /index.php/wf2o-8e9ffbed-g7jne.ii HTTP/1.1" 500 - "-" "Mozilla/5.0 AppleWebKit/537.36 (KHTML, like Gecko; compatible; bingbot/2.0; +http://www.bing.com/bingbot.htm) Chrome/103.0.5060.134 Safari/537.36" "mantech8.com"
185.191.171.36 - - [20/Feb/2023:05:03:08 -0800] "GET /index.php?camp-fire%2F40603450.html HTTP/1.1" 500 - "-" "Mozilla/5.0 (compatible; SemrushBot/7~bl; +http://www.semrush.com/bot.html)" "mantech8.com"
185.191.171.6 - - [20/Feb/2023:05:03:23 -0800] "GET /index.php?camp-fire%2F41812603.html HTTP/1.1" 500 - "-" "Mozilla/5.0 (compatible; SemrushBot/7~bl; +http://www.semrush.com/bot.html)" "mantech8.com"
185.191.171.44 - - [20/Feb/2023:05:03:33 -0800] "GET /bimages/ele/?C=S%3BO%3DA HTTP/1.1" 200 426 "-" "Mozilla/5.0 (compatible; SemrushBot/7~bl; +http://www.semrush.com/bot.html)" "www.mantech8.com"
185.191.171.17 - - [20/Feb/2023:05:03:42 -0800] "GET /index.php?camp-fire%2F33662508.html HTTP/1.1" 500 - "-" "Mozilla/5.0 (compatible; SemrushBot/7~bl; +http://www.semrush.com/bot.html)" "mantech8.com"
