40.77.167.171 - - [13/Feb/2023:02:20:42 -0800] "GET /index.php/14js-2cced-cbhus.ii HTTP/1.1" 500 - "-" "Mozilla/5.0 AppleWebKit/537.36 (KHTML, like Gecko; compatible; bingbot/2.0; +http://www.bing.com/bingbot.htm) Chrome/103.0.5060.134 Safari/537.36" "mantech8.com"
114.119.131.200 - - [13/Feb/2023:02:21:02 -0800] "GET /?steaded.xml HTTP/1.1" 500 - "-" "Mozilla/5.0 (Linux; Android 7.0;) AppleWebKit/537.36 (KHTML, like Gecko) Mobile Safari/537.36 (compatible; PetalBot;+https://webmaster.petalsearch.com/site/petalbot)" "mantech8.com"
216.244.66.241 - - [13/Feb/2023:02:21:19 -0800] "GET /directorsmessage.php HTTP/1.1" 200 11465 "-" "Mozilla/5.0 (compatible; DotBot/1.2; +https://opensiteexplorer.org/dotbot; help@moz.com)" "www.mantech8.com"
207.46.13.180 - - [13/Feb/2023:02:21:22 -0800] "GET /index.php/kjnh-fd3ccabbac-tm2go.ii HTTP/1.1" 500 - "-" "Mozilla/5.0 AppleWebKit/537.36 (KHTML, like Gecko; compatible; bingbot/2.0; +http://www.bing.com/bingbot.htm) Chrome/103.0.5060.134 Safari/537.36" "mantech8.com"
185.191.171.22 - - [13/Feb/2023:02:21:27 -0800] "GET /index.php?camp-fire%2F27268670.html HTTP/1.1" 500 - "-" "Mozilla/5.0 (compatible; SemrushBot/7~bl; +http://www.semrush.com/bot.html)" "mantech8.com"
185.191.171.24 - - [13/Feb/2023:02:21:30 -0800] "GET /index.php?camp-fire%2F38154403.html HTTP/1.1" 500 - "-" "Mozilla/5.0 (compatible; SemrushBot/7~bl; +http://www.semrush.com/bot.html)" "mantech8.com"
216.244.66.241 - - [13/Feb/2023:02:21:34 -0800] "GET /gallery.php HTTP/1.1" 200 45868 "-" "Mozilla/5.0 (compatible; DotBot/1.2; +https://opensiteexplorer.org/dotbot; help@moz.com)" "www.mantech8.com"
185.191.171.18 - - [13/Feb/2023:02:21:34 -0800] "GET /index.php?camp-fire%2F7653208.html HTTP/1.1" 500 - "-" "Mozilla/5.0 (compatible; SemrushBot/7~bl; +http://www.semrush.com/bot.html)" "mantech8.com"
185.191.171.45 - - [13/Feb/2023:02:21:47 -0800] "GET /index.php?camp-fire%2F17654565.html HTTP/1.1" 500 - "-" "Mozilla/5.0 (compatible; SemrushBot/7~bl; +http://www.semrush.com/bot.html)" "mantech8.com"
185.191.171.17 - - [13/Feb/2023:02:22:39 -0800] "GET /index.php/camp-fire/14837972.html HTTP/1.1" 500 - "-" "Mozilla/5.0 (compatible; SemrushBot/7~bl; +http://www.semrush.com/bot.html)" "mantech8.com"
185.191.171.12 - - [13/Feb/2023:02:23:35 -0800] "GET /index.php?camp-fire%2F27379397.html HTTP/1.1" 500 - "-" "Mozilla/5.0 (compatible; SemrushBot/7~bl; +http://www.semrush.com/bot.html)" "mantech8.com"
52.167.144.92 - - [13/Feb/2023:02:24:12 -0800] "GET /index.php/b68edefb HTTP/1.1" 500 - "-" "Mozilla/5.0 AppleWebKit/537.36 (KHTML, like Gecko; compatible; bingbot/2.0; +http://www.bing.com/bingbot.htm) Chrome/103.0.5060.134 Safari/537.36" "mantech8.com"
185.191.171.12 - - [13/Feb/2023:02:24:31 -0800] "GET /index.php?camp-fire%2F27597770.html HTTP/1.1" 500 - "-" "Mozilla/5.0 (compatible; SemrushBot/7~bl; +http://www.semrush.com/bot.html)" "mantech8.com"
185.191.171.21 - - [13/Feb/2023:02:24:38 -0800] "GET /index.php?camp-fire%2F81703866.html HTTP/1.1" 500 - "-" "Mozilla/5.0 (compatible; SemrushBot/7~bl; +http://www.semrush.com/bot.html)" "mantech8.com"
40.77.167.171 - - [13/Feb/2023:02:24:52 -0800] "GET / HTTP/1.1" 500 - "-" "Mozilla/5.0 AppleWebKit/537.36 (KHTML, like Gecko; compatible; bingbot/2.0; +http://www.bing.com/bingbot.htm) Chrome/103.0.5060.134 Safari/537.36" "www.mantech8.com"
185.191.171.44 - - [13/Feb/2023:02:25:08 -0800] "GET /index.php?camp-fire%2F13811955.html HTTP/1.1" 500 - "-" "Mozilla/5.0 (compatible; SemrushBot/7~bl; +http://www.semrush.com/bot.html)" "mantech8.com"
185.191.171.9 - - [13/Feb/2023:02:25:26 -0800] "GET /index.php?camp-fire%2F29664256.html HTTP/1.1" 500 - "-" "Mozilla/5.0 (compatible; SemrushBot/7~bl; +http://www.semrush.com/bot.html)" "mantech8.com"
185.191.171.34 - - [13/Feb/2023:02:26:09 -0800] "GET /index.php?camp-fire%2F54194335.html HTTP/1.1" 500 - "-" "Mozilla/5.0 (compatible; SemrushBot/7~bl; +http://www.semrush.com/bot.html)" "mantech8.com"
185.191.171.45 - - [13/Feb/2023:02:26:18 -0800] "GET /index.php/camp-fire/27284270.html HTTP/1.1" 500 - "-" "Mozilla/5.0 (compatible; SemrushBot/7~bl; +http://www.semrush.com/bot.html)" "mantech8.com"
185.191.171.45 - - [13/Feb/2023:02:26:43 -0800] "GET /index.php?camp-fire%2F43676334.html HTTP/1.1" 500 - "-" "Mozilla/5.0 (compatible; SemrushBot/7~bl; +http://www.semrush.com/bot.html)" "mantech8.com"
185.191.171.1 - - [13/Feb/2023:02:27:06 -0800] "GET /index.php?camp-fire%2F63187692.html HTTP/1.1" 500 - "-" "Mozilla/5.0 (compatible; SemrushBot/7~bl; +http://www.semrush.com/bot.html)" "mantech8.com"
157.55.39.27 - - [13/Feb/2023:02:27:08 -0800] "GET /index.php/gulj-23d24bdbbb-nucub.ii HTTP/1.1" 500 - "-" "Mozilla/5.0 AppleWebKit/537.36 (KHTML, like Gecko; compatible; bingbot/2.0; +http://www.bing.com/bingbot.htm) Chrome/103.0.5060.134 Safari/537.36" "mantech8.com"
185.191.171.26 - - [13/Feb/2023:02:27:17 -0800] "GET /index.php?camp-fire%2F1180272.html HTTP/1.1" 500 - "-" "Mozilla/5.0 (compatible; SemrushBot/7~bl; +http://www.semrush.com/bot.html)" "mantech8.com"
40.77.167.171 - - [13/Feb/2023:02:29:01 -0800] "GET /?/fczs/fczs.htm HTTP/1.1" 500 - "-" "Mozilla/5.0 AppleWebKit/537.36 (KHTML, like Gecko; compatible; bingbot/2.0; +http://www.bing.com/bingbot.htm) Chrome/103.0.5060.134 Safari/537.36" "mantech8.com"
40.77.167.171 - - [13/Feb/2023:02:29:01 -0800] "GET /?/nyaffett HTTP/1.1" 500 - "-" "Mozilla/5.0 AppleWebKit/537.36 (KHTML, like Gecko; compatible; bingbot/2.0; +http://www.bing.com/bingbot.htm) Chrome/103.0.5060.134 Safari/537.36" "mantech8.com"
185.191.171.7 - - [13/Feb/2023:02:29:05 -0800] "GET /index.php?camp-fire%2F27429326.html HTTP/1.1" 500 - "-" "Mozilla/5.0 (compatible; SemrushBot/7~bl; +http://www.semrush.com/bot.html)" "mantech8.com"
185.191.171.42 - - [13/Feb/2023:02:30:05 -0800] "GET /index.php/camp-fire/48615576.html HTTP/1.1" 500 - "-" "Mozilla/5.0 (compatible; SemrushBot/7~bl; +http://www.semrush.com/bot.html)" "mantech8.com"
185.191.171.38 - - [13/Feb/2023:02:30:15 -0800] "GET /index.php?camp-fire%2F76485185.html HTTP/1.1" 500 - "-" "Mozilla/5.0 (compatible; SemrushBot/7~bl; +http://www.semrush.com/bot.html)" "mantech8.com"
157.55.39.100 - - [13/Feb/2023:02:30:35 -0800] "GET / HTTP/1.1" 500 - "-" "Mozilla/5.0 AppleWebKit/537.36 (KHTML, like Gecko; compatible; bingbot/2.0; +http://www.bing.com/bingbot.htm) Chrome/103.0.5060.134 Safari/537.36" "www.mantech8.com"
207.46.13.180 - - [13/Feb/2023:02:32:23 -0800] "GET /?/1793/list.psp HTTP/1.1" 500 - "-" "Mozilla/5.0 AppleWebKit/537.36 (KHTML, like Gecko; compatible; bingbot/2.0; +http://www.bing.com/bingbot.htm) Chrome/103.0.5060.134 Safari/537.36" "mantech8.com"
185.191.171.39 - - [13/Feb/2023:02:32:37 -0800] "GET /index.php?camp-fire%2F23974533.html HTTP/1.1" 500 - "-" "Mozilla/5.0 (compatible; SemrushBot/7~bl; +http://www.semrush.com/bot.html)" "mantech8.com"
185.191.171.44 - - [13/Feb/2023:02:32:49 -0800] "GET /index.php?camp-fire%2F27968659.html HTTP/1.1" 500 - "-" "Mozilla/5.0 (compatible; SemrushBot/7~bl; +http://www.semrush.com/bot.html)" "mantech8.com"
185.191.171.39 - - [13/Feb/2023:02:33:17 -0800] "GET /index.php?camp-fire%2F15477672.html HTTP/1.1" 500 - "-" "Mozilla/5.0 (compatible; SemrushBot/7~bl; +http://www.semrush.com/bot.html)" "mantech8.com"
185.191.171.24 - - [13/Feb/2023:02:33:34 -0800] "GET /index.php?camp-fire%2F32389160.html HTTP/1.1" 500 - "-" "Mozilla/5.0 (compatible; SemrushBot/7~bl; +http://www.semrush.com/bot.html)" "mantech8.com"
185.191.171.26 - - [13/Feb/2023:02:33:46 -0800] "GET /index.php?camp-fire%2F24564730.html HTTP/1.1" 500 - "-" "Mozilla/5.0 (compatible; SemrushBot/7~bl; +http://www.semrush.com/bot.html)" "mantech8.com"
185.191.171.19 - - [13/Feb/2023:02:34:05 -0800] "GET /index.php?camp-fire%2F72564798.html HTTP/1.1" 500 - "-" "Mozilla/5.0 (compatible; SemrushBot/7~bl; +http://www.semrush.com/bot.html)" "mantech8.com"
185.191.171.45 - - [13/Feb/2023:02:34:13 -0800] "GET /index.php?camp-fire%2F19123181.html HTTP/1.1" 500 - "-" "Mozilla/5.0 (compatible; SemrushBot/7~bl; +http://www.semrush.com/bot.html)" "mantech8.com"
185.191.171.22 - - [13/Feb/2023:02:34:18 -0800] "GET /index.php?camp-fire%2F28051132.html HTTP/1.1" 500 - "-" "Mozilla/5.0 (compatible; SemrushBot/7~bl; +http://www.semrush.com/bot.html)" "mantech8.com"
185.191.171.38 - - [13/Feb/2023:02:34:52 -0800] "GET /index.php?camp-fire%2F17386365.html HTTP/1.1" 500 - "-" "Mozilla/5.0 (compatible; SemrushBot/7~bl; +http://www.semrush.com/bot.html)" "mantech8.com"
185.191.171.33 - - [13/Feb/2023:02:35:21 -0800] "GET /index.php?camp-fire%2F28583226.html HTTP/1.1" 500 - "-" "Mozilla/5.0 (compatible; SemrushBot/7~bl; +http://www.semrush.com/bot.html)" "mantech8.com"
185.191.171.13 - - [13/Feb/2023:02:35:33 -0800] "GET /index.php?camp-fire%2F3399700.html HTTP/1.1" 500 - "-" "Mozilla/5.0 (compatible; SemrushBot/7~bl; +http://www.semrush.com/bot.html)" "mantech8.com"
52.167.144.88 - - [13/Feb/2023:02:35:35 -0800] "GET /index.php/voot-1d3eddaca-oev1h.ii HTTP/1.1" 500 - "-" "Mozilla/5.0 AppleWebKit/537.36 (KHTML, like Gecko; compatible; bingbot/2.0; +http://www.bing.com/bingbot.htm) Chrome/103.0.5060.134 Safari/537.36" "mantech8.com"
52.167.144.88 - - [13/Feb/2023:02:35:36 -0800] "GET /?/art/73.html HTTP/1.1" 500 - "-" "Mozilla/5.0 AppleWebKit/537.36 (KHTML, like Gecko; compatible; bingbot/2.0; +http://www.bing.com/bingbot.htm) Chrome/103.0.5060.134 Safari/537.36" "mantech8.com"
185.191.171.6 - - [13/Feb/2023:02:36:33 -0800] "GET /index.php?camp-fire%2F2229929.html HTTP/1.1" 500 - "-" "Mozilla/5.0 (compatible; SemrushBot/7~bl; +http://www.semrush.com/bot.html)" "mantech8.com"
185.191.171.33 - - [13/Feb/2023:02:37:01 -0800] "GET /index.php?camp-fire%2F10252690.html HTTP/1.1" 500 - "-" "Mozilla/5.0 (compatible; SemrushBot/7~bl; +http://www.semrush.com/bot.html)" "mantech8.com"
185.191.171.45 - - [13/Feb/2023:02:38:18 -0800] "GET /index.php?camp-fire%2F14853272.html HTTP/1.1" 500 - "-" "Mozilla/5.0 (compatible; SemrushBot/7~bl; +http://www.semrush.com/bot.html)" "mantech8.com"
185.191.171.41 - - [13/Feb/2023:02:38:44 -0800] "GET /index.php?camp-fire%2F25268180.html HTTP/1.1" 500 - "-" "Mozilla/5.0 (compatible; SemrushBot/7~bl; +http://www.semrush.com/bot.html)" "mantech8.com"
194.110.203.38 - - [13/Feb/2023:02:39:12 -0800] "GET /mantech8_31032022.zip HTTP/1.1" 404 73 "-" "Firefox" "mantech8.com"
185.191.171.13 - - [13/Feb/2023:02:39:16 -0800] "GET /index.php?camp-fire%2F28267570.html HTTP/1.1" 500 - "-" "Mozilla/5.0 (compatible; SemrushBot/7~bl; +http://www.semrush.com/bot.html)" "mantech8.com"
185.191.171.4 - - [13/Feb/2023:02:39:33 -0800] "GET /index.php?camp-fire%2F32507168.html HTTP/1.1" 500 - "-" "Mozilla/5.0 (compatible; SemrushBot/7~bl; +http://www.semrush.com/bot.html)" "mantech8.com"
185.191.171.1 - - [13/Feb/2023:02:40:25 -0800] "GET /index.php?camp-fire%2F13313385.html HTTP/1.1" 500 - "-" "Mozilla/5.0 (compatible; SemrushBot/7~bl; +http://www.semrush.com/bot.html)" "mantech8.com"
185.191.171.22 - - [13/Feb/2023:02:40:38 -0800] "GET /index.php/camp-fire/1358990.html HTTP/1.1" 500 - "-" "Mozilla/5.0 (compatible; SemrushBot/7~bl; +http://www.semrush.com/bot.html)" "mantech8.com"
185.191.171.44 - - [13/Feb/2023:02:41:27 -0800] "GET /index.php?camp-fire%2F25689406.html HTTP/1.1" 500 - "-" "Mozilla/5.0 (compatible; SemrushBot/7~bl; +http://www.semrush.com/bot.html)" "mantech8.com"
185.191.171.38 - - [13/Feb/2023:02:41:29 -0800] "GET /index.php?camp-fire%2F11902076.html HTTP/1.1" 500 - "-" "Mozilla/5.0 (compatible; SemrushBot/7~bl; +http://www.semrush.com/bot.html)" "mantech8.com"
185.191.171.17 - - [13/Feb/2023:02:41:30 -0800] "GET /index.php?camp-fire%2F39053592.html HTTP/1.1" 500 - "-" "Mozilla/5.0 (compatible; SemrushBot/7~bl; +http://www.semrush.com/bot.html)" "mantech8.com"
185.191.171.8 - - [13/Feb/2023:02:41:54 -0800] "GET /index.php?camp-fire%2F15064559.html HTTP/1.1" 500 - "-" "Mozilla/5.0 (compatible; SemrushBot/7~bl; +http://www.semrush.com/bot.html)" "mantech8.com"
185.191.171.6 - - [13/Feb/2023:02:42:18 -0800] "GET /index.php?camp-fire%2F21706235.html HTTP/1.1" 500 - "-" "Mozilla/5.0 (compatible; SemrushBot/7~bl; +http://www.semrush.com/bot.html)" "mantech8.com"
185.191.171.13 - - [13/Feb/2023:02:42:27 -0800] "GET /index.php?camp-fire%2F10464090.html HTTP/1.1" 500 - "-" "Mozilla/5.0 (compatible; SemrushBot/7~bl; +http://www.semrush.com/bot.html)" "mantech8.com"
207.46.13.180 - - [13/Feb/2023:02:42:55 -0800] "GET /index.php/zsuz-afc7ddbeed-sobor.ii HTTP/1.1" 500 - "-" "Mozilla/5.0 AppleWebKit/537.36 (KHTML, like Gecko; compatible; bingbot/2.0; +http://www.bing.com/bingbot.htm) Chrome/103.0.5060.134 Safari/537.36" "mantech8.com"
185.191.171.8 - - [13/Feb/2023:02:43:37 -0800] "GET /index.php?camp-fire%2F27148663.html HTTP/1.1" 500 - "-" "Mozilla/5.0 (compatible; SemrushBot/7~bl; +http://www.semrush.com/bot.html)" "mantech8.com"
185.191.171.24 - - [13/Feb/2023:02:44:37 -0800] "GET /index.php?camp-fire%2F26140276.html HTTP/1.1" 500 - "-" "Mozilla/5.0 (compatible; SemrushBot/7~bl; +http://www.semrush.com/bot.html)" "mantech8.com"
207.46.13.180 - - [13/Feb/2023:02:44:44 -0800] "GET /?/jyjx/crjy.htm HTTP/1.1" 500 - "-" "Mozilla/5.0 AppleWebKit/537.36 (KHTML, like Gecko; compatible; bingbot/2.0; +http://www.bing.com/bingbot.htm) Chrome/103.0.5060.134 Safari/537.36" "mantech8.com"
52.167.144.88 - - [13/Feb/2023:02:44:58 -0800] "GET /index.php/mrrf-9aa7cfadcf-p0rei.ii HTTP/1.1" 500 - "-" "Mozilla/5.0 AppleWebKit/537.36 (KHTML, like Gecko; compatible; bingbot/2.0; +http://www.bing.com/bingbot.htm) Chrome/103.0.5060.134 Safari/537.36" "mantech8.com"
185.191.171.5 - - [13/Feb/2023:02:44:58 -0800] "GET /index.php?camp-fire%2F24520430.html HTTP/1.1" 500 - "-" "Mozilla/5.0 (compatible; SemrushBot/7~bl; +http://www.semrush.com/bot.html)" "mantech8.com"
157.55.39.100 - - [13/Feb/2023:02:45:37 -0800] "GET /?/esa HTTP/1.1" 500 - "-" "Mozilla/5.0 AppleWebKit/537.36 (KHTML, like Gecko; compatible; bingbot/2.0; +http://www.bing.com/bingbot.htm) Chrome/103.0.5060.134 Safari/537.36" "mantech8.com"
185.191.171.14 - - [13/Feb/2023:02:47:18 -0800] "GET /index.php?camp-fire%2F35743950.html HTTP/1.1" 500 - "-" "Mozilla/5.0 (compatible; SemrushBot/7~bl; +http://www.semrush.com/bot.html)" "mantech8.com"
185.191.171.35 - - [13/Feb/2023:02:47:23 -0800] "GET /index.php?camp-fire%2F26161582.html HTTP/1.1" 500 - "-" "Mozilla/5.0 (compatible; SemrushBot/7~bl; +http://www.semrush.com/bot.html)" "mantech8.com"
185.191.171.38 - - [13/Feb/2023:02:47:31 -0800] "GET /index.php?camp-fire%2F27443997.html HTTP/1.1" 500 - "-" "Mozilla/5.0 (compatible; SemrushBot/7~bl; +http://www.semrush.com/bot.html)" "mantech8.com"
185.191.171.7 - - [13/Feb/2023:02:47:38 -0800] "GET /index.php?camp-fire%2F1273900.html HTTP/1.1" 500 - "-" "Mozilla/5.0 (compatible; SemrushBot/7~bl; +http://www.semrush.com/bot.html)" "mantech8.com"
40.77.167.171 - - [13/Feb/2023:02:47:55 -0800] "GET /index.php/wf2o-2ed6aafdf-g5chq.ii HTTP/1.1" 500 - "-" "Mozilla/5.0 AppleWebKit/537.36 (KHTML, like Gecko; compatible; bingbot/2.0; +http://www.bing.com/bingbot.htm) Chrome/103.0.5060.134 Safari/537.36" "mantech8.com"
185.191.171.24 - - [13/Feb/2023:02:48:07 -0800] "GET /index.php?camp-fire%2F24688206.html HTTP/1.1" 500 - "-" "Mozilla/5.0 (compatible; SemrushBot/7~bl; +http://www.semrush.com/bot.html)" "mantech8.com"
185.191.171.7 - - [13/Feb/2023:02:48:13 -0800] "GET /index.php?camp-fire%2F11443057.html HTTP/1.1" 500 - "-" "Mozilla/5.0 (compatible; SemrushBot/7~bl; +http://www.semrush.com/bot.html)" "mantech8.com"
185.191.171.19 - - [13/Feb/2023:02:48:49 -0800] "GET /index.php?camp-fire%2F39496417.html HTTP/1.1" 500 - "-" "Mozilla/5.0 (compatible; SemrushBot/7~bl; +http://www.semrush.com/bot.html)" "mantech8.com"
185.191.171.7 - - [13/Feb/2023:02:48:59 -0800] "GET /index.php?camp-fire%2F23695206.html HTTP/1.1" 500 - "-" "Mozilla/5.0 (compatible; SemrushBot/7~bl; +http://www.semrush.com/bot.html)" "mantech8.com"
185.191.171.16 - - [13/Feb/2023:02:49:06 -0800] "GET /index.php?camp-fire%2F2327472.html HTTP/1.1" 500 - "-" "Mozilla/5.0 (compatible; SemrushBot/7~bl; +http://www.semrush.com/bot.html)" "mantech8.com"
185.191.171.24 - - [13/Feb/2023:02:49:12 -0800] "GET /index.php?camp-fire%2F78990482.html HTTP/1.1" 500 - "-" "Mozilla/5.0 (compatible; SemrushBot/7~bl; +http://www.semrush.com/bot.html)" "mantech8.com"
185.191.171.15 - - [13/Feb/2023:02:50:37 -0800] "GET /index.php?camp-fire%2F18112521.html HTTP/1.1" 500 - "-" "Mozilla/5.0 (compatible; SemrushBot/7~bl; +http://www.semrush.com/bot.html)" "mantech8.com"
157.55.39.27 - - [13/Feb/2023:02:50:50 -0800] "GET /index.php/fcdba HTTP/1.1" 500 - "-" "Mozilla/5.0 AppleWebKit/537.36 (KHTML, like Gecko; compatible; bingbot/2.0; +http://www.bing.com/bingbot.htm) Chrome/103.0.5060.134 Safari/537.36" "mantech8.com"
185.191.171.10 - - [13/Feb/2023:02:51:20 -0800] "GET /index.php?camp-fire%2F24326450.html HTTP/1.1" 500 - "-" "Mozilla/5.0 (compatible; SemrushBot/7~bl; +http://www.semrush.com/bot.html)" "mantech8.com"
52.167.144.92 - - [13/Feb/2023:02:51:24 -0800] "GET /index.php/2e4b4bdadf HTTP/1.1" 500 - "-" "Mozilla/5.0 AppleWebKit/537.36 (KHTML, like Gecko; compatible; bingbot/2.0; +http://www.bing.com/bingbot.htm) Chrome/103.0.5060.134 Safari/537.36" "mantech8.com"
157.55.39.100 - - [13/Feb/2023:02:51:29 -0800] "GET /index.php/nwtf-9abfab-3l4fd.ii HTTP/1.1" 500 - "-" "Mozilla/5.0 AppleWebKit/537.36 (KHTML, like Gecko; compatible; bingbot/2.0; +http://www.bing.com/bingbot.htm) Chrome/103.0.5060.134 Safari/537.36" "mantech8.com"
185.191.171.7 - - [13/Feb/2023:02:51:30 -0800] "GET /index.php?camp-fire%2F17829226.html HTTP/1.1" 500 - "-" "Mozilla/5.0 (compatible; SemrushBot/7~bl; +http://www.semrush.com/bot.html)" "mantech8.com"
185.191.171.34 - - [13/Feb/2023:02:51:48 -0800] "GET /index.php/camp-fire/12768869.html HTTP/1.1" 500 - "-" "Mozilla/5.0 (compatible; SemrushBot/7~bl; +http://www.semrush.com/bot.html)" "mantech8.com"
216.244.66.241 - - [13/Feb/2023:02:51:54 -0800] "GET /robots.txt HTTP/1.1" 200 68 "-" "Mozilla/5.0 (compatible; DotBot/1.2; +https://opensiteexplorer.org/dotbot; help@moz.com)" "www.mantech8.com"
216.244.66.241 - - [13/Feb/2023:02:51:54 -0800] "GET /robots.txt HTTP/1.1" 200 68 "-" "Mozilla/5.0 (compatible; DotBot/1.2; +https://opensiteexplorer.org/dotbot; help@moz.com)" "mantech8.com"
185.191.171.44 - - [13/Feb/2023:02:52:13 -0800] "GET /index.php?camp-fire%2F28022727.html HTTP/1.1" 500 - "-" "Mozilla/5.0 (compatible; SemrushBot/7~bl; +http://www.semrush.com/bot.html)" "mantech8.com"
52.167.144.88 - - [13/Feb/2023:02:52:38 -0800] "GET /index.php/wf2o-8e9ffbed-g7jne.ii HTTP/1.1" 500 - "-" "Mozilla/5.0 AppleWebKit/537.36 (KHTML, like Gecko; compatible; bingbot/2.0; +http://www.bing.com/bingbot.htm) Chrome/103.0.5060.134 Safari/537.36" "mantech8.com"
157.55.39.27 - - [13/Feb/2023:02:52:58 -0800] "GET /index.php/egy1-e8dfb-vdafh.ii HTTP/1.1" 500 - "-" "Mozilla/5.0 AppleWebKit/537.36 (KHTML, like Gecko; compatible; bingbot/2.0; +http://www.bing.com/bingbot.htm) Chrome/103.0.5060.134 Safari/537.36" "mantech8.com"
52.167.144.88 - - [13/Feb/2023:02:53:37 -0800] "GET /?/g2157.html HTTP/1.1" 500 - "-" "Mozilla/5.0 AppleWebKit/537.36 (KHTML, like Gecko; compatible; bingbot/2.0; +http://www.bing.com/bingbot.htm) Chrome/103.0.5060.134 Safari/537.36" "mantech8.com"
207.46.13.180 - - [13/Feb/2023:02:53:55 -0800] "GET /index.php/b4cb5bbdd HTTP/1.1" 500 - "-" "Mozilla/5.0 AppleWebKit/537.36 (KHTML, like Gecko; compatible; bingbot/2.0; +http://www.bing.com/bingbot.htm) Chrome/103.0.5060.134 Safari/537.36" "mantech8.com"
185.191.171.23 - - [13/Feb/2023:02:54:19 -0800] "GET /index.php?camp-fire%2F35755565.html HTTP/1.1" 500 - "-" "Mozilla/5.0 (compatible; SemrushBot/7~bl; +http://www.semrush.com/bot.html)" "mantech8.com"
185.191.171.9 - - [13/Feb/2023:02:54:28 -0800] "GET /index.php?camp-fire%2F16875465.html HTTP/1.1" 500 - "-" "Mozilla/5.0 (compatible; SemrushBot/7~bl; +http://www.semrush.com/bot.html)" "mantech8.com"
185.191.171.44 - - [13/Feb/2023:02:54:40 -0800] "GET /index.php?camp-fire%2F4176285.html HTTP/1.1" 500 - "-" "Mozilla/5.0 (compatible; SemrushBot/7~bl; +http://www.semrush.com/bot.html)" "mantech8.com"
52.167.144.92 - - [13/Feb/2023:02:54:47 -0800] "GET /index.php/mkjw-a6bb-byjpn.ii HTTP/1.1" 500 - "-" "Mozilla/5.0 AppleWebKit/537.36 (KHTML, like Gecko; compatible; bingbot/2.0; +http://www.bing.com/bingbot.htm) Chrome/103.0.5060.134 Safari/537.36" "mantech8.com"
52.167.144.92 - - [13/Feb/2023:02:54:47 -0800] "GET /index.php/su70-5b6e9cafbe-icb5e.ii HTTP/1.1" 500 - "-" "Mozilla/5.0 AppleWebKit/537.36 (KHTML, like Gecko; compatible; bingbot/2.0; +http://www.bing.com/bingbot.htm) Chrome/103.0.5060.134 Safari/537.36" "mantech8.com"
185.191.171.37 - - [13/Feb/2023:02:54:49 -0800] "GET /index.php?camp-fire%2F28198547.html HTTP/1.1" 500 - "-" "Mozilla/5.0 (compatible; SemrushBot/7~bl; +http://www.semrush.com/bot.html)" "mantech8.com"
185.191.171.10 - - [13/Feb/2023:02:54:58 -0800] "GET /index.php?camp-fire%2F19435981.html HTTP/1.1" 500 - "-" "Mozilla/5.0 (compatible; SemrushBot/7~bl; +http://www.semrush.com/bot.html)" "mantech8.com"
185.191.171.9 - - [13/Feb/2023:02:55:28 -0800] "GET /index.php?camp-fire%2F26678817.html HTTP/1.1" 500 - "-" "Mozilla/5.0 (compatible; SemrushBot/7~bl; +http://www.semrush.com/bot.html)" "mantech8.com"
27.56.155.185 - - [13/Feb/2023:02:55:53 -0800] "GET /contact.php HTTP/1.1" 200 26018 "http://mantech8.com/contact.php" "Mozilla/5.0 (Windows NT 10.0; Win64; x64) AppleWebKit/537.36 (KHTML, like Gecko) Chrome/90.0.4430.72 Safari/537.36 Edg/90.0.818.39" "mantech8.com"
27.56.155.185 - - [13/Feb/2023:02:56:23 -0800] "POST /mailer.php HTTP/1.1" 404 73 "http://mantech8.com/contact.php" "Mozilla/5.0 (Windows NT 10.0; Win64; x64) AppleWebKit/537.36 (KHTML, like Gecko) Chrome/90.0.4430.72 Safari/537.36 Edg/90.0.818.39" "mantech8.com"
185.191.171.17 - - [13/Feb/2023:02:56:42 -0800] "GET /index.php?camp-fire%2F14983459.html HTTP/1.1" 500 - "-" "Mozilla/5.0 (compatible; SemrushBot/7~bl; +http://www.semrush.com/bot.html)" "mantech8.com"
52.167.144.88 - - [13/Feb/2023:02:57:28 -0800] "GET /index.php/fa9b6fdfb HTTP/1.1" 500 - "-" "Mozilla/5.0 AppleWebKit/537.36 (KHTML, like Gecko; compatible; bingbot/2.0; +http://www.bing.com/bingbot.htm) Chrome/103.0.5060.134 Safari/537.36" "mantech8.com"
185.191.171.18 - - [13/Feb/2023:02:57:30 -0800] "GET /index.php?camp-fire%2F28475364.html HTTP/1.1" 500 - "-" "Mozilla/5.0 (compatible; SemrushBot/7~bl; +http://www.semrush.com/bot.html)" "mantech8.com"
185.191.171.1 - - [13/Feb/2023:02:57:35 -0800] "GET /index.php?camp-fire%2F42178134.html HTTP/1.1" 500 - "-" "Mozilla/5.0 (compatible; SemrushBot/7~bl; +http://www.semrush.com/bot.html)" "mantech8.com"
185.191.171.3 - - [13/Feb/2023:02:57:53 -0800] "GET /index.php?camp-fire%2F10135098.html HTTP/1.1" 500 - "-" "Mozilla/5.0 (compatible; SemrushBot/7~bl; +http://www.semrush.com/bot.html)" "mantech8.com"
185.191.171.26 - - [13/Feb/2023:02:58:07 -0800] "GET /index.php?camp-fire%2F21819917.html HTTP/1.1" 500 - "-" "Mozilla/5.0 (compatible; SemrushBot/7~bl; +http://www.semrush.com/bot.html)" "mantech8.com"
185.191.171.25 - - [13/Feb/2023:02:58:37 -0800] "GET /index.php?camp-fire%2F25888206.html HTTP/1.1" 500 - "-" "Mozilla/5.0 (compatible; SemrushBot/7~bl; +http://www.semrush.com/bot.html)" "mantech8.com"
185.191.171.19 - - [13/Feb/2023:02:59:55 -0800] "GET /index.php?camp-fire%2F5172874.html HTTP/1.1" 500 - "-" "Mozilla/5.0 (compatible; SemrushBot/7~bl; +http://www.semrush.com/bot.html)" "mantech8.com"
185.191.171.6 - - [13/Feb/2023:03:00:19 -0800] "GET /index.php/camp-fire/26565781.html HTTP/1.1" 500 - "-" "Mozilla/5.0 (compatible; SemrushBot/7~bl; +http://www.semrush.com/bot.html)" "mantech8.com"
185.191.171.33 - - [13/Feb/2023:03:01:22 -0800] "GET /index.php?camp-fire%2F28906471.html HTTP/1.1" 500 - "-" "Mozilla/5.0 (compatible; SemrushBot/7~bl; +http://www.semrush.com/bot.html)" "mantech8.com"
157.55.39.100 - - [13/Feb/2023:03:01:38 -0800] "GET /?/damoco/ HTTP/1.1" 500 - "-" "Mozilla/5.0 AppleWebKit/537.36 (KHTML, like Gecko; compatible; bingbot/2.0; +http://www.bing.com/bingbot.htm) Chrome/103.0.5060.134 Safari/537.36" "mantech8.com"
185.191.171.19 - - [13/Feb/2023:03:01:39 -0800] "GET /index.php?camp-fire%2F33223833.html HTTP/1.1" 500 - "-" "Mozilla/5.0 (compatible; SemrushBot/7~bl; +http://www.semrush.com/bot.html)" "mantech8.com"
185.191.171.18 - - [13/Feb/2023:03:01:56 -0800] "GET /index.php?camp-fire%2F10325578.html HTTP/1.1" 500 - "-" "Mozilla/5.0 (compatible; SemrushBot/7~bl; +http://www.semrush.com/bot.html)" "mantech8.com"
114.119.141.112 - - [13/Feb/2023:03:02:04 -0800] "GET /?sitemap9119.xml HTTP/1.1" 500 - "-" "Mozilla/5.0 (Linux; Android 7.0;) AppleWebKit/537.36 (KHTML, like Gecko) Mobile Safari/537.36 (compatible; PetalBot;+https://webmaster.petalsearch.com/site/petalbot)" "mantech8.com"
185.191.171.7 - - [13/Feb/2023:03:02:08 -0800] "GET /index.php?camp-fire%2F23983933.html HTTP/1.1" 500 - "-" "Mozilla/5.0 (compatible; SemrushBot/7~bl; +http://www.semrush.com/bot.html)" "mantech8.com"
185.191.171.22 - - [13/Feb/2023:03:02:26 -0800] "GET /index.php?camp-fire%2F28837066.html HTTP/1.1" 500 - "-" "Mozilla/5.0 (compatible; SemrushBot/7~bl; +http://www.semrush.com/bot.html)" "mantech8.com"
52.167.144.88 - - [13/Feb/2023:03:02:28 -0800] "GET /index.php/r/ti/p/@mamekichimameko?from=page HTTP/1.1" 500 - "-" "Mozilla/5.0 AppleWebKit/537.36 (KHTML, like Gecko; compatible; bingbot/2.0; +http://www.bing.com/bingbot.htm) Chrome/103.0.5060.134 Safari/537.36" "mantech8.com"
40.77.167.171 - - [13/Feb/2023:03:03:12 -0800] "GET /index.php/14js-2cced-cbhus.ii HTTP/1.1" 500 - "-" "Mozilla/5.0 AppleWebKit/537.36 (KHTML, like Gecko; compatible; bingbot/2.0; +http://www.bing.com/bingbot.htm) Chrome/103.0.5060.134 Safari/537.36" "mantech8.com"
40.77.167.171 - - [13/Feb/2023:03:03:18 -0800] "GET /index.php/hooa-4f787abefc-69byl.ii HTTP/1.1" 500 - "-" "Mozilla/5.0 AppleWebKit/537.36 (KHTML, like Gecko; compatible; bingbot/2.0; +http://www.bing.com/bingbot.htm) Chrome/103.0.5060.134 Safari/537.36" "mantech8.com"
185.191.171.22 - - [13/Feb/2023:03:04:07 -0800] "GET /index.php/camp-fire/12944876.html HTTP/1.1" 500 - "-" "Mozilla/5.0 (compatible; SemrushBot/7~bl; +http://www.semrush.com/bot.html)" "mantech8.com"
185.191.171.3 - - [13/Feb/2023:03:04:17 -0800] "GET /index.php?camp-fire%2F24696306.html HTTP/1.1" 500 - "-" "Mozilla/5.0 (compatible; SemrushBot/7~bl; +http://www.semrush.com/bot.html)" "mantech8.com"
52.167.144.92 - - [13/Feb/2023:03:04:36 -0800] "GET /index.php/b68edefb HTTP/1.1" 500 - "-" "Mozilla/5.0 AppleWebKit/537.36 (KHTML, like Gecko; compatible; bingbot/2.0; +http://www.bing.com/bingbot.htm) Chrome/103.0.5060.134 Safari/537.36" "mantech8.com"
185.191.171.21 - - [13/Feb/2023:03:04:39 -0800] "GET /index.php?camp-fire%2F16832965.html HTTP/1.1" 500 - "-" "Mozilla/5.0 (compatible; SemrushBot/7~bl; +http://www.semrush.com/bot.html)" "mantech8.com"
52.167.144.92 - - [13/Feb/2023:03:05:05 -0800] "GET /?/togisen2021/ HTTP/1.1" 500 - "-" "Mozilla/5.0 AppleWebKit/537.36 (KHTML, like Gecko; compatible; bingbot/2.0; +http://www.bing.com/bingbot.htm) Chrome/103.0.5060.134 Safari/537.36" "mantech8.com"
185.191.171.12 - - [13/Feb/2023:03:05:09 -0800] "GET /index.php?camp-fire%2F26661147.html HTTP/1.1" 500 - "-" "Mozilla/5.0 (compatible; SemrushBot/7~bl; +http://www.semrush.com/bot.html)" "mantech8.com"
185.191.171.45 - - [13/Feb/2023:03:05:13 -0800] "GET /index.php?camp-fire%2F1438753.html HTTP/1.1" 500 - "-" "Mozilla/5.0 (compatible; SemrushBot/7~bl; +http://www.semrush.com/bot.html)" "mantech8.com"
157.55.39.27 - - [13/Feb/2023:03:05:19 -0800] "GET /index.php/c99decdcce HTTP/1.1" 500 - "-" "Mozilla/5.0 AppleWebKit/537.36 (KHTML, like Gecko; compatible; bingbot/2.0; +http://www.bing.com/bingbot.htm) Chrome/103.0.5060.134 Safari/537.36" "mantech8.com"
185.191.171.13 - - [13/Feb/2023:03:06:04 -0800] "GET /index.php?camp-fire%2F25939106.html HTTP/1.1" 500 - "-" "Mozilla/5.0 (compatible; SemrushBot/7~bl; +http://www.semrush.com/bot.html)" "mantech8.com"
185.191.171.4 - - [13/Feb/2023:03:06:09 -0800] "GET /index.php?camp-fire%2F37266238.html HTTP/1.1" 500 - "-" "Mozilla/5.0 (compatible; SemrushBot/7~bl; +http://www.semrush.com/bot.html)" "mantech8.com"
185.191.171.4 - - [13/Feb/2023:03:06:50 -0800] "GET /index.php?camp-fire%2F28440764.html HTTP/1.1" 500 - "-" "Mozilla/5.0 (compatible; SemrushBot/7~bl; +http://www.semrush.com/bot.html)" "mantech8.com"
185.191.171.37 - - [13/Feb/2023:03:07:38 -0800] "GET /index.php?camp-fire%2F2607693.html HTTP/1.1" 500 - "-" "Mozilla/5.0 (compatible; SemrushBot/7~bl; +http://www.semrush.com/bot.html)" "mantech8.com"
185.191.171.21 - - [13/Feb/2023:03:07:49 -0800] "GET /index.php/camp-fire/42203549.html HTTP/1.1" 500 - "-" "Mozilla/5.0 (compatible; SemrushBot/7~bl; +http://www.semrush.com/bot.html)" "mantech8.com"
185.191.171.42 - - [13/Feb/2023:03:07:59 -0800] "GET /index.php?camp-fire%2F19587600.html HTTP/1.1" 500 - "-" "Mozilla/5.0 (compatible; SemrushBot/7~bl; +http://www.semrush.com/bot.html)" "mantech8.com"
185.191.171.18 - - [13/Feb/2023:03:08:05 -0800] "GET /index.php?camp-fire%2F2892151.html HTTP/1.1" 500 - "-" "Mozilla/5.0 (compatible; SemrushBot/7~bl; +http://www.semrush.com/bot.html)" "mantech8.com"
40.77.167.171 - - [13/Feb/2023:03:08:25 -0800] "GET / HTTP/1.1" 500 - "-" "Mozilla/5.0 AppleWebKit/537.36 (KHTML, like Gecko; compatible; bingbot/2.0; +http://www.bing.com/bingbot.htm) Chrome/103.0.5060.134 Safari/537.36" "www.mantech8.com"
185.191.171.35 - - [13/Feb/2023:03:09:05 -0800] "GET /index.php?camp-fire%2F27052065.html HTTP/1.1" 500 - "-" "Mozilla/5.0 (compatible; SemrushBot/7~bl; +http://www.semrush.com/bot.html)" "mantech8.com"
185.191.171.36 - - [13/Feb/2023:03:09:08 -0800] "GET /index.php?camp-fire%2F46553734.html HTTP/1.1" 500 - "-" "Mozilla/5.0 (compatible; SemrushBot/7~bl; +http://www.semrush.com/bot.html)" "mantech8.com"
157.55.39.100 - - [13/Feb/2023:03:10:49 -0800] "GET / HTTP/1.1" 500 - "-" "Mozilla/5.0 AppleWebKit/537.36 (KHTML, like Gecko; compatible; bingbot/2.0; +http://www.bing.com/bingbot.htm) Chrome/103.0.5060.134 Safari/537.36" "www.mantech8.com"
185.191.171.25 - - [13/Feb/2023:03:11:12 -0800] "GET /index.php?camp-fire%2F10584657.html HTTP/1.1" 500 - "-" "Mozilla/5.0 (compatible; SemrushBot/7~bl; +http://www.semrush.com/bot.html)" "mantech8.com"
185.191.171.9 - - [13/Feb/2023:03:11:14 -0800] "GET /index.php?camp-fire%2F24376306.html HTTP/1.1" 500 - "-" "Mozilla/5.0 (compatible; SemrushBot/7~bl; +http://www.semrush.com/bot.html)" "mantech8.com"
185.191.171.7 - - [13/Feb/2023:03:11:27 -0800] "GET /index.php/camp-fire/7246280.html HTTP/1.1" 500 - "-" "Mozilla/5.0 (compatible; SemrushBot/7~bl; +http://www.semrush.com/bot.html)" "mantech8.com"
185.191.171.42 - - [13/Feb/2023:03:12:28 -0800] "GET /index.php?camp-fire%2F17435065.html HTTP/1.1" 500 - "-" "Mozilla/5.0 (compatible; SemrushBot/7~bl; +http://www.semrush.com/bot.html)" "mantech8.com"
185.191.171.33 - - [13/Feb/2023:03:12:40 -0800] "GET /index.php?camp-fire%2F1405059.html HTTP/1.1" 500 - "-" "Mozilla/5.0 (compatible; SemrushBot/7~bl; +http://www.semrush.com/bot.html)" "mantech8.com"
185.191.171.21 - - [13/Feb/2023:03:13:12 -0800] "GET /robots.txt HTTP/1.1" 200 84 "-" "Mozilla/5.0 (compatible; SemrushBot/7~bl; +http://www.semrush.com/bot.html)" "mantech8.com"
185.191.171.33 - - [13/Feb/2023:03:13:12 -0800] "GET /index.php?camp-fire%2F1129469.html HTTP/1.1" 500 - "-" "Mozilla/5.0 (compatible; SemrushBot/7~bl; +http://www.semrush.com/bot.html)" "mantech8.com"
185.191.171.20 - - [13/Feb/2023:03:13:48 -0800] "GET /index.php?camp-fire%2F26775121.html HTTP/1.1" 500 - "-" "Mozilla/5.0 (compatible; SemrushBot/7~bl; +http://www.semrush.com/bot.html)" "mantech8.com"
185.191.171.23 - - [13/Feb/2023:03:13:49 -0800] "GET /index.php?camp-fire%2F24315759.html HTTP/1.1" 500 - "-" "Mozilla/5.0 (compatible; SemrushBot/7~bl; +http://www.semrush.com/bot.html)" "mantech8.com"
185.191.171.14 - - [13/Feb/2023:03:14:05 -0800] "GET /index.php?camp-fire%2F21263698.html HTTP/1.1" 500 - "-" "Mozilla/5.0 (compatible; SemrushBot/7~bl; +http://www.semrush.com/bot.html)" "mantech8.com"
185.191.171.10 - - [13/Feb/2023:03:14:53 -0800] "GET /index.php?camp-fire%2F2453990.html HTTP/1.1" 500 - "-" "Mozilla/5.0 (compatible; SemrushBot/7~bl; +http://www.semrush.com/bot.html)" "mantech8.com"
185.191.171.2 - - [13/Feb/2023:03:15:55 -0800] "GET /index.php/camp-fire/588469.html HTTP/1.1" 500 - "-" "Mozilla/5.0 (compatible; SemrushBot/7~bl; +http://www.semrush.com/bot.html)" "mantech8.com"
114.119.145.121 - - [13/Feb/2023:03:17:00 -0800] "GET /?sitemap12592.xml HTTP/1.1" 500 - "-" "Mozilla/5.0 (Linux; Android 7.0;) AppleWebKit/537.36 (KHTML, like Gecko) Mobile Safari/537.36 (compatible; PetalBot;+https://webmaster.petalsearch.com/site/petalbot)" "mantech8.com"
185.191.171.15 - - [13/Feb/2023:03:17:07 -0800] "GET /index.php?camp-fire%2F26642747.html HTTP/1.1" 500 - "-" "Mozilla/5.0 (compatible; SemrushBot/7~bl; +http://www.semrush.com/bot.html)" "mantech8.com"
185.191.171.42 - - [13/Feb/2023:03:17:19 -0800] "GET /index.php?camp-fire%2F18113161.html HTTP/1.1" 500 - "-" "Mozilla/5.0 (compatible; SemrushBot/7~bl; +http://www.semrush.com/bot.html)" "mantech8.com"
185.191.171.14 - - [13/Feb/2023:03:18:30 -0800] "GET /index.php?camp-fire%2F24520306.html HTTP/1.1" 500 - "-" "Mozilla/5.0 (compatible; SemrushBot/7~bl; +http://www.semrush.com/bot.html)" "mantech8.com"
185.191.171.1 - - [13/Feb/2023:03:18:35 -0800] "GET /index.php?camp-fire%2F20123842.html HTTP/1.1" 500 - "-" "Mozilla/5.0 (compatible; SemrushBot/7~bl; +http://www.semrush.com/bot.html)" "mantech8.com"
185.191.171.41 - - [13/Feb/2023:03:18:37 -0800] "GET /index.php?camp-fire%2F49706034.html HTTP/1.1" 500 - "-" "Mozilla/5.0 (compatible; SemrushBot/7~bl; +http://www.semrush.com/bot.html)" "mantech8.com"
185.191.171.14 - - [13/Feb/2023:03:18:54 -0800] "GET /index.php?camp-fire%2F17980881.html HTTP/1.1" 500 - "-" "Mozilla/5.0 (compatible; SemrushBot/7~bl; +http://www.semrush.com/bot.html)" "mantech8.com"
185.191.171.13 - - [13/Feb/2023:03:19:55 -0800] "GET /index.php?camp-fire%2F18345780.html HTTP/1.1" 500 - "-" "Mozilla/5.0 (compatible; SemrushBot/7~bl; +http://www.semrush.com/bot.html)" "mantech8.com"
185.191.171.8 - - [13/Feb/2023:03:20:03 -0800] "GET /index.php?camp-fire%2F27236935.html HTTP/1.1" 500 - "-" "Mozilla/5.0 (compatible; SemrushBot/7~bl; +http://www.semrush.com/bot.html)" "mantech8.com"
185.191.171.9 - - [13/Feb/2023:03:20:52 -0800] "GET /index.php?camp-fire%2F27944759.html HTTP/1.1" 500 - "-" "Mozilla/5.0 (compatible; SemrushBot/7~bl; +http://www.semrush.com/bot.html)" "mantech8.com"
185.191.171.4 - - [13/Feb/2023:03:21:54 -0800] "GET /index.php?camp-fire%2F19657961.html HTTP/1.1" 500 - "-" "Mozilla/5.0 (compatible; SemrushBot/7~bl; +http://www.semrush.com/bot.html)" "mantech8.com"
185.191.171.44 - - [13/Feb/2023:03:22:04 -0800] "GET /index.php/camp-fire/39912141.html HTTP/1.1" 500 - "-" "Mozilla/5.0 (compatible; SemrushBot/7~bl; +http://www.semrush.com/bot.html)" "mantech8.com"
185.191.171.10 - - [13/Feb/2023:03:22:21 -0800] "GET /index.php?camp-fire%2F79236997.html HTTP/1.1" 500 - "-" "Mozilla/5.0 (compatible; SemrushBot/7~bl; +http://www.semrush.com/bot.html)" "mantech8.com"
185.191.171.17 - - [13/Feb/2023:03:22:23 -0800] "GET /index.php?camp-fire%2F24518230.html HTTP/1.1" 500 - "-" "Mozilla/5.0 (compatible; SemrushBot/7~bl; +http://www.semrush.com/bot.html)" "mantech8.com"
185.191.171.16 - - [13/Feb/2023:03:22:26 -0800] "GET /index.php?camp-fire%2F26981721.html HTTP/1.1" 500 - "-" "Mozilla/5.0 (compatible; SemrushBot/7~bl; +http://www.semrush.com/bot.html)" "mantech8.com"
114.119.146.195 - - [13/Feb/2023:03:23:19 -0800] "GET /?sitemap-index-5.xml HTTP/1.1" 500 - "-" "Mozilla/5.0 (Linux; Android 7.0;) AppleWebKit/537.36 (KHTML, like Gecko) Mobile Safari/537.36 (compatible; PetalBot;+https://webmaster.petalsearch.com/site/petalbot)" "mantech8.com"
52.167.144.92 - - [13/Feb/2023:03:23:58 -0800] "GET /index.php/o6yj-c5ede-pm5ee.ii HTTP/1.1" 500 - "-" "Mozilla/5.0 AppleWebKit/537.36 (KHTML, like Gecko; compatible; bingbot/2.0; +http://www.bing.com/bingbot.htm) Chrome/103.0.5060.134 Safari/537.36" "mantech8.com"
40.77.167.171 - - [13/Feb/2023:03:24:37 -0800] "GET /?/edu/ HTTP/1.1" 500 - "-" "Mozilla/5.0 AppleWebKit/537.36 (KHTML, like Gecko; compatible; bingbot/2.0; +http://www.bing.com/bingbot.htm) Chrome/103.0.5060.134 Safari/537.36" "mantech8.com"
185.191.171.20 - - [13/Feb/2023:03:24:51 -0800] "GET /index.php?camp-fire%2F11298790.html HTTP/1.1" 500 - "-" "Mozilla/5.0 (compatible; SemrushBot/7~bl; +http://www.semrush.com/bot.html)" "mantech8.com"
185.191.171.12 - - [13/Feb/2023:03:25:15 -0800] "GET /index.php?camp-fire%2F2377193.html HTTP/1.1" 500 - "-" "Mozilla/5.0 (compatible; SemrushBot/7~bl; +http://www.semrush.com/bot.html)" "mantech8.com"
185.191.171.1 - - [13/Feb/2023:03:25:40 -0800] "GET /index.php?camp-fire%2F18516227.html HTTP/1.1" 500 - "-" "Mozilla/5.0 (compatible; SemrushBot/7~bl; +http://www.semrush.com/bot.html)" "mantech8.com"
185.191.171.21 - - [13/Feb/2023:03:26:04 -0800] "GET /index.php?camp-fire%2F26716447.html HTTP/1.1" 500 - "-" "Mozilla/5.0 (compatible; SemrushBot/7~bl; +http://www.semrush.com/bot.html)" "mantech8.com"
185.191.171.13 - - [13/Feb/2023:03:26:30 -0800] "GET /index.php?camp-fire%2F26133882.html HTTP/1.1" 500 - "-" "Mozilla/5.0 (compatible; SemrushBot/7~bl; +http://www.semrush.com/bot.html)" "mantech8.com"
207.46.13.180 - - [13/Feb/2023:03:26:59 -0800] "GET /?/2022-07-22-2/ HTTP/1.1" 500 - "-" "Mozilla/5.0 AppleWebKit/537.36 (KHTML, like Gecko; compatible; bingbot/2.0; +http://www.bing.com/bingbot.htm) Chrome/103.0.5060.134 Safari/537.36" "mantech8.com"
185.191.171.21 - - [13/Feb/2023:03:27:38 -0800] "GET /index.php/camp-fire/7288680.html HTTP/1.1" 500 - "-" "Mozilla/5.0 (compatible; SemrushBot/7~bl; +http://www.semrush.com/bot.html)" "mantech8.com"
185.191.171.16 - - [13/Feb/2023:03:28:05 -0800] "GET /index.php?camp-fire%2F10745474.html HTTP/1.1" 500 - "-" "Mozilla/5.0 (compatible; SemrushBot/7~bl; +http://www.semrush.com/bot.html)" "mantech8.com"
40.77.167.171 - - [13/Feb/2023:03:28:31 -0800] "GET /index.php/wf2o-2ed6aafdf-g5chq.ii HTTP/1.1" 500 - "-" "Mozilla/5.0 AppleWebKit/537.36 (KHTML, like Gecko; compatible; bingbot/2.0; +http://www.bing.com/bingbot.htm) Chrome/103.0.5060.134 Safari/537.36" "mantech8.com"
185.191.171.19 - - [13/Feb/2023:03:29:00 -0800] "GET /index.php?camp-fire%2F26046451.html HTTP/1.1" 500 - "-" "Mozilla/5.0 (compatible; SemrushBot/7~bl; +http://www.semrush.com/bot.html)" "mantech8.com"
185.191.171.22 - - [13/Feb/2023:03:29:01 -0800] "GET /index.php?camp-fire%2F4870355.html HTTP/1.1" 500 - "-" "Mozilla/5.0 (compatible; SemrushBot/7~bl; +http://www.semrush.com/bot.html)" "mantech8.com"
185.191.171.24 - - [13/Feb/2023:03:29:28 -0800] "GET /index.php?camp-fire%2F77118150.html HTTP/1.1" 500 - "-" "Mozilla/5.0 (compatible; SemrushBot/7~bl; +http://www.semrush.com/bot.html)" "mantech8.com"
185.191.171.16 - - [13/Feb/2023:03:30:16 -0800] "GET /index.php?camp-fire%2F24805880.html HTTP/1.1" 500 - "-" "Mozilla/5.0 (compatible; SemrushBot/7~bl; +http://www.semrush.com/bot.html)" "mantech8.com"
185.191.171.4 - - [13/Feb/2023:03:30:35 -0800] "GET /index.php?camp-fire%2F26808721.html HTTP/1.1" 500 - "-" "Mozilla/5.0 (compatible; SemrushBot/7~bl; +http://www.semrush.com/bot.html)" "mantech8.com"
185.191.171.41 - - [13/Feb/2023:03:30:39 -0800] "GET /index.php?camp-fire%2F27391670.html HTTP/1.1" 500 - "-" "Mozilla/5.0 (compatible; SemrushBot/7~bl; +http://www.semrush.com/bot.html)" "mantech8.com"
185.191.171.20 - - [13/Feb/2023:03:30:44 -0800] "GET /index.php?camp-fire%2F28139759.html HTTP/1.1" 500 - "-" "Mozilla/5.0 (compatible; SemrushBot/7~bl; +http://www.semrush.com/bot.html)" "mantech8.com"
185.191.171.39 - - [13/Feb/2023:03:30:55 -0800] "GET /index.php?camp-fire%2F79379826.html HTTP/1.1" 500 - "-" "Mozilla/5.0 (compatible; SemrushBot/7~bl; +http://www.semrush.com/bot.html)" "mantech8.com"
185.191.171.18 - - [13/Feb/2023:03:30:58 -0800] "GET /index.php?camp-fire%2F37004971.html HTTP/1.1" 500 - "-" "Mozilla/5.0 (compatible; SemrushBot/7~bl; +http://www.semrush.com/bot.html)" "mantech8.com"
157.55.39.27 - - [13/Feb/2023:03:31:52 -0800] "GET /index.php/fcdba HTTP/1.1" 500 - "-" "Mozilla/5.0 AppleWebKit/537.36 (KHTML, like Gecko; compatible; bingbot/2.0; +http://www.bing.com/bingbot.htm) Chrome/103.0.5060.134 Safari/537.36" "mantech8.com"
185.191.171.24 - - [13/Feb/2023:03:32:32 -0800] "GET /index.php/camp-fire/28864989.html HTTP/1.1" 500 - "-" "Mozilla/5.0 (compatible; SemrushBot/7~bl; +http://www.semrush.com/bot.html)" "mantech8.com"
185.191.171.40 - - [13/Feb/2023:03:32:56 -0800] "GET /index.php?camp-fire%2F35900538.html HTTP/1.1" 500 - "-" "Mozilla/5.0 (compatible; SemrushBot/7~bl; +http://www.semrush.com/bot.html)" "mantech8.com"
52.167.144.92 - - [13/Feb/2023:03:33:08 -0800] "GET /index.php/2e4b4bdadf HTTP/1.1" 500 - "-" "Mozilla/5.0 AppleWebKit/537.36 (KHTML, like Gecko; compatible; bingbot/2.0; +http://www.bing.com/bingbot.htm) Chrome/103.0.5060.134 Safari/537.36" "mantech8.com"
52.167.144.92 - - [13/Feb/2023:03:33:08 -0800] "GET /index.php/mkjw-a6bb-byjpn.ii HTTP/1.1" 500 - "-" "Mozilla/5.0 AppleWebKit/537.36 (KHTML, like Gecko; compatible; bingbot/2.0; +http://www.bing.com/bingbot.htm) Chrome/103.0.5060.134 Safari/537.36" "mantech8.com"
157.55.39.100 - - [13/Feb/2023:03:33:12 -0800] "GET /index.php/nwtf-9abfab-3l4fd.ii HTTP/1.1" 500 - "-" "Mozilla/5.0 AppleWebKit/537.36 (KHTML, like Gecko; compatible; bingbot/2.0; +http://www.bing.com/bingbot.htm) Chrome/103.0.5060.134 Safari/537.36" "mantech8.com"
52.167.144.88 - - [13/Feb/2023:03:34:22 -0800] "GET /index.php/wf2o-8e9ffbed-g7jne.ii HTTP/1.1" 500 - "-" "Mozilla/5.0 AppleWebKit/537.36 (KHTML, like Gecko; compatible; bingbot/2.0; +http://www.bing.com/bingbot.htm) Chrome/103.0.5060.134 Safari/537.36" "mantech8.com"
185.191.171.18 - - [13/Feb/2023:03:34:34 -0800] "GET /index.php?camp-fire%2F26984451.html HTTP/1.1" 500 - "-" "Mozilla/5.0 (compatible; SemrushBot/7~bl; +http://www.semrush.com/bot.html)" "mantech8.com"
185.191.171.26 - - [13/Feb/2023:03:34:43 -0800] "GET /index.php?camp-fire%2F4959674.html HTTP/1.1" 500 - "-" "Mozilla/5.0 (compatible; SemrushBot/7~bl; +http://www.semrush.com/bot.html)" "mantech8.com"
157.55.39.27 - - [13/Feb/2023:03:34:51 -0800] "GET /index.php/egy1-e8dfb-vdafh.ii HTTP/1.1" 500 - "-" "Mozilla/5.0 AppleWebKit/537.36 (KHTML, like Gecko; compatible; bingbot/2.0; +http://www.bing.com/bingbot.htm) Chrome/103.0.5060.134 Safari/537.36" "mantech8.com"
185.191.171.10 - - [13/Feb/2023:03:35:30 -0800] "GET /index.php?camp-fire%2F15515483.html HTTP/1.1" 500 - "-" "Mozilla/5.0 (compatible; SemrushBot/7~bl; +http://www.semrush.com/bot.html)" "mantech8.com"
185.191.171.43 - - [13/Feb/2023:03:35:46 -0800] "GET /index.php?camp-fire%2F10896783.html HTTP/1.1" 500 - "-" "Mozilla/5.0 (compatible; SemrushBot/7~bl; +http://www.semrush.com/bot.html)" "mantech8.com"
185.191.171.16 - - [13/Feb/2023:03:35:48 -0800] "GET /index.php?camp-fire%2F28520559.html HTTP/1.1" 500 - "-" "Mozilla/5.0 (compatible; SemrushBot/7~bl; +http://www.semrush.com/bot.html)" "mantech8.com"
185.191.171.36 - - [13/Feb/2023:03:36:27 -0800] "GET /index.php?camp-fire%2F1035698.html HTTP/1.1" 500 - "-" "Mozilla/5.0 (compatible; SemrushBot/7~bl; +http://www.semrush.com/bot.html)" "mantech8.com"
185.191.171.33 - - [13/Feb/2023:03:37:14 -0800] "GET /index.php?camp-fire%2F27115063.html HTTP/1.1" 500 - "-" "Mozilla/5.0 (compatible; SemrushBot/7~bl; +http://www.semrush.com/bot.html)" "mantech8.com"
185.191.171.19 - - [13/Feb/2023:03:37:36 -0800] "GET /index.php?camp-fire%2F67105435.html HTTP/1.1" 500 - "-" "Mozilla/5.0 (compatible; SemrushBot/7~bl; +http://www.semrush.com/bot.html)" "mantech8.com"
185.191.171.18 - - [13/Feb/2023:03:38:31 -0800] "GET /index.php?camp-fire%2F27413347.html HTTP/1.1" 500 - "-" "Mozilla/5.0 (compatible; SemrushBot/7~bl; +http://www.semrush.com/bot.html)" "mantech8.com"
185.191.171.15 - - [13/Feb/2023:03:38:41 -0800] "GET /index.php/camp-fire/10581057.html HTTP/1.1" 500 - "-" "Mozilla/5.0 (compatible; SemrushBot/7~bl; +http://www.semrush.com/bot.html)" "mantech8.com"
52.167.144.88 - - [13/Feb/2023:03:39:02 -0800] "GET /d4Mn-673b6cdee-ae2dX.Ii HTTP/1.1" 404 88 "-" "Mozilla/5.0 AppleWebKit/537.36 (KHTML, like Gecko; compatible; bingbot/2.0; +http://www.bing.com/bingbot.htm) Chrome/103.0.5060.134 Safari/537.36" "www.mantech8.com"
185.191.171.8 - - [13/Feb/2023:03:39:17 -0800] "GET /index.php?camp-fire%2F79663721.html HTTP/1.1" 500 - "-" "Mozilla/5.0 (compatible; SemrushBot/7~bl; +http://www.semrush.com/bot.html)" "mantech8.com"
185.191.171.2 - - [13/Feb/2023:03:39:19 -0800] "GET /index.php?camp-fire%2F26208882.html HTTP/1.1" 500 - "-" "Mozilla/5.0 (compatible; SemrushBot/7~bl; +http://www.semrush.com/bot.html)" "mantech8.com"
52.167.144.92 - - [13/Feb/2023:03:39:30 -0800] "GET /index.php/egy1-b970fcface-vsjfu.ii HTTP/1.1" 500 - "-" "Mozilla/5.0 AppleWebKit/537.36 (KHTML, like Gecko; compatible; bingbot/2.0; +http://www.bing.com/bingbot.htm) Chrome/103.0.5060.134 Safari/537.36" "mantech8.com"
185.191.171.43 - - [13/Feb/2023:03:39:34 -0800] "GET /index.php?camp-fire%2F22539165.html HTTP/1.1" 500 - "-" "Mozilla/5.0 (compatible; SemrushBot/7~bl; +http://www.semrush.com/bot.html)" "mantech8.com"
185.191.171.45 - - [13/Feb/2023:03:40:09 -0800] "GET /index.php?camp-fire%2F36114025.html HTTP/1.1" 500 - "-" "Mozilla/5.0 (compatible; SemrushBot/7~bl; +http://www.semrush.com/bot.html)" "mantech8.com"
185.191.171.43 - - [13/Feb/2023:03:40:13 -0800] "GET /index.php?camp-fire%2F25970930.html HTTP/1.1" 500 - "-" "Mozilla/5.0 (compatible; SemrushBot/7~bl; +http://www.semrush.com/bot.html)" "mantech8.com"
185.191.171.36 - - [13/Feb/2023:03:40:41 -0800] "GET /index.php?camp-fire%2F20857835.html HTTP/1.1" 500 - "-" "Mozilla/5.0 (compatible; SemrushBot/7~bl; +http://www.semrush.com/bot.html)" "mantech8.com"
185.191.171.38 - - [13/Feb/2023:03:41:02 -0800] "GET /index.php?camp-fire%2F14518924.html HTTP/1.1" 500 - "-" "Mozilla/5.0 (compatible; SemrushBot/7~bl; +http://www.semrush.com/bot.html)" "mantech8.com"
52.167.144.88 - - [13/Feb/2023:03:41:41 -0800] "GET /?/304buxiu/334/ HTTP/1.1" 500 - "-" "Mozilla/5.0 AppleWebKit/537.36 (KHTML, like Gecko; compatible; bingbot/2.0; +http://www.bing.com/bingbot.htm) Chrome/103.0.5060.134 Safari/537.36" "mantech8.com"
185.191.171.42 - - [13/Feb/2023:03:42:09 -0800] "GET /index.php?camp-fire%2F10301490.html HTTP/1.1" 500 - "-" "Mozilla/5.0 (compatible; SemrushBot/7~bl; +http://www.semrush.com/bot.html)" "mantech8.com"
185.191.171.2 - - [13/Feb/2023:03:42:26 -0800] "GET /index.php?camp-fire%2F47954292.html HTTP/1.1" 500 - "-" "Mozilla/5.0 (compatible; SemrushBot/7~bl; +http://www.semrush.com/bot.html)" "mantech8.com"
40.77.167.171 - - [13/Feb/2023:03:42:28 -0800] "GET /index.php/14js-2cced-cbhus.ii HTTP/1.1" 500 - "-" "Mozilla/5.0 AppleWebKit/537.36 (KHTML, like Gecko; compatible; bingbot/2.0; +http://www.bing.com/bingbot.htm) Chrome/103.0.5060.134 Safari/537.36" "mantech8.com"
216.244.66.241 - - [13/Feb/2023:03:43:31 -0800] "GET /robots.txt HTTP/1.1" 200 68 "-" "Mozilla/5.0 (compatible; DotBot/1.2; +https://opensiteexplorer.org/dotbot; help@moz.com)" "mantech8.com"
216.244.66.241 - - [13/Feb/2023:03:43:31 -0800] "GET /robots.txt HTTP/1.1" 200 68 "-" "Mozilla/5.0 (compatible; DotBot/1.2; +https://opensiteexplorer.org/dotbot; help@moz.com)" "www.mantech8.com"
185.191.171.11 - - [13/Feb/2023:03:44:33 -0800] "GET /index.php?camp-fire%2F10220690.html HTTP/1.1" 500 - "-" "Mozilla/5.0 (compatible; SemrushBot/7~bl; +http://www.semrush.com/bot.html)" "mantech8.com"
185.191.171.43 - - [13/Feb/2023:03:44:40 -0800] "GET /index.php?camp-fire%2F32574668.html HTTP/1.1" 500 - "-" "Mozilla/5.0 (compatible; SemrushBot/7~bl; +http://www.semrush.com/bot.html)" "mantech8.com"
185.191.171.5 - - [13/Feb/2023:03:45:07 -0800] "GET /index.php?camp-fire%2F78378000.html HTTP/1.1" 500 - "-" "Mozilla/5.0 (compatible; SemrushBot/7~bl; +http://www.semrush.com/bot.html)" "mantech8.com"
52.167.144.92 - - [13/Feb/2023:03:45:20 -0800] "GET /index.php/b68edefb HTTP/1.1" 500 - "-" "Mozilla/5.0 AppleWebKit/537.36 (KHTML, like Gecko; compatible; bingbot/2.0; +http://www.bing.com/bingbot.htm) Chrome/103.0.5060.134 Safari/537.36" "mantech8.com"
185.191.171.20 - - [13/Feb/2023:03:45:35 -0800] "GET /index.php/camp-fire/1791890.html HTTP/1.1" 500 - "-" "Mozilla/5.0 (compatible; SemrushBot/7~bl; +http://www.semrush.com/bot.html)" "mantech8.com"
185.191.171.38 - - [13/Feb/2023:03:47:28 -0800] "GET /index.php?camp-fire%2F24534650.html HTTP/1.1" 500 - "-" "Mozilla/5.0 (compatible; SemrushBot/7~bl; +http://www.semrush.com/bot.html)" "mantech8.com"
185.191.171.17 - - [13/Feb/2023:03:47:57 -0800] "GET /index.php?camp-fire%2F41784203.html HTTP/1.1" 500 - "-" "Mozilla/5.0 (compatible; SemrushBot/7~bl; +http://www.semrush.com/bot.html)" "mantech8.com"
185.191.171.26 - - [13/Feb/2023:03:48:00 -0800] "GET /index.php?camp-fire%2F24554330.html HTTP/1.1" 500 - "-" "Mozilla/5.0 (compatible; SemrushBot/7~bl; +http://www.semrush.com/bot.html)" "mantech8.com"
185.191.171.21 - - [13/Feb/2023:03:48:18 -0800] "GET /index.php?camp-fire%2F26255151.html HTTP/1.1" 500 - "-" "Mozilla/5.0 (compatible; SemrushBot/7~bl; +http://www.semrush.com/bot.html)" "mantech8.com"
185.191.171.38 - - [13/Feb/2023:03:49:21 -0800] "GET /index.php?camp-fire%2F35821638.html HTTP/1.1" 500 - "-" "Mozilla/5.0 (compatible; SemrushBot/7~bl; +http://www.semrush.com/bot.html)" "mantech8.com"
40.77.167.171 - - [13/Feb/2023:03:49:22 -0800] "GET / HTTP/1.1" 500 - "-" "Mozilla/5.0 AppleWebKit/537.36 (KHTML, like Gecko; compatible; bingbot/2.0; +http://www.bing.com/bingbot.htm) Chrome/103.0.5060.134 Safari/537.36" "www.mantech8.com"
185.191.171.6 - - [13/Feb/2023:03:49:34 -0800] "GET /index.php?camp-fire%2F15952084.html HTTP/1.1" 500 - "-" "Mozilla/5.0 (compatible; SemrushBot/7~bl; +http://www.semrush.com/bot.html)" "mantech8.com"
