152.58.116.189 - - [13/Feb/2023:12:41:06 -0800] "GET /verificationimage.php?8111 HTTP/1.1" 200 1394 "http://mantech8.com/contact.php" "Mozilla/5.0 (Windows NT 10.0; Win64; x64) AppleWebKit/537.36 (KHTML, like Gecko) Chrome/90.0.4430.72 Safari/537.36" "mantech8.com"
152.58.116.189 - - [13/Feb/2023:12:41:07 -0800] "POST /mailer.php HTTP/1.1" 404 73 "http://mantech8.com/contact.php" "Mozilla/5.0 (Windows NT 10.0; Win64; x64) AppleWebKit/537.36 (KHTML, like Gecko) Chrome/90.0.4430.72 Safari/537.36" "mantech8.com"
185.191.171.14 - - [13/Feb/2023:12:41:41 -0800] "GET /index.php/camp-fire/22483159.html HTTP/1.1" 500 - "-" "Mozilla/5.0 (compatible; SemrushBot/7~bl; +http://www.semrush.com/bot.html)" "mantech8.com"
185.191.171.3 - - [13/Feb/2023:12:41:50 -0800] "GET /index.php?camp-fire%2F20811196.html HTTP/1.1" 500 - "-" "Mozilla/5.0 (compatible; SemrushBot/7~bl; +http://www.semrush.com/bot.html)" "mantech8.com"
185.191.171.14 - - [13/Feb/2023:12:42:34 -0800] "GET /index.php?camp-fire%2F22548217.html HTTP/1.1" 500 - "-" "Mozilla/5.0 (compatible; SemrushBot/7~bl; +http://www.semrush.com/bot.html)" "mantech8.com"
114.119.158.83 - - [13/Feb/2023:12:42:47 -0800] "GET /?sitemap19872.xml HTTP/1.1" 500 - "-" "Mozilla/5.0 (Linux; Android 7.0;) AppleWebKit/537.36 (KHTML, like Gecko) Mobile Safari/537.36 (compatible; PetalBot;+https://webmaster.petalsearch.com/site/petalbot)" "mantech8.com"
185.191.171.23 - - [13/Feb/2023:12:42:50 -0800] "GET /index.php?camp-fire%2F11931776.html HTTP/1.1" 500 - "-" "Mozilla/5.0 (compatible; SemrushBot/7~bl; +http://www.semrush.com/bot.html)" "mantech8.com"
185.191.171.7 - - [13/Feb/2023:12:43:05 -0800] "GET /index.php?camp-fire%2F17540927.html HTTP/1.1" 500 - "-" "Mozilla/5.0 (compatible; SemrushBot/7~bl; +http://www.semrush.com/bot.html)" "mantech8.com"
157.55.39.100 - - [13/Feb/2023:12:43:43 -0800] "GET / HTTP/1.1" 500 - "-" "Mozilla/5.0 AppleWebKit/537.36 (KHTML, like Gecko; compatible; bingbot/2.0; +http://www.bing.com/bingbot.htm) Chrome/103.0.5060.134 Safari/537.36" "www.mantech8.com"
185.191.171.18 - - [13/Feb/2023:12:44:15 -0800] "GET /index.php?camp-fire%2F24687606.html HTTP/1.1" 500 - "-" "Mozilla/5.0 (compatible; SemrushBot/7~bl; +http://www.semrush.com/bot.html)" "mantech8.com"
185.191.171.4 - - [13/Feb/2023:12:44:17 -0800] "GET /index.php?camp-fire%2F32637206.html HTTP/1.1" 500 - "-" "Mozilla/5.0 (compatible; SemrushBot/7~bl; +http://www.semrush.com/bot.html)" "mantech8.com"
185.191.171.12 - - [13/Feb/2023:12:44:56 -0800] "GET /index.php?camp-fire%2F24561630.html HTTP/1.1" 500 - "-" "Mozilla/5.0 (compatible; SemrushBot/7~bl; +http://www.semrush.com/bot.html)" "mantech8.com"
185.191.171.38 - - [13/Feb/2023:12:45:17 -0800] "GET /index.php?camp-fire%2F93355080.html HTTP/1.1" 500 - "-" "Mozilla/5.0 (compatible; SemrushBot/7~bl; +http://www.semrush.com/bot.html)" "mantech8.com"
185.191.171.6 - - [13/Feb/2023:12:45:36 -0800] "GET /index.php?camp-fire%2F17395665.html HTTP/1.1" 500 - "-" "Mozilla/5.0 (compatible; SemrushBot/7~bl; +http://www.semrush.com/bot.html)" "mantech8.com"
185.191.171.40 - - [13/Feb/2023:12:46:10 -0800] "GET /index.php?camp-fire%2F27044665.html HTTP/1.1" 500 - "-" "Mozilla/5.0 (compatible; SemrushBot/7~bl; +http://www.semrush.com/bot.html)" "mantech8.com"
185.191.171.7 - - [13/Feb/2023:12:46:25 -0800] "GET /index.php?camp-fire%2F18028081.html HTTP/1.1" 500 - "-" "Mozilla/5.0 (compatible; SemrushBot/7~bl; +http://www.semrush.com/bot.html)" "mantech8.com"
185.191.171.10 - - [13/Feb/2023:12:46:29 -0800] "GET /index.php?camp-fire%2F16362283.html HTTP/1.1" 500 - "-" "Mozilla/5.0 (compatible; SemrushBot/7~bl; +http://www.semrush.com/bot.html)" "mantech8.com"
185.191.171.4 - - [13/Feb/2023:12:48:23 -0800] "GET /index.php/camp-fire/29040789.html HTTP/1.1" 500 - "-" "Mozilla/5.0 (compatible; SemrushBot/7~bl; +http://www.semrush.com/bot.html)" "mantech8.com"
194.110.203.46 - - [13/Feb/2023:12:48:35 -0800] "GET /mantech8_27032022.zip HTTP/1.1" 404 73 "-" "Firefox" "mantech8.com"
66.249.66.208 - - [13/Feb/2023:12:48:56 -0800] "GET /sitemapimages4171.xml HTTP/1.1" 404 88 "-" "Mozilla/5.0 (compatible; Googlebot/2.1; +http://www.google.com/bot.html)" "mantech8.com"
114.119.149.51 - - [13/Feb/2023:12:48:57 -0800] "GET /bimages/certificate/?C=N%3BO%3DD HTTP/1.1" 200 651 "http://www.mantech8.com/bimages/certificate/" "Mozilla/5.0 (Linux; Android 7.0;) AppleWebKit/537.36 (KHTML, like Gecko) Mobile Safari/537.36 (compatible; PetalBot;+https://webmaster.petalsearch.com/site/petalbot)" "www.mantech8.com"
185.191.171.39 - - [13/Feb/2023:12:49:28 -0800] "GET /index.php?camp-fire%2F20778635.html HTTP/1.1" 500 - "-" "Mozilla/5.0 (compatible; SemrushBot/7~bl; +http://www.semrush.com/bot.html)" "mantech8.com"
185.191.171.25 - - [13/Feb/2023:12:49:40 -0800] "GET /index.php?camp-fire%2F15766500.html HTTP/1.1" 500 - "-" "Mozilla/5.0 (compatible; SemrushBot/7~bl; +http://www.semrush.com/bot.html)" "mantech8.com"
52.167.144.38 - - [13/Feb/2023:12:50:02 -0800] "GET /index.php/14js-2cced-cbhus.ii HTTP/1.1" 500 - "-" "Mozilla/5.0 AppleWebKit/537.36 (KHTML, like Gecko; compatible; bingbot/2.0; +http://www.bing.com/bingbot.htm) Chrome/103.0.5060.134 Safari/537.36" "mantech8.com"
185.191.171.44 - - [13/Feb/2023:12:50:23 -0800] "GET /index.php?camp-fire%2F66471834.html HTTP/1.1" 500 - "-" "Mozilla/5.0 (compatible; SemrushBot/7~bl; +http://www.semrush.com/bot.html)" "mantech8.com"
185.191.171.10 - - [13/Feb/2023:12:51:13 -0800] "GET /index.php?camp-fire%2F28832289.html HTTP/1.1" 500 - "-" "Mozilla/5.0 (compatible; SemrushBot/7~bl; +http://www.semrush.com/bot.html)" "mantech8.com"
185.191.171.14 - - [13/Feb/2023:12:51:17 -0800] "GET /index.php?camp-fire%2F76386565.html HTTP/1.1" 500 - "-" "Mozilla/5.0 (compatible; SemrushBot/7~bl; +http://www.semrush.com/bot.html)" "mantech8.com"
185.191.171.9 - - [13/Feb/2023:12:51:20 -0800] "GET /index.php?camp-fire%2F27731709.html HTTP/1.1" 500 - "-" "Mozilla/5.0 (compatible; SemrushBot/7~bl; +http://www.semrush.com/bot.html)" "mantech8.com"
185.191.171.40 - - [13/Feb/2023:12:51:37 -0800] "GET /index.php?camp-fire%2F24624346.html HTTP/1.1" 500 - "-" "Mozilla/5.0 (compatible; SemrushBot/7~bl; +http://www.semrush.com/bot.html)" "mantech8.com"
185.191.171.21 - - [13/Feb/2023:12:51:50 -0800] "GET /index.php?camp-fire%2F27749870.html HTTP/1.1" 500 - "-" "Mozilla/5.0 (compatible; SemrushBot/7~bl; +http://www.semrush.com/bot.html)" "mantech8.com"
185.191.171.23 - - [13/Feb/2023:12:52:12 -0800] "GET /index.php/camp-fire/51933203.html HTTP/1.1" 500 - "-" "Mozilla/5.0 (compatible; SemrushBot/7~bl; +http://www.semrush.com/bot.html)" "mantech8.com"
185.191.171.41 - - [13/Feb/2023:12:52:47 -0800] "GET /index.php?camp-fire%2F27295097.html HTTP/1.1" 500 - "-" "Mozilla/5.0 (compatible; SemrushBot/7~bl; +http://www.semrush.com/bot.html)" "mantech8.com"
185.191.171.45 - - [13/Feb/2023:12:52:52 -0800] "GET /index.php?camp-fire%2F27322070.html HTTP/1.1" 500 - "-" "Mozilla/5.0 (compatible; SemrushBot/7~bl; +http://www.semrush.com/bot.html)" "mantech8.com"
185.191.171.34 - - [13/Feb/2023:12:53:31 -0800] "GET /index.php?camp-fire%2F27775521.html HTTP/1.1" 500 - "-" "Mozilla/5.0 (compatible; SemrushBot/7~bl; +http://www.semrush.com/bot.html)" "mantech8.com"
185.191.171.9 - - [13/Feb/2023:12:54:14 -0800] "GET /index.php?camp-fire%2F76559896.html HTTP/1.1" 500 - "-" "Mozilla/5.0 (compatible; SemrushBot/7~bl; +http://www.semrush.com/bot.html)" "mantech8.com"
185.191.171.13 - - [13/Feb/2023:12:54:44 -0800] "GET /index.php?camp-fire%2F23866072.html HTTP/1.1" 500 - "-" "Mozilla/5.0 (compatible; SemrushBot/7~bl; +http://www.semrush.com/bot.html)" "mantech8.com"
185.191.171.24 - - [13/Feb/2023:12:55:10 -0800] "GET /index.php?camp-fire%2F11660809.html HTTP/1.1" 500 - "-" "Mozilla/5.0 (compatible; SemrushBot/7~bl; +http://www.semrush.com/bot.html)" "mantech8.com"
114.119.135.172 - - [13/Feb/2023:12:55:12 -0800] "GET /bimages/pipeg/thump/?C=D%3BO%3DA HTTP/1.1" 200 568 "http://www.mantech8.com/bimages/pipeg/thump/" "Mozilla/5.0 (Linux; Android 7.0;) AppleWebKit/537.36 (KHTML, like Gecko) Mobile Safari/537.36 (compatible; PetalBot;+https://webmaster.petalsearch.com/site/petalbot)" "www.mantech8.com"
157.55.39.27 - - [13/Feb/2023:12:55:33 -0800] "GET /index.php/gulj-23d24bdbbb-nucub.ii HTTP/1.1" 500 - "-" "Mozilla/5.0 AppleWebKit/537.36 (KHTML, like Gecko; compatible; bingbot/2.0; +http://www.bing.com/bingbot.htm) Chrome/103.0.5060.134 Safari/537.36" "mantech8.com"
185.191.171.38 - - [13/Feb/2023:12:55:53 -0800] "GET /index.php/camp-fire/27747080.html HTTP/1.1" 500 - "-" "Mozilla/5.0 (compatible; SemrushBot/7~bl; +http://www.semrush.com/bot.html)" "mantech8.com"
185.191.171.42 - - [13/Feb/2023:12:56:10 -0800] "GET /index.php?camp-fire%2F112010576.html HTTP/1.1" 500 - "-" "Mozilla/5.0 (compatible; SemrushBot/7~bl; +http://www.semrush.com/bot.html)" "mantech8.com"
185.191.171.38 - - [13/Feb/2023:12:56:12 -0800] "GET /index.php?camp-fire%2F11984876.html HTTP/1.1" 500 - "-" "Mozilla/5.0 (compatible; SemrushBot/7~bl; +http://www.semrush.com/bot.html)" "mantech8.com"
52.167.144.38 - - [13/Feb/2023:12:56:43 -0800] "GET /index.php/d4de HTTP/1.1" 500 - "-" "Mozilla/5.0 AppleWebKit/537.36 (KHTML, like Gecko; compatible; bingbot/2.0; +http://www.bing.com/bingbot.htm) Chrome/103.0.5060.134 Safari/537.36" "mantech8.com"
52.167.144.38 - - [13/Feb/2023:12:57:02 -0800] "GET / HTTP/1.1" 500 - "-" "Mozilla/5.0 AppleWebKit/537.36 (KHTML, like Gecko; compatible; bingbot/2.0; +http://www.bing.com/bingbot.htm) Chrome/103.0.5060.134 Safari/537.36" "www.mantech8.com"
185.191.171.44 - - [13/Feb/2023:12:57:19 -0800] "GET /index.php?camp-fire%2F64985635.html HTTP/1.1" 500 - "-" "Mozilla/5.0 (compatible; SemrushBot/7~bl; +http://www.semrush.com/bot.html)" "mantech8.com"
185.191.171.35 - - [13/Feb/2023:12:58:34 -0800] "GET /index.php?camp-fire%2F25711506.html HTTP/1.1" 500 - "-" "Mozilla/5.0 (compatible; SemrushBot/7~bl; +http://www.semrush.com/bot.html)" "mantech8.com"
185.191.171.44 - - [13/Feb/2023:12:58:52 -0800] "GET /index.php?camp-fire%2F25233706.html HTTP/1.1" 500 - "-" "Mozilla/5.0 (compatible; SemrushBot/7~bl; +http://www.semrush.com/bot.html)" "mantech8.com"
185.191.171.37 - - [13/Feb/2023:13:00:07 -0800] "GET /index.php?camp-fire%2F90971535.html HTTP/1.1" 500 - "-" "Mozilla/5.0 (compatible; SemrushBot/7~bl; +http://www.semrush.com/bot.html)" "mantech8.com"
185.191.171.37 - - [13/Feb/2023:13:00:11 -0800] "GET /index.php?camp-fire%2F39178935.html HTTP/1.1" 500 - "-" "Mozilla/5.0 (compatible; SemrushBot/7~bl; +http://www.semrush.com/bot.html)" "mantech8.com"
185.191.171.39 - - [13/Feb/2023:13:00:13 -0800] "GET /index.php/camp-fire/10558193.html HTTP/1.1" 500 - "-" "Mozilla/5.0 (compatible; SemrushBot/7~bl; +http://www.semrush.com/bot.html)" "mantech8.com"
185.191.171.19 - - [13/Feb/2023:13:00:18 -0800] "GET /index.php?camp-fire%2F39886976.html HTTP/1.1" 500 - "-" "Mozilla/5.0 (compatible; SemrushBot/7~bl; +http://www.semrush.com/bot.html)" "mantech8.com"
52.167.144.38 - - [13/Feb/2023:13:01:22 -0800] "GET /index.php/wf2o-2ed6aafdf-g5chq.ii HTTP/1.1" 500 - "-" "Mozilla/5.0 AppleWebKit/537.36 (KHTML, like Gecko; compatible; bingbot/2.0; +http://www.bing.com/bingbot.htm) Chrome/103.0.5060.134 Safari/537.36" "mantech8.com"
185.191.171.36 - - [13/Feb/2023:13:01:28 -0800] "GET /index.php?camp-fire%2F27320982.html HTTP/1.1" 500 - "-" "Mozilla/5.0 (compatible; SemrushBot/7~bl; +http://www.semrush.com/bot.html)" "mantech8.com"
52.167.144.88 - - [13/Feb/2023:13:02:16 -0800] "GET /index.php/mcko-a043ffbce-vt7cb.ii HTTP/1.1" 500 - "-" "Mozilla/5.0 AppleWebKit/537.36 (KHTML, like Gecko; compatible; bingbot/2.0; +http://www.bing.com/bingbot.htm) Chrome/103.0.5060.134 Safari/537.36" "mantech8.com"
114.119.159.61 - - [13/Feb/2023:13:02:31 -0800] "GET /index.php?ching-kuo.xml HTTP/1.1" 500 - "-" "Mozilla/5.0 (Linux; Android 7.0;) AppleWebKit/537.36 (KHTML, like Gecko) Mobile Safari/537.36 (compatible; PetalBot;+https://webmaster.petalsearch.com/site/petalbot)" "mantech8.com"
185.191.171.10 - - [13/Feb/2023:13:03:39 -0800] "GET /index.php?camp-fire%2F25944121.html HTTP/1.1" 500 - "-" "Mozilla/5.0 (compatible; SemrushBot/7~bl; +http://www.semrush.com/bot.html)" "mantech8.com"
185.191.171.24 - - [13/Feb/2023:13:03:40 -0800] "GET /index.php?camp-fire%2F26452682.html HTTP/1.1" 500 - "-" "Mozilla/5.0 (compatible; SemrushBot/7~bl; +http://www.semrush.com/bot.html)" "mantech8.com"
185.191.171.2 - - [13/Feb/2023:13:03:44 -0800] "GET /index.php?camp-fire%2F27341978.html HTTP/1.1" 500 - "-" "Mozilla/5.0 (compatible; SemrushBot/7~bl; +http://www.semrush.com/bot.html)" "mantech8.com"
185.191.171.3 - - [13/Feb/2023:13:03:47 -0800] "GET /index.php?camp-fire%2F15514046.html HTTP/1.1" 500 - "-" "Mozilla/5.0 (compatible; SemrushBot/7~bl; +http://www.semrush.com/bot.html)" "mantech8.com"
185.191.171.4 - - [13/Feb/2023:13:03:56 -0800] "GET /index.php/camp-fire/52244847.html HTTP/1.1" 500 - "-" "Mozilla/5.0 (compatible; SemrushBot/7~bl; +http://www.semrush.com/bot.html)" "mantech8.com"
185.191.171.8 - - [13/Feb/2023:13:03:58 -0800] "GET /index.php?camp-fire%2F21844235.html HTTP/1.1" 500 - "-" "Mozilla/5.0 (compatible; SemrushBot/7~bl; +http://www.semrush.com/bot.html)" "mantech8.com"
185.191.171.20 - - [13/Feb/2023:13:04:03 -0800] "GET /index.php?camp-fire%2F37249771.html HTTP/1.1" 500 - "-" "Mozilla/5.0 (compatible; SemrushBot/7~bl; +http://www.semrush.com/bot.html)" "mantech8.com"
52.167.144.92 - - [13/Feb/2023:13:04:11 -0800] "GET /index.php/mkjw-a6bb-byjpn.ii HTTP/1.1" 500 - "-" "Mozilla/5.0 AppleWebKit/537.36 (KHTML, like Gecko; compatible; bingbot/2.0; +http://www.bing.com/bingbot.htm) Chrome/103.0.5060.134 Safari/537.36" "mantech8.com"
185.191.171.45 - - [13/Feb/2023:13:04:58 -0800] "GET /index.php?camp-fire%2F33744808.html HTTP/1.1" 500 - "-" "Mozilla/5.0 (compatible; SemrushBot/7~bl; +http://www.semrush.com/bot.html)" "mantech8.com"
185.191.171.44 - - [13/Feb/2023:13:05:12 -0800] "GET /index.php?camp-fire%2F26069151.html HTTP/1.1" 500 - "-" "Mozilla/5.0 (compatible; SemrushBot/7~bl; +http://www.semrush.com/bot.html)" "mantech8.com"
185.191.171.3 - - [13/Feb/2023:13:05:21 -0800] "GET /index.php?camp-fire%2F4092665.html HTTP/1.1" 500 - "-" "Mozilla/5.0 (compatible; SemrushBot/7~bl; +http://www.semrush.com/bot.html)" "mantech8.com"
185.191.171.26 - - [13/Feb/2023:13:05:27 -0800] "GET /index.php?camp-fire%2F20793335.html HTTP/1.1" 500 - "-" "Mozilla/5.0 (compatible; SemrushBot/7~bl; +http://www.semrush.com/bot.html)" "mantech8.com"
185.191.171.14 - - [13/Feb/2023:13:05:31 -0800] "GET /index.php?camp-fire%2F16666726.html HTTP/1.1" 500 - "-" "Mozilla/5.0 (compatible; SemrushBot/7~bl; +http://www.semrush.com/bot.html)" "mantech8.com"
52.167.144.38 - - [13/Feb/2023:13:06:32 -0800] "GET /bimages/gallery/s3.jpg HTTP/1.1" 200 170464 "-" "Mozilla/5.0 AppleWebKit/537.36 (KHTML, like Gecko; compatible; bingbot/2.0; +http://www.bing.com/bingbot.htm) Chrome/103.0.5060.134 Safari/537.36" "mantech8.com"
52.167.144.92 - - [13/Feb/2023:13:06:41 -0800] "GET /index.php/2e4b4bdadf HTTP/1.1" 500 - "-" "Mozilla/5.0 AppleWebKit/537.36 (KHTML, like Gecko; compatible; bingbot/2.0; +http://www.bing.com/bingbot.htm) Chrome/103.0.5060.134 Safari/537.36" "mantech8.com"
157.55.39.100 - - [13/Feb/2023:13:06:46 -0800] "GET /index.php/nwtf-9abfab-3l4fd.ii HTTP/1.1" 500 - "-" "Mozilla/5.0 AppleWebKit/537.36 (KHTML, like Gecko; compatible; bingbot/2.0; +http://www.bing.com/bingbot.htm) Chrome/103.0.5060.134 Safari/537.36" "mantech8.com"
185.191.171.36 - - [13/Feb/2023:13:07:12 -0800] "GET /index.php?camp-fire%2F36748950.html HTTP/1.1" 500 - "-" "Mozilla/5.0 (compatible; SemrushBot/7~bl; +http://www.semrush.com/bot.html)" "mantech8.com"
185.191.171.5 - - [13/Feb/2023:13:07:19 -0800] "GET /index.php?camp-fire%2F27891670.html HTTP/1.1" 500 - "-" "Mozilla/5.0 (compatible; SemrushBot/7~bl; +http://www.semrush.com/bot.html)" "mantech8.com"
185.191.171.26 - - [13/Feb/2023:13:08:17 -0800] "GET /index.php/camp-fire/23066081.html HTTP/1.1" 500 - "-" "Mozilla/5.0 (compatible; SemrushBot/7~bl; +http://www.semrush.com/bot.html)" "mantech8.com"
185.191.171.22 - - [13/Feb/2023:13:09:00 -0800] "GET /index.php?camp-fire%2F27615871.html HTTP/1.1" 500 - "-" "Mozilla/5.0 (compatible; SemrushBot/7~bl; +http://www.semrush.com/bot.html)" "mantech8.com"
157.55.39.27 - - [13/Feb/2023:13:09:06 -0800] "GET /index.php/egy1-e8dfb-vdafh.ii HTTP/1.1" 500 - "-" "Mozilla/5.0 AppleWebKit/537.36 (KHTML, like Gecko; compatible; bingbot/2.0; +http://www.bing.com/bingbot.htm) Chrome/103.0.5060.134 Safari/537.36" "mantech8.com"
114.119.149.228 - - [13/Feb/2023:13:09:17 -0800] "GET /index.php/sitemap4595.xml HTTP/1.1" 500 - "-" "Mozilla/5.0 (Linux; Android 7.0;) AppleWebKit/537.36 (KHTML, like Gecko) Mobile Safari/537.36 (compatible; PetalBot;+https://webmaster.petalsearch.com/site/petalbot)" "mantech8.com"
4.154.80.231 - - [13/Feb/2023:13:09:44 -0800] "GET /wp-includes/css/modules.php HTTP/1.1" 404 88 "-" "python-requests/2.25.0" "www.mantech8.com"
4.154.80.231 - - [13/Feb/2023:13:09:45 -0800] "GET /wso.php HTTP/1.1" 404 88 "-" "python-requests/2.25.0" "www.mantech8.com"
4.154.80.231 - - [13/Feb/2023:13:09:45 -0800] "GET /wp-content/plugins/upspy/index.php HTTP/1.1" 404 88 "-" "python-requests/2.25.0" "www.mantech8.com"
4.154.80.231 - - [13/Feb/2023:13:09:46 -0800] "GET /wp-content/plugins/ubh/index.php HTTP/1.1" 404 88 "-" "python-requests/2.25.0" "www.mantech8.com"
4.154.80.231 - - [13/Feb/2023:13:09:47 -0800] "GET /wp-content/plugins/vwcleanerplugin/bump.php?cache HTTP/1.1" 404 88 "-" "python-requests/2.25.0" "www.mantech8.com"
4.154.80.231 - - [13/Feb/2023:13:09:47 -0800] "GET /wp-content/plugins/xichang/x.php?xi HTTP/1.1" 404 88 "-" "python-requests/2.25.0" "www.mantech8.com"
4.154.80.231 - - [13/Feb/2023:13:09:48 -0800] "GET /wp-content/plugins/html404/index.html HTTP/1.1" 404 88 "-" "python-requests/2.25.0" "www.mantech8.com"
4.154.80.231 - - [13/Feb/2023:13:09:49 -0800] "GET /wp-admin/shapes.php HTTP/1.1" 404 88 "-" "python-requests/2.25.0" "www.mantech8.com"
4.154.80.231 - - [13/Feb/2023:13:09:49 -0800] "GET /olux.php HTTP/1.1" 404 88 "-" "python-requests/2.25.0" "www.mantech8.com"
4.154.80.231 - - [13/Feb/2023:13:09:50 -0800] "GET /indoxploit.php HTTP/1.1" 404 88 "-" "python-requests/2.25.0" "www.mantech8.com"
4.154.80.231 - - [13/Feb/2023:13:09:50 -0800] "GET / HTTP/1.1" 500 - "-" "python-requests/2.25.0" "www.mantech8.com"
4.154.80.231 - - [13/Feb/2023:13:09:51 -0800] "GET /up.php HTTP/1.1" 404 88 "-" "python-requests/2.25.0" "www.mantech8.com"
4.154.80.231 - - [13/Feb/2023:13:09:52 -0800] "GET /upload.php HTTP/1.1" 404 88 "-" "python-requests/2.25.0" "www.mantech8.com"
4.154.80.231 - - [13/Feb/2023:13:09:53 -0800] "GET /wp-content/uploads/ HTTP/1.1" 404 88 "-" "python-requests/2.25.0" "www.mantech8.com"
4.154.80.231 - - [13/Feb/2023:13:09:53 -0800] "GET /wp-content/uploads/2023/02/ HTTP/1.1" 404 88 "-" "python-requests/2.25.0" "www.mantech8.com"
4.154.80.231 - - [13/Feb/2023:13:09:54 -0800] "GET /shell.php HTTP/1.1" 404 88 "-" "python-requests/2.25.0" "www.mantech8.com"
4.154.80.231 - - [13/Feb/2023:13:09:55 -0800] "GET /wp-admin/network/wp-footer.php HTTP/1.1" 404 88 "-" "python-requests/2.25.0" "www.mantech8.com"
4.154.80.231 - - [13/Feb/2023:13:09:56 -0800] "GET /wp-info.php HTTP/1.1" 404 88 "-" "python-requests/2.25.0" "www.mantech8.com"
4.154.80.231 - - [13/Feb/2023:13:09:56 -0800] "GET /wp-content/vuln.php HTTP/1.1" 404 88 "-" "python-requests/2.25.0" "www.mantech8.com"
4.154.80.231 - - [13/Feb/2023:13:09:57 -0800] "GET /upel.php HTTP/1.1" 404 88 "-" "python-requests/2.25.0" "www.mantech8.com"
4.154.80.231 - - [13/Feb/2023:13:09:57 -0800] "GET /wp-content/plugins/ppus/up.php HTTP/1.1" 404 88 "-" "python-requests/2.25.0" "www.mantech8.com"
4.154.80.231 - - [13/Feb/2023:13:09:58 -0800] "GET /098.php HTTP/1.1" 404 88 "-" "python-requests/2.25.0" "www.mantech8.com"
4.154.80.231 - - [13/Feb/2023:13:09:59 -0800] "GET /V5.php HTTP/1.1" 404 88 "-" "python-requests/2.25.0" "www.mantech8.com"
4.154.80.231 - - [13/Feb/2023:13:10:00 -0800] "GET /new_license.php HTTP/1.1" 404 88 "-" "python-requests/2.25.0" "www.mantech8.com"
4.154.80.231 - - [13/Feb/2023:13:10:01 -0800] "GET /wp-content/plugins/theme-configurator/mini.php HTTP/1.1" 404 88 "-" "python-requests/2.25.0" "www.mantech8.com"
4.154.80.231 - - [13/Feb/2023:13:10:02 -0800] "GET /wp-content/plugins/widget-logic/mini.php HTTP/1.1" 404 88 "-" "python-requests/2.25.0" "www.mantech8.com"
4.154.80.231 - - [13/Feb/2023:13:10:02 -0800] "GET /wso.php HTTP/1.1" 404 88 "-" "python-requests/2.25.0" "www.mantech8.com"
4.154.80.231 - - [13/Feb/2023:13:10:03 -0800] "GET /modules/modules/modules.php HTTP/1.1" 404 88 "-" "python-requests/2.25.0" "www.mantech8.com"
4.154.80.231 - - [13/Feb/2023:13:10:04 -0800] "GET /modules/mod_simplefileuploadv1.3/elements/Clean.php HTTP/1.1" 404 88 "-" "python-requests/2.25.0" "www.mantech8.com"
4.154.80.231 - - [13/Feb/2023:13:10:04 -0800] "GET /modules/mod_simplefileuploadv1.3/elements/udd.php HTTP/1.1" 404 88 "-" "python-requests/2.25.0" "www.mantech8.com"
4.154.80.231 - - [13/Feb/2023:13:10:04 -0800] "GET /libraries/joomla/css.php HTTP/1.1" 404 88 "-" "python-requests/2.25.0" "www.mantech8.com"
4.154.80.231 - - [13/Feb/2023:13:10:05 -0800] "GET /libraries/joomla/jmails.php?u HTTP/1.1" 404 88 "-" "python-requests/2.25.0" "www.mantech8.com"
4.154.80.231 - - [13/Feb/2023:13:10:06 -0800] "GET /libraries/joomla/jmail.php?u HTTP/1.1" 404 88 "-" "python-requests/2.25.0" "www.mantech8.com"
4.154.80.231 - - [13/Feb/2023:13:10:07 -0800] "GET /images/vuln.php HTTP/1.1" 404 88 "-" "python-requests/2.25.0" "www.mantech8.com"
4.154.80.231 - - [13/Feb/2023:13:10:07 -0800] "GET /tmp/vuln.php HTTP/1.1" 403 170 "-" "python-requests/2.25.0" "www.mantech8.com"
4.154.80.231 - - [13/Feb/2023:13:10:08 -0800] "GET /XxX.php HTTP/1.1" 404 88 "-" "python-requests/2.25.0" "www.mantech8.com"
4.154.80.231 - - [13/Feb/2023:13:10:08 -0800] "GET /Marvins.php HTTP/1.1" 404 88 "-" "python-requests/2.25.0" "www.mantech8.com"
4.154.80.231 - - [13/Feb/2023:13:10:09 -0800] "GET /rxr.php?rxr HTTP/1.1" 404 88 "-" "python-requests/2.25.0" "www.mantech8.com"
4.154.80.231 - - [13/Feb/2023:13:10:09 -0800] "GET /olux.php HTTP/1.1" 404 88 "-" "python-requests/2.25.0" "www.mantech8.com"
4.154.80.231 - - [13/Feb/2023:13:10:10 -0800] "GET /indoxploit.php HTTP/1.1" 404 88 "-" "python-requests/2.25.0" "www.mantech8.com"
4.154.80.231 - - [13/Feb/2023:13:10:11 -0800] "GET /error.php HTTP/1.1" 404 88 "-" "python-requests/2.25.0" "www.mantech8.com"
4.154.80.231 - - [13/Feb/2023:13:10:11 -0800] "GET /RxR.php HTTP/1.1" 404 88 "-" "python-requests/2.25.0" "www.mantech8.com"
4.154.80.231 - - [13/Feb/2023:13:10:12 -0800] "GET /components/com_b2jcontact/izoc.php HTTP/1.1" 404 88 "-" "python-requests/2.25.0" "www.mantech8.com"
4.154.80.231 - - [13/Feb/2023:13:10:12 -0800] "GET /V3.php HTTP/1.1" 404 88 "-" "python-requests/2.25.0" "www.mantech8.com"
4.154.80.231 - - [13/Feb/2023:13:10:13 -0800] "GET /V5.php HTTP/1.1" 404 88 "-" "python-requests/2.25.0" "www.mantech8.com"
4.154.80.231 - - [13/Feb/2023:13:10:14 -0800] "GET / HTTP/1.1" 500 - "-" "python-requests/2.25.0" "www.mantech8.com"
4.154.80.231 - - [13/Feb/2023:13:10:15 -0800] "GET /up.php HTTP/1.1" 404 88 "-" "python-requests/2.25.0" "www.mantech8.com"
4.154.80.231 - - [13/Feb/2023:13:10:16 -0800] "GET /upload.php HTTP/1.1" 404 88 "-" "python-requests/2.25.0" "www.mantech8.com"
4.154.80.231 - - [13/Feb/2023:13:10:17 -0800] "GET /shell.php HTTP/1.1" 404 88 "-" "python-requests/2.25.0" "www.mantech8.com"
4.154.80.231 - - [13/Feb/2023:13:10:17 -0800] "GET /administrator/templates/bluestork/index.php HTTP/1.1" 404 88 "-" "python-requests/2.25.0" "www.mantech8.com"
4.154.80.231 - - [13/Feb/2023:13:10:19 -0800] "GET /administrator/templates/bluestork/error.php HTTP/1.1" 404 88 "-" "python-requests/2.25.0" "www.mantech8.com"
4.154.80.231 - - [13/Feb/2023:13:10:20 -0800] "GET /administrator/templates/hathor/index.php HTTP/1.1" 404 88 "-" "python-requests/2.25.0" "www.mantech8.com"
4.154.80.231 - - [13/Feb/2023:13:10:20 -0800] "GET /administrator/templates/hathor/error.php HTTP/1.1" 404 88 "-" "python-requests/2.25.0" "www.mantech8.com"
4.154.80.231 - - [13/Feb/2023:13:10:21 -0800] "GET /administrator/templates/isis/index.php HTTP/1.1" 404 88 "-" "python-requests/2.25.0" "www.mantech8.com"
4.154.80.231 - - [13/Feb/2023:13:10:22 -0800] "GET /administrator/templates/isis/error.php HTTP/1.1" 404 88 "-" "python-requests/2.25.0" "www.mantech8.com"
4.154.80.231 - - [13/Feb/2023:13:10:22 -0800] "GET /templates/beez/index.php HTTP/1.1" 404 88 "-" "python-requests/2.25.0" "www.mantech8.com"
4.154.80.231 - - [13/Feb/2023:13:10:23 -0800] "GET /templates/ja_purity/index.php HTTP/1.1" 404 88 "-" "python-requests/2.25.0" "www.mantech8.com"
4.154.80.231 - - [13/Feb/2023:13:10:24 -0800] "GET /templates/rhuk_milkyway/index.php HTTP/1.1" 404 88 "-" "python-requests/2.25.0" "www.mantech8.com"
185.191.171.36 - - [13/Feb/2023:13:10:24 -0800] "GET /index.php?camp-fire%2F16905442.html HTTP/1.1" 500 - "-" "Mozilla/5.0 (compatible; SemrushBot/7~bl; +http://www.semrush.com/bot.html)" "mantech8.com"
4.154.80.231 - - [13/Feb/2023:13:10:35 -0800] "GET /templates/system/index.php HTTP/1.1" 404 88 "-" "python-requests/2.25.0" "www.mantech8.com"
4.154.80.231 - - [13/Feb/2023:13:10:47 -0800] "GET /templates/system/error.php HTTP/1.1" 404 88 "-" "python-requests/2.25.0" "www.mantech8.com"
4.154.80.231 - - [13/Feb/2023:13:10:59 -0800] "GET /templates/beez3/index.php HTTP/1.1" 404 88 "-" "python-requests/2.25.0" "www.mantech8.com"
4.154.80.231 - - [13/Feb/2023:13:11:04 -0800] "GET /templates/beez3/error.php HTTP/1.1" 404 88 "-" "python-requests/2.25.0" "www.mantech8.com"
4.154.80.231 - - [13/Feb/2023:13:11:04 -0800] "GET /templates/beez5/index.php HTTP/1.1" 404 88 "-" "python-requests/2.25.0" "www.mantech8.com"
4.154.80.231 - - [13/Feb/2023:13:11:05 -0800] "GET /templates/beez5/error.php HTTP/1.1" 404 88 "-" "python-requests/2.25.0" "www.mantech8.com"
4.154.80.231 - - [13/Feb/2023:13:11:06 -0800] "GET /templates/beez_20/index.php HTTP/1.1" 404 88 "-" "python-requests/2.25.0" "www.mantech8.com"
4.154.80.231 - - [13/Feb/2023:13:11:07 -0800] "GET /templates/beez_20/error.php HTTP/1.1" 404 88 "-" "python-requests/2.25.0" "www.mantech8.com"
4.154.80.231 - - [13/Feb/2023:13:11:08 -0800] "GET /templates/protostar/index.php HTTP/1.1" 404 88 "-" "python-requests/2.25.0" "www.mantech8.com"
4.154.80.231 - - [13/Feb/2023:13:11:08 -0800] "GET /templates/protostar/error.php HTTP/1.1" 404 88 "-" "python-requests/2.25.0" "www.mantech8.com"
4.154.80.231 - - [13/Feb/2023:13:11:09 -0800] "GET /templates/atomic/index.php HTTP/1.1" 404 88 "-" "python-requests/2.25.0" "www.mantech8.com"
4.154.80.231 - - [13/Feb/2023:13:11:09 -0800] "GET /templates/atomic/error.php HTTP/1.1" 404 88 "-" "python-requests/2.25.0" "www.mantech8.com"
185.191.171.22 - - [13/Feb/2023:13:11:13 -0800] "GET /index.php?camp-fire%2F28464870.html HTTP/1.1" 500 - "-" "Mozilla/5.0 (compatible; SemrushBot/7~bl; +http://www.semrush.com/bot.html)" "mantech8.com"
185.191.171.41 - - [13/Feb/2023:13:11:16 -0800] "GET /index.php?camp-fire%2F82417077.html HTTP/1.1" 500 - "-" "Mozilla/5.0 (compatible; SemrushBot/7~bl; +http://www.semrush.com/bot.html)" "mantech8.com"
4.154.80.231 - - [13/Feb/2023:13:11:21 -0800] "GET /olux.php HTTP/1.1" 404 88 "-" "python-requests/2.25.0" "www.mantech8.com"
4.154.80.231 - - [13/Feb/2023:13:11:33 -0800] "GET /indoxploit.php HTTP/1.1" 404 88 "-" "python-requests/2.25.0" "www.mantech8.com"
4.154.80.231 - - [13/Feb/2023:13:11:33 -0800] "GET /indoxploit.php HTTP/1.1" 404 88 "-" "python-requests/2.25.0" "www.mantech8.com"
4.154.80.231 - - [13/Feb/2023:13:11:34 -0800] "GET /wso.php HTTP/1.1" 404 88 "-" "python-requests/2.25.0" "www.mantech8.com"
4.154.80.231 - - [13/Feb/2023:13:11:34 -0800] "GET /images/ HTTP/1.1" 200 6505 "-" "python-requests/2.25.0" "www.mantech8.com"
4.154.80.231 - - [13/Feb/2023:13:11:35 -0800] "GET /images/db_table_exists.lib.php HTTP/1.1" 200 32 "-" "python-requests/2.25.0" "www.mantech8.com"
185.191.171.40 - - [13/Feb/2023:13:12:27 -0800] "GET /index.php?camp-fire%2F26399565.html HTTP/1.1" 500 - "-" "Mozilla/5.0 (compatible; SemrushBot/7~bl; +http://www.semrush.com/bot.html)" "mantech8.com"
185.191.171.42 - - [13/Feb/2023:13:12:29 -0800] "GET /index.php?camp-fire%2F27459926.html HTTP/1.1" 500 - "-" "Mozilla/5.0 (compatible; SemrushBot/7~bl; +http://www.semrush.com/bot.html)" "mantech8.com"
185.191.171.6 - - [13/Feb/2023:13:12:36 -0800] "GET /index.php/camp-fire/25880217.html HTTP/1.1" 500 - "-" "Mozilla/5.0 (compatible; SemrushBot/7~bl; +http://www.semrush.com/bot.html)" "mantech8.com"
185.191.171.16 - - [13/Feb/2023:13:13:06 -0800] "GET /index.php?camp-fire%2F13901759.html HTTP/1.1" 500 - "-" "Mozilla/5.0 (compatible; SemrushBot/7~bl; +http://www.semrush.com/bot.html)" "mantech8.com"
185.191.171.34 - - [13/Feb/2023:13:13:40 -0800] "GET /index.php?camp-fire%2F22194065.html HTTP/1.1" 500 - "-" "Mozilla/5.0 (compatible; SemrushBot/7~bl; +http://www.semrush.com/bot.html)" "mantech8.com"
157.55.39.27 - - [13/Feb/2023:13:13:47 -0800] "GET /index.php/fcdba HTTP/1.1" 500 - "-" "Mozilla/5.0 AppleWebKit/537.36 (KHTML, like Gecko; compatible; bingbot/2.0; +http://www.bing.com/bingbot.htm) Chrome/103.0.5060.134 Safari/537.36" "mantech8.com"
52.167.144.92 - - [13/Feb/2023:13:13:52 -0800] "GET /index.php/egy1-5e80bdfc-vezse.ii HTTP/1.1" 500 - "-" "Mozilla/5.0 AppleWebKit/537.36 (KHTML, like Gecko; compatible; bingbot/2.0; +http://www.bing.com/bingbot.htm) Chrome/103.0.5060.134 Safari/537.36" "mantech8.com"
185.191.171.33 - - [13/Feb/2023:13:13:56 -0800] "GET /index.php?camp-fire%2F27654009.html HTTP/1.1" 500 - "-" "Mozilla/5.0 (compatible; SemrushBot/7~bl; +http://www.semrush.com/bot.html)" "mantech8.com"
185.191.171.23 - - [13/Feb/2023:13:14:34 -0800] "GET /robots.txt HTTP/1.1" 200 84 "-" "Mozilla/5.0 (compatible; SemrushBot/7~bl; +http://www.semrush.com/bot.html)" "mantech8.com"
185.191.171.38 - - [13/Feb/2023:13:14:34 -0800] "GET /index.php?camp-fire%2F25100806.html HTTP/1.1" 500 - "-" "Mozilla/5.0 (compatible; SemrushBot/7~bl; +http://www.semrush.com/bot.html)" "mantech8.com"
185.191.171.11 - - [13/Feb/2023:13:14:44 -0800] "GET /index.php?camp-fire%2F25322161.html HTTP/1.1" 500 - "-" "Mozilla/5.0 (compatible; SemrushBot/7~bl; +http://www.semrush.com/bot.html)" "mantech8.com"
216.244.66.241 - - [13/Feb/2023:13:15:07 -0800] "GET /robots.txt HTTP/1.1" 200 68 "-" "Mozilla/5.0 (compatible; DotBot/1.2; +https://opensiteexplorer.org/dotbot; help@moz.com)" "mantech8.com"
216.244.66.241 - - [13/Feb/2023:13:15:07 -0800] "GET /robots.txt HTTP/1.1" 200 68 "-" "Mozilla/5.0 (compatible; DotBot/1.2; +https://opensiteexplorer.org/dotbot; help@moz.com)" "www.mantech8.com"
185.191.171.3 - - [13/Feb/2023:13:15:25 -0800] "GET /index.php?camp-fire%2F27783509.html HTTP/1.1" 500 - "-" "Mozilla/5.0 (compatible; SemrushBot/7~bl; +http://www.semrush.com/bot.html)" "mantech8.com"
185.191.171.40 - - [13/Feb/2023:13:16:01 -0800] "GET /index.php?camp-fire%2F11508257.html HTTP/1.1" 500 - "-" "Mozilla/5.0 (compatible; SemrushBot/7~bl; +http://www.semrush.com/bot.html)" "mantech8.com"
114.119.138.170 - - [13/Feb/2023:13:17:03 -0800] "GET /bimages/scafg/thump/tdzkwgpdvx.php HTTP/1.1" 200 32 "http://www.mantech8.com/bimages/scafg/thump/?C=D%3BO%3DA" "Mozilla/5.0 (Linux; Android 7.0;) AppleWebKit/537.36 (KHTML, like Gecko) Mobile Safari/537.36 (compatible; PetalBot;+https://webmaster.petalsearch.com/site/petalbot)" "www.mantech8.com"
157.55.39.27 - - [13/Feb/2023:13:17:09 -0800] "GET /index.php/f33bfedff HTTP/1.1" 500 - "-" "Mozilla/5.0 AppleWebKit/537.36 (KHTML, like Gecko; compatible; bingbot/2.0; +http://www.bing.com/bingbot.htm) Chrome/103.0.5060.134 Safari/537.36" "mantech8.com"
185.191.171.11 - - [13/Feb/2023:13:17:37 -0800] "GET /index.php?camp-fire%2F26111576.html HTTP/1.1" 500 - "-" "Mozilla/5.0 (compatible; SemrushBot/7~bl; +http://www.semrush.com/bot.html)" "mantech8.com"
185.191.171.7 - - [13/Feb/2023:13:17:52 -0800] "GET /index.php?camp-fire%2F45710192.html HTTP/1.1" 500 - "-" "Mozilla/5.0 (compatible; SemrushBot/7~bl; +http://www.semrush.com/bot.html)" "mantech8.com"
185.191.171.33 - - [13/Feb/2023:13:18:26 -0800] "GET /index.php?camp-fire%2F26275751.html HTTP/1.1" 500 - "-" "Mozilla/5.0 (compatible; SemrushBot/7~bl; +http://www.semrush.com/bot.html)" "mantech8.com"
185.191.171.36 - - [13/Feb/2023:13:18:32 -0800] "GET /index.php?camp-fire%2F27653909.html HTTP/1.1" 500 - "-" "Mozilla/5.0 (compatible; SemrushBot/7~bl; +http://www.semrush.com/bot.html)" "mantech8.com"
52.167.144.92 - - [13/Feb/2023:13:18:33 -0800] "GET /index.php/b68edefb HTTP/1.1" 500 - "-" "Mozilla/5.0 AppleWebKit/537.36 (KHTML, like Gecko; compatible; bingbot/2.0; +http://www.bing.com/bingbot.htm) Chrome/103.0.5060.134 Safari/537.36" "mantech8.com"
185.191.171.20 - - [13/Feb/2023:13:18:39 -0800] "GET /index.php/camp-fire/35053425.html HTTP/1.1" 500 - "-" "Mozilla/5.0 (compatible; SemrushBot/7~bl; +http://www.semrush.com/bot.html)" "mantech8.com"
185.191.171.20 - - [13/Feb/2023:13:18:44 -0800] "GET /index.php?camp-fire%2F16722826.html HTTP/1.1" 500 - "-" "Mozilla/5.0 (compatible; SemrushBot/7~bl; +http://www.semrush.com/bot.html)" "mantech8.com"
185.191.171.35 - - [13/Feb/2023:13:19:12 -0800] "GET /index.php?camp-fire%2F27924559.html HTTP/1.1" 500 - "-" "Mozilla/5.0 (compatible; SemrushBot/7~bl; +http://www.semrush.com/bot.html)" "mantech8.com"
185.191.171.40 - - [13/Feb/2023:13:19:53 -0800] "GET /index.php?camp-fire%2F80545989.html HTTP/1.1" 500 - "-" "Mozilla/5.0 (compatible; SemrushBot/7~bl; +http://www.semrush.com/bot.html)" "mantech8.com"
185.191.171.43 - - [13/Feb/2023:13:20:51 -0800] "GET /index.php?camp-fire%2F29635464.html HTTP/1.1" 500 - "-" "Mozilla/5.0 (compatible; SemrushBot/7~bl; +http://www.semrush.com/bot.html)" "mantech8.com"
185.191.171.44 - - [13/Feb/2023:13:21:01 -0800] "GET /index.php?camp-fire%2F8928674.html HTTP/1.1" 500 - "-" "Mozilla/5.0 (compatible; SemrushBot/7~bl; +http://www.semrush.com/bot.html)" "mantech8.com"
185.191.171.18 - - [13/Feb/2023:13:21:37 -0800] "GET /index.php?camp-fire%2F506469.html HTTP/1.1" 500 - "-" "Mozilla/5.0 (compatible; SemrushBot/7~bl; +http://www.semrush.com/bot.html)" "mantech8.com"
185.191.171.11 - - [13/Feb/2023:13:22:31 -0800] "GET /index.php/camp-fire/35828509.html HTTP/1.1" 500 - "-" "Mozilla/5.0 (compatible; SemrushBot/7~bl; +http://www.semrush.com/bot.html)" "mantech8.com"
185.191.171.5 - - [13/Feb/2023:13:22:40 -0800] "GET /index.php?camp-fire%2F24314659.html HTTP/1.1" 500 - "-" "Mozilla/5.0 (compatible; SemrushBot/7~bl; +http://www.semrush.com/bot.html)" "mantech8.com"
52.167.144.88 - - [13/Feb/2023:13:22:58 -0800] "GET /index.php/wf2o-8e9ffbed-g7jne.ii HTTP/1.1" 500 - "-" "Mozilla/5.0 AppleWebKit/537.36 (KHTML, like Gecko; compatible; bingbot/2.0; +http://www.bing.com/bingbot.htm) Chrome/103.0.5060.134 Safari/537.36" "mantech8.com"
66.249.66.145 - - [13/Feb/2023:13:23:01 -0800] "GET /image.rakuten.co.jp/hghr/cabinet/prts01/s-allsetbunkatu215.gif HTTP/1.1" 404 88 "-" "Googlebot-Image/1.0" "www.mantech8.com"
185.191.171.17 - - [13/Feb/2023:13:23:16 -0800] "GET /index.php?camp-fire%2F23991333.html HTTP/1.1" 500 - "-" "Mozilla/5.0 (compatible; SemrushBot/7~bl; +http://www.semrush.com/bot.html)" "mantech8.com"
52.167.144.88 - - [13/Feb/2023:13:23:47 -0800] "GET /index.php/e31edaec HTTP/1.1" 500 - "-" "Mozilla/5.0 AppleWebKit/537.36 (KHTML, like Gecko; compatible; bingbot/2.0; +http://www.bing.com/bingbot.htm) Chrome/103.0.5060.134 Safari/537.36" "mantech8.com"
114.119.141.186 - - [13/Feb/2023:13:24:18 -0800] "GET /sitemap68.xml HTTP/1.1" 404 88 "-" "Mozilla/5.0 (Linux; Android 7.0;) AppleWebKit/537.36 (KHTML, like Gecko) Mobile Safari/537.36 (compatible; PetalBot;+https://webmaster.petalsearch.com/site/petalbot)" "mantech8.com"
185.191.171.14 - - [13/Feb/2023:13:24:44 -0800] "GET /index.php?camp-fire%2F41642771.html HTTP/1.1" 500 - "-" "Mozilla/5.0 (compatible; SemrushBot/7~bl; +http://www.semrush.com/bot.html)" "mantech8.com"
185.191.171.6 - - [13/Feb/2023:13:24:47 -0800] "GET /index.php?camp-fire%2F16735065.html HTTP/1.1" 500 - "-" "Mozilla/5.0 (compatible; SemrushBot/7~bl; +http://www.semrush.com/bot.html)" "mantech8.com"
185.191.171.24 - - [13/Feb/2023:13:24:52 -0800] "GET /index.php?camp-fire%2F27599771.html HTTP/1.1" 500 - "-" "Mozilla/5.0 (compatible; SemrushBot/7~bl; +http://www.semrush.com/bot.html)" "mantech8.com"
157.55.39.100 - - [13/Feb/2023:13:25:18 -0800] "GET / HTTP/1.1" 500 - "-" "Mozilla/5.0 AppleWebKit/537.36 (KHTML, like Gecko; compatible; bingbot/2.0; +http://www.bing.com/bingbot.htm) Chrome/103.0.5060.134 Safari/537.36" "www.mantech8.com"
185.191.171.8 - - [13/Feb/2023:13:26:16 -0800] "GET /index.php?camp-fire%2F21600617.html HTTP/1.1" 500 - "-" "Mozilla/5.0 (compatible; SemrushBot/7~bl; +http://www.semrush.com/bot.html)" "mantech8.com"
185.191.171.8 - - [13/Feb/2023:13:26:18 -0800] "GET /index.php?camp-fire%2F19030632.html HTTP/1.1" 500 - "-" "Mozilla/5.0 (compatible; SemrushBot/7~bl; +http://www.semrush.com/bot.html)" "mantech8.com"
185.191.171.22 - - [13/Feb/2023:13:26:38 -0800] "GET /index.php?camp-fire%2F22855057.html HTTP/1.1" 500 - "-" "Mozilla/5.0 (compatible; SemrushBot/7~bl; +http://www.semrush.com/bot.html)" "mantech8.com"
185.191.171.16 - - [13/Feb/2023:13:26:54 -0800] "GET /index.php?camp-fire%2F25162350.html HTTP/1.1" 500 - "-" "Mozilla/5.0 (compatible; SemrushBot/7~bl; +http://www.semrush.com/bot.html)" "mantech8.com"
185.191.171.12 - - [13/Feb/2023:13:27:16 -0800] "GET /index.php?camp-fire%2F1439190.html HTTP/1.1" 500 - "-" "Mozilla/5.0 (compatible; SemrushBot/7~bl; +http://www.semrush.com/bot.html)" "mantech8.com"
185.191.171.6 - - [13/Feb/2023:13:27:23 -0800] "GET /index.php?camp-fire%2F27606771.html HTTP/1.1" 500 - "-" "Mozilla/5.0 (compatible; SemrushBot/7~bl; +http://www.semrush.com/bot.html)" "mantech8.com"
157.55.39.100 - - [13/Feb/2023:13:27:28 -0800] "GET /index.php/e2fcc HTTP/1.1" 500 - "-" "Mozilla/5.0 AppleWebKit/537.36 (KHTML, like Gecko; compatible; bingbot/2.0; +http://www.bing.com/bingbot.htm) Chrome/103.0.5060.134 Safari/537.36" "mantech8.com"
185.191.171.4 - - [13/Feb/2023:13:27:28 -0800] "GET /index.php/camp-fire/15091824.html HTTP/1.1" 500 - "-" "Mozilla/5.0 (compatible; SemrushBot/7~bl; +http://www.semrush.com/bot.html)" "mantech8.com"
52.167.144.38 - - [13/Feb/2023:13:28:05 -0800] "GET /index.php?/category/%E0%B8%82%E0%B9%88%E0%B8%B2%E0%B8%A7%E0%B8%9F%E0%B8%B8%E0%B8%95%E0%B8%9A%E0%B8%AD%E0%B8%A5/ HTTP/1.1" 500 - "-" "Mozilla/5.0 AppleWebKit/537.36 (KHTML, like Gecko; compatible; bingbot/2.0; +http://www.bing.com/bingbot.htm) Chrome/103.0.5060.134 Safari/537.36" "mantech8.com"
157.55.39.27 - - [13/Feb/2023:13:28:21 -0800] "GET /index.php/c99decdcce HTTP/1.1" 500 - "-" "Mozilla/5.0 AppleWebKit/537.36 (KHTML, like Gecko; compatible; bingbot/2.0; +http://www.bing.com/bingbot.htm) Chrome/103.0.5060.134 Safari/537.36" "mantech8.com"
185.191.171.3 - - [13/Feb/2023:13:28:51 -0800] "GET /index.php?camp-fire%2F27291370.html HTTP/1.1" 500 - "-" "Mozilla/5.0 (compatible; SemrushBot/7~bl; +http://www.semrush.com/bot.html)" "mantech8.com"
185.191.171.22 - - [13/Feb/2023:13:28:55 -0800] "GET /index.php?camp-fire%2F16709626.html HTTP/1.1" 500 - "-" "Mozilla/5.0 (compatible; SemrushBot/7~bl; +http://www.semrush.com/bot.html)" "mantech8.com"
185.191.171.18 - - [13/Feb/2023:13:29:12 -0800] "GET /index.php?camp-fire%2F25904976.html HTTP/1.1" 500 - "-" "Mozilla/5.0 (compatible; SemrushBot/7~bl; +http://www.semrush.com/bot.html)" "mantech8.com"
52.167.144.88 - - [13/Feb/2023:13:30:38 -0800] "GET /index.php/voot-1d3eddaca-oev1h.ii HTTP/1.1" 500 - "-" "Mozilla/5.0 AppleWebKit/537.36 (KHTML, like Gecko; compatible; bingbot/2.0; +http://www.bing.com/bingbot.htm) Chrome/103.0.5060.134 Safari/537.36" "mantech8.com"
114.119.159.169 - - [13/Feb/2023:13:31:45 -0800] "GET /index.php?camp-fire/61264207.html HTTP/1.1" 500 - "-" "Mozilla/5.0 (Linux; Android 7.0;) AppleWebKit/537.36 (KHTML, like Gecko) Mobile Safari/537.36 (compatible; PetalBot;+https://webmaster.petalsearch.com/site/petalbot)" "www.mantech8.com"
185.191.171.13 - - [13/Feb/2023:13:32:31 -0800] "GET /index.php?camp-fire%2F15302865.html HTTP/1.1" 500 - "-" "Mozilla/5.0 (compatible; SemrushBot/7~bl; +http://www.semrush.com/bot.html)" "mantech8.com"
185.191.171.25 - - [13/Feb/2023:13:32:41 -0800] "GET /index.php?camp-fire%2F87335729.html HTTP/1.1" 500 - "-" "Mozilla/5.0 (compatible; SemrushBot/7~bl; +http://www.semrush.com/bot.html)" "mantech8.com"
185.191.171.25 - - [13/Feb/2023:13:33:01 -0800] "GET /index.php/camp-fire/40402650.html HTTP/1.1" 500 - "-" "Mozilla/5.0 (compatible; SemrushBot/7~bl; +http://www.semrush.com/bot.html)" "mantech8.com"
185.191.171.43 - - [13/Feb/2023:13:33:25 -0800] "GET /index.php?camp-fire%2F10214790.html HTTP/1.1" 500 - "-" "Mozilla/5.0 (compatible; SemrushBot/7~bl; +http://www.semrush.com/bot.html)" "mantech8.com"
185.191.171.21 - - [13/Feb/2023:13:33:28 -0800] "GET /index.php?camp-fire%2F2408993.html HTTP/1.1" 500 - "-" "Mozilla/5.0 (compatible; SemrushBot/7~bl; +http://www.semrush.com/bot.html)" "mantech8.com"
52.167.144.38 - - [13/Feb/2023:13:33:36 -0800] "GET /index.php/14js-2cced-cbhus.ii HTTP/1.1" 500 - "-" "Mozilla/5.0 AppleWebKit/537.36 (KHTML, like Gecko; compatible; bingbot/2.0; +http://www.bing.com/bingbot.htm) Chrome/103.0.5060.134 Safari/537.36" "mantech8.com"
185.191.171.3 - - [13/Feb/2023:13:34:41 -0800] "GET /index.php?camp-fire%2F26461378.html HTTP/1.1" 500 - "-" "Mozilla/5.0 (compatible; SemrushBot/7~bl; +http://www.semrush.com/bot.html)" "mantech8.com"
185.191.171.16 - - [13/Feb/2023:13:35:34 -0800] "GET /index.php?camp-fire%2F26109251.html HTTP/1.1" 500 - "-" "Mozilla/5.0 (compatible; SemrushBot/7~bl; +http://www.semrush.com/bot.html)" "mantech8.com"
185.191.171.43 - - [13/Feb/2023:13:35:36 -0800] "GET /index.php?camp-fire%2F27881259.html HTTP/1.1" 500 - "-" "Mozilla/5.0 (compatible; SemrushBot/7~bl; +http://www.semrush.com/bot.html)" "mantech8.com"
185.191.171.26 - - [13/Feb/2023:13:35:38 -0800] "GET /index.php?camp-fire%2F27437526.html HTTP/1.1" 500 - "-" "Mozilla/5.0 (compatible; SemrushBot/7~bl; +http://www.semrush.com/bot.html)" "mantech8.com"
185.191.171.45 - - [13/Feb/2023:13:35:40 -0800] "GET /index.php?camp-fire%2F4078865.html HTTP/1.1" 500 - "-" "Mozilla/5.0 (compatible; SemrushBot/7~bl; +http://www.semrush.com/bot.html)" "mantech8.com"
185.191.171.12 - - [13/Feb/2023:13:36:26 -0800] "GET /index.php?camp-fire%2F28876163.html HTTP/1.1" 500 - "-" "Mozilla/5.0 (compatible; SemrushBot/7~bl; +http://www.semrush.com/bot.html)" "mantech8.com"
185.191.171.22 - - [13/Feb/2023:13:36:48 -0800] "GET /index.php?camp-fire%2F10518657.html HTTP/1.1" 500 - "-" "Mozilla/5.0 (compatible; SemrushBot/7~bl; +http://www.semrush.com/bot.html)" "mantech8.com"
52.167.144.88 - - [13/Feb/2023:13:37:29 -0800] "GET /index.php/84bfe HTTP/1.1" 500 - "-" "Mozilla/5.0 AppleWebKit/537.36 (KHTML, like Gecko; compatible; bingbot/2.0; +http://www.bing.com/bingbot.htm) Chrome/103.0.5060.134 Safari/537.36" "mantech8.com"
185.191.171.35 - - [13/Feb/2023:13:37:29 -0800] "GET /index.php?camp-fire%2F18093161.html HTTP/1.1" 500 - "-" "Mozilla/5.0 (compatible; SemrushBot/7~bl; +http://www.semrush.com/bot.html)" "mantech8.com"
185.191.171.11 - - [13/Feb/2023:13:37:48 -0800] "GET /index.php?camp-fire%2F18212365.html HTTP/1.1" 500 - "-" "Mozilla/5.0 (compatible; SemrushBot/7~bl; +http://www.semrush.com/bot.html)" "mantech8.com"
185.191.171.36 - - [13/Feb/2023:13:37:50 -0800] "GET /index.php?camp-fire%2F33682508.html HTTP/1.1" 500 - "-" "Mozilla/5.0 (compatible; SemrushBot/7~bl; +http://www.semrush.com/bot.html)" "mantech8.com"
185.191.171.11 - - [13/Feb/2023:13:37:52 -0800] "GET /index.php?camp-fire%2F27636621.html HTTP/1.1" 500 - "-" "Mozilla/5.0 (compatible; SemrushBot/7~bl; +http://www.semrush.com/bot.html)" "mantech8.com"
185.191.171.11 - - [13/Feb/2023:13:37:57 -0800] "GET /index.php?camp-fire%2F21262598.html HTTP/1.1" 500 - "-" "Mozilla/5.0 (compatible; SemrushBot/7~bl; +http://www.semrush.com/bot.html)" "mantech8.com"
185.191.171.44 - - [13/Feb/2023:13:38:15 -0800] "GET /index.php?camp-fire%2F23892606.html HTTP/1.1" 500 - "-" "Mozilla/5.0 (compatible; SemrushBot/7~bl; +http://www.semrush.com/bot.html)" "mantech8.com"
185.191.171.26 - - [13/Feb/2023:13:38:31 -0800] "GET /index.php?camp-fire%2F27636426.html HTTP/1.1" 500 - "-" "Mozilla/5.0 (compatible; SemrushBot/7~bl; +http://www.semrush.com/bot.html)" "mantech8.com"
114.119.150.203 - - [13/Feb/2023:13:38:53 -0800] "GET /bimages/service/qdrjhwzf.php HTTP/1.1" 200 32 "http://www.mantech8.com/bimages/service/?C=S%3BO%3DA" "Mozilla/5.0 (Linux; Android 7.0;) AppleWebKit/537.36 (KHTML, like Gecko) Mobile Safari/537.36 (compatible; PetalBot;+https://webmaster.petalsearch.com/site/petalbot)" "www.mantech8.com"
52.167.144.38 - - [13/Feb/2023:13:38:56 -0800] "GET / HTTP/1.1" 500 - "-" "Mozilla/5.0 AppleWebKit/537.36 (KHTML, like Gecko; compatible; bingbot/2.0; +http://www.bing.com/bingbot.htm) Chrome/103.0.5060.134 Safari/537.36" "www.mantech8.com"
185.191.171.18 - - [13/Feb/2023:13:39:06 -0800] "GET /index.php/camp-fire/9779483.html HTTP/1.1" 500 - "-" "Mozilla/5.0 (compatible; SemrushBot/7~bl; +http://www.semrush.com/bot.html)" "mantech8.com"
66.249.66.210 - - [13/Feb/2023:13:39:33 -0800] "GET /sitemapimages21150.xml HTTP/1.1" 404 88 "-" "Mozilla/5.0 (compatible; Googlebot/2.1; +http://www.google.com/bot.html)" "mantech8.com"
185.191.171.13 - - [13/Feb/2023:13:40:53 -0800] "GET /index.php?camp-fire%2F12610976.html HTTP/1.1" 500 - "-" "Mozilla/5.0 (compatible; SemrushBot/7~bl; +http://www.semrush.com/bot.html)" "mantech8.com"
185.191.171.34 - - [13/Feb/2023:13:41:57 -0800] "GET /index.php?camp-fire%2F85080193.html HTTP/1.1" 500 - "-" "Mozilla/5.0 (compatible; SemrushBot/7~bl; +http://www.semrush.com/bot.html)" "mantech8.com"
185.191.171.44 - - [13/Feb/2023:13:42:01 -0800] "GET /index.php?camp-fire%2F36424750.html HTTP/1.1" 500 - "-" "Mozilla/5.0 (compatible; SemrushBot/7~bl; +http://www.semrush.com/bot.html)" "mantech8.com"
185.191.171.44 - - [13/Feb/2023:13:42:50 -0800] "GET /index.php/camp-fire/21735717.html HTTP/1.1" 500 - "-" "Mozilla/5.0 (compatible; SemrushBot/7~bl; +http://www.semrush.com/bot.html)" "mantech8.com"
52.167.144.38 - - [13/Feb/2023:13:42:57 -0800] "GET /index.php/wf2o-2ed6aafdf-g5chq.ii HTTP/1.1" 500 - "-" "Mozilla/5.0 AppleWebKit/537.36 (KHTML, like Gecko; compatible; bingbot/2.0; +http://www.bing.com/bingbot.htm) Chrome/103.0.5060.134 Safari/537.36" "mantech8.com"
185.191.171.21 - - [13/Feb/2023:13:43:09 -0800] "GET /index.php?camp-fire%2F18458765.html HTTP/1.1" 500 - "-" "Mozilla/5.0 (compatible; SemrushBot/7~bl; +http://www.semrush.com/bot.html)" "mantech8.com"
185.191.171.15 - - [13/Feb/2023:13:43:19 -0800] "GET /index.php?camp-fire%2F11321590.html HTTP/1.1" 500 - "-" "Mozilla/5.0 (compatible; SemrushBot/7~bl; +http://www.semrush.com/bot.html)" "mantech8.com"
185.191.171.35 - - [13/Feb/2023:13:44:21 -0800] "GET /index.php?camp-fire%2F26104382.html HTTP/1.1" 500 - "-" "Mozilla/5.0 (compatible; SemrushBot/7~bl; +http://www.semrush.com/bot.html)" "mantech8.com"
185.191.171.38 - - [13/Feb/2023:13:45:07 -0800] "GET /index.php?camp-fire%2F94763934.html HTTP/1.1" 500 - "-" "Mozilla/5.0 (compatible; SemrushBot/7~bl; +http://www.semrush.com/bot.html)" "mantech8.com"
185.191.171.42 - - [13/Feb/2023:13:45:35 -0800] "GET /index.php?camp-fire%2F25936476.html HTTP/1.1" 500 - "-" "Mozilla/5.0 (compatible; SemrushBot/7~bl; +http://www.semrush.com/bot.html)" "mantech8.com"
185.191.171.40 - - [13/Feb/2023:13:45:40 -0800] "GET /index.php?camp-fire%2F14484280.html HTTP/1.1" 500 - "-" "Mozilla/5.0 (compatible; SemrushBot/7~bl; +http://www.semrush.com/bot.html)" "mantech8.com"
114.119.137.125 - - [13/Feb/2023:13:46:02 -0800] "GET /bimages/pipeg/thump/?C=M%3BO%3DA HTTP/1.1" 200 568 "http://www.mantech8.com/bimages/pipeg/thump/" "Mozilla/5.0 (Linux; Android 7.0;) AppleWebKit/537.36 (KHTML, like Gecko) Mobile Safari/537.36 (compatible; PetalBot;+https://webmaster.petalsearch.com/site/petalbot)" "www.mantech8.com"
185.191.171.15 - - [13/Feb/2023:13:46:21 -0800] "GET /index.php?camp-fire%2F24661030.html HTTP/1.1" 500 - "-" "Mozilla/5.0 (compatible; SemrushBot/7~bl; +http://www.semrush.com/bot.html)" "mantech8.com"
185.191.171.16 - - [13/Feb/2023:13:46:33 -0800] "GET /index.php?camp-fire%2F10244190.html HTTP/1.1" 500 - "-" "Mozilla/5.0 (compatible; SemrushBot/7~bl; +http://www.semrush.com/bot.html)" "mantech8.com"
185.191.171.44 - - [13/Feb/2023:13:46:35 -0800] "GET /index.php?camp-fire%2F26902051.html HTTP/1.1" 500 - "-" "Mozilla/5.0 (compatible; SemrushBot/7~bl; +http://www.semrush.com/bot.html)" "mantech8.com"
185.191.171.16 - - [13/Feb/2023:13:47:09 -0800] "GET /index.php?camp-fire%2F27121951.html HTTP/1.1" 500 - "-" "Mozilla/5.0 (compatible; SemrushBot/7~bl; +http://www.semrush.com/bot.html)" "mantech8.com"
52.167.144.92 - - [13/Feb/2023:13:47:15 -0800] "GET /index.php/mkjw-a6bb-byjpn.ii HTTP/1.1" 500 - "-" "Mozilla/5.0 AppleWebKit/537.36 (KHTML, like Gecko; compatible; bingbot/2.0; +http://www.bing.com/bingbot.htm) Chrome/103.0.5060.134 Safari/537.36" "mantech8.com"
185.191.171.35 - - [13/Feb/2023:13:47:54 -0800] "GET /index.php?camp-fire%2F10167590.html HTTP/1.1" 500 - "-" "Mozilla/5.0 (compatible; SemrushBot/7~bl; +http://www.semrush.com/bot.html)" "mantech8.com"
185.191.171.1 - - [13/Feb/2023:13:47:57 -0800] "GET /index.php?camp-fire%2F36437650.html HTTP/1.1" 500 - "-" "Mozilla/5.0 (compatible; SemrushBot/7~bl; +http://www.semrush.com/bot.html)" "mantech8.com"
185.191.171.40 - - [13/Feb/2023:13:48:59 -0800] "GET /index.php?camp-fire%2F27147363.html HTTP/1.1" 500 - "-" "Mozilla/5.0 (compatible; SemrushBot/7~bl; +http://www.semrush.com/bot.html)" "mantech8.com"
