185.191.171.15 - - [05/Feb/2023:09:12:51 -0800] "GET /index.php?camp-fire%2F12545376.html HTTP/1.1" 500 - "-" "Mozilla/5.0 (compatible; SemrushBot/7~bl; +http://www.semrush.com/bot.html)" "mantech8.com"
185.191.171.20 - - [05/Feb/2023:09:13:00 -0800] "GET /index.php?camp-fire%2F7281180.html HTTP/1.1" 500 - "-" "Mozilla/5.0 (compatible; SemrushBot/7~bl; +http://www.semrush.com/bot.html)" "mantech8.com"
185.191.171.44 - - [05/Feb/2023:09:13:16 -0800] "GET /index.php?camp-fire%2F20413774.html HTTP/1.1" 500 - "-" "Mozilla/5.0 (compatible; SemrushBot/7~bl; +http://www.semrush.com/bot.html)" "mantech8.com"
52.167.144.92 - - [05/Feb/2023:09:13:23 -0800] "GET /index.php/efc65dbe HTTP/1.1" 200 65599 "-" "Mozilla/5.0 AppleWebKit/537.36 (KHTML, like Gecko; compatible; bingbot/2.0; +http://www.bing.com/bingbot.htm) Chrome/103.0.5060.134 Safari/537.36" "mantech8.com"
185.191.171.43 - - [05/Feb/2023:09:13:23 -0800] "GET /index.php?camp-fire%2F98007376.html HTTP/1.1" 500 - "-" "Mozilla/5.0 (compatible; SemrushBot/7~bl; +http://www.semrush.com/bot.html)" "mantech8.com"
185.191.171.17 - - [05/Feb/2023:09:13:39 -0800] "GET /index.php?camp-fire%2F7627221.html HTTP/1.1" 500 - "-" "Mozilla/5.0 (compatible; SemrushBot/7~bl; +http://www.semrush.com/bot.html)" "mantech8.com"
40.77.167.253 - - [05/Feb/2023:09:14:13 -0800] "GET /index.php/pstd-16f9cbdaef-iwhai.ii HTTP/1.1" 200 61422 "-" "Mozilla/5.0 AppleWebKit/537.36 (KHTML, like Gecko; compatible; bingbot/2.0; +http://www.bing.com/bingbot.htm) Chrome/103.0.5060.134 Safari/537.36" "mantech8.com"
114.119.132.171 - - [05/Feb/2023:09:14:27 -0800] "GET /services.php HTTP/1.1" 200 39198 "http://www.mantech8.com/scaffolding.php" "Mozilla/5.0 (Linux; Android 7.0;) AppleWebKit/537.36 (KHTML, like Gecko) Mobile Safari/537.36 (compatible; PetalBot;+https://webmaster.petalsearch.com/site/petalbot)" "www.mantech8.com"
40.77.167.253 - - [05/Feb/2023:09:14:44 -0800] "GET /index.php?/dogresort/ HTTP/1.1" 200 70705 "-" "Mozilla/5.0 AppleWebKit/537.36 (KHTML, like Gecko; compatible; bingbot/2.0; +http://www.bing.com/bingbot.htm) Chrome/103.0.5060.134 Safari/537.36" "www.mantech8.com"
185.191.171.17 - - [05/Feb/2023:09:15:09 -0800] "GET /index.php?camp-fire%2F4756385.html HTTP/1.1" 500 - "-" "Mozilla/5.0 (compatible; SemrushBot/7~bl; +http://www.semrush.com/bot.html)" "mantech8.com"
157.55.39.133 - - [05/Feb/2023:09:15:29 -0800] "GET /index.php/frzh-ac51faadaa-5jddv.ii HTTP/1.1" 200 66048 "-" "Mozilla/5.0 AppleWebKit/537.36 (KHTML, like Gecko; compatible; bingbot/2.0; +http://www.bing.com/bingbot.htm) Chrome/103.0.5060.134 Safari/537.36" "mantech8.com"
185.191.171.4 - - [05/Feb/2023:09:15:55 -0800] "GET /index.php?camp-fire%2F19129232.html HTTP/1.1" 500 - "-" "Mozilla/5.0 (compatible; SemrushBot/7~bl; +http://www.semrush.com/bot.html)" "mantech8.com"
185.191.171.8 - - [05/Feb/2023:09:16:35 -0800] "GET /index.php?camp-fire%2F24460980.html HTTP/1.1" 500 - "-" "Mozilla/5.0 (compatible; SemrushBot/7~bl; +http://www.semrush.com/bot.html)" "mantech8.com"
185.191.171.44 - - [05/Feb/2023:09:17:10 -0800] "GET /index.php?camp-fire%2F19664332.html HTTP/1.1" 500 - "-" "Mozilla/5.0 (compatible; SemrushBot/7~bl; +http://www.semrush.com/bot.html)" "mantech8.com"
52.167.144.92 - - [05/Feb/2023:09:17:23 -0800] "GET /index.php/Wf2o-47ccf-G5RuC.Ii HTTP/1.1" 200 65794 "-" "Mozilla/5.0 AppleWebKit/537.36 (KHTML, like Gecko; compatible; bingbot/2.0; +http://www.bing.com/bingbot.htm) Chrome/103.0.5060.134 Safari/537.36" "www.mantech8.com"
157.55.39.133 - - [05/Feb/2023:09:17:49 -0800] "GET /index.php/4a977fbbbf HTTP/1.1" 200 62394 "-" "Mozilla/5.0 AppleWebKit/537.36 (KHTML, like Gecko; compatible; bingbot/2.0; +http://www.bing.com/bingbot.htm) Chrome/103.0.5060.134 Safari/537.36" "mantech8.com"
185.191.171.11 - - [05/Feb/2023:09:18:02 -0800] "GET /index.php?camp-fire%2F20792335.html HTTP/1.1" 500 - "-" "Mozilla/5.0 (compatible; SemrushBot/7~bl; +http://www.semrush.com/bot.html)" "mantech8.com"
185.191.171.6 - - [05/Feb/2023:09:18:09 -0800] "GET /index.php?camp-fire%2F22080835.html HTTP/1.1" 500 - "-" "Mozilla/5.0 (compatible; SemrushBot/7~bl; +http://www.semrush.com/bot.html)" "mantech8.com"
185.191.171.24 - - [05/Feb/2023:09:18:14 -0800] "GET /index.php?camp-fire%2F17920480.html HTTP/1.1" 500 - "-" "Mozilla/5.0 (compatible; SemrushBot/7~bl; +http://www.semrush.com/bot.html)" "mantech8.com"
52.167.144.92 - - [05/Feb/2023:09:18:44 -0800] "GET /index.php/b68edefb HTTP/1.1" 200 70130 "-" "Mozilla/5.0 AppleWebKit/537.36 (KHTML, like Gecko; compatible; bingbot/2.0; +http://www.bing.com/bingbot.htm) Chrome/103.0.5060.134 Safari/537.36" "mantech8.com"
52.167.144.92 - - [05/Feb/2023:09:18:45 -0800] "GET /index.php/pstd-807bbdbda-iecal.ii HTTP/1.1" 200 73755 "-" "Mozilla/5.0 AppleWebKit/537.36 (KHTML, like Gecko; compatible; bingbot/2.0; +http://www.bing.com/bingbot.htm) Chrome/103.0.5060.134 Safari/537.36" "mantech8.com"
185.191.171.26 - - [05/Feb/2023:09:20:19 -0800] "GET /index.php?camp-fire%2F13009376.html HTTP/1.1" 500 - "-" "Mozilla/5.0 (compatible; SemrushBot/7~bl; +http://www.semrush.com/bot.html)" "mantech8.com"
185.191.171.38 - - [05/Feb/2023:09:20:40 -0800] "GET /index.php?camp-fire%2F15461783.html HTTP/1.1" 500 - "-" "Mozilla/5.0 (compatible; SemrushBot/7~bl; +http://www.semrush.com/bot.html)" "mantech8.com"
185.191.171.14 - - [05/Feb/2023:09:20:51 -0800] "GET /index.php?camp-fire%2F15362829.html HTTP/1.1" 500 - "-" "Mozilla/5.0 (compatible; SemrushBot/7~bl; +http://www.semrush.com/bot.html)" "mantech8.com"
185.191.171.41 - - [05/Feb/2023:09:20:53 -0800] "GET /index.php?camp-fire%2F12677376.html HTTP/1.1" 500 - "-" "Mozilla/5.0 (compatible; SemrushBot/7~bl; +http://www.semrush.com/bot.html)" "mantech8.com"
52.167.144.92 - - [05/Feb/2023:09:21:14 -0800] "GET /index.php/deec HTTP/1.1" 200 69430 "-" "Mozilla/5.0 AppleWebKit/537.36 (KHTML, like Gecko; compatible; bingbot/2.0; +http://www.bing.com/bingbot.htm) Chrome/103.0.5060.134 Safari/537.36" "mantech8.com"
185.191.171.43 - - [05/Feb/2023:09:21:23 -0800] "GET /index.php?camp-fire%2F18120561.html HTTP/1.1" 500 - "-" "Mozilla/5.0 (compatible; SemrushBot/7~bl; +http://www.semrush.com/bot.html)" "mantech8.com"
185.191.171.6 - - [05/Feb/2023:09:22:01 -0800] "GET /index.php?camp-fire%2F22473098.html HTTP/1.1" 500 - "-" "Mozilla/5.0 (compatible; SemrushBot/7~bl; +http://www.semrush.com/bot.html)" "mantech8.com"
207.46.13.101 - - [05/Feb/2023:09:22:14 -0800] "GET /index.php/1zve-dedc-jgjqw.ii HTTP/1.1" 200 65217 "-" "Mozilla/5.0 AppleWebKit/537.36 (KHTML, like Gecko; compatible; bingbot/2.0; +http://www.bing.com/bingbot.htm) Chrome/103.0.5060.134 Safari/537.36" "mantech8.com"
185.191.171.7 - - [05/Feb/2023:09:22:34 -0800] "GET /index.php?camp-fire%2F18001981.html HTTP/1.1" 500 - "-" "Mozilla/5.0 (compatible; SemrushBot/7~bl; +http://www.semrush.com/bot.html)" "mantech8.com"
157.55.39.133 - - [05/Feb/2023:09:23:09 -0800] "GET /index.php/deaf HTTP/1.1" 200 65174 "-" "Mozilla/5.0 AppleWebKit/537.36 (KHTML, like Gecko; compatible; bingbot/2.0; +http://www.bing.com/bingbot.htm) Chrome/103.0.5060.134 Safari/537.36" "mantech8.com"
185.107.95.217 - - [05/Feb/2023:09:23:24 -0800] "GET / HTTP/1.1" 500 - "http://mantech8.com/" "Mozilla/5.0 (Windows NT 6.1) AppleWebKit/537.36 (KHTML, like Gecko) Chrome/90.0.4430.72 Safari/537.36" "mantech8.com"
185.191.171.1 - - [05/Feb/2023:09:23:43 -0800] "GET /index.php/camp-fire/21748626.html HTTP/1.1" 500 - "-" "Mozilla/5.0 (compatible; SemrushBot/7~bl; +http://www.semrush.com/bot.html)" "mantech8.com"
185.191.171.18 - - [05/Feb/2023:09:24:28 -0800] "GET /index.php?camp-fire%2F8803621.html HTTP/1.1" 500 - "-" "Mozilla/5.0 (compatible; SemrushBot/7~bl; +http://www.semrush.com/bot.html)" "mantech8.com"
185.191.171.6 - - [05/Feb/2023:09:25:35 -0800] "GET /index.php?camp-fire%2F25948776.html HTTP/1.1" 500 - "-" "Mozilla/5.0 (compatible; SemrushBot/7~bl; +http://www.semrush.com/bot.html)" "mantech8.com"
114.119.128.208 - - [05/Feb/2023:09:25:54 -0800] "GET /index.php?sitemap3869.xml HTTP/1.1" 200 289398 "-" "Mozilla/5.0 (Linux; Android 7.0;) AppleWebKit/537.36 (KHTML, like Gecko) Mobile Safari/537.36 (compatible; PetalBot;+https://webmaster.petalsearch.com/site/petalbot)" "mantech8.com"
185.191.171.45 - - [05/Feb/2023:09:25:58 -0800] "GET /index.php?camp-fire%2F32581425.html HTTP/1.1" 500 - "-" "Mozilla/5.0 (compatible; SemrushBot/7~bl; +http://www.semrush.com/bot.html)" "mantech8.com"
185.191.171.34 - - [05/Feb/2023:09:26:38 -0800] "GET /index.php?camp-fire%2F24322450.html HTTP/1.1" 500 - "-" "Mozilla/5.0 (compatible; SemrushBot/7~bl; +http://www.semrush.com/bot.html)" "mantech8.com"
185.191.171.8 - - [05/Feb/2023:09:26:59 -0800] "GET /index.php?camp-fire%2F21621917.html HTTP/1.1" 500 - "-" "Mozilla/5.0 (compatible; SemrushBot/7~bl; +http://www.semrush.com/bot.html)" "mantech8.com"
185.191.171.23 - - [05/Feb/2023:09:27:11 -0800] "GET /index.php?camp-fire%2F12315209.html HTTP/1.1" 500 - "-" "Mozilla/5.0 (compatible; SemrushBot/7~bl; +http://www.semrush.com/bot.html)" "mantech8.com"
185.191.171.36 - - [05/Feb/2023:09:27:33 -0800] "GET /index.php?camp-fire%2F15532846.html HTTP/1.1" 500 - "-" "Mozilla/5.0 (compatible; SemrushBot/7~bl; +http://www.semrush.com/bot.html)" "mantech8.com"
185.191.171.4 - - [05/Feb/2023:09:27:45 -0800] "GET /index.php?camp-fire%2F16892321.html HTTP/1.1" 500 - "-" "Mozilla/5.0 (compatible; SemrushBot/7~bl; +http://www.semrush.com/bot.html)" "mantech8.com"
207.46.13.100 - - [05/Feb/2023:09:27:55 -0800] "GET /index.php/283ecaebf HTTP/1.1" 200 77230 "-" "Mozilla/5.0 AppleWebKit/537.36 (KHTML, like Gecko; compatible; bingbot/2.0; +http://www.bing.com/bingbot.htm) Chrome/103.0.5060.134 Safari/537.36" "mantech8.com"
185.191.171.10 - - [05/Feb/2023:09:28:55 -0800] "GET /index.php?camp-fire%2F7658221.html HTTP/1.1" 500 - "-" "Mozilla/5.0 (compatible; SemrushBot/7~bl; +http://www.semrush.com/bot.html)" "mantech8.com"
185.191.171.35 - - [05/Feb/2023:09:29:02 -0800] "GET /index.php?camp-fire%2F1790451.html HTTP/1.1" 500 - "-" "Mozilla/5.0 (compatible; SemrushBot/7~bl; +http://www.semrush.com/bot.html)" "mantech8.com"
185.191.171.19 - - [05/Feb/2023:09:29:21 -0800] "GET /index.php?camp-fire%2F16626784.html HTTP/1.1" 500 - "-" "Mozilla/5.0 (compatible; SemrushBot/7~bl; +http://www.semrush.com/bot.html)" "mantech8.com"
185.191.171.18 - - [05/Feb/2023:09:30:17 -0800] "GET /index.php?camp-fire%2F17537765.html HTTP/1.1" 500 - "-" "Mozilla/5.0 (compatible; SemrushBot/7~bl; +http://www.semrush.com/bot.html)" "mantech8.com"
185.191.171.7 - - [05/Feb/2023:09:30:19 -0800] "GET /index.php?camp-fire%2F57985825.html HTTP/1.1" 500 - "-" "Mozilla/5.0 (compatible; SemrushBot/7~bl; +http://www.semrush.com/bot.html)" "mantech8.com"
185.191.171.13 - - [05/Feb/2023:09:30:46 -0800] "GET /index.php?camp-fire%2F31937674.html HTTP/1.1" 500 - "-" "Mozilla/5.0 (compatible; SemrushBot/7~bl; +http://www.semrush.com/bot.html)" "mantech8.com"
207.46.13.51 - - [05/Feb/2023:09:30:57 -0800] "GET /index.php/60rk-3b7fccbec-wecyx.ii HTTP/1.1" 200 62426 "-" "Mozilla/5.0 AppleWebKit/537.36 (KHTML, like Gecko; compatible; bingbot/2.0; +http://www.bing.com/bingbot.htm) Chrome/103.0.5060.134 Safari/537.36" "mantech8.com"
207.46.13.51 - - [05/Feb/2023:09:30:58 -0800] "GET /index.php/mcko-45ccc-vywim.ii HTTP/1.1" 200 76008 "-" "Mozilla/5.0 AppleWebKit/537.36 (KHTML, like Gecko; compatible; bingbot/2.0; +http://www.bing.com/bingbot.htm) Chrome/103.0.5060.134 Safari/537.36" "mantech8.com"
207.46.13.51 - - [05/Feb/2023:09:30:59 -0800] "GET /index.php/mcko-582adbaebf-vtvdl.ii HTTP/1.1" 200 73439 "-" "Mozilla/5.0 AppleWebKit/537.36 (KHTML, like Gecko; compatible; bingbot/2.0; +http://www.bing.com/bingbot.htm) Chrome/103.0.5060.134 Safari/537.36" "mantech8.com"
157.55.39.133 - - [05/Feb/2023:09:31:01 -0800] "GET /index.php/2ccfa HTTP/1.1" 200 67278 "-" "Mozilla/5.0 AppleWebKit/537.36 (KHTML, like Gecko; compatible; bingbot/2.0; +http://www.bing.com/bingbot.htm) Chrome/103.0.5060.134 Safari/537.36" "mantech8.com"
185.191.171.6 - - [05/Feb/2023:09:31:19 -0800] "GET /index.php?camp-fire%2F17529827.html HTTP/1.1" 500 - "-" "Mozilla/5.0 (compatible; SemrushBot/7~bl; +http://www.semrush.com/bot.html)" "mantech8.com"
185.191.171.45 - - [05/Feb/2023:09:31:52 -0800] "GET /index.php?camp-fire%2F37978578.html HTTP/1.1" 500 - "-" "Mozilla/5.0 (compatible; SemrushBot/7~bl; +http://www.semrush.com/bot.html)" "mantech8.com"
185.191.171.9 - - [05/Feb/2023:09:32:03 -0800] "GET /index.php?camp-fire%2F87225272.html HTTP/1.1" 500 - "-" "Mozilla/5.0 (compatible; SemrushBot/7~bl; +http://www.semrush.com/bot.html)" "mantech8.com"
185.191.171.11 - - [05/Feb/2023:09:32:33 -0800] "GET /index.php?camp-fire%2F19603580.html HTTP/1.1" 500 - "-" "Mozilla/5.0 (compatible; SemrushBot/7~bl; +http://www.semrush.com/bot.html)" "mantech8.com"
185.191.171.23 - - [05/Feb/2023:09:33:00 -0800] "GET /index.php?camp-fire%2F9276278.html HTTP/1.1" 500 - "-" "Mozilla/5.0 (compatible; SemrushBot/7~bl; +http://www.semrush.com/bot.html)" "mantech8.com"
185.191.171.22 - - [05/Feb/2023:09:33:06 -0800] "GET /index.php?camp-fire%2F16678372.html HTTP/1.1" 500 - "-" "Mozilla/5.0 (compatible; SemrushBot/7~bl; +http://www.semrush.com/bot.html)" "mantech8.com"
185.191.171.1 - - [05/Feb/2023:09:35:03 -0800] "GET /index.php?camp-fire%2F17641927.html HTTP/1.1" 500 - "-" "Mozilla/5.0 (compatible; SemrushBot/7~bl; +http://www.semrush.com/bot.html)" "mantech8.com"
207.46.13.180 - - [05/Feb/2023:09:35:46 -0800] "GET /index.php/700eaacbb HTTP/1.1" 200 65249 "-" "Mozilla/5.0 AppleWebKit/537.36 (KHTML, like Gecko; compatible; bingbot/2.0; +http://www.bing.com/bingbot.htm) Chrome/103.0.5060.134 Safari/537.36" "mantech8.com"
185.191.171.38 - - [05/Feb/2023:09:36:10 -0800] "GET /index.php?camp-fire%2F22334235.html HTTP/1.1" 500 - "-" "Mozilla/5.0 (compatible; SemrushBot/7~bl; +http://www.semrush.com/bot.html)" "mantech8.com"
207.46.13.101 - - [05/Feb/2023:09:36:34 -0800] "GET /zsUZ-3bab-sISwi.Ii HTTP/1.1" 404 88 "-" "Mozilla/5.0 AppleWebKit/537.36 (KHTML, like Gecko; compatible; bingbot/2.0; +http://www.bing.com/bingbot.htm) Chrome/103.0.5060.134 Safari/537.36" "www.mantech8.com"
207.46.13.100 - - [05/Feb/2023:09:36:54 -0800] "GET /index.php/egy1-8baac-vdsuu.ii HTTP/1.1" 200 67180 "-" "Mozilla/5.0 AppleWebKit/537.36 (KHTML, like Gecko; compatible; bingbot/2.0; +http://www.bing.com/bingbot.htm) Chrome/103.0.5060.134 Safari/537.36" "mantech8.com"
185.191.171.1 - - [05/Feb/2023:09:37:06 -0800] "GET /index.php?camp-fire%2F17587880.html HTTP/1.1" 500 - "-" "Mozilla/5.0 (compatible; SemrushBot/7~bl; +http://www.semrush.com/bot.html)" "mantech8.com"
185.191.171.20 - - [05/Feb/2023:09:37:22 -0800] "GET /index.php?camp-fire%2F17979565.html HTTP/1.1" 500 - "-" "Mozilla/5.0 (compatible; SemrushBot/7~bl; +http://www.semrush.com/bot.html)" "mantech8.com"
185.191.171.20 - - [05/Feb/2023:09:37:31 -0800] "GET /index.php?camp-fire%2F20852235.html HTTP/1.1" 500 - "-" "Mozilla/5.0 (compatible; SemrushBot/7~bl; +http://www.semrush.com/bot.html)" "mantech8.com"
185.191.171.34 - - [05/Feb/2023:09:38:11 -0800] "GET /index.php?camp-fire%2F93876342.html HTTP/1.1" 500 - "-" "Mozilla/5.0 (compatible; SemrushBot/7~bl; +http://www.semrush.com/bot.html)" "mantech8.com"
157.55.39.133 - - [05/Feb/2023:09:38:59 -0800] "GET /index.php/ce4bbcaaf HTTP/1.1" 200 74855 "-" "Mozilla/5.0 AppleWebKit/537.36 (KHTML, like Gecko; compatible; bingbot/2.0; +http://www.bing.com/bingbot.htm) Chrome/103.0.5060.134 Safari/537.36" "mantech8.com"
185.191.171.2 - - [05/Feb/2023:09:40:00 -0800] "GET /index.php?camp-fire%2F17992281.html HTTP/1.1" 500 - "-" "Mozilla/5.0 (compatible; SemrushBot/7~bl; +http://www.semrush.com/bot.html)" "mantech8.com"
185.191.171.38 - - [05/Feb/2023:09:40:11 -0800] "GET /index.php?camp-fire%2F33362577.html HTTP/1.1" 500 - "-" "Mozilla/5.0 (compatible; SemrushBot/7~bl; +http://www.semrush.com/bot.html)" "mantech8.com"
185.191.171.38 - - [05/Feb/2023:09:40:29 -0800] "GET /index.php?camp-fire%2F14544924.html HTTP/1.1" 500 - "-" "Mozilla/5.0 (compatible; SemrushBot/7~bl; +http://www.semrush.com/bot.html)" "mantech8.com"
185.191.171.45 - - [05/Feb/2023:09:40:44 -0800] "GET /index.php?camp-fire%2F24499606.html HTTP/1.1" 500 - "-" "Mozilla/5.0 (compatible; SemrushBot/7~bl; +http://www.semrush.com/bot.html)" "mantech8.com"
52.167.144.92 - - [05/Feb/2023:09:40:46 -0800] "GET /index.php/mkjw-a6bb-byjpn.ii HTTP/1.1" 200 63464 "-" "Mozilla/5.0 AppleWebKit/537.36 (KHTML, like Gecko; compatible; bingbot/2.0; +http://www.bing.com/bingbot.htm) Chrome/103.0.5060.134 Safari/537.36" "mantech8.com"
185.191.171.38 - - [05/Feb/2023:09:41:10 -0800] "GET /index.php?camp-fire%2F93996649.html HTTP/1.1" 500 - "-" "Mozilla/5.0 (compatible; SemrushBot/7~bl; +http://www.semrush.com/bot.html)" "mantech8.com"
185.191.171.45 - - [05/Feb/2023:09:41:46 -0800] "GET /index.php?camp-fire%2F16206383.html HTTP/1.1" 500 - "-" "Mozilla/5.0 (compatible; SemrushBot/7~bl; +http://www.semrush.com/bot.html)" "mantech8.com"
185.191.171.9 - - [05/Feb/2023:09:41:55 -0800] "GET /index.php?camp-fire%2F94219578.html HTTP/1.1" 500 - "-" "Mozilla/5.0 (compatible; SemrushBot/7~bl; +http://www.semrush.com/bot.html)" "mantech8.com"
216.244.66.241 - - [05/Feb/2023:09:42:27 -0800] "GET /robots.txt HTTP/1.1" 200 222 "-" "Mozilla/5.0 (compatible; DotBot/1.2; +https://opensiteexplorer.org/dotbot; help@moz.com)" "mantech8.com"
216.244.66.241 - - [05/Feb/2023:09:42:27 -0800] "GET /robots.txt HTTP/1.1" 200 222 "-" "Mozilla/5.0 (compatible; DotBot/1.2; +https://opensiteexplorer.org/dotbot; help@moz.com)" "www.mantech8.com"
52.167.144.92 - - [05/Feb/2023:09:42:36 -0800] "GET /index.php/15ed HTTP/1.1" 200 65874 "-" "Mozilla/5.0 AppleWebKit/537.36 (KHTML, like Gecko; compatible; bingbot/2.0; +http://www.bing.com/bingbot.htm) Chrome/103.0.5060.134 Safari/537.36" "mantech8.com"
185.191.171.3 - - [05/Feb/2023:09:42:54 -0800] "GET /index.php?camp-fire%2F23406885.html HTTP/1.1" 500 - "-" "Mozilla/5.0 (compatible; SemrushBot/7~bl; +http://www.semrush.com/bot.html)" "mantech8.com"
185.191.171.9 - - [05/Feb/2023:09:43:02 -0800] "GET /index.php?camp-fire%2F20468578.html HTTP/1.1" 500 - "-" "Mozilla/5.0 (compatible; SemrushBot/7~bl; +http://www.semrush.com/bot.html)" "mantech8.com"
185.191.171.8 - - [05/Feb/2023:09:43:31 -0800] "GET /index.php/camp-fire/47565692.html HTTP/1.1" 500 - "-" "Mozilla/5.0 (compatible; SemrushBot/7~bl; +http://www.semrush.com/bot.html)" "mantech8.com"
185.191.171.2 - - [05/Feb/2023:09:43:46 -0800] "GET /index.php?camp-fire%2F20675690.html HTTP/1.1" 500 - "-" "Mozilla/5.0 (compatible; SemrushBot/7~bl; +http://www.semrush.com/bot.html)" "mantech8.com"
185.191.171.33 - - [05/Feb/2023:09:43:52 -0800] "GET /index.php?camp-fire%2F25238050.html HTTP/1.1" 500 - "-" "Mozilla/5.0 (compatible; SemrushBot/7~bl; +http://www.semrush.com/bot.html)" "mantech8.com"
185.191.171.20 - - [05/Feb/2023:09:44:04 -0800] "GET /index.php?camp-fire%2F12678909.html HTTP/1.1" 500 - "-" "Mozilla/5.0 (compatible; SemrushBot/7~bl; +http://www.semrush.com/bot.html)" "mantech8.com"
185.191.171.43 - - [05/Feb/2023:09:44:20 -0800] "GET /index.php?camp-fire%2F1907272.html HTTP/1.1" 500 - "-" "Mozilla/5.0 (compatible; SemrushBot/7~bl; +http://www.semrush.com/bot.html)" "mantech8.com"
185.191.171.26 - - [05/Feb/2023:09:45:25 -0800] "GET /index.php?camp-fire%2F15623646.html HTTP/1.1" 500 - "-" "Mozilla/5.0 (compatible; SemrushBot/7~bl; +http://www.semrush.com/bot.html)" "mantech8.com"
185.191.171.12 - - [05/Feb/2023:09:45:51 -0800] "GET /robots.txt HTTP/1.1" 200 106 "-" "Mozilla/5.0 (compatible; SemrushBot/7~bl; +http://www.semrush.com/bot.html)" "mantech8.com"
185.191.171.40 - - [05/Feb/2023:09:45:51 -0800] "GET /index.php?camp-fire%2F50192750.html HTTP/1.1" 500 - "-" "Mozilla/5.0 (compatible; SemrushBot/7~bl; +http://www.semrush.com/bot.html)" "mantech8.com"
185.191.171.1 - - [05/Feb/2023:09:45:56 -0800] "GET /index.php?camp-fire%2F3306600.html HTTP/1.1" 500 - "-" "Mozilla/5.0 (compatible; SemrushBot/7~bl; +http://www.semrush.com/bot.html)" "mantech8.com"
207.46.13.100 - - [05/Feb/2023:09:46:16 -0800] "GET /index.php?/2022/01/09/%E8%82%B2%E4%BC%91%EF%BC%92%E5%B9%B4%E3%82%81/ HTTP/1.1" 200 66487 "-" "Mozilla/5.0 AppleWebKit/537.36 (KHTML, like Gecko; compatible; bingbot/2.0; +http://www.bing.com/bingbot.htm) Chrome/103.0.5060.134 Safari/537.36" "www.mantech8.com"
185.191.171.25 - - [05/Feb/2023:09:46:55 -0800] "GET /index.php?camp-fire%2F15687683.html HTTP/1.1" 500 - "-" "Mozilla/5.0 (compatible; SemrushBot/7~bl; +http://www.semrush.com/bot.html)" "mantech8.com"
157.55.39.133 - - [05/Feb/2023:09:47:12 -0800] "GET /index.php/15aae/0beac HTTP/1.1" 200 70107 "-" "Mozilla/5.0 AppleWebKit/537.36 (KHTML, like Gecko; compatible; bingbot/2.0; +http://www.bing.com/bingbot.htm) Chrome/103.0.5060.134 Safari/537.36" "mantech8.com"
185.191.171.10 - - [05/Feb/2023:09:47:20 -0800] "GET /index.php?camp-fire%2F7793942.html HTTP/1.1" 500 - "-" "Mozilla/5.0 (compatible; SemrushBot/7~bl; +http://www.semrush.com/bot.html)" "mantech8.com"
185.191.171.1 - - [05/Feb/2023:09:47:28 -0800] "GET /index.php?camp-fire%2F9762269.html HTTP/1.1" 500 - "-" "Mozilla/5.0 (compatible; SemrushBot/7~bl; +http://www.semrush.com/bot.html)" "mantech8.com"
114.119.159.101 - - [05/Feb/2023:09:47:59 -0800] "GET /bimages/hgallery/thump/?C=N%3BO%3DD HTTP/1.1" 200 506 "http://mantech8.com/bimages/hgallery/thump/?C=M%3BO%3DA" "Mozilla/5.0 (Linux; Android 7.0;) AppleWebKit/537.36 (KHTML, like Gecko) Mobile Safari/537.36 (compatible; PetalBot;+https://webmaster.petalsearch.com/site/petalbot)" "mantech8.com"
185.191.171.10 - - [05/Feb/2023:09:49:04 -0800] "GET /index.php?camp-fire%2F35120225.html HTTP/1.1" 500 - "-" "Mozilla/5.0 (compatible; SemrushBot/7~bl; +http://www.semrush.com/bot.html)" "mantech8.com"
207.46.13.51 - - [05/Feb/2023:09:49:35 -0800] "GET /index.php/d764abede HTTP/1.1" 200 68175 "-" "Mozilla/5.0 AppleWebKit/537.36 (KHTML, like Gecko; compatible; bingbot/2.0; +http://www.bing.com/bingbot.htm) Chrome/103.0.5060.134 Safari/537.36" "mantech8.com"
157.55.39.133 - - [05/Feb/2023:09:50:33 -0800] "GET /index.php/d21decbae HTTP/1.1" 200 66717 "-" "Mozilla/5.0 AppleWebKit/537.36 (KHTML, like Gecko; compatible; bingbot/2.0; +http://www.bing.com/bingbot.htm) Chrome/103.0.5060.134 Safari/537.36" "mantech8.com"
185.191.171.5 - - [05/Feb/2023:09:50:35 -0800] "GET /index.php?camp-fire%2F2842190.html HTTP/1.1" 500 - "-" "Mozilla/5.0 (compatible; SemrushBot/7~bl; +http://www.semrush.com/bot.html)" "mantech8.com"
185.191.171.38 - - [05/Feb/2023:09:50:56 -0800] "GET /index.php?camp-fire%2F16140883.html HTTP/1.1" 500 - "-" "Mozilla/5.0 (compatible; SemrushBot/7~bl; +http://www.semrush.com/bot.html)" "mantech8.com"
185.191.171.4 - - [05/Feb/2023:09:50:59 -0800] "GET /index.php?camp-fire%2F31190641.html HTTP/1.1" 500 - "-" "Mozilla/5.0 (compatible; SemrushBot/7~bl; +http://www.semrush.com/bot.html)" "mantech8.com"
185.191.171.16 - - [05/Feb/2023:09:51:11 -0800] "GET /index.php?camp-fire%2F17579426.html HTTP/1.1" 500 - "-" "Mozilla/5.0 (compatible; SemrushBot/7~bl; +http://www.semrush.com/bot.html)" "mantech8.com"
185.191.171.35 - - [05/Feb/2023:09:52:20 -0800] "GET /index.php?camp-fire%2F26251206.html HTTP/1.1" 500 - "-" "Mozilla/5.0 (compatible; SemrushBot/7~bl; +http://www.semrush.com/bot.html)" "mantech8.com"
185.191.171.26 - - [05/Feb/2023:09:52:52 -0800] "GET /index.php?camp-fire%2F20811896.html HTTP/1.1" 500 - "-" "Mozilla/5.0 (compatible; SemrushBot/7~bl; +http://www.semrush.com/bot.html)" "mantech8.com"
185.191.171.18 - - [05/Feb/2023:09:53:01 -0800] "GET /index.php?camp-fire%2F18922165.html HTTP/1.1" 500 - "-" "Mozilla/5.0 (compatible; SemrushBot/7~bl; +http://www.semrush.com/bot.html)" "mantech8.com"
207.46.13.101 - - [05/Feb/2023:09:53:07 -0800] "GET /index.php/egy1-e8dfb-vdafh.ii HTTP/1.1" 200 73809 "-" "Mozilla/5.0 AppleWebKit/537.36 (KHTML, like Gecko; compatible; bingbot/2.0; +http://www.bing.com/bingbot.htm) Chrome/103.0.5060.134 Safari/537.36" "mantech8.com"
185.191.171.2 - - [05/Feb/2023:09:53:13 -0800] "GET /index.php?camp-fire%2F18179061.html HTTP/1.1" 500 - "-" "Mozilla/5.0 (compatible; SemrushBot/7~bl; +http://www.semrush.com/bot.html)" "mantech8.com"
207.46.13.51 - - [05/Feb/2023:09:54:26 -0800] "GET / HTTP/1.1" 200 63966 "-" "Mozilla/5.0 AppleWebKit/537.36 (KHTML, like Gecko; compatible; bingbot/2.0; +http://www.bing.com/bingbot.htm) Chrome/103.0.5060.134 Safari/537.36" "www.mantech8.com"
185.191.171.37 - - [05/Feb/2023:09:54:43 -0800] "GET /index.php?camp-fire%2F17757280.html HTTP/1.1" 500 - "-" "Mozilla/5.0 (compatible; SemrushBot/7~bl; +http://www.semrush.com/bot.html)" "mantech8.com"
185.191.171.34 - - [05/Feb/2023:09:54:55 -0800] "GET /index.php?camp-fire%2F84387380.html HTTP/1.1" 500 - "-" "Mozilla/5.0 (compatible; SemrushBot/7~bl; +http://www.semrush.com/bot.html)" "mantech8.com"
40.77.167.253 - - [05/Feb/2023:09:55:16 -0800] "GET /index.php/hFdr-a40afbecf-Ioi94.Ii HTTP/1.1" 200 78503 "-" "Mozilla/5.0 AppleWebKit/537.36 (KHTML, like Gecko; compatible; bingbot/2.0; +http://www.bing.com/bingbot.htm) Chrome/103.0.5060.134 Safari/537.36" "mantech8.com"
185.191.171.35 - - [05/Feb/2023:09:55:19 -0800] "GET /index.php/camp-fire/32488660.html HTTP/1.1" 500 - "-" "Mozilla/5.0 (compatible; SemrushBot/7~bl; +http://www.semrush.com/bot.html)" "mantech8.com"
185.191.171.14 - - [05/Feb/2023:09:57:08 -0800] "GET /index.php?camp-fire%2F25298887.html HTTP/1.1" 500 - "-" "Mozilla/5.0 (compatible; SemrushBot/7~bl; +http://www.semrush.com/bot.html)" "mantech8.com"
185.191.171.23 - - [05/Feb/2023:09:57:13 -0800] "GET /index.php/camp-fire/28167171.html HTTP/1.1" 500 - "-" "Mozilla/5.0 (compatible; SemrushBot/7~bl; +http://www.semrush.com/bot.html)" "mantech8.com"
185.191.171.12 - - [05/Feb/2023:09:57:26 -0800] "GET /index.php?camp-fire%2F16905042.html HTTP/1.1" 500 - "-" "Mozilla/5.0 (compatible; SemrushBot/7~bl; +http://www.semrush.com/bot.html)" "mantech8.com"
185.191.171.35 - - [05/Feb/2023:09:57:29 -0800] "GET /index.php?camp-fire%2F81120235.html HTTP/1.1" 500 - "-" "Mozilla/5.0 (compatible; SemrushBot/7~bl; +http://www.semrush.com/bot.html)" "mantech8.com"
185.191.171.36 - - [05/Feb/2023:09:57:31 -0800] "GET /index.php?camp-fire%2F3285998.html HTTP/1.1" 500 - "-" "Mozilla/5.0 (compatible; SemrushBot/7~bl; +http://www.semrush.com/bot.html)" "mantech8.com"
207.46.13.51 - - [05/Feb/2023:09:57:36 -0800] "GET /index.php/9d9edfcb HTTP/1.1" 200 72529 "-" "Mozilla/5.0 AppleWebKit/537.36 (KHTML, like Gecko; compatible; bingbot/2.0; +http://www.bing.com/bingbot.htm) Chrome/103.0.5060.134 Safari/537.36" "mantech8.com"
185.191.171.36 - - [05/Feb/2023:09:58:36 -0800] "GET /index.php?camp-fire%2F14847672.html HTTP/1.1" 500 - "-" "Mozilla/5.0 (compatible; SemrushBot/7~bl; +http://www.semrush.com/bot.html)" "mantech8.com"
185.191.171.10 - - [05/Feb/2023:09:58:52 -0800] "GET /index.php?camp-fire%2F55053878.html HTTP/1.1" 500 - "-" "Mozilla/5.0 (compatible; SemrushBot/7~bl; +http://www.semrush.com/bot.html)" "mantech8.com"
185.191.171.44 - - [05/Feb/2023:09:59:00 -0800] "GET /index.php?camp-fire%2F25990576.html HTTP/1.1" 500 - "-" "Mozilla/5.0 (compatible; SemrushBot/7~bl; +http://www.semrush.com/bot.html)" "mantech8.com"
185.191.171.5 - - [05/Feb/2023:09:59:35 -0800] "GET /index.php?camp-fire%2F23586006.html HTTP/1.1" 500 - "-" "Mozilla/5.0 (compatible; SemrushBot/7~bl; +http://www.semrush.com/bot.html)" "mantech8.com"
207.46.13.100 - - [05/Feb/2023:09:59:37 -0800] "GET /index.php/vmbp-d4a81adf-uu8vc.ii HTTP/1.1" 200 65902 "-" "Mozilla/5.0 AppleWebKit/537.36 (KHTML, like Gecko; compatible; bingbot/2.0; +http://www.bing.com/bingbot.htm) Chrome/103.0.5060.134 Safari/537.36" "mantech8.com"
157.55.39.133 - - [05/Feb/2023:09:59:53 -0800] "GET /index.php/wtzk-92ebae-n3dra.ii HTTP/1.1" 200 71265 "-" "Mozilla/5.0 AppleWebKit/537.36 (KHTML, like Gecko; compatible; bingbot/2.0; +http://www.bing.com/bingbot.htm) Chrome/103.0.5060.134 Safari/537.36" "mantech8.com"
185.191.171.3 - - [05/Feb/2023:10:00:23 -0800] "GET /index.php?camp-fire%2F19084081.html HTTP/1.1" 500 - "-" "Mozilla/5.0 (compatible; SemrushBot/7~bl; +http://www.semrush.com/bot.html)" "mantech8.com"
185.191.171.39 - - [05/Feb/2023:10:00:57 -0800] "GET /index.php?camp-fire%2F27370997.html HTTP/1.1" 500 - "-" "Mozilla/5.0 (compatible; SemrushBot/7~bl; +http://www.semrush.com/bot.html)" "mantech8.com"
185.191.171.21 - - [05/Feb/2023:10:01:16 -0800] "GET /index.php/camp-fire/27992259.html HTTP/1.1" 500 - "-" "Mozilla/5.0 (compatible; SemrushBot/7~bl; +http://www.semrush.com/bot.html)" "mantech8.com"
185.191.171.7 - - [05/Feb/2023:10:01:37 -0800] "GET /index.php/camp-fire/20413265.html HTTP/1.1" 500 - "-" "Mozilla/5.0 (compatible; SemrushBot/7~bl; +http://www.semrush.com/bot.html)" "mantech8.com"
185.191.171.24 - - [05/Feb/2023:10:02:57 -0800] "GET /index.php?camp-fire%2F5925055.html HTTP/1.1" 500 - "-" "Mozilla/5.0 (compatible; SemrushBot/7~bl; +http://www.semrush.com/bot.html)" "mantech8.com"
185.191.171.4 - - [05/Feb/2023:10:04:07 -0800] "GET /index.php?camp-fire%2F23615606.html HTTP/1.1" 500 - "-" "Mozilla/5.0 (compatible; SemrushBot/7~bl; +http://www.semrush.com/bot.html)" "mantech8.com"
207.46.13.180 - - [05/Feb/2023:10:04:08 -0800] "GET /index.php/aqji-17ee-nsaco.ii HTTP/1.1" 200 66938 "-" "Mozilla/5.0 AppleWebKit/537.36 (KHTML, like Gecko; compatible; bingbot/2.0; +http://www.bing.com/bingbot.htm) Chrome/103.0.5060.134 Safari/537.36" "mantech8.com"
157.55.39.133 - - [05/Feb/2023:10:04:13 -0800] "GET /index.php/46fb7fdfa HTTP/1.1" 200 63747 "-" "Mozilla/5.0 AppleWebKit/537.36 (KHTML, like Gecko; compatible; bingbot/2.0; +http://www.bing.com/bingbot.htm) Chrome/103.0.5060.134 Safari/537.36" "mantech8.com"
185.191.171.41 - - [05/Feb/2023:10:04:47 -0800] "GET /index.php?camp-fire%2F24250106.html HTTP/1.1" 500 - "-" "Mozilla/5.0 (compatible; SemrushBot/7~bl; +http://www.semrush.com/bot.html)" "mantech8.com"
185.191.171.10 - - [05/Feb/2023:10:05:09 -0800] "GET /index.php?camp-fire%2F22098965.html HTTP/1.1" 500 - "-" "Mozilla/5.0 (compatible; SemrushBot/7~bl; +http://www.semrush.com/bot.html)" "mantech8.com"
185.191.171.16 - - [05/Feb/2023:10:05:19 -0800] "GET /index.php/camp-fire/25930476.html HTTP/1.1" 500 - "-" "Mozilla/5.0 (compatible; SemrushBot/7~bl; +http://www.semrush.com/bot.html)" "mantech8.com"
157.55.39.133 - - [05/Feb/2023:10:05:23 -0800] "GET /index.php/eebaea HTTP/1.1" 200 64137 "-" "Mozilla/5.0 AppleWebKit/537.36 (KHTML, like Gecko; compatible; bingbot/2.0; +http://www.bing.com/bingbot.htm) Chrome/103.0.5060.134 Safari/537.36" "mantech8.com"
40.77.167.253 - - [05/Feb/2023:10:05:48 -0800] "GET / HTTP/1.1" 200 64036 "-" "Mozilla/5.0 AppleWebKit/537.36 (KHTML, like Gecko; compatible; bingbot/2.0; +http://www.bing.com/bingbot.htm) Chrome/103.0.5060.134 Safari/537.36" "www.mantech8.com"
185.191.171.4 - - [05/Feb/2023:10:06:07 -0800] "GET /index.php?camp-fire%2F31946255.html HTTP/1.1" 500 - "-" "Mozilla/5.0 (compatible; SemrushBot/7~bl; +http://www.semrush.com/bot.html)" "mantech8.com"
207.46.13.51 - - [05/Feb/2023:10:06:34 -0800] "GET /index.php/egy1-673aabbd-vdqqb.ii HTTP/1.1" 200 71551 "-" "Mozilla/5.0 AppleWebKit/537.36 (KHTML, like Gecko; compatible; bingbot/2.0; +http://www.bing.com/bingbot.htm) Chrome/103.0.5060.134 Safari/537.36" "mantech8.com"
185.191.171.6 - - [05/Feb/2023:10:06:50 -0800] "GET /index.php?camp-fire%2F23931033.html HTTP/1.1" 500 - "-" "Mozilla/5.0 (compatible; SemrushBot/7~bl; +http://www.semrush.com/bot.html)" "mantech8.com"
185.191.171.35 - - [05/Feb/2023:10:06:59 -0800] "GET /index.php?camp-fire%2F27629471.html HTTP/1.1" 500 - "-" "Mozilla/5.0 (compatible; SemrushBot/7~bl; +http://www.semrush.com/bot.html)" "mantech8.com"
114.119.145.115 - - [05/Feb/2023:10:07:12 -0800] "GET /index.php/exorcise.xml HTTP/1.1" 200 289437 "-" "Mozilla/5.0 (Linux; Android 7.0;) AppleWebKit/537.36 (KHTML, like Gecko) Mobile Safari/537.36 (compatible; PetalBot;+https://webmaster.petalsearch.com/site/petalbot)" "mantech8.com"
185.191.171.22 - - [05/Feb/2023:10:08:22 -0800] "GET /index.php?camp-fire%2F26048476.html HTTP/1.1" 500 - "-" "Mozilla/5.0 (compatible; SemrushBot/7~bl; +http://www.semrush.com/bot.html)" "mantech8.com"
207.46.13.51 - - [05/Feb/2023:10:08:55 -0800] "GET /index.php/60rk-3b7fccbec-wecyx.ii HTTP/1.1" 200 62924 "-" "Mozilla/5.0 AppleWebKit/537.36 (KHTML, like Gecko; compatible; bingbot/2.0; +http://www.bing.com/bingbot.htm) Chrome/103.0.5060.134 Safari/537.36" "mantech8.com"
185.191.171.12 - - [05/Feb/2023:10:09:14 -0800] "GET /index.php?camp-fire%2F15694587.html HTTP/1.1" 500 - "-" "Mozilla/5.0 (compatible; SemrushBot/7~bl; +http://www.semrush.com/bot.html)" "mantech8.com"
185.191.171.24 - - [05/Feb/2023:10:09:36 -0800] "GET /index.php/camp-fire/46027372.html HTTP/1.1" 500 - "-" "Mozilla/5.0 (compatible; SemrushBot/7~bl; +http://www.semrush.com/bot.html)" "mantech8.com"
185.191.171.3 - - [05/Feb/2023:10:09:56 -0800] "GET /index.php?camp-fire%2F21658917.html HTTP/1.1" 500 - "-" "Mozilla/5.0 (compatible; SemrushBot/7~bl; +http://www.semrush.com/bot.html)" "mantech8.com"
185.191.171.26 - - [05/Feb/2023:10:10:08 -0800] "GET /index.php?camp-fire%2F19097132.html HTTP/1.1" 500 - "-" "Mozilla/5.0 (compatible; SemrushBot/7~bl; +http://www.semrush.com/bot.html)" "mantech8.com"
185.191.171.45 - - [05/Feb/2023:10:10:57 -0800] "GET /index.php?camp-fire%2F25717690.html HTTP/1.1" 500 - "-" "Mozilla/5.0 (compatible; SemrushBot/7~bl; +http://www.semrush.com/bot.html)" "mantech8.com"
185.191.171.7 - - [05/Feb/2023:10:11:15 -0800] "GET /index.php?camp-fire%2F34021016.html HTTP/1.1" 500 - "-" "Mozilla/5.0 (compatible; SemrushBot/7~bl; +http://www.semrush.com/bot.html)" "mantech8.com"
52.167.144.92 - - [05/Feb/2023:10:11:29 -0800] "GET /index.php?/alone/alone.php?id=542 HTTP/1.1" 200 76533 "-" "Mozilla/5.0 AppleWebKit/537.36 (KHTML, like Gecko; compatible; bingbot/2.0; +http://www.bing.com/bingbot.htm) Chrome/103.0.5060.134 Safari/537.36" "www.mantech8.com"
185.191.171.26 - - [05/Feb/2023:10:11:59 -0800] "GET /index.php?camp-fire%2F51609460.html HTTP/1.1" 500 - "-" "Mozilla/5.0 (compatible; SemrushBot/7~bl; +http://www.semrush.com/bot.html)" "mantech8.com"
185.191.171.36 - - [05/Feb/2023:10:12:12 -0800] "GET /index.php?camp-fire%2F322098.html HTTP/1.1" 500 - "-" "Mozilla/5.0 (compatible; SemrushBot/7~bl; +http://www.semrush.com/bot.html)" "mantech8.com"
185.191.171.3 - - [05/Feb/2023:10:12:15 -0800] "GET /index.php?camp-fire%2F16449783.html HTTP/1.1" 500 - "-" "Mozilla/5.0 (compatible; SemrushBot/7~bl; +http://www.semrush.com/bot.html)" "mantech8.com"
185.191.171.10 - - [05/Feb/2023:10:12:21 -0800] "GET /index.php?camp-fire%2F7652808.html HTTP/1.1" 500 - "-" "Mozilla/5.0 (compatible; SemrushBot/7~bl; +http://www.semrush.com/bot.html)" "mantech8.com"
185.191.171.14 - - [05/Feb/2023:10:12:30 -0800] "GET /index.php?camp-fire%2F19063632.html HTTP/1.1" 500 - "-" "Mozilla/5.0 (compatible; SemrushBot/7~bl; +http://www.semrush.com/bot.html)" "mantech8.com"
185.191.171.11 - - [05/Feb/2023:10:12:44 -0800] "GET /index.php?camp-fire%2F40995741.html HTTP/1.1" 500 - "-" "Mozilla/5.0 (compatible; SemrushBot/7~bl; +http://www.semrush.com/bot.html)" "mantech8.com"
185.191.171.4 - - [05/Feb/2023:10:13:18 -0800] "GET /index.php?camp-fire%2F24522130.html HTTP/1.1" 500 - "-" "Mozilla/5.0 (compatible; SemrushBot/7~bl; +http://www.semrush.com/bot.html)" "mantech8.com"
185.191.171.43 - - [05/Feb/2023:10:14:34 -0800] "GET /index.php?camp-fire%2F17853065.html HTTP/1.1" 500 - "-" "Mozilla/5.0 (compatible; SemrushBot/7~bl; +http://www.semrush.com/bot.html)" "mantech8.com"
185.191.171.26 - - [05/Feb/2023:10:16:35 -0800] "GET /index.php?camp-fire%2F17293283.html HTTP/1.1" 500 - "-" "Mozilla/5.0 (compatible; SemrushBot/7~bl; +http://www.semrush.com/bot.html)" "mantech8.com"
185.191.171.3 - - [05/Feb/2023:10:16:52 -0800] "GET /index.php?camp-fire%2F16362756.html HTTP/1.1" 500 - "-" "Mozilla/5.0 (compatible; SemrushBot/7~bl; +http://www.semrush.com/bot.html)" "mantech8.com"
185.191.171.3 - - [05/Feb/2023:10:17:29 -0800] "GET /index.php?camp-fire%2F32558668.html HTTP/1.1" 500 - "-" "Mozilla/5.0 (compatible; SemrushBot/7~bl; +http://www.semrush.com/bot.html)" "mantech8.com"
185.191.171.42 - - [05/Feb/2023:10:17:37 -0800] "GET /index.php?camp-fire%2F15146056.html HTTP/1.1" 500 - "-" "Mozilla/5.0 (compatible; SemrushBot/7~bl; +http://www.semrush.com/bot.html)" "mantech8.com"
185.191.171.15 - - [05/Feb/2023:10:17:46 -0800] "GET /index.php?camp-fire%2F41009050.html HTTP/1.1" 500 - "-" "Mozilla/5.0 (compatible; SemrushBot/7~bl; +http://www.semrush.com/bot.html)" "mantech8.com"
185.191.171.1 - - [05/Feb/2023:10:18:32 -0800] "GET /index.php?camp-fire%2F2830153.html HTTP/1.1" 500 - "-" "Mozilla/5.0 (compatible; SemrushBot/7~bl; +http://www.semrush.com/bot.html)" "mantech8.com"
185.191.171.43 - - [05/Feb/2023:10:19:01 -0800] "GET /index.php?camp-fire%2F14536124.html HTTP/1.1" 500 - "-" "Mozilla/5.0 (compatible; SemrushBot/7~bl; +http://www.semrush.com/bot.html)" "mantech8.com"
207.46.13.51 - - [05/Feb/2023:10:19:08 -0800] "GET /index.php/7fop-d3ab-6otea.ii HTTP/1.1" 200 58927 "-" "Mozilla/5.0 AppleWebKit/537.36 (KHTML, like Gecko; compatible; bingbot/2.0; +http://www.bing.com/bingbot.htm) Chrome/103.0.5060.134 Safari/537.36" "mantech8.com"
185.191.171.19 - - [05/Feb/2023:10:19:32 -0800] "GET /index.php?camp-fire%2F6334555.html HTTP/1.1" 500 - "-" "Mozilla/5.0 (compatible; SemrushBot/7~bl; +http://www.semrush.com/bot.html)" "mantech8.com"
185.191.171.10 - - [05/Feb/2023:10:20:06 -0800] "GET /index.php?camp-fire%2F19876061.html HTTP/1.1" 500 - "-" "Mozilla/5.0 (compatible; SemrushBot/7~bl; +http://www.semrush.com/bot.html)" "mantech8.com"
185.191.171.13 - - [05/Feb/2023:10:21:06 -0800] "GET /index.php?camp-fire%2F15676846.html HTTP/1.1" 500 - "-" "Mozilla/5.0 (compatible; SemrushBot/7~bl; +http://www.semrush.com/bot.html)" "mantech8.com"
185.191.171.5 - - [05/Feb/2023:10:22:37 -0800] "GET /index.php?camp-fire%2F42127716.html HTTP/1.1" 500 - "-" "Mozilla/5.0 (compatible; SemrushBot/7~bl; +http://www.semrush.com/bot.html)" "mantech8.com"
185.191.171.2 - - [05/Feb/2023:10:22:39 -0800] "GET /index.php?camp-fire%2F31714282.html HTTP/1.1" 500 - "-" "Mozilla/5.0 (compatible; SemrushBot/7~bl; +http://www.semrush.com/bot.html)" "mantech8.com"
185.191.171.14 - - [05/Feb/2023:10:23:23 -0800] "GET /index.php?camp-fire%2F3275998.html HTTP/1.1" 500 - "-" "Mozilla/5.0 (compatible; SemrushBot/7~bl; +http://www.semrush.com/bot.html)" "mantech8.com"
157.55.39.133 - - [05/Feb/2023:10:23:45 -0800] "GET /index.php/bljc-1cd1ccddd-kx4is.ii HTTP/1.1" 200 62843 "-" "Mozilla/5.0 AppleWebKit/537.36 (KHTML, like Gecko; compatible; bingbot/2.0; +http://www.bing.com/bingbot.htm) Chrome/103.0.5060.134 Safari/537.36" "mantech8.com"
185.191.171.5 - - [05/Feb/2023:10:24:19 -0800] "GET /index.php?camp-fire%2F26781947.html HTTP/1.1" 500 - "-" "Mozilla/5.0 (compatible; SemrushBot/7~bl; +http://www.semrush.com/bot.html)" "mantech8.com"
207.46.13.180 - - [05/Feb/2023:10:24:51 -0800] "GET /index.php/kjz2-42474ece-hzidu.ii HTTP/1.1" 200 68169 "-" "Mozilla/5.0 AppleWebKit/537.36 (KHTML, like Gecko; compatible; bingbot/2.0; +http://www.bing.com/bingbot.htm) Chrome/103.0.5060.134 Safari/537.36" "mantech8.com"
185.191.171.22 - - [05/Feb/2023:10:25:40 -0800] "GET /index.php?camp-fire%2F12029476.html HTTP/1.1" 500 - "-" "Mozilla/5.0 (compatible; SemrushBot/7~bl; +http://www.semrush.com/bot.html)" "mantech8.com"
185.191.171.21 - - [05/Feb/2023:10:25:48 -0800] "GET /index.php?camp-fire%2F84330960.html HTTP/1.1" 500 - "-" "Mozilla/5.0 (compatible; SemrushBot/7~bl; +http://www.semrush.com/bot.html)" "mantech8.com"
185.191.171.24 - - [05/Feb/2023:10:25:52 -0800] "GET /index.php?camp-fire%2F4090674.html HTTP/1.1" 500 - "-" "Mozilla/5.0 (compatible; SemrushBot/7~bl; +http://www.semrush.com/bot.html)" "mantech8.com"
185.191.171.3 - - [05/Feb/2023:10:25:53 -0800] "GET /index.php?camp-fire%2F93716808.html HTTP/1.1" 500 - "-" "Mozilla/5.0 (compatible; SemrushBot/7~bl; +http://www.semrush.com/bot.html)" "mantech8.com"
185.191.171.42 - - [05/Feb/2023:10:26:19 -0800] "GET /index.php?camp-fire%2F33486460.html HTTP/1.1" 500 - "-" "Mozilla/5.0 (compatible; SemrushBot/7~bl; +http://www.semrush.com/bot.html)" "mantech8.com"
185.191.171.3 - - [05/Feb/2023:10:26:35 -0800] "GET /index.php?camp-fire%2F15942424.html HTTP/1.1" 500 - "-" "Mozilla/5.0 (compatible; SemrushBot/7~bl; +http://www.semrush.com/bot.html)" "mantech8.com"
23.105.6.123 - - [05/Feb/2023:10:26:47 -0800] "GET /contact.php HTTP/1.1" 200 29238 "-" "Mozilla/5.0 (Windows NT 10.0; Win64; x64; Xbox; Xbox One) AppleWebKit/537.36 (KHTML, like Gecko) Chrome/103.0.0.0 Safari/537.36 Edge/44.18363.8131" "www.mantech8.com"
23.105.6.123 - - [05/Feb/2023:10:26:48 -0800] "GET /verificationimage.php?5803 HTTP/1.1" 200 1386 "http://www.mantech8.com/mailer.php" "Mozilla/5.0 (Windows NT 10.0; Win64; x64; Xbox; Xbox One) AppleWebKit/537.36 (KHTML, like Gecko) Chrome/103.0.0.0 Safari/537.36 Edge/44.18363.8131" "www.mantech8.com"
185.191.171.18 - - [05/Feb/2023:10:26:56 -0800] "GET /index.php?camp-fire%2F33101016.html HTTP/1.1" 500 - "-" "Mozilla/5.0 (compatible; SemrushBot/7~bl; +http://www.semrush.com/bot.html)" "mantech8.com"
207.46.13.180 - - [05/Feb/2023:10:27:12 -0800] "GET /index.php/kvrw-4e9bfedc-y8tvl.ii HTTP/1.1" 200 66436 "-" "Mozilla/5.0 AppleWebKit/537.36 (KHTML, like Gecko; compatible; bingbot/2.0; +http://www.bing.com/bingbot.htm) Chrome/103.0.5060.134 Safari/537.36" "mantech8.com"
185.191.171.11 - - [05/Feb/2023:10:27:24 -0800] "GET /index.php?camp-fire%2F6193972.html HTTP/1.1" 500 - "-" "Mozilla/5.0 (compatible; SemrushBot/7~bl; +http://www.semrush.com/bot.html)" "mantech8.com"
185.191.171.6 - - [05/Feb/2023:10:27:38 -0800] "GET /index.php?camp-fire%2F19359980.html HTTP/1.1" 500 - "-" "Mozilla/5.0 (compatible; SemrushBot/7~bl; +http://www.semrush.com/bot.html)" "mantech8.com"
185.191.171.38 - - [05/Feb/2023:10:27:42 -0800] "GET /index.php?camp-fire%2F26119382.html HTTP/1.1" 500 - "-" "Mozilla/5.0 (compatible; SemrushBot/7~bl; +http://www.semrush.com/bot.html)" "mantech8.com"
23.105.6.123 - - [05/Feb/2023:10:28:02 -0800] "GET /mailer.php?name=william+Toryson&email=wtoryson%40gmail.com&phone=0339+5752225&message=Hello%2C%0D%0A%0D%0AAre+you+struggling+to+increase+sales+and+reach+your+target+audience%3F+Traditional+marketing+methods+can+be+time-consuming+and+expensive%2C+especially+when+utilizing+multiple+platforms.%0D%0A%0D%0AWith+Systeme.io%2C+you+can+streamline+your+marketing+efforts+and+take+control+of+your+campaigns+in+one+convenient%2C+all-in-one+platform.+%0D%0A%0D%0AOur+AI-powered+technology+combines+the+best+of+email+marketing%2C+landing+pages%2C+sales+funnels%2C+webinars%2C+and+more%2C+saving+you+time+and+effort+while+maximizing+your+results.%0D%0A%0D%0ATake+the+first+step+towards+revolutionizing+your+marketing+strategy.+%0D%0A%0D%0ACheck+out+the+link+to+learn+more+about+how+Systeme.io+can+help+you+reach+your+business+goals+with+ease.%0D%0Aoneplatform.click%0D%0A%0D%0A%0D%0ASuccess%2C%0D%0A%0D%0AWilliam%0D%0A%0D%0A%0D%0A%0D%0A%0D%0A%0D%0A%0D%0A%0D%0A%0D%0A%0D%0A%0D%0A%0D%0A%0D%0A%0D%0A%0D%0A%0D%0A%0D%0A%0D%0A%0D%0A%0D%0A%0D%0A%0D%0A%0D%0A%0D%0A%0D%0A%0D%0A%0D%0A%0D%0A%0D%0A%0D%0A%0D%0A%0D%0A%0D%0A%0D%0A%0D%0A%0D%0A%0D%0A%0D%0A%0D%0A%0D%0A%0D%0A%0D%0A%0D%0A%0D%0A%0D%0A%0D%0A%0D%0A%0D%0A224+Westwood+Cir%2C+Dalton%2C+GA++30721%0D%0AUnsubscribe%3A%0D%0Aoptoutforever.com%2F%3Fcustomer_domain%3Dmantech8.com%0D%0A%0D%0A%0D%0A%0D%0A%0D%0A%0D%0A&verif_box=9259 HTTP/1.1" 500 - "http://www.mantech8.com/contact.php" "Mozilla/5.0 (Windows NT 10.0; Win64; x64; Xbox; Xbox One) AppleWebKit/537.36 (KHTML, like Gecko) Chrome/103.0.0.0 Safari/537.36 Edge/44.18363.8131" "www.mantech8.com"
185.191.171.10 - - [05/Feb/2023:10:28:06 -0800] "GET /index.php?camp-fire%2F22051772.html HTTP/1.1" 500 - "-" "Mozilla/5.0 (compatible; SemrushBot/7~bl; +http://www.semrush.com/bot.html)" "mantech8.com"
185.191.171.42 - - [05/Feb/2023:10:28:12 -0800] "GET /index.php?camp-fire%2F26164182.html HTTP/1.1" 500 - "-" "Mozilla/5.0 (compatible; SemrushBot/7~bl; +http://www.semrush.com/bot.html)" "mantech8.com"
185.191.171.19 - - [05/Feb/2023:10:28:43 -0800] "GET /index.php?camp-fire%2F39954402.html HTTP/1.1" 500 - "-" "Mozilla/5.0 (compatible; SemrushBot/7~bl; +http://www.semrush.com/bot.html)" "mantech8.com"
185.191.171.1 - - [05/Feb/2023:10:29:08 -0800] "GET /index.php?camp-fire%2F38789472.html HTTP/1.1" 500 - "-" "Mozilla/5.0 (compatible; SemrushBot/7~bl; +http://www.semrush.com/bot.html)" "mantech8.com"
207.46.13.51 - - [05/Feb/2023:10:30:37 -0800] "GET /index.php/pstd-88dcd-isoet.ii HTTP/1.1" 200 70376 "-" "Mozilla/5.0 AppleWebKit/537.36 (KHTML, like Gecko; compatible; bingbot/2.0; +http://www.bing.com/bingbot.htm) Chrome/103.0.5060.134 Safari/537.36" "mantech8.com"
207.46.13.51 - - [05/Feb/2023:10:31:18 -0800] "GET /index.php/870edcdf HTTP/1.1" 200 61026 "-" "Mozilla/5.0 AppleWebKit/537.36 (KHTML, like Gecko; compatible; bingbot/2.0; +http://www.bing.com/bingbot.htm) Chrome/103.0.5060.134 Safari/537.36" "mantech8.com"
185.191.171.15 - - [05/Feb/2023:10:31:19 -0800] "GET /index.php?camp-fire%2F20124042.html HTTP/1.1" 500 - "-" "Mozilla/5.0 (compatible; SemrushBot/7~bl; +http://www.semrush.com/bot.html)" "mantech8.com"
207.46.13.51 - - [05/Feb/2023:10:31:37 -0800] "GET /index.php/aqji-b9f6cabcbc-nx8rt.ii HTTP/1.1" 200 70892 "-" "Mozilla/5.0 AppleWebKit/537.36 (KHTML, like Gecko; compatible; bingbot/2.0; +http://www.bing.com/bingbot.htm) Chrome/103.0.5060.134 Safari/537.36" "mantech8.com"
207.46.13.51 - - [05/Feb/2023:10:31:38 -0800] "GET /index.php/crrt-4b1efeacd-dunat.ii HTTP/1.1" 200 67722 "-" "Mozilla/5.0 AppleWebKit/537.36 (KHTML, like Gecko; compatible; bingbot/2.0; +http://www.bing.com/bingbot.htm) Chrome/103.0.5060.134 Safari/537.36" "mantech8.com"
185.191.171.44 - - [05/Feb/2023:10:32:21 -0800] "GET /index.php?camp-fire%2F114411334.html HTTP/1.1" 500 - "-" "Mozilla/5.0 (compatible; SemrushBot/7~bl; +http://www.semrush.com/bot.html)" "mantech8.com"
185.191.171.26 - - [05/Feb/2023:10:32:50 -0800] "GET /index.php?camp-fire%2F4089578.html HTTP/1.1" 500 - "-" "Mozilla/5.0 (compatible; SemrushBot/7~bl; +http://www.semrush.com/bot.html)" "mantech8.com"
185.191.171.10 - - [05/Feb/2023:10:34:15 -0800] "GET /index.php?camp-fire%2F18020165.html HTTP/1.1" 500 - "-" "Mozilla/5.0 (compatible; SemrushBot/7~bl; +http://www.semrush.com/bot.html)" "mantech8.com"
185.191.171.39 - - [05/Feb/2023:10:34:19 -0800] "GET /index.php?camp-fire%2F38655572.html HTTP/1.1" 500 - "-" "Mozilla/5.0 (compatible; SemrushBot/7~bl; +http://www.semrush.com/bot.html)" "mantech8.com"
185.191.171.41 - - [05/Feb/2023:10:34:38 -0800] "GET /index.php?camp-fire%2F15592172.html HTTP/1.1" 500 - "-" "Mozilla/5.0 (compatible; SemrushBot/7~bl; +http://www.semrush.com/bot.html)" "mantech8.com"
185.191.171.9 - - [05/Feb/2023:10:35:11 -0800] "GET /index.php?camp-fire%2F19795257.html HTTP/1.1" 500 - "-" "Mozilla/5.0 (compatible; SemrushBot/7~bl; +http://www.semrush.com/bot.html)" "mantech8.com"
185.191.171.44 - - [05/Feb/2023:10:35:26 -0800] "GET /index.php?camp-fire%2F23620906.html HTTP/1.1" 500 - "-" "Mozilla/5.0 (compatible; SemrushBot/7~bl; +http://www.semrush.com/bot.html)" "mantech8.com"
216.244.66.241 - - [05/Feb/2023:10:36:07 -0800] "GET /robots.txt HTTP/1.1" 200 222 "-" "Mozilla/5.0 (compatible; DotBot/1.2; +https://opensiteexplorer.org/dotbot; help@moz.com)" "www.mantech8.com"
216.244.66.241 - - [05/Feb/2023:10:36:07 -0800] "GET /robots.txt HTTP/1.1" 200 222 "-" "Mozilla/5.0 (compatible; DotBot/1.2; +https://opensiteexplorer.org/dotbot; help@moz.com)" "mantech8.com"
157.55.39.133 - - [05/Feb/2023:10:36:16 -0800] "GET /index.php/wtzk-732c9dfebe-nltec.ii HTTP/1.1" 200 60745 "-" "Mozilla/5.0 AppleWebKit/537.36 (KHTML, like Gecko; compatible; bingbot/2.0; +http://www.bing.com/bingbot.htm) Chrome/103.0.5060.134 Safari/537.36" "mantech8.com"
185.191.171.33 - - [05/Feb/2023:10:37:04 -0800] "GET /index.php?camp-fire%2F66902192.html HTTP/1.1" 500 - "-" "Mozilla/5.0 (compatible; SemrushBot/7~bl; +http://www.semrush.com/bot.html)" "mantech8.com"
185.191.171.36 - - [05/Feb/2023:10:37:21 -0800] "GET /index.php?camp-fire%2F31381009.html HTTP/1.1" 500 - "-" "Mozilla/5.0 (compatible; SemrushBot/7~bl; +http://www.semrush.com/bot.html)" "mantech8.com"
185.191.171.33 - - [05/Feb/2023:10:38:41 -0800] "GET /index.php?camp-fire%2F23616906.html HTTP/1.1" 500 - "-" "Mozilla/5.0 (compatible; SemrushBot/7~bl; +http://www.semrush.com/bot.html)" "mantech8.com"
185.191.171.45 - - [05/Feb/2023:10:38:47 -0800] "GET /index.php?camp-fire%2F21763135.html HTTP/1.1" 500 - "-" "Mozilla/5.0 (compatible; SemrushBot/7~bl; +http://www.semrush.com/bot.html)" "mantech8.com"
185.191.171.41 - - [05/Feb/2023:10:39:05 -0800] "GET /index.php?camp-fire%2F90290481.html HTTP/1.1" 500 - "-" "Mozilla/5.0 (compatible; SemrushBot/7~bl; +http://www.semrush.com/bot.html)" "mantech8.com"
185.191.171.45 - - [05/Feb/2023:10:39:08 -0800] "GET /index.php?camp-fire%2F26068151.html HTTP/1.1" 500 - "-" "Mozilla/5.0 (compatible; SemrushBot/7~bl; +http://www.semrush.com/bot.html)" "mantech8.com"
185.191.171.22 - - [05/Feb/2023:10:40:10 -0800] "GET /index.php?camp-fire%2F8322308.html HTTP/1.1" 500 - "-" "Mozilla/5.0 (compatible; SemrushBot/7~bl; +http://www.semrush.com/bot.html)" "mantech8.com"
185.191.171.19 - - [05/Feb/2023:10:40:13 -0800] "GET /index.php?camp-fire%2F14746383.html HTTP/1.1" 500 - "-" "Mozilla/5.0 (compatible; SemrushBot/7~bl; +http://www.semrush.com/bot.html)" "mantech8.com"
185.191.171.26 - - [05/Feb/2023:10:40:35 -0800] "GET /index.php?camp-fire%2F11452409.html HTTP/1.1" 500 - "-" "Mozilla/5.0 (compatible; SemrushBot/7~bl; +http://www.semrush.com/bot.html)" "mantech8.com"
185.191.171.24 - - [05/Feb/2023:10:41:23 -0800] "GET /index.php?camp-fire%2F18309365.html HTTP/1.1" 500 - "-" "Mozilla/5.0 (compatible; SemrushBot/7~bl; +http://www.semrush.com/bot.html)" "mantech8.com"
