207.46.13.180 - - [05/Feb/2023:02:54:29 -0800] "GET /index.php?/2020/05 HTTP/1.1" 200 71957 "-" "Mozilla/5.0 AppleWebKit/537.36 (KHTML, like Gecko; compatible; bingbot/2.0; +http://www.bing.com/bingbot.htm) Chrome/103.0.5060.134 Safari/537.36" "www.mantech8.com"
207.46.13.50 - - [05/Feb/2023:02:54:30 -0800] "GET /index.php?/365.html HTTP/1.1" 200 72193 "-" "Mozilla/5.0 AppleWebKit/537.36 (KHTML, like Gecko; compatible; bingbot/2.0; +http://www.bing.com/bingbot.htm) Chrome/103.0.5060.134 Safari/537.36" "www.mantech8.com"
157.55.39.133 - - [05/Feb/2023:02:54:36 -0800] "GET /index.php?/uox6olohbfy HTTP/1.1" 200 70894 "-" "Mozilla/5.0 AppleWebKit/537.36 (KHTML, like Gecko; compatible; bingbot/2.0; +http://www.bing.com/bingbot.htm) Chrome/103.0.5060.134 Safari/537.36" "www.mantech8.com"
52.167.144.92 - - [05/Feb/2023:02:54:40 -0800] "GET /index.php?/2022/02 HTTP/1.1" 200 68906 "-" "Mozilla/5.0 AppleWebKit/537.36 (KHTML, like Gecko; compatible; bingbot/2.0; +http://www.bing.com/bingbot.htm) Chrome/103.0.5060.134 Safari/537.36" "www.mantech8.com"
52.167.144.92 - - [05/Feb/2023:02:54:40 -0800] "GET /index.php?/admin.html HTTP/1.1" 200 74444 "-" "Mozilla/5.0 AppleWebKit/537.36 (KHTML, like Gecko; compatible; bingbot/2.0; +http://www.bing.com/bingbot.htm) Chrome/103.0.5060.134 Safari/537.36" "www.mantech8.com"
185.191.171.13 - - [05/Feb/2023:02:54:46 -0800] "GET /index.php?camp-fire%2F16276856.html HTTP/1.1" 500 - "-" "Mozilla/5.0 (compatible; SemrushBot/7~bl; +http://www.semrush.com/bot.html)" "mantech8.com"
207.46.13.180 - - [05/Feb/2023:02:54:48 -0800] "GET /index.php?/158.html HTTP/1.1" 200 72246 "-" "Mozilla/5.0 AppleWebKit/537.36 (KHTML, like Gecko; compatible; bingbot/2.0; +http://www.bing.com/bingbot.htm) Chrome/103.0.5060.134 Safari/537.36" "www.mantech8.com"
207.46.13.180 - - [05/Feb/2023:02:54:49 -0800] "GET /index.php?/category13/ HTTP/1.1" 200 67654 "-" "Mozilla/5.0 AppleWebKit/537.36 (KHTML, like Gecko; compatible; bingbot/2.0; +http://www.bing.com/bingbot.htm) Chrome/103.0.5060.134 Safari/537.36" "www.mantech8.com"
185.191.171.4 - - [05/Feb/2023:02:55:02 -0800] "GET /?camp-fire%2F118318892.html HTTP/1.1" 500 - "-" "Mozilla/5.0 (compatible; SemrushBot/7~bl; +http://www.semrush.com/bot.html)" "mantech8.com"
52.167.144.92 - - [05/Feb/2023:02:55:08 -0800] "GET /index.php/d9da HTTP/1.1" 200 65127 "-" "Mozilla/5.0 AppleWebKit/537.36 (KHTML, like Gecko; compatible; bingbot/2.0; +http://www.bing.com/bingbot.htm) Chrome/103.0.5060.134 Safari/537.36" "mantech8.com"
52.167.144.92 - - [05/Feb/2023:02:55:09 -0800] "GET /index.php/38bcee/edefaa HTTP/1.1" 200 94115 "-" "Mozilla/5.0 AppleWebKit/537.36 (KHTML, like Gecko; compatible; bingbot/2.0; +http://www.bing.com/bingbot.htm) Chrome/103.0.5060.134 Safari/537.36" "mantech8.com"
185.191.171.36 - - [05/Feb/2023:02:55:12 -0800] "GET /?camp-fire%2F117599226.html HTTP/1.1" 500 - "-" "Mozilla/5.0 (compatible; SemrushBot/7~bl; +http://www.semrush.com/bot.html)" "mantech8.com"
185.191.171.33 - - [05/Feb/2023:02:55:52 -0800] "GET /index.php?camp-fire%2F52249959.html HTTP/1.1" 500 - "-" "Mozilla/5.0 (compatible; SemrushBot/7~bl; +http://www.semrush.com/bot.html)" "mantech8.com"
185.191.171.8 - - [05/Feb/2023:02:55:57 -0800] "GET /index.php?camp-fire%2F16645087.html HTTP/1.1" 500 - "-" "Mozilla/5.0 (compatible; SemrushBot/7~bl; +http://www.semrush.com/bot.html)" "mantech8.com"
52.167.144.92 - - [05/Feb/2023:02:56:08 -0800] "GET /index.php/c1b72ffbad HTTP/1.1" 200 65689 "-" "Mozilla/5.0 AppleWebKit/537.36 (KHTML, like Gecko; compatible; bingbot/2.0; +http://www.bing.com/bingbot.htm) Chrome/103.0.5060.134 Safari/537.36" "mantech8.com"
207.46.13.100 - - [05/Feb/2023:02:56:12 -0800] "GET /index.php?/853stav HTTP/1.1" 200 68760 "-" "Mozilla/5.0 AppleWebKit/537.36 (KHTML, like Gecko; compatible; bingbot/2.0; +http://www.bing.com/bingbot.htm) Chrome/103.0.5060.134 Safari/537.36" "www.mantech8.com"
207.46.13.100 - - [05/Feb/2023:02:56:12 -0800] "GET /index.php?c=article&id=67 HTTP/1.1" 200 71488 "-" "Mozilla/5.0 AppleWebKit/537.36 (KHTML, like Gecko; compatible; bingbot/2.0; +http://www.bing.com/bingbot.htm) Chrome/103.0.5060.134 Safari/537.36" "www.mantech8.com"
207.46.13.100 - - [05/Feb/2023:02:56:13 -0800] "GET /index.php?/list/d2/ HTTP/1.1" 200 69289 "-" "Mozilla/5.0 AppleWebKit/537.36 (KHTML, like Gecko; compatible; bingbot/2.0; +http://www.bing.com/bingbot.htm) Chrome/103.0.5060.134 Safari/537.36" "www.mantech8.com"
207.46.13.100 - - [05/Feb/2023:02:56:13 -0800] "GET /index.php?/apply/ HTTP/1.1" 200 73031 "-" "Mozilla/5.0 AppleWebKit/537.36 (KHTML, like Gecko; compatible; bingbot/2.0; +http://www.bing.com/bingbot.htm) Chrome/103.0.5060.134 Safari/537.36" "www.mantech8.com"
185.191.171.45 - - [05/Feb/2023:02:57:24 -0800] "GET /index.php?camp-fire%2F17827280.html HTTP/1.1" 500 - "-" "Mozilla/5.0 (compatible; SemrushBot/7~bl; +http://www.semrush.com/bot.html)" "mantech8.com"
207.46.13.180 - - [05/Feb/2023:02:57:30 -0800] "GET /index.php/F2si-3344adadae-DoeUN.Ii HTTP/1.1" 200 67902 "-" "Mozilla/5.0 AppleWebKit/537.36 (KHTML, like Gecko; compatible; bingbot/2.0; +http://www.bing.com/bingbot.htm) Chrome/103.0.5060.134 Safari/537.36" "www.mantech8.com"
207.46.13.100 - - [05/Feb/2023:02:58:00 -0800] "GET /index.php/ce9ebdee HTTP/1.1" 200 61197 "-" "Mozilla/5.0 AppleWebKit/537.36 (KHTML, like Gecko; compatible; bingbot/2.0; +http://www.bing.com/bingbot.htm) Chrome/103.0.5060.134 Safari/537.36" "mantech8.com"
207.46.13.100 - - [05/Feb/2023:02:58:00 -0800] "GET /index.php/cb7aeccc HTTP/1.1" 200 69099 "-" "Mozilla/5.0 AppleWebKit/537.36 (KHTML, like Gecko; compatible; bingbot/2.0; +http://www.bing.com/bingbot.htm) Chrome/103.0.5060.134 Safari/537.36" "mantech8.com"
207.46.13.180 - - [05/Feb/2023:02:58:50 -0800] "GET /index.php/aqji-ac452dbdd-nd7nj.ii HTTP/1.1" 200 59651 "-" "Mozilla/5.0 AppleWebKit/537.36 (KHTML, like Gecko; compatible; bingbot/2.0; +http://www.bing.com/bingbot.htm) Chrome/103.0.5060.134 Safari/537.36" "mantech8.com"
66.249.66.65 - - [05/Feb/2023:02:58:58 -0800] "GET /sitemapindeximages.xml HTTP/1.1" 404 88 "-" "Mozilla/5.0 (compatible; Googlebot/2.1; +http://www.google.com/bot.html)" "mantech8.com"
185.191.171.12 - - [05/Feb/2023:02:59:00 -0800] "GET /index.php?camp-fire%2F24580230.html HTTP/1.1" 500 - "-" "Mozilla/5.0 (compatible; SemrushBot/7~bl; +http://www.semrush.com/bot.html)" "mantech8.com"
185.191.171.37 - - [05/Feb/2023:02:59:17 -0800] "GET /?camp-fire%2F122653868.html HTTP/1.1" 500 - "-" "Mozilla/5.0 (compatible; SemrushBot/7~bl; +http://www.semrush.com/bot.html)" "mantech8.com"
52.167.144.92 - - [05/Feb/2023:02:59:38 -0800] "GET /index.php/07ebb HTTP/1.1" 200 62800 "-" "Mozilla/5.0 AppleWebKit/537.36 (KHTML, like Gecko; compatible; bingbot/2.0; +http://www.bing.com/bingbot.htm) Chrome/103.0.5060.134 Safari/537.36" "mantech8.com"
157.55.39.133 - - [05/Feb/2023:02:59:43 -0800] "GET /index.php/mcko-f36dccff-vbhsl.ii HTTP/1.1" 200 79642 "-" "Mozilla/5.0 AppleWebKit/537.36 (KHTML, like Gecko; compatible; bingbot/2.0; +http://www.bing.com/bingbot.htm) Chrome/103.0.5060.134 Safari/537.36" "mantech8.com"
185.191.171.18 - - [05/Feb/2023:02:59:46 -0800] "GET /index.php?camp-fire%2F26138682.html HTTP/1.1" 500 - "-" "Mozilla/5.0 (compatible; SemrushBot/7~bl; +http://www.semrush.com/bot.html)" "mantech8.com"
157.55.39.133 - - [05/Feb/2023:03:00:22 -0800] "GET /F2si-a3defa-Diy88.Ii HTTP/1.1" 404 88 "-" "Mozilla/5.0 AppleWebKit/537.36 (KHTML, like Gecko; compatible; bingbot/2.0; +http://www.bing.com/bingbot.htm) Chrome/103.0.5060.134 Safari/537.36" "www.mantech8.com"
185.191.171.23 - - [05/Feb/2023:03:00:37 -0800] "GET /index.php?camp-fire%2F18033965.html HTTP/1.1" 500 - "-" "Mozilla/5.0 (compatible; SemrushBot/7~bl; +http://www.semrush.com/bot.html)" "mantech8.com"
185.191.171.36 - - [05/Feb/2023:03:00:57 -0800] "GET /index.php?camp-fire%2F26589276.html HTTP/1.1" 500 - "-" "Mozilla/5.0 (compatible; SemrushBot/7~bl; +http://www.semrush.com/bot.html)" "mantech8.com"
52.167.144.92 - - [05/Feb/2023:03:00:59 -0800] "GET /index.php/bljc-04ea-kx9br.ii HTTP/1.1" 200 64668 "-" "Mozilla/5.0 AppleWebKit/537.36 (KHTML, like Gecko; compatible; bingbot/2.0; +http://www.bing.com/bingbot.htm) Chrome/103.0.5060.134 Safari/537.36" "mantech8.com"
185.191.171.9 - - [05/Feb/2023:03:01:04 -0800] "GET /index.php?camp-fire%2F27874263.html HTTP/1.1" 500 - "-" "Mozilla/5.0 (compatible; SemrushBot/7~bl; +http://www.semrush.com/bot.html)" "mantech8.com"
185.191.171.44 - - [05/Feb/2023:03:01:31 -0800] "GET /index.php?camp-fire%2F92380583.html HTTP/1.1" 500 - "-" "Mozilla/5.0 (compatible; SemrushBot/7~bl; +http://www.semrush.com/bot.html)" "mantech8.com"
157.55.39.133 - - [05/Feb/2023:03:02:03 -0800] "GET /index.php/K937-0f12baabed-71pLm.Ii HTTP/1.1" 200 64159 "-" "Mozilla/5.0 AppleWebKit/537.36 (KHTML, like Gecko; compatible; bingbot/2.0; +http://www.bing.com/bingbot.htm) Chrome/103.0.5060.134 Safari/537.36" "mantech8.com"
40.77.167.253 - - [05/Feb/2023:03:02:07 -0800] "GET /index.php/bljc-bf5fededa-kx7lp.ii HTTP/1.1" 200 66179 "-" "Mozilla/5.0 AppleWebKit/537.36 (KHTML, like Gecko; compatible; bingbot/2.0; +http://www.bing.com/bingbot.htm) Chrome/103.0.5060.134 Safari/537.36" "mantech8.com"
185.191.171.7 - - [05/Feb/2023:03:02:25 -0800] "GET /robots.txt HTTP/1.1" 200 106 "-" "Mozilla/5.0 (compatible; SemrushBot/7~bl; +http://www.semrush.com/bot.html)" "mantech8.com"
185.191.171.39 - - [05/Feb/2023:03:02:25 -0800] "GET /?camp-fire%2F117417270.html HTTP/1.1" 500 - "-" "Mozilla/5.0 (compatible; SemrushBot/7~bl; +http://www.semrush.com/bot.html)" "mantech8.com"
185.191.171.21 - - [05/Feb/2023:03:02:26 -0800] "GET /index.php?camp-fire%2F22552635.html HTTP/1.1" 500 - "-" "Mozilla/5.0 (compatible; SemrushBot/7~bl; +http://www.semrush.com/bot.html)" "mantech8.com"
185.191.171.12 - - [05/Feb/2023:03:02:28 -0800] "GET /index.php?camp-fire%2F1433490.html HTTP/1.1" 500 - "-" "Mozilla/5.0 (compatible; SemrushBot/7~bl; +http://www.semrush.com/bot.html)" "mantech8.com"
185.191.171.3 - - [05/Feb/2023:03:03:46 -0800] "GET /index.php?camp-fire%2F22962065.html HTTP/1.1" 500 - "-" "Mozilla/5.0 (compatible; SemrushBot/7~bl; +http://www.semrush.com/bot.html)" "mantech8.com"
52.167.144.92 - - [05/Feb/2023:03:04:10 -0800] "GET /index.php/mkjw-a6bb-byjpn.ii HTTP/1.1" 200 63686 "-" "Mozilla/5.0 AppleWebKit/537.36 (KHTML, like Gecko; compatible; bingbot/2.0; +http://www.bing.com/bingbot.htm) Chrome/103.0.5060.134 Safari/537.36" "mantech8.com"
114.119.132.85 - - [05/Feb/2023:03:04:10 -0800] "GET /?unpower.xml HTTP/1.1" 200 270432 "-" "Mozilla/5.0 (Linux; Android 7.0;) AppleWebKit/537.36 (KHTML, like Gecko) Mobile Safari/537.36 (compatible; PetalBot;+https://webmaster.petalsearch.com/site/petalbot)" "mantech8.com"
185.191.171.33 - - [05/Feb/2023:03:04:39 -0800] "GET /?camp-fire%2F131554471.html HTTP/1.1" 500 - "-" "Mozilla/5.0 (compatible; SemrushBot/7~bl; +http://www.semrush.com/bot.html)" "mantech8.com"
185.191.171.18 - - [05/Feb/2023:03:04:54 -0800] "GET /index.php?camp-fire%2F5333698.html HTTP/1.1" 500 - "-" "Mozilla/5.0 (compatible; SemrushBot/7~bl; +http://www.semrush.com/bot.html)" "mantech8.com"
185.191.171.26 - - [05/Feb/2023:03:05:17 -0800] "GET /index.php?camp-fire%2F98011565.html HTTP/1.1" 500 - "-" "Mozilla/5.0 (compatible; SemrushBot/7~bl; +http://www.semrush.com/bot.html)" "mantech8.com"
185.191.171.39 - - [05/Feb/2023:03:05:59 -0800] "GET /index.php?camp-fire%2F26069451.html HTTP/1.1" 500 - "-" "Mozilla/5.0 (compatible; SemrushBot/7~bl; +http://www.semrush.com/bot.html)" "mantech8.com"
185.191.171.19 - - [05/Feb/2023:03:06:00 -0800] "GET /index.php?camp-fire%2F26120376.html HTTP/1.1" 500 - "-" "Mozilla/5.0 (compatible; SemrushBot/7~bl; +http://www.semrush.com/bot.html)" "mantech8.com"
137.220.212.243 - - [05/Feb/2023:03:06:28 -0800] "GET /contact.php HTTP/1.1" 200 29238 "http://mantech8.com/contact.php" "Mozilla/5.0 (Windows NT 6.1; Win64; x64) AppleWebKit/537.36 (KHTML, like Gecko) Chrome/90.0.4430.85 Safari/537.36 Edg/90.0.818.49" "mantech8.com"
207.46.13.180 - - [05/Feb/2023:03:06:31 -0800] "GET /?/dcxy/xyhj/ HTTP/1.1" 200 59569 "-" "Mozilla/5.0 AppleWebKit/537.36 (KHTML, like Gecko; compatible; bingbot/2.0; +http://www.bing.com/bingbot.htm) Chrome/103.0.5060.134 Safari/537.36" "mantech8.com"
137.220.212.243 - - [05/Feb/2023:03:06:33 -0800] "POST /mailer.php HTTP/1.1" 500 - "http://mantech8.com/contact.php" "Mozilla/5.0 (Windows NT 6.1; Win64; x64) AppleWebKit/537.36 (KHTML, like Gecko) Chrome/90.0.4430.85 Safari/537.36 Edg/90.0.818.49" "mantech8.com"
185.191.171.42 - - [05/Feb/2023:03:06:51 -0800] "GET /index.php?camp-fire%2F15800856.html HTTP/1.1" 500 - "-" "Mozilla/5.0 (compatible; SemrushBot/7~bl; +http://www.semrush.com/bot.html)" "mantech8.com"
185.191.171.22 - - [05/Feb/2023:03:07:01 -0800] "GET /?camp-fire%2F118765789.html HTTP/1.1" 500 - "-" "Mozilla/5.0 (compatible; SemrushBot/7~bl; +http://www.semrush.com/bot.html)" "mantech8.com"
207.46.13.180 - - [05/Feb/2023:03:07:09 -0800] "GET /index.php/q5W4-82bec-jObTh.Ii HTTP/1.1" 200 70594 "-" "Mozilla/5.0 AppleWebKit/537.36 (KHTML, like Gecko; compatible; bingbot/2.0; +http://www.bing.com/bingbot.htm) Chrome/103.0.5060.134 Safari/537.36" "www.mantech8.com"
52.167.144.92 - - [05/Feb/2023:03:07:31 -0800] "GET /index.php/zsuz-b4eccbfbea-sigoz.ii HTTP/1.1" 200 74337 "-" "Mozilla/5.0 AppleWebKit/537.36 (KHTML, like Gecko; compatible; bingbot/2.0; +http://www.bing.com/bingbot.htm) Chrome/103.0.5060.134 Safari/537.36" "mantech8.com"
157.55.39.133 - - [05/Feb/2023:03:07:45 -0800] "GET /?/thankshop19/ HTTP/1.1" 200 61517 "-" "Mozilla/5.0 AppleWebKit/537.36 (KHTML, like Gecko; compatible; bingbot/2.0; +http://www.bing.com/bingbot.htm) Chrome/103.0.5060.134 Safari/537.36" "mantech8.com"
185.191.171.42 - - [05/Feb/2023:03:08:43 -0800] "GET /index.php?camp-fire%2F40210488.html HTTP/1.1" 500 - "-" "Mozilla/5.0 (compatible; SemrushBot/7~bl; +http://www.semrush.com/bot.html)" "mantech8.com"
207.46.13.100 - - [05/Feb/2023:03:09:10 -0800] "GET /index.php/decf HTTP/1.1" 200 64410 "-" "Mozilla/5.0 AppleWebKit/537.36 (KHTML, like Gecko; compatible; bingbot/2.0; +http://www.bing.com/bingbot.htm) Chrome/103.0.5060.134 Safari/537.36" "mantech8.com"
185.191.171.43 - - [05/Feb/2023:03:09:35 -0800] "GET /?camp-fire%2F114403934.html HTTP/1.1" 500 - "-" "Mozilla/5.0 (compatible; SemrushBot/7~bl; +http://www.semrush.com/bot.html)" "mantech8.com"
52.167.144.92 - - [05/Feb/2023:03:09:40 -0800] "GET /?/n9iavn-bh50 HTTP/1.1" 200 58899 "-" "Mozilla/5.0 AppleWebKit/537.36 (KHTML, like Gecko; compatible; bingbot/2.0; +http://www.bing.com/bingbot.htm) Chrome/103.0.5060.134 Safari/537.36" "mantech8.com"
185.191.171.15 - - [05/Feb/2023:03:10:09 -0800] "GET /index.php?camp-fire%2F18318565.html HTTP/1.1" 500 - "-" "Mozilla/5.0 (compatible; SemrushBot/7~bl; +http://www.semrush.com/bot.html)" "mantech8.com"
185.191.171.21 - - [05/Feb/2023:03:10:15 -0800] "GET /index.php?camp-fire%2F25169906.html HTTP/1.1" 500 - "-" "Mozilla/5.0 (compatible; SemrushBot/7~bl; +http://www.semrush.com/bot.html)" "mantech8.com"
185.191.171.42 - - [05/Feb/2023:03:10:47 -0800] "GET /index.php?camp-fire%2F16526965.html HTTP/1.1" 500 - "-" "Mozilla/5.0 (compatible; SemrushBot/7~bl; +http://www.semrush.com/bot.html)" "mantech8.com"
185.191.171.39 - - [05/Feb/2023:03:10:56 -0800] "GET /index.php?camp-fire%2F25082606.html HTTP/1.1" 500 - "-" "Mozilla/5.0 (compatible; SemrushBot/7~bl; +http://www.semrush.com/bot.html)" "mantech8.com"
185.191.171.15 - - [05/Feb/2023:03:11:13 -0800] "GET /index.php?camp-fire%2F2434793.html HTTP/1.1" 500 - "-" "Mozilla/5.0 (compatible; SemrushBot/7~bl; +http://www.semrush.com/bot.html)" "mantech8.com"
207.46.13.100 - - [05/Feb/2023:03:11:41 -0800] "GET /?/marin-45-2/ HTTP/1.1" 200 65183 "-" "Mozilla/5.0 AppleWebKit/537.36 (KHTML, like Gecko; compatible; bingbot/2.0; +http://www.bing.com/bingbot.htm) Chrome/103.0.5060.134 Safari/537.36" "mantech8.com"
207.46.13.180 - - [05/Feb/2023:03:12:41 -0800] "GET /index.php/bljc-3b82fcafc-kzgrt.ii HTTP/1.1" 200 59461 "-" "Mozilla/5.0 AppleWebKit/537.36 (KHTML, like Gecko; compatible; bingbot/2.0; +http://www.bing.com/bingbot.htm) Chrome/103.0.5060.134 Safari/537.36" "mantech8.com"
185.191.171.3 - - [05/Feb/2023:03:14:17 -0800] "GET /index.php?camp-fire%2F19208132.html HTTP/1.1" 500 - "-" "Mozilla/5.0 (compatible; SemrushBot/7~bl; +http://www.semrush.com/bot.html)" "mantech8.com"
185.191.171.3 - - [05/Feb/2023:03:14:42 -0800] "GET /index.php?camp-fire%2F16670665.html HTTP/1.1" 500 - "-" "Mozilla/5.0 (compatible; SemrushBot/7~bl; +http://www.semrush.com/bot.html)" "mantech8.com"
185.191.171.21 - - [05/Feb/2023:03:14:57 -0800] "GET /index.php?camp-fire%2F26878382.html HTTP/1.1" 500 - "-" "Mozilla/5.0 (compatible; SemrushBot/7~bl; +http://www.semrush.com/bot.html)" "mantech8.com"
40.77.167.253 - - [05/Feb/2023:03:15:08 -0800] "GET /index.php?/booth_pm HTTP/1.1" 200 68572 "-" "Mozilla/5.0 AppleWebKit/537.36 (KHTML, like Gecko; compatible; bingbot/2.0; +http://www.bing.com/bingbot.htm) Chrome/103.0.5060.134 Safari/537.36" "www.mantech8.com"
207.46.13.180 - - [05/Feb/2023:03:15:12 -0800] "GET /index.php?/wf/ HTTP/1.1" 200 73048 "-" "Mozilla/5.0 AppleWebKit/537.36 (KHTML, like Gecko; compatible; bingbot/2.0; +http://www.bing.com/bingbot.htm) Chrome/103.0.5060.134 Safari/537.36" "www.mantech8.com"
52.167.144.92 - - [05/Feb/2023:03:15:12 -0800] "GET /index.php?/category37/ HTTP/1.1" 200 74515 "-" "Mozilla/5.0 AppleWebKit/537.36 (KHTML, like Gecko; compatible; bingbot/2.0; +http://www.bing.com/bingbot.htm) Chrome/103.0.5060.134 Safari/537.36" "www.mantech8.com"
52.167.144.92 - - [05/Feb/2023:03:15:13 -0800] "GET /index.php?/category30/ HTTP/1.1" 200 64442 "-" "Mozilla/5.0 AppleWebKit/537.36 (KHTML, like Gecko; compatible; bingbot/2.0; +http://www.bing.com/bingbot.htm) Chrome/103.0.5060.134 Safari/537.36" "www.mantech8.com"
185.191.171.7 - - [05/Feb/2023:03:15:13 -0800] "GET /index.php?camp-fire%2F17695227.html HTTP/1.1" 500 - "-" "Mozilla/5.0 (compatible; SemrushBot/7~bl; +http://www.semrush.com/bot.html)" "mantech8.com"
52.167.144.92 - - [05/Feb/2023:03:15:13 -0800] "GET /index.php?/talk/ HTTP/1.1" 200 67529 "-" "Mozilla/5.0 AppleWebKit/537.36 (KHTML, like Gecko; compatible; bingbot/2.0; +http://www.bing.com/bingbot.htm) Chrome/103.0.5060.134 Safari/537.36" "www.mantech8.com"
52.167.144.92 - - [05/Feb/2023:03:15:13 -0800] "GET /index.php?/fast HTTP/1.1" 200 70231 "-" "Mozilla/5.0 AppleWebKit/537.36 (KHTML, like Gecko; compatible; bingbot/2.0; +http://www.bing.com/bingbot.htm) Chrome/103.0.5060.134 Safari/537.36" "www.mantech8.com"
157.55.39.133 - - [05/Feb/2023:03:15:14 -0800] "GET /index.php?/taiya HTTP/1.1" 200 70563 "-" "Mozilla/5.0 AppleWebKit/537.36 (KHTML, like Gecko; compatible; bingbot/2.0; +http://www.bing.com/bingbot.htm) Chrome/103.0.5060.134 Safari/537.36" "www.mantech8.com"
207.46.13.100 - - [05/Feb/2023:03:15:17 -0800] "GET /index.php?/category5/ HTTP/1.1" 200 71110 "-" "Mozilla/5.0 AppleWebKit/537.36 (KHTML, like Gecko; compatible; bingbot/2.0; +http://www.bing.com/bingbot.htm) Chrome/103.0.5060.134 Safari/537.36" "www.mantech8.com"
207.46.13.100 - - [05/Feb/2023:03:15:18 -0800] "GET /index.php?/2021/04 HTTP/1.1" 200 68129 "-" "Mozilla/5.0 AppleWebKit/537.36 (KHTML, like Gecko; compatible; bingbot/2.0; +http://www.bing.com/bingbot.htm) Chrome/103.0.5060.134 Safari/537.36" "www.mantech8.com"
207.46.13.100 - - [05/Feb/2023:03:15:18 -0800] "GET /index.php?:8443/cdo HTTP/1.1" 200 67362 "-" "Mozilla/5.0 AppleWebKit/537.36 (KHTML, like Gecko; compatible; bingbot/2.0; +http://www.bing.com/bingbot.htm) Chrome/103.0.5060.134 Safari/537.36" "www.mantech8.com"
207.46.13.100 - - [05/Feb/2023:03:15:18 -0800] "GET /index.php?/view/15904.html HTTP/1.1" 200 70268 "-" "Mozilla/5.0 AppleWebKit/537.36 (KHTML, like Gecko; compatible; bingbot/2.0; +http://www.bing.com/bingbot.htm) Chrome/103.0.5060.134 Safari/537.36" "www.mantech8.com"
207.46.13.100 - - [05/Feb/2023:03:15:19 -0800] "GET /index.php?/gzdt/ HTTP/1.1" 200 70831 "-" "Mozilla/5.0 AppleWebKit/537.36 (KHTML, like Gecko; compatible; bingbot/2.0; +http://www.bing.com/bingbot.htm) Chrome/103.0.5060.134 Safari/537.36" "www.mantech8.com"
207.46.13.180 - - [05/Feb/2023:03:15:22 -0800] "GET /index.php?/takizawa_it HTTP/1.1" 200 68734 "-" "Mozilla/5.0 AppleWebKit/537.36 (KHTML, like Gecko; compatible; bingbot/2.0; +http://www.bing.com/bingbot.htm) Chrome/103.0.5060.134 Safari/537.36" "www.mantech8.com"
207.46.13.180 - - [05/Feb/2023:03:15:23 -0800] "GET /index.php?/flow_g HTTP/1.1" 200 69446 "-" "Mozilla/5.0 AppleWebKit/537.36 (KHTML, like Gecko; compatible; bingbot/2.0; +http://www.bing.com/bingbot.htm) Chrome/103.0.5060.134 Safari/537.36" "www.mantech8.com"
185.191.171.24 - - [05/Feb/2023:03:15:53 -0800] "GET /index.php?camp-fire%2F84051459.html HTTP/1.1" 500 - "-" "Mozilla/5.0 (compatible; SemrushBot/7~bl; +http://www.semrush.com/bot.html)" "mantech8.com"
157.55.39.133 - - [05/Feb/2023:03:15:55 -0800] "GET /index.php/30feaa HTTP/1.1" 200 60578 "-" "Mozilla/5.0 AppleWebKit/537.36 (KHTML, like Gecko; compatible; bingbot/2.0; +http://www.bing.com/bingbot.htm) Chrome/103.0.5060.134 Safari/537.36" "mantech8.com"
185.191.171.23 - - [05/Feb/2023:03:15:55 -0800] "GET /index.php?camp-fire%2F22411184.html HTTP/1.1" 500 - "-" "Mozilla/5.0 (compatible; SemrushBot/7~bl; +http://www.semrush.com/bot.html)" "mantech8.com"
185.191.171.2 - - [05/Feb/2023:03:16:27 -0800] "GET /index.php?camp-fire%2F19778732.html HTTP/1.1" 500 - "-" "Mozilla/5.0 (compatible; SemrushBot/7~bl; +http://www.semrush.com/bot.html)" "mantech8.com"
185.191.171.25 - - [05/Feb/2023:03:16:34 -0800] "GET /index.php?camp-fire%2F80381898.html HTTP/1.1" 500 - "-" "Mozilla/5.0 (compatible; SemrushBot/7~bl; +http://www.semrush.com/bot.html)" "mantech8.com"
157.55.39.133 - - [05/Feb/2023:03:16:34 -0800] "GET /index.php/b02ccfeb HTTP/1.1" 200 70241 "-" "Mozilla/5.0 AppleWebKit/537.36 (KHTML, like Gecko; compatible; bingbot/2.0; +http://www.bing.com/bingbot.htm) Chrome/103.0.5060.134 Safari/537.36" "mantech8.com"
207.46.13.180 - - [05/Feb/2023:03:16:51 -0800] "GET /index.php/bljc-622e4fcc-kslm5.ii HTTP/1.1" 200 59000 "-" "Mozilla/5.0 AppleWebKit/537.36 (KHTML, like Gecko; compatible; bingbot/2.0; +http://www.bing.com/bingbot.htm) Chrome/103.0.5060.134 Safari/537.36" "mantech8.com"
157.55.39.133 - - [05/Feb/2023:03:17:05 -0800] "GET /index.php/nwtf-89eb8bdfab-4a3if.ii HTTP/1.1" 200 61809 "-" "Mozilla/5.0 AppleWebKit/537.36 (KHTML, like Gecko; compatible; bingbot/2.0; +http://www.bing.com/bingbot.htm) Chrome/103.0.5060.134 Safari/537.36" "mantech8.com"
185.191.171.38 - - [05/Feb/2023:03:17:23 -0800] "GET /index.php?camp-fire%2F33092460.html HTTP/1.1" 500 - "-" "Mozilla/5.0 (compatible; SemrushBot/7~bl; +http://www.semrush.com/bot.html)" "mantech8.com"
40.77.167.253 - - [05/Feb/2023:03:17:48 -0800] "GET /index.php/afe05aec HTTP/1.1" 200 69992 "-" "Mozilla/5.0 AppleWebKit/537.36 (KHTML, like Gecko; compatible; bingbot/2.0; +http://www.bing.com/bingbot.htm) Chrome/103.0.5060.134 Safari/537.36" "mantech8.com"
157.55.39.133 - - [05/Feb/2023:03:18:05 -0800] "GET /index.php?/products HTTP/1.1" 200 68850 "-" "Mozilla/5.0 AppleWebKit/537.36 (KHTML, like Gecko; compatible; bingbot/2.0; +http://www.bing.com/bingbot.htm) Chrome/103.0.5060.134 Safari/537.36" "www.mantech8.com"
185.191.171.4 - - [05/Feb/2023:03:18:30 -0800] "GET /index.php?camp-fire%2F38816317.html HTTP/1.1" 500 - "-" "Mozilla/5.0 (compatible; SemrushBot/7~bl; +http://www.semrush.com/bot.html)" "mantech8.com"
52.167.144.92 - - [05/Feb/2023:03:18:50 -0800] "GET /index.php/bljc-74cb2fba-kzpsm.ii HTTP/1.1" 200 67907 "-" "Mozilla/5.0 AppleWebKit/537.36 (KHTML, like Gecko; compatible; bingbot/2.0; +http://www.bing.com/bingbot.htm) Chrome/103.0.5060.134 Safari/537.36" "mantech8.com"
157.55.39.133 - - [05/Feb/2023:03:18:54 -0800] "GET /?/art/73.html HTTP/1.1" 200 62745 "-" "Mozilla/5.0 AppleWebKit/537.36 (KHTML, like Gecko; compatible; bingbot/2.0; +http://www.bing.com/bingbot.htm) Chrome/103.0.5060.134 Safari/537.36" "mantech8.com"
207.46.13.180 - - [05/Feb/2023:03:18:55 -0800] "GET /index.php/ozun-d92d4caa-ectaz.ii HTTP/1.1" 200 62272 "-" "Mozilla/5.0 AppleWebKit/537.36 (KHTML, like Gecko; compatible; bingbot/2.0; +http://www.bing.com/bingbot.htm) Chrome/103.0.5060.134 Safari/537.36" "mantech8.com"
185.191.171.34 - - [05/Feb/2023:03:18:59 -0800] "GET /index.php?camp-fire%2F16409165.html HTTP/1.1" 500 - "-" "Mozilla/5.0 (compatible; SemrushBot/7~bl; +http://www.semrush.com/bot.html)" "mantech8.com"
157.55.39.133 - - [05/Feb/2023:03:19:45 -0800] "GET /?/gygc/gcwh/ HTTP/1.1" 200 65441 "-" "Mozilla/5.0 AppleWebKit/537.36 (KHTML, like Gecko; compatible; bingbot/2.0; +http://www.bing.com/bingbot.htm) Chrome/103.0.5060.134 Safari/537.36" "mantech8.com"
40.77.167.253 - - [05/Feb/2023:03:19:49 -0800] "GET /index.php/nwtf-b94cbafa-4ad6f.ii HTTP/1.1" 200 62961 "-" "Mozilla/5.0 AppleWebKit/537.36 (KHTML, like Gecko; compatible; bingbot/2.0; +http://www.bing.com/bingbot.htm) Chrome/103.0.5060.134 Safari/537.36" "mantech8.com"
52.167.144.92 - - [05/Feb/2023:03:20:20 -0800] "GET /index.php/VMbP-45d7caabf-uNvuC.Ii HTTP/1.1" 200 61791 "-" "Mozilla/5.0 AppleWebKit/537.36 (KHTML, like Gecko; compatible; bingbot/2.0; +http://www.bing.com/bingbot.htm) Chrome/103.0.5060.134 Safari/537.36" "mantech8.com"
185.191.171.1 - - [05/Feb/2023:03:20:39 -0800] "GET /index.php?camp-fire%2F87444856.html HTTP/1.1" 500 - "-" "Mozilla/5.0 (compatible; SemrushBot/7~bl; +http://www.semrush.com/bot.html)" "mantech8.com"
185.191.171.26 - - [05/Feb/2023:03:20:50 -0800] "GET /index.php?camp-fire%2F4832055.html HTTP/1.1" 500 - "-" "Mozilla/5.0 (compatible; SemrushBot/7~bl; +http://www.semrush.com/bot.html)" "mantech8.com"
157.55.39.133 - - [05/Feb/2023:03:21:15 -0800] "GET /index.php/8f70dfcaca HTTP/1.1" 200 73011 "-" "Mozilla/5.0 AppleWebKit/537.36 (KHTML, like Gecko; compatible; bingbot/2.0; +http://www.bing.com/bingbot.htm) Chrome/103.0.5060.134 Safari/537.36" "mantech8.com"
185.191.171.39 - - [05/Feb/2023:03:21:31 -0800] "GET /index.php?camp-fire%2F22961065.html HTTP/1.1" 500 - "-" "Mozilla/5.0 (compatible; SemrushBot/7~bl; +http://www.semrush.com/bot.html)" "mantech8.com"
207.46.13.180 - - [05/Feb/2023:03:21:32 -0800] "GET /index.php/73efaf HTTP/1.1" 200 59544 "-" "Mozilla/5.0 AppleWebKit/537.36 (KHTML, like Gecko; compatible; bingbot/2.0; +http://www.bing.com/bingbot.htm) Chrome/103.0.5060.134 Safari/537.36" "mantech8.com"
185.191.171.36 - - [05/Feb/2023:03:22:10 -0800] "GET /index.php?camp-fire%2F36352638.html HTTP/1.1" 500 - "-" "Mozilla/5.0 (compatible; SemrushBot/7~bl; +http://www.semrush.com/bot.html)" "mantech8.com"
185.191.171.34 - - [05/Feb/2023:03:22:14 -0800] "GET /index.php?camp-fire%2F3961774.html HTTP/1.1" 500 - "-" "Mozilla/5.0 (compatible; SemrushBot/7~bl; +http://www.semrush.com/bot.html)" "mantech8.com"
185.191.171.21 - - [05/Feb/2023:03:22:36 -0800] "GET /index.php?camp-fire%2F22066784.html HTTP/1.1" 500 - "-" "Mozilla/5.0 (compatible; SemrushBot/7~bl; +http://www.semrush.com/bot.html)" "mantech8.com"
40.77.167.253 - - [05/Feb/2023:03:22:39 -0800] "GET /index.php/Wf2o-512cdbcf-G5Use.Ii HTTP/1.1" 200 59462 "-" "Mozilla/5.0 AppleWebKit/537.36 (KHTML, like Gecko; compatible; bingbot/2.0; +http://www.bing.com/bingbot.htm) Chrome/103.0.5060.134 Safari/537.36" "mantech8.com"
185.191.171.21 - - [05/Feb/2023:03:23:00 -0800] "GET /index.php?camp-fire%2F23059381.html HTTP/1.1" 500 - "-" "Mozilla/5.0 (compatible; SemrushBot/7~bl; +http://www.semrush.com/bot.html)" "mantech8.com"
185.191.171.7 - - [05/Feb/2023:03:23:49 -0800] "GET /index.php?camp-fire%2F28621697.html HTTP/1.1" 500 - "-" "Mozilla/5.0 (compatible; SemrushBot/7~bl; +http://www.semrush.com/bot.html)" "mantech8.com"
185.191.171.39 - - [05/Feb/2023:03:24:54 -0800] "GET /index.php?camp-fire%2F43112734.html HTTP/1.1" 500 - "-" "Mozilla/5.0 (compatible; SemrushBot/7~bl; +http://www.semrush.com/bot.html)" "mantech8.com"
157.55.39.133 - - [05/Feb/2023:03:25:05 -0800] "GET /index.php/3568aaceb HTTP/1.1" 200 68112 "-" "Mozilla/5.0 AppleWebKit/537.36 (KHTML, like Gecko; compatible; bingbot/2.0; +http://www.bing.com/bingbot.htm) Chrome/103.0.5060.134 Safari/537.36" "mantech8.com"
185.191.171.24 - - [05/Feb/2023:03:25:07 -0800] "GET /index.php?camp-fire%2F18368027.html HTTP/1.1" 500 - "-" "Mozilla/5.0 (compatible; SemrushBot/7~bl; +http://www.semrush.com/bot.html)" "mantech8.com"
185.191.171.39 - - [05/Feb/2023:03:25:11 -0800] "GET /index.php?camp-fire%2F26068751.html HTTP/1.1" 500 - "-" "Mozilla/5.0 (compatible; SemrushBot/7~bl; +http://www.semrush.com/bot.html)" "mantech8.com"
52.167.144.92 - - [05/Feb/2023:03:25:21 -0800] "GET /index.php/20daca HTTP/1.1" 200 105342 "-" "Mozilla/5.0 AppleWebKit/537.36 (KHTML, like Gecko; compatible; bingbot/2.0; +http://www.bing.com/bingbot.htm) Chrome/103.0.5060.134 Safari/537.36" "mantech8.com"
185.191.171.24 - - [05/Feb/2023:03:25:52 -0800] "GET /index.php?camp-fire%2F8585790.html HTTP/1.1" 500 - "-" "Mozilla/5.0 (compatible; SemrushBot/7~bl; +http://www.semrush.com/bot.html)" "mantech8.com"
185.191.171.36 - - [05/Feb/2023:03:26:02 -0800] "GET /index.php?camp-fire%2F33765708.html HTTP/1.1" 500 - "-" "Mozilla/5.0 (compatible; SemrushBot/7~bl; +http://www.semrush.com/bot.html)" "mantech8.com"
207.46.13.100 - - [05/Feb/2023:03:26:04 -0800] "GET /index.php/jBcD-17bdf-1uOf1.Ii HTTP/1.1" 200 68947 "-" "Mozilla/5.0 AppleWebKit/537.36 (KHTML, like Gecko; compatible; bingbot/2.0; +http://www.bing.com/bingbot.htm) Chrome/103.0.5060.134 Safari/537.36" "www.mantech8.com"
216.244.66.241 - - [05/Feb/2023:03:26:32 -0800] "GET /robots.txt HTTP/1.1" 200 222 "-" "Mozilla/5.0 (compatible; DotBot/1.2; +https://opensiteexplorer.org/dotbot; help@moz.com)" "www.mantech8.com"
216.244.66.241 - - [05/Feb/2023:03:26:32 -0800] "GET /robots.txt HTTP/1.1" 200 222 "-" "Mozilla/5.0 (compatible; DotBot/1.2; +https://opensiteexplorer.org/dotbot; help@moz.com)" "mantech8.com"
207.46.13.180 - - [05/Feb/2023:03:26:32 -0800] "GET /index.php/naq6-c3efd-iujfz.ii HTTP/1.1" 200 72420 "-" "Mozilla/5.0 AppleWebKit/537.36 (KHTML, like Gecko; compatible; bingbot/2.0; +http://www.bing.com/bingbot.htm) Chrome/103.0.5060.134 Safari/537.36" "mantech8.com"
185.191.171.7 - - [05/Feb/2023:03:26:56 -0800] "GET /index.php?camp-fire%2F17305126.html HTTP/1.1" 500 - "-" "Mozilla/5.0 (compatible; SemrushBot/7~bl; +http://www.semrush.com/bot.html)" "mantech8.com"
207.46.13.180 - - [05/Feb/2023:03:27:03 -0800] "GET /?/art/60.html HTTP/1.1" 200 66930 "-" "Mozilla/5.0 AppleWebKit/537.36 (KHTML, like Gecko; compatible; bingbot/2.0; +http://www.bing.com/bingbot.htm) Chrome/103.0.5060.134 Safari/537.36" "mantech8.com"
185.191.171.19 - - [05/Feb/2023:03:27:13 -0800] "GET /?camp-fire%2F117780634.html HTTP/1.1" 500 - "-" "Mozilla/5.0 (compatible; SemrushBot/7~bl; +http://www.semrush.com/bot.html)" "mantech8.com"
185.191.171.2 - - [05/Feb/2023:03:27:52 -0800] "GET /index.php?camp-fire%2F10159090.html HTTP/1.1" 500 - "-" "Mozilla/5.0 (compatible; SemrushBot/7~bl; +http://www.semrush.com/bot.html)" "mantech8.com"
185.191.171.13 - - [05/Feb/2023:03:28:11 -0800] "GET /?camp-fire%2F122654568.html HTTP/1.1" 500 - "-" "Mozilla/5.0 (compatible; SemrushBot/7~bl; +http://www.semrush.com/bot.html)" "mantech8.com"
185.191.171.8 - - [05/Feb/2023:03:28:33 -0800] "GET /index.php?camp-fire%2F17892226.html HTTP/1.1" 500 - "-" "Mozilla/5.0 (compatible; SemrushBot/7~bl; +http://www.semrush.com/bot.html)" "mantech8.com"
185.191.171.42 - - [05/Feb/2023:03:29:31 -0800] "GET /index.php?camp-fire%2F21980235.html HTTP/1.1" 500 - "-" "Mozilla/5.0 (compatible; SemrushBot/7~bl; +http://www.semrush.com/bot.html)" "mantech8.com"
40.77.167.253 - - [05/Feb/2023:03:30:20 -0800] "GET / HTTP/1.1" 200 64087 "-" "Mozilla/5.0 AppleWebKit/537.36 (KHTML, like Gecko; compatible; bingbot/2.0; +http://www.bing.com/bingbot.htm) Chrome/103.0.5060.134 Safari/537.36" "www.mantech8.com"
52.167.144.92 - - [05/Feb/2023:03:30:31 -0800] "GET /index.php/bdcdb HTTP/1.1" 200 70634 "-" "Mozilla/5.0 AppleWebKit/537.36 (KHTML, like Gecko; compatible; bingbot/2.0; +http://www.bing.com/bingbot.htm) Chrome/103.0.5060.134 Safari/537.36" "mantech8.com"
185.191.171.37 - - [05/Feb/2023:03:30:44 -0800] "GET /index.php?camp-fire%2F25903376.html HTTP/1.1" 500 - "-" "Mozilla/5.0 (compatible; SemrushBot/7~bl; +http://www.semrush.com/bot.html)" "mantech8.com"
185.191.171.3 - - [05/Feb/2023:03:30:45 -0800] "GET /index.php?camp-fire%2F19188432.html HTTP/1.1" 500 - "-" "Mozilla/5.0 (compatible; SemrushBot/7~bl; +http://www.semrush.com/bot.html)" "mantech8.com"
185.191.171.8 - - [05/Feb/2023:03:30:51 -0800] "GET /index.php?camp-fire%2F25539330.html HTTP/1.1" 500 - "-" "Mozilla/5.0 (compatible; SemrushBot/7~bl; +http://www.semrush.com/bot.html)" "mantech8.com"
52.167.144.92 - - [05/Feb/2023:03:30:52 -0800] "GET /index.php/26ee HTTP/1.1" 200 65413 "-" "Mozilla/5.0 AppleWebKit/537.36 (KHTML, like Gecko; compatible; bingbot/2.0; +http://www.bing.com/bingbot.htm) Chrome/103.0.5060.134 Safari/537.36" "mantech8.com"
157.55.39.133 - - [05/Feb/2023:03:30:57 -0800] "GET /?/category/tzgg HTTP/1.1" 200 66011 "-" "Mozilla/5.0 AppleWebKit/537.36 (KHTML, like Gecko; compatible; bingbot/2.0; +http://www.bing.com/bingbot.htm) Chrome/103.0.5060.134 Safari/537.36" "mantech8.com"
207.46.13.180 - - [05/Feb/2023:03:31:02 -0800] "GET /index.php/c9bfecada HTTP/1.1" 200 63281 "-" "Mozilla/5.0 AppleWebKit/537.36 (KHTML, like Gecko; compatible; bingbot/2.0; +http://www.bing.com/bingbot.htm) Chrome/103.0.5060.134 Safari/537.36" "mantech8.com"
207.46.13.180 - - [05/Feb/2023:03:32:03 -0800] "GET /index.php/wtzk-c81cbecfc-n2ioi.ii HTTP/1.1" 200 63950 "-" "Mozilla/5.0 AppleWebKit/537.36 (KHTML, like Gecko; compatible; bingbot/2.0; +http://www.bing.com/bingbot.htm) Chrome/103.0.5060.134 Safari/537.36" "mantech8.com"
207.46.13.180 - - [05/Feb/2023:03:32:04 -0800] "GET /index.php/bljc-9d52beddec-kzsxa.ii HTTP/1.1" 200 60552 "-" "Mozilla/5.0 AppleWebKit/537.36 (KHTML, like Gecko; compatible; bingbot/2.0; +http://www.bing.com/bingbot.htm) Chrome/103.0.5060.134 Safari/537.36" "mantech8.com"
185.191.171.9 - - [05/Feb/2023:03:32:32 -0800] "GET /index.php?camp-fire%2F16695226.html HTTP/1.1" 500 - "-" "Mozilla/5.0 (compatible; SemrushBot/7~bl; +http://www.semrush.com/bot.html)" "mantech8.com"
185.191.171.13 - - [05/Feb/2023:03:32:40 -0800] "GET /?camp-fire%2F117599326.html HTTP/1.1" 500 - "-" "Mozilla/5.0 (compatible; SemrushBot/7~bl; +http://www.semrush.com/bot.html)" "mantech8.com"
185.191.171.7 - - [05/Feb/2023:03:33:05 -0800] "GET /index.php?camp-fire%2F11481009.html HTTP/1.1" 500 - "-" "Mozilla/5.0 (compatible; SemrushBot/7~bl; +http://www.semrush.com/bot.html)" "mantech8.com"
185.191.171.19 - - [05/Feb/2023:03:33:49 -0800] "GET /index.php?camp-fire%2F4113265.html HTTP/1.1" 500 - "-" "Mozilla/5.0 (compatible; SemrushBot/7~bl; +http://www.semrush.com/bot.html)" "mantech8.com"
185.191.171.9 - - [05/Feb/2023:03:34:02 -0800] "GET /index.php?camp-fire%2F17354165.html HTTP/1.1" 500 - "-" "Mozilla/5.0 (compatible; SemrushBot/7~bl; +http://www.semrush.com/bot.html)" "mantech8.com"
185.191.171.37 - - [05/Feb/2023:03:35:07 -0800] "GET /index.php?camp-fire%2F17376098.html HTTP/1.1" 500 - "-" "Mozilla/5.0 (compatible; SemrushBot/7~bl; +http://www.semrush.com/bot.html)" "mantech8.com"
185.191.171.2 - - [05/Feb/2023:03:35:23 -0800] "GET /index.php?camp-fire%2F23002965.html HTTP/1.1" 500 - "-" "Mozilla/5.0 (compatible; SemrushBot/7~bl; +http://www.semrush.com/bot.html)" "mantech8.com"
185.191.171.37 - - [05/Feb/2023:03:35:46 -0800] "GET /index.php?camp-fire%2F26198382.html HTTP/1.1" 500 - "-" "Mozilla/5.0 (compatible; SemrushBot/7~bl; +http://www.semrush.com/bot.html)" "mantech8.com"
157.55.39.133 - - [05/Feb/2023:03:35:57 -0800] "GET /?/news/guonei/ HTTP/1.1" 200 66318 "-" "Mozilla/5.0 AppleWebKit/537.36 (KHTML, like Gecko; compatible; bingbot/2.0; +http://www.bing.com/bingbot.htm) Chrome/103.0.5060.134 Safari/537.36" "mantech8.com"
185.191.171.45 - - [05/Feb/2023:03:36:57 -0800] "GET /?camp-fire%2F108161568.html HTTP/1.1" 500 - "-" "Mozilla/5.0 (compatible; SemrushBot/7~bl; +http://www.semrush.com/bot.html)" "mantech8.com"
157.55.39.133 - - [05/Feb/2023:03:37:37 -0800] "GET /index.php/egy1-cbbed-vsphb.ii HTTP/1.1" 200 66902 "-" "Mozilla/5.0 AppleWebKit/537.36 (KHTML, like Gecko; compatible; bingbot/2.0; +http://www.bing.com/bingbot.htm) Chrome/103.0.5060.134 Safari/537.36" "mantech8.com"
185.191.171.34 - - [05/Feb/2023:03:37:37 -0800] "GET /?camp-fire%2F117810409.html HTTP/1.1" 500 - "-" "Mozilla/5.0 (compatible; SemrushBot/7~bl; +http://www.semrush.com/bot.html)" "mantech8.com"
40.77.167.253 - - [05/Feb/2023:03:37:41 -0800] "GET /index.php/52cfddcd HTTP/1.1" 200 64542 "-" "Mozilla/5.0 AppleWebKit/537.36 (KHTML, like Gecko; compatible; bingbot/2.0; +http://www.bing.com/bingbot.htm) Chrome/103.0.5060.134 Safari/537.36" "mantech8.com"
185.191.171.22 - - [05/Feb/2023:03:37:51 -0800] "GET /index.php?camp-fire%2F18083527.html HTTP/1.1" 500 - "-" "Mozilla/5.0 (compatible; SemrushBot/7~bl; +http://www.semrush.com/bot.html)" "mantech8.com"
185.191.171.41 - - [05/Feb/2023:03:37:59 -0800] "GET /index.php?camp-fire%2F17611326.html HTTP/1.1" 500 - "-" "Mozilla/5.0 (compatible; SemrushBot/7~bl; +http://www.semrush.com/bot.html)" "mantech8.com"
207.46.13.180 - - [05/Feb/2023:03:38:04 -0800] "GET /?/bbs HTTP/1.1" 200 60851 "-" "Mozilla/5.0 AppleWebKit/537.36 (KHTML, like Gecko; compatible; bingbot/2.0; +http://www.bing.com/bingbot.htm) Chrome/103.0.5060.134 Safari/537.36" "mantech8.com"
52.167.144.92 - - [05/Feb/2023:03:38:53 -0800] "GET /index.php/mcko-4623dabbdb-vbfh5.ii HTTP/1.1" 200 66817 "-" "Mozilla/5.0 AppleWebKit/537.36 (KHTML, like Gecko; compatible; bingbot/2.0; +http://www.bing.com/bingbot.htm) Chrome/103.0.5060.134 Safari/537.36" "mantech8.com"
185.191.171.15 - - [05/Feb/2023:03:38:53 -0800] "GET /index.php?camp-fire%2F24480783.html HTTP/1.1" 500 - "-" "Mozilla/5.0 (compatible; SemrushBot/7~bl; +http://www.semrush.com/bot.html)" "mantech8.com"
185.191.171.24 - - [05/Feb/2023:03:38:57 -0800] "GET /index.php?camp-fire%2F24686090.html HTTP/1.1" 500 - "-" "Mozilla/5.0 (compatible; SemrushBot/7~bl; +http://www.semrush.com/bot.html)" "mantech8.com"
185.191.171.4 - - [05/Feb/2023:03:39:21 -0800] "GET /index.php?camp-fire%2F16000487.html HTTP/1.1" 500 - "-" "Mozilla/5.0 (compatible; SemrushBot/7~bl; +http://www.semrush.com/bot.html)" "mantech8.com"
185.191.171.35 - - [05/Feb/2023:03:39:35 -0800] "GET /index.php?camp-fire%2F8381300.html HTTP/1.1" 500 - "-" "Mozilla/5.0 (compatible; SemrushBot/7~bl; +http://www.semrush.com/bot.html)" "mantech8.com"
157.55.39.133 - - [05/Feb/2023:03:39:47 -0800] "GET /scaffolding.php HTTP/1.1" 200 13407 "-" "Mozilla/5.0 AppleWebKit/537.36 (KHTML, like Gecko; compatible; bingbot/2.0; +http://www.bing.com/bingbot.htm) Chrome/103.0.5060.134 Safari/537.36" "mantech8.com"
185.191.171.43 - - [05/Feb/2023:03:40:39 -0800] "GET /index.php?camp-fire%2F17997681.html HTTP/1.1" 500 - "-" "Mozilla/5.0 (compatible; SemrushBot/7~bl; +http://www.semrush.com/bot.html)" "mantech8.com"
185.191.171.1 - - [05/Feb/2023:03:40:46 -0800] "GET /index.php?camp-fire%2F30564141.html HTTP/1.1" 500 - "-" "Mozilla/5.0 (compatible; SemrushBot/7~bl; +http://www.semrush.com/bot.html)" "mantech8.com"
207.46.13.100 - - [05/Feb/2023:03:40:57 -0800] "GET /index.php/ba8s-38cbeeaa-00wms.ii HTTP/1.1" 200 61730 "-" "Mozilla/5.0 AppleWebKit/537.36 (KHTML, like Gecko; compatible; bingbot/2.0; +http://www.bing.com/bingbot.htm) Chrome/103.0.5060.134 Safari/537.36" "mantech8.com"
207.46.13.100 - - [05/Feb/2023:03:40:58 -0800] "GET /index.php/ba8s-62b3ebaadd-08mtx.ii HTTP/1.1" 200 77173 "-" "Mozilla/5.0 AppleWebKit/537.36 (KHTML, like Gecko; compatible; bingbot/2.0; +http://www.bing.com/bingbot.htm) Chrome/103.0.5060.134 Safari/537.36" "mantech8.com"
185.191.171.44 - - [05/Feb/2023:03:40:58 -0800] "GET /index.php?camp-fire%2F18673880.html HTTP/1.1" 500 - "-" "Mozilla/5.0 (compatible; SemrushBot/7~bl; +http://www.semrush.com/bot.html)" "mantech8.com"
185.191.171.44 - - [05/Feb/2023:03:41:14 -0800] "GET /index.php?camp-fire%2F25911476.html HTTP/1.1" 500 - "-" "Mozilla/5.0 (compatible; SemrushBot/7~bl; +http://www.semrush.com/bot.html)" "mantech8.com"
40.77.167.253 - - [05/Feb/2023:03:41:20 -0800] "GET /index.php/9e899cedfc HTTP/1.1" 200 59741 "-" "Mozilla/5.0 AppleWebKit/537.36 (KHTML, like Gecko; compatible; bingbot/2.0; +http://www.bing.com/bingbot.htm) Chrome/103.0.5060.134 Safari/537.36" "mantech8.com"
185.191.171.25 - - [05/Feb/2023:03:41:46 -0800] "GET /index.php?camp-fire%2F17571327.html HTTP/1.1" 500 - "-" "Mozilla/5.0 (compatible; SemrushBot/7~bl; +http://www.semrush.com/bot.html)" "mantech8.com"
185.191.171.5 - - [05/Feb/2023:03:42:17 -0800] "GET /index.php?camp-fire%2F15598298.html HTTP/1.1" 500 - "-" "Mozilla/5.0 (compatible; SemrushBot/7~bl; +http://www.semrush.com/bot.html)" "mantech8.com"
185.191.171.34 - - [05/Feb/2023:03:43:08 -0800] "GET /index.php?camp-fire%2F5079274.html HTTP/1.1" 500 - "-" "Mozilla/5.0 (compatible; SemrushBot/7~bl; +http://www.semrush.com/bot.html)" "mantech8.com"
52.167.144.92 - - [05/Feb/2023:03:43:13 -0800] "GET /index.php/4005bbebd HTTP/1.1" 200 66324 "-" "Mozilla/5.0 AppleWebKit/537.36 (KHTML, like Gecko; compatible; bingbot/2.0; +http://www.bing.com/bingbot.htm) Chrome/103.0.5060.134 Safari/537.36" "mantech8.com"
185.191.171.40 - - [05/Feb/2023:03:43:33 -0800] "GET /index.php?camp-fire%2F15977472.html HTTP/1.1" 500 - "-" "Mozilla/5.0 (compatible; SemrushBot/7~bl; +http://www.semrush.com/bot.html)" "mantech8.com"
40.77.167.253 - - [05/Feb/2023:03:43:50 -0800] "GET /?/p/cznf73evx_q/ HTTP/1.1" 200 58615 "-" "Mozilla/5.0 AppleWebKit/537.36 (KHTML, like Gecko; compatible; bingbot/2.0; +http://www.bing.com/bingbot.htm) Chrome/103.0.5060.134 Safari/537.36" "mantech8.com"
207.46.13.180 - - [05/Feb/2023:03:44:03 -0800] "GET /GVdr-1eafaf-vK8V4.Ii HTTP/1.1" 404 88 "-" "Mozilla/5.0 AppleWebKit/537.36 (KHTML, like Gecko; compatible; bingbot/2.0; +http://www.bing.com/bingbot.htm) Chrome/103.0.5060.134 Safari/537.36" "mantech8.com"
52.167.144.92 - - [05/Feb/2023:03:44:11 -0800] "GET /fNb1-3d47ebdd-ARbHS.Ii HTTP/1.1" 404 88 "-" "Mozilla/5.0 AppleWebKit/537.36 (KHTML, like Gecko; compatible; bingbot/2.0; +http://www.bing.com/bingbot.htm) Chrome/103.0.5060.134 Safari/537.36" "mantech8.com"
185.191.171.18 - - [05/Feb/2023:03:44:14 -0800] "GET /index.php?camp-fire%2F9975778.html HTTP/1.1" 500 - "-" "Mozilla/5.0 (compatible; SemrushBot/7~bl; +http://www.semrush.com/bot.html)" "mantech8.com"
185.191.171.12 - - [05/Feb/2023:03:44:21 -0800] "GET /index.php?camp-fire%2F33472157.html HTTP/1.1" 500 - "-" "Mozilla/5.0 (compatible; SemrushBot/7~bl; +http://www.semrush.com/bot.html)" "mantech8.com"
52.167.144.92 - - [05/Feb/2023:03:44:32 -0800] "GET /fNb1-3d47ebdd-ARbHS.Ii HTTP/1.1" 404 88 "-" "Mozilla/5.0 AppleWebKit/537.36 (KHTML, like Gecko; compatible; bingbot/2.0; +http://www.bing.com/bingbot.htm) Chrome/103.0.5060.134 Safari/537.36" "mantech8.com"
207.46.13.180 - - [05/Feb/2023:03:44:36 -0800] "GET /GVdr-1eafaf-vK8V4.Ii HTTP/1.1" 404 88 "-" "Mozilla/5.0 AppleWebKit/537.36 (KHTML, like Gecko; compatible; bingbot/2.0; +http://www.bing.com/bingbot.htm) Chrome/103.0.5060.134 Safari/537.36" "mantech8.com"
185.191.171.12 - - [05/Feb/2023:03:45:48 -0800] "GET /?camp-fire%2F112768649.html HTTP/1.1" 500 - "-" "Mozilla/5.0 (compatible; SemrushBot/7~bl; +http://www.semrush.com/bot.html)" "mantech8.com"
207.46.13.180 - - [05/Feb/2023:03:45:54 -0800] "GET /?/dzjs/dwgk/ HTTP/1.1" 200 65441 "-" "Mozilla/5.0 AppleWebKit/537.36 (KHTML, like Gecko; compatible; bingbot/2.0; +http://www.bing.com/bingbot.htm) Chrome/103.0.5060.134 Safari/537.36" "mantech8.com"
207.46.13.180 - - [05/Feb/2023:03:46:04 -0800] "GET /index.php/eayh-86fcbacfe-rm9wg.ii HTTP/1.1" 200 64599 "-" "Mozilla/5.0 AppleWebKit/537.36 (KHTML, like Gecko; compatible; bingbot/2.0; +http://www.bing.com/bingbot.htm) Chrome/103.0.5060.134 Safari/537.36" "mantech8.com"
185.191.171.3 - - [05/Feb/2023:03:46:13 -0800] "GET /index.php?camp-fire%2F110798108.html HTTP/1.1" 500 - "-" "Mozilla/5.0 (compatible; SemrushBot/7~bl; +http://www.semrush.com/bot.html)" "mantech8.com"
114.119.136.86 - - [05/Feb/2023:03:46:13 -0800] "GET /index.php/sitemap1644.xml HTTP/1.1" 200 289473 "-" "Mozilla/5.0 (Linux; Android 7.0;) AppleWebKit/537.36 (KHTML, like Gecko) Mobile Safari/537.36 (compatible; PetalBot;+https://webmaster.petalsearch.com/site/petalbot)" "mantech8.com"
52.167.144.92 - - [05/Feb/2023:03:46:53 -0800] "GET /index.php/bb84dbcba HTTP/1.1" 200 64459 "-" "Mozilla/5.0 AppleWebKit/537.36 (KHTML, like Gecko; compatible; bingbot/2.0; +http://www.bing.com/bingbot.htm) Chrome/103.0.5060.134 Safari/537.36" "mantech8.com"
157.55.39.133 - - [05/Feb/2023:03:47:08 -0800] "GET /?/system.html HTTP/1.1" 200 64559 "-" "Mozilla/5.0 AppleWebKit/537.36 (KHTML, like Gecko; compatible; bingbot/2.0; +http://www.bing.com/bingbot.htm) Chrome/103.0.5060.134 Safari/537.36" "mantech8.com"
52.167.144.92 - - [05/Feb/2023:03:47:21 -0800] "GET /WtZk-1daaa-n2duf.Ii HTTP/1.1" 404 88 "-" "Mozilla/5.0 AppleWebKit/537.36 (KHTML, like Gecko; compatible; bingbot/2.0; +http://www.bing.com/bingbot.htm) Chrome/103.0.5060.134 Safari/537.36" "mantech8.com"
52.167.144.92 - - [05/Feb/2023:03:47:42 -0800] "GET /WtZk-1daaa-n2duf.Ii HTTP/1.1" 404 88 "-" "Mozilla/5.0 AppleWebKit/537.36 (KHTML, like Gecko; compatible; bingbot/2.0; +http://www.bing.com/bingbot.htm) Chrome/103.0.5060.134 Safari/537.36" "mantech8.com"
185.191.171.41 - - [05/Feb/2023:03:48:02 -0800] "GET /index.php?camp-fire%2F22255035.html HTTP/1.1" 500 - "-" "Mozilla/5.0 (compatible; SemrushBot/7~bl; +http://www.semrush.com/bot.html)" "mantech8.com"
185.191.171.25 - - [05/Feb/2023:03:48:11 -0800] "GET /index.php?camp-fire%2F18285442.html HTTP/1.1" 500 - "-" "Mozilla/5.0 (compatible; SemrushBot/7~bl; +http://www.semrush.com/bot.html)" "mantech8.com"
40.77.167.253 - - [05/Feb/2023:03:48:21 -0800] "GET /index.php/7aab HTTP/1.1" 200 67194 "-" "Mozilla/5.0 AppleWebKit/537.36 (KHTML, like Gecko; compatible; bingbot/2.0; +http://www.bing.com/bingbot.htm) Chrome/103.0.5060.134 Safari/537.36" "mantech8.com"
185.191.171.41 - - [05/Feb/2023:03:49:06 -0800] "GET /?camp-fire%2F118123771.html HTTP/1.1" 500 - "-" "Mozilla/5.0 (compatible; SemrushBot/7~bl; +http://www.semrush.com/bot.html)" "mantech8.com"
157.55.39.133 - - [05/Feb/2023:03:49:07 -0800] "GET /index.php/txf8-1b800deeed-zqfos.ii HTTP/1.1" 200 62741 "-" "Mozilla/5.0 AppleWebKit/537.36 (KHTML, like Gecko; compatible; bingbot/2.0; +http://www.bing.com/bingbot.htm) Chrome/103.0.5060.134 Safari/537.36" "mantech8.com"
185.191.171.11 - - [05/Feb/2023:03:49:16 -0800] "GET /index.php?camp-fire%2F16665426.html HTTP/1.1" 500 - "-" "Mozilla/5.0 (compatible; SemrushBot/7~bl; +http://www.semrush.com/bot.html)" "mantech8.com"
185.191.171.9 - - [05/Feb/2023:03:49:22 -0800] "GET /index.php?camp-fire%2F4951878.html HTTP/1.1" 500 - "-" "Mozilla/5.0 (compatible; SemrushBot/7~bl; +http://www.semrush.com/bot.html)" "mantech8.com"
40.77.167.253 - - [05/Feb/2023:03:49:31 -0800] "GET /?/buxiuganx/238/ HTTP/1.1" 200 66427 "-" "Mozilla/5.0 AppleWebKit/537.36 (KHTML, like Gecko; compatible; bingbot/2.0; +http://www.bing.com/bingbot.htm) Chrome/103.0.5060.134 Safari/537.36" "mantech8.com"
185.191.171.24 - - [05/Feb/2023:03:49:59 -0800] "GET /index.php?camp-fire%2F16304065.html HTTP/1.1" 500 - "-" "Mozilla/5.0 (compatible; SemrushBot/7~bl; +http://www.semrush.com/bot.html)" "mantech8.com"
185.191.171.36 - - [05/Feb/2023:03:50:06 -0800] "GET /index.php?camp-fire%2F18126161.html HTTP/1.1" 500 - "-" "Mozilla/5.0 (compatible; SemrushBot/7~bl; +http://www.semrush.com/bot.html)" "mantech8.com"
207.46.13.180 - - [05/Feb/2023:03:50:24 -0800] "GET /?/2022-07-22-2/ HTTP/1.1" 200 58296 "-" "Mozilla/5.0 AppleWebKit/537.36 (KHTML, like Gecko; compatible; bingbot/2.0; +http://www.bing.com/bingbot.htm) Chrome/103.0.5060.134 Safari/537.36" "mantech8.com"
185.191.171.26 - - [05/Feb/2023:03:51:04 -0800] "GET /?camp-fire%2F122043830.html HTTP/1.1" 500 - "-" "Mozilla/5.0 (compatible; SemrushBot/7~bl; +http://www.semrush.com/bot.html)" "mantech8.com"
185.191.171.41 - - [05/Feb/2023:03:51:42 -0800] "GET /index.php?camp-fire%2F12463309.html HTTP/1.1" 500 - "-" "Mozilla/5.0 (compatible; SemrushBot/7~bl; +http://www.semrush.com/bot.html)" "mantech8.com"
40.77.167.253 - - [05/Feb/2023:03:51:52 -0800] "GET /index.php/egy1-ebada-veije.ii HTTP/1.1" 200 62960 "-" "Mozilla/5.0 AppleWebKit/537.36 (KHTML, like Gecko; compatible; bingbot/2.0; +http://www.bing.com/bingbot.htm) Chrome/103.0.5060.134 Safari/537.36" "mantech8.com"
185.191.171.14 - - [05/Feb/2023:03:52:17 -0800] "GET /index.php?camp-fire%2F17900359.html HTTP/1.1" 500 - "-" "Mozilla/5.0 (compatible; SemrushBot/7~bl; +http://www.semrush.com/bot.html)" "mantech8.com"
157.55.39.133 - - [05/Feb/2023:03:52:37 -0800] "GET /?/kata/ HTTP/1.1" 200 59577 "-" "Mozilla/5.0 AppleWebKit/537.36 (KHTML, like Gecko; compatible; bingbot/2.0; +http://www.bing.com/bingbot.htm) Chrome/103.0.5060.134 Safari/537.36" "mantech8.com"
52.167.144.92 - - [05/Feb/2023:03:52:52 -0800] "GET /q5W4-c5535ddf-jK7xs.Ii HTTP/1.1" 404 88 "-" "Mozilla/5.0 AppleWebKit/537.36 (KHTML, like Gecko; compatible; bingbot/2.0; +http://www.bing.com/bingbot.htm) Chrome/103.0.5060.134 Safari/537.36" "mantech8.com"
52.167.144.92 - - [05/Feb/2023:03:53:13 -0800] "GET /q5W4-c5535ddf-jK7xs.Ii HTTP/1.1" 404 88 "-" "Mozilla/5.0 AppleWebKit/537.36 (KHTML, like Gecko; compatible; bingbot/2.0; +http://www.bing.com/bingbot.htm) Chrome/103.0.5060.134 Safari/537.36" "mantech8.com"
185.191.171.6 - - [05/Feb/2023:03:53:19 -0800] "GET /index.php?camp-fire%2F17745965.html HTTP/1.1" 500 - "-" "Mozilla/5.0 (compatible; SemrushBot/7~bl; +http://www.semrush.com/bot.html)" "mantech8.com"
185.191.171.8 - - [05/Feb/2023:03:53:30 -0800] "GET /index.php?camp-fire%2F16093783.html HTTP/1.1" 500 - "-" "Mozilla/5.0 (compatible; SemrushBot/7~bl; +http://www.semrush.com/bot.html)" "mantech8.com"
