185.191.171.23 - - [04/Feb/2023:18:55:24 -0800] "GET /index.php?camp-fire%2F4759255.html HTTP/1.1" 500 - "-" "Mozilla/5.0 (compatible; SemrushBot/7~bl; +http://www.semrush.com/bot.html)" "mantech8.com"
185.191.171.16 - - [04/Feb/2023:18:56:11 -0800] "GET /index.php?camp-fire%2F28316835.html HTTP/1.1" 500 - "-" "Mozilla/5.0 (compatible; SemrushBot/7~bl; +http://www.semrush.com/bot.html)" "mantech8.com"
185.191.171.14 - - [04/Feb/2023:18:56:22 -0800] "GET /index.php?camp-fire%2F8257478.html HTTP/1.1" 500 - "-" "Mozilla/5.0 (compatible; SemrushBot/7~bl; +http://www.semrush.com/bot.html)" "mantech8.com"
185.191.171.15 - - [04/Feb/2023:18:56:56 -0800] "GET /index.php?camp-fire%2F4863274.html HTTP/1.1" 500 - "-" "Mozilla/5.0 (compatible; SemrushBot/7~bl; +http://www.semrush.com/bot.html)" "mantech8.com"
207.46.13.50 - - [04/Feb/2023:18:57:23 -0800] "GET /index.php/60rk-3b7fccbec-wecyx.ii HTTP/1.1" 200 63331 "-" "Mozilla/5.0 AppleWebKit/537.36 (KHTML, like Gecko; compatible; bingbot/2.0; +http://www.bing.com/bingbot.htm) Chrome/103.0.5060.134 Safari/537.36" "mantech8.com"
185.191.171.43 - - [04/Feb/2023:18:57:23 -0800] "GET /index.php?camp-fire%2F12363057.html HTTP/1.1" 500 - "-" "Mozilla/5.0 (compatible; SemrushBot/7~bl; +http://www.semrush.com/bot.html)" "mantech8.com"
185.191.171.38 - - [04/Feb/2023:18:57:30 -0800] "GET /?camp-fire%2F129967102.html HTTP/1.1" 500 - "-" "Mozilla/5.0 (compatible; SemrushBot/7~bl; +http://www.semrush.com/bot.html)" "mantech8.com"
207.46.13.180 - - [04/Feb/2023:18:57:44 -0800] "GET /bimages/headg/31.jpg HTTP/1.1" 200 106635 "-" "Mozilla/5.0 AppleWebKit/537.36 (KHTML, like Gecko; compatible; bingbot/2.0; +http://www.bing.com/bingbot.htm) Chrome/103.0.5060.134 Safari/537.36" "www.mantech8.com"
114.119.152.245 - - [04/Feb/2023:18:57:59 -0800] "GET /?sitemap7884.xml HTTP/1.1" 200 270572 "-" "Mozilla/5.0 (Linux; Android 7.0;) AppleWebKit/537.36 (KHTML, like Gecko) Mobile Safari/537.36 (compatible; PetalBot;+https://webmaster.petalsearch.com/site/petalbot)" "mantech8.com"
216.244.66.241 - - [04/Feb/2023:18:59:19 -0800] "GET /piping.php HTTP/1.1" 200 13582 "-" "Mozilla/5.0 (compatible; DotBot/1.2; +https://opensiteexplorer.org/dotbot; help@moz.com)" "www.mantech8.com"
185.191.171.40 - - [04/Feb/2023:18:59:55 -0800] "GET /index.php?camp-fire%2F32760925.html HTTP/1.1" 500 - "-" "Mozilla/5.0 (compatible; SemrushBot/7~bl; +http://www.semrush.com/bot.html)" "mantech8.com"
185.191.171.3 - - [04/Feb/2023:19:00:13 -0800] "GET /?camp-fire%2F116944921.html HTTP/1.1" 500 - "-" "Mozilla/5.0 (compatible; SemrushBot/7~bl; +http://www.semrush.com/bot.html)" "mantech8.com"
40.77.167.253 - - [04/Feb/2023:19:00:21 -0800] "GET / HTTP/1.1" 200 64226 "-" "Mozilla/5.0 AppleWebKit/537.36 (KHTML, like Gecko; compatible; bingbot/2.0; +http://www.bing.com/bingbot.htm) Chrome/103.0.5060.134 Safari/537.36" "www.mantech8.com"
157.55.39.133 - - [04/Feb/2023:19:00:49 -0800] "GET /index.php/WtZk-da9cadcbb-n1Efx.Ii HTTP/1.1" 200 68595 "-" "Mozilla/5.0 AppleWebKit/537.36 (KHTML, like Gecko; compatible; bingbot/2.0; +http://www.bing.com/bingbot.htm) Chrome/103.0.5060.134 Safari/537.36" "mantech8.com"
114.119.155.81 - - [04/Feb/2023:19:01:09 -0800] "GET /bimages/paintg/ HTTP/1.1" 200 497 "http://mantech8.com/bimages/paintg/thump/?C=S%3BO%3DA" "Mozilla/5.0 (Linux; Android 7.0;) AppleWebKit/537.36 (KHTML, like Gecko) Mobile Safari/537.36 (compatible; PetalBot;+https://webmaster.petalsearch.com/site/petalbot)" "mantech8.com"
185.191.171.33 - - [04/Feb/2023:19:01:31 -0800] "GET /?camp-fire%2F118520735.html HTTP/1.1" 500 - "-" "Mozilla/5.0 (compatible; SemrushBot/7~bl; +http://www.semrush.com/bot.html)" "mantech8.com"
185.191.171.17 - - [04/Feb/2023:19:01:36 -0800] "GET /index.php?camp-fire%2F113352670.html HTTP/1.1" 500 - "-" "Mozilla/5.0 (compatible; SemrushBot/7~bl; +http://www.semrush.com/bot.html)" "mantech8.com"
185.191.171.15 - - [04/Feb/2023:19:02:03 -0800] "GET /index.php?camp-fire%2F33653930.html HTTP/1.1" 500 - "-" "Mozilla/5.0 (compatible; SemrushBot/7~bl; +http://www.semrush.com/bot.html)" "mantech8.com"
185.191.171.9 - - [04/Feb/2023:19:02:20 -0800] "GET /index.php?camp-fire%2F26804521.html HTTP/1.1" 500 - "-" "Mozilla/5.0 (compatible; SemrushBot/7~bl; +http://www.semrush.com/bot.html)" "mantech8.com"
185.191.171.16 - - [04/Feb/2023:19:02:24 -0800] "GET /index.php?camp-fire%2F29201259.html HTTP/1.1" 500 - "-" "Mozilla/5.0 (compatible; SemrushBot/7~bl; +http://www.semrush.com/bot.html)" "mantech8.com"
185.191.171.34 - - [04/Feb/2023:19:02:28 -0800] "GET /index.php?camp-fire%2F13547596.html HTTP/1.1" 500 - "-" "Mozilla/5.0 (compatible; SemrushBot/7~bl; +http://www.semrush.com/bot.html)" "mantech8.com"
52.167.144.92 - - [04/Feb/2023:19:02:53 -0800] "GET /APS-9bdca-Om03C.Ii HTTP/1.1" 404 88 "-" "Mozilla/5.0 AppleWebKit/537.36 (KHTML, like Gecko; compatible; bingbot/2.0; +http://www.bing.com/bingbot.htm) Chrome/103.0.5060.134 Safari/537.36" "www.mantech8.com"
157.55.39.133 - - [04/Feb/2023:19:02:58 -0800] "GET /EGy1-a4a1ffcfb-vd5Lb.Ii HTTP/1.1" 404 88 "-" "Mozilla/5.0 AppleWebKit/537.36 (KHTML, like Gecko; compatible; bingbot/2.0; +http://www.bing.com/bingbot.htm) Chrome/103.0.5060.134 Safari/537.36" "www.mantech8.com"
52.167.144.92 - - [04/Feb/2023:19:03:13 -0800] "GET /APS-9bdca-Om03C.Ii HTTP/1.1" 404 88 "-" "Mozilla/5.0 AppleWebKit/537.36 (KHTML, like Gecko; compatible; bingbot/2.0; +http://www.bing.com/bingbot.htm) Chrome/103.0.5060.134 Safari/537.36" "www.mantech8.com"
185.191.171.45 - - [04/Feb/2023:19:04:12 -0800] "GET /index.php?camp-fire%2F17514027.html HTTP/1.1" 500 - "-" "Mozilla/5.0 (compatible; SemrushBot/7~bl; +http://www.semrush.com/bot.html)" "mantech8.com"
185.191.171.23 - - [04/Feb/2023:19:04:20 -0800] "GET /index.php?camp-fire%2F20406126.html HTTP/1.1" 500 - "-" "Mozilla/5.0 (compatible; SemrushBot/7~bl; +http://www.semrush.com/bot.html)" "mantech8.com"
35.210.36.206 - - [04/Feb/2023:19:04:22 -0800] "GET /contact.php HTTP/1.1" 200 29238 "-" "Mozilla/5.0 (compatible; VelenPublicWebCrawler/1.0; +https://velen.io)" "mantech8.com"
35.210.36.206 - - [04/Feb/2023:19:04:22 -0800] "GET /robots.txt HTTP/1.1" 200 106 "-" "Go-http-client/1.1" "mantech8.com"
185.191.171.35 - - [04/Feb/2023:19:04:35 -0800] "GET /index.php?camp-fire%2F21608317.html HTTP/1.1" 500 - "-" "Mozilla/5.0 (compatible; SemrushBot/7~bl; +http://www.semrush.com/bot.html)" "mantech8.com"
185.191.171.24 - - [04/Feb/2023:19:04:56 -0800] "GET /index.php?camp-fire%2F8977242.html HTTP/1.1" 500 - "-" "Mozilla/5.0 (compatible; SemrushBot/7~bl; +http://www.semrush.com/bot.html)" "mantech8.com"
185.191.171.44 - - [04/Feb/2023:19:04:59 -0800] "GET /index.php?camp-fire%2F17668726.html HTTP/1.1" 500 - "-" "Mozilla/5.0 (compatible; SemrushBot/7~bl; +http://www.semrush.com/bot.html)" "mantech8.com"
185.191.171.3 - - [04/Feb/2023:19:05:58 -0800] "GET /index.php?camp-fire%2F30724555.html HTTP/1.1" 500 - "-" "Mozilla/5.0 (compatible; SemrushBot/7~bl; +http://www.semrush.com/bot.html)" "mantech8.com"
185.191.171.1 - - [04/Feb/2023:19:06:02 -0800] "GET /index.php?camp-fire%2F10615583.html HTTP/1.1" 500 - "-" "Mozilla/5.0 (compatible; SemrushBot/7~bl; +http://www.semrush.com/bot.html)" "mantech8.com"
185.191.171.10 - - [04/Feb/2023:19:06:40 -0800] "GET /index.php?camp-fire%2F26104482.html HTTP/1.1" 500 - "-" "Mozilla/5.0 (compatible; SemrushBot/7~bl; +http://www.semrush.com/bot.html)" "mantech8.com"
185.191.171.19 - - [04/Feb/2023:19:07:16 -0800] "GET /index.php?camp-fire%2F24351653.html HTTP/1.1" 500 - "-" "Mozilla/5.0 (compatible; SemrushBot/7~bl; +http://www.semrush.com/bot.html)" "mantech8.com"
185.191.171.1 - - [04/Feb/2023:19:07:30 -0800] "GET /index.php?camp-fire%2F24436550.html HTTP/1.1" 500 - "-" "Mozilla/5.0 (compatible; SemrushBot/7~bl; +http://www.semrush.com/bot.html)" "mantech8.com"
185.191.171.26 - - [04/Feb/2023:19:08:11 -0800] "GET /index.php?camp-fire%2F28385659.html HTTP/1.1" 500 - "-" "Mozilla/5.0 (compatible; SemrushBot/7~bl; +http://www.semrush.com/bot.html)" "mantech8.com"
185.191.171.16 - - [04/Feb/2023:19:08:17 -0800] "GET /index.php?camp-fire%2F14555024.html HTTP/1.1" 500 - "-" "Mozilla/5.0 (compatible; SemrushBot/7~bl; +http://www.semrush.com/bot.html)" "mantech8.com"
185.191.171.26 - - [04/Feb/2023:19:08:52 -0800] "GET /index.php?camp-fire%2F15211084.html HTTP/1.1" 500 - "-" "Mozilla/5.0 (compatible; SemrushBot/7~bl; +http://www.semrush.com/bot.html)" "mantech8.com"
114.119.138.172 - - [04/Feb/2023:19:11:13 -0800] "GET /index.php/venatically.xml HTTP/1.1" 200 289289 "-" "Mozilla/5.0 (Linux; Android 7.0;) AppleWebKit/537.36 (KHTML, like Gecko) Mobile Safari/537.36 (compatible; PetalBot;+https://webmaster.petalsearch.com/site/petalbot)" "mantech8.com"
185.191.171.45 - - [04/Feb/2023:19:12:02 -0800] "GET /index.php?camp-fire%2F20101132.html HTTP/1.1" 500 - "-" "Mozilla/5.0 (compatible; SemrushBot/7~bl; +http://www.semrush.com/bot.html)" "mantech8.com"
185.191.171.36 - - [04/Feb/2023:19:12:13 -0800] "GET /index.php?camp-fire%2F24228850.html HTTP/1.1" 500 - "-" "Mozilla/5.0 (compatible; SemrushBot/7~bl; +http://www.semrush.com/bot.html)" "mantech8.com"
114.119.157.4 - - [04/Feb/2023:19:12:32 -0800] "GET /scaffolding.php HTTP/1.1" 200 13407 "http://www.mantech8.com/services.php" "Mozilla/5.0 (Linux; Android 7.0;) AppleWebKit/537.36 (KHTML, like Gecko) Mobile Safari/537.36 (compatible; PetalBot;+https://webmaster.petalsearch.com/site/petalbot)" "www.mantech8.com"
185.191.171.43 - - [04/Feb/2023:19:13:32 -0800] "GET /index.php?camp-fire%2F493169.html HTTP/1.1" 500 - "-" "Mozilla/5.0 (compatible; SemrushBot/7~bl; +http://www.semrush.com/bot.html)" "mantech8.com"
185.191.171.39 - - [04/Feb/2023:19:13:33 -0800] "GET /index.php?camp-fire%2F13351676.html HTTP/1.1" 500 - "-" "Mozilla/5.0 (compatible; SemrushBot/7~bl; +http://www.semrush.com/bot.html)" "mantech8.com"
114.119.143.145 - - [04/Feb/2023:19:14:03 -0800] "GET /?gladhand.xml HTTP/1.1" 200 270575 "-" "Mozilla/5.0 (Linux; Android 7.0;) AppleWebKit/537.36 (KHTML, like Gecko) Mobile Safari/537.36 (compatible; PetalBot;+https://webmaster.petalsearch.com/site/petalbot)" "mantech8.com"
185.191.171.2 - - [04/Feb/2023:19:14:15 -0800] "GET /index.php?camp-fire%2F7797642.html HTTP/1.1" 500 - "-" "Mozilla/5.0 (compatible; SemrushBot/7~bl; +http://www.semrush.com/bot.html)" "mantech8.com"
185.191.171.6 - - [04/Feb/2023:19:14:38 -0800] "GET /index.php?camp-fire%2F97525072.html HTTP/1.1" 500 - "-" "Mozilla/5.0 (compatible; SemrushBot/7~bl; +http://www.semrush.com/bot.html)" "mantech8.com"
185.191.171.17 - - [04/Feb/2023:19:14:39 -0800] "GET /index.php?camp-fire%2F8586090.html HTTP/1.1" 500 - "-" "Mozilla/5.0 (compatible; SemrushBot/7~bl; +http://www.semrush.com/bot.html)" "mantech8.com"
185.191.171.9 - - [04/Feb/2023:19:14:41 -0800] "GET /index.php?camp-fire%2F23962633.html HTTP/1.1" 500 - "-" "Mozilla/5.0 (compatible; SemrushBot/7~bl; +http://www.semrush.com/bot.html)" "mantech8.com"
185.191.171.45 - - [04/Feb/2023:19:14:53 -0800] "GET /index.php?camp-fire%2F30993530.html HTTP/1.1" 500 - "-" "Mozilla/5.0 (compatible; SemrushBot/7~bl; +http://www.semrush.com/bot.html)" "mantech8.com"
185.191.171.11 - - [04/Feb/2023:19:14:55 -0800] "GET /index.php?camp-fire%2F28571071.html HTTP/1.1" 500 - "-" "Mozilla/5.0 (compatible; SemrushBot/7~bl; +http://www.semrush.com/bot.html)" "mantech8.com"
185.191.171.25 - - [04/Feb/2023:19:15:00 -0800] "GET /index.php?camp-fire%2F18521187.html HTTP/1.1" 500 - "-" "Mozilla/5.0 (compatible; SemrushBot/7~bl; +http://www.semrush.com/bot.html)" "mantech8.com"
114.119.157.57 - - [04/Feb/2023:19:15:12 -0800] "GET /bimages/certificate/?C=N%3BO%3DD HTTP/1.1" 200 651 "http://mantech8.com/bimages/certificate/?C=S%3BO%3DA" "Mozilla/5.0 (Linux; Android 7.0;) AppleWebKit/537.36 (KHTML, like Gecko) Mobile Safari/537.36 (compatible; PetalBot;+https://webmaster.petalsearch.com/site/petalbot)" "mantech8.com"
185.191.171.26 - - [04/Feb/2023:19:16:01 -0800] "GET /?camp-fire%2F112266650.html HTTP/1.1" 500 - "-" "Mozilla/5.0 (compatible; SemrushBot/7~bl; +http://www.semrush.com/bot.html)" "mantech8.com"
185.191.171.39 - - [04/Feb/2023:19:17:16 -0800] "GET /index.php?camp-fire%2F15339565.html HTTP/1.1" 500 - "-" "Mozilla/5.0 (compatible; SemrushBot/7~bl; +http://www.semrush.com/bot.html)" "mantech8.com"
185.191.171.18 - - [04/Feb/2023:19:17:20 -0800] "GET /robots.txt HTTP/1.1" 200 106 "-" "Mozilla/5.0 (compatible; SemrushBot/7~bl; +http://www.semrush.com/bot.html)" "mantech8.com"
185.191.171.36 - - [04/Feb/2023:19:17:20 -0800] "GET /index.php?camp-fire%2F11529609.html HTTP/1.1" 500 - "-" "Mozilla/5.0 (compatible; SemrushBot/7~bl; +http://www.semrush.com/bot.html)" "mantech8.com"
185.191.171.6 - - [04/Feb/2023:19:17:24 -0800] "GET /index.php?camp-fire%2F18140861.html HTTP/1.1" 500 - "-" "Mozilla/5.0 (compatible; SemrushBot/7~bl; +http://www.semrush.com/bot.html)" "mantech8.com"
185.191.171.24 - - [04/Feb/2023:19:18:07 -0800] "GET /index.php?camp-fire%2F16275684.html HTTP/1.1" 500 - "-" "Mozilla/5.0 (compatible; SemrushBot/7~bl; +http://www.semrush.com/bot.html)" "mantech8.com"
185.191.171.1 - - [04/Feb/2023:19:18:37 -0800] "GET /index.php?camp-fire%2F32611725.html HTTP/1.1" 500 - "-" "Mozilla/5.0 (compatible; SemrushBot/7~bl; +http://www.semrush.com/bot.html)" "mantech8.com"
185.191.171.21 - - [04/Feb/2023:19:19:18 -0800] "GET /index.php?camp-fire%2F18126165.html HTTP/1.1" 500 - "-" "Mozilla/5.0 (compatible; SemrushBot/7~bl; +http://www.semrush.com/bot.html)" "mantech8.com"
185.191.171.39 - - [04/Feb/2023:19:19:26 -0800] "GET /index.php?camp-fire%2F11244983.html HTTP/1.1" 500 - "-" "Mozilla/5.0 (compatible; SemrushBot/7~bl; +http://www.semrush.com/bot.html)" "mantech8.com"
185.191.171.35 - - [04/Feb/2023:19:20:33 -0800] "GET /index.php?camp-fire%2F2032790.html HTTP/1.1" 500 - "-" "Mozilla/5.0 (compatible; SemrushBot/7~bl; +http://www.semrush.com/bot.html)" "mantech8.com"
185.191.171.4 - - [04/Feb/2023:19:20:50 -0800] "GET /index.php?camp-fire%2F25048006.html HTTP/1.1" 500 - "-" "Mozilla/5.0 (compatible; SemrushBot/7~bl; +http://www.semrush.com/bot.html)" "mantech8.com"
52.167.144.92 - - [04/Feb/2023:19:20:56 -0800] "GET /sitemapindex.xml HTTP/1.1" 404 88 "-" "Mozilla/5.0 AppleWebKit/537.36 (KHTML, like Gecko; compatible; bingbot/2.0; +http://www.bing.com/bingbot.htm) Chrome/103.0.5060.134 Safari/537.36" "mantech8.com"
157.55.39.133 - - [04/Feb/2023:19:21:01 -0800] "GET /sitemapmobileindex.xml HTTP/1.1" 404 88 "-" "Mozilla/5.0 AppleWebKit/537.36 (KHTML, like Gecko; compatible; bingbot/2.0; +http://www.bing.com/bingbot.htm) Chrome/103.0.5060.134 Safari/537.36" "mantech8.com"
185.191.171.40 - - [04/Feb/2023:19:21:31 -0800] "GET /index.php?camp-fire%2F16549665.html HTTP/1.1" 500 - "-" "Mozilla/5.0 (compatible; SemrushBot/7~bl; +http://www.semrush.com/bot.html)" "mantech8.com"
185.191.171.38 - - [04/Feb/2023:19:22:12 -0800] "GET /index.php?camp-fire%2F17596827.html HTTP/1.1" 500 - "-" "Mozilla/5.0 (compatible; SemrushBot/7~bl; +http://www.semrush.com/bot.html)" "mantech8.com"
185.191.171.7 - - [04/Feb/2023:19:23:05 -0800] "GET /index.php?camp-fire%2F22515917.html HTTP/1.1" 500 - "-" "Mozilla/5.0 (compatible; SemrushBot/7~bl; +http://www.semrush.com/bot.html)" "mantech8.com"
185.191.171.5 - - [04/Feb/2023:19:24:26 -0800] "GET /index.php?camp-fire%2F33129859.html HTTP/1.1" 500 - "-" "Mozilla/5.0 (compatible; SemrushBot/7~bl; +http://www.semrush.com/bot.html)" "mantech8.com"
185.191.171.45 - - [04/Feb/2023:19:24:42 -0800] "GET /index.php?camp-fire%2F28034770.html HTTP/1.1" 500 - "-" "Mozilla/5.0 (compatible; SemrushBot/7~bl; +http://www.semrush.com/bot.html)" "mantech8.com"
114.119.145.93 - - [04/Feb/2023:19:24:57 -0800] "GET /index.php?camp-fire/6035425.html HTTP/1.1" 500 - "-" "Mozilla/5.0 (Linux; Android 7.0;) AppleWebKit/537.36 (KHTML, like Gecko) Mobile Safari/537.36 (compatible; PetalBot;+https://webmaster.petalsearch.com/site/petalbot)" "www.mantech8.com"
185.191.171.25 - - [04/Feb/2023:19:24:59 -0800] "GET /index.php?camp-fire%2F7601421.html HTTP/1.1" 500 - "-" "Mozilla/5.0 (compatible; SemrushBot/7~bl; +http://www.semrush.com/bot.html)" "mantech8.com"
207.46.13.180 - - [04/Feb/2023:19:26:27 -0800] "GET /F2si-9cde-Domod.Ii HTTP/1.1" 404 88 "-" "Mozilla/5.0 AppleWebKit/537.36 (KHTML, like Gecko; compatible; bingbot/2.0; +http://www.bing.com/bingbot.htm) Chrome/103.0.5060.134 Safari/537.36" "mantech8.com"
185.191.171.39 - - [04/Feb/2023:19:27:58 -0800] "GET /index.php?camp-fire%2F11753777.html HTTP/1.1" 500 - "-" "Mozilla/5.0 (compatible; SemrushBot/7~bl; +http://www.semrush.com/bot.html)" "mantech8.com"
185.191.171.24 - - [04/Feb/2023:19:28:14 -0800] "GET /index.php?camp-fire%2F18084481.html HTTP/1.1" 500 - "-" "Mozilla/5.0 (compatible; SemrushBot/7~bl; +http://www.semrush.com/bot.html)" "mantech8.com"
185.191.171.26 - - [04/Feb/2023:19:28:15 -0800] "GET /index.php?camp-fire%2F18628481.html HTTP/1.1" 500 - "-" "Mozilla/5.0 (compatible; SemrushBot/7~bl; +http://www.semrush.com/bot.html)" "mantech8.com"
216.244.66.241 - - [04/Feb/2023:19:28:21 -0800] "GET /robots.txt HTTP/1.1" 200 222 "-" "Mozilla/5.0 (compatible; DotBot/1.2; +https://opensiteexplorer.org/dotbot; help@moz.com)" "www.mantech8.com"
216.244.66.241 - - [04/Feb/2023:19:28:21 -0800] "GET /robots.txt HTTP/1.1" 200 222 "-" "Mozilla/5.0 (compatible; DotBot/1.2; +https://opensiteexplorer.org/dotbot; help@moz.com)" "mantech8.com"
185.191.171.38 - - [04/Feb/2023:19:28:34 -0800] "GET /index.php?camp-fire%2F80765466.html HTTP/1.1" 500 - "-" "Mozilla/5.0 (compatible; SemrushBot/7~bl; +http://www.semrush.com/bot.html)" "mantech8.com"
185.191.171.39 - - [04/Feb/2023:19:28:38 -0800] "GET /index.php?camp-fire%2F26998442.html HTTP/1.1" 500 - "-" "Mozilla/5.0 (compatible; SemrushBot/7~bl; +http://www.semrush.com/bot.html)" "mantech8.com"
185.191.171.42 - - [04/Feb/2023:19:29:04 -0800] "GET /index.php?camp-fire%2F12593409.html HTTP/1.1" 500 - "-" "Mozilla/5.0 (compatible; SemrushBot/7~bl; +http://www.semrush.com/bot.html)" "mantech8.com"
185.191.171.15 - - [04/Feb/2023:19:29:31 -0800] "GET /?camp-fire%2F116210051.html HTTP/1.1" 500 - "-" "Mozilla/5.0 (compatible; SemrushBot/7~bl; +http://www.semrush.com/bot.html)" "mantech8.com"
185.191.171.1 - - [04/Feb/2023:19:29:32 -0800] "GET /index.php?camp-fire%2F18120761.html HTTP/1.1" 500 - "-" "Mozilla/5.0 (compatible; SemrushBot/7~bl; +http://www.semrush.com/bot.html)" "mantech8.com"
185.191.171.18 - - [04/Feb/2023:19:29:34 -0800] "GET /index.php?camp-fire%2F28866563.html HTTP/1.1" 500 - "-" "Mozilla/5.0 (compatible; SemrushBot/7~bl; +http://www.semrush.com/bot.html)" "mantech8.com"
185.191.171.33 - - [04/Feb/2023:19:30:55 -0800] "GET /?camp-fire%2F118124971.html HTTP/1.1" 500 - "-" "Mozilla/5.0 (compatible; SemrushBot/7~bl; +http://www.semrush.com/bot.html)" "mantech8.com"
185.191.171.43 - - [04/Feb/2023:19:32:49 -0800] "GET /index.php?camp-fire%2F22543735.html HTTP/1.1" 500 - "-" "Mozilla/5.0 (compatible; SemrushBot/7~bl; +http://www.semrush.com/bot.html)" "mantech8.com"
185.191.171.17 - - [04/Feb/2023:19:32:51 -0800] "GET /index.php?camp-fire%2F5063574.html HTTP/1.1" 500 - "-" "Mozilla/5.0 (compatible; SemrushBot/7~bl; +http://www.semrush.com/bot.html)" "mantech8.com"
185.191.171.13 - - [04/Feb/2023:19:33:19 -0800] "GET /index.php?camp-fire%2F11478090.html HTTP/1.1" 500 - "-" "Mozilla/5.0 (compatible; SemrushBot/7~bl; +http://www.semrush.com/bot.html)" "mantech8.com"
185.191.171.1 - - [04/Feb/2023:19:33:41 -0800] "GET /index.php?camp-fire%2F33261268.html HTTP/1.1" 500 - "-" "Mozilla/5.0 (compatible; SemrushBot/7~bl; +http://www.semrush.com/bot.html)" "mantech8.com"
114.119.146.212 - - [04/Feb/2023:19:34:26 -0800] "GET /bimages/video/?C=M%3BO%3DA HTTP/1.1" 200 550 "http://www.mantech8.com/bimages/video/?C=N%3BO%3DD" "Mozilla/5.0 (Linux; Android 7.0;) AppleWebKit/537.36 (KHTML, like Gecko) Mobile Safari/537.36 (compatible; PetalBot;+https://webmaster.petalsearch.com/site/petalbot)" "www.mantech8.com"
185.191.171.20 - - [04/Feb/2023:19:35:16 -0800] "GET /index.php?camp-fire%2F17543227.html HTTP/1.1" 500 - "-" "Mozilla/5.0 (compatible; SemrushBot/7~bl; +http://www.semrush.com/bot.html)" "mantech8.com"
185.191.171.13 - - [04/Feb/2023:19:35:30 -0800] "GET /index.php?camp-fire%2F21746717.html HTTP/1.1" 500 - "-" "Mozilla/5.0 (compatible; SemrushBot/7~bl; +http://www.semrush.com/bot.html)" "mantech8.com"
185.191.171.33 - - [04/Feb/2023:19:35:39 -0800] "GET /index.php?camp-fire%2F49705934.html HTTP/1.1" 500 - "-" "Mozilla/5.0 (compatible; SemrushBot/7~bl; +http://www.semrush.com/bot.html)" "mantech8.com"
114.119.157.142 - - [04/Feb/2023:19:35:51 -0800] "GET /index.php?camp-fire/57067341.html HTTP/1.1" 500 - "-" "Mozilla/5.0 (Linux; Android 7.0;) AppleWebKit/537.36 (KHTML, like Gecko) Mobile Safari/537.36 (compatible; PetalBot;+https://webmaster.petalsearch.com/site/petalbot)" "www.mantech8.com"
185.191.171.44 - - [04/Feb/2023:19:36:34 -0800] "GET /index.php?camp-fire%2F15782987.html HTTP/1.1" 500 - "-" "Mozilla/5.0 (compatible; SemrushBot/7~bl; +http://www.semrush.com/bot.html)" "mantech8.com"
114.119.151.63 - - [04/Feb/2023:19:37:02 -0800] "GET /bimages/himage/?C=M%3BO%3DA HTTP/1.1" 200 443 "http://www.mantech8.com/bimages/himage/" "Mozilla/5.0 (Linux; Android 7.0;) AppleWebKit/537.36 (KHTML, like Gecko) Mobile Safari/537.36 (compatible; PetalBot;+https://webmaster.petalsearch.com/site/petalbot)" "www.mantech8.com"
185.191.171.14 - - [04/Feb/2023:19:37:45 -0800] "GET /index.php?camp-fire%2F17585765.html HTTP/1.1" 500 - "-" "Mozilla/5.0 (compatible; SemrushBot/7~bl; +http://www.semrush.com/bot.html)" "mantech8.com"
185.191.171.25 - - [04/Feb/2023:19:37:51 -0800] "GET /index.php?camp-fire%2F27553482.html HTTP/1.1" 500 - "-" "Mozilla/5.0 (compatible; SemrushBot/7~bl; +http://www.semrush.com/bot.html)" "mantech8.com"
185.191.171.23 - - [04/Feb/2023:19:37:54 -0800] "GET /?camp-fire%2F112825434.html HTTP/1.1" 500 - "-" "Mozilla/5.0 (compatible; SemrushBot/7~bl; +http://www.semrush.com/bot.html)" "mantech8.com"
185.191.171.23 - - [04/Feb/2023:19:38:01 -0800] "GET /index.php?camp-fire%2F7773542.html HTTP/1.1" 500 - "-" "Mozilla/5.0 (compatible; SemrushBot/7~bl; +http://www.semrush.com/bot.html)" "mantech8.com"
185.191.171.15 - - [04/Feb/2023:19:38:08 -0800] "GET /index.php?camp-fire%2F5971055.html HTTP/1.1" 500 - "-" "Mozilla/5.0 (compatible; SemrushBot/7~bl; +http://www.semrush.com/bot.html)" "mantech8.com"
207.46.13.50 - - [04/Feb/2023:19:39:06 -0800] "GET /index.php/60rk-3b7fccbec-wecyx.ii HTTP/1.1" 200 63095 "-" "Mozilla/5.0 AppleWebKit/537.36 (KHTML, like Gecko; compatible; bingbot/2.0; +http://www.bing.com/bingbot.htm) Chrome/103.0.5060.134 Safari/537.36" "mantech8.com"
185.191.171.4 - - [04/Feb/2023:19:39:38 -0800] "GET /index.php?camp-fire%2F23055117.html HTTP/1.1" 500 - "-" "Mozilla/5.0 (compatible; SemrushBot/7~bl; +http://www.semrush.com/bot.html)" "mantech8.com"
185.191.171.3 - - [04/Feb/2023:19:39:57 -0800] "GET /index.php?camp-fire%2F25681330.html HTTP/1.1" 500 - "-" "Mozilla/5.0 (compatible; SemrushBot/7~bl; +http://www.semrush.com/bot.html)" "mantech8.com"
114.119.143.226 - - [04/Feb/2023:19:40:29 -0800] "GET /bimages/elect/ HTTP/1.1" 200 417 "http://www.mantech8.com/bimages/?C=M%3BO%3DA" "Mozilla/5.0 (Linux; Android 7.0;) AppleWebKit/537.36 (KHTML, like Gecko) Mobile Safari/537.36 (compatible; PetalBot;+https://webmaster.petalsearch.com/site/petalbot)" "www.mantech8.com"
185.191.171.10 - - [04/Feb/2023:19:40:44 -0800] "GET /index.php?camp-fire%2F33709459.html HTTP/1.1" 500 - "-" "Mozilla/5.0 (compatible; SemrushBot/7~bl; +http://www.semrush.com/bot.html)" "mantech8.com"
185.191.171.18 - - [04/Feb/2023:19:40:54 -0800] "GET /index.php?camp-fire%2F20750109.html HTTP/1.1" 500 - "-" "Mozilla/5.0 (compatible; SemrushBot/7~bl; +http://www.semrush.com/bot.html)" "mantech8.com"
114.119.147.229 - - [04/Feb/2023:19:41:55 -0800] "GET /bimages/door/ HTTP/1.1" 200 447 "http://www.mantech8.com/bimages/?C=M%3BO%3DA" "Mozilla/5.0 (Linux; Android 7.0;) AppleWebKit/537.36 (KHTML, like Gecko) Mobile Safari/537.36 (compatible; PetalBot;+https://webmaster.petalsearch.com/site/petalbot)" "www.mantech8.com"
185.191.171.9 - - [04/Feb/2023:19:42:18 -0800] "GET /index.php?camp-fire%2F24274650.html HTTP/1.1" 500 - "-" "Mozilla/5.0 (compatible; SemrushBot/7~bl; +http://www.semrush.com/bot.html)" "mantech8.com"
185.191.171.40 - - [04/Feb/2023:19:42:24 -0800] "GET /index.php?camp-fire%2F6256155.html HTTP/1.1" 500 - "-" "Mozilla/5.0 (compatible; SemrushBot/7~bl; +http://www.semrush.com/bot.html)" "mantech8.com"
40.77.167.253 - - [04/Feb/2023:19:42:56 -0800] "GET / HTTP/1.1" 200 64539 "-" "Mozilla/5.0 AppleWebKit/537.36 (KHTML, like Gecko; compatible; bingbot/2.0; +http://www.bing.com/bingbot.htm) Chrome/103.0.5060.134 Safari/537.36" "www.mantech8.com"
114.119.130.199 - - [04/Feb/2023:19:43:16 -0800] "GET /bimages/himage/?C=M%3BO%3DA HTTP/1.1" 200 443 "http://mantech8.com/bimages/himage/?C=N%3BO%3DD" "Mozilla/5.0 (Linux; Android 7.0;) AppleWebKit/537.36 (KHTML, like Gecko) Mobile Safari/537.36 (compatible; PetalBot;+https://webmaster.petalsearch.com/site/petalbot)" "mantech8.com"
185.191.171.9 - - [04/Feb/2023:19:43:41 -0800] "GET /index.php?camp-fire%2F10776883.html HTTP/1.1" 500 - "-" "Mozilla/5.0 (compatible; SemrushBot/7~bl; +http://www.semrush.com/bot.html)" "mantech8.com"
185.191.171.11 - - [04/Feb/2023:19:43:55 -0800] "GET /index.php?camp-fire%2F23617806.html HTTP/1.1" 500 - "-" "Mozilla/5.0 (compatible; SemrushBot/7~bl; +http://www.semrush.com/bot.html)" "mantech8.com"
185.191.171.9 - - [04/Feb/2023:19:44:33 -0800] "GET /index.php?camp-fire%2F20219532.html HTTP/1.1" 500 - "-" "Mozilla/5.0 (compatible; SemrushBot/7~bl; +http://www.semrush.com/bot.html)" "mantech8.com"
185.191.171.8 - - [04/Feb/2023:19:45:31 -0800] "GET /index.php?camp-fire%2F16687926.html HTTP/1.1" 500 - "-" "Mozilla/5.0 (compatible; SemrushBot/7~bl; +http://www.semrush.com/bot.html)" "mantech8.com"
185.191.171.7 - - [04/Feb/2023:19:46:25 -0800] "GET /index.php?camp-fire%2F17572580.html HTTP/1.1" 500 - "-" "Mozilla/5.0 (compatible; SemrushBot/7~bl; +http://www.semrush.com/bot.html)" "mantech8.com"
185.191.171.11 - - [04/Feb/2023:19:46:38 -0800] "GET /index.php?camp-fire%2F19287855.html HTTP/1.1" 500 - "-" "Mozilla/5.0 (compatible; SemrushBot/7~bl; +http://www.semrush.com/bot.html)" "mantech8.com"
185.191.171.38 - - [04/Feb/2023:19:47:29 -0800] "GET /?camp-fire%2F110929438.html HTTP/1.1" 500 - "-" "Mozilla/5.0 (compatible; SemrushBot/7~bl; +http://www.semrush.com/bot.html)" "mantech8.com"
185.191.171.9 - - [04/Feb/2023:19:47:42 -0800] "GET /index.php?camp-fire%2F21732817.html HTTP/1.1" 500 - "-" "Mozilla/5.0 (compatible; SemrushBot/7~bl; +http://www.semrush.com/bot.html)" "mantech8.com"
185.191.171.17 - - [04/Feb/2023:19:48:10 -0800] "GET /index.php?camp-fire%2F17379865.html HTTP/1.1" 500 - "-" "Mozilla/5.0 (compatible; SemrushBot/7~bl; +http://www.semrush.com/bot.html)" "mantech8.com"
194.110.203.40 - - [04/Feb/2023:19:48:18 -0800] "GET /mantech8_17082022.zip HTTP/1.1" 404 73 "-" "Firefox" "mantech8.com"
185.191.171.16 - - [04/Feb/2023:19:48:23 -0800] "GET /index.php?camp-fire%2F20494532.html HTTP/1.1" 500 - "-" "Mozilla/5.0 (compatible; SemrushBot/7~bl; +http://www.semrush.com/bot.html)" "mantech8.com"
185.191.171.24 - - [04/Feb/2023:19:48:54 -0800] "GET /index.php?camp-fire%2F84908642.html HTTP/1.1" 500 - "-" "Mozilla/5.0 (compatible; SemrushBot/7~bl; +http://www.semrush.com/bot.html)" "mantech8.com"
205.210.31.168 - - [04/Feb/2023:19:49:12 -0800] "GET / HTTP/1.1" 500 - "-" "-" "mantech8.com"
185.191.171.34 - - [04/Feb/2023:19:49:49 -0800] "GET /index.php?camp-fire%2F25160406.html HTTP/1.1" 500 - "-" "Mozilla/5.0 (compatible; SemrushBot/7~bl; +http://www.semrush.com/bot.html)" "mantech8.com"
185.191.171.12 - - [04/Feb/2023:19:50:00 -0800] "GET /index.php?camp-fire%2F18020581.html HTTP/1.1" 500 - "-" "Mozilla/5.0 (compatible; SemrushBot/7~bl; +http://www.semrush.com/bot.html)" "mantech8.com"
185.191.171.12 - - [04/Feb/2023:19:50:15 -0800] "GET /index.php?camp-fire%2F7766342.html HTTP/1.1" 500 - "-" "Mozilla/5.0 (compatible; SemrushBot/7~bl; +http://www.semrush.com/bot.html)" "mantech8.com"
185.191.171.5 - - [04/Feb/2023:19:50:23 -0800] "GET /index.php?camp-fire%2F11957009.html HTTP/1.1" 500 - "-" "Mozilla/5.0 (compatible; SemrushBot/7~bl; +http://www.semrush.com/bot.html)" "mantech8.com"
185.191.171.1 - - [04/Feb/2023:19:50:41 -0800] "GET /index.php?camp-fire%2F30757055.html HTTP/1.1" 500 - "-" "Mozilla/5.0 (compatible; SemrushBot/7~bl; +http://www.semrush.com/bot.html)" "mantech8.com"
207.46.13.180 - - [04/Feb/2023:19:52:01 -0800] "GET /index.php?camp-fire/1294.html HTTP/1.1" 200 69127 "-" "Mozilla/5.0 AppleWebKit/537.36 (KHTML, like Gecko; compatible; bingbot/2.0; +http://www.bing.com/bingbot.htm) Chrome/103.0.5060.134 Safari/537.36" "www.mantech8.com"
185.191.171.14 - - [04/Feb/2023:19:52:13 -0800] "GET /index.php?camp-fire%2F17690165.html HTTP/1.1" 500 - "-" "Mozilla/5.0 (compatible; SemrushBot/7~bl; +http://www.semrush.com/bot.html)" "mantech8.com"
185.191.171.4 - - [04/Feb/2023:19:52:38 -0800] "GET /index.php?camp-fire%2F28921666.html HTTP/1.1" 500 - "-" "Mozilla/5.0 (compatible; SemrushBot/7~bl; +http://www.semrush.com/bot.html)" "mantech8.com"
185.191.171.39 - - [04/Feb/2023:19:54:10 -0800] "GET /index.php?camp-fire%2F93208057.html HTTP/1.1" 500 - "-" "Mozilla/5.0 (compatible; SemrushBot/7~bl; +http://www.semrush.com/bot.html)" "mantech8.com"
185.191.171.38 - - [04/Feb/2023:19:54:56 -0800] "GET /index.php?camp-fire%2F5170000.html HTTP/1.1" 500 - "-" "Mozilla/5.0 (compatible; SemrushBot/7~bl; +http://www.semrush.com/bot.html)" "mantech8.com"
207.46.13.180 - - [04/Feb/2023:19:55:00 -0800] "GET /index.php/zsUZ-a6ebf-sK3mM.Ii HTTP/1.1" 200 68825 "-" "Mozilla/5.0 AppleWebKit/537.36 (KHTML, like Gecko; compatible; bingbot/2.0; +http://www.bing.com/bingbot.htm) Chrome/103.0.5060.134 Safari/537.36" "mantech8.com"
185.191.171.9 - - [04/Feb/2023:19:55:11 -0800] "GET /index.php?camp-fire%2F24661130.html HTTP/1.1" 500 - "-" "Mozilla/5.0 (compatible; SemrushBot/7~bl; +http://www.semrush.com/bot.html)" "mantech8.com"
52.167.144.92 - - [04/Feb/2023:19:55:29 -0800] "GET /bimages/gallery/thump/sb1.jpg HTTP/1.1" 200 168208 "-" "Mozilla/5.0 AppleWebKit/537.36 (KHTML, like Gecko; compatible; bingbot/2.0; +http://www.bing.com/bingbot.htm) Chrome/103.0.5060.134 Safari/537.36" "mantech8.com"
185.191.171.35 - - [04/Feb/2023:19:56:01 -0800] "GET /index.php?camp-fire%2F27727209.html HTTP/1.1" 500 - "-" "Mozilla/5.0 (compatible; SemrushBot/7~bl; +http://www.semrush.com/bot.html)" "mantech8.com"
185.191.171.24 - - [04/Feb/2023:19:56:35 -0800] "GET /index.php?camp-fire%2F33131390.html HTTP/1.1" 500 - "-" "Mozilla/5.0 (compatible; SemrushBot/7~bl; +http://www.semrush.com/bot.html)" "mantech8.com"
185.191.171.11 - - [04/Feb/2023:19:57:35 -0800] "GET /index.php?camp-fire%2F33693908.html HTTP/1.1" 500 - "-" "Mozilla/5.0 (compatible; SemrushBot/7~bl; +http://www.semrush.com/bot.html)" "mantech8.com"
185.191.171.8 - - [04/Feb/2023:19:58:18 -0800] "GET /index.php?camp-fire%2F35673550.html HTTP/1.1" 500 - "-" "Mozilla/5.0 (compatible; SemrushBot/7~bl; +http://www.semrush.com/bot.html)" "mantech8.com"
114.119.151.192 - - [04/Feb/2023:19:58:38 -0800] "GET /robots.txt HTTP/1.1" 200 106 "-" "Mozilla/5.0 (compatible;PetalBot;+https://webmaster.petalsearch.com/site/petalbot)" "mantech8.com"
185.191.171.2 - - [04/Feb/2023:19:58:40 -0800] "GET /index.php?camp-fire%2F15278655.html HTTP/1.1" 500 - "-" "Mozilla/5.0 (compatible; SemrushBot/7~bl; +http://www.semrush.com/bot.html)" "mantech8.com"
185.191.171.10 - - [04/Feb/2023:19:59:10 -0800] "GET /index.php?camp-fire%2F15607865.html HTTP/1.1" 500 - "-" "Mozilla/5.0 (compatible; SemrushBot/7~bl; +http://www.semrush.com/bot.html)" "mantech8.com"
185.191.171.37 - - [04/Feb/2023:19:59:51 -0800] "GET /index.php?camp-fire%2F26626247.html HTTP/1.1" 500 - "-" "Mozilla/5.0 (compatible; SemrushBot/7~bl; +http://www.semrush.com/bot.html)" "mantech8.com"
185.191.171.11 - - [04/Feb/2023:20:00:06 -0800] "GET /index.php?camp-fire%2F16730921.html HTTP/1.1" 500 - "-" "Mozilla/5.0 (compatible; SemrushBot/7~bl; +http://www.semrush.com/bot.html)" "mantech8.com"
185.191.171.21 - - [04/Feb/2023:20:00:39 -0800] "GET /index.php?camp-fire%2F42203049.html HTTP/1.1" 500 - "-" "Mozilla/5.0 (compatible; SemrushBot/7~bl; +http://www.semrush.com/bot.html)" "mantech8.com"
52.167.144.92 - - [04/Feb/2023:20:01:08 -0800] "GET /index.php/nWTf-aeb1aebbfa-3l3BF.Ii HTTP/1.1" 200 67991 "-" "Mozilla/5.0 AppleWebKit/537.36 (KHTML, like Gecko; compatible; bingbot/2.0; +http://www.bing.com/bingbot.htm) Chrome/103.0.5060.134 Safari/537.36" "www.mantech8.com"
185.191.171.25 - - [04/Feb/2023:20:01:28 -0800] "GET /index.php?camp-fire%2F18677180.html HTTP/1.1" 500 - "-" "Mozilla/5.0 (compatible; SemrushBot/7~bl; +http://www.semrush.com/bot.html)" "mantech8.com"
185.191.171.7 - - [04/Feb/2023:20:01:42 -0800] "GET /index.php?camp-fire%2F86312193.html HTTP/1.1" 500 - "-" "Mozilla/5.0 (compatible; SemrushBot/7~bl; +http://www.semrush.com/bot.html)" "mantech8.com"
91.224.178.228 - - [04/Feb/2023:20:01:44 -0800] "GET /contact.php HTTP/1.1" 200 29238 "http://mantech8.com/contact.php" "Mozilla/5.0 (Windows NT 10.0; WOW64) AppleWebKit/537.36 (KHTML, like Gecko) Chrome/90.0.4430.93 Safari/537.36" "mantech8.com"
91.224.178.228 - - [04/Feb/2023:20:01:45 -0800] "GET /verificationimage.php?7085 HTTP/1.1" 200 1324 "http://mantech8.com/contact.php" "Mozilla/5.0 (Windows NT 10.0; WOW64) AppleWebKit/537.36 (KHTML, like Gecko) Chrome/90.0.4430.93 Safari/537.36" "mantech8.com"
91.224.178.228 - - [04/Feb/2023:20:01:46 -0800] "POST /mailer.php HTTP/1.1" 500 - "http://mantech8.com/contact.php" "Mozilla/5.0 (Windows NT 10.0; WOW64) AppleWebKit/537.36 (KHTML, like Gecko) Chrome/90.0.4430.93 Safari/537.36" "mantech8.com"
52.167.144.92 - - [04/Feb/2023:20:02:38 -0800] "GET /sitemapindex.xml HTTP/1.1" 404 88 "-" "Mozilla/5.0 AppleWebKit/537.36 (KHTML, like Gecko; compatible; bingbot/2.0; +http://www.bing.com/bingbot.htm) Chrome/103.0.5060.134 Safari/537.36" "mantech8.com"
52.167.144.92 - - [04/Feb/2023:20:02:38 -0800] "GET /sitemapindeximages.xml HTTP/1.1" 404 88 "-" "Mozilla/5.0 AppleWebKit/537.36 (KHTML, like Gecko; compatible; bingbot/2.0; +http://www.bing.com/bingbot.htm) Chrome/103.0.5060.134 Safari/537.36" "mantech8.com"
157.55.39.133 - - [04/Feb/2023:20:02:43 -0800] "GET /sitemapmobileindex.xml HTTP/1.1" 404 88 "-" "Mozilla/5.0 AppleWebKit/537.36 (KHTML, like Gecko; compatible; bingbot/2.0; +http://www.bing.com/bingbot.htm) Chrome/103.0.5060.134 Safari/537.36" "mantech8.com"
207.46.13.180 - - [04/Feb/2023:20:02:43 -0800] "GET /sitemapnewindex.xml HTTP/1.1" 404 88 "-" "Mozilla/5.0 AppleWebKit/537.36 (KHTML, like Gecko; compatible; bingbot/2.0; +http://www.bing.com/bingbot.htm) Chrome/103.0.5060.134 Safari/537.36" "mantech8.com"
185.191.171.39 - - [04/Feb/2023:20:02:44 -0800] "GET /index.php?camp-fire%2F3895374.html HTTP/1.1" 500 - "-" "Mozilla/5.0 (compatible; SemrushBot/7~bl; +http://www.semrush.com/bot.html)" "mantech8.com"
185.191.171.24 - - [04/Feb/2023:20:04:07 -0800] "GET /index.php?camp-fire%2F11411357.html HTTP/1.1" 500 - "-" "Mozilla/5.0 (compatible; SemrushBot/7~bl; +http://www.semrush.com/bot.html)" "mantech8.com"
185.191.171.7 - - [04/Feb/2023:20:05:02 -0800] "GET /index.php?camp-fire%2F3323578.html HTTP/1.1" 500 - "-" "Mozilla/5.0 (compatible; SemrushBot/7~bl; +http://www.semrush.com/bot.html)" "mantech8.com"
185.191.171.7 - - [04/Feb/2023:20:05:05 -0800] "GET /index.php?camp-fire%2F33177516.html HTTP/1.1" 500 - "-" "Mozilla/5.0 (compatible; SemrushBot/7~bl; +http://www.semrush.com/bot.html)" "mantech8.com"
185.191.171.4 - - [04/Feb/2023:20:05:06 -0800] "GET /?camp-fire%2F118123571.html HTTP/1.1" 500 - "-" "Mozilla/5.0 (compatible; SemrushBot/7~bl; +http://www.semrush.com/bot.html)" "mantech8.com"
185.191.171.7 - - [04/Feb/2023:20:05:17 -0800] "GET /index.php?camp-fire%2F93727903.html HTTP/1.1" 500 - "-" "Mozilla/5.0 (compatible; SemrushBot/7~bl; +http://www.semrush.com/bot.html)" "mantech8.com"
185.191.171.5 - - [04/Feb/2023:20:05:22 -0800] "GET /?camp-fire%2F118667934.html HTTP/1.1" 500 - "-" "Mozilla/5.0 (compatible; SemrushBot/7~bl; +http://www.semrush.com/bot.html)" "mantech8.com"
185.191.171.25 - - [04/Feb/2023:20:06:06 -0800] "GET /index.php?camp-fire%2F23231498.html HTTP/1.1" 500 - "-" "Mozilla/5.0 (compatible; SemrushBot/7~bl; +http://www.semrush.com/bot.html)" "mantech8.com"
172.241.117.36 - - [04/Feb/2023:20:06:09 -0800] "GET /contact.php HTTP/1.1" 200 29237 "-" "Mozilla/5.0 (Windows NT 10.0; Win64; x64; rv:102.0) Gecko/20100101 Firefox/102.0" "www.mantech8.com"
172.241.117.36 - - [04/Feb/2023:20:06:10 -0800] "GET /verificationimage.php?651 HTTP/1.1" 200 1343 "http://www.mantech8.com/mailer.php" "Mozilla/5.0 (Windows NT 10.0; Win64; x64; rv:102.0) Gecko/20100101 Firefox/102.0" "www.mantech8.com"
172.241.117.36 - - [04/Feb/2023:20:06:13 -0800] "GET /mailer.php?name=Jack+Feducci&email=myairanker%40gmail.com&phone=%2B1-332-900-4889&message=Having+a+hard+time+coming+up+with+all+the+social+media+content+for+your+business%3F%0D%0A%0D%0AIf+I+told+you+that+you+can+eliminate+the+stress+today+would+you+beleive+me%3F%0D%0A%0D%0AFire+your+social+media+management+team.%0D%0A%0D%0AMeet+My+A.I.+Ranker.%0D%0A%0D%0AMy+A.I.+Ranker+will+write+blog+articles%2C+social+media+posts%2C+GoogleAd+copy%2C+FacebookAd+copy%2C+LinkedIn+sales+pitches%2C+all+your+promotional+materials%2C+all+your+emails%2C+and+so+so+so+much+more.%0D%0A%0D%0AThere+are+no+limits+to+what+My+A.I.+Ranker+can+do.%0D%0A%0D%0ACreate+a+free+account.%0D%0A%0D%0ACancel+anytime.%0D%0A%0D%0ANo+strings+attached.%0D%0A%0D%0AStart+telling+My+A.I.+Ranker+what+to+write+for+you+and+stop+stressing+so+much.+%0D%0A%0D%0AClick+here+and+try+it+for+free%2C+visit+https%3A%2F%2Fwww.MyAIranker.com%0D%0A%0D%0A%0D%0AThank+you+for+your+time%21%0D%0AJack+Feducci%0D%0A%0D%0A%0D%0A%0D%0A%0D%0A%0D%0A%0D%0A%0D%0A%0D%0A%0D%0A%0D%0A%0D%0A%0D%0A%0D%0A%0D%0A%0D%0A%0D%0A%0D%0A%0D%0A%0D%0AIf+you+would++like+to+opt-out+of+communication+with+us%2C+visit%3A%0D%0Ahttps%3A%2F%2Furloptout.com%2Foptout1%2F%3Fsite%3Dmantech8.com%0D%0A&verif_box=4147 HTTP/1.1" 500 - "http://www.mantech8.com/contact.php" "Mozilla/5.0 (Windows NT 10.0; Win64; x64; rv:102.0) Gecko/20100101 Firefox/102.0" "www.mantech8.com"
185.191.171.42 - - [04/Feb/2023:20:06:37 -0800] "GET /?camp-fire%2F114642672.html HTTP/1.1" 500 - "-" "Mozilla/5.0 (compatible; SemrushBot/7~bl; +http://www.semrush.com/bot.html)" "mantech8.com"
185.191.171.9 - - [04/Feb/2023:20:07:32 -0800] "GET /index.php?camp-fire%2F33667108.html HTTP/1.1" 500 - "-" "Mozilla/5.0 (compatible; SemrushBot/7~bl; +http://www.semrush.com/bot.html)" "mantech8.com"
185.191.171.22 - - [04/Feb/2023:20:08:02 -0800] "GET /index.php?camp-fire%2F18356780.html HTTP/1.1" 500 - "-" "Mozilla/5.0 (compatible; SemrushBot/7~bl; +http://www.semrush.com/bot.html)" "mantech8.com"
185.191.171.40 - - [04/Feb/2023:20:08:22 -0800] "GET /?camp-fire%2F116432676.html HTTP/1.1" 500 - "-" "Mozilla/5.0 (compatible; SemrushBot/7~bl; +http://www.semrush.com/bot.html)" "mantech8.com"
185.191.171.19 - - [04/Feb/2023:20:08:33 -0800] "GET /index.php?camp-fire%2F41218563.html HTTP/1.1" 500 - "-" "Mozilla/5.0 (compatible; SemrushBot/7~bl; +http://www.semrush.com/bot.html)" "mantech8.com"
185.191.171.22 - - [04/Feb/2023:20:10:49 -0800] "GET /index.php?camp-fire%2F19022832.html HTTP/1.1" 500 - "-" "Mozilla/5.0 (compatible; SemrushBot/7~bl; +http://www.semrush.com/bot.html)" "mantech8.com"
185.191.171.20 - - [04/Feb/2023:20:11:39 -0800] "GET /index.php?camp-fire%2F35042325.html HTTP/1.1" 500 - "-" "Mozilla/5.0 (compatible; SemrushBot/7~bl; +http://www.semrush.com/bot.html)" "mantech8.com"
185.191.171.40 - - [04/Feb/2023:20:11:41 -0800] "GET /index.php?camp-fire%2F10776683.html HTTP/1.1" 500 - "-" "Mozilla/5.0 (compatible; SemrushBot/7~bl; +http://www.semrush.com/bot.html)" "mantech8.com"
185.191.171.17 - - [04/Feb/2023:20:11:44 -0800] "GET /?camp-fire%2F104661124.html HTTP/1.1" 500 - "-" "Mozilla/5.0 (compatible; SemrushBot/7~bl; +http://www.semrush.com/bot.html)" "mantech8.com"
185.191.171.21 - - [04/Feb/2023:20:11:59 -0800] "GET /index.php?camp-fire%2F19056732.html HTTP/1.1" 500 - "-" "Mozilla/5.0 (compatible; SemrushBot/7~bl; +http://www.semrush.com/bot.html)" "mantech8.com"
185.191.171.3 - - [04/Feb/2023:20:13:18 -0800] "GET /?camp-fire%2F109335608.html HTTP/1.1" 500 - "-" "Mozilla/5.0 (compatible; SemrushBot/7~bl; +http://www.semrush.com/bot.html)" "mantech8.com"
185.191.171.24 - - [04/Feb/2023:20:13:43 -0800] "GET /index.php?camp-fire%2F25136933.html HTTP/1.1" 500 - "-" "Mozilla/5.0 (compatible; SemrushBot/7~bl; +http://www.semrush.com/bot.html)" "mantech8.com"
141.148.194.238 - - [04/Feb/2023:20:15:05 -0800] "GET /contact.php HTTP/1.1" 200 29238 "http://mantech8.com/contact.php" "Mozilla/5.0 (Windows NT 10.0; Win64; x64) AppleWebKit/537.36 (KHTML, like Gecko) Chrome/90.0.4430.72 Safari/537.36" "mantech8.com"
185.191.171.36 - - [04/Feb/2023:20:15:19 -0800] "GET /index.php?camp-fire%2F1697472.html HTTP/1.1" 500 - "-" "Mozilla/5.0 (compatible; SemrushBot/7~bl; +http://www.semrush.com/bot.html)" "mantech8.com"
141.148.194.238 - - [04/Feb/2023:20:15:25 -0800] "POST /mailer.php HTTP/1.1" 500 - "http://mantech8.com/contact.php" "Mozilla/5.0 (Windows NT 10.0; Win64; x64) AppleWebKit/537.36 (KHTML, like Gecko) Chrome/90.0.4430.72 Safari/537.36" "mantech8.com"
185.191.171.10 - - [04/Feb/2023:20:15:42 -0800] "GET /index.php?camp-fire%2F15795277.html HTTP/1.1" 500 - "-" "Mozilla/5.0 (compatible; SemrushBot/7~bl; +http://www.semrush.com/bot.html)" "mantech8.com"
185.191.171.8 - - [04/Feb/2023:20:15:54 -0800] "GET /index.php?camp-fire%2F25087406.html HTTP/1.1" 500 - "-" "Mozilla/5.0 (compatible; SemrushBot/7~bl; +http://www.semrush.com/bot.html)" "mantech8.com"
185.191.171.8 - - [04/Feb/2023:20:16:04 -0800] "GET /index.php?camp-fire%2F25627630.html HTTP/1.1" 500 - "-" "Mozilla/5.0 (compatible; SemrushBot/7~bl; +http://www.semrush.com/bot.html)" "mantech8.com"
185.191.171.25 - - [04/Feb/2023:20:16:18 -0800] "GET /index.php?camp-fire%2F17633277.html HTTP/1.1" 500 - "-" "Mozilla/5.0 (compatible; SemrushBot/7~bl; +http://www.semrush.com/bot.html)" "mantech8.com"
185.191.171.20 - - [04/Feb/2023:20:16:57 -0800] "GET /index.php?camp-fire%2F66146103.html HTTP/1.1" 500 - "-" "Mozilla/5.0 (compatible; SemrushBot/7~bl; +http://www.semrush.com/bot.html)" "mantech8.com"
185.191.171.26 - - [04/Feb/2023:20:17:21 -0800] "GET /robots.txt HTTP/1.1" 200 106 "-" "Mozilla/5.0 (compatible; SemrushBot/7~bl; +http://www.semrush.com/bot.html)" "mantech8.com"
185.191.171.24 - - [04/Feb/2023:20:17:21 -0800] "GET /index.php?camp-fire%2F11546409.html HTTP/1.1" 500 - "-" "Mozilla/5.0 (compatible; SemrushBot/7~bl; +http://www.semrush.com/bot.html)" "mantech8.com"
185.191.171.8 - - [04/Feb/2023:20:18:29 -0800] "GET /index.php?camp-fire%2F19095461.html HTTP/1.1" 500 - "-" "Mozilla/5.0 (compatible; SemrushBot/7~bl; +http://www.semrush.com/bot.html)" "mantech8.com"
185.191.171.2 - - [04/Feb/2023:20:18:47 -0800] "GET /index.php?camp-fire%2F22540165.html HTTP/1.1" 500 - "-" "Mozilla/5.0 (compatible; SemrushBot/7~bl; +http://www.semrush.com/bot.html)" "mantech8.com"
185.191.171.10 - - [04/Feb/2023:20:19:08 -0800] "GET /index.php?camp-fire%2F76161674.html HTTP/1.1" 500 - "-" "Mozilla/5.0 (compatible; SemrushBot/7~bl; +http://www.semrush.com/bot.html)" "mantech8.com"
185.191.171.13 - - [04/Feb/2023:20:19:11 -0800] "GET /index.php?camp-fire%2F25620130.html HTTP/1.1" 500 - "-" "Mozilla/5.0 (compatible; SemrushBot/7~bl; +http://www.semrush.com/bot.html)" "mantech8.com"
185.191.171.39 - - [04/Feb/2023:20:19:45 -0800] "GET /index.php?camp-fire%2F41187376.html HTTP/1.1" 500 - "-" "Mozilla/5.0 (compatible; SemrushBot/7~bl; +http://www.semrush.com/bot.html)" "mantech8.com"
185.191.171.26 - - [04/Feb/2023:20:20:20 -0800] "GET /index.php?camp-fire%2F4010374.html HTTP/1.1" 500 - "-" "Mozilla/5.0 (compatible; SemrushBot/7~bl; +http://www.semrush.com/bot.html)" "mantech8.com"
185.191.171.5 - - [04/Feb/2023:20:20:41 -0800] "GET /index.php?camp-fire%2F87455190.html HTTP/1.1" 500 - "-" "Mozilla/5.0 (compatible; SemrushBot/7~bl; +http://www.semrush.com/bot.html)" "mantech8.com"
207.46.13.50 - - [04/Feb/2023:20:21:10 -0800] "GET /index.php/60rk-3b7fccbec-wecyx.ii HTTP/1.1" 200 62721 "-" "Mozilla/5.0 AppleWebKit/537.36 (KHTML, like Gecko; compatible; bingbot/2.0; +http://www.bing.com/bingbot.htm) Chrome/103.0.5060.134 Safari/537.36" "mantech8.com"
185.191.171.5 - - [04/Feb/2023:20:21:37 -0800] "GET /index.php?camp-fire%2F24093372.html HTTP/1.1" 500 - "-" "Mozilla/5.0 (compatible; SemrushBot/7~bl; +http://www.semrush.com/bot.html)" "mantech8.com"
185.191.171.40 - - [04/Feb/2023:20:22:05 -0800] "GET /index.php?camp-fire%2F6486377.html HTTP/1.1" 500 - "-" "Mozilla/5.0 (compatible; SemrushBot/7~bl; +http://www.semrush.com/bot.html)" "mantech8.com"
185.191.171.33 - - [04/Feb/2023:20:23:57 -0800] "GET /index.php?camp-fire%2F2017529.html HTTP/1.1" 500 - "-" "Mozilla/5.0 (compatible; SemrushBot/7~bl; +http://www.semrush.com/bot.html)" "mantech8.com"
185.191.171.24 - - [04/Feb/2023:20:24:08 -0800] "GET /index.php?camp-fire%2F3336200.html HTTP/1.1" 500 - "-" "Mozilla/5.0 (compatible; SemrushBot/7~bl; +http://www.semrush.com/bot.html)" "mantech8.com"
185.191.171.18 - - [04/Feb/2023:20:24:23 -0800] "GET /index.php?camp-fire%2F22612617.html HTTP/1.1" 500 - "-" "Mozilla/5.0 (compatible; SemrushBot/7~bl; +http://www.semrush.com/bot.html)" "mantech8.com"
40.77.167.253 - - [04/Feb/2023:20:24:31 -0800] "GET / HTTP/1.1" 200 63988 "-" "Mozilla/5.0 AppleWebKit/537.36 (KHTML, like Gecko; compatible; bingbot/2.0; +http://www.bing.com/bingbot.htm) Chrome/103.0.5060.134 Safari/537.36" "www.mantech8.com"
185.191.171.13 - - [04/Feb/2023:20:25:15 -0800] "GET /?camp-fire%2F114512925.html HTTP/1.1" 500 - "-" "Mozilla/5.0 (compatible; SemrushBot/7~bl; +http://www.semrush.com/bot.html)" "mantech8.com"
185.191.171.25 - - [04/Feb/2023:20:26:02 -0800] "GET /index.php?camp-fire%2F16807446.html HTTP/1.1" 500 - "-" "Mozilla/5.0 (compatible; SemrushBot/7~bl; +http://www.semrush.com/bot.html)" "mantech8.com"
216.244.66.241 - - [04/Feb/2023:20:26:28 -0800] "GET /robots.txt HTTP/1.1" 200 222 "-" "Mozilla/5.0 (compatible; DotBot/1.2; +https://opensiteexplorer.org/dotbot; help@moz.com)" "mantech8.com"
216.244.66.241 - - [04/Feb/2023:20:26:28 -0800] "GET /robots.txt HTTP/1.1" 200 222 "-" "Mozilla/5.0 (compatible; DotBot/1.2; +https://opensiteexplorer.org/dotbot; help@moz.com)" "www.mantech8.com"
185.191.171.40 - - [04/Feb/2023:20:26:49 -0800] "GET /index.php?camp-fire%2F14243542.html HTTP/1.1" 500 - "-" "Mozilla/5.0 (compatible; SemrushBot/7~bl; +http://www.semrush.com/bot.html)" "mantech8.com"
207.46.13.101 - - [04/Feb/2023:20:26:50 -0800] "GET /q5W4-801c0bccfd-jO11C.Ii HTTP/1.1" 404 88 "-" "Mozilla/5.0 AppleWebKit/537.36 (KHTML, like Gecko; compatible; bingbot/2.0; +http://www.bing.com/bingbot.htm) Chrome/103.0.5060.134 Safari/537.36" "www.mantech8.com"
185.191.171.20 - - [04/Feb/2023:20:26:53 -0800] "GET /index.php?camp-fire%2F83938429.html HTTP/1.1" 500 - "-" "Mozilla/5.0 (compatible; SemrushBot/7~bl; +http://www.semrush.com/bot.html)" "mantech8.com"
207.46.13.50 - - [04/Feb/2023:20:26:54 -0800] "GET /Wf2o-eaefd-G79pC.Ii HTTP/1.1" 404 88 "-" "Mozilla/5.0 AppleWebKit/537.36 (KHTML, like Gecko; compatible; bingbot/2.0; +http://www.bing.com/bingbot.htm) Chrome/103.0.5060.134 Safari/537.36" "www.mantech8.com"
207.46.13.100 - - [04/Feb/2023:20:27:19 -0800] "GET /q5W4-801c0bccfd-jO11C.Ii HTTP/1.1" 404 88 "-" "Mozilla/5.0 AppleWebKit/537.36 (KHTML, like Gecko; compatible; bingbot/2.0; +http://www.bing.com/bingbot.htm) Chrome/103.0.5060.134 Safari/537.36" "www.mantech8.com"
207.46.13.50 - - [04/Feb/2023:20:27:24 -0800] "GET /Wf2o-eaefd-G79pC.Ii HTTP/1.1" 404 88 "-" "Mozilla/5.0 AppleWebKit/537.36 (KHTML, like Gecko; compatible; bingbot/2.0; +http://www.bing.com/bingbot.htm) Chrome/103.0.5060.134 Safari/537.36" "www.mantech8.com"
185.191.171.40 - - [04/Feb/2023:20:27:30 -0800] "GET /index.php?camp-fire%2F87598850.html HTTP/1.1" 500 - "-" "Mozilla/5.0 (compatible; SemrushBot/7~bl; +http://www.semrush.com/bot.html)" "mantech8.com"
207.46.13.50 - - [04/Feb/2023:20:28:21 -0800] "GET / HTTP/1.1" 200 64708 "-" "Mozilla/5.0 AppleWebKit/537.36 (KHTML, like Gecko; compatible; bingbot/2.0; +http://www.bing.com/bingbot.htm) Chrome/103.0.5060.134 Safari/537.36" "www.mantech8.com"
185.191.171.4 - - [04/Feb/2023:20:28:35 -0800] "GET /index.php?camp-fire%2F12031309.html HTTP/1.1" 500 - "-" "Mozilla/5.0 (compatible; SemrushBot/7~bl; +http://www.semrush.com/bot.html)" "mantech8.com"
185.191.171.12 - - [04/Feb/2023:20:29:59 -0800] "GET /index.php?camp-fire%2F18218481.html HTTP/1.1" 500 - "-" "Mozilla/5.0 (compatible; SemrushBot/7~bl; +http://www.semrush.com/bot.html)" "mantech8.com"
185.191.171.10 - - [04/Feb/2023:20:30:37 -0800] "GET /index.php?camp-fire%2F17806626.html HTTP/1.1" 500 - "-" "Mozilla/5.0 (compatible; SemrushBot/7~bl; +http://www.semrush.com/bot.html)" "mantech8.com"
185.191.171.20 - - [04/Feb/2023:20:30:53 -0800] "GET /index.php?camp-fire%2F32416560.html HTTP/1.1" 500 - "-" "Mozilla/5.0 (compatible; SemrushBot/7~bl; +http://www.semrush.com/bot.html)" "mantech8.com"
185.191.171.3 - - [04/Feb/2023:20:31:23 -0800] "GET /index.php?camp-fire%2F19777932.html HTTP/1.1" 500 - "-" "Mozilla/5.0 (compatible; SemrushBot/7~bl; +http://www.semrush.com/bot.html)" "mantech8.com"
155.254.9.2 - - [04/Feb/2023:20:31:28 -0800] "GET /contact.php HTTP/1.1" 200 29238 "http://mantech8.com/contact.php" "Mozilla/5.0 (Windows NT 10.0; WOW64) AppleWebKit/537.36 (KHTML, like Gecko) Chrome/90.0.4430.93 Safari/537.36" "mantech8.com"
185.191.171.43 - - [04/Feb/2023:20:31:29 -0800] "GET /?camp-fire%2F115801888.html HTTP/1.1" 500 - "-" "Mozilla/5.0 (compatible; SemrushBot/7~bl; +http://www.semrush.com/bot.html)" "mantech8.com"
