185.191.171.3 - - [04/Feb/2023:16:01:11 -0800] "GET /index.php?camp-fire%2F7317080.html HTTP/1.1" 500 - "-" "Mozilla/5.0 (compatible; SemrushBot/7~bl; +http://www.semrush.com/bot.html)" "mantech8.com"
185.191.171.36 - - [04/Feb/2023:16:01:50 -0800] "GET /index.php?camp-fire%2F14828087.html HTTP/1.1" 500 - "-" "Mozilla/5.0 (compatible; SemrushBot/7~bl; +http://www.semrush.com/bot.html)" "mantech8.com"
185.191.171.26 - - [04/Feb/2023:16:01:56 -0800] "GET /index.php?camp-fire%2F15781183.html HTTP/1.1" 500 - "-" "Mozilla/5.0 (compatible; SemrushBot/7~bl; +http://www.semrush.com/bot.html)" "mantech8.com"
185.191.171.43 - - [04/Feb/2023:16:02:16 -0800] "GET /index.php?camp-fire%2F28341798.html HTTP/1.1" 500 - "-" "Mozilla/5.0 (compatible; SemrushBot/7~bl; +http://www.semrush.com/bot.html)" "mantech8.com"
185.191.171.36 - - [04/Feb/2023:16:02:19 -0800] "GET /?camp-fire%2F123247216.html HTTP/1.1" 500 - "-" "Mozilla/5.0 (compatible; SemrushBot/7~bl; +http://www.semrush.com/bot.html)" "mantech8.com"
185.191.171.45 - - [04/Feb/2023:16:02:21 -0800] "GET /index.php?camp-fire%2F4296796.html HTTP/1.1" 500 - "-" "Mozilla/5.0 (compatible; SemrushBot/7~bl; +http://www.semrush.com/bot.html)" "mantech8.com"
185.191.171.43 - - [04/Feb/2023:16:02:49 -0800] "GET /index.php?camp-fire%2F27898809.html HTTP/1.1" 500 - "-" "Mozilla/5.0 (compatible; SemrushBot/7~bl; +http://www.semrush.com/bot.html)" "mantech8.com"
185.191.171.13 - - [04/Feb/2023:16:02:51 -0800] "GET /index.php?camp-fire%2F44872802.html HTTP/1.1" 500 - "-" "Mozilla/5.0 (compatible; SemrushBot/7~bl; +http://www.semrush.com/bot.html)" "mantech8.com"
185.191.171.12 - - [04/Feb/2023:16:03:38 -0800] "GET /index.php?camp-fire%2F87448559.html HTTP/1.1" 500 - "-" "Mozilla/5.0 (compatible; SemrushBot/7~bl; +http://www.semrush.com/bot.html)" "mantech8.com"
216.244.66.241 - - [04/Feb/2023:16:05:19 -0800] "GET /robots.txt HTTP/1.1" 200 222 "-" "Mozilla/5.0 (compatible; DotBot/1.2; +https://opensiteexplorer.org/dotbot; help@moz.com)" "mantech8.com"
216.244.66.241 - - [04/Feb/2023:16:05:19 -0800] "GET /robots.txt HTTP/1.1" 200 222 "-" "Mozilla/5.0 (compatible; DotBot/1.2; +https://opensiteexplorer.org/dotbot; help@moz.com)" "www.mantech8.com"
185.191.171.21 - - [04/Feb/2023:16:06:30 -0800] "GET /index.php?camp-fire%2F22686117.html HTTP/1.1" 500 - "-" "Mozilla/5.0 (compatible; SemrushBot/7~bl; +http://www.semrush.com/bot.html)" "mantech8.com"
185.191.171.2 - - [04/Feb/2023:16:07:17 -0800] "GET /index.php?camp-fire%2F26652247.html HTTP/1.1" 500 - "-" "Mozilla/5.0 (compatible; SemrushBot/7~bl; +http://www.semrush.com/bot.html)" "mantech8.com"
185.191.171.34 - - [04/Feb/2023:16:08:28 -0800] "GET /index.php?camp-fire%2F18748161.html HTTP/1.1" 500 - "-" "Mozilla/5.0 (compatible; SemrushBot/7~bl; +http://www.semrush.com/bot.html)" "mantech8.com"
185.191.171.15 - - [04/Feb/2023:16:08:37 -0800] "GET /?camp-fire%2F116687288.html HTTP/1.1" 500 - "-" "Mozilla/5.0 (compatible; SemrushBot/7~bl; +http://www.semrush.com/bot.html)" "mantech8.com"
185.191.171.2 - - [04/Feb/2023:16:08:51 -0800] "GET /index.php?camp-fire%2F27281970.html HTTP/1.1" 500 - "-" "Mozilla/5.0 (compatible; SemrushBot/7~bl; +http://www.semrush.com/bot.html)" "mantech8.com"
185.191.171.35 - - [04/Feb/2023:16:09:00 -0800] "GET /index.php?camp-fire%2F21867435.html HTTP/1.1" 500 - "-" "Mozilla/5.0 (compatible; SemrushBot/7~bl; +http://www.semrush.com/bot.html)" "mantech8.com"
185.191.171.37 - - [04/Feb/2023:16:09:02 -0800] "GET /index.php?camp-fire%2F24233033.html HTTP/1.1" 500 - "-" "Mozilla/5.0 (compatible; SemrushBot/7~bl; +http://www.semrush.com/bot.html)" "mantech8.com"
185.191.171.13 - - [04/Feb/2023:16:09:34 -0800] "GET /?camp-fire%2F113758406.html HTTP/1.1" 500 - "-" "Mozilla/5.0 (compatible; SemrushBot/7~bl; +http://www.semrush.com/bot.html)" "mantech8.com"
185.191.171.9 - - [04/Feb/2023:16:10:03 -0800] "GET /index.php?camp-fire%2F19711732.html HTTP/1.1" 500 - "-" "Mozilla/5.0 (compatible; SemrushBot/7~bl; +http://www.semrush.com/bot.html)" "mantech8.com"
185.191.171.19 - - [04/Feb/2023:16:10:39 -0800] "GET /?camp-fire%2F114699035.html HTTP/1.1" 500 - "-" "Mozilla/5.0 (compatible; SemrushBot/7~bl; +http://www.semrush.com/bot.html)" "mantech8.com"
185.191.171.44 - - [04/Feb/2023:16:11:08 -0800] "GET /index.php?camp-fire%2F11322190.html HTTP/1.1" 500 - "-" "Mozilla/5.0 (compatible; SemrushBot/7~bl; +http://www.semrush.com/bot.html)" "mantech8.com"
207.46.13.50 - - [04/Feb/2023:16:11:18 -0800] "GET /index.php/60rk-3b7fccbec-wecyx.ii HTTP/1.1" 200 62328 "-" "Mozilla/5.0 AppleWebKit/537.36 (KHTML, like Gecko; compatible; bingbot/2.0; +http://www.bing.com/bingbot.htm) Chrome/103.0.5060.134 Safari/537.36" "mantech8.com"
185.191.171.44 - - [04/Feb/2023:16:11:25 -0800] "GET /index.php?camp-fire%2F25383350.html HTTP/1.1" 500 - "-" "Mozilla/5.0 (compatible; SemrushBot/7~bl; +http://www.semrush.com/bot.html)" "mantech8.com"
185.191.171.44 - - [04/Feb/2023:16:12:01 -0800] "GET /index.php?camp-fire%2F32700468.html HTTP/1.1" 500 - "-" "Mozilla/5.0 (compatible; SemrushBot/7~bl; +http://www.semrush.com/bot.html)" "mantech8.com"
185.191.171.37 - - [04/Feb/2023:16:12:18 -0800] "GET /index.php?camp-fire%2F18159726.html HTTP/1.1" 500 - "-" "Mozilla/5.0 (compatible; SemrushBot/7~bl; +http://www.semrush.com/bot.html)" "mantech8.com"
40.77.167.253 - - [04/Feb/2023:16:12:35 -0800] "GET / HTTP/1.1" 200 64443 "-" "Mozilla/5.0 AppleWebKit/537.36 (KHTML, like Gecko; compatible; bingbot/2.0; +http://www.bing.com/bingbot.htm) Chrome/103.0.5060.134 Safari/537.36" "www.mantech8.com"
185.191.171.23 - - [04/Feb/2023:16:12:42 -0800] "GET /?camp-fire%2F117062771.html HTTP/1.1" 500 - "-" "Mozilla/5.0 (compatible; SemrushBot/7~bl; +http://www.semrush.com/bot.html)" "mantech8.com"
185.191.171.25 - - [04/Feb/2023:16:13:19 -0800] "GET /index.php?camp-fire%2F33777108.html HTTP/1.1" 500 - "-" "Mozilla/5.0 (compatible; SemrushBot/7~bl; +http://www.semrush.com/bot.html)" "mantech8.com"
15.235.143.175 - - [04/Feb/2023:16:14:07 -0800] "GET /contact.php HTTP/1.1" 200 29238 "http://mantech8.com/contact.php" "Mozilla/5.0 (Windows NT 6.1; WOW64) AppleWebKit/537.36 (KHTML, like Gecko) Chrome/90.0.4430.72 Safari/537.36" "mantech8.com"
185.191.171.38 - - [04/Feb/2023:16:14:10 -0800] "GET /index.php?camp-fire%2F34010208.html HTTP/1.1" 500 - "-" "Mozilla/5.0 (compatible; SemrushBot/7~bl; +http://www.semrush.com/bot.html)" "mantech8.com"
15.235.143.175 - - [04/Feb/2023:16:14:14 -0800] "POST /mailer.php HTTP/1.1" 500 - "http://mantech8.com/contact.php" "Mozilla/5.0 (Windows NT 6.1; WOW64) AppleWebKit/537.36 (KHTML, like Gecko) Chrome/90.0.4430.72 Safari/537.36" "mantech8.com"
185.191.171.45 - - [04/Feb/2023:16:14:48 -0800] "GET /index.php?camp-fire%2F15491846.html HTTP/1.1" 500 - "-" "Mozilla/5.0 (compatible; SemrushBot/7~bl; +http://www.semrush.com/bot.html)" "mantech8.com"
185.191.171.13 - - [04/Feb/2023:16:14:53 -0800] "GET /?camp-fire%2F119622988.html HTTP/1.1" 500 - "-" "Mozilla/5.0 (compatible; SemrushBot/7~bl; +http://www.semrush.com/bot.html)" "mantech8.com"
185.191.171.23 - - [04/Feb/2023:16:15:18 -0800] "GET /?camp-fire%2F113636149.html HTTP/1.1" 500 - "-" "Mozilla/5.0 (compatible; SemrushBot/7~bl; +http://www.semrush.com/bot.html)" "mantech8.com"
185.191.171.20 - - [04/Feb/2023:16:15:47 -0800] "GET /index.php?camp-fire%2F22255435.html HTTP/1.1" 500 - "-" "Mozilla/5.0 (compatible; SemrushBot/7~bl; +http://www.semrush.com/bot.html)" "mantech8.com"
185.191.171.6 - - [04/Feb/2023:16:15:57 -0800] "GET /index.php?camp-fire%2F25229950.html HTTP/1.1" 500 - "-" "Mozilla/5.0 (compatible; SemrushBot/7~bl; +http://www.semrush.com/bot.html)" "mantech8.com"
58.250.125.119 - - [04/Feb/2023:16:16:34 -0800] "GET / HTTP/1.1" 500 - "-" "Sogou web spider/4.0(+http://www.sogou.com/docs/help/webmasters.htm#07)" "www.mantech8.com"
114.119.141.69 - - [04/Feb/2023:16:16:39 -0800] "GET /index.php?sitemap732.xml HTTP/1.1" 200 289150 "-" "Mozilla/5.0 (Linux; Android 7.0;) AppleWebKit/537.36 (KHTML, like Gecko) Mobile Safari/537.36 (compatible; PetalBot;+https://webmaster.petalsearch.com/site/petalbot)" "mantech8.com"
185.191.171.3 - - [04/Feb/2023:16:16:46 -0800] "GET /index.php?camp-fire%2F16638165.html HTTP/1.1" 500 - "-" "Mozilla/5.0 (compatible; SemrushBot/7~bl; +http://www.semrush.com/bot.html)" "mantech8.com"
185.191.171.7 - - [04/Feb/2023:16:17:17 -0800] "GET /index.php?camp-fire%2F24256050.html HTTP/1.1" 500 - "-" "Mozilla/5.0 (compatible; SemrushBot/7~bl; +http://www.semrush.com/bot.html)" "mantech8.com"
185.191.171.24 - - [04/Feb/2023:16:17:51 -0800] "GET /index.php?camp-fire%2F23607506.html HTTP/1.1" 500 - "-" "Mozilla/5.0 (compatible; SemrushBot/7~bl; +http://www.semrush.com/bot.html)" "mantech8.com"
114.119.151.192 - - [04/Feb/2023:16:17:51 -0800] "GET /index.php?athermallize.xml HTTP/1.1" 200 289351 "-" "Mozilla/5.0 (Linux; Android 7.0;) AppleWebKit/537.36 (KHTML, like Gecko) Mobile Safari/537.36 (compatible; PetalBot;+https://webmaster.petalsearch.com/site/petalbot)" "mantech8.com"
40.77.167.253 - - [04/Feb/2023:16:18:36 -0800] "GET /index.php/nwtf-9abfab-3l4fd.ii HTTP/1.1" 200 63486 "-" "Mozilla/5.0 AppleWebKit/537.36 (KHTML, like Gecko; compatible; bingbot/2.0; +http://www.bing.com/bingbot.htm) Chrome/103.0.5060.134 Safari/537.36" "mantech8.com"
185.191.171.4 - - [04/Feb/2023:16:18:46 -0800] "GET /index.php?camp-fire%2F21839817.html HTTP/1.1" 500 - "-" "Mozilla/5.0 (compatible; SemrushBot/7~bl; +http://www.semrush.com/bot.html)" "mantech8.com"
114.119.145.236 - - [04/Feb/2023:16:18:56 -0800] "GET /index.php/napperkids.xml HTTP/1.1" 200 289520 "-" "Mozilla/5.0 (Linux; Android 7.0;) AppleWebKit/537.36 (KHTML, like Gecko) Mobile Safari/537.36 (compatible; PetalBot;+https://webmaster.petalsearch.com/site/petalbot)" "mantech8.com"
185.191.171.38 - - [04/Feb/2023:16:19:29 -0800] "GET /index.php?camp-fire%2F32590425.html HTTP/1.1" 500 - "-" "Mozilla/5.0 (compatible; SemrushBot/7~bl; +http://www.semrush.com/bot.html)" "mantech8.com"
185.191.171.7 - - [04/Feb/2023:16:19:30 -0800] "GET /index.php?camp-fire%2F10890477.html HTTP/1.1" 500 - "-" "Mozilla/5.0 (compatible; SemrushBot/7~bl; +http://www.semrush.com/bot.html)" "mantech8.com"
84.17.53.220 - - [04/Feb/2023:16:20:26 -0800] "GET /wp-secure.php HTTP/1.1" 404 88 "-" "Mozilla/5.0 (Windows NT 10.0; Win64; x64) AppleWebKit/537.36 (KHTML, like Gecko) Chrome/108.0.0.0 Safari/537.36 Edg/108.0.1462.54" "www.mantech8.com"
185.191.171.44 - - [04/Feb/2023:16:20:28 -0800] "GET /index.php?camp-fire%2F8701742.html HTTP/1.1" 500 - "-" "Mozilla/5.0 (compatible; SemrushBot/7~bl; +http://www.semrush.com/bot.html)" "mantech8.com"
185.191.171.7 - - [04/Feb/2023:16:20:29 -0800] "GET /robots.txt HTTP/1.1" 200 106 "-" "Mozilla/5.0 (compatible; SemrushBot/7~bl; +http://www.semrush.com/bot.html)" "mantech8.com"
185.191.171.10 - - [04/Feb/2023:16:20:30 -0800] "GET /index.php?camp-fire%2F33103625.html HTTP/1.1" 500 - "-" "Mozilla/5.0 (compatible; SemrushBot/7~bl; +http://www.semrush.com/bot.html)" "mantech8.com"
207.46.13.180 - - [04/Feb/2023:16:20:38 -0800] "GET /index.php/zsUZ-afc7ddbeed-sOBOR.Ii HTTP/1.1" 200 68838 "-" "Mozilla/5.0 AppleWebKit/537.36 (KHTML, like Gecko; compatible; bingbot/2.0; +http://www.bing.com/bingbot.htm) Chrome/103.0.5060.134 Safari/537.36" "mantech8.com"
52.167.144.92 - - [04/Feb/2023:16:20:43 -0800] "GET /index.php/mkjw-a6bb-byjpn.ii HTTP/1.1" 200 63072 "-" "Mozilla/5.0 AppleWebKit/537.36 (KHTML, like Gecko; compatible; bingbot/2.0; +http://www.bing.com/bingbot.htm) Chrome/103.0.5060.134 Safari/537.36" "mantech8.com"
185.191.171.11 - - [04/Feb/2023:16:21:13 -0800] "GET /index.php?camp-fire%2F91911135.html HTTP/1.1" 500 - "-" "Mozilla/5.0 (compatible; SemrushBot/7~bl; +http://www.semrush.com/bot.html)" "mantech8.com"
185.191.171.33 - - [04/Feb/2023:16:21:31 -0800] "GET /index.php?camp-fire%2F18011381.html HTTP/1.1" 500 - "-" "Mozilla/5.0 (compatible; SemrushBot/7~bl; +http://www.semrush.com/bot.html)" "mantech8.com"
140.238.48.138 - - [04/Feb/2023:16:22:07 -0800] "GET /olux.php HTTP/1.1" 404 88 "-" "python-requests/2.27.1" "mantech8.com"
140.238.48.138 - - [04/Feb/2023:16:22:09 -0800] "GET /indoxploit.php HTTP/1.1" 404 88 "-" "python-requests/2.27.1" "mantech8.com"
140.238.48.138 - - [04/Feb/2023:16:22:10 -0800] "GET /indoxploit.php HTTP/1.1" 404 88 "-" "python-requests/2.27.1" "mantech8.com"
140.238.48.138 - - [04/Feb/2023:16:22:11 -0800] "GET /wso.php HTTP/1.1" 404 88 "-" "python-requests/2.27.1" "mantech8.com"
140.238.48.138 - - [04/Feb/2023:16:22:11 -0800] "GET /images/ HTTP/1.1" 200 6505 "-" "python-requests/2.27.1" "mantech8.com"
140.238.48.138 - - [04/Feb/2023:16:22:13 -0800] "GET /images/db_table_exists.lib.php HTTP/1.1" 200 32 "-" "python-requests/2.27.1" "mantech8.com"
185.191.171.14 - - [04/Feb/2023:16:22:33 -0800] "GET /index.php?camp-fire%2F18841827.html HTTP/1.1" 500 - "-" "Mozilla/5.0 (compatible; SemrushBot/7~bl; +http://www.semrush.com/bot.html)" "mantech8.com"
185.191.171.24 - - [04/Feb/2023:16:23:18 -0800] "GET /index.php?camp-fire%2F20861635.html HTTP/1.1" 500 - "-" "Mozilla/5.0 (compatible; SemrushBot/7~bl; +http://www.semrush.com/bot.html)" "mantech8.com"
40.77.167.253 - - [04/Feb/2023:16:23:37 -0800] "GET /index.php/MKJW-1e3fecaef-BYbnL.Ii HTTP/1.1" 200 66973 "-" "Mozilla/5.0 AppleWebKit/537.36 (KHTML, like Gecko; compatible; bingbot/2.0; +http://www.bing.com/bingbot.htm) Chrome/103.0.5060.134 Safari/537.36" "mantech8.com"
185.191.171.23 - - [04/Feb/2023:16:23:50 -0800] "GET /index.php?camp-fire%2F124229503.html HTTP/1.1" 500 - "-" "Mozilla/5.0 (compatible; SemrushBot/7~bl; +http://www.semrush.com/bot.html)" "mantech8.com"
185.191.171.1 - - [04/Feb/2023:16:25:52 -0800] "GET /index.php?camp-fire%2F18091161.html HTTP/1.1" 500 - "-" "Mozilla/5.0 (compatible; SemrushBot/7~bl; +http://www.semrush.com/bot.html)" "mantech8.com"
185.191.171.8 - - [04/Feb/2023:16:25:56 -0800] "GET /index.php?camp-fire%2F15275784.html HTTP/1.1" 500 - "-" "Mozilla/5.0 (compatible; SemrushBot/7~bl; +http://www.semrush.com/bot.html)" "mantech8.com"
114.119.148.56 - - [04/Feb/2023:16:26:28 -0800] "GET /bimages/client/kallakisse.php HTTP/1.1" 500 - "http://www.mantech8.com/bimages/client/?C=N%3BO%3DD" "Mozilla/5.0 (Linux; Android 7.0;) AppleWebKit/537.36 (KHTML, like Gecko) Mobile Safari/537.36 (compatible; PetalBot;+https://webmaster.petalsearch.com/site/petalbot)" "www.mantech8.com"
185.191.171.44 - - [04/Feb/2023:16:26:34 -0800] "GET /index.php?camp-fire%2F28114226.html HTTP/1.1" 500 - "-" "Mozilla/5.0 (compatible; SemrushBot/7~bl; +http://www.semrush.com/bot.html)" "mantech8.com"
185.191.171.44 - - [04/Feb/2023:16:26:48 -0800] "GET /index.php?camp-fire%2F23614206.html HTTP/1.1" 500 - "-" "Mozilla/5.0 (compatible; SemrushBot/7~bl; +http://www.semrush.com/bot.html)" "mantech8.com"
185.191.171.15 - - [04/Feb/2023:16:27:02 -0800] "GET /index.php?camp-fire%2F22581127.html HTTP/1.1" 500 - "-" "Mozilla/5.0 (compatible; SemrushBot/7~bl; +http://www.semrush.com/bot.html)" "mantech8.com"
185.191.171.26 - - [04/Feb/2023:16:27:10 -0800] "GET /index.php?camp-fire%2F17764127.html HTTP/1.1" 500 - "-" "Mozilla/5.0 (compatible; SemrushBot/7~bl; +http://www.semrush.com/bot.html)" "mantech8.com"
185.191.171.11 - - [04/Feb/2023:16:27:59 -0800] "GET /index.php?camp-fire%2F15920372.html HTTP/1.1" 500 - "-" "Mozilla/5.0 (compatible; SemrushBot/7~bl; +http://www.semrush.com/bot.html)" "mantech8.com"
185.191.171.24 - - [04/Feb/2023:16:28:29 -0800] "GET /index.php?camp-fire%2F28206126.html HTTP/1.1" 500 - "-" "Mozilla/5.0 (compatible; SemrushBot/7~bl; +http://www.semrush.com/bot.html)" "mantech8.com"
185.191.171.2 - - [04/Feb/2023:16:29:21 -0800] "GET /?camp-fire%2F117811209.html HTTP/1.1" 500 - "-" "Mozilla/5.0 (compatible; SemrushBot/7~bl; +http://www.semrush.com/bot.html)" "mantech8.com"
185.191.171.25 - - [04/Feb/2023:16:29:30 -0800] "GET /index.php?camp-fire%2F17380965.html HTTP/1.1" 500 - "-" "Mozilla/5.0 (compatible; SemrushBot/7~bl; +http://www.semrush.com/bot.html)" "mantech8.com"
185.191.171.44 - - [04/Feb/2023:16:29:38 -0800] "GET /index.php?camp-fire%2F33887508.html HTTP/1.1" 500 - "-" "Mozilla/5.0 (compatible; SemrushBot/7~bl; +http://www.semrush.com/bot.html)" "mantech8.com"
185.191.171.44 - - [04/Feb/2023:16:30:12 -0800] "GET /index.php?camp-fire%2F118523571.html HTTP/1.1" 500 - "-" "Mozilla/5.0 (compatible; SemrushBot/7~bl; +http://www.semrush.com/bot.html)" "mantech8.com"
185.191.171.38 - - [04/Feb/2023:16:30:16 -0800] "GET /index.php?camp-fire%2F18141061.html HTTP/1.1" 500 - "-" "Mozilla/5.0 (compatible; SemrushBot/7~bl; +http://www.semrush.com/bot.html)" "mantech8.com"
185.191.171.6 - - [04/Feb/2023:16:30:20 -0800] "GET /index.php?camp-fire%2F18389765.html HTTP/1.1" 500 - "-" "Mozilla/5.0 (compatible; SemrushBot/7~bl; +http://www.semrush.com/bot.html)" "mantech8.com"
207.46.13.50 - - [04/Feb/2023:16:31:30 -0800] "GET / HTTP/1.1" 200 64516 "-" "Mozilla/5.0 AppleWebKit/537.36 (KHTML, like Gecko; compatible; bingbot/2.0; +http://www.bing.com/bingbot.htm) Chrome/103.0.5060.134 Safari/537.36" "www.mantech8.com"
185.191.171.38 - - [04/Feb/2023:16:32:03 -0800] "GET /index.php?camp-fire%2F25018850.html HTTP/1.1" 500 - "-" "Mozilla/5.0 (compatible; SemrushBot/7~bl; +http://www.semrush.com/bot.html)" "mantech8.com"
185.191.171.36 - - [04/Feb/2023:16:32:58 -0800] "GET /index.php?camp-fire%2F38169672.html HTTP/1.1" 500 - "-" "Mozilla/5.0 (compatible; SemrushBot/7~bl; +http://www.semrush.com/bot.html)" "mantech8.com"
185.191.171.3 - - [04/Feb/2023:16:33:17 -0800] "GET /index.php?camp-fire%2F21538035.html HTTP/1.1" 500 - "-" "Mozilla/5.0 (compatible; SemrushBot/7~bl; +http://www.semrush.com/bot.html)" "mantech8.com"
185.191.171.9 - - [04/Feb/2023:16:33:34 -0800] "GET /index.php?camp-fire%2F13906059.html HTTP/1.1" 500 - "-" "Mozilla/5.0 (compatible; SemrushBot/7~bl; +http://www.semrush.com/bot.html)" "mantech8.com"
185.191.171.36 - - [04/Feb/2023:16:33:43 -0800] "GET /index.php?camp-fire%2F1838451.html HTTP/1.1" 500 - "-" "Mozilla/5.0 (compatible; SemrushBot/7~bl; +http://www.semrush.com/bot.html)" "mantech8.com"
217.113.194.130 - - [04/Feb/2023:16:34:45 -0800] "GET /robots.txt HTTP/1.1" 200 106 "-" "Mozilla/5.0 (compatible; Barkrowler/0.9; +https://babbar.tech/crawler)" "www.mantech8.com"
185.191.171.37 - - [04/Feb/2023:16:34:47 -0800] "GET /index.php?camp-fire%2F13236309.html HTTP/1.1" 500 - "-" "Mozilla/5.0 (compatible; SemrushBot/7~bl; +http://www.semrush.com/bot.html)" "mantech8.com"
185.191.171.8 - - [04/Feb/2023:16:35:26 -0800] "GET /index.php?camp-fire%2F29528789.html HTTP/1.1" 500 - "-" "Mozilla/5.0 (compatible; SemrushBot/7~bl; +http://www.semrush.com/bot.html)" "mantech8.com"
185.191.171.23 - - [04/Feb/2023:16:35:41 -0800] "GET /index.php?camp-fire%2F10918451.html HTTP/1.1" 500 - "-" "Mozilla/5.0 (compatible; SemrushBot/7~bl; +http://www.semrush.com/bot.html)" "mantech8.com"
185.191.171.12 - - [04/Feb/2023:16:35:51 -0800] "GET /index.php?camp-fire%2F114584630.html HTTP/1.1" 500 - "-" "Mozilla/5.0 (compatible; SemrushBot/7~bl; +http://www.semrush.com/bot.html)" "mantech8.com"
185.191.171.14 - - [04/Feb/2023:16:36:58 -0800] "GET /index.php?camp-fire%2F16553365.html HTTP/1.1" 500 - "-" "Mozilla/5.0 (compatible; SemrushBot/7~bl; +http://www.semrush.com/bot.html)" "mantech8.com"
185.191.171.6 - - [04/Feb/2023:16:37:26 -0800] "GET /index.php?camp-fire%2F18053181.html HTTP/1.1" 500 - "-" "Mozilla/5.0 (compatible; SemrushBot/7~bl; +http://www.semrush.com/bot.html)" "mantech8.com"
185.191.171.37 - - [04/Feb/2023:16:38:49 -0800] "GET /index.php?camp-fire%2F1684969.html HTTP/1.1" 500 - "-" "Mozilla/5.0 (compatible; SemrushBot/7~bl; +http://www.semrush.com/bot.html)" "mantech8.com"
185.191.171.33 - - [04/Feb/2023:16:38:58 -0800] "GET /index.php?camp-fire%2F86797424.html HTTP/1.1" 500 - "-" "Mozilla/5.0 (compatible; SemrushBot/7~bl; +http://www.semrush.com/bot.html)" "mantech8.com"
185.191.171.38 - - [04/Feb/2023:16:39:29 -0800] "GET /index.php?camp-fire%2F14612559.html HTTP/1.1" 500 - "-" "Mozilla/5.0 (compatible; SemrushBot/7~bl; +http://www.semrush.com/bot.html)" "mantech8.com"
185.191.171.41 - - [04/Feb/2023:16:40:28 -0800] "GET /index.php?camp-fire%2F26677817.html HTTP/1.1" 500 - "-" "Mozilla/5.0 (compatible; SemrushBot/7~bl; +http://www.semrush.com/bot.html)" "mantech8.com"
84.17.53.220 - - [04/Feb/2023:16:40:47 -0800] "GET /wp-secure.php HTTP/1.1" 404 88 "-" "Mozilla/5.0 (Windows NT 10.0; Win64; x64; rv:108.0) Gecko/20100101 Firefox/108.0" "www.mantech8.com"
84.17.53.220 - - [04/Feb/2023:16:41:26 -0800] "GET /cgi-bin/wp-secure.php HTTP/1.1" 404 88 "-" "Mozilla/5.0 (Windows NT 10.0; Win64; x64) AppleWebKit/537.36 (KHTML, like Gecko) Chrome/108.0.0.0 Safari/537.36" "www.mantech8.com"
185.191.171.7 - - [04/Feb/2023:16:41:32 -0800] "GET /index.php?camp-fire%2F17636365.html HTTP/1.1" 500 - "-" "Mozilla/5.0 (compatible; SemrushBot/7~bl; +http://www.semrush.com/bot.html)" "mantech8.com"
185.191.171.12 - - [04/Feb/2023:16:41:51 -0800] "GET /index.php?camp-fire%2F87226672.html HTTP/1.1" 500 - "-" "Mozilla/5.0 (compatible; SemrushBot/7~bl; +http://www.semrush.com/bot.html)" "mantech8.com"
84.17.53.220 - - [04/Feb/2023:16:42:07 -0800] "GET /wp-content/wp-secure.php HTTP/1.1" 404 88 "-" "Mozilla/5.0 (Windows NT 10.0; Win64; x64) AppleWebKit/537.36 (KHTML, like Gecko) Chrome/108.0.0.0 Safari/537.36" "www.mantech8.com"
185.191.171.25 - - [04/Feb/2023:16:42:34 -0800] "GET /index.php?camp-fire%2F25214606.html HTTP/1.1" 500 - "-" "Mozilla/5.0 (compatible; SemrushBot/7~bl; +http://www.semrush.com/bot.html)" "mantech8.com"
185.191.171.38 - - [04/Feb/2023:16:42:54 -0800] "GET /index.php?camp-fire%2F87795746.html HTTP/1.1" 500 - "-" "Mozilla/5.0 (compatible; SemrushBot/7~bl; +http://www.semrush.com/bot.html)" "mantech8.com"
185.191.171.44 - - [04/Feb/2023:16:43:03 -0800] "GET /index.php?camp-fire%2F21549135.html HTTP/1.1" 500 - "-" "Mozilla/5.0 (compatible; SemrushBot/7~bl; +http://www.semrush.com/bot.html)" "mantech8.com"
185.191.171.5 - - [04/Feb/2023:16:43:09 -0800] "GET /index.php?camp-fire%2F25157730.html HTTP/1.1" 500 - "-" "Mozilla/5.0 (compatible; SemrushBot/7~bl; +http://www.semrush.com/bot.html)" "mantech8.com"
185.191.171.2 - - [04/Feb/2023:16:43:18 -0800] "GET /index.php?camp-fire%2F15633346.html HTTP/1.1" 500 - "-" "Mozilla/5.0 (compatible; SemrushBot/7~bl; +http://www.semrush.com/bot.html)" "mantech8.com"
185.191.171.15 - - [04/Feb/2023:16:43:42 -0800] "GET /index.php?camp-fire%2F24459780.html HTTP/1.1" 500 - "-" "Mozilla/5.0 (compatible; SemrushBot/7~bl; +http://www.semrush.com/bot.html)" "mantech8.com"
114.119.131.231 - - [04/Feb/2023:16:44:15 -0800] "GET /index.php/leiye.xml HTTP/1.1" 200 289357 "-" "Mozilla/5.0 (Linux; Android 7.0;) AppleWebKit/537.36 (KHTML, like Gecko) Mobile Safari/537.36 (compatible; PetalBot;+https://webmaster.petalsearch.com/site/petalbot)" "mantech8.com"
185.191.171.10 - - [04/Feb/2023:16:45:44 -0800] "GET /index.php?camp-fire%2F14413277.html HTTP/1.1" 500 - "-" "Mozilla/5.0 (compatible; SemrushBot/7~bl; +http://www.semrush.com/bot.html)" "mantech8.com"
185.191.171.11 - - [04/Feb/2023:16:46:30 -0800] "GET /index.php?camp-fire%2F16541465.html HTTP/1.1" 500 - "-" "Mozilla/5.0 (compatible; SemrushBot/7~bl; +http://www.semrush.com/bot.html)" "mantech8.com"
185.191.171.23 - - [04/Feb/2023:16:47:39 -0800] "GET /index.php?camp-fire%2F16679926.html HTTP/1.1" 500 - "-" "Mozilla/5.0 (compatible; SemrushBot/7~bl; +http://www.semrush.com/bot.html)" "mantech8.com"
185.191.171.36 - - [04/Feb/2023:16:47:52 -0800] "GET /index.php?camp-fire%2F15455683.html HTTP/1.1" 500 - "-" "Mozilla/5.0 (compatible; SemrushBot/7~bl; +http://www.semrush.com/bot.html)" "mantech8.com"
185.191.171.21 - - [04/Feb/2023:16:48:01 -0800] "GET /?camp-fire%2F114488117.html HTTP/1.1" 500 - "-" "Mozilla/5.0 (compatible; SemrushBot/7~bl; +http://www.semrush.com/bot.html)" "mantech8.com"
185.191.171.17 - - [04/Feb/2023:16:48:02 -0800] "GET /index.php?camp-fire%2F17037884.html HTTP/1.1" 500 - "-" "Mozilla/5.0 (compatible; SemrushBot/7~bl; +http://www.semrush.com/bot.html)" "mantech8.com"
185.191.171.44 - - [04/Feb/2023:16:48:32 -0800] "GET /index.php?camp-fire%2F18874261.html HTTP/1.1" 500 - "-" "Mozilla/5.0 (compatible; SemrushBot/7~bl; +http://www.semrush.com/bot.html)" "mantech8.com"
185.191.171.1 - - [04/Feb/2023:16:48:45 -0800] "GET /index.php?camp-fire%2F3889474.html HTTP/1.1" 500 - "-" "Mozilla/5.0 (compatible; SemrushBot/7~bl; +http://www.semrush.com/bot.html)" "mantech8.com"
185.191.171.9 - - [04/Feb/2023:16:49:03 -0800] "GET /index.php?camp-fire%2F33142216.html HTTP/1.1" 500 - "-" "Mozilla/5.0 (compatible; SemrushBot/7~bl; +http://www.semrush.com/bot.html)" "mantech8.com"
185.191.171.2 - - [04/Feb/2023:16:49:18 -0800] "GET /index.php?camp-fire%2F19578429.html HTTP/1.1" 500 - "-" "Mozilla/5.0 (compatible; SemrushBot/7~bl; +http://www.semrush.com/bot.html)" "mantech8.com"
185.191.171.15 - - [04/Feb/2023:16:49:25 -0800] "GET /index.php?camp-fire%2F20830335.html HTTP/1.1" 500 - "-" "Mozilla/5.0 (compatible; SemrushBot/7~bl; +http://www.semrush.com/bot.html)" "mantech8.com"
185.191.171.6 - - [04/Feb/2023:16:50:28 -0800] "GET /index.php?camp-fire%2F39683935.html HTTP/1.1" 500 - "-" "Mozilla/5.0 (compatible; SemrushBot/7~bl; +http://www.semrush.com/bot.html)" "mantech8.com"
185.191.171.17 - - [04/Feb/2023:16:50:33 -0800] "GET /index.php?camp-fire%2F16569865.html HTTP/1.1" 500 - "-" "Mozilla/5.0 (compatible; SemrushBot/7~bl; +http://www.semrush.com/bot.html)" "mantech8.com"
185.191.171.8 - - [04/Feb/2023:16:50:35 -0800] "GET /?camp-fire%2F104446459.html HTTP/1.1" 500 - "-" "Mozilla/5.0 (compatible; SemrushBot/7~bl; +http://www.semrush.com/bot.html)" "mantech8.com"
216.244.66.241 - - [04/Feb/2023:16:51:16 -0800] "GET /robots.txt HTTP/1.1" 200 222 "-" "Mozilla/5.0 (compatible; DotBot/1.2; +https://opensiteexplorer.org/dotbot; help@moz.com)" "mantech8.com"
216.244.66.241 - - [04/Feb/2023:16:51:16 -0800] "GET /robots.txt HTTP/1.1" 200 222 "-" "Mozilla/5.0 (compatible; DotBot/1.2; +https://opensiteexplorer.org/dotbot; help@moz.com)" "www.mantech8.com"
185.191.171.43 - - [04/Feb/2023:16:51:52 -0800] "GET /index.php?camp-fire%2F14089759.html HTTP/1.1" 500 - "-" "Mozilla/5.0 (compatible; SemrushBot/7~bl; +http://www.semrush.com/bot.html)" "mantech8.com"
207.46.13.100 - - [04/Feb/2023:16:52:40 -0800] "GET /index.php?/%E3%83%96%E3%83%A9%E3%83%83%E3%82%AF%E3%82%B8%E3%83%A3%E3%83%83%E3%82%AF%E3%81%AE%E6%94%BB%E7%95%A5%E6%B3%95/ HTTP/1.1" 200 65952 "-" "Mozilla/5.0 AppleWebKit/537.36 (KHTML, like Gecko; compatible; bingbot/2.0; +http://www.bing.com/bingbot.htm) Chrome/103.0.5060.134 Safari/537.36" "mantech8.com"
207.46.13.50 - - [04/Feb/2023:16:53:01 -0800] "GET /index.php/60rk-3b7fccbec-wecyx.ii HTTP/1.1" 200 63035 "-" "Mozilla/5.0 AppleWebKit/537.36 (KHTML, like Gecko; compatible; bingbot/2.0; +http://www.bing.com/bingbot.htm) Chrome/103.0.5060.134 Safari/537.36" "mantech8.com"
185.191.171.9 - - [04/Feb/2023:16:54:25 -0800] "GET /index.php?camp-fire%2F2102400.html HTTP/1.1" 500 - "-" "Mozilla/5.0 (compatible; SemrushBot/7~bl; +http://www.semrush.com/bot.html)" "mantech8.com"
185.191.171.12 - - [04/Feb/2023:16:54:47 -0800] "GET /index.php?camp-fire%2F17395790.html HTTP/1.1" 500 - "-" "Mozilla/5.0 (compatible; SemrushBot/7~bl; +http://www.semrush.com/bot.html)" "mantech8.com"
40.77.167.253 - - [04/Feb/2023:16:54:50 -0800] "GET / HTTP/1.1" 200 64351 "-" "Mozilla/5.0 AppleWebKit/537.36 (KHTML, like Gecko; compatible; bingbot/2.0; +http://www.bing.com/bingbot.htm) Chrome/103.0.5060.134 Safari/537.36" "www.mantech8.com"
185.191.171.21 - - [04/Feb/2023:16:55:24 -0800] "GET /index.php?camp-fire%2F23593306.html HTTP/1.1" 500 - "-" "Mozilla/5.0 (compatible; SemrushBot/7~bl; +http://www.semrush.com/bot.html)" "mantech8.com"
185.191.171.39 - - [04/Feb/2023:16:56:46 -0800] "GET /index.php?camp-fire%2F21873474.html HTTP/1.1" 500 - "-" "Mozilla/5.0 (compatible; SemrushBot/7~bl; +http://www.semrush.com/bot.html)" "mantech8.com"
207.46.13.100 - - [04/Feb/2023:16:57:29 -0800] "GET /F2si-3eca-DibDa.Ii HTTP/1.1" 404 88 "-" "Mozilla/5.0 AppleWebKit/537.36 (KHTML, like Gecko; compatible; bingbot/2.0; +http://www.bing.com/bingbot.htm) Chrome/103.0.5060.134 Safari/537.36" "www.mantech8.com"
185.191.171.36 - - [04/Feb/2023:16:57:33 -0800] "GET /index.php?camp-fire%2F8558342.html HTTP/1.1" 500 - "-" "Mozilla/5.0 (compatible; SemrushBot/7~bl; +http://www.semrush.com/bot.html)" "mantech8.com"
185.191.171.25 - - [04/Feb/2023:16:57:34 -0800] "GET /index.php?camp-fire%2F16671826.html HTTP/1.1" 500 - "-" "Mozilla/5.0 (compatible; SemrushBot/7~bl; +http://www.semrush.com/bot.html)" "mantech8.com"
114.119.135.83 - - [04/Feb/2023:16:57:42 -0800] "GET /bimages/hydrog/?C=S%3BO%3DA HTTP/1.1" 200 486 "http://mantech8.com/bimages/hydrog/" "Mozilla/5.0 (Linux; Android 7.0;) AppleWebKit/537.36 (KHTML, like Gecko) Mobile Safari/537.36 (compatible; PetalBot;+https://webmaster.petalsearch.com/site/petalbot)" "mantech8.com"
185.191.171.14 - - [04/Feb/2023:16:57:47 -0800] "GET /?camp-fire%2F119378034.html HTTP/1.1" 500 - "-" "Mozilla/5.0 (compatible; SemrushBot/7~bl; +http://www.semrush.com/bot.html)" "mantech8.com"
185.191.171.21 - - [04/Feb/2023:16:58:01 -0800] "GET /index.php?camp-fire%2F20861735.html HTTP/1.1" 500 - "-" "Mozilla/5.0 (compatible; SemrushBot/7~bl; +http://www.semrush.com/bot.html)" "mantech8.com"
185.191.171.15 - - [04/Feb/2023:16:58:07 -0800] "GET /?camp-fire%2F104659924.html HTTP/1.1" 500 - "-" "Mozilla/5.0 (compatible; SemrushBot/7~bl; +http://www.semrush.com/bot.html)" "mantech8.com"
185.191.171.3 - - [04/Feb/2023:16:58:40 -0800] "GET /index.php?camp-fire%2F23385417.html HTTP/1.1" 500 - "-" "Mozilla/5.0 (compatible; SemrushBot/7~bl; +http://www.semrush.com/bot.html)" "mantech8.com"
185.191.171.20 - - [04/Feb/2023:16:59:15 -0800] "GET /index.php?camp-fire%2F22314217.html HTTP/1.1" 500 - "-" "Mozilla/5.0 (compatible; SemrushBot/7~bl; +http://www.semrush.com/bot.html)" "mantech8.com"
185.191.171.8 - - [04/Feb/2023:17:00:20 -0800] "GET /index.php?camp-fire%2F19139365.html HTTP/1.1" 500 - "-" "Mozilla/5.0 (compatible; SemrushBot/7~bl; +http://www.semrush.com/bot.html)" "mantech8.com"
185.191.171.11 - - [04/Feb/2023:17:00:21 -0800] "GET /index.php?camp-fire%2F25623330.html HTTP/1.1" 500 - "-" "Mozilla/5.0 (compatible; SemrushBot/7~bl; +http://www.semrush.com/bot.html)" "mantech8.com"
185.191.171.12 - - [04/Feb/2023:17:00:24 -0800] "GET /index.php?camp-fire%2F3400598.html HTTP/1.1" 500 - "-" "Mozilla/5.0 (compatible; SemrushBot/7~bl; +http://www.semrush.com/bot.html)" "mantech8.com"
185.191.171.13 - - [04/Feb/2023:17:00:25 -0800] "GET /index.php?camp-fire%2F17606680.html HTTP/1.1" 500 - "-" "Mozilla/5.0 (compatible; SemrushBot/7~bl; +http://www.semrush.com/bot.html)" "mantech8.com"
185.191.171.6 - - [04/Feb/2023:17:00:37 -0800] "GET /index.php?camp-fire%2F24555630.html HTTP/1.1" 500 - "-" "Mozilla/5.0 (compatible; SemrushBot/7~bl; +http://www.semrush.com/bot.html)" "mantech8.com"
185.191.171.23 - - [04/Feb/2023:17:01:30 -0800] "GET /index.php?camp-fire%2F34247359.html HTTP/1.1" 500 - "-" "Mozilla/5.0 (compatible; SemrushBot/7~bl; +http://www.semrush.com/bot.html)" "mantech8.com"
185.191.171.11 - - [04/Feb/2023:17:01:42 -0800] "GET /?camp-fire%2F114098133.html HTTP/1.1" 500 - "-" "Mozilla/5.0 (compatible; SemrushBot/7~bl; +http://www.semrush.com/bot.html)" "mantech8.com"
185.191.171.1 - - [04/Feb/2023:17:02:23 -0800] "GET /index.php?camp-fire%2F22767217.html HTTP/1.1" 500 - "-" "Mozilla/5.0 (compatible; SemrushBot/7~bl; +http://www.semrush.com/bot.html)" "mantech8.com"
185.191.171.34 - - [04/Feb/2023:17:03:29 -0800] "GET /index.php?camp-fire%2F87987777.html HTTP/1.1" 500 - "-" "Mozilla/5.0 (compatible; SemrushBot/7~bl; +http://www.semrush.com/bot.html)" "mantech8.com"
185.191.171.15 - - [04/Feb/2023:17:04:19 -0800] "GET /?camp-fire%2F122551360.html HTTP/1.1" 500 - "-" "Mozilla/5.0 (compatible; SemrushBot/7~bl; +http://www.semrush.com/bot.html)" "mantech8.com"
185.191.171.45 - - [04/Feb/2023:17:04:36 -0800] "GET /index.php?camp-fire%2F4265696.html HTTP/1.1" 500 - "-" "Mozilla/5.0 (compatible; SemrushBot/7~bl; +http://www.semrush.com/bot.html)" "mantech8.com"
185.191.171.33 - - [04/Feb/2023:17:06:40 -0800] "GET /index.php?camp-fire%2F20226132.html HTTP/1.1" 500 - "-" "Mozilla/5.0 (compatible; SemrushBot/7~bl; +http://www.semrush.com/bot.html)" "mantech8.com"
185.191.171.33 - - [04/Feb/2023:17:07:31 -0800] "GET /index.php?camp-fire%2F16665126.html HTTP/1.1" 500 - "-" "Mozilla/5.0 (compatible; SemrushBot/7~bl; +http://www.semrush.com/bot.html)" "mantech8.com"
185.191.171.26 - - [04/Feb/2023:17:07:47 -0800] "GET /index.php?camp-fire%2F26647247.html HTTP/1.1" 500 - "-" "Mozilla/5.0 (compatible; SemrushBot/7~bl; +http://www.semrush.com/bot.html)" "mantech8.com"
185.191.171.7 - - [04/Feb/2023:17:10:14 -0800] "GET /index.php?camp-fire%2F87902125.html HTTP/1.1" 500 - "-" "Mozilla/5.0 (compatible; SemrushBot/7~bl; +http://www.semrush.com/bot.html)" "mantech8.com"
185.191.171.7 - - [04/Feb/2023:17:10:17 -0800] "GET /index.php?camp-fire%2F33141676.html HTTP/1.1" 500 - "-" "Mozilla/5.0 (compatible; SemrushBot/7~bl; +http://www.semrush.com/bot.html)" "mantech8.com"
185.191.171.5 - - [04/Feb/2023:17:10:27 -0800] "GET /index.php?camp-fire%2F90184865.html HTTP/1.1" 500 - "-" "Mozilla/5.0 (compatible; SemrushBot/7~bl; +http://www.semrush.com/bot.html)" "mantech8.com"
185.191.171.10 - - [04/Feb/2023:17:10:44 -0800] "GET /index.php?camp-fire%2F24233433.html HTTP/1.1" 500 - "-" "Mozilla/5.0 (compatible; SemrushBot/7~bl; +http://www.semrush.com/bot.html)" "mantech8.com"
185.191.171.10 - - [04/Feb/2023:17:10:56 -0800] "GET /index.php?camp-fire%2F13988059.html HTTP/1.1" 500 - "-" "Mozilla/5.0 (compatible; SemrushBot/7~bl; +http://www.semrush.com/bot.html)" "mantech8.com"
185.191.171.39 - - [04/Feb/2023:17:11:15 -0800] "GET /index.php?camp-fire%2F20783435.html HTTP/1.1" 500 - "-" "Mozilla/5.0 (compatible; SemrushBot/7~bl; +http://www.semrush.com/bot.html)" "mantech8.com"
84.17.53.220 - - [04/Feb/2023:17:11:35 -0800] "GET /cgi-bin/indeeex.php?eec=sec HTTP/1.1" 404 88 "-" "Mozilla/5.0 (Windows NT 10.0; Win64; x64; rv:108.0) Gecko/20100101 Firefox/108.0" "www.mantech8.com"
84.17.53.220 - - [04/Feb/2023:17:11:36 -0800] "GET /cgi-bin/?eec=sec HTTP/1.1" 200 366 "-" "Mozilla/5.0 (Windows NT 10.0; Win64; x64; rv:108.0) Gecko/20100101 Firefox/108.0" "www.mantech8.com"
84.17.53.220 - - [04/Feb/2023:17:11:36 -0800] "GET /wp-admin/indeeex.php?eec=sec HTTP/1.1" 404 88 "-" "Mozilla/5.0 (Windows NT 10.0; Win64; x64; rv:108.0) Gecko/20100101 Firefox/108.0" "www.mantech8.com"
84.17.53.220 - - [04/Feb/2023:17:11:36 -0800] "GET /wp-admin/?eec=sec HTTP/1.1" 200 433 "-" "Mozilla/5.0 (Windows NT 10.0; Win64; x64; rv:108.0) Gecko/20100101 Firefox/108.0" "www.mantech8.com"
84.17.53.220 - - [04/Feb/2023:17:11:37 -0800] "GET /wp-content/indeeex.php?eec=sec HTTP/1.1" 404 88 "-" "Mozilla/5.0 (Windows NT 10.0; Win64; x64; rv:108.0) Gecko/20100101 Firefox/108.0" "www.mantech8.com"
84.17.53.220 - - [04/Feb/2023:17:11:37 -0800] "GET /wp-content/?eec=sec HTTP/1.1" 200 391 "-" "Mozilla/5.0 (Windows NT 10.0; Win64; x64; rv:108.0) Gecko/20100101 Firefox/108.0" "www.mantech8.com"
84.17.53.220 - - [04/Feb/2023:17:11:37 -0800] "GET /wp-includes/indeeex.php?eec=sec HTTP/1.1" 404 88 "-" "Mozilla/5.0 (Windows NT 10.0; Win64; x64; rv:108.0) Gecko/20100101 Firefox/108.0" "www.mantech8.com"
84.17.53.220 - - [04/Feb/2023:17:11:38 -0800] "GET /wp-includes/?eec=sec HTTP/1.1" 404 88 "-" "Mozilla/5.0 (Windows NT 10.0; Win64; x64; rv:108.0) Gecko/20100101 Firefox/108.0" "www.mantech8.com"
84.17.53.220 - - [04/Feb/2023:17:11:39 -0800] "GET /?eec=sec HTTP/1.1" 500 - "-" "Mozilla/5.0 (Windows NT 10.0; Win64; x64; rv:108.0) Gecko/20100101 Firefox/108.0" "www.mantech8.com"
84.17.53.220 - - [04/Feb/2023:17:11:39 -0800] "GET /indeeex.php?eec=sec HTTP/1.1" 404 88 "-" "Mozilla/5.0 (Windows NT 10.0; Win64; x64; rv:108.0) Gecko/20100101 Firefox/108.0" "www.mantech8.com"
185.191.171.15 - - [04/Feb/2023:17:11:44 -0800] "GET /index.php?camp-fire%2F84051359.html HTTP/1.1" 500 - "-" "Mozilla/5.0 (compatible; SemrushBot/7~bl; +http://www.semrush.com/bot.html)" "mantech8.com"
185.191.171.2 - - [04/Feb/2023:17:12:02 -0800] "GET /index.php?camp-fire%2F23949533.html HTTP/1.1" 500 - "-" "Mozilla/5.0 (compatible; SemrushBot/7~bl; +http://www.semrush.com/bot.html)" "mantech8.com"
84.17.53.220 - - [04/Feb/2023:17:12:10 -0800] "GET /wp-activate.php?sexx=sec HTTP/1.1" 404 88 "-" "Mozilla/5.0 (Windows NT 10.0; Win64; x64) AppleWebKit/537.36 (KHTML, like Gecko) Chrome/108.0.0.0 Safari/537.36" "www.mantech8.com"
84.17.53.220 - - [04/Feb/2023:17:12:11 -0800] "GET /wikindex.php?sexx=sec HTTP/1.1" 404 88 "-" "Mozilla/5.0 (Windows NT 10.0; Win64; x64) AppleWebKit/537.36 (KHTML, like Gecko) Chrome/108.0.0.0 Safari/537.36" "www.mantech8.com"
84.17.53.220 - - [04/Feb/2023:17:12:11 -0800] "GET /1index.php?sexx=sec HTTP/1.1" 404 88 "-" "Mozilla/5.0 (Windows NT 10.0; Win64; x64) AppleWebKit/537.36 (KHTML, like Gecko) Chrome/108.0.0.0 Safari/537.36" "www.mantech8.com"
84.17.53.220 - - [04/Feb/2023:17:12:11 -0800] "GET /wp-supports.php?sexx=sec HTTP/1.1" 404 88 "-" "Mozilla/5.0 (Windows NT 10.0; Win64; x64) AppleWebKit/537.36 (KHTML, like Gecko) Chrome/108.0.0.0 Safari/537.36" "www.mantech8.com"
84.17.53.220 - - [04/Feb/2023:17:12:12 -0800] "GET /wp-god.Php?sexx=sec HTTP/1.1" 404 88 "-" "Mozilla/5.0 (Windows NT 10.0; Win64; x64) AppleWebKit/537.36 (KHTML, like Gecko) Chrome/108.0.0.0 Safari/537.36" "www.mantech8.com"
84.17.53.220 - - [04/Feb/2023:17:12:12 -0800] "GET /smtphec.php?sexx=sec HTTP/1.1" 404 88 "-" "Mozilla/5.0 (Windows NT 10.0; Win64; x64) AppleWebKit/537.36 (KHTML, like Gecko) Chrome/108.0.0.0 Safari/537.36" "www.mantech8.com"
84.17.53.220 - - [04/Feb/2023:17:12:12 -0800] "GET /wp-includes/SimplePie/Decode/HTML/javascripts/js/wp-logs.php?sexx=sec HTTP/1.1" 404 88 "-" "Mozilla/5.0 (Windows NT 10.0; Win64; x64) AppleWebKit/537.36 (KHTML, like Gecko) Chrome/108.0.0.0 Safari/537.36" "www.mantech8.com"
84.17.53.220 - - [04/Feb/2023:17:12:13 -0800] "GET /wp-includes/images/wlw/javascripts/js/wp-lo.Php?sexx=sec HTTP/1.1" 404 88 "-" "Mozilla/5.0 (Windows NT 10.0; Win64; x64) AppleWebKit/537.36 (KHTML, like Gecko) Chrome/108.0.0.0 Safari/537.36" "www.mantech8.com"
84.17.53.220 - - [04/Feb/2023:17:12:13 -0800] "GET /wp-includes/images/wlw/javascripts/js/wp-logs.php?sexx=sec HTTP/1.1" 404 88 "-" "Mozilla/5.0 (Windows NT 10.0; Win64; x64) AppleWebKit/537.36 (KHTML, like Gecko) Chrome/108.0.0.0 Safari/537.36" "www.mantech8.com"
84.17.53.220 - - [04/Feb/2023:17:12:13 -0800] "GET /wp-admin/css/colors/blue/wp-logs.php?sexx=sec HTTP/1.1" 404 88 "-" "Mozilla/5.0 (Windows NT 10.0; Win64; x64) AppleWebKit/537.36 (KHTML, like Gecko) Chrome/108.0.0.0 Safari/537.36" "www.mantech8.com"
84.17.53.220 - - [04/Feb/2023:17:12:14 -0800] "GET /wp-includes/SimplePie/wp-logs.php?sexx=sec HTTP/1.1" 404 88 "-" "Mozilla/5.0 (Windows NT 10.0; Win64; x64) AppleWebKit/537.36 (KHTML, like Gecko) Chrome/108.0.0.0 Safari/537.36" "www.mantech8.com"
84.17.53.220 - - [04/Feb/2023:17:12:14 -0800] "GET /wp-includes/Requests/class-wp.php?sexx=sec HTTP/1.1" 404 88 "-" "Mozilla/5.0 (Windows NT 10.0; Win64; x64) AppleWebKit/537.36 (KHTML, like Gecko) Chrome/108.0.0.0 Safari/537.36" "www.mantech8.com"
84.17.53.220 - - [04/Feb/2023:17:12:14 -0800] "GET /administrator/modules/javascript/js/wp-lo.Php?sexx=sec HTTP/1.1" 404 88 "-" "Mozilla/5.0 (Windows NT 10.0; Win64; x64) AppleWebKit/537.36 (KHTML, like Gecko) Chrome/108.0.0.0 Safari/537.36" "www.mantech8.com"
84.17.53.220 - - [04/Feb/2023:17:12:15 -0800] "GET /administrator/modules/modules.php?sexx=sec HTTP/1.1" 404 88 "-" "Mozilla/5.0 (Windows NT 10.0; Win64; x64) AppleWebKit/537.36 (KHTML, like Gecko) Chrome/108.0.0.0 Safari/537.36" "www.mantech8.com"
84.17.53.220 - - [04/Feb/2023:17:12:15 -0800] "GET /wp-includes/SimplePie/Decode/wp-logs.php?sexx=sec HTTP/1.1" 404 88 "-" "Mozilla/5.0 (Windows NT 10.0; Win64; x64) AppleWebKit/537.36 (KHTML, like Gecko) Chrome/108.0.0.0 Safari/537.36" "www.mantech8.com"
84.17.53.220 - - [04/Feb/2023:17:12:15 -0800] "GET /catalog/view/configs.php?sexx=sec HTTP/1.1" 404 88 "-" "Mozilla/5.0 (Windows NT 10.0; Win64; x64) AppleWebKit/537.36 (KHTML, like Gecko) Chrome/108.0.0.0 Safari/537.36" "www.mantech8.com"
84.17.53.220 - - [04/Feb/2023:17:12:16 -0800] "GET /administrator/modules/javascript/js/wp-logs.php?sexx=sec HTTP/1.1" 404 88 "-" "Mozilla/5.0 (Windows NT 10.0; Win64; x64) AppleWebKit/537.36 (KHTML, like Gecko) Chrome/108.0.0.0 Safari/537.36" "www.mantech8.com"
84.17.53.220 - - [04/Feb/2023:17:12:16 -0800] "GET /wp-includes/class-query.php?hide=sec HTTP/1.1" 404 88 "-" "Mozilla/5.0 (Windows NT 10.0; Win64; x64) AppleWebKit/537.36 (KHTML, like Gecko) Chrome/108.0.0.0 Safari/537.36" "www.mantech8.com"
84.17.53.220 - - [04/Feb/2023:17:12:16 -0800] "GET /cgi-bin/wp-supports.php?sexx=sec HTTP/1.1" 404 88 "-" "Mozilla/5.0 (Windows NT 10.0; Win64; x64) AppleWebKit/537.36 (KHTML, like Gecko) Chrome/108.0.0.0 Safari/537.36" "www.mantech8.com"
84.17.53.220 - - [04/Feb/2023:17:12:17 -0800] "GET /wp-admin/wp-supports.php?sexx=sec HTTP/1.1" 404 88 "-" "Mozilla/5.0 (Windows NT 10.0; Win64; x64) AppleWebKit/537.36 (KHTML, like Gecko) Chrome/108.0.0.0 Safari/537.36" "www.mantech8.com"
84.17.53.220 - - [04/Feb/2023:17:12:17 -0800] "GET /wp-content/wp-supports.php?sexx=sec HTTP/1.1" 404 88 "-" "Mozilla/5.0 (Windows NT 10.0; Win64; x64) AppleWebKit/537.36 (KHTML, like Gecko) Chrome/108.0.0.0 Safari/537.36" "www.mantech8.com"
84.17.53.220 - - [04/Feb/2023:17:12:17 -0800] "GET /radio.php?sexx=sec HTTP/1.1" 404 88 "-" "Mozilla/5.0 (Windows NT 10.0; Win64; x64) AppleWebKit/537.36 (KHTML, like Gecko) Chrome/108.0.0.0 Safari/537.36" "www.mantech8.com"
84.17.53.220 - - [04/Feb/2023:17:12:17 -0800] "GET /wp-options.php HTTP/1.1" 404 88 "-" "Mozilla/5.0 (Windows NT 10.0; Win64; x64) AppleWebKit/537.36 (KHTML, like Gecko) Chrome/108.0.0.0 Safari/537.36" "www.mantech8.com"
84.17.53.220 - - [04/Feb/2023:17:12:18 -0800] "GET /lyda.php?sexx=sec HTTP/1.1" 404 88 "-" "Mozilla/5.0 (Windows NT 10.0; Win64; x64) AppleWebKit/537.36 (KHTML, like Gecko) Chrome/108.0.0.0 Safari/537.36" "www.mantech8.com"
84.17.53.220 - - [04/Feb/2023:17:12:18 -0800] "GET /wp-god.php?sexx=sec HTTP/1.1" 404 88 "-" "Mozilla/5.0 (Windows NT 10.0; Win64; x64) AppleWebKit/537.36 (KHTML, like Gecko) Chrome/108.0.0.0 Safari/537.36" "www.mantech8.com"
185.191.171.10 - - [04/Feb/2023:17:12:18 -0800] "GET /index.php?camp-fire%2F41661002.html HTTP/1.1" 500 - "-" "Mozilla/5.0 (compatible; SemrushBot/7~bl; +http://www.semrush.com/bot.html)" "mantech8.com"
84.17.53.220 - - [04/Feb/2023:17:12:18 -0800] "GET /cgi-bin/1index.php?sexx=sec HTTP/1.1" 404 88 "-" "Mozilla/5.0 (Windows NT 10.0; Win64; x64) AppleWebKit/537.36 (KHTML, like Gecko) Chrome/108.0.0.0 Safari/537.36" "www.mantech8.com"
84.17.53.220 - - [04/Feb/2023:17:12:19 -0800] "GET /?eec=sec HTTP/1.1" 500 - "-" "Mozilla/5.0 (Windows NT 10.0; Win64; x64) AppleWebKit/537.36 (KHTML, like Gecko) Chrome/108.0.0.0 Safari/537.36" "www.mantech8.com"
84.17.53.220 - - [04/Feb/2023:17:12:28 -0800] "GET /wp-god.Php?sexx=sec HTTP/1.1" 404 88 "-" "Mozilla/5.0 (Windows NT 10.0; Win64; x64; rv:108.0) Gecko/20100101 Firefox/108.0" "www.mantech8.com"
84.17.53.220 - - [04/Feb/2023:17:12:29 -0800] "GET /administrator/modules/javascript/js/wp-lo.Php?sexx=sec HTTP/1.1" 404 88 "-" "Mozilla/5.0 (Windows NT 10.0; Win64; x64; rv:108.0) Gecko/20100101 Firefox/108.0" "www.mantech8.com"
84.17.53.220 - - [04/Feb/2023:17:12:29 -0800] "GET /wp-includes/SimplePie/Decode/wp-logs.php?sexx=sec HTTP/1.1" 404 88 "-" "Mozilla/5.0 (Windows NT 10.0; Win64; x64; rv:108.0) Gecko/20100101 Firefox/108.0" "www.mantech8.com"
84.17.53.220 - - [04/Feb/2023:17:12:29 -0800] "GET /wp-god.php HTTP/1.1" 404 88 "-" "Mozilla/5.0 (Windows NT 10.0; Win64; x64; rv:108.0) Gecko/20100101 Firefox/108.0" "www.mantech8.com"
84.17.53.220 - - [04/Feb/2023:17:12:30 -0800] "GET /administrator/modules/javascript/js/wp-logs.php?sexx=sec HTTP/1.1" 404 88 "-" "Mozilla/5.0 (Windows NT 10.0; Win64; x64; rv:108.0) Gecko/20100101 Firefox/108.0" "www.mantech8.com"
84.17.53.220 - - [04/Feb/2023:17:12:30 -0800] "GET /wp-admin/1index.php?sexx=sec HTTP/1.1" 404 88 "-" "Mozilla/5.0 (Windows NT 10.0; Win64; x64; rv:108.0) Gecko/20100101 Firefox/108.0" "www.mantech8.com"
84.17.53.220 - - [04/Feb/2023:17:12:30 -0800] "GET /wp-content/1index.php?sexx=sec HTTP/1.1" 404 88 "-" "Mozilla/5.0 (Windows NT 10.0; Win64; x64; rv:108.0) Gecko/20100101 Firefox/108.0" "www.mantech8.com"
84.17.53.220 - - [04/Feb/2023:17:12:31 -0800] "GET /wp-includes/images/wlw/javascripts/js/wp-logs.php?sexx=sec HTTP/1.1" 404 88 "-" "Mozilla/5.0 (Windows NT 10.0; Win64; x64; rv:108.0) Gecko/20100101 Firefox/108.0" "www.mantech8.com"
84.17.53.220 - - [04/Feb/2023:17:12:31 -0800] "GET /wp-includes/SimplePie/Decode/HTML/javascripts/js/wp-logs.php?sexx=sec HTTP/1.1" 404 88 "-" "Mozilla/5.0 (Windows NT 10.0; Win64; x64; rv:108.0) Gecko/20100101 Firefox/108.0" "www.mantech8.com"
84.17.53.220 - - [04/Feb/2023:17:12:31 -0800] "GET /administrator/modules/modules.php?sexx=sec HTTP/1.1" 404 88 "-" "Mozilla/5.0 (Windows NT 10.0; Win64; x64; rv:108.0) Gecko/20100101 Firefox/108.0" "www.mantech8.com"
84.17.53.220 - - [04/Feb/2023:17:12:32 -0800] "GET /1index.php?sexx=sec HTTP/1.1" 404 88 "-" "Mozilla/5.0 (Windows NT 10.0; Win64; x64; rv:108.0) Gecko/20100101 Firefox/108.0" "www.mantech8.com"
84.17.53.220 - - [04/Feb/2023:17:12:32 -0800] "GET /wp-includes/SimplePie/wp-logs.php?sexx=sec HTTP/1.1" 404 88 "-" "Mozilla/5.0 (Windows NT 10.0; Win64; x64; rv:108.0) Gecko/20100101 Firefox/108.0" "www.mantech8.com"
84.17.53.220 - - [04/Feb/2023:17:12:32 -0800] "GET /smtphec.php?sexx=sec HTTP/1.1" 404 88 "-" "Mozilla/5.0 (Windows NT 10.0; Win64; x64; rv:108.0) Gecko/20100101 Firefox/108.0" "www.mantech8.com"
84.17.53.220 - - [04/Feb/2023:17:12:33 -0800] "GET /radio.php?sexx=sec HTTP/1.1" 404 88 "-" "Mozilla/5.0 (Windows NT 10.0; Win64; x64; rv:108.0) Gecko/20100101 Firefox/108.0" "www.mantech8.com"
84.17.53.220 - - [04/Feb/2023:17:12:33 -0800] "GET /wp-admin/css/colors/blue/wp-logs.php?sexx=sec HTTP/1.1" 404 88 "-" "Mozilla/5.0 (Windows NT 10.0; Win64; x64; rv:108.0) Gecko/20100101 Firefox/108.0" "www.mantech8.com"
84.17.53.220 - - [04/Feb/2023:17:12:33 -0800] "GET /wp-supports.php?sexx=sec HTTP/1.1" 404 88 "-" "Mozilla/5.0 (Windows NT 10.0; Win64; x64; rv:108.0) Gecko/20100101 Firefox/108.0" "www.mantech8.com"
84.17.53.220 - - [04/Feb/2023:17:12:34 -0800] "GET /wikindex.php?sexx=sec HTTP/1.1" 404 88 "-" "Mozilla/5.0 (Windows NT 10.0; Win64; x64; rv:108.0) Gecko/20100101 Firefox/108.0" "www.mantech8.com"
84.17.53.220 - - [04/Feb/2023:17:12:34 -0800] "GET /wp-includes/images/wlw/javascripts/js/wp-lo.Php?sexx=sec HTTP/1.1" 404 88 "-" "Mozilla/5.0 (Windows NT 10.0; Win64; x64; rv:108.0) Gecko/20100101 Firefox/108.0" "www.mantech8.com"
84.17.53.220 - - [04/Feb/2023:17:12:34 -0800] "GET /wp-activate.php?sexx=sec HTTP/1.1" 404 88 "-" "Mozilla/5.0 (Windows NT 10.0; Win64; x64; rv:108.0) Gecko/20100101 Firefox/108.0" "www.mantech8.com"
84.17.53.220 - - [04/Feb/2023:17:12:35 -0800] "GET /wp-includes/Requests/class-wp.php?sexx=sec HTTP/1.1" 404 88 "-" "Mozilla/5.0 (Windows NT 10.0; Win64; x64; rv:108.0) Gecko/20100101 Firefox/108.0" "www.mantech8.com"
84.17.53.220 - - [04/Feb/2023:17:12:35 -0800] "GET /cgi-bin/1index.php?sexx=sec HTTP/1.1" 404 88 "-" "Mozilla/5.0 (Windows NT 10.0; Win64; x64; rv:108.0) Gecko/20100101 Firefox/108.0" "www.mantech8.com"
84.17.53.220 - - [04/Feb/2023:17:12:35 -0800] "GET /catalog/view/configs.php?sexx=sec HTTP/1.1" 404 88 "-" "Mozilla/5.0 (Windows NT 10.0; Win64; x64; rv:108.0) Gecko/20100101 Firefox/108.0" "www.mantech8.com"
84.17.53.220 - - [04/Feb/2023:17:12:36 -0800] "GET /lyda.php?sexx=sec HTTP/1.1" 404 88 "-" "Mozilla/5.0 (Windows NT 10.0; Win64; x64; rv:108.0) Gecko/20100101 Firefox/108.0" "www.mantech8.com"
84.17.53.220 - - [04/Feb/2023:17:12:36 -0800] "GET /lyda.php?sexx=sec HTTP/1.1" 404 88 "-" "Mozilla/5.0 (Windows NT 10.0; Win64; x64; rv:108.0) Gecko/20100101 Firefox/108.0" "www.mantech8.com"
84.17.53.220 - - [04/Feb/2023:17:12:36 -0800] "GET /lyda.php?sexx=sec HTTP/1.1" 404 88 "-" "Mozilla/5.0 (Windows NT 10.0; Win64; x64; rv:108.0) Gecko/20100101 Firefox/108.0" "www.mantech8.com"
84.17.53.220 - - [04/Feb/2023:17:12:36 -0800] "GET /lyda.php?sexx=sec HTTP/1.1" 404 88 "-" "Mozilla/5.0 (Windows NT 10.0; Win64; x64; rv:108.0) Gecko/20100101 Firefox/108.0" "www.mantech8.com"
84.17.53.220 - - [04/Feb/2023:17:12:37 -0800] "GET /lyda.php?sexx=sec HTTP/1.1" 404 88 "-" "Mozilla/5.0 (Windows NT 10.0; Win64; x64; rv:108.0) Gecko/20100101 Firefox/108.0" "www.mantech8.com"
84.17.53.220 - - [04/Feb/2023:17:12:37 -0800] "GET /lyda.php?sexx=sec HTTP/1.1" 404 88 "-" "Mozilla/5.0 (Windows NT 10.0; Win64; x64; rv:108.0) Gecko/20100101 Firefox/108.0" "www.mantech8.com"
185.191.171.7 - - [04/Feb/2023:17:12:42 -0800] "GET /index.php?camp-fire%2F17602380.html HTTP/1.1" 500 - "-" "Mozilla/5.0 (compatible; SemrushBot/7~bl; +http://www.semrush.com/bot.html)" "mantech8.com"
185.191.171.16 - - [04/Feb/2023:17:12:44 -0800] "GET /index.php?camp-fire%2F38140072.html HTTP/1.1" 500 - "-" "Mozilla/5.0 (compatible; SemrushBot/7~bl; +http://www.semrush.com/bot.html)" "mantech8.com"
185.191.171.23 - - [04/Feb/2023:17:12:55 -0800] "GET /?camp-fire%2F123246916.html HTTP/1.1" 500 - "-" "Mozilla/5.0 (compatible; SemrushBot/7~bl; +http://www.semrush.com/bot.html)" "mantech8.com"
185.191.171.39 - - [04/Feb/2023:17:14:22 -0800] "GET /index.php?camp-fire%2F16000356.html HTTP/1.1" 500 - "-" "Mozilla/5.0 (compatible; SemrushBot/7~bl; +http://www.semrush.com/bot.html)" "mantech8.com"
185.191.171.40 - - [04/Feb/2023:17:15:18 -0800] "GET /index.php?camp-fire%2F24480183.html HTTP/1.1" 500 - "-" "Mozilla/5.0 (compatible; SemrushBot/7~bl; +http://www.semrush.com/bot.html)" "mantech8.com"
185.191.171.2 - - [04/Feb/2023:17:17:07 -0800] "GET /index.php?camp-fire%2F9692783.html HTTP/1.1" 500 - "-" "Mozilla/5.0 (compatible; SemrushBot/7~bl; +http://www.semrush.com/bot.html)" "mantech8.com"
