207.46.13.101 - - [05/Feb/2023:14:43:44 -0800] "GET /index.php/95fade HTTP/1.1" 200 66628 "-" "Mozilla/5.0 AppleWebKit/537.36 (KHTML, like Gecko; compatible; bingbot/2.0; +http://www.bing.com/bingbot.htm) Chrome/103.0.5060.134 Safari/537.36" "mantech8.com"
185.191.171.8 - - [05/Feb/2023:14:43:50 -0800] "GET /index.php?camp-fire%2F24594630.html HTTP/1.1" 500 - "-" "Mozilla/5.0 (compatible; SemrushBot/7~bl; +http://www.semrush.com/bot.html)" "mantech8.com"
185.191.171.42 - - [05/Feb/2023:14:44:51 -0800] "GET /index.php?camp-fire%2F20209332.html HTTP/1.1" 500 - "-" "Mozilla/5.0 (compatible; SemrushBot/7~bl; +http://www.semrush.com/bot.html)" "mantech8.com"
185.191.171.20 - - [05/Feb/2023:14:45:02 -0800] "GET /index.php?camp-fire%2F8819308.html HTTP/1.1" 500 - "-" "Mozilla/5.0 (compatible; SemrushBot/7~bl; +http://www.semrush.com/bot.html)" "mantech8.com"
52.167.144.92 - - [05/Feb/2023:14:45:04 -0800] "GET /?/jwgk/gzbg/ HTTP/1.1" 200 63998 "-" "Mozilla/5.0 AppleWebKit/537.36 (KHTML, like Gecko; compatible; bingbot/2.0; +http://www.bing.com/bingbot.htm) Chrome/103.0.5060.134 Safari/537.36" "mantech8.com"
52.167.144.92 - - [05/Feb/2023:14:45:05 -0800] "GET /index.php/ba8s-92dbc-091eq.ii HTTP/1.1" 200 65654 "-" "Mozilla/5.0 AppleWebKit/537.36 (KHTML, like Gecko; compatible; bingbot/2.0; +http://www.bing.com/bingbot.htm) Chrome/103.0.5060.134 Safari/537.36" "mantech8.com"
207.46.13.180 - - [05/Feb/2023:14:45:09 -0800] "GET /index.php/1zve-608f4dbe-jv1os.ii HTTP/1.1" 200 102570 "-" "Mozilla/5.0 AppleWebKit/537.36 (KHTML, like Gecko; compatible; bingbot/2.0; +http://www.bing.com/bingbot.htm) Chrome/103.0.5060.134 Safari/537.36" "mantech8.com"
185.191.171.23 - - [05/Feb/2023:14:45:28 -0800] "GET /index.php/camp-fire/15338865.html HTTP/1.1" 500 - "-" "Mozilla/5.0 (compatible; SemrushBot/7~bl; +http://www.semrush.com/bot.html)" "mantech8.com"
185.191.171.43 - - [05/Feb/2023:14:45:30 -0800] "GET /index.php?camp-fire%2F20862635.html HTTP/1.1" 500 - "-" "Mozilla/5.0 (compatible; SemrushBot/7~bl; +http://www.semrush.com/bot.html)" "mantech8.com"
185.191.171.44 - - [05/Feb/2023:14:45:31 -0800] "GET /index.php?camp-fire%2F15688983.html HTTP/1.1" 500 - "-" "Mozilla/5.0 (compatible; SemrushBot/7~bl; +http://www.semrush.com/bot.html)" "mantech8.com"
52.167.144.92 - - [05/Feb/2023:14:45:35 -0800] "GET /index.php/23eaec HTTP/1.1" 200 71733 "-" "Mozilla/5.0 AppleWebKit/537.36 (KHTML, like Gecko; compatible; bingbot/2.0; +http://www.bing.com/bingbot.htm) Chrome/103.0.5060.134 Safari/537.36" "mantech8.com"
185.191.171.36 - - [05/Feb/2023:14:45:53 -0800] "GET /index.php?camp-fire%2F17519727.html HTTP/1.1" 500 - "-" "Mozilla/5.0 (compatible; SemrushBot/7~bl; +http://www.semrush.com/bot.html)" "mantech8.com"
40.77.167.253 - - [05/Feb/2023:14:46:35 -0800] "GET /index.php?camp-fire/66089065.html HTTP/1.1" 200 68353 "-" "Mozilla/5.0 AppleWebKit/537.36 (KHTML, like Gecko; compatible; bingbot/2.0; +http://www.bing.com/bingbot.htm) Chrome/103.0.5060.134 Safari/537.36" "www.mantech8.com"
185.191.171.14 - - [05/Feb/2023:14:47:27 -0800] "GET /index.php?camp-fire%2F17997881.html HTTP/1.1" 500 - "-" "Mozilla/5.0 (compatible; SemrushBot/7~bl; +http://www.semrush.com/bot.html)" "mantech8.com"
185.191.171.16 - - [05/Feb/2023:14:47:32 -0800] "GET /index.php?camp-fire%2F17434565.html HTTP/1.1" 500 - "-" "Mozilla/5.0 (compatible; SemrushBot/7~bl; +http://www.semrush.com/bot.html)" "mantech8.com"
185.191.171.13 - - [05/Feb/2023:14:48:29 -0800] "GET /index.php?camp-fire%2F16474356.html HTTP/1.1" 500 - "-" "Mozilla/5.0 (compatible; SemrushBot/7~bl; +http://www.semrush.com/bot.html)" "mantech8.com"
52.167.144.92 - - [05/Feb/2023:14:49:35 -0800] "GET /index.php/dhro-e079bdfdb-xse05.ii HTTP/1.1" 200 71876 "-" "Mozilla/5.0 AppleWebKit/537.36 (KHTML, like Gecko; compatible; bingbot/2.0; +http://www.bing.com/bingbot.htm) Chrome/103.0.5060.134 Safari/537.36" "mantech8.com"
185.191.171.21 - - [05/Feb/2023:14:49:49 -0800] "GET /index.php?camp-fire%2F15560665.html HTTP/1.1" 500 - "-" "Mozilla/5.0 (compatible; SemrushBot/7~bl; +http://www.semrush.com/bot.html)" "mantech8.com"
185.191.171.16 - - [05/Feb/2023:14:50:22 -0800] "GET /index.php?camp-fire%2F11488309.html HTTP/1.1" 500 - "-" "Mozilla/5.0 (compatible; SemrushBot/7~bl; +http://www.semrush.com/bot.html)" "mantech8.com"
207.46.13.100 - - [05/Feb/2023:14:50:45 -0800] "GET /index.php/k937-d76befaa-7puwc.ii HTTP/1.1" 200 72204 "-" "Mozilla/5.0 AppleWebKit/537.36 (KHTML, like Gecko; compatible; bingbot/2.0; +http://www.bing.com/bingbot.htm) Chrome/103.0.5060.134 Safari/537.36" "mantech8.com"
207.46.13.100 - - [05/Feb/2023:14:50:46 -0800] "GET /?/xxdt/xxxb/ HTTP/1.1" 200 63711 "-" "Mozilla/5.0 AppleWebKit/537.36 (KHTML, like Gecko; compatible; bingbot/2.0; +http://www.bing.com/bingbot.htm) Chrome/103.0.5060.134 Safari/537.36" "mantech8.com"
185.191.171.4 - - [05/Feb/2023:14:50:46 -0800] "GET /index.php?camp-fire%2F89412700.html HTTP/1.1" 500 - "-" "Mozilla/5.0 (compatible; SemrushBot/7~bl; +http://www.semrush.com/bot.html)" "mantech8.com"
185.191.171.2 - - [05/Feb/2023:14:51:02 -0800] "GET /index.php/camp-fire/27144663.html HTTP/1.1" 500 - "-" "Mozilla/5.0 (compatible; SemrushBot/7~bl; +http://www.semrush.com/bot.html)" "mantech8.com"
185.191.171.7 - - [05/Feb/2023:14:51:14 -0800] "GET /index.php?camp-fire%2F17875180.html HTTP/1.1" 500 - "-" "Mozilla/5.0 (compatible; SemrushBot/7~bl; +http://www.semrush.com/bot.html)" "mantech8.com"
207.46.13.51 - - [05/Feb/2023:14:51:24 -0800] "GET /?/nyaffett HTTP/1.1" 200 59791 "-" "Mozilla/5.0 AppleWebKit/537.36 (KHTML, like Gecko; compatible; bingbot/2.0; +http://www.bing.com/bingbot.htm) Chrome/103.0.5060.134 Safari/537.36" "mantech8.com"
207.46.13.51 - - [05/Feb/2023:14:51:25 -0800] "GET /index.php/d1a3befbfd HTTP/1.1" 200 76097 "-" "Mozilla/5.0 AppleWebKit/537.36 (KHTML, like Gecko; compatible; bingbot/2.0; +http://www.bing.com/bingbot.htm) Chrome/103.0.5060.134 Safari/537.36" "mantech8.com"
207.46.13.51 - - [05/Feb/2023:14:51:25 -0800] "GET /index.php/14ae6dcece HTTP/1.1" 200 65698 "-" "Mozilla/5.0 AppleWebKit/537.36 (KHTML, like Gecko; compatible; bingbot/2.0; +http://www.bing.com/bingbot.htm) Chrome/103.0.5060.134 Safari/537.36" "mantech8.com"
157.55.39.133 - - [05/Feb/2023:14:51:50 -0800] "GET /index.php/29f9abdbfd HTTP/1.1" 200 72023 "-" "Mozilla/5.0 AppleWebKit/537.36 (KHTML, like Gecko; compatible; bingbot/2.0; +http://www.bing.com/bingbot.htm) Chrome/103.0.5060.134 Safari/537.36" "mantech8.com"
185.191.171.4 - - [05/Feb/2023:14:51:51 -0800] "GET /index.php?camp-fire%2F18438827.html HTTP/1.1" 500 - "-" "Mozilla/5.0 (compatible; SemrushBot/7~bl; +http://www.semrush.com/bot.html)" "mantech8.com"
207.46.13.51 - - [05/Feb/2023:14:52:38 -0800] "GET /index.php/QLQc-2c69ddcfcb-48FS4.Ii HTTP/1.1" 200 66335 "-" "Mozilla/5.0 AppleWebKit/537.36 (KHTML, like Gecko; compatible; bingbot/2.0; +http://www.bing.com/bingbot.htm) Chrome/103.0.5060.134 Safari/537.36" "www.mantech8.com"
40.77.167.253 - - [05/Feb/2023:14:53:04 -0800] "GET /index.php/db426cfade HTTP/1.1" 200 75343 "-" "Mozilla/5.0 AppleWebKit/537.36 (KHTML, like Gecko; compatible; bingbot/2.0; +http://www.bing.com/bingbot.htm) Chrome/103.0.5060.134 Safari/537.36" "mantech8.com"
207.46.13.180 - - [05/Feb/2023:14:53:07 -0800] "GET /index.php/gvdr-759cacfba-vkfhg.ii HTTP/1.1" 200 63460 "-" "Mozilla/5.0 AppleWebKit/537.36 (KHTML, like Gecko; compatible; bingbot/2.0; +http://www.bing.com/bingbot.htm) Chrome/103.0.5060.134 Safari/537.36" "mantech8.com"
207.46.13.101 - - [05/Feb/2023:14:53:08 -0800] "GET /index.php/ccc2dabdf HTTP/1.1" 200 71719 "-" "Mozilla/5.0 AppleWebKit/537.36 (KHTML, like Gecko; compatible; bingbot/2.0; +http://www.bing.com/bingbot.htm) Chrome/103.0.5060.134 Safari/537.36" "mantech8.com"
185.191.171.1 - - [05/Feb/2023:14:54:23 -0800] "GET /index.php?camp-fire%2F87482484.html HTTP/1.1" 500 - "-" "Mozilla/5.0 (compatible; SemrushBot/7~bl; +http://www.semrush.com/bot.html)" "mantech8.com"
185.191.171.19 - - [05/Feb/2023:14:54:27 -0800] "GET /index.php?camp-fire%2F85080093.html HTTP/1.1" 500 - "-" "Mozilla/5.0 (compatible; SemrushBot/7~bl; +http://www.semrush.com/bot.html)" "mantech8.com"
207.46.13.51 - - [05/Feb/2023:14:54:33 -0800] "GET /index.php/95cad/88eab HTTP/1.1" 200 65419 "-" "Mozilla/5.0 AppleWebKit/537.36 (KHTML, like Gecko; compatible; bingbot/2.0; +http://www.bing.com/bingbot.htm) Chrome/103.0.5060.134 Safari/537.36" "mantech8.com"
185.191.171.9 - - [05/Feb/2023:14:54:50 -0800] "GET /index.php/camp-fire/13565609.html HTTP/1.1" 500 - "-" "Mozilla/5.0 (compatible; SemrushBot/7~bl; +http://www.semrush.com/bot.html)" "mantech8.com"
185.191.171.25 - - [05/Feb/2023:14:54:53 -0800] "GET /index.php?camp-fire%2F16898393.html HTTP/1.1" 500 - "-" "Mozilla/5.0 (compatible; SemrushBot/7~bl; +http://www.semrush.com/bot.html)" "mantech8.com"
185.191.171.41 - - [05/Feb/2023:14:54:54 -0800] "GET /index.php?camp-fire%2F19216132.html HTTP/1.1" 500 - "-" "Mozilla/5.0 (compatible; SemrushBot/7~bl; +http://www.semrush.com/bot.html)" "mantech8.com"
52.167.144.92 - - [05/Feb/2023:14:54:55 -0800] "GET /index.php/03bfbbad HTTP/1.1" 200 73361 "-" "Mozilla/5.0 AppleWebKit/537.36 (KHTML, like Gecko; compatible; bingbot/2.0; +http://www.bing.com/bingbot.htm) Chrome/103.0.5060.134 Safari/537.36" "mantech8.com"
185.191.171.26 - - [05/Feb/2023:14:55:01 -0800] "GET /index.php?camp-fire%2F19092332.html HTTP/1.1" 500 - "-" "Mozilla/5.0 (compatible; SemrushBot/7~bl; +http://www.semrush.com/bot.html)" "mantech8.com"
157.55.39.133 - - [05/Feb/2023:14:55:20 -0800] "GET /index.php/2d3abdddf HTTP/1.1" 200 65109 "-" "Mozilla/5.0 AppleWebKit/537.36 (KHTML, like Gecko; compatible; bingbot/2.0; +http://www.bing.com/bingbot.htm) Chrome/103.0.5060.134 Safari/537.36" "mantech8.com"
185.191.171.14 - - [05/Feb/2023:14:55:22 -0800] "GET /index.php?camp-fire%2F43886517.html HTTP/1.1" 500 - "-" "Mozilla/5.0 (compatible; SemrushBot/7~bl; +http://www.semrush.com/bot.html)" "mantech8.com"
52.167.144.92 - - [05/Feb/2023:14:55:26 -0800] "GET /?/1807/list.psp HTTP/1.1" 200 60798 "-" "Mozilla/5.0 AppleWebKit/537.36 (KHTML, like Gecko; compatible; bingbot/2.0; +http://www.bing.com/bingbot.htm) Chrome/103.0.5060.134 Safari/537.36" "mantech8.com"
207.46.13.180 - - [05/Feb/2023:14:55:56 -0800] "GET /index.php/66ecdcffa HTTP/1.1" 200 64875 "-" "Mozilla/5.0 AppleWebKit/537.36 (KHTML, like Gecko; compatible; bingbot/2.0; +http://www.bing.com/bingbot.htm) Chrome/103.0.5060.134 Safari/537.36" "mantech8.com"
114.119.159.61 - - [05/Feb/2023:14:56:12 -0800] "GET /gelsemic.xml HTTP/1.1" 404 88 "-" "Mozilla/5.0 (Linux; Android 7.0;) AppleWebKit/537.36 (KHTML, like Gecko) Mobile Safari/537.36 (compatible; PetalBot;+https://webmaster.petalsearch.com/site/petalbot)" "mantech8.com"
207.46.13.51 - - [05/Feb/2023:14:56:29 -0800] "GET /index.php?/2020/08/17/%E4%B8%AD%E5%8F%A4%E7%89%A9%E4%BB%B6%E6%96%B0%E4%BE%A1%E6%A0%BC%E6%9B%B4%E6%96%B0%EF%BC%81%EF%BC%81/ HTTP/1.1" 200 68422 "-" "Mozilla/5.0 AppleWebKit/537.36 (KHTML, like Gecko; compatible; bingbot/2.0; +http://www.bing.com/bingbot.htm) Chrome/103.0.5060.134 Safari/537.36" "www.mantech8.com"
185.191.171.25 - - [05/Feb/2023:14:56:32 -0800] "GET /index.php?camp-fire%2F25090306.html HTTP/1.1" 500 - "-" "Mozilla/5.0 (compatible; SemrushBot/7~bl; +http://www.semrush.com/bot.html)" "mantech8.com"
157.55.39.133 - - [05/Feb/2023:14:57:00 -0800] "GET /index.php/txf8-6dccff-apbdd.ii HTTP/1.1" 200 69756 "-" "Mozilla/5.0 AppleWebKit/537.36 (KHTML, like Gecko; compatible; bingbot/2.0; +http://www.bing.com/bingbot.htm) Chrome/103.0.5060.134 Safari/537.36" "mantech8.com"
185.191.171.40 - - [05/Feb/2023:14:57:00 -0800] "GET /index.php?camp-fire%2F32640668.html HTTP/1.1" 500 - "-" "Mozilla/5.0 (compatible; SemrushBot/7~bl; +http://www.semrush.com/bot.html)" "mantech8.com"
52.167.144.92 - - [05/Feb/2023:14:57:15 -0800] "GET /index.php/e9aa HTTP/1.1" 200 62922 "-" "Mozilla/5.0 AppleWebKit/537.36 (KHTML, like Gecko; compatible; bingbot/2.0; +http://www.bing.com/bingbot.htm) Chrome/103.0.5060.134 Safari/537.36" "mantech8.com"
114.119.142.236 - - [05/Feb/2023:14:57:22 -0800] "GET /index.php?sitemap87.xml HTTP/1.1" 200 289124 "-" "Mozilla/5.0 (Linux; Android 7.0;) AppleWebKit/537.36 (KHTML, like Gecko) Mobile Safari/537.36 (compatible; PetalBot;+https://webmaster.petalsearch.com/site/petalbot)" "mantech8.com"
185.191.171.21 - - [05/Feb/2023:14:58:54 -0800] "GET /index.php?camp-fire%2F1354472.html HTTP/1.1" 500 - "-" "Mozilla/5.0 (compatible; SemrushBot/7~bl; +http://www.semrush.com/bot.html)" "mantech8.com"
40.77.167.253 - - [05/Feb/2023:14:58:55 -0800] "GET /index.php/wtzk-9c1acfbff-n3144.ii HTTP/1.1" 200 71662 "-" "Mozilla/5.0 AppleWebKit/537.36 (KHTML, like Gecko; compatible; bingbot/2.0; +http://www.bing.com/bingbot.htm) Chrome/103.0.5060.134 Safari/537.36" "mantech8.com"
185.191.171.21 - - [05/Feb/2023:14:58:59 -0800] "GET /index.php?camp-fire%2F1404153.html HTTP/1.1" 500 - "-" "Mozilla/5.0 (compatible; SemrushBot/7~bl; +http://www.semrush.com/bot.html)" "mantech8.com"
185.191.171.40 - - [05/Feb/2023:14:59:10 -0800] "GET /index.php?camp-fire%2F20781935.html HTTP/1.1" 500 - "-" "Mozilla/5.0 (compatible; SemrushBot/7~bl; +http://www.semrush.com/bot.html)" "mantech8.com"
157.55.39.133 - - [05/Feb/2023:14:59:10 -0800] "GET /index.php/Wf2o-8e9ffbed-G7jne.Ii HTTP/1.1" 200 79324 "-" "Mozilla/5.0 AppleWebKit/537.36 (KHTML, like Gecko; compatible; bingbot/2.0; +http://www.bing.com/bingbot.htm) Chrome/103.0.5060.134 Safari/537.36" "mantech8.com"
157.55.39.133 - - [05/Feb/2023:14:59:11 -0800] "GET /index.php/86fadc HTTP/1.1" 200 72722 "-" "Mozilla/5.0 AppleWebKit/537.36 (KHTML, like Gecko; compatible; bingbot/2.0; +http://www.bing.com/bingbot.htm) Chrome/103.0.5060.134 Safari/537.36" "mantech8.com"
185.191.171.11 - - [05/Feb/2023:14:59:44 -0800] "GET /index.php?camp-fire%2F23687906.html HTTP/1.1" 500 - "-" "Mozilla/5.0 (compatible; SemrushBot/7~bl; +http://www.semrush.com/bot.html)" "mantech8.com"
185.191.171.1 - - [05/Feb/2023:14:59:47 -0800] "GET /index.php?camp-fire%2F14812172.html HTTP/1.1" 500 - "-" "Mozilla/5.0 (compatible; SemrushBot/7~bl; +http://www.semrush.com/bot.html)" "mantech8.com"
207.46.13.180 - - [05/Feb/2023:14:59:57 -0800] "GET /index.php/bljc-18d2ffdff-kwwlc.ii HTTP/1.1" 200 66547 "-" "Mozilla/5.0 AppleWebKit/537.36 (KHTML, like Gecko; compatible; bingbot/2.0; +http://www.bing.com/bingbot.htm) Chrome/103.0.5060.134 Safari/537.36" "mantech8.com"
185.191.171.26 - - [05/Feb/2023:15:00:08 -0800] "GET /index.php?camp-fire%2F23930633.html HTTP/1.1" 500 - "-" "Mozilla/5.0 (compatible; SemrushBot/7~bl; +http://www.semrush.com/bot.html)" "mantech8.com"
185.191.171.38 - - [05/Feb/2023:15:00:13 -0800] "GET /index.php?camp-fire%2F24260750.html HTTP/1.1" 500 - "-" "Mozilla/5.0 (compatible; SemrushBot/7~bl; +http://www.semrush.com/bot.html)" "mantech8.com"
185.191.171.18 - - [05/Feb/2023:15:00:24 -0800] "GET /index.php?camp-fire%2F90392061.html HTTP/1.1" 500 - "-" "Mozilla/5.0 (compatible; SemrushBot/7~bl; +http://www.semrush.com/bot.html)" "mantech8.com"
185.191.171.25 - - [05/Feb/2023:15:00:26 -0800] "GET /index.php/camp-fire/34840970.html HTTP/1.1" 500 - "-" "Mozilla/5.0 (compatible; SemrushBot/7~bl; +http://www.semrush.com/bot.html)" "mantech8.com"
40.77.167.253 - - [05/Feb/2023:15:02:15 -0800] "GET /index.php/vmbp-d8fa2cfd-umn3u.ii HTTP/1.1" 200 65879 "-" "Mozilla/5.0 AppleWebKit/537.36 (KHTML, like Gecko; compatible; bingbot/2.0; +http://www.bing.com/bingbot.htm) Chrome/103.0.5060.134 Safari/537.36" "mantech8.com"
216.244.66.241 - - [05/Feb/2023:15:02:24 -0800] "GET /robots.txt HTTP/1.1" 200 222 "-" "Mozilla/5.0 (compatible; DotBot/1.2; +https://opensiteexplorer.org/dotbot; help@moz.com)" "www.mantech8.com"
216.244.66.241 - - [05/Feb/2023:15:02:24 -0800] "GET /robots.txt HTTP/1.1" 200 222 "-" "Mozilla/5.0 (compatible; DotBot/1.2; +https://opensiteexplorer.org/dotbot; help@moz.com)" "mantech8.com"
207.46.13.180 - - [05/Feb/2023:15:02:37 -0800] "GET /?/nd.jsp?id=328 HTTP/1.1" 200 59169 "-" "Mozilla/5.0 AppleWebKit/537.36 (KHTML, like Gecko; compatible; bingbot/2.0; +http://www.bing.com/bingbot.htm) Chrome/103.0.5060.134 Safari/537.36" "mantech8.com"
185.191.171.18 - - [05/Feb/2023:15:02:49 -0800] "GET /index.php?camp-fire%2F24537430.html HTTP/1.1" 500 - "-" "Mozilla/5.0 (compatible; SemrushBot/7~bl; +http://www.semrush.com/bot.html)" "mantech8.com"
207.46.13.180 - - [05/Feb/2023:15:03:38 -0800] "GET /index.php/bljc-26b1bfcfdc-ksbop.ii HTTP/1.1" 200 70225 "-" "Mozilla/5.0 AppleWebKit/537.36 (KHTML, like Gecko; compatible; bingbot/2.0; +http://www.bing.com/bingbot.htm) Chrome/103.0.5060.134 Safari/537.36" "mantech8.com"
207.46.13.100 - - [05/Feb/2023:15:03:55 -0800] "GET /index.php/aqji-7e5f5dedbe-nxaaq.ii HTTP/1.1" 200 77300 "-" "Mozilla/5.0 AppleWebKit/537.36 (KHTML, like Gecko; compatible; bingbot/2.0; +http://www.bing.com/bingbot.htm) Chrome/103.0.5060.134 Safari/537.36" "mantech8.com"
185.191.171.9 - - [05/Feb/2023:15:04:05 -0800] "GET /index.php?camp-fire%2F25689806.html HTTP/1.1" 500 - "-" "Mozilla/5.0 (compatible; SemrushBot/7~bl; +http://www.semrush.com/bot.html)" "mantech8.com"
52.167.144.92 - - [05/Feb/2023:15:04:36 -0800] "GET /index.php/vmbp-e6cc-umjhj.ii HTTP/1.1" 200 66413 "-" "Mozilla/5.0 AppleWebKit/537.36 (KHTML, like Gecko; compatible; bingbot/2.0; +http://www.bing.com/bingbot.htm) Chrome/103.0.5060.134 Safari/537.36" "mantech8.com"
185.191.171.6 - - [05/Feb/2023:15:04:52 -0800] "GET /index.php?camp-fire%2F16727526.html HTTP/1.1" 500 - "-" "Mozilla/5.0 (compatible; SemrushBot/7~bl; +http://www.semrush.com/bot.html)" "mantech8.com"
185.191.171.18 - - [05/Feb/2023:15:04:53 -0800] "GET /index.php?camp-fire%2F21612217.html HTTP/1.1" 500 - "-" "Mozilla/5.0 (compatible; SemrushBot/7~bl; +http://www.semrush.com/bot.html)" "mantech8.com"
185.191.171.4 - - [05/Feb/2023:15:05:20 -0800] "GET /index.php?camp-fire%2F78379300.html HTTP/1.1" 500 - "-" "Mozilla/5.0 (compatible; SemrushBot/7~bl; +http://www.semrush.com/bot.html)" "mantech8.com"
40.77.167.253 - - [05/Feb/2023:15:05:35 -0800] "GET /?/?mode=f24 HTTP/1.1" 200 57853 "-" "Mozilla/5.0 AppleWebKit/537.36 (KHTML, like Gecko; compatible; bingbot/2.0; +http://www.bing.com/bingbot.htm) Chrome/103.0.5060.134 Safari/537.36" "mantech8.com"
185.191.171.6 - - [05/Feb/2023:15:05:39 -0800] "GET /index.php?camp-fire%2F18228924.html HTTP/1.1" 500 - "-" "Mozilla/5.0 (compatible; SemrushBot/7~bl; +http://www.semrush.com/bot.html)" "mantech8.com"
207.46.13.180 - - [05/Feb/2023:15:05:48 -0800] "GET /index.php/82304ecf HTTP/1.1" 200 68630 "-" "Mozilla/5.0 AppleWebKit/537.36 (KHTML, like Gecko; compatible; bingbot/2.0; +http://www.bing.com/bingbot.htm) Chrome/103.0.5060.134 Safari/537.36" "mantech8.com"
207.46.13.101 - - [05/Feb/2023:15:06:15 -0800] "GET /index.php/e6fc/3ead HTTP/1.1" 200 62012 "-" "Mozilla/5.0 AppleWebKit/537.36 (KHTML, like Gecko; compatible; bingbot/2.0; +http://www.bing.com/bingbot.htm) Chrome/103.0.5060.134 Safari/537.36" "mantech8.com"
114.119.136.8 - - [05/Feb/2023:15:06:25 -0800] "GET /bimages/service/?C=D%3BO%3DA HTTP/1.1" 200 591 "http://mantech8.com/bimages/service/" "Mozilla/5.0 (Linux; Android 7.0;) AppleWebKit/537.36 (KHTML, like Gecko) Mobile Safari/537.36 (compatible; PetalBot;+https://webmaster.petalsearch.com/site/petalbot)" "mantech8.com"
157.55.39.133 - - [05/Feb/2023:15:06:32 -0800] "GET /index.php/f8ccde HTTP/1.1" 200 78272 "-" "Mozilla/5.0 AppleWebKit/537.36 (KHTML, like Gecko; compatible; bingbot/2.0; +http://www.bing.com/bingbot.htm) Chrome/103.0.5060.134 Safari/537.36" "mantech8.com"
207.46.13.51 - - [05/Feb/2023:15:06:55 -0800] "GET /index.php/31l7-77e9fcaafa-ompkh.ii HTTP/1.1" 200 62521 "-" "Mozilla/5.0 AppleWebKit/537.36 (KHTML, like Gecko; compatible; bingbot/2.0; +http://www.bing.com/bingbot.htm) Chrome/103.0.5060.134 Safari/537.36" "mantech8.com"
207.46.13.51 - - [05/Feb/2023:15:06:55 -0800] "GET /index.php/nwtf-b3dffebfe-4qgt2.ii HTTP/1.1" 200 83377 "-" "Mozilla/5.0 AppleWebKit/537.36 (KHTML, like Gecko; compatible; bingbot/2.0; +http://www.bing.com/bingbot.htm) Chrome/103.0.5060.134 Safari/537.36" "mantech8.com"
185.191.171.10 - - [05/Feb/2023:15:06:56 -0800] "GET /index.php?camp-fire%2F16673626.html HTTP/1.1" 500 - "-" "Mozilla/5.0 (compatible; SemrushBot/7~bl; +http://www.semrush.com/bot.html)" "mantech8.com"
207.46.13.51 - - [05/Feb/2023:15:06:56 -0800] "GET /index.php/5b7bbcaec HTTP/1.1" 200 70650 "-" "Mozilla/5.0 AppleWebKit/537.36 (KHTML, like Gecko; compatible; bingbot/2.0; +http://www.bing.com/bingbot.htm) Chrome/103.0.5060.134 Safari/537.36" "mantech8.com"
207.46.13.180 - - [05/Feb/2023:15:06:59 -0800] "GET /index.php/d8b9edffed HTTP/1.1" 200 74947 "-" "Mozilla/5.0 AppleWebKit/537.36 (KHTML, like Gecko; compatible; bingbot/2.0; +http://www.bing.com/bingbot.htm) Chrome/103.0.5060.134 Safari/537.36" "mantech8.com"
157.55.39.133 - - [05/Feb/2023:15:07:04 -0800] "GET /index.php/53eac HTTP/1.1" 200 72753 "-" "Mozilla/5.0 AppleWebKit/537.36 (KHTML, like Gecko; compatible; bingbot/2.0; +http://www.bing.com/bingbot.htm) Chrome/103.0.5060.134 Safari/537.36" "mantech8.com"
52.167.144.92 - - [05/Feb/2023:15:07:09 -0800] "GET /index.php/zsUZ-84edecdc-sKZNB.Ii HTTP/1.1" 200 67982 "-" "Mozilla/5.0 AppleWebKit/537.36 (KHTML, like Gecko; compatible; bingbot/2.0; +http://www.bing.com/bingbot.htm) Chrome/103.0.5060.134 Safari/537.36" "mantech8.com"
185.191.171.24 - - [05/Feb/2023:15:07:10 -0800] "GET /index.php?camp-fire%2F8473008.html HTTP/1.1" 500 - "-" "Mozilla/5.0 (compatible; SemrushBot/7~bl; +http://www.semrush.com/bot.html)" "mantech8.com"
185.191.171.38 - - [05/Feb/2023:15:07:18 -0800] "GET /index.php?camp-fire%2F14089559.html HTTP/1.1" 500 - "-" "Mozilla/5.0 (compatible; SemrushBot/7~bl; +http://www.semrush.com/bot.html)" "mantech8.com"
114.119.137.98 - - [05/Feb/2023:15:07:36 -0800] "GET /bimages/safety/?C=N%3BO%3DD HTTP/1.1" 200 465 "http://mantech8.com/bimages/safety/" "Mozilla/5.0 (Linux; Android 7.0;) AppleWebKit/537.36 (KHTML, like Gecko) Mobile Safari/537.36 (compatible; PetalBot;+https://webmaster.petalsearch.com/site/petalbot)" "mantech8.com"
66.249.66.6 - - [05/Feb/2023:15:07:39 -0800] "GET /ads.txt HTTP/1.1" 404 88 "-" "Mozilla/5.0 (compatible; Googlebot/2.1; +http://www.google.com/bot.html)" "www.mantech8.com"
40.77.167.253 - - [05/Feb/2023:15:07:45 -0800] "GET /index.php/d6ac/40eb HTTP/1.1" 200 101617 "-" "Mozilla/5.0 AppleWebKit/537.36 (KHTML, like Gecko; compatible; bingbot/2.0; +http://www.bing.com/bingbot.htm) Chrome/103.0.5060.134 Safari/537.36" "mantech8.com"
207.46.13.100 - - [05/Feb/2023:15:08:15 -0800] "GET /index.php/7c71bffcff HTTP/1.1" 200 74154 "-" "Mozilla/5.0 AppleWebKit/537.36 (KHTML, like Gecko; compatible; bingbot/2.0; +http://www.bing.com/bingbot.htm) Chrome/103.0.5060.134 Safari/537.36" "mantech8.com"
5.133.162.184 - - [05/Feb/2023:15:08:18 -0800] "GET /contact.php HTTP/1.1" 200 29238 "-" "Mozilla/5.0 (Windows NT 10.0; WOW64) AppleWebKit/537.36 (KHTML, like Gecko) Chrome/103.0.0.0 Safari/537.36" "www.mantech8.com"
5.133.162.184 - - [05/Feb/2023:15:08:18 -0800] "GET /verificationimage.php?8294 HTTP/1.1" 200 1354 "http://www.mantech8.com/mailer.php" "Mozilla/5.0 (Windows NT 10.0; WOW64) AppleWebKit/537.36 (KHTML, like Gecko) Chrome/103.0.0.0 Safari/537.36" "www.mantech8.com"
5.133.162.184 - - [05/Feb/2023:15:08:19 -0800] "GET /verificationimage.php?8294 HTTP/1.1" 200 1398 "http://www.mantech8.com/mailer.php" "Mozilla/5.0 (Windows NT 10.0; WOW64) AppleWebKit/537.36 (KHTML, like Gecko) Chrome/103.0.0.0 Safari/537.36" "www.mantech8.com"
5.133.162.184 - - [05/Feb/2023:15:08:19 -0800] "GET /mailer.php?name=Tandy+Pryor&email=tandy.pryor5%40googlemail.com&phone=%2811%29+5598-9696&message=Jasper+is+the+AI+Content+Generator+that+helps+you+and+your+team+break+through+creative+blocks+to+create+amazing%2C+original+content+10X+faster.%0D%0A%0D%0AGenerate+copy+and+images+for+blogs%2C+social+media%2C+sales+emails%2C+ads+and+SEO+with+the+power+of+AI.%0D%0A%0D%0AThe+best+part+is+you+can+grab+a+free+trial+now%21%0D%0A%0D%0Ahttp%3A%2F%2Fjasperai.digital++%0D%0A%0D%0A%0D%0A%0D%0A%0D%0A%0D%0A%0D%0A%0D%0A510+East+Yanonali+Suite+13%2C+Santa+Barbara%2C+California+80919%0D%0AUnsubscribe%3A+https%3A%2F%2Fforms.gle%2FNJwxRW3Fw34yvvDeA%0D%0A&verif_box=7899 HTTP/1.1" 500 - "http://www.mantech8.com/contact.php" "Mozilla/5.0 (Windows NT 10.0; WOW64) AppleWebKit/537.36 (KHTML, like Gecko) Chrome/103.0.0.0 Safari/537.36" "www.mantech8.com"
185.191.171.38 - - [05/Feb/2023:15:08:37 -0800] "GET /index.php?camp-fire%2F16692726.html HTTP/1.1" 500 - "-" "Mozilla/5.0 (compatible; SemrushBot/7~bl; +http://www.semrush.com/bot.html)" "mantech8.com"
185.191.171.15 - - [05/Feb/2023:15:08:39 -0800] "GET /index.php?camp-fire%2F54001476.html HTTP/1.1" 500 - "-" "Mozilla/5.0 (compatible; SemrushBot/7~bl; +http://www.semrush.com/bot.html)" "mantech8.com"
114.119.157.210 - - [05/Feb/2023:15:08:47 -0800] "GET /bimages/gallery/?C=M%3BO%3DA HTTP/1.1" 200 1188 "http://mantech8.com/bimages/gallery/" "Mozilla/5.0 (Linux; Android 7.0;) AppleWebKit/537.36 (KHTML, like Gecko) Mobile Safari/537.36 (compatible; PetalBot;+https://webmaster.petalsearch.com/site/petalbot)" "mantech8.com"
185.191.171.6 - - [05/Feb/2023:15:09:07 -0800] "GET /index.php?camp-fire%2F17405365.html HTTP/1.1" 500 - "-" "Mozilla/5.0 (compatible; SemrushBot/7~bl; +http://www.semrush.com/bot.html)" "mantech8.com"
61.135.159.212 - - [05/Feb/2023:15:09:14 -0800] "GET / HTTP/1.1" 500 - "-" "Sogou web spider/4.0(+http://www.sogou.com/docs/help/webmasters.htm#07)" "mantech8.com"
93.73.179.112 - - [05/Feb/2023:15:09:36 -0800] "GET / HTTP/1.1" 500 - "http://mantech8.com/" "Mozilla/5.0 (Windows NT 10.0; WOW64) AppleWebKit/537.36 (KHTML, like Gecko) Chrome/90.0.4430.93 Safari/537.36" "mantech8.com"
185.191.171.37 - - [05/Feb/2023:15:09:37 -0800] "GET /index.php?camp-fire%2F11458709.html HTTP/1.1" 500 - "-" "Mozilla/5.0 (compatible; SemrushBot/7~bl; +http://www.semrush.com/bot.html)" "mantech8.com"
207.46.13.180 - - [05/Feb/2023:15:09:57 -0800] "GET /index.php/wf2o-cbb5dbdda-g7i3f.ii HTTP/1.1" 200 66124 "-" "Mozilla/5.0 AppleWebKit/537.36 (KHTML, like Gecko; compatible; bingbot/2.0; +http://www.bing.com/bingbot.htm) Chrome/103.0.5060.134 Safari/537.36" "mantech8.com"
185.191.171.38 - - [05/Feb/2023:15:10:12 -0800] "GET /index.php?camp-fire%2F3991500.html HTTP/1.1" 500 - "-" "Mozilla/5.0 (compatible; SemrushBot/7~bl; +http://www.semrush.com/bot.html)" "mantech8.com"
185.191.171.37 - - [05/Feb/2023:15:10:56 -0800] "GET /index.php?camp-fire%2F32626468.html HTTP/1.1" 500 - "-" "Mozilla/5.0 (compatible; SemrushBot/7~bl; +http://www.semrush.com/bot.html)" "mantech8.com"
185.191.171.7 - - [05/Feb/2023:15:11:32 -0800] "GET /index.php?camp-fire%2F32506068.html HTTP/1.1" 500 - "-" "Mozilla/5.0 (compatible; SemrushBot/7~bl; +http://www.semrush.com/bot.html)" "mantech8.com"
185.191.171.40 - - [05/Feb/2023:15:11:47 -0800] "GET /index.php?camp-fire%2F16757226.html HTTP/1.1" 500 - "-" "Mozilla/5.0 (compatible; SemrushBot/7~bl; +http://www.semrush.com/bot.html)" "mantech8.com"
207.46.13.180 - - [05/Feb/2023:15:11:57 -0800] "GET /index.php/wtzk-8e4adbbca-n22ek.ii HTTP/1.1" 200 66154 "-" "Mozilla/5.0 AppleWebKit/537.36 (KHTML, like Gecko; compatible; bingbot/2.0; +http://www.bing.com/bingbot.htm) Chrome/103.0.5060.134 Safari/537.36" "mantech8.com"
52.167.144.92 - - [05/Feb/2023:15:12:07 -0800] "GET /index.php/ba8s-1edbae-00cvp.ii HTTP/1.1" 200 67599 "-" "Mozilla/5.0 AppleWebKit/537.36 (KHTML, like Gecko; compatible; bingbot/2.0; +http://www.bing.com/bingbot.htm) Chrome/103.0.5060.134 Safari/537.36" "mantech8.com"
207.46.13.180 - - [05/Feb/2023:15:12:58 -0800] "GET /?/jyjx/crjy.htm HTTP/1.1" 200 66975 "-" "Mozilla/5.0 AppleWebKit/537.36 (KHTML, like Gecko; compatible; bingbot/2.0; +http://www.bing.com/bingbot.htm) Chrome/103.0.5060.134 Safari/537.36" "mantech8.com"
185.191.171.40 - - [05/Feb/2023:15:13:04 -0800] "GET /index.php?camp-fire%2F16308172.html HTTP/1.1" 500 - "-" "Mozilla/5.0 (compatible; SemrushBot/7~bl; +http://www.semrush.com/bot.html)" "mantech8.com"
157.55.39.133 - - [05/Feb/2023:15:13:11 -0800] "GET /YhFG-5c67fbaf-pkPEc.Ii HTTP/1.1" 404 88 "-" "Mozilla/5.0 AppleWebKit/537.36 (KHTML, like Gecko; compatible; bingbot/2.0; +http://www.bing.com/bingbot.htm) Chrome/103.0.5060.134 Safari/537.36" "mantech8.com"
185.191.171.19 - - [05/Feb/2023:15:13:21 -0800] "GET /index.php?camp-fire%2F15863787.html HTTP/1.1" 500 - "-" "Mozilla/5.0 (compatible; SemrushBot/7~bl; +http://www.semrush.com/bot.html)" "mantech8.com"
157.55.39.133 - - [05/Feb/2023:15:13:31 -0800] "GET /YhFG-5c67fbaf-pkPEc.Ii HTTP/1.1" 404 88 "-" "Mozilla/5.0 AppleWebKit/537.36 (KHTML, like Gecko; compatible; bingbot/2.0; +http://www.bing.com/bingbot.htm) Chrome/103.0.5060.134 Safari/537.36" "mantech8.com"
185.191.171.5 - - [05/Feb/2023:15:13:52 -0800] "GET /index.php?camp-fire%2F3476493.html HTTP/1.1" 500 - "-" "Mozilla/5.0 (compatible; SemrushBot/7~bl; +http://www.semrush.com/bot.html)" "mantech8.com"
207.46.13.100 - - [05/Feb/2023:15:14:08 -0800] "GET /index.php/86caa HTTP/1.1" 200 62688 "-" "Mozilla/5.0 AppleWebKit/537.36 (KHTML, like Gecko; compatible; bingbot/2.0; +http://www.bing.com/bingbot.htm) Chrome/103.0.5060.134 Safari/537.36" "mantech8.com"
185.191.171.2 - - [05/Feb/2023:15:14:37 -0800] "GET /index.php/camp-fire/33451776.html HTTP/1.1" 500 - "-" "Mozilla/5.0 (compatible; SemrushBot/7~bl; +http://www.semrush.com/bot.html)" "mantech8.com"
185.191.171.14 - - [05/Feb/2023:15:15:01 -0800] "GET /index.php?camp-fire%2F18588661.html HTTP/1.1" 500 - "-" "Mozilla/5.0 (compatible; SemrushBot/7~bl; +http://www.semrush.com/bot.html)" "mantech8.com"
185.191.171.7 - - [05/Feb/2023:15:16:05 -0800] "GET /index.php?camp-fire%2F17806126.html HTTP/1.1" 500 - "-" "Mozilla/5.0 (compatible; SemrushBot/7~bl; +http://www.semrush.com/bot.html)" "mantech8.com"
185.191.171.41 - - [05/Feb/2023:15:16:16 -0800] "GET /index.php?camp-fire%2F25028506.html HTTP/1.1" 500 - "-" "Mozilla/5.0 (compatible; SemrushBot/7~bl; +http://www.semrush.com/bot.html)" "mantech8.com"
207.46.13.100 - - [05/Feb/2023:15:16:37 -0800] "GET /index.php/vmbp-fb36afacfa-uugge.ii HTTP/1.1" 200 71101 "-" "Mozilla/5.0 AppleWebKit/537.36 (KHTML, like Gecko; compatible; bingbot/2.0; +http://www.bing.com/bingbot.htm) Chrome/103.0.5060.134 Safari/537.36" "mantech8.com"
185.191.171.38 - - [05/Feb/2023:15:17:35 -0800] "GET /index.php?camp-fire%2F10987580.html HTTP/1.1" 500 - "-" "Mozilla/5.0 (compatible; SemrushBot/7~bl; +http://www.semrush.com/bot.html)" "mantech8.com"
185.191.171.23 - - [05/Feb/2023:15:17:37 -0800] "GET /index.php?camp-fire%2F18792376.html HTTP/1.1" 500 - "-" "Mozilla/5.0 (compatible; SemrushBot/7~bl; +http://www.semrush.com/bot.html)" "mantech8.com"
185.191.171.9 - - [05/Feb/2023:15:18:35 -0800] "GET /index.php?camp-fire%2F12670121.html HTTP/1.1" 500 - "-" "Mozilla/5.0 (compatible; SemrushBot/7~bl; +http://www.semrush.com/bot.html)" "mantech8.com"
185.191.171.1 - - [05/Feb/2023:15:18:47 -0800] "GET /index.php?camp-fire%2F15603572.html HTTP/1.1" 500 - "-" "Mozilla/5.0 (compatible; SemrushBot/7~bl; +http://www.semrush.com/bot.html)" "mantech8.com"
185.191.171.34 - - [05/Feb/2023:15:18:50 -0800] "GET /index.php?camp-fire%2F16709126.html HTTP/1.1" 500 - "-" "Mozilla/5.0 (compatible; SemrushBot/7~bl; +http://www.semrush.com/bot.html)" "mantech8.com"
185.191.171.1 - - [05/Feb/2023:15:19:09 -0800] "GET /index.php?camp-fire%2F16626984.html HTTP/1.1" 500 - "-" "Mozilla/5.0 (compatible; SemrushBot/7~bl; +http://www.semrush.com/bot.html)" "mantech8.com"
185.191.171.4 - - [05/Feb/2023:15:19:15 -0800] "GET /index.php?camp-fire%2F16785265.html HTTP/1.1" 500 - "-" "Mozilla/5.0 (compatible; SemrushBot/7~bl; +http://www.semrush.com/bot.html)" "mantech8.com"
185.191.171.24 - - [05/Feb/2023:15:19:40 -0800] "GET /index.php?camp-fire%2F4660278.html HTTP/1.1" 500 - "-" "Mozilla/5.0 (compatible; SemrushBot/7~bl; +http://www.semrush.com/bot.html)" "mantech8.com"
40.77.167.253 - - [05/Feb/2023:15:19:57 -0800] "GET /index.php/wf2o-0fffe-g6xrs.ii HTTP/1.1" 200 70140 "-" "Mozilla/5.0 AppleWebKit/537.36 (KHTML, like Gecko; compatible; bingbot/2.0; +http://www.bing.com/bingbot.htm) Chrome/103.0.5060.134 Safari/537.36" "mantech8.com"
52.167.144.92 - - [05/Feb/2023:15:20:01 -0800] "GET /index.php/nwtf-b2fa-4ao18.ii HTTP/1.1" 200 65642 "-" "Mozilla/5.0 AppleWebKit/537.36 (KHTML, like Gecko; compatible; bingbot/2.0; +http://www.bing.com/bingbot.htm) Chrome/103.0.5060.134 Safari/537.36" "mantech8.com"
185.191.171.7 - - [05/Feb/2023:15:20:07 -0800] "GET /index.php?camp-fire%2F15217484.html HTTP/1.1" 500 - "-" "Mozilla/5.0 (compatible; SemrushBot/7~bl; +http://www.semrush.com/bot.html)" "mantech8.com"
185.191.171.36 - - [05/Feb/2023:15:21:25 -0800] "GET /index.php?camp-fire%2F13907359.html HTTP/1.1" 500 - "-" "Mozilla/5.0 (compatible; SemrushBot/7~bl; +http://www.semrush.com/bot.html)" "mantech8.com"
40.77.167.253 - - [05/Feb/2023:15:21:56 -0800] "GET /index.php/699fcfeec HTTP/1.1" 200 71037 "-" "Mozilla/5.0 AppleWebKit/537.36 (KHTML, like Gecko; compatible; bingbot/2.0; +http://www.bing.com/bingbot.htm) Chrome/103.0.5060.134 Safari/537.36" "mantech8.com"
185.191.171.37 - - [05/Feb/2023:15:22:02 -0800] "GET /index.php?camp-fire%2F94764434.html HTTP/1.1" 500 - "-" "Mozilla/5.0 (compatible; SemrushBot/7~bl; +http://www.semrush.com/bot.html)" "mantech8.com"
40.77.167.253 - - [05/Feb/2023:15:22:07 -0800] "GET /index.php/e8ddb HTTP/1.1" 200 73713 "-" "Mozilla/5.0 AppleWebKit/537.36 (KHTML, like Gecko; compatible; bingbot/2.0; +http://www.bing.com/bingbot.htm) Chrome/103.0.5060.134 Safari/537.36" "mantech8.com"
185.191.171.2 - - [05/Feb/2023:15:22:11 -0800] "GET /index.php?camp-fire%2F25322361.html HTTP/1.1" 500 - "-" "Mozilla/5.0 (compatible; SemrushBot/7~bl; +http://www.semrush.com/bot.html)" "mantech8.com"
185.191.171.37 - - [05/Feb/2023:15:22:29 -0800] "GET /index.php?camp-fire%2F22539865.html HTTP/1.1" 500 - "-" "Mozilla/5.0 (compatible; SemrushBot/7~bl; +http://www.semrush.com/bot.html)" "mantech8.com"
207.46.13.52 - - [05/Feb/2023:15:22:37 -0800] "GET /index.php/wtzk-c8dae-n25ht.ii HTTP/1.1" 200 66553 "-" "Mozilla/5.0 AppleWebKit/537.36 (KHTML, like Gecko; compatible; bingbot/2.0; +http://www.bing.com/bingbot.htm) Chrome/103.0.5060.134 Safari/537.36" "mantech8.com"
207.46.13.52 - - [05/Feb/2023:15:22:37 -0800] "GET /index.php/7bd07fbaac HTTP/1.1" 200 63298 "-" "Mozilla/5.0 AppleWebKit/537.36 (KHTML, like Gecko; compatible; bingbot/2.0; +http://www.bing.com/bingbot.htm) Chrome/103.0.5060.134 Safari/537.36" "mantech8.com"
207.46.13.52 - - [05/Feb/2023:15:22:38 -0800] "GET /index.php/19cdabdd HTTP/1.1" 200 68518 "-" "Mozilla/5.0 AppleWebKit/537.36 (KHTML, like Gecko; compatible; bingbot/2.0; +http://www.bing.com/bingbot.htm) Chrome/103.0.5060.134 Safari/537.36" "mantech8.com"
185.191.171.25 - - [05/Feb/2023:15:23:30 -0800] "GET /index.php?camp-fire%2F21645517.html HTTP/1.1" 500 - "-" "Mozilla/5.0 (compatible; SemrushBot/7~bl; +http://www.semrush.com/bot.html)" "mantech8.com"
185.191.171.15 - - [05/Feb/2023:15:24:12 -0800] "GET /index.php?camp-fire%2F16456456.html HTTP/1.1" 500 - "-" "Mozilla/5.0 (compatible; SemrushBot/7~bl; +http://www.semrush.com/bot.html)" "mantech8.com"
185.191.171.41 - - [05/Feb/2023:15:24:27 -0800] "GET /index.php?camp-fire%2F18115861.html HTTP/1.1" 500 - "-" "Mozilla/5.0 (compatible; SemrushBot/7~bl; +http://www.semrush.com/bot.html)" "mantech8.com"
185.191.171.13 - - [05/Feb/2023:15:24:29 -0800] "GET /index.php?camp-fire%2F26148282.html HTTP/1.1" 500 - "-" "Mozilla/5.0 (compatible; SemrushBot/7~bl; +http://www.semrush.com/bot.html)" "mantech8.com"
207.46.13.52 - - [05/Feb/2023:15:24:29 -0800] "GET /index.php/egy1-69dbd-vetbl.ii HTTP/1.1" 200 69505 "-" "Mozilla/5.0 AppleWebKit/537.36 (KHTML, like Gecko; compatible; bingbot/2.0; +http://www.bing.com/bingbot.htm) Chrome/103.0.5060.134 Safari/537.36" "mantech8.com"
185.191.171.26 - - [05/Feb/2023:15:25:10 -0800] "GET /index.php?camp-fire%2F3955074.html HTTP/1.1" 500 - "-" "Mozilla/5.0 (compatible; SemrushBot/7~bl; +http://www.semrush.com/bot.html)" "mantech8.com"
207.46.13.180 - - [05/Feb/2023:15:26:50 -0800] "GET /index.php/31l7-eb3dccbfe-omvs6.ii HTTP/1.1" 200 63639 "-" "Mozilla/5.0 AppleWebKit/537.36 (KHTML, like Gecko; compatible; bingbot/2.0; +http://www.bing.com/bingbot.htm) Chrome/103.0.5060.134 Safari/537.36" "mantech8.com"
207.46.13.180 - - [05/Feb/2023:15:26:51 -0800] "GET /index.php/pstd-13afb-ixloq.ii HTTP/1.1" 200 73631 "-" "Mozilla/5.0 AppleWebKit/537.36 (KHTML, like Gecko; compatible; bingbot/2.0; +http://www.bing.com/bingbot.htm) Chrome/103.0.5060.134 Safari/537.36" "mantech8.com"
185.191.171.33 - - [05/Feb/2023:15:27:15 -0800] "GET /index.php?camp-fire%2F11553709.html HTTP/1.1" 500 - "-" "Mozilla/5.0 (compatible; SemrushBot/7~bl; +http://www.semrush.com/bot.html)" "mantech8.com"
185.191.171.40 - - [05/Feb/2023:15:27:28 -0800] "GET /index.php?camp-fire%2F17551627.html HTTP/1.1" 500 - "-" "Mozilla/5.0 (compatible; SemrushBot/7~bl; +http://www.semrush.com/bot.html)" "mantech8.com"
157.55.39.133 - - [05/Feb/2023:15:28:04 -0800] "GET /index.php/27eaffcda HTTP/1.1" 200 62210 "-" "Mozilla/5.0 AppleWebKit/537.36 (KHTML, like Gecko; compatible; bingbot/2.0; +http://www.bing.com/bingbot.htm) Chrome/103.0.5060.134 Safari/537.36" "mantech8.com"
185.191.171.40 - - [05/Feb/2023:15:28:28 -0800] "GET /robots.txt HTTP/1.1" 200 106 "-" "Mozilla/5.0 (compatible; SemrushBot/7~bl; +http://www.semrush.com/bot.html)" "mantech8.com"
185.191.171.24 - - [05/Feb/2023:15:28:29 -0800] "GET /index.php?camp-fire%2F18731327.html HTTP/1.1" 500 - "-" "Mozilla/5.0 (compatible; SemrushBot/7~bl; +http://www.semrush.com/bot.html)" "mantech8.com"
46.3.199.53 - - [05/Feb/2023:15:29:04 -0800] "GET /contact.php HTTP/1.1" 200 29238 "http://mantech8.com/contact.php" "Mozilla/5.0 (Windows NT 6.1; Win64; x64) AppleWebKit/537.36 (KHTML, like Gecko) Chrome/90.0.4427.0 Safari/537.36" "mantech8.com"
46.3.199.53 - - [05/Feb/2023:15:29:05 -0800] "GET /verificationimage.php?1278 HTTP/1.1" 200 1406 "http://mantech8.com/contact.php" "Mozilla/5.0 (Windows NT 6.1; Win64; x64) AppleWebKit/537.36 (KHTML, like Gecko) Chrome/90.0.4427.0 Safari/537.36" "mantech8.com"
46.3.199.53 - - [05/Feb/2023:15:29:06 -0800] "POST /mailer.php HTTP/1.1" 500 - "http://mantech8.com/contact.php" "Mozilla/5.0 (Windows NT 6.1; Win64; x64) AppleWebKit/537.36 (KHTML, like Gecko) Chrome/90.0.4427.0 Safari/537.36" "mantech8.com"
185.191.171.41 - - [05/Feb/2023:15:29:20 -0800] "GET /index.php?camp-fire%2F21744908.html HTTP/1.1" 500 - "-" "Mozilla/5.0 (compatible; SemrushBot/7~bl; +http://www.semrush.com/bot.html)" "mantech8.com"
185.191.171.25 - - [05/Feb/2023:15:29:26 -0800] "GET /index.php?camp-fire%2F2273572.html HTTP/1.1" 500 - "-" "Mozilla/5.0 (compatible; SemrushBot/7~bl; +http://www.semrush.com/bot.html)" "mantech8.com"
114.119.159.232 - - [05/Feb/2023:15:29:41 -0800] "GET /bimages/gallery/bxrgzztdpj.php HTTP/1.1" 200 32 "http://mantech8.com/bimages/gallery/" "Mozilla/5.0 (Linux; Android 7.0;) AppleWebKit/537.36 (KHTML, like Gecko) Mobile Safari/537.36 (compatible; PetalBot;+https://webmaster.petalsearch.com/site/petalbot)" "mantech8.com"
185.191.171.13 - - [05/Feb/2023:15:29:43 -0800] "GET /index.php?camp-fire%2F16067783.html HTTP/1.1" 500 - "-" "Mozilla/5.0 (compatible; SemrushBot/7~bl; +http://www.semrush.com/bot.html)" "mantech8.com"
216.244.66.241 - - [05/Feb/2023:15:29:53 -0800] "GET /images/certificate/C13.jpg HTTP/1.1" 200 142529 "-" "Mozilla/5.0 (compatible; DotBot/1.2; +https://opensiteexplorer.org/dotbot; help@moz.com)" "www.mantech8.com"
185.191.171.1 - - [05/Feb/2023:15:31:38 -0800] "GET /index.php?camp-fire%2F22314317.html HTTP/1.1" 500 - "-" "Mozilla/5.0 (compatible; SemrushBot/7~bl; +http://www.semrush.com/bot.html)" "mantech8.com"
185.191.171.45 - - [05/Feb/2023:15:31:48 -0800] "GET /index.php?camp-fire%2F16672826.html HTTP/1.1" 500 - "-" "Mozilla/5.0 (compatible; SemrushBot/7~bl; +http://www.semrush.com/bot.html)" "mantech8.com"
185.191.171.36 - - [05/Feb/2023:15:32:11 -0800] "GET /index.php/camp-fire/36275825.html HTTP/1.1" 500 - "-" "Mozilla/5.0 (compatible; SemrushBot/7~bl; +http://www.semrush.com/bot.html)" "mantech8.com"
185.191.171.13 - - [05/Feb/2023:15:32:30 -0800] "GET /index.php?camp-fire%2F15489246.html HTTP/1.1" 500 - "-" "Mozilla/5.0 (compatible; SemrushBot/7~bl; +http://www.semrush.com/bot.html)" "mantech8.com"
207.46.13.180 - - [05/Feb/2023:15:33:01 -0800] "GET /?/304buxiuo/333/ HTTP/1.1" 200 62350 "-" "Mozilla/5.0 AppleWebKit/537.36 (KHTML, like Gecko; compatible; bingbot/2.0; +http://www.bing.com/bingbot.htm) Chrome/103.0.5060.134 Safari/537.36" "mantech8.com"
185.191.171.7 - - [05/Feb/2023:15:33:17 -0800] "GET /index.php?camp-fire%2F24555830.html HTTP/1.1" 500 - "-" "Mozilla/5.0 (compatible; SemrushBot/7~bl; +http://www.semrush.com/bot.html)" "mantech8.com"
185.191.171.38 - - [05/Feb/2023:15:34:24 -0800] "GET /index.php?camp-fire%2F28893535.html HTTP/1.1" 500 - "-" "Mozilla/5.0 (compatible; SemrushBot/7~bl; +http://www.semrush.com/bot.html)" "mantech8.com"
157.55.39.133 - - [05/Feb/2023:15:34:23 -0800] "GET /?/news/26.html HTTP/1.1" 200 58023 "-" "Mozilla/5.0 AppleWebKit/537.36 (KHTML, like Gecko; compatible; bingbot/2.0; +http://www.bing.com/bingbot.htm) Chrome/103.0.5060.134 Safari/537.36" "mantech8.com"
185.191.171.9 - - [05/Feb/2023:15:34:25 -0800] "GET /index.php?camp-fire%2F19369327.html HTTP/1.1" 500 - "-" "Mozilla/5.0 (compatible; SemrushBot/7~bl; +http://www.semrush.com/bot.html)" "mantech8.com"
207.46.13.101 - - [05/Feb/2023:15:34:38 -0800] "GET /GVdr-5e912dfdce-vIxAT.Ii HTTP/1.1" 404 88 "-" "Mozilla/5.0 AppleWebKit/537.36 (KHTML, like Gecko; compatible; bingbot/2.0; +http://www.bing.com/bingbot.htm) Chrome/103.0.5060.134 Safari/537.36" "mantech8.com"
185.191.171.23 - - [05/Feb/2023:15:34:55 -0800] "GET /index.php?camp-fire%2F84734421.html HTTP/1.1" 500 - "-" "Mozilla/5.0 (compatible; SemrushBot/7~bl; +http://www.semrush.com/bot.html)" "mantech8.com"
185.191.171.10 - - [05/Feb/2023:15:34:56 -0800] "GET /index.php?camp-fire%2F11091490.html HTTP/1.1" 500 - "-" "Mozilla/5.0 (compatible; SemrushBot/7~bl; +http://www.semrush.com/bot.html)" "mantech8.com"
207.46.13.101 - - [05/Feb/2023:15:34:58 -0800] "GET /GVdr-5e912dfdce-vIxAT.Ii HTTP/1.1" 404 88 "-" "Mozilla/5.0 AppleWebKit/537.36 (KHTML, like Gecko; compatible; bingbot/2.0; +http://www.bing.com/bingbot.htm) Chrome/103.0.5060.134 Safari/537.36" "mantech8.com"
185.191.171.45 - - [05/Feb/2023:15:34:59 -0800] "GET /index.php?camp-fire%2F27311590.html HTTP/1.1" 500 - "-" "Mozilla/5.0 (compatible; SemrushBot/7~bl; +http://www.semrush.com/bot.html)" "mantech8.com"
185.191.171.5 - - [05/Feb/2023:15:35:39 -0800] "GET /index.php?camp-fire%2F14779187.html HTTP/1.1" 500 - "-" "Mozilla/5.0 (compatible; SemrushBot/7~bl; +http://www.semrush.com/bot.html)" "mantech8.com"
185.191.171.35 - - [05/Feb/2023:15:35:55 -0800] "GET /index.php?camp-fire%2F5407555.html HTTP/1.1" 500 - "-" "Mozilla/5.0 (compatible; SemrushBot/7~bl; +http://www.semrush.com/bot.html)" "mantech8.com"
52.167.144.92 - - [05/Feb/2023:15:36:39 -0800] "GET /index.php/egy1-24eecacf-vsvab.ii HTTP/1.1" 200 63757 "-" "Mozilla/5.0 AppleWebKit/537.36 (KHTML, like Gecko; compatible; bingbot/2.0; +http://www.bing.com/bingbot.htm) Chrome/103.0.5060.134 Safari/537.36" "mantech8.com"
207.46.13.52 - - [05/Feb/2023:15:36:54 -0800] "GET /?/kjkx/htjssy/ HTTP/1.1" 200 59703 "-" "Mozilla/5.0 AppleWebKit/537.36 (KHTML, like Gecko; compatible; bingbot/2.0; +http://www.bing.com/bingbot.htm) Chrome/103.0.5060.134 Safari/537.36" "mantech8.com"
185.191.171.44 - - [05/Feb/2023:15:36:55 -0800] "GET /index.php?camp-fire%2F28698770.html HTTP/1.1" 500 - "-" "Mozilla/5.0 (compatible; SemrushBot/7~bl; +http://www.semrush.com/bot.html)" "mantech8.com"
185.191.171.12 - - [05/Feb/2023:15:37:01 -0800] "GET /index.php?camp-fire%2F24521730.html HTTP/1.1" 500 - "-" "Mozilla/5.0 (compatible; SemrushBot/7~bl; +http://www.semrush.com/bot.html)" "mantech8.com"
185.191.171.38 - - [05/Feb/2023:15:37:38 -0800] "GET /index.php?camp-fire%2F34771159.html HTTP/1.1" 500 - "-" "Mozilla/5.0 (compatible; SemrushBot/7~bl; +http://www.semrush.com/bot.html)" "mantech8.com"
185.191.171.35 - - [05/Feb/2023:15:37:39 -0800] "GET /index.php?camp-fire%2F10735757.html HTTP/1.1" 500 - "-" "Mozilla/5.0 (compatible; SemrushBot/7~bl; +http://www.semrush.com/bot.html)" "mantech8.com"
185.191.171.24 - - [05/Feb/2023:15:38:00 -0800] "GET /index.php?camp-fire%2F110138126.html HTTP/1.1" 500 - "-" "Mozilla/5.0 (compatible; SemrushBot/7~bl; +http://www.semrush.com/bot.html)" "mantech8.com"
207.46.13.52 - - [05/Feb/2023:15:38:15 -0800] "GET /index.php/60rk-3b7fccbec-wecyx.ii HTTP/1.1" 200 62844 "-" "Mozilla/5.0 AppleWebKit/537.36 (KHTML, like Gecko; compatible; bingbot/2.0; +http://www.bing.com/bingbot.htm) Chrome/103.0.5060.134 Safari/537.36" "mantech8.com"
185.191.171.15 - - [05/Feb/2023:15:38:17 -0800] "GET /index.php?camp-fire%2F1867629.html HTTP/1.1" 500 - "-" "Mozilla/5.0 (compatible; SemrushBot/7~bl; +http://www.semrush.com/bot.html)" "mantech8.com"
185.191.171.6 - - [05/Feb/2023:15:38:35 -0800] "GET /index.php?camp-fire%2F11992557.html HTTP/1.1" 500 - "-" "Mozilla/5.0 (compatible; SemrushBot/7~bl; +http://www.semrush.com/bot.html)" "mantech8.com"
207.46.13.52 - - [05/Feb/2023:15:39:05 -0800] "GET /index.php/mcko-4e86cfaae-vgzlh.ii HTTP/1.1" 200 60669 "-" "Mozilla/5.0 AppleWebKit/537.36 (KHTML, like Gecko; compatible; bingbot/2.0; +http://www.bing.com/bingbot.htm) Chrome/103.0.5060.134 Safari/537.36" "mantech8.com"
207.46.13.101 - - [05/Feb/2023:15:39:09 -0800] "GET /index.php/94faab HTTP/1.1" 200 73214 "-" "Mozilla/5.0 AppleWebKit/537.36 (KHTML, like Gecko; compatible; bingbot/2.0; +http://www.bing.com/bingbot.htm) Chrome/103.0.5060.134 Safari/537.36" "mantech8.com"
52.167.144.92 - - [05/Feb/2023:15:39:09 -0800] "GET /index.php/ec2defdc HTTP/1.1" 200 64424 "-" "Mozilla/5.0 AppleWebKit/537.36 (KHTML, like Gecko; compatible; bingbot/2.0; +http://www.bing.com/bingbot.htm) Chrome/103.0.5060.134 Safari/537.36" "mantech8.com"
207.46.13.100 - - [05/Feb/2023:15:39:38 -0800] "GET /index.php/bljc-0befaf-kwfcg.ii HTTP/1.1" 200 70501 "-" "Mozilla/5.0 AppleWebKit/537.36 (KHTML, like Gecko; compatible; bingbot/2.0; +http://www.bing.com/bingbot.htm) Chrome/103.0.5060.134 Safari/537.36" "mantech8.com"
157.55.39.133 - - [05/Feb/2023:15:39:54 -0800] "GET /index.php/pstd-b4ecdb-iwogn.ii HTTP/1.1" 200 69440 "-" "Mozilla/5.0 AppleWebKit/537.36 (KHTML, like Gecko; compatible; bingbot/2.0; +http://www.bing.com/bingbot.htm) Chrome/103.0.5060.134 Safari/537.36" "mantech8.com"
185.191.171.17 - - [05/Feb/2023:15:40:35 -0800] "GET /index.php?camp-fire%2F15447283.html HTTP/1.1" 500 - "-" "Mozilla/5.0 (compatible; SemrushBot/7~bl; +http://www.semrush.com/bot.html)" "mantech8.com"
207.46.13.180 - - [05/Feb/2023:15:41:00 -0800] "GET /index.php/wtzk-34f5aaecde-n3284.ii HTTP/1.1" 200 64521 "-" "Mozilla/5.0 AppleWebKit/537.36 (KHTML, like Gecko; compatible; bingbot/2.0; +http://www.bing.com/bingbot.htm) Chrome/103.0.5060.134 Safari/537.36" "mantech8.com"
185.191.171.39 - - [05/Feb/2023:15:41:06 -0800] "GET /index.php?camp-fire%2F49983493.html HTTP/1.1" 500 - "-" "Mozilla/5.0 (compatible; SemrushBot/7~bl; +http://www.semrush.com/bot.html)" "mantech8.com"
52.167.144.92 - - [05/Feb/2023:15:42:30 -0800] "GET /index.php/d3aa3edcea HTTP/1.1" 200 59401 "-" "Mozilla/5.0 AppleWebKit/537.36 (KHTML, like Gecko; compatible; bingbot/2.0; +http://www.bing.com/bingbot.htm) Chrome/103.0.5060.134 Safari/537.36" "mantech8.com"
185.191.171.10 - - [05/Feb/2023:15:42:36 -0800] "GET /index.php?camp-fire%2F23731006.html HTTP/1.1" 500 - "-" "Mozilla/5.0 (compatible; SemrushBot/7~bl; +http://www.semrush.com/bot.html)" "mantech8.com"
185.191.171.36 - - [05/Feb/2023:15:43:20 -0800] "GET /index.php?camp-fire%2F17863865.html HTTP/1.1" 500 - "-" "Mozilla/5.0 (compatible; SemrushBot/7~bl; +http://www.semrush.com/bot.html)" "mantech8.com"
40.77.167.253 - - [05/Feb/2023:15:43:49 -0800] "GET /index.php/84bfa HTTP/1.1" 200 64653 "-" "Mozilla/5.0 AppleWebKit/537.36 (KHTML, like Gecko; compatible; bingbot/2.0; +http://www.bing.com/bingbot.htm) Chrome/103.0.5060.134 Safari/537.36" "mantech8.com"
185.191.171.20 - - [05/Feb/2023:15:44:00 -0800] "GET /index.php?camp-fire%2F22612517.html HTTP/1.1" 500 - "-" "Mozilla/5.0 (compatible; SemrushBot/7~bl; +http://www.semrush.com/bot.html)" "mantech8.com"
185.191.171.25 - - [05/Feb/2023:15:44:17 -0800] "GET /index.php?camp-fire%2F17484965.html HTTP/1.1" 500 - "-" "Mozilla/5.0 (compatible; SemrushBot/7~bl; +http://www.semrush.com/bot.html)" "mantech8.com"
185.191.171.39 - - [05/Feb/2023:15:44:38 -0800] "GET /index.php?camp-fire%2F4175065.html HTTP/1.1" 500 - "-" "Mozilla/5.0 (compatible; SemrushBot/7~bl; +http://www.semrush.com/bot.html)" "mantech8.com"
185.191.171.8 - - [05/Feb/2023:15:45:43 -0800] "GET /index.php?camp-fire%2F92248150.html HTTP/1.1" 500 - "-" "Mozilla/5.0 (compatible; SemrushBot/7~bl; +http://www.semrush.com/bot.html)" "mantech8.com"
185.191.171.14 - - [05/Feb/2023:15:46:17 -0800] "GET /index.php?camp-fire%2F18052781.html HTTP/1.1" 500 - "-" "Mozilla/5.0 (compatible; SemrushBot/7~bl; +http://www.semrush.com/bot.html)" "mantech8.com"
185.191.171.9 - - [05/Feb/2023:15:46:45 -0800] "GET /index.php?camp-fire%2F1137572.html HTTP/1.1" 500 - "-" "Mozilla/5.0 (compatible; SemrushBot/7~bl; +http://www.semrush.com/bot.html)" "mantech8.com"
114.119.141.127 - - [05/Feb/2023:15:47:55 -0800] "GET /index.php?chuppah.xml HTTP/1.1" 200 289289 "-" "Mozilla/5.0 (Linux; Android 7.0;) AppleWebKit/537.36 (KHTML, like Gecko) Mobile Safari/537.36 (compatible; PetalBot;+https://webmaster.petalsearch.com/site/petalbot)" "mantech8.com"
185.191.171.12 - - [05/Feb/2023:15:47:58 -0800] "GET /index.php?camp-fire%2F41862003.html HTTP/1.1" 500 - "-" "Mozilla/5.0 (compatible; SemrushBot/7~bl; +http://www.semrush.com/bot.html)" "mantech8.com"
