185.191.171.3 - - [02/Feb/2023:21:15:29 -0800] "GET /index.php?camp-fire%2F18621981.html HTTP/1.1" 500 - "-" "Mozilla/5.0 (compatible; SemrushBot/7~bl; +http://www.semrush.com/bot.html)" "mantech8.com"
185.191.171.26 - - [02/Feb/2023:21:15:58 -0800] "GET /index.php?camp-fire%2F11362257.html HTTP/1.1" 500 - "-" "Mozilla/5.0 (compatible; SemrushBot/7~bl; +http://www.semrush.com/bot.html)" "mantech8.com"
185.191.171.23 - - [02/Feb/2023:21:16:03 -0800] "GET /index.php?camp-fire%2F15512353.html HTTP/1.1" 500 - "-" "Mozilla/5.0 (compatible; SemrushBot/7~bl; +http://www.semrush.com/bot.html)" "mantech8.com"
207.46.13.101 - - [02/Feb/2023:21:16:06 -0800] "GET /index.php?c=article&id=66 HTTP/1.1" 200 104778 "-" "Mozilla/5.0 AppleWebKit/537.36 (KHTML, like Gecko; compatible; bingbot/2.0; +http://www.bing.com/bingbot.htm) Chrome/103.0.5060.134 Safari/537.36" "www.mantech8.com"
185.191.171.33 - - [02/Feb/2023:21:16:07 -0800] "GET /index.php/camp-fire/28952935.html HTTP/1.1" 500 - "-" "Mozilla/5.0 (compatible; SemrushBot/7~bl; +http://www.semrush.com/bot.html)" "mantech8.com"
185.191.171.25 - - [02/Feb/2023:21:16:53 -0800] "GET /index.php?camp-fire%2F18144927.html HTTP/1.1" 500 - "-" "Mozilla/5.0 (compatible; SemrushBot/7~bl; +http://www.semrush.com/bot.html)" "mantech8.com"
185.191.171.11 - - [02/Feb/2023:21:16:57 -0800] "GET /index.php?camp-fire%2F17686926.html HTTP/1.1" 500 - "-" "Mozilla/5.0 (compatible; SemrushBot/7~bl; +http://www.semrush.com/bot.html)" "mantech8.com"
185.191.171.26 - - [02/Feb/2023:21:17:27 -0800] "GET /index.php?camp-fire%2F15800556.html HTTP/1.1" 500 - "-" "Mozilla/5.0 (compatible; SemrushBot/7~bl; +http://www.semrush.com/bot.html)" "mantech8.com"
185.191.171.34 - - [02/Feb/2023:21:18:37 -0800] "GET /index.php?camp-fire%2F2467851.html HTTP/1.1" 500 - "-" "Mozilla/5.0 (compatible; SemrushBot/7~bl; +http://www.semrush.com/bot.html)" "mantech8.com"
207.46.13.50 - - [02/Feb/2023:21:18:49 -0800] "GET /index.php/14js-2cced-cbhus.ii HTTP/1.1" 200 62197 "-" "Mozilla/5.0 AppleWebKit/537.36 (KHTML, like Gecko; compatible; bingbot/2.0; +http://www.bing.com/bingbot.htm) Chrome/103.0.5060.134 Safari/537.36" "mantech8.com"
185.191.171.4 - - [02/Feb/2023:21:18:54 -0800] "GET /index.php?camp-fire%2F4766355.html HTTP/1.1" 500 - "-" "Mozilla/5.0 (compatible; SemrushBot/7~bl; +http://www.semrush.com/bot.html)" "mantech8.com"
185.191.171.41 - - [02/Feb/2023:21:19:04 -0800] "GET /index.php?camp-fire%2F8248378.html HTTP/1.1" 500 - "-" "Mozilla/5.0 (compatible; SemrushBot/7~bl; +http://www.semrush.com/bot.html)" "mantech8.com"
185.191.171.39 - - [02/Feb/2023:21:20:26 -0800] "GET /index.php?camp-fire%2F42957971.html HTTP/1.1" 500 - "-" "Mozilla/5.0 (compatible; SemrushBot/7~bl; +http://www.semrush.com/bot.html)" "mantech8.com"
185.191.171.23 - - [02/Feb/2023:21:20:38 -0800] "GET /index.php?camp-fire%2F29188564.html HTTP/1.1" 500 - "-" "Mozilla/5.0 (compatible; SemrushBot/7~bl; +http://www.semrush.com/bot.html)" "mantech8.com"
185.191.171.8 - - [02/Feb/2023:21:20:45 -0800] "GET /index.php?camp-fire%2F11930976.html HTTP/1.1" 500 - "-" "Mozilla/5.0 (compatible; SemrushBot/7~bl; +http://www.semrush.com/bot.html)" "mantech8.com"
157.55.39.133 - - [02/Feb/2023:21:21:27 -0800] "GET /index.php/e63ffedef HTTP/1.1" 200 63444 "-" "Mozilla/5.0 AppleWebKit/537.36 (KHTML, like Gecko; compatible; bingbot/2.0; +http://www.bing.com/bingbot.htm) Chrome/103.0.5060.134 Safari/537.36" "mantech8.com"
185.191.171.2 - - [02/Feb/2023:21:21:52 -0800] "GET /index.php?camp-fire%2F8220378.html HTTP/1.1" 500 - "-" "Mozilla/5.0 (compatible; SemrushBot/7~bl; +http://www.semrush.com/bot.html)" "mantech8.com"
185.191.171.2 - - [02/Feb/2023:21:22:11 -0800] "GET /index.php?camp-fire%2F94992034.html HTTP/1.1" 500 - "-" "Mozilla/5.0 (compatible; SemrushBot/7~bl; +http://www.semrush.com/bot.html)" "mantech8.com"
185.191.171.4 - - [02/Feb/2023:21:22:45 -0800] "GET /index.php?camp-fire%2F15917051.html HTTP/1.1" 500 - "-" "Mozilla/5.0 (compatible; SemrushBot/7~bl; +http://www.semrush.com/bot.html)" "mantech8.com"
185.191.171.36 - - [02/Feb/2023:21:22:51 -0800] "GET /index.php?camp-fire%2F17632180.html HTTP/1.1" 500 - "-" "Mozilla/5.0 (compatible; SemrushBot/7~bl; +http://www.semrush.com/bot.html)" "mantech8.com"
20.94.215.56 - - [02/Feb/2023:21:23:45 -0800] "GET / HTTP/1.1" 500 - "-" "Mozilla/5.0 (Windows NT 10.0; Win64; x64) AppleWebKit/537.36 (KHTML, like Gecko) Chrome/95.0.4638.69 Safari/537.36" "www.mantech8.com"
185.191.171.8 - - [02/Feb/2023:21:24:21 -0800] "GET /index.php?camp-fire%2F12773009.html HTTP/1.1" 500 - "-" "Mozilla/5.0 (compatible; SemrushBot/7~bl; +http://www.semrush.com/bot.html)" "mantech8.com"
185.191.171.19 - - [02/Feb/2023:21:24:44 -0800] "GET /index.php?camp-fire%2F1993490.html HTTP/1.1" 500 - "-" "Mozilla/5.0 (compatible; SemrushBot/7~bl; +http://www.semrush.com/bot.html)" "mantech8.com"
185.191.171.15 - - [02/Feb/2023:21:24:56 -0800] "GET /index.php?camp-fire%2F15494983.html HTTP/1.1" 500 - "-" "Mozilla/5.0 (compatible; SemrushBot/7~bl; +http://www.semrush.com/bot.html)" "mantech8.com"
185.191.171.17 - - [02/Feb/2023:21:25:09 -0800] "GET /index.php?camp-fire%2F17789229.html HTTP/1.1" 500 - "-" "Mozilla/5.0 (compatible; SemrushBot/7~bl; +http://www.semrush.com/bot.html)" "mantech8.com"
185.191.171.11 - - [02/Feb/2023:21:25:33 -0800] "GET /index.php?camp-fire%2F18432665.html HTTP/1.1" 500 - "-" "Mozilla/5.0 (compatible; SemrushBot/7~bl; +http://www.semrush.com/bot.html)" "mantech8.com"
197.211.240.119 - - [02/Feb/2023:21:25:37 -0800] "GET /contact.php HTTP/1.1" 200 29238 "http://mantech8.com/contact.php" "Mozilla/5.0 (Windows NT 6.3; Win64; x64) AppleWebKit/537.36 (KHTML, like Gecko) Chrome/90.0.4430.85 Safari/537.36 Edg/90.0.818.49" "mantech8.com"
197.211.240.119 - - [02/Feb/2023:21:25:40 -0800] "POST /mailer.php HTTP/1.1" 500 - "http://mantech8.com/contact.php" "Mozilla/5.0 (Windows NT 6.3; Win64; x64) AppleWebKit/537.36 (KHTML, like Gecko) Chrome/90.0.4430.85 Safari/537.36 Edg/90.0.818.49" "mantech8.com"
185.191.171.22 - - [02/Feb/2023:21:26:19 -0800] "GET /index.php?camp-fire%2F32335289.html HTTP/1.1" 500 - "-" "Mozilla/5.0 (compatible; SemrushBot/7~bl; +http://www.semrush.com/bot.html)" "mantech8.com"
185.191.171.35 - - [02/Feb/2023:21:26:26 -0800] "GET /index.php?camp-fire%2F18357380.html HTTP/1.1" 500 - "-" "Mozilla/5.0 (compatible; SemrushBot/7~bl; +http://www.semrush.com/bot.html)" "mantech8.com"
185.191.171.9 - - [02/Feb/2023:21:26:40 -0800] "GET /index.php?camp-fire%2F16973357.html HTTP/1.1" 500 - "-" "Mozilla/5.0 (compatible; SemrushBot/7~bl; +http://www.semrush.com/bot.html)" "mantech8.com"
157.55.39.133 - - [02/Feb/2023:21:26:57 -0800] "GET /index.php/wf2o-2abadeaa-g6yqf.ii HTTP/1.1" 200 72705 "-" "Mozilla/5.0 AppleWebKit/537.36 (KHTML, like Gecko; compatible; bingbot/2.0; +http://www.bing.com/bingbot.htm) Chrome/103.0.5060.134 Safari/537.36" "mantech8.com"
207.46.13.50 - - [02/Feb/2023:21:27:01 -0800] "GET /index.php/txf8-a38fbdea-aolvt.ii HTTP/1.1" 200 65611 "-" "Mozilla/5.0 AppleWebKit/537.36 (KHTML, like Gecko; compatible; bingbot/2.0; +http://www.bing.com/bingbot.htm) Chrome/103.0.5060.134 Safari/537.36" "mantech8.com"
185.191.171.36 - - [02/Feb/2023:21:27:17 -0800] "GET /index.php?camp-fire%2F40323250.html HTTP/1.1" 500 - "-" "Mozilla/5.0 (compatible; SemrushBot/7~bl; +http://www.semrush.com/bot.html)" "mantech8.com"
185.191.171.44 - - [02/Feb/2023:21:28:19 -0800] "GET /index.php?camp-fire%2F21631217.html HTTP/1.1" 500 - "-" "Mozilla/5.0 (compatible; SemrushBot/7~bl; +http://www.semrush.com/bot.html)" "mantech8.com"
185.191.171.16 - - [02/Feb/2023:21:28:27 -0800] "GET /index.php/camp-fire/30311271.html HTTP/1.1" 500 - "-" "Mozilla/5.0 (compatible; SemrushBot/7~bl; +http://www.semrush.com/bot.html)" "mantech8.com"
185.191.171.43 - - [02/Feb/2023:21:28:30 -0800] "GET /index.php?camp-fire%2F15460065.html HTTP/1.1" 500 - "-" "Mozilla/5.0 (compatible; SemrushBot/7~bl; +http://www.semrush.com/bot.html)" "mantech8.com"
40.77.167.253 - - [02/Feb/2023:21:28:46 -0800] "GET /index.php/mcko-cc3b5ccad-vg3s4.ii HTTP/1.1" 200 64545 "-" "Mozilla/5.0 AppleWebKit/537.36 (KHTML, like Gecko; compatible; bingbot/2.0; +http://www.bing.com/bingbot.htm) Chrome/103.0.5060.134 Safari/537.36" "mantech8.com"
40.77.167.253 - - [02/Feb/2023:21:28:46 -0800] "GET /index.php/c894acbbc HTTP/1.1" 200 62233 "-" "Mozilla/5.0 AppleWebKit/537.36 (KHTML, like Gecko; compatible; bingbot/2.0; +http://www.bing.com/bingbot.htm) Chrome/103.0.5060.134 Safari/537.36" "mantech8.com"
185.191.171.3 - - [02/Feb/2023:21:28:46 -0800] "GET /index.php?camp-fire%2F19398453.html HTTP/1.1" 500 - "-" "Mozilla/5.0 (compatible; SemrushBot/7~bl; +http://www.semrush.com/bot.html)" "mantech8.com"
52.167.144.92 - - [02/Feb/2023:21:28:50 -0800] "GET /index.php/01903eeffb HTTP/1.1" 200 64207 "-" "Mozilla/5.0 AppleWebKit/537.36 (KHTML, like Gecko; compatible; bingbot/2.0; +http://www.bing.com/bingbot.htm) Chrome/103.0.5060.134 Safari/537.36" "mantech8.com"
157.55.39.133 - - [02/Feb/2023:21:29:07 -0800] "GET /index.php/wtzk-027abaddbc-n2ldx.ii HTTP/1.1" 200 61198 "-" "Mozilla/5.0 AppleWebKit/537.36 (KHTML, like Gecko; compatible; bingbot/2.0; +http://www.bing.com/bingbot.htm) Chrome/103.0.5060.134 Safari/537.36" "mantech8.com"
40.77.167.253 - - [02/Feb/2023:21:29:47 -0800] "GET / HTTP/1.1" 200 64590 "-" "Mozilla/5.0 AppleWebKit/537.36 (KHTML, like Gecko; compatible; bingbot/2.0; +http://www.bing.com/bingbot.htm) Chrome/103.0.5060.134 Safari/537.36" "www.mantech8.com"
185.191.171.24 - - [02/Feb/2023:21:30:44 -0800] "GET /index.php?camp-fire%2F18777796.html HTTP/1.1" 500 - "-" "Mozilla/5.0 (compatible; SemrushBot/7~bl; +http://www.semrush.com/bot.html)" "mantech8.com"
185.191.171.25 - - [02/Feb/2023:21:30:50 -0800] "GET /index.php?camp-fire%2F34403384.html HTTP/1.1" 500 - "-" "Mozilla/5.0 (compatible; SemrushBot/7~bl; +http://www.semrush.com/bot.html)" "mantech8.com"
185.191.171.43 - - [02/Feb/2023:21:31:02 -0800] "GET /index.php?camp-fire%2F16617765.html HTTP/1.1" 500 - "-" "Mozilla/5.0 (compatible; SemrushBot/7~bl; +http://www.semrush.com/bot.html)" "mantech8.com"
40.77.167.253 - - [02/Feb/2023:21:31:06 -0800] "GET /index.php/31l7-2ceaa-onhat.ii HTTP/1.1" 200 60482 "-" "Mozilla/5.0 AppleWebKit/537.36 (KHTML, like Gecko; compatible; bingbot/2.0; +http://www.bing.com/bingbot.htm) Chrome/103.0.5060.134 Safari/537.36" "mantech8.com"
185.191.171.8 - - [02/Feb/2023:21:31:10 -0800] "GET /index.php?camp-fire%2F1902100.html HTTP/1.1" 500 - "-" "Mozilla/5.0 (compatible; SemrushBot/7~bl; +http://www.semrush.com/bot.html)" "mantech8.com"
185.191.171.25 - - [02/Feb/2023:21:31:43 -0800] "GET /index.php?camp-fire%2F21611717.html HTTP/1.1" 500 - "-" "Mozilla/5.0 (compatible; SemrushBot/7~bl; +http://www.semrush.com/bot.html)" "mantech8.com"
52.167.144.92 - - [02/Feb/2023:21:32:08 -0800] "GET /index.php/b68edefb HTTP/1.1" 200 70258 "-" "Mozilla/5.0 AppleWebKit/537.36 (KHTML, like Gecko; compatible; bingbot/2.0; +http://www.bing.com/bingbot.htm) Chrome/103.0.5060.134 Safari/537.36" "mantech8.com"
52.167.144.92 - - [02/Feb/2023:21:32:08 -0800] "GET /index.php/90cbcb HTTP/1.1" 200 75695 "-" "Mozilla/5.0 AppleWebKit/537.36 (KHTML, like Gecko; compatible; bingbot/2.0; +http://www.bing.com/bingbot.htm) Chrome/103.0.5060.134 Safari/537.36" "mantech8.com"
52.167.144.92 - - [02/Feb/2023:21:32:08 -0800] "GET /index.php/1c5dfeefc HTTP/1.1" 200 61523 "-" "Mozilla/5.0 AppleWebKit/537.36 (KHTML, like Gecko; compatible; bingbot/2.0; +http://www.bing.com/bingbot.htm) Chrome/103.0.5060.134 Safari/537.36" "mantech8.com"
52.167.144.92 - - [02/Feb/2023:21:32:38 -0800] "GET /index.php/efc65dbe HTTP/1.1" 200 65856 "-" "Mozilla/5.0 AppleWebKit/537.36 (KHTML, like Gecko; compatible; bingbot/2.0; +http://www.bing.com/bingbot.htm) Chrome/103.0.5060.134 Safari/537.36" "mantech8.com"
185.191.171.41 - - [02/Feb/2023:21:32:39 -0800] "GET /index.php?camp-fire%2F88477293.html HTTP/1.1" 500 - "-" "Mozilla/5.0 (compatible; SemrushBot/7~bl; +http://www.semrush.com/bot.html)" "mantech8.com"
52.167.144.92 - - [02/Feb/2023:21:32:58 -0800] "GET /index.php/c3ff HTTP/1.1" 200 63961 "-" "Mozilla/5.0 AppleWebKit/537.36 (KHTML, like Gecko; compatible; bingbot/2.0; +http://www.bing.com/bingbot.htm) Chrome/103.0.5060.134 Safari/537.36" "mantech8.com"
185.191.171.3 - - [02/Feb/2023:21:33:00 -0800] "GET /index.php?camp-fire%2F15479384.html HTTP/1.1" 500 - "-" "Mozilla/5.0 (compatible; SemrushBot/7~bl; +http://www.semrush.com/bot.html)" "mantech8.com"
157.55.39.133 - - [02/Feb/2023:21:33:18 -0800] "GET /index.php/5dfbf HTTP/1.1" 200 68562 "-" "Mozilla/5.0 AppleWebKit/537.36 (KHTML, like Gecko; compatible; bingbot/2.0; +http://www.bing.com/bingbot.htm) Chrome/103.0.5060.134 Safari/537.36" "mantech8.com"
207.46.13.50 - - [02/Feb/2023:21:33:22 -0800] "GET /index.php/2cddee HTTP/1.1" 200 64282 "-" "Mozilla/5.0 AppleWebKit/537.36 (KHTML, like Gecko; compatible; bingbot/2.0; +http://www.bing.com/bingbot.htm) Chrome/103.0.5060.134 Safari/537.36" "mantech8.com"
40.77.167.253 - - [02/Feb/2023:21:33:45 -0800] "GET /index.php/pstd-16f9cbdaef-iwhai.ii HTTP/1.1" 200 61888 "-" "Mozilla/5.0 AppleWebKit/537.36 (KHTML, like Gecko; compatible; bingbot/2.0; +http://www.bing.com/bingbot.htm) Chrome/103.0.5060.134 Safari/537.36" "mantech8.com"
185.191.171.44 - - [02/Feb/2023:21:33:53 -0800] "GET /index.php?camp-fire%2F15120659.html HTTP/1.1" 500 - "-" "Mozilla/5.0 (compatible; SemrushBot/7~bl; +http://www.semrush.com/bot.html)" "mantech8.com"
207.46.13.180 - - [02/Feb/2023:21:34:29 -0800] "GET /index.php/pstd-04df-iecfy.ii HTTP/1.1" 200 69269 "-" "Mozilla/5.0 AppleWebKit/537.36 (KHTML, like Gecko; compatible; bingbot/2.0; +http://www.bing.com/bingbot.htm) Chrome/103.0.5060.134 Safari/537.36" "mantech8.com"
185.191.171.36 - - [02/Feb/2023:21:34:37 -0800] "GET /index.php?camp-fire%2F28811889.html HTTP/1.1" 500 - "-" "Mozilla/5.0 (compatible; SemrushBot/7~bl; +http://www.semrush.com/bot.html)" "mantech8.com"
185.191.171.23 - - [02/Feb/2023:21:34:38 -0800] "GET /index.php?camp-fire%2F19228546.html HTTP/1.1" 500 - "-" "Mozilla/5.0 (compatible; SemrushBot/7~bl; +http://www.semrush.com/bot.html)" "mantech8.com"
185.191.171.38 - - [02/Feb/2023:21:34:41 -0800] "GET /index.php?camp-fire%2F17807326.html HTTP/1.1" 500 - "-" "Mozilla/5.0 (compatible; SemrushBot/7~bl; +http://www.semrush.com/bot.html)" "mantech8.com"
157.55.39.133 - - [02/Feb/2023:21:34:48 -0800] "GET /index.php/frzh-ac51faadaa-5jddv.ii HTTP/1.1" 200 66218 "-" "Mozilla/5.0 AppleWebKit/537.36 (KHTML, like Gecko; compatible; bingbot/2.0; +http://www.bing.com/bingbot.htm) Chrome/103.0.5060.134 Safari/537.36" "mantech8.com"
185.191.171.25 - - [02/Feb/2023:21:35:10 -0800] "GET /index.php?camp-fire%2F17085765.html HTTP/1.1" 500 - "-" "Mozilla/5.0 (compatible; SemrushBot/7~bl; +http://www.semrush.com/bot.html)" "mantech8.com"
185.191.171.2 - - [02/Feb/2023:21:35:27 -0800] "GET /index.php?camp-fire%2F11597709.html HTTP/1.1" 500 - "-" "Mozilla/5.0 (compatible; SemrushBot/7~bl; +http://www.semrush.com/bot.html)" "mantech8.com"
185.191.171.5 - - [02/Feb/2023:21:35:39 -0800] "GET /index.php?camp-fire%2F8612708.html HTTP/1.1" 500 - "-" "Mozilla/5.0 (compatible; SemrushBot/7~bl; +http://www.semrush.com/bot.html)" "mantech8.com"
185.191.171.3 - - [02/Feb/2023:21:35:52 -0800] "GET /index.php?camp-fire%2F21738817.html HTTP/1.1" 500 - "-" "Mozilla/5.0 (compatible; SemrushBot/7~bl; +http://www.semrush.com/bot.html)" "mantech8.com"
157.55.39.133 - - [02/Feb/2023:21:37:17 -0800] "GET /index.php/4a977fbbbf HTTP/1.1" 200 61991 "-" "Mozilla/5.0 AppleWebKit/537.36 (KHTML, like Gecko; compatible; bingbot/2.0; +http://www.bing.com/bingbot.htm) Chrome/103.0.5060.134 Safari/537.36" "mantech8.com"
185.191.171.45 - - [02/Feb/2023:21:37:50 -0800] "GET /index.php?camp-fire%2F20378065.html HTTP/1.1" 500 - "-" "Mozilla/5.0 (compatible; SemrushBot/7~bl; +http://www.semrush.com/bot.html)" "mantech8.com"
185.191.171.15 - - [02/Feb/2023:21:37:55 -0800] "GET /index.php?camp-fire%2F41009830.html HTTP/1.1" 500 - "-" "Mozilla/5.0 (compatible; SemrushBot/7~bl; +http://www.semrush.com/bot.html)" "mantech8.com"
40.77.167.253 - - [02/Feb/2023:21:37:56 -0800] "GET /index.php/60dffdad HTTP/1.1" 200 60722 "-" "Mozilla/5.0 AppleWebKit/537.36 (KHTML, like Gecko; compatible; bingbot/2.0; +http://www.bing.com/bingbot.htm) Chrome/103.0.5060.134 Safari/537.36" "mantech8.com"
52.167.144.92 - - [02/Feb/2023:21:38:28 -0800] "GET /index.php/pstd-807bbdbda-iecal.ii HTTP/1.1" 200 73434 "-" "Mozilla/5.0 AppleWebKit/537.36 (KHTML, like Gecko; compatible; bingbot/2.0; +http://www.bing.com/bingbot.htm) Chrome/103.0.5060.134 Safari/537.36" "mantech8.com"
185.191.171.35 - - [02/Feb/2023:21:38:34 -0800] "GET /index.php?camp-fire%2F11498909.html HTTP/1.1" 500 - "-" "Mozilla/5.0 (compatible; SemrushBot/7~bl; +http://www.semrush.com/bot.html)" "mantech8.com"
185.191.171.26 - - [02/Feb/2023:21:38:40 -0800] "GET /index.php?camp-fire%2F16220456.html HTTP/1.1" 500 - "-" "Mozilla/5.0 (compatible; SemrushBot/7~bl; +http://www.semrush.com/bot.html)" "mantech8.com"
207.46.13.180 - - [02/Feb/2023:21:38:49 -0800] "GET /index.php/mkjw-f7ec3cefe-bbb76.ii HTTP/1.1" 200 73715 "-" "Mozilla/5.0 AppleWebKit/537.36 (KHTML, like Gecko; compatible; bingbot/2.0; +http://www.bing.com/bingbot.htm) Chrome/103.0.5060.134 Safari/537.36" "mantech8.com"
185.191.171.19 - - [02/Feb/2023:21:39:04 -0800] "GET /index.php?camp-fire%2F11711909.html HTTP/1.1" 500 - "-" "Mozilla/5.0 (compatible; SemrushBot/7~bl; +http://www.semrush.com/bot.html)" "mantech8.com"
185.191.171.23 - - [02/Feb/2023:21:39:16 -0800] "GET /index.php?camp-fire%2F14518024.html HTTP/1.1" 500 - "-" "Mozilla/5.0 (compatible; SemrushBot/7~bl; +http://www.semrush.com/bot.html)" "mantech8.com"
157.55.39.133 - - [02/Feb/2023:21:40:08 -0800] "GET /index.php/56ac0bcc HTTP/1.1" 200 70471 "-" "Mozilla/5.0 AppleWebKit/537.36 (KHTML, like Gecko; compatible; bingbot/2.0; +http://www.bing.com/bingbot.htm) Chrome/103.0.5060.134 Safari/537.36" "mantech8.com"
52.167.144.92 - - [02/Feb/2023:21:40:12 -0800] "GET /index.php/92bf2acf HTTP/1.1" 200 96255 "-" "Mozilla/5.0 AppleWebKit/537.36 (KHTML, like Gecko; compatible; bingbot/2.0; +http://www.bing.com/bingbot.htm) Chrome/103.0.5060.134 Safari/537.36" "mantech8.com"
185.191.171.8 - - [02/Feb/2023:21:40:39 -0800] "GET /index.php?camp-fire%2F15174824.html HTTP/1.1" 500 - "-" "Mozilla/5.0 (compatible; SemrushBot/7~bl; +http://www.semrush.com/bot.html)" "mantech8.com"
185.191.171.14 - - [02/Feb/2023:21:40:42 -0800] "GET /index.php?camp-fire%2F102772626.html HTTP/1.1" 500 - "-" "Mozilla/5.0 (compatible; SemrushBot/7~bl; +http://www.semrush.com/bot.html)" "mantech8.com"
52.167.144.92 - - [02/Feb/2023:21:40:49 -0800] "GET /index.php/deec HTTP/1.1" 200 69374 "-" "Mozilla/5.0 AppleWebKit/537.36 (KHTML, like Gecko; compatible; bingbot/2.0; +http://www.bing.com/bingbot.htm) Chrome/103.0.5060.134 Safari/537.36" "mantech8.com"
40.77.167.253 - - [02/Feb/2023:21:41:16 -0800] "GET /index.php/e73cedeac HTTP/1.1" 200 67495 "-" "Mozilla/5.0 AppleWebKit/537.36 (KHTML, like Gecko; compatible; bingbot/2.0; +http://www.bing.com/bingbot.htm) Chrome/103.0.5060.134 Safari/537.36" "mantech8.com"
185.191.171.17 - - [02/Feb/2023:21:41:34 -0800] "GET /index.php?camp-fire%2F28366635.html HTTP/1.1" 500 - "-" "Mozilla/5.0 (compatible; SemrushBot/7~bl; +http://www.semrush.com/bot.html)" "mantech8.com"
207.46.13.101 - - [02/Feb/2023:21:41:46 -0800] "GET /index.php/1zve-dedc-jgjqw.ii HTTP/1.1" 200 65418 "-" "Mozilla/5.0 AppleWebKit/537.36 (KHTML, like Gecko; compatible; bingbot/2.0; +http://www.bing.com/bingbot.htm) Chrome/103.0.5060.134 Safari/537.36" "mantech8.com"
185.191.171.8 - - [02/Feb/2023:21:42:10 -0800] "GET /index.php?camp-fire%2F1522353.html HTTP/1.1" 500 - "-" "Mozilla/5.0 (compatible; SemrushBot/7~bl; +http://www.semrush.com/bot.html)" "mantech8.com"
157.55.39.133 - - [02/Feb/2023:21:42:28 -0800] "GET /?/304buxiu/334/ HTTP/1.1" 200 65010 "-" "Mozilla/5.0 AppleWebKit/537.36 (KHTML, like Gecko; compatible; bingbot/2.0; +http://www.bing.com/bingbot.htm) Chrome/103.0.5060.134 Safari/537.36" "mantech8.com"
185.191.171.15 - - [02/Feb/2023:21:42:34 -0800] "GET /index.php?camp-fire%2F12904709.html HTTP/1.1" 500 - "-" "Mozilla/5.0 (compatible; SemrushBot/7~bl; +http://www.semrush.com/bot.html)" "mantech8.com"
185.191.171.8 - - [02/Feb/2023:21:42:36 -0800] "GET /index.php/camp-fire/19316883.html HTTP/1.1" 500 - "-" "Mozilla/5.0 (compatible; SemrushBot/7~bl; +http://www.semrush.com/bot.html)" "mantech8.com"
207.46.13.50 - - [02/Feb/2023:21:42:40 -0800] "GET /index.php/mcko-45ccc-vywim.ii HTTP/1.1" 200 75418 "-" "Mozilla/5.0 AppleWebKit/537.36 (KHTML, like Gecko; compatible; bingbot/2.0; +http://www.bing.com/bingbot.htm) Chrome/103.0.5060.134 Safari/537.36" "mantech8.com"
185.191.171.43 - - [02/Feb/2023:21:42:59 -0800] "GET /index.php?camp-fire%2F1534653.html HTTP/1.1" 500 - "-" "Mozilla/5.0 (compatible; SemrushBot/7~bl; +http://www.semrush.com/bot.html)" "mantech8.com"
185.191.171.35 - - [02/Feb/2023:21:43:09 -0800] "GET /index.php?camp-fire%2F39893602.html HTTP/1.1" 500 - "-" "Mozilla/5.0 (compatible; SemrushBot/7~bl; +http://www.semrush.com/bot.html)" "mantech8.com"
185.191.171.6 - - [02/Feb/2023:21:43:17 -0800] "GET /index.php?camp-fire%2F11599557.html HTTP/1.1" 500 - "-" "Mozilla/5.0 (compatible; SemrushBot/7~bl; +http://www.semrush.com/bot.html)" "mantech8.com"
185.191.171.16 - - [02/Feb/2023:21:43:54 -0800] "GET /index.php?camp-fire%2F42211534.html HTTP/1.1" 500 - "-" "Mozilla/5.0 (compatible; SemrushBot/7~bl; +http://www.semrush.com/bot.html)" "mantech8.com"
185.191.171.42 - - [02/Feb/2023:21:44:36 -0800] "GET /index.php?camp-fire%2F19288055.html HTTP/1.1" 500 - "-" "Mozilla/5.0 (compatible; SemrushBot/7~bl; +http://www.semrush.com/bot.html)" "mantech8.com"
185.191.171.17 - - [02/Feb/2023:21:44:41 -0800] "GET /robots.txt HTTP/1.1" 200 106 "-" "Mozilla/5.0 (compatible; SemrushBot/7~bl; +http://www.semrush.com/bot.html)" "mantech8.com"
185.191.171.8 - - [02/Feb/2023:21:44:41 -0800] "GET /index.php?camp-fire%2F11732390.html HTTP/1.1" 500 - "-" "Mozilla/5.0 (compatible; SemrushBot/7~bl; +http://www.semrush.com/bot.html)" "mantech8.com"
185.191.171.24 - - [02/Feb/2023:21:45:48 -0800] "GET /index.php?camp-fire%2F14546159.html HTTP/1.1" 500 - "-" "Mozilla/5.0 (compatible; SemrushBot/7~bl; +http://www.semrush.com/bot.html)" "mantech8.com"
185.191.171.9 - - [02/Feb/2023:21:45:51 -0800] "GET /index.php?camp-fire%2F21016457.html HTTP/1.1" 500 - "-" "Mozilla/5.0 (compatible; SemrushBot/7~bl; +http://www.semrush.com/bot.html)" "mantech8.com"
185.191.171.10 - - [02/Feb/2023:21:46:33 -0800] "GET /index.php?camp-fire%2F29920366.html HTTP/1.1" 500 - "-" "Mozilla/5.0 (compatible; SemrushBot/7~bl; +http://www.semrush.com/bot.html)" "mantech8.com"
207.46.13.100 - - [02/Feb/2023:21:46:48 -0800] "GET /index.php/fcdba HTTP/1.1" 200 65451 "-" "Mozilla/5.0 AppleWebKit/537.36 (KHTML, like Gecko; compatible; bingbot/2.0; +http://www.bing.com/bingbot.htm) Chrome/103.0.5060.134 Safari/537.36" "mantech8.com"
185.191.171.42 - - [02/Feb/2023:21:46:53 -0800] "GET /index.php?camp-fire%2F15495746.html HTTP/1.1" 500 - "-" "Mozilla/5.0 (compatible; SemrushBot/7~bl; +http://www.semrush.com/bot.html)" "mantech8.com"
185.191.171.4 - - [02/Feb/2023:21:46:54 -0800] "GET /index.php?camp-fire%2F15359787.html HTTP/1.1" 500 - "-" "Mozilla/5.0 (compatible; SemrushBot/7~bl; +http://www.semrush.com/bot.html)" "mantech8.com"
207.46.13.100 - - [02/Feb/2023:21:47:28 -0800] "GET /index.php/283ecaebf HTTP/1.1" 200 78226 "-" "Mozilla/5.0 AppleWebKit/537.36 (KHTML, like Gecko; compatible; bingbot/2.0; +http://www.bing.com/bingbot.htm) Chrome/103.0.5060.134 Safari/537.36" "mantech8.com"
207.46.13.100 - - [02/Feb/2023:21:47:47 -0800] "GET /index.php/bf4edfdb HTTP/1.1" 200 71480 "-" "Mozilla/5.0 AppleWebKit/537.36 (KHTML, like Gecko; compatible; bingbot/2.0; +http://www.bing.com/bingbot.htm) Chrome/103.0.5060.134 Safari/537.36" "mantech8.com"
185.191.171.19 - - [02/Feb/2023:21:48:02 -0800] "GET /index.php?camp-fire%2F5413965.html HTTP/1.1" 500 - "-" "Mozilla/5.0 (compatible; SemrushBot/7~bl; +http://www.semrush.com/bot.html)" "mantech8.com"
185.191.171.11 - - [02/Feb/2023:21:48:14 -0800] "GET /index.php?camp-fire%2F23055717.html HTTP/1.1" 500 - "-" "Mozilla/5.0 (compatible; SemrushBot/7~bl; +http://www.semrush.com/bot.html)" "mantech8.com"
207.46.13.50 - - [02/Feb/2023:21:48:42 -0800] "GET /index.php/mcko-582adbaebf-vtvdl.ii HTTP/1.1" 200 72547 "-" "Mozilla/5.0 AppleWebKit/537.36 (KHTML, like Gecko; compatible; bingbot/2.0; +http://www.bing.com/bingbot.htm) Chrome/103.0.5060.134 Safari/537.36" "mantech8.com"
185.191.171.36 - - [02/Feb/2023:21:49:03 -0800] "GET /index.php?camp-fire%2F19046832.html HTTP/1.1" 500 - "-" "Mozilla/5.0 (compatible; SemrushBot/7~bl; +http://www.semrush.com/bot.html)" "mantech8.com"
52.167.144.92 - - [02/Feb/2023:21:49:09 -0800] "GET /index.php/vmbp-78fc-uuykx.ii HTTP/1.1" 200 68526 "-" "Mozilla/5.0 AppleWebKit/537.36 (KHTML, like Gecko; compatible; bingbot/2.0; +http://www.bing.com/bingbot.htm) Chrome/103.0.5060.134 Safari/537.36" "mantech8.com"
185.191.171.21 - - [02/Feb/2023:21:49:25 -0800] "GET /index.php?camp-fire%2F17771726.html HTTP/1.1" 500 - "-" "Mozilla/5.0 (compatible; SemrushBot/7~bl; +http://www.semrush.com/bot.html)" "mantech8.com"
185.191.171.17 - - [02/Feb/2023:21:49:40 -0800] "GET /index.php?camp-fire%2F16633490.html HTTP/1.1" 500 - "-" "Mozilla/5.0 (compatible; SemrushBot/7~bl; +http://www.semrush.com/bot.html)" "mantech8.com"
185.191.171.26 - - [02/Feb/2023:21:49:44 -0800] "GET /index.php?camp-fire%2F90393261.html HTTP/1.1" 500 - "-" "Mozilla/5.0 (compatible; SemrushBot/7~bl; +http://www.semrush.com/bot.html)" "mantech8.com"
157.55.39.133 - - [02/Feb/2023:21:49:49 -0800] "GET /index.php/2ccfa HTTP/1.1" 200 66938 "-" "Mozilla/5.0 AppleWebKit/537.36 (KHTML, like Gecko; compatible; bingbot/2.0; +http://www.bing.com/bingbot.htm) Chrome/103.0.5060.134 Safari/537.36" "mantech8.com"
185.191.171.19 - - [02/Feb/2023:21:50:39 -0800] "GET /index.php?camp-fire%2F15461083.html HTTP/1.1" 500 - "-" "Mozilla/5.0 (compatible; SemrushBot/7~bl; +http://www.semrush.com/bot.html)" "mantech8.com"
185.191.171.7 - - [02/Feb/2023:21:51:04 -0800] "GET /index.php?camp-fire%2F94163109.html HTTP/1.1" 500 - "-" "Mozilla/5.0 (compatible; SemrushBot/7~bl; +http://www.semrush.com/bot.html)" "mantech8.com"
207.46.13.50 - - [02/Feb/2023:21:51:32 -0800] "GET /index.php/pstd-d8fce-ishwl.ii HTTP/1.1" 200 65628 "-" "Mozilla/5.0 AppleWebKit/537.36 (KHTML, like Gecko; compatible; bingbot/2.0; +http://www.bing.com/bingbot.htm) Chrome/103.0.5060.134 Safari/537.36" "mantech8.com"
185.191.171.5 - - [02/Feb/2023:21:51:54 -0800] "GET /index.php?camp-fire%2F15328365.html HTTP/1.1" 500 - "-" "Mozilla/5.0 (compatible; SemrushBot/7~bl; +http://www.semrush.com/bot.html)" "mantech8.com"
185.191.171.22 - - [02/Feb/2023:21:52:03 -0800] "GET /index.php?camp-fire%2F17645080.html HTTP/1.1" 500 - "-" "Mozilla/5.0 (compatible; SemrushBot/7~bl; +http://www.semrush.com/bot.html)" "mantech8.com"
57.128.129.39 - - [02/Feb/2023:21:52:19 -0800] "GET /wp-content/themes/seotheme/db.php?u HTTP/1.1" 404 88 "www.google.com" "Mozlila/5.0 (Linux; Android 7.0; SM-G892A Bulid/NRD90M; wv) AppleWebKit/537.36 (KHTML, like Gecko) Version/4.0 Chrome/60.0.3112.107 Moblie Safari/537.36" "mantech8.com"
57.128.129.39 - - [02/Feb/2023:21:52:27 -0800] "GET /wp-content/themes/seotheme/db.php?u HTTP/1.1" 404 88 "www.google.com" "Mozlila/5.0 (Linux; Android 7.0; SM-G892A Bulid/NRD90M; wv) AppleWebKit/537.36 (KHTML, like Gecko) Version/4.0 Chrome/60.0.3112.107 Moblie Safari/537.36" "mantech8.com"
185.191.171.8 - - [02/Feb/2023:21:52:53 -0800] "GET /index.php?camp-fire%2F28657463.html HTTP/1.1" 500 - "-" "Mozilla/5.0 (compatible; SemrushBot/7~bl; +http://www.semrush.com/bot.html)" "mantech8.com"
52.167.144.92 - - [02/Feb/2023:21:53:21 -0800] "GET /index.php/aps-c5ae7caca-oksix.ii HTTP/1.1" 200 69115 "-" "Mozilla/5.0 AppleWebKit/537.36 (KHTML, like Gecko; compatible; bingbot/2.0; +http://www.bing.com/bingbot.htm) Chrome/103.0.5060.134 Safari/537.36" "mantech8.com"
185.191.171.40 - - [02/Feb/2023:21:53:43 -0800] "GET /index.php?camp-fire%2F10460283.html HTTP/1.1" 500 - "-" "Mozilla/5.0 (compatible; SemrushBot/7~bl; +http://www.semrush.com/bot.html)" "mantech8.com"
114.119.132.112 - - [02/Feb/2023:21:54:10 -0800] "GET /index.php?sitemap-index-5.xml HTTP/1.1" 200 4843 "-" "Mozilla/5.0 (Linux; Android 7.0;) AppleWebKit/537.36 (KHTML, like Gecko) Mobile Safari/537.36 (compatible; PetalBot;+https://webmaster.petalsearch.com/site/petalbot)" "mantech8.com"
52.167.144.92 - - [02/Feb/2023:21:54:11 -0800] "GET /index.php/0704abcbee HTTP/1.1" 200 65365 "-" "Mozilla/5.0 AppleWebKit/537.36 (KHTML, like Gecko; compatible; bingbot/2.0; +http://www.bing.com/bingbot.htm) Chrome/103.0.5060.134 Safari/537.36" "mantech8.com"
94.130.219.231 - - [02/Feb/2023:21:54:21 -0800] "GET /robots.txt HTTP/1.1" 200 106 "-" "Mozilla/5.0 (compatible; AwarioBot/1.0; +https://awario.com/bots.html)" "mantech8.com"
94.130.219.231 - - [02/Feb/2023:21:54:21 -0800] "GET /sitemapindex.xml HTTP/1.1" 404 88 "-" "Mozilla/5.0 (compatible; AwarioBot/1.0; +https://awario.com/bots.html)" "mantech8.com"
207.46.13.180 - - [02/Feb/2023:21:54:22 -0800] "GET /index.php/700eaacbb HTTP/1.1" 200 65677 "-" "Mozilla/5.0 AppleWebKit/537.36 (KHTML, like Gecko; compatible; bingbot/2.0; +http://www.bing.com/bingbot.htm) Chrome/103.0.5060.134 Safari/537.36" "mantech8.com"
94.130.219.231 - - [02/Feb/2023:21:54:22 -0800] "GET /sitemapindeximages.xml HTTP/1.1" 404 88 "-" "Mozilla/5.0 (compatible; AwarioBot/1.0; +https://awario.com/bots.html)" "mantech8.com"
94.130.219.231 - - [02/Feb/2023:21:54:25 -0800] "GET /sitemapmobileindex.xml HTTP/1.1" 404 88 "-" "Mozilla/5.0 (compatible; AwarioBot/1.0; +https://awario.com/bots.html)" "mantech8.com"
185.191.171.45 - - [02/Feb/2023:21:54:27 -0800] "GET /index.php?camp-fire%2F1622772.html HTTP/1.1" 500 - "-" "Mozilla/5.0 (compatible; SemrushBot/7~bl; +http://www.semrush.com/bot.html)" "mantech8.com"
94.130.219.231 - - [02/Feb/2023:21:54:27 -0800] "GET /sitemapnewindex.xml HTTP/1.1" 404 88 "-" "Mozilla/5.0 (compatible; AwarioBot/1.0; +https://awario.com/bots.html)" "mantech8.com"
185.191.171.45 - - [02/Feb/2023:21:54:28 -0800] "GET /index.php?camp-fire%2F24278833.html HTTP/1.1" 500 - "-" "Mozilla/5.0 (compatible; SemrushBot/7~bl; +http://www.semrush.com/bot.html)" "mantech8.com"
207.46.13.50 - - [02/Feb/2023:21:54:32 -0800] "GET /index.php/560caaeddd HTTP/1.1" 200 67807 "-" "Mozilla/5.0 AppleWebKit/537.36 (KHTML, like Gecko; compatible; bingbot/2.0; +http://www.bing.com/bingbot.htm) Chrome/103.0.5060.134 Safari/537.36" "mantech8.com"
185.191.171.26 - - [02/Feb/2023:21:54:39 -0800] "GET /index.php?camp-fire%2F24092872.html HTTP/1.1" 500 - "-" "Mozilla/5.0 (compatible; SemrushBot/7~bl; +http://www.semrush.com/bot.html)" "mantech8.com"
185.191.171.10 - - [02/Feb/2023:21:55:48 -0800] "GET /index.php?camp-fire%2F31875465.html HTTP/1.1" 500 - "-" "Mozilla/5.0 (compatible; SemrushBot/7~bl; +http://www.semrush.com/bot.html)" "mantech8.com"
194.110.203.47 - - [02/Feb/2023:21:56:35 -0800] "GET /mantech8_23092022.zip HTTP/1.1" 404 73 "-" "Firefox" "mantech8.com"
207.46.13.50 - - [02/Feb/2023:21:56:41 -0800] "GET /index.php/69e3ceaa HTTP/1.1" 200 66178 "-" "Mozilla/5.0 AppleWebKit/537.36 (KHTML, like Gecko; compatible; bingbot/2.0; +http://www.bing.com/bingbot.htm) Chrome/103.0.5060.134 Safari/537.36" "mantech8.com"
185.191.171.16 - - [02/Feb/2023:21:56:44 -0800] "GET /index.php?camp-fire%2F15372656.html HTTP/1.1" 500 - "-" "Mozilla/5.0 (compatible; SemrushBot/7~bl; +http://www.semrush.com/bot.html)" "mantech8.com"
207.46.13.100 - - [02/Feb/2023:21:56:49 -0800] "GET /index.php/egy1-8baac-vdsuu.ii HTTP/1.1" 200 67357 "-" "Mozilla/5.0 AppleWebKit/537.36 (KHTML, like Gecko; compatible; bingbot/2.0; +http://www.bing.com/bingbot.htm) Chrome/103.0.5060.134 Safari/537.36" "mantech8.com"
114.119.159.76 - - [02/Feb/2023:21:56:53 -0800] "GET /index.php?camp-fire/97570943.html HTTP/1.1" 500 - "-" "Mozilla/5.0 (Linux; Android 7.0;) AppleWebKit/537.36 (KHTML, like Gecko) Mobile Safari/537.36 (compatible; PetalBot;+https://webmaster.petalsearch.com/site/petalbot)" "www.mantech8.com"
185.191.171.3 - - [02/Feb/2023:21:57:24 -0800] "GET /index.php/camp-fire/32560425.html HTTP/1.1" 500 - "-" "Mozilla/5.0 (compatible; SemrushBot/7~bl; +http://www.semrush.com/bot.html)" "mantech8.com"
185.191.171.40 - - [02/Feb/2023:21:57:46 -0800] "GET /index.php?camp-fire%2F19202481.html HTTP/1.1" 500 - "-" "Mozilla/5.0 (compatible; SemrushBot/7~bl; +http://www.semrush.com/bot.html)" "mantech8.com"
216.244.66.241 - - [02/Feb/2023:21:58:13 -0800] "GET /robots.txt HTTP/1.1" 200 222 "-" "Mozilla/5.0 (compatible; DotBot/1.2; +https://opensiteexplorer.org/dotbot; help@moz.com)" "mantech8.com"
216.244.66.241 - - [02/Feb/2023:21:58:13 -0800] "GET /robots.txt HTTP/1.1" 200 222 "-" "Mozilla/5.0 (compatible; DotBot/1.2; +https://opensiteexplorer.org/dotbot; help@moz.com)" "www.mantech8.com"
185.191.171.37 - - [02/Feb/2023:21:58:38 -0800] "GET /index.php?camp-fire%2F15152624.html HTTP/1.1" 500 - "-" "Mozilla/5.0 (compatible; SemrushBot/7~bl; +http://www.semrush.com/bot.html)" "mantech8.com"
157.55.39.133 - - [02/Feb/2023:21:58:50 -0800] "GET /index.php/ce4bbcaaf HTTP/1.1" 200 75137 "-" "Mozilla/5.0 AppleWebKit/537.36 (KHTML, like Gecko; compatible; bingbot/2.0; +http://www.bing.com/bingbot.htm) Chrome/103.0.5060.134 Safari/537.36" "mantech8.com"
185.191.171.25 - - [02/Feb/2023:21:58:58 -0800] "GET /index.php?camp-fire%2F23394317.html HTTP/1.1" 500 - "-" "Mozilla/5.0 (compatible; SemrushBot/7~bl; +http://www.semrush.com/bot.html)" "mantech8.com"
114.119.146.98 - - [02/Feb/2023:21:58:59 -0800] "GET /index.php?camp-fire/53383475.html HTTP/1.1" 500 - "-" "Mozilla/5.0 (Linux; Android 7.0;) AppleWebKit/537.36 (KHTML, like Gecko) Mobile Safari/537.36 (compatible; PetalBot;+https://webmaster.petalsearch.com/site/petalbot)" "www.mantech8.com"
185.191.171.23 - - [02/Feb/2023:21:59:09 -0800] "GET /index.php?camp-fire%2F99391263.html HTTP/1.1" 500 - "-" "Mozilla/5.0 (compatible; SemrushBot/7~bl; +http://www.semrush.com/bot.html)" "mantech8.com"
40.77.167.253 - - [02/Feb/2023:21:59:28 -0800] "GET /index.php/s0kv-192ffcdc-osgmt.ii HTTP/1.1" 200 75578 "-" "Mozilla/5.0 AppleWebKit/537.36 (KHTML, like Gecko; compatible; bingbot/2.0; +http://www.bing.com/bingbot.htm) Chrome/103.0.5060.134 Safari/537.36" "mantech8.com"
207.46.13.100 - - [02/Feb/2023:21:59:32 -0800] "GET /?/lost-password/ HTTP/1.1" 200 60948 "-" "Mozilla/5.0 AppleWebKit/537.36 (KHTML, like Gecko; compatible; bingbot/2.0; +http://www.bing.com/bingbot.htm) Chrome/103.0.5060.134 Safari/537.36" "mantech8.com"
207.46.13.50 - - [02/Feb/2023:21:59:33 -0800] "GET /index.php/naq6-5b8d0efcd-imprr.ii HTTP/1.1" 200 62527 "-" "Mozilla/5.0 AppleWebKit/537.36 (KHTML, like Gecko; compatible; bingbot/2.0; +http://www.bing.com/bingbot.htm) Chrome/103.0.5060.134 Safari/537.36" "mantech8.com"
77.72.83.20 - - [02/Feb/2023:21:59:57 -0800] "GET /contact.php HTTP/1.1" 200 29238 "http://mantech8.com/contact.php" "Mozilla/5.0 (Windows NT 6.1; WOW64) AppleWebKit/537.36 (KHTML, like Gecko) Chrome/90.0.4430.93 Safari/537.36" "mantech8.com"
77.72.83.20 - - [02/Feb/2023:21:59:58 -0800] "POST /mailer.php HTTP/1.1" 500 - "http://mantech8.com/contact.php" "Mozilla/5.0 (Windows NT 6.1; WOW64) AppleWebKit/537.36 (KHTML, like Gecko) Chrome/90.0.4430.93 Safari/537.36" "mantech8.com"
185.191.171.14 - - [02/Feb/2023:22:00:06 -0800] "GET /index.php?camp-fire%2F18318065.html HTTP/1.1" 500 - "-" "Mozilla/5.0 (compatible; SemrushBot/7~bl; +http://www.semrush.com/bot.html)" "mantech8.com"
185.191.171.3 - - [02/Feb/2023:22:00:35 -0800] "GET /index.php?camp-fire%2F34283008.html HTTP/1.1" 500 - "-" "Mozilla/5.0 (compatible; SemrushBot/7~bl; +http://www.semrush.com/bot.html)" "mantech8.com"
185.191.171.12 - - [02/Feb/2023:22:00:48 -0800] "GET /index.php?camp-fire%2F17537727.html HTTP/1.1" 500 - "-" "Mozilla/5.0 (compatible; SemrushBot/7~bl; +http://www.semrush.com/bot.html)" "mantech8.com"
114.119.146.159 - - [02/Feb/2023:22:00:49 -0800] "GET /index.php?camp-fire/514336.html HTTP/1.1" 500 - "-" "Mozilla/5.0 (Linux; Android 7.0;) AppleWebKit/537.36 (KHTML, like Gecko) Mobile Safari/537.36 (compatible; PetalBot;+https://webmaster.petalsearch.com/site/petalbot)" "www.mantech8.com"
185.191.171.15 - - [02/Feb/2023:22:01:47 -0800] "GET /index.php?camp-fire%2F19948961.html HTTP/1.1" 500 - "-" "Mozilla/5.0 (compatible; SemrushBot/7~bl; +http://www.semrush.com/bot.html)" "mantech8.com"
40.77.167.253 - - [02/Feb/2023:22:01:58 -0800] "GET /index.php/ae33abca HTTP/1.1" 200 60348 "-" "Mozilla/5.0 AppleWebKit/537.36 (KHTML, like Gecko; compatible; bingbot/2.0; +http://www.bing.com/bingbot.htm) Chrome/103.0.5060.134 Safari/537.36" "mantech8.com"
185.191.171.24 - - [02/Feb/2023:22:02:00 -0800] "GET /index.php?camp-fire%2F17425465.html HTTP/1.1" 500 - "-" "Mozilla/5.0 (compatible; SemrushBot/7~bl; +http://www.semrush.com/bot.html)" "mantech8.com"
207.46.13.180 - - [02/Feb/2023:22:02:03 -0800] "GET /index.php/yhfg-cfadfb-pirfd.ii HTTP/1.1" 200 65309 "-" "Mozilla/5.0 AppleWebKit/537.36 (KHTML, like Gecko; compatible; bingbot/2.0; +http://www.bing.com/bingbot.htm) Chrome/103.0.5060.134 Safari/537.36" "mantech8.com"
185.191.171.39 - - [02/Feb/2023:22:02:16 -0800] "GET /index.php?camp-fire%2F16601665.html HTTP/1.1" 500 - "-" "Mozilla/5.0 (compatible; SemrushBot/7~bl; +http://www.semrush.com/bot.html)" "mantech8.com"
185.191.171.41 - - [02/Feb/2023:22:02:25 -0800] "GET /index.php?camp-fire%2F19913232.html HTTP/1.1" 500 - "-" "Mozilla/5.0 (compatible; SemrushBot/7~bl; +http://www.semrush.com/bot.html)" "mantech8.com"
52.167.144.92 - - [02/Feb/2023:22:02:31 -0800] "GET /index.php/15ed HTTP/1.1" 200 65651 "-" "Mozilla/5.0 AppleWebKit/537.36 (KHTML, like Gecko; compatible; bingbot/2.0; +http://www.bing.com/bingbot.htm) Chrome/103.0.5060.134 Safari/537.36" "mantech8.com"
114.119.151.233 - - [02/Feb/2023:22:02:41 -0800] "GET /bimages/service/thump/?C=N%3BO%3DD HTTP/1.1" 200 539 "http://www.mantech8.com/bimages/service/thump/" "Mozilla/5.0 (Linux; Android 7.0;) AppleWebKit/537.36 (KHTML, like Gecko) Mobile Safari/537.36 (compatible; PetalBot;+https://webmaster.petalsearch.com/site/petalbot)" "www.mantech8.com"
185.191.171.1 - - [02/Feb/2023:22:03:02 -0800] "GET /index.php?camp-fire%2F7689221.html HTTP/1.1" 500 - "-" "Mozilla/5.0 (compatible; SemrushBot/7~bl; +http://www.semrush.com/bot.html)" "mantech8.com"
185.191.171.39 - - [02/Feb/2023:22:03:43 -0800] "GET /index.php?camp-fire%2F8301278.html HTTP/1.1" 500 - "-" "Mozilla/5.0 (compatible; SemrushBot/7~bl; +http://www.semrush.com/bot.html)" "mantech8.com"
185.191.171.7 - - [02/Feb/2023:22:04:54 -0800] "GET /index.php?camp-fire%2F11899576.html HTTP/1.1" 500 - "-" "Mozilla/5.0 (compatible; SemrushBot/7~bl; +http://www.semrush.com/bot.html)" "mantech8.com"
114.119.148.255 - - [02/Feb/2023:22:05:00 -0800] "GET /bimages/mission/ HTTP/1.1" 200 416 "http://www.mantech8.com/bimages/" "Mozilla/5.0 (Linux; Android 7.0;) AppleWebKit/537.36 (KHTML, like Gecko) Mobile Safari/537.36 (compatible; PetalBot;+https://webmaster.petalsearch.com/site/petalbot)" "www.mantech8.com"
185.191.171.1 - - [02/Feb/2023:22:05:33 -0800] "GET /index.php?camp-fire%2F3088278.html HTTP/1.1" 500 - "-" "Mozilla/5.0 (compatible; SemrushBot/7~bl; +http://www.semrush.com/bot.html)" "mantech8.com"
185.191.171.23 - - [02/Feb/2023:22:05:46 -0800] "GET /index.php?camp-fire%2F16550165.html HTTP/1.1" 500 - "-" "Mozilla/5.0 (compatible; SemrushBot/7~bl; +http://www.semrush.com/bot.html)" "mantech8.com"
185.191.171.44 - - [02/Feb/2023:22:05:52 -0800] "GET /index.php?camp-fire%2F2660159.html HTTP/1.1" 500 - "-" "Mozilla/5.0 (compatible; SemrushBot/7~bl; +http://www.semrush.com/bot.html)" "mantech8.com"
185.191.171.43 - - [02/Feb/2023:22:06:25 -0800] "GET /index.php?camp-fire%2F16627765.html HTTP/1.1" 500 - "-" "Mozilla/5.0 (compatible; SemrushBot/7~bl; +http://www.semrush.com/bot.html)" "mantech8.com"
185.191.171.43 - - [02/Feb/2023:22:06:27 -0800] "GET /index.php?camp-fire%2F54395076.html HTTP/1.1" 500 - "-" "Mozilla/5.0 (compatible; SemrushBot/7~bl; +http://www.semrush.com/bot.html)" "mantech8.com"
157.55.39.133 - - [02/Feb/2023:22:06:51 -0800] "GET /index.php/15aae/0beac HTTP/1.1" 200 70298 "-" "Mozilla/5.0 AppleWebKit/537.36 (KHTML, like Gecko; compatible; bingbot/2.0; +http://www.bing.com/bingbot.htm) Chrome/103.0.5060.134 Safari/537.36" "mantech8.com"
185.191.171.20 - - [02/Feb/2023:22:07:22 -0800] "GET /index.php?camp-fire%2F11718557.html HTTP/1.1" 500 - "-" "Mozilla/5.0 (compatible; SemrushBot/7~bl; +http://www.semrush.com/bot.html)" "mantech8.com"
114.119.137.125 - - [02/Feb/2023:22:07:24 -0800] "GET /bimages/cert/?C=N%3BO%3DD HTTP/1.1" 200 530 "http://www.mantech8.com/bimages/cert/?C=D%3BO%3DA" "Mozilla/5.0 (Linux; Android 7.0;) AppleWebKit/537.36 (KHTML, like Gecko) Mobile Safari/537.36 (compatible; PetalBot;+https://webmaster.petalsearch.com/site/petalbot)" "www.mantech8.com"
185.191.171.40 - - [02/Feb/2023:22:07:36 -0800] "GET /index.php?camp-fire%2F40102502.html HTTP/1.1" 500 - "-" "Mozilla/5.0 (compatible; SemrushBot/7~bl; +http://www.semrush.com/bot.html)" "mantech8.com"
52.167.144.92 - - [02/Feb/2023:22:07:41 -0800] "GET /index.php/nwtf-2e376adba-4aaux.ii HTTP/1.1" 200 65612 "-" "Mozilla/5.0 AppleWebKit/537.36 (KHTML, like Gecko; compatible; bingbot/2.0; +http://www.bing.com/bingbot.htm) Chrome/103.0.5060.134 Safari/537.36" "mantech8.com"
185.191.171.5 - - [02/Feb/2023:22:08:03 -0800] "GET /index.php?camp-fire%2F24588530.html HTTP/1.1" 500 - "-" "Mozilla/5.0 (compatible; SemrushBot/7~bl; +http://www.semrush.com/bot.html)" "mantech8.com"
185.191.171.35 - - [02/Feb/2023:22:08:10 -0800] "GET /index.php?camp-fire%2F16980946.html HTTP/1.1" 500 - "-" "Mozilla/5.0 (compatible; SemrushBot/7~bl; +http://www.semrush.com/bot.html)" "mantech8.com"
207.46.13.101 - - [02/Feb/2023:22:08:49 -0800] "GET /index.php/dous-cdc6ebcad-abrye.ii HTTP/1.1" 200 63336 "-" "Mozilla/5.0 AppleWebKit/537.36 (KHTML, like Gecko; compatible; bingbot/2.0; +http://www.bing.com/bingbot.htm) Chrome/103.0.5060.134 Safari/537.36" "mantech8.com"
114.119.157.118 - - [02/Feb/2023:22:09:00 -0800] "GET /?venatically.xml HTTP/1.1" 200 270488 "-" "Mozilla/5.0 (Linux; Android 7.0;) AppleWebKit/537.36 (KHTML, like Gecko) Mobile Safari/537.36 (compatible; PetalBot;+https://webmaster.petalsearch.com/site/petalbot)" "mantech8.com"
185.191.171.5 - - [02/Feb/2023:22:09:05 -0800] "GET /index.php?camp-fire%2F20766335.html HTTP/1.1" 500 - "-" "Mozilla/5.0 (compatible; SemrushBot/7~bl; +http://www.semrush.com/bot.html)" "mantech8.com"
207.46.13.50 - - [02/Feb/2023:22:09:13 -0800] "GET /index.php/d764abede HTTP/1.1" 200 68023 "-" "Mozilla/5.0 AppleWebKit/537.36 (KHTML, like Gecko; compatible; bingbot/2.0; +http://www.bing.com/bingbot.htm) Chrome/103.0.5060.134 Safari/537.36" "mantech8.com"
157.55.39.133 - - [02/Feb/2023:22:09:21 -0800] "GET /index.php/d21decbae HTTP/1.1" 200 67214 "-" "Mozilla/5.0 AppleWebKit/537.36 (KHTML, like Gecko; compatible; bingbot/2.0; +http://www.bing.com/bingbot.htm) Chrome/103.0.5060.134 Safari/537.36" "mantech8.com"
185.191.171.23 - - [02/Feb/2023:22:09:28 -0800] "GET /index.php?camp-fire%2F11515309.html HTTP/1.1" 500 - "-" "Mozilla/5.0 (compatible; SemrushBot/7~bl; +http://www.semrush.com/bot.html)" "mantech8.com"
114.119.159.161 - - [02/Feb/2023:22:10:12 -0800] "GET /bimages/pipeg/thump/?C=S%3BO%3DA HTTP/1.1" 200 568 "http://www.mantech8.com/bimages/pipeg/thump/?C=M%3BO%3DA" "Mozilla/5.0 (Linux; Android 7.0;) AppleWebKit/537.36 (KHTML, like Gecko) Mobile Safari/537.36 (compatible; PetalBot;+https://webmaster.petalsearch.com/site/petalbot)" "www.mantech8.com"
185.191.171.34 - - [02/Feb/2023:22:10:19 -0800] "GET /index.php?camp-fire%2F27645271.html HTTP/1.1" 500 - "-" "Mozilla/5.0 (compatible; SemrushBot/7~bl; +http://www.semrush.com/bot.html)" "mantech8.com"
66.249.66.64 - - [02/Feb/2023:22:10:34 -0800] "GET /sitemapimages18600.xml HTTP/1.1" 404 88 "-" "Mozilla/5.0 (compatible; Googlebot/2.1; +http://www.google.com/bot.html)" "mantech8.com"
185.191.171.15 - - [02/Feb/2023:22:10:34 -0800] "GET /index.php?camp-fire%2F27585426.html HTTP/1.1" 500 - "-" "Mozilla/5.0 (compatible; SemrushBot/7~bl; +http://www.semrush.com/bot.html)" "mantech8.com"
185.191.171.35 - - [02/Feb/2023:22:10:45 -0800] "GET /index.php?camp-fire%2F18777180.html HTTP/1.1" 500 - "-" "Mozilla/5.0 (compatible; SemrushBot/7~bl; +http://www.semrush.com/bot.html)" "mantech8.com"
185.191.171.6 - - [02/Feb/2023:22:11:01 -0800] "GET /index.php/camp-fire/10714983.html HTTP/1.1" 500 - "-" "Mozilla/5.0 (compatible; SemrushBot/7~bl; +http://www.semrush.com/bot.html)" "mantech8.com"
92.84.56.10 - - [02/Feb/2023:22:12:44 -0800] "GET /contact.php HTTP/1.1" 200 29238 "http://mantech8.com/contact.php" "Mozilla/5.0 (Windows NT 10.0) AppleWebKit/537.36 (KHTML, like Gecko) Chrome/90.0.4430.85 Safari/537.36 Edg/90.0.818.46" "mantech8.com"
185.191.171.2 - - [02/Feb/2023:22:13:06 -0800] "GET /index.php?camp-fire%2F23584606.html HTTP/1.1" 500 - "-" "Mozilla/5.0 (compatible; SemrushBot/7~bl; +http://www.semrush.com/bot.html)" "mantech8.com"
207.46.13.180 - - [02/Feb/2023:22:13:24 -0800] "GET /index.php/e09babddc HTTP/1.1" 200 67699 "-" "Mozilla/5.0 AppleWebKit/537.36 (KHTML, like Gecko; compatible; bingbot/2.0; +http://www.bing.com/bingbot.htm) Chrome/103.0.5060.134 Safari/537.36" "mantech8.com"
185.191.171.44 - - [02/Feb/2023:22:13:33 -0800] "GET /index.php?camp-fire%2F28275835.html HTTP/1.1" 500 - "-" "Mozilla/5.0 (compatible; SemrushBot/7~bl; +http://www.semrush.com/bot.html)" "mantech8.com"
114.119.149.195 - - [02/Feb/2023:22:13:38 -0800] "GET /qualityandsafety.php HTTP/1.1" 200 14453 "http://www.mantech8.com/head1.php" "Mozilla/5.0 (Linux; Android 7.0;) AppleWebKit/537.36 (KHTML, like Gecko) Mobile Safari/537.36 (compatible; PetalBot;+https://webmaster.petalsearch.com/site/petalbot)" "www.mantech8.com"
185.191.171.6 - - [02/Feb/2023:22:14:09 -0800] "GET /index.php?camp-fire%2F21380880.html HTTP/1.1" 500 - "-" "Mozilla/5.0 (compatible; SemrushBot/7~bl; +http://www.semrush.com/bot.html)" "mantech8.com"
185.191.171.3 - - [02/Feb/2023:22:14:11 -0800] "GET /index.php?camp-fire%2F15747146.html HTTP/1.1" 500 - "-" "Mozilla/5.0 (compatible; SemrushBot/7~bl; +http://www.semrush.com/bot.html)" "mantech8.com"
185.191.171.25 - - [02/Feb/2023:22:14:35 -0800] "GET /index.php?camp-fire%2F17510027.html HTTP/1.1" 500 - "-" "Mozilla/5.0 (compatible; SemrushBot/7~bl; +http://www.semrush.com/bot.html)" "mantech8.com"
185.191.171.21 - - [02/Feb/2023:22:14:44 -0800] "GET /index.php?camp-fire%2F2397393.html HTTP/1.1" 500 - "-" "Mozilla/5.0 (compatible; SemrushBot/7~bl; +http://www.semrush.com/bot.html)" "mantech8.com"
221.6.38.170 - - [02/Feb/2023:22:14:56 -0800] "GET / HTTP/1.1" 500 - "-" "Mozilla/5.0 (Macintosh; Intel Mac OS X 10_11) AppleWebKit/601.1.27 (KHTML, like Gecko) Chrome/47.0.2526.106 Safari/601.1.27" "mantech8.com"
221.6.38.170 - - [02/Feb/2023:22:15:00 -0800] "GET / HTTP/1.1" 500 - "-" "Dalvik/2.1.0 (Linux; U; Android 9.0; ZTE BA520 Build/MRA58K)" "mantech8.com"
221.6.38.170 - - [02/Feb/2023:22:15:12 -0800] "GET / HTTP/1.1" 500 - "-" "Mozilla/5.0 (Macintosh; Intel Mac OS X 10_11) AppleWebKit/601.1.27 (KHTML, like Gecko) Chrome/47.0.2526.106 Safari/601.1.27" "mantech8.com"
114.119.159.61 - - [02/Feb/2023:22:15:25 -0800] "GET /bimages/service/?C=N%3BO%3DD HTTP/1.1" 200 591 "http://www.mantech8.com/bimages/service/" "Mozilla/5.0 (Linux; Android 7.0;) AppleWebKit/537.36 (KHTML, like Gecko) Mobile Safari/537.36 (compatible; PetalBot;+https://webmaster.petalsearch.com/site/petalbot)" "www.mantech8.com"
185.191.171.25 - - [02/Feb/2023:22:15:30 -0800] "GET /index.php?camp-fire%2F24249850.html HTTP/1.1" 500 - "-" "Mozilla/5.0 (compatible; SemrushBot/7~bl; +http://www.semrush.com/bot.html)" "mantech8.com"
185.191.171.6 - - [02/Feb/2023:22:15:34 -0800] "GET /index.php?camp-fire%2F7710808.html HTTP/1.1" 500 - "-" "Mozilla/5.0 (compatible; SemrushBot/7~bl; +http://www.semrush.com/bot.html)" "mantech8.com"
185.191.171.40 - - [02/Feb/2023:22:15:37 -0800] "GET /index.php?camp-fire%2F7622421.html HTTP/1.1" 500 - "-" "Mozilla/5.0 (compatible; SemrushBot/7~bl; +http://www.semrush.com/bot.html)" "mantech8.com"
185.191.171.41 - - [02/Feb/2023:22:15:39 -0800] "GET /index.php?camp-fire%2F107736506.html HTTP/1.1" 500 - "-" "Mozilla/5.0 (compatible; SemrushBot/7~bl; +http://www.semrush.com/bot.html)" "mantech8.com"
221.6.38.170 - - [02/Feb/2023:22:15:50 -0800] "GET / HTTP/1.1" 500 - "-" "Dalvik/2.1.0 (Linux; U; Android 9.0; ZTE BA520 Build/MRA58K)" "mantech8.com"
185.191.171.44 - - [02/Feb/2023:22:16:22 -0800] "GET /index.php?camp-fire%2F14875172.html HTTP/1.1" 500 - "-" "Mozilla/5.0 (compatible; SemrushBot/7~bl; +http://www.semrush.com/bot.html)" "mantech8.com"
185.191.171.16 - - [02/Feb/2023:22:16:56 -0800] "GET /index.php?camp-fire%2F23651906.html HTTP/1.1" 500 - "-" "Mozilla/5.0 (compatible; SemrushBot/7~bl; +http://www.semrush.com/bot.html)" "mantech8.com"
185.191.171.35 - - [02/Feb/2023:22:17:06 -0800] "GET /index.php?camp-fire%2F92314084.html HTTP/1.1" 500 - "-" "Mozilla/5.0 (compatible; SemrushBot/7~bl; +http://www.semrush.com/bot.html)" "mantech8.com"
185.191.171.36 - - [02/Feb/2023:22:17:14 -0800] "GET /index.php?camp-fire%2F29218559.html HTTP/1.1" 500 - "-" "Mozilla/5.0 (compatible; SemrushBot/7~bl; +http://www.semrush.com/bot.html)" "mantech8.com"
207.46.13.50 - - [02/Feb/2023:22:17:24 -0800] "GET /index.php/9d9edfcb HTTP/1.1" 200 72597 "-" "Mozilla/5.0 AppleWebKit/537.36 (KHTML, like Gecko; compatible; bingbot/2.0; +http://www.bing.com/bingbot.htm) Chrome/103.0.5060.134 Safari/537.36" "mantech8.com"
207.46.13.180 - - [02/Feb/2023:22:17:54 -0800] "GET /index.php/pstd-224d9fbb-iwlnk.ii HTTP/1.1" 200 64632 "-" "Mozilla/5.0 AppleWebKit/537.36 (KHTML, like Gecko; compatible; bingbot/2.0; +http://www.bing.com/bingbot.htm) Chrome/103.0.5060.134 Safari/537.36" "mantech8.com"
