185.191.171.44 - - [03/Feb/2023:08:16:59 -0800] "GET /index.php?camp-fire%2F26132178.html HTTP/1.1" 500 - "-" "Mozilla/5.0 (compatible; SemrushBot/7~bl; +http://www.semrush.com/bot.html)" "mantech8.com"
185.191.171.42 - - [03/Feb/2023:08:17:07 -0800] "GET /index.php?camp-fire%2F15382184.html HTTP/1.1" 500 - "-" "Mozilla/5.0 (compatible; SemrushBot/7~bl; +http://www.semrush.com/bot.html)" "mantech8.com"
40.77.167.253 - - [03/Feb/2023:08:18:07 -0800] "GET / HTTP/1.1" 200 64270 "-" "Mozilla/5.0 AppleWebKit/537.36 (KHTML, like Gecko; compatible; bingbot/2.0; +http://www.bing.com/bingbot.htm) Chrome/103.0.5060.134 Safari/537.36" "www.mantech8.com"
185.191.171.40 - - [03/Feb/2023:08:18:23 -0800] "GET /index.php?camp-fire%2F38857417.html HTTP/1.1" 500 - "-" "Mozilla/5.0 (compatible; SemrushBot/7~bl; +http://www.semrush.com/bot.html)" "mantech8.com"
185.191.171.34 - - [03/Feb/2023:08:18:24 -0800] "GET /index.php?camp-fire%2F18529326.html HTTP/1.1" 500 - "-" "Mozilla/5.0 (compatible; SemrushBot/7~bl; +http://www.semrush.com/bot.html)" "mantech8.com"
185.191.171.10 - - [03/Feb/2023:08:18:26 -0800] "GET /index.php?camp-fire%2F42593371.html HTTP/1.1" 500 - "-" "Mozilla/5.0 (compatible; SemrushBot/7~bl; +http://www.semrush.com/bot.html)" "mantech8.com"
185.191.171.34 - - [03/Feb/2023:08:18:50 -0800] "GET /index.php?camp-fire%2F42558993.html HTTP/1.1" 500 - "-" "Mozilla/5.0 (compatible; SemrushBot/7~bl; +http://www.semrush.com/bot.html)" "mantech8.com"
72.79.33.56 - - [03/Feb/2023:08:20:00 -0800] "GET /contact.php HTTP/1.1" 200 29238 "http://mantech8.com/contact.php" "Mozilla/5.0 (Windows NT 6.3; Win64; x64) AppleWebKit/537.36 (KHTML, like Gecko) Chrome/90.0.4430.72 Safari/537.36" "mantech8.com"
72.79.33.56 - - [03/Feb/2023:08:20:00 -0800] "GET /verificationimage.php?3230 HTTP/1.1" 200 1369 "http://mantech8.com/contact.php" "Mozilla/5.0 (Windows NT 6.3; Win64; x64) AppleWebKit/537.36 (KHTML, like Gecko) Chrome/90.0.4430.72 Safari/537.36" "mantech8.com"
72.79.33.56 - - [03/Feb/2023:08:20:01 -0800] "POST /mailer.php HTTP/1.1" 500 - "http://mantech8.com/contact.php" "Mozilla/5.0 (Windows NT 6.3; Win64; x64) AppleWebKit/537.36 (KHTML, like Gecko) Chrome/90.0.4430.72 Safari/537.36" "mantech8.com"
185.191.171.19 - - [03/Feb/2023:08:20:33 -0800] "GET /index.php?camp-fire%2F3223378.html HTTP/1.1" 500 - "-" "Mozilla/5.0 (compatible; SemrushBot/7~bl; +http://www.semrush.com/bot.html)" "mantech8.com"
185.191.171.39 - - [03/Feb/2023:08:21:39 -0800] "GET /index.php?camp-fire%2F18922065.html HTTP/1.1" 500 - "-" "Mozilla/5.0 (compatible; SemrushBot/7~bl; +http://www.semrush.com/bot.html)" "mantech8.com"
185.191.171.19 - - [03/Feb/2023:08:21:53 -0800] "GET /index.php?camp-fire%2F4787355.html HTTP/1.1" 500 - "-" "Mozilla/5.0 (compatible; SemrushBot/7~bl; +http://www.semrush.com/bot.html)" "mantech8.com"
185.191.171.4 - - [03/Feb/2023:08:22:10 -0800] "GET /index.php?camp-fire%2F17602280.html HTTP/1.1" 500 - "-" "Mozilla/5.0 (compatible; SemrushBot/7~bl; +http://www.semrush.com/bot.html)" "mantech8.com"
114.119.155.210 - - [03/Feb/2023:08:22:29 -0800] "GET /bimages/door/signon.php HTTP/1.1" 200 32 "http://www.mantech8.com/bimages/door/?C=M%3BO%3DA" "Mozilla/5.0 (Linux; Android 7.0;) AppleWebKit/537.36 (KHTML, like Gecko) Mobile Safari/537.36 (compatible; PetalBot;+https://webmaster.petalsearch.com/site/petalbot)" "www.mantech8.com"
185.191.171.6 - - [03/Feb/2023:08:22:46 -0800] "GET /index.php?camp-fire%2F55966159.html HTTP/1.1" 500 - "-" "Mozilla/5.0 (compatible; SemrushBot/7~bl; +http://www.semrush.com/bot.html)" "mantech8.com"
185.191.171.9 - - [03/Feb/2023:08:23:04 -0800] "GET /index.php?camp-fire%2F2723229.html HTTP/1.1" 500 - "-" "Mozilla/5.0 (compatible; SemrushBot/7~bl; +http://www.semrush.com/bot.html)" "mantech8.com"
185.191.171.41 - - [03/Feb/2023:08:23:22 -0800] "GET /index.php?camp-fire%2F11991957.html HTTP/1.1" 500 - "-" "Mozilla/5.0 (compatible; SemrushBot/7~bl; +http://www.semrush.com/bot.html)" "mantech8.com"
185.191.171.25 - - [03/Feb/2023:08:23:43 -0800] "GET /index.php?camp-fire%2F26222098.html HTTP/1.1" 500 - "-" "Mozilla/5.0 (compatible; SemrushBot/7~bl; +http://www.semrush.com/bot.html)" "mantech8.com"
185.191.171.35 - - [03/Feb/2023:08:24:05 -0800] "GET /index.php?camp-fire%2F93012388.html HTTP/1.1" 500 - "-" "Mozilla/5.0 (compatible; SemrushBot/7~bl; +http://www.semrush.com/bot.html)" "mantech8.com"
185.191.171.41 - - [03/Feb/2023:08:24:34 -0800] "GET /index.php?camp-fire%2F17379165.html HTTP/1.1" 500 - "-" "Mozilla/5.0 (compatible; SemrushBot/7~bl; +http://www.semrush.com/bot.html)" "mantech8.com"
185.191.171.3 - - [03/Feb/2023:08:24:38 -0800] "GET /?camp-fire%2F117812009.html HTTP/1.1" 500 - "-" "Mozilla/5.0 (compatible; SemrushBot/7~bl; +http://www.semrush.com/bot.html)" "mantech8.com"
185.191.171.23 - - [03/Feb/2023:08:24:56 -0800] "GET /index.php?camp-fire%2F39867776.html HTTP/1.1" 500 - "-" "Mozilla/5.0 (compatible; SemrushBot/7~bl; +http://www.semrush.com/bot.html)" "mantech8.com"
140.99.190.54 - - [03/Feb/2023:08:25:19 -0800] "GET /contact.php HTTP/1.1" 200 29238 "http://mantech8.com/contact.php" "Mozilla/5.0 (Windows NT 10.0; Win64; x64) AppleWebKit/537.36 (KHTML, like Gecko) Chrome/90.0.4430.85 Safari/537.36 Edg/90.0.818.49" "mantech8.com"
140.99.190.15 - - [03/Feb/2023:08:25:20 -0800] "GET /verificationimage.php?3941 HTTP/1.1" 200 1381 "http://mantech8.com/contact.php" "Mozilla/5.0 (Windows NT 10.0; Win64; x64) AppleWebKit/537.36 (KHTML, like Gecko) Chrome/90.0.4430.85 Safari/537.36 Edg/90.0.818.49" "mantech8.com"
140.99.190.10 - - [03/Feb/2023:08:25:21 -0800] "POST /mailer.php HTTP/1.1" 500 - "http://mantech8.com/contact.php" "Mozilla/5.0 (Windows NT 10.0; Win64; x64) AppleWebKit/537.36 (KHTML, like Gecko) Chrome/90.0.4430.85 Safari/537.36 Edg/90.0.818.49" "mantech8.com"
140.99.190.19 - - [03/Feb/2023:08:25:21 -0800] "GET /contact.php HTTP/1.1" 200 29238 "http://mantech8.com/contact.php" "Mozilla/5.0 (Windows NT 10.0; Win64; x64) AppleWebKit/537.36 (KHTML, like Gecko) Chrome/90.0.4430.85 Safari/537.36 Edg/90.0.818.49" "mantech8.com"
185.191.171.20 - - [03/Feb/2023:08:26:30 -0800] "GET /index.php?camp-fire%2F4862655.html HTTP/1.1" 500 - "-" "Mozilla/5.0 (compatible; SemrushBot/7~bl; +http://www.semrush.com/bot.html)" "mantech8.com"
185.191.171.14 - - [03/Feb/2023:08:26:38 -0800] "GET /index.php?camp-fire%2F16590565.html HTTP/1.1" 500 - "-" "Mozilla/5.0 (compatible; SemrushBot/7~bl; +http://www.semrush.com/bot.html)" "mantech8.com"
185.191.171.8 - - [03/Feb/2023:08:27:06 -0800] "GET /index.php?camp-fire%2F16593083.html HTTP/1.1" 500 - "-" "Mozilla/5.0 (compatible; SemrushBot/7~bl; +http://www.semrush.com/bot.html)" "mantech8.com"
185.191.171.8 - - [03/Feb/2023:08:27:19 -0800] "GET /index.php/camp-fire/16640665.html HTTP/1.1" 500 - "-" "Mozilla/5.0 (compatible; SemrushBot/7~bl; +http://www.semrush.com/bot.html)" "mantech8.com"
185.191.171.14 - - [03/Feb/2023:08:27:44 -0800] "GET /index.php?camp-fire%2F42247234.html HTTP/1.1" 500 - "-" "Mozilla/5.0 (compatible; SemrushBot/7~bl; +http://www.semrush.com/bot.html)" "mantech8.com"
185.191.171.15 - - [03/Feb/2023:08:27:50 -0800] "GET /index.php?camp-fire%2F33432893.html HTTP/1.1" 500 - "-" "Mozilla/5.0 (compatible; SemrushBot/7~bl; +http://www.semrush.com/bot.html)" "mantech8.com"
185.191.171.17 - - [03/Feb/2023:08:28:00 -0800] "GET /index.php?camp-fire%2F17312726.html HTTP/1.1" 500 - "-" "Mozilla/5.0 (compatible; SemrushBot/7~bl; +http://www.semrush.com/bot.html)" "mantech8.com"
185.191.171.7 - - [03/Feb/2023:08:29:31 -0800] "GET /index.php?camp-fire%2F19795757.html HTTP/1.1" 500 - "-" "Mozilla/5.0 (compatible; SemrushBot/7~bl; +http://www.semrush.com/bot.html)" "mantech8.com"
185.191.171.36 - - [03/Feb/2023:08:29:32 -0800] "GET /index.php?camp-fire%2F20786135.html HTTP/1.1" 500 - "-" "Mozilla/5.0 (compatible; SemrushBot/7~bl; +http://www.semrush.com/bot.html)" "mantech8.com"
114.119.149.91 - - [03/Feb/2023:08:30:00 -0800] "GET /bimages/cleang/?C=N%3BO%3DD HTTP/1.1" 200 505 "http://www.mantech8.com/bimages/cleang/" "Mozilla/5.0 (Linux; Android 7.0;) AppleWebKit/537.36 (KHTML, like Gecko) Mobile Safari/537.36 (compatible; PetalBot;+https://webmaster.petalsearch.com/site/petalbot)" "www.mantech8.com"
185.191.171.23 - - [03/Feb/2023:08:30:44 -0800] "GET /index.php?camp-fire%2F45591027.html HTTP/1.1" 500 - "-" "Mozilla/5.0 (compatible; SemrushBot/7~bl; +http://www.semrush.com/bot.html)" "mantech8.com"
185.191.171.35 - - [03/Feb/2023:08:30:45 -0800] "GET /index.php?camp-fire%2F9393698.html HTTP/1.1" 500 - "-" "Mozilla/5.0 (compatible; SemrushBot/7~bl; +http://www.semrush.com/bot.html)" "mantech8.com"
185.191.171.2 - - [03/Feb/2023:08:31:51 -0800] "GET /index.php/camp-fire/16934826.html HTTP/1.1" 500 - "-" "Mozilla/5.0 (compatible; SemrushBot/7~bl; +http://www.semrush.com/bot.html)" "mantech8.com"
185.191.171.34 - - [03/Feb/2023:08:31:52 -0800] "GET /index.php?camp-fire%2F27430197.html HTTP/1.1" 500 - "-" "Mozilla/5.0 (compatible; SemrushBot/7~bl; +http://www.semrush.com/bot.html)" "mantech8.com"
185.191.171.9 - - [03/Feb/2023:08:31:55 -0800] "GET /index.php?camp-fire%2F16823126.html HTTP/1.1" 500 - "-" "Mozilla/5.0 (compatible; SemrushBot/7~bl; +http://www.semrush.com/bot.html)" "mantech8.com"
185.191.171.22 - - [03/Feb/2023:08:32:02 -0800] "GET /index.php?camp-fire%2F29676866.html HTTP/1.1" 500 - "-" "Mozilla/5.0 (compatible; SemrushBot/7~bl; +http://www.semrush.com/bot.html)" "mantech8.com"
185.191.171.20 - - [03/Feb/2023:08:32:27 -0800] "GET /index.php?camp-fire%2F19422061.html HTTP/1.1" 500 - "-" "Mozilla/5.0 (compatible; SemrushBot/7~bl; +http://www.semrush.com/bot.html)" "mantech8.com"
185.191.171.25 - - [03/Feb/2023:08:33:36 -0800] "GET /index.php?camp-fire%2F11712209.html HTTP/1.1" 500 - "-" "Mozilla/5.0 (compatible; SemrushBot/7~bl; +http://www.semrush.com/bot.html)" "mantech8.com"
185.191.171.5 - - [03/Feb/2023:08:34:59 -0800] "GET /index.php?camp-fire%2F7253680.html HTTP/1.1" 500 - "-" "Mozilla/5.0 (compatible; SemrushBot/7~bl; +http://www.semrush.com/bot.html)" "mantech8.com"
185.191.171.1 - - [03/Feb/2023:08:35:05 -0800] "GET /index.php?camp-fire%2F17567180.html HTTP/1.1" 500 - "-" "Mozilla/5.0 (compatible; SemrushBot/7~bl; +http://www.semrush.com/bot.html)" "mantech8.com"
185.191.171.23 - - [03/Feb/2023:08:35:42 -0800] "GET /index.php?camp-fire%2F17678672.html HTTP/1.1" 500 - "-" "Mozilla/5.0 (compatible; SemrushBot/7~bl; +http://www.semrush.com/bot.html)" "mantech8.com"
185.191.171.37 - - [03/Feb/2023:08:35:46 -0800] "GET /index.php?camp-fire%2F73536529.html HTTP/1.1" 500 - "-" "Mozilla/5.0 (compatible; SemrushBot/7~bl; +http://www.semrush.com/bot.html)" "mantech8.com"
185.191.171.34 - - [03/Feb/2023:08:36:30 -0800] "GET /index.php?camp-fire%2F93717308.html HTTP/1.1" 500 - "-" "Mozilla/5.0 (compatible; SemrushBot/7~bl; +http://www.semrush.com/bot.html)" "mantech8.com"
185.191.171.41 - - [03/Feb/2023:08:36:54 -0800] "GET /index.php?camp-fire%2F17997581.html HTTP/1.1" 500 - "-" "Mozilla/5.0 (compatible; SemrushBot/7~bl; +http://www.semrush.com/bot.html)" "mantech8.com"
185.191.171.5 - - [03/Feb/2023:08:37:14 -0800] "GET /index.php?camp-fire%2F16206983.html HTTP/1.1" 500 - "-" "Mozilla/5.0 (compatible; SemrushBot/7~bl; +http://www.semrush.com/bot.html)" "mantech8.com"
185.191.171.43 - - [03/Feb/2023:08:37:40 -0800] "GET /index.php?camp-fire%2F28189963.html HTTP/1.1" 500 - "-" "Mozilla/5.0 (compatible; SemrushBot/7~bl; +http://www.semrush.com/bot.html)" "mantech8.com"
185.191.171.11 - - [03/Feb/2023:08:37:42 -0800] "GET /index.php?camp-fire%2F25123506.html HTTP/1.1" 500 - "-" "Mozilla/5.0 (compatible; SemrushBot/7~bl; +http://www.semrush.com/bot.html)" "mantech8.com"
114.119.158.253 - - [03/Feb/2023:08:37:55 -0800] "GET /bimages/cert/Partition.class.php HTTP/1.1" 200 32 "http://www.mantech8.com/bimages/cert/?C=N%3BO%3DD" "Mozilla/5.0 (Linux; Android 7.0;) AppleWebKit/537.36 (KHTML, like Gecko) Mobile Safari/537.36 (compatible; PetalBot;+https://webmaster.petalsearch.com/site/petalbot)" "www.mantech8.com"
185.191.171.38 - - [03/Feb/2023:08:38:13 -0800] "GET /index.php?camp-fire%2F15040659.html HTTP/1.1" 500 - "-" "Mozilla/5.0 (compatible; SemrushBot/7~bl; +http://www.semrush.com/bot.html)" "mantech8.com"
185.191.171.5 - - [03/Feb/2023:08:38:39 -0800] "GET /index.php?camp-fire%2F2499993.html HTTP/1.1" 500 - "-" "Mozilla/5.0 (compatible; SemrushBot/7~bl; +http://www.semrush.com/bot.html)" "mantech8.com"
185.191.171.14 - - [03/Feb/2023:08:39:23 -0800] "GET /index.php?camp-fire%2F18308865.html HTTP/1.1" 500 - "-" "Mozilla/5.0 (compatible; SemrushBot/7~bl; +http://www.semrush.com/bot.html)" "mantech8.com"
185.191.171.43 - - [03/Feb/2023:08:39:28 -0800] "GET /index.php?camp-fire%2F1504890.html HTTP/1.1" 500 - "-" "Mozilla/5.0 (compatible; SemrushBot/7~bl; +http://www.semrush.com/bot.html)" "mantech8.com"
66.249.64.48 - - [03/Feb/2023:08:39:44 -0800] "GET /sitemapimages9210.xml HTTP/1.1" 404 88 "-" "Mozilla/5.0 (compatible; Googlebot/2.1; +http://www.google.com/bot.html)" "mantech8.com"
40.77.167.253 - - [03/Feb/2023:08:40:29 -0800] "GET /index.php/1d3cbdece HTTP/1.1" 200 66107 "-" "Mozilla/5.0 AppleWebKit/537.36 (KHTML, like Gecko; compatible; bingbot/2.0; +http://www.bing.com/bingbot.htm) Chrome/103.0.5060.134 Safari/537.36" "mantech8.com"
185.191.171.39 - - [03/Feb/2023:08:40:43 -0800] "GET /index.php?camp-fire%2F16643987.html HTTP/1.1" 500 - "-" "Mozilla/5.0 (compatible; SemrushBot/7~bl; +http://www.semrush.com/bot.html)" "mantech8.com"
185.191.171.19 - - [03/Feb/2023:08:41:15 -0800] "GET /index.php?camp-fire%2F27769309.html HTTP/1.1" 500 - "-" "Mozilla/5.0 (compatible; SemrushBot/7~bl; +http://www.semrush.com/bot.html)" "mantech8.com"
157.55.39.133 - - [03/Feb/2023:08:41:19 -0800] "GET /index.php/31l7-2157dbcae-onxzl.ii HTTP/1.1" 200 69513 "-" "Mozilla/5.0 AppleWebKit/537.36 (KHTML, like Gecko; compatible; bingbot/2.0; +http://www.bing.com/bingbot.htm) Chrome/103.0.5060.134 Safari/537.36" "mantech8.com"
185.191.171.19 - - [03/Feb/2023:08:41:26 -0800] "GET /index.php?camp-fire%2F41912403.html HTTP/1.1" 500 - "-" "Mozilla/5.0 (compatible; SemrushBot/7~bl; +http://www.semrush.com/bot.html)" "mantech8.com"
185.191.171.45 - - [03/Feb/2023:08:42:12 -0800] "GET /index.php?camp-fire%2F4138865.html HTTP/1.1" 500 - "-" "Mozilla/5.0 (compatible; SemrushBot/7~bl; +http://www.semrush.com/bot.html)" "mantech8.com"
194.110.203.42 - - [03/Feb/2023:08:42:51 -0800] "GET /mantech8_13092022.zip HTTP/1.1" 404 73 "-" "Firefox" "mantech8.com"
185.191.171.6 - - [03/Feb/2023:08:43:22 -0800] "GET /index.php?camp-fire%2F19865600.html HTTP/1.1" 500 - "-" "Mozilla/5.0 (compatible; SemrushBot/7~bl; +http://www.semrush.com/bot.html)" "mantech8.com"
185.191.171.15 - - [03/Feb/2023:08:43:28 -0800] "GET /index.php?camp-fire%2F26073451.html HTTP/1.1" 500 - "-" "Mozilla/5.0 (compatible; SemrushBot/7~bl; +http://www.semrush.com/bot.html)" "mantech8.com"
185.191.171.35 - - [03/Feb/2023:08:44:03 -0800] "GET /index.php?camp-fire%2F15236459.html HTTP/1.1" 500 - "-" "Mozilla/5.0 (compatible; SemrushBot/7~bl; +http://www.semrush.com/bot.html)" "mantech8.com"
185.191.171.45 - - [03/Feb/2023:08:44:09 -0800] "GET /index.php?camp-fire%2F4250300.html HTTP/1.1" 500 - "-" "Mozilla/5.0 (compatible; SemrushBot/7~bl; +http://www.semrush.com/bot.html)" "mantech8.com"
185.191.171.45 - - [03/Feb/2023:08:44:21 -0800] "GET /index.php?camp-fire%2F29701489.html HTTP/1.1" 500 - "-" "Mozilla/5.0 (compatible; SemrushBot/7~bl; +http://www.semrush.com/bot.html)" "mantech8.com"
185.191.171.17 - - [03/Feb/2023:08:44:23 -0800] "GET /index.php?camp-fire%2F16528265.html HTTP/1.1" 500 - "-" "Mozilla/5.0 (compatible; SemrushBot/7~bl; +http://www.semrush.com/bot.html)" "mantech8.com"
185.191.171.45 - - [03/Feb/2023:08:44:27 -0800] "GET /index.php?camp-fire%2F19602880.html HTTP/1.1" 500 - "-" "Mozilla/5.0 (compatible; SemrushBot/7~bl; +http://www.semrush.com/bot.html)" "mantech8.com"
185.191.171.7 - - [03/Feb/2023:08:44:54 -0800] "GET /?camp-fire%2F118402035.html HTTP/1.1" 500 - "-" "Mozilla/5.0 (compatible; SemrushBot/7~bl; +http://www.semrush.com/bot.html)" "mantech8.com"
114.119.137.139 - - [03/Feb/2023:08:45:25 -0800] "GET /?sitemap30396.xml HTTP/1.1" 200 270587 "-" "Mozilla/5.0 (Linux; Android 7.0;) AppleWebKit/537.36 (KHTML, like Gecko) Mobile Safari/537.36 (compatible; PetalBot;+https://webmaster.petalsearch.com/site/petalbot)" "mantech8.com"
185.191.171.45 - - [03/Feb/2023:08:45:35 -0800] "GET /index.php?camp-fire%2F14597124.html HTTP/1.1" 500 - "-" "Mozilla/5.0 (compatible; SemrushBot/7~bl; +http://www.semrush.com/bot.html)" "mantech8.com"
209.126.77.66 - - [03/Feb/2023:08:45:45 -0800] "HEAD /wordpress HTTP/1.1" 404 - "-" "Mozilla/5.0 (Windows NT 10.0; Win64; x64) AppleWebKit/537.36 (KHTML, like Gecko) Chrome/74.0.3729.169 Safari/537.36" "mantech8.com"
209.126.77.66 - - [03/Feb/2023:08:45:45 -0800] "HEAD / HTTP/1.1" 500 - "-" "Mozilla/5.0 (Windows NT 10.0; Win64; x64) AppleWebKit/537.36 (KHTML, like Gecko) Chrome/74.0.3729.169 Safari/537.36" "mantech8.com"
209.126.77.66 - - [03/Feb/2023:08:45:45 -0800] "HEAD /wp HTTP/1.1" 404 - "-" "Mozilla/5.0 (Windows NT 10.0; Win64; x64) AppleWebKit/537.36 (KHTML, like Gecko) Chrome/74.0.3729.169 Safari/537.36" "mantech8.com"
209.126.77.66 - - [03/Feb/2023:08:45:45 -0800] "HEAD /bc HTTP/1.1" 404 - "-" "Mozilla/5.0 (Windows NT 10.0; Win64; x64) AppleWebKit/537.36 (KHTML, like Gecko) Chrome/74.0.3729.169 Safari/537.36" "mantech8.com"
209.126.77.66 - - [03/Feb/2023:08:45:45 -0800] "HEAD /bk HTTP/1.1" 404 - "-" "Mozilla/5.0 (Windows NT 10.0; Win64; x64) AppleWebKit/537.36 (KHTML, like Gecko) Chrome/74.0.3729.169 Safari/537.36" "mantech8.com"
209.126.77.66 - - [03/Feb/2023:08:45:45 -0800] "HEAD /backup HTTP/1.1" 404 - "-" "Mozilla/5.0 (Windows NT 10.0; Win64; x64) AppleWebKit/537.36 (KHTML, like Gecko) Chrome/74.0.3729.169 Safari/537.36" "mantech8.com"
209.126.77.66 - - [03/Feb/2023:08:45:45 -0800] "HEAD /old HTTP/1.1" 404 - "-" "Mozilla/5.0 (Windows NT 10.0; Win64; x64) AppleWebKit/537.36 (KHTML, like Gecko) Chrome/74.0.3729.169 Safari/537.36" "mantech8.com"
209.126.77.66 - - [03/Feb/2023:08:45:46 -0800] "HEAD /new HTTP/1.1" 404 - "-" "Mozilla/5.0 (Windows NT 10.0; Win64; x64) AppleWebKit/537.36 (KHTML, like Gecko) Chrome/74.0.3729.169 Safari/537.36" "mantech8.com"
209.126.77.66 - - [03/Feb/2023:08:45:46 -0800] "HEAD /main HTTP/1.1" 404 - "-" "Mozilla/5.0 (Windows NT 10.0; Win64; x64) AppleWebKit/537.36 (KHTML, like Gecko) Chrome/74.0.3729.169 Safari/537.36" "mantech8.com"
209.126.77.66 - - [03/Feb/2023:08:45:46 -0800] "HEAD /home HTTP/1.1" 404 - "-" "Mozilla/5.0 (Windows NT 10.0; Win64; x64) AppleWebKit/537.36 (KHTML, like Gecko) Chrome/74.0.3729.169 Safari/537.36" "mantech8.com"
185.191.171.42 - - [03/Feb/2023:08:46:33 -0800] "GET /?camp-fire%2F115196706.html HTTP/1.1" 500 - "-" "Mozilla/5.0 (compatible; SemrushBot/7~bl; +http://www.semrush.com/bot.html)" "mantech8.com"
185.191.171.44 - - [03/Feb/2023:08:46:49 -0800] "GET /index.php?camp-fire%2F19003532.html HTTP/1.1" 500 - "-" "Mozilla/5.0 (compatible; SemrushBot/7~bl; +http://www.semrush.com/bot.html)" "mantech8.com"
52.167.144.92 - - [03/Feb/2023:08:47:04 -0800] "GET /index.php/56060cea/f2e90adb HTTP/1.1" 200 67751 "-" "Mozilla/5.0 AppleWebKit/537.36 (KHTML, like Gecko; compatible; bingbot/2.0; +http://www.bing.com/bingbot.htm) Chrome/103.0.5060.134 Safari/537.36" "mantech8.com"
185.191.171.33 - - [03/Feb/2023:08:47:34 -0800] "GET /index.php?camp-fire%2F18905880.html HTTP/1.1" 500 - "-" "Mozilla/5.0 (compatible; SemrushBot/7~bl; +http://www.semrush.com/bot.html)" "mantech8.com"
185.191.171.23 - - [03/Feb/2023:08:47:57 -0800] "GET /?camp-fire%2F128988392.html HTTP/1.1" 500 - "-" "Mozilla/5.0 (compatible; SemrushBot/7~bl; +http://www.semrush.com/bot.html)" "mantech8.com"
185.191.171.35 - - [03/Feb/2023:08:48:12 -0800] "GET /index.php?camp-fire%2F28858997.html HTTP/1.1" 500 - "-" "Mozilla/5.0 (compatible; SemrushBot/7~bl; +http://www.semrush.com/bot.html)" "mantech8.com"
40.77.167.253 - - [03/Feb/2023:08:48:30 -0800] "GET /index.php/bljc-79aecb-kxqld.ii HTTP/1.1" 200 68257 "-" "Mozilla/5.0 AppleWebKit/537.36 (KHTML, like Gecko; compatible; bingbot/2.0; +http://www.bing.com/bingbot.htm) Chrome/103.0.5060.134 Safari/537.36" "mantech8.com"
185.191.171.4 - - [03/Feb/2023:08:49:00 -0800] "GET /index.php?camp-fire%2F49777538.html HTTP/1.1" 500 - "-" "Mozilla/5.0 (compatible; SemrushBot/7~bl; +http://www.semrush.com/bot.html)" "mantech8.com"
185.191.171.40 - - [03/Feb/2023:08:49:04 -0800] "GET /index.php?camp-fire%2F21694635.html HTTP/1.1" 500 - "-" "Mozilla/5.0 (compatible; SemrushBot/7~bl; +http://www.semrush.com/bot.html)" "mantech8.com"
185.191.171.20 - - [03/Feb/2023:08:49:18 -0800] "GET /index.php?camp-fire%2F19005932.html HTTP/1.1" 500 - "-" "Mozilla/5.0 (compatible; SemrushBot/7~bl; +http://www.semrush.com/bot.html)" "mantech8.com"
207.46.13.101 - - [03/Feb/2023:08:49:20 -0800] "GET /index.php/fcdba HTTP/1.1" 200 65308 "-" "Mozilla/5.0 AppleWebKit/537.36 (KHTML, like Gecko; compatible; bingbot/2.0; +http://www.bing.com/bingbot.htm) Chrome/103.0.5060.134 Safari/537.36" "mantech8.com"
207.46.13.101 - - [03/Feb/2023:08:49:21 -0800] "GET /index.php/bljc-0befaf-kwfcg.ii HTTP/1.1" 200 70197 "-" "Mozilla/5.0 AppleWebKit/537.36 (KHTML, like Gecko; compatible; bingbot/2.0; +http://www.bing.com/bingbot.htm) Chrome/103.0.5060.134 Safari/537.36" "mantech8.com"
185.191.171.11 - - [03/Feb/2023:08:49:23 -0800] "GET /index.php?camp-fire%2F16528209.html HTTP/1.1" 500 - "-" "Mozilla/5.0 (compatible; SemrushBot/7~bl; +http://www.semrush.com/bot.html)" "mantech8.com"
185.191.171.1 - - [03/Feb/2023:08:49:40 -0800] "GET /index.php?camp-fire%2F17355165.html HTTP/1.1" 500 - "-" "Mozilla/5.0 (compatible; SemrushBot/7~bl; +http://www.semrush.com/bot.html)" "mantech8.com"
207.46.13.50 - - [03/Feb/2023:08:50:13 -0800] "GET /index.php/60rk-3b7fccbec-wecyx.ii HTTP/1.1" 200 63109 "-" "Mozilla/5.0 AppleWebKit/537.36 (KHTML, like Gecko; compatible; bingbot/2.0; +http://www.bing.com/bingbot.htm) Chrome/103.0.5060.134 Safari/537.36" "mantech8.com"
185.191.171.35 - - [03/Feb/2023:08:51:05 -0800] "GET /index.php?camp-fire%2F28294235.html HTTP/1.1" 500 - "-" "Mozilla/5.0 (compatible; SemrushBot/7~bl; +http://www.semrush.com/bot.html)" "mantech8.com"
185.191.171.40 - - [03/Feb/2023:08:51:33 -0800] "GET /index.php?camp-fire%2F20749456.html HTTP/1.1" 500 - "-" "Mozilla/5.0 (compatible; SemrushBot/7~bl; +http://www.semrush.com/bot.html)" "mantech8.com"
185.191.171.39 - - [03/Feb/2023:08:51:41 -0800] "GET /index.php/camp-fire/24658930.html HTTP/1.1" 500 - "-" "Mozilla/5.0 (compatible; SemrushBot/7~bl; +http://www.semrush.com/bot.html)" "mantech8.com"
157.55.39.133 - - [03/Feb/2023:08:51:42 -0800] "GET /index.php/egy1-3d0cafed-vdzzl.ii HTTP/1.1" 200 71150 "-" "Mozilla/5.0 AppleWebKit/537.36 (KHTML, like Gecko; compatible; bingbot/2.0; +http://www.bing.com/bingbot.htm) Chrome/103.0.5060.134 Safari/537.36" "mantech8.com"
185.191.171.22 - - [03/Feb/2023:08:51:46 -0800] "GET /index.php?camp-fire%2F61863608.html HTTP/1.1" 500 - "-" "Mozilla/5.0 (compatible; SemrushBot/7~bl; +http://www.semrush.com/bot.html)" "mantech8.com"
185.191.171.16 - - [03/Feb/2023:08:52:31 -0800] "GET /index.php?camp-fire%2F9685083.html HTTP/1.1" 500 - "-" "Mozilla/5.0 (compatible; SemrushBot/7~bl; +http://www.semrush.com/bot.html)" "mantech8.com"
185.191.171.42 - - [03/Feb/2023:08:53:07 -0800] "GET /index.php?camp-fire%2F17664480.html HTTP/1.1" 500 - "-" "Mozilla/5.0 (compatible; SemrushBot/7~bl; +http://www.semrush.com/bot.html)" "mantech8.com"
207.46.13.50 - - [03/Feb/2023:08:53:14 -0800] "GET /index.php/5685adccee/ba41abdddf/a1226beebd HTTP/1.1" 200 94394 "-" "Mozilla/5.0 AppleWebKit/537.36 (KHTML, like Gecko; compatible; bingbot/2.0; +http://www.bing.com/bingbot.htm) Chrome/103.0.5060.134 Safari/537.36" "mantech8.com"
66.249.64.201 - - [03/Feb/2023:08:53:21 -0800] "GET /col.jsp?id=110 HTTP/1.1" 404 88 "-" "Mozilla/5.0 (Linux; Android 6.0.1; Nexus 5X Build/MMB29P) AppleWebKit/537.36 (KHTML, like Gecko) Chrome/109.0.5414.101 Mobile Safari/537.36 (compatible; Googlebot/2.1; +http://www.google.com/bot.html)" "www.mantech8.com"
114.119.156.250 - - [03/Feb/2023:08:53:33 -0800] "GET /bimages/pipeg/thump/ HTTP/1.1" 200 568 "http://www.mantech8.com/bimages/pipeg/?C=N%3BO%3DD" "Mozilla/5.0 (Linux; Android 7.0;) AppleWebKit/537.36 (KHTML, like Gecko) Mobile Safari/537.36 (compatible; PetalBot;+https://webmaster.petalsearch.com/site/petalbot)" "www.mantech8.com"
66.249.64.203 - - [03/Feb/2023:08:53:38 -0800] "GET /col.jsp?id=109 HTTP/1.1" 404 88 "-" "Mozilla/5.0 (Linux; Android 6.0.1; Nexus 5X Build/MMB29P) AppleWebKit/537.36 (KHTML, like Gecko) Chrome/109.0.5414.101 Mobile Safari/537.36 (compatible; Googlebot/2.1; +http://www.google.com/bot.html)" "www.mantech8.com"
185.191.171.15 - - [03/Feb/2023:08:54:00 -0800] "GET /index.php?camp-fire%2F10562357.html HTTP/1.1" 500 - "-" "Mozilla/5.0 (compatible; SemrushBot/7~bl; +http://www.semrush.com/bot.html)" "mantech8.com"
66.249.64.201 - - [03/Feb/2023:08:54:01 -0800] "GET /image.rakuten.co.jp/hghr/cabinet/set/awase-bunnkatu.gif HTTP/1.1" 404 88 "-" "Googlebot-Image/1.0" "www.mantech8.com"
207.46.13.50 - - [03/Feb/2023:08:54:04 -0800] "GET /index.php/14js-2cced-cbhus.ii HTTP/1.1" 200 61689 "-" "Mozilla/5.0 AppleWebKit/537.36 (KHTML, like Gecko; compatible; bingbot/2.0; +http://www.bing.com/bingbot.htm) Chrome/103.0.5060.134 Safari/537.36" "mantech8.com"
185.191.171.3 - - [03/Feb/2023:08:54:16 -0800] "GET /index.php?camp-fire%2F17852565.html HTTP/1.1" 500 - "-" "Mozilla/5.0 (compatible; SemrushBot/7~bl; +http://www.semrush.com/bot.html)" "mantech8.com"
185.191.171.1 - - [03/Feb/2023:08:54:17 -0800] "GET /index.php?camp-fire%2F1326472.html HTTP/1.1" 500 - "-" "Mozilla/5.0 (compatible; SemrushBot/7~bl; +http://www.semrush.com/bot.html)" "mantech8.com"
185.191.171.40 - - [03/Feb/2023:08:54:18 -0800] "GET /?camp-fire%2F113755872.html HTTP/1.1" 500 - "-" "Mozilla/5.0 (compatible; SemrushBot/7~bl; +http://www.semrush.com/bot.html)" "mantech8.com"
207.46.13.50 - - [03/Feb/2023:08:54:24 -0800] "GET /index.php/7b720eef HTTP/1.1" 200 61018 "-" "Mozilla/5.0 AppleWebKit/537.36 (KHTML, like Gecko; compatible; bingbot/2.0; +http://www.bing.com/bingbot.htm) Chrome/103.0.5060.134 Safari/537.36" "mantech8.com"
185.191.171.16 - - [03/Feb/2023:08:54:30 -0800] "GET /?camp-fire%2F131555171.html HTTP/1.1" 500 - "-" "Mozilla/5.0 (compatible; SemrushBot/7~bl; +http://www.semrush.com/bot.html)" "mantech8.com"
66.249.64.201 - - [03/Feb/2023:08:54:45 -0800] "GET /image.rakuten.co.jp/hghr/cabinet/prts01/s-setjukusui175.gif HTTP/1.1" 404 88 "-" "Googlebot-Image/1.0" "www.mantech8.com"
66.249.64.201 - - [03/Feb/2023:08:55:21 -0800] "GET /image.rakuten.co.jp/hghr/cabinet/prts01/s-kaitekiset209.gif HTTP/1.1" 404 88 "-" "Googlebot-Image/1.0" "www.mantech8.com"
185.191.171.34 - - [03/Feb/2023:08:55:28 -0800] "GET /index.php?camp-fire%2F15494346.html HTTP/1.1" 500 - "-" "Mozilla/5.0 (compatible; SemrushBot/7~bl; +http://www.semrush.com/bot.html)" "mantech8.com"
185.191.171.39 - - [03/Feb/2023:08:55:32 -0800] "GET /index.php?camp-fire%2F92248450.html HTTP/1.1" 500 - "-" "Mozilla/5.0 (compatible; SemrushBot/7~bl; +http://www.semrush.com/bot.html)" "mantech8.com"
66.249.64.48 - - [03/Feb/2023:08:55:33 -0800] "GET /sitemapimages19772.xml HTTP/1.1" 404 88 "-" "Mozilla/5.0 (compatible; Googlebot/2.1; +http://www.google.com/bot.html)" "mantech8.com"
66.249.64.201 - - [03/Feb/2023:08:55:57 -0800] "GET /image.rakuten.co.jp/hghr/cabinet/prts01/s-setallkosi205.gif HTTP/1.1" 404 88 "-" "Googlebot-Image/1.0" "www.mantech8.com"
185.191.171.16 - - [03/Feb/2023:08:56:02 -0800] "GET /index.php?camp-fire%2F110278571.html HTTP/1.1" 500 - "-" "Mozilla/5.0 (compatible; SemrushBot/7~bl; +http://www.semrush.com/bot.html)" "mantech8.com"
207.46.13.180 - - [03/Feb/2023:08:56:14 -0800] "GET /index.php/pstd-45ec-ixhzn.ii HTTP/1.1" 200 61861 "-" "Mozilla/5.0 AppleWebKit/537.36 (KHTML, like Gecko; compatible; bingbot/2.0; +http://www.bing.com/bingbot.htm) Chrome/103.0.5060.134 Safari/537.36" "mantech8.com"
185.191.171.40 - - [03/Feb/2023:08:56:17 -0800] "GET /index.php?camp-fire%2F16645921.html HTTP/1.1" 500 - "-" "Mozilla/5.0 (compatible; SemrushBot/7~bl; +http://www.semrush.com/bot.html)" "mantech8.com"
207.46.13.180 - - [03/Feb/2023:08:56:44 -0800] "GET /index.php/dwij-15cbee-mogyo.ii HTTP/1.1" 200 62870 "-" "Mozilla/5.0 AppleWebKit/537.36 (KHTML, like Gecko; compatible; bingbot/2.0; +http://www.bing.com/bingbot.htm) Chrome/103.0.5060.134 Safari/537.36" "mantech8.com"
185.191.171.11 - - [03/Feb/2023:08:56:46 -0800] "GET /index.php?camp-fire%2F5260985.html HTTP/1.1" 500 - "-" "Mozilla/5.0 (compatible; SemrushBot/7~bl; +http://www.semrush.com/bot.html)" "mantech8.com"
66.249.64.201 - - [03/Feb/2023:08:56:52 -0800] "GET /image.rakuten.co.jp/hghr/cabinet/prts01/s-set138.gif HTTP/1.1" 404 88 "-" "Googlebot-Image/1.0" "www.mantech8.com"
185.191.171.36 - - [03/Feb/2023:08:57:01 -0800] "GET /index.php?camp-fire%2F24522330.html HTTP/1.1" 500 - "-" "Mozilla/5.0 (compatible; SemrushBot/7~bl; +http://www.semrush.com/bot.html)" "mantech8.com"
185.191.171.23 - - [03/Feb/2023:08:57:03 -0800] "GET /index.php?camp-fire%2F27741009.html HTTP/1.1" 500 - "-" "Mozilla/5.0 (compatible; SemrushBot/7~bl; +http://www.semrush.com/bot.html)" "mantech8.com"
185.191.171.3 - - [03/Feb/2023:08:57:05 -0800] "GET /index.php?camp-fire%2F46013408.html HTTP/1.1" 500 - "-" "Mozilla/5.0 (compatible; SemrushBot/7~bl; +http://www.semrush.com/bot.html)" "mantech8.com"
207.46.13.180 - - [03/Feb/2023:08:57:33 -0800] "GET /index.php/eb126ecaac HTTP/1.1" 200 63169 "-" "Mozilla/5.0 AppleWebKit/537.36 (KHTML, like Gecko; compatible; bingbot/2.0; +http://www.bing.com/bingbot.htm) Chrome/103.0.5060.134 Safari/537.36" "mantech8.com"
66.249.64.201 - - [03/Feb/2023:08:57:37 -0800] "GET /image.rakuten.co.jp/hghr/cabinet/prts01/s-allsetbunkatu215.gif HTTP/1.1" 404 88 "-" "Googlebot-Image/1.0" "www.mantech8.com"
207.46.13.100 - - [03/Feb/2023:08:58:13 -0800] "GET /certificate.php HTTP/1.1" 200 23461 "-" "Mozilla/5.0 AppleWebKit/537.36 (KHTML, like Gecko; compatible; bingbot/2.0; +http://www.bing.com/bingbot.htm) Chrome/103.0.5060.134 Safari/537.36" "mantech8.com"
185.191.171.2 - - [03/Feb/2023:08:59:02 -0800] "GET /index.php?camp-fire%2F16623165.html HTTP/1.1" 500 - "-" "Mozilla/5.0 (compatible; SemrushBot/7~bl; +http://www.semrush.com/bot.html)" "mantech8.com"
52.167.144.92 - - [03/Feb/2023:08:59:17 -0800] "GET /index.php/kvrw-11edadda-y9oiu.ii HTTP/1.1" 200 74221 "-" "Mozilla/5.0 AppleWebKit/537.36 (KHTML, like Gecko; compatible; bingbot/2.0; +http://www.bing.com/bingbot.htm) Chrome/103.0.5060.134 Safari/537.36" "mantech8.com"
207.46.13.50 - - [03/Feb/2023:08:59:44 -0800] "GET /index.php/aps-098efebaa-okcby.ii HTTP/1.1" 200 62087 "-" "Mozilla/5.0 AppleWebKit/537.36 (KHTML, like Gecko; compatible; bingbot/2.0; +http://www.bing.com/bingbot.htm) Chrome/103.0.5060.134 Safari/537.36" "mantech8.com"
185.191.171.9 - - [03/Feb/2023:08:59:59 -0800] "GET /index.php?camp-fire%2F14784787.html HTTP/1.1" 500 - "-" "Mozilla/5.0 (compatible; SemrushBot/7~bl; +http://www.semrush.com/bot.html)" "mantech8.com"
66.249.64.40 - - [03/Feb/2023:09:00:04 -0800] "GET /ads.txt HTTP/1.1" 404 88 "-" "Mozilla/5.0 (compatible; Googlebot/2.1; +http://www.google.com/bot.html)" "mantech8.com"
40.77.167.253 - - [03/Feb/2023:09:00:12 -0800] "GET /index.php/1bfdb HTTP/1.1" 200 73560 "-" "Mozilla/5.0 AppleWebKit/537.36 (KHTML, like Gecko; compatible; bingbot/2.0; +http://www.bing.com/bingbot.htm) Chrome/103.0.5060.134 Safari/537.36" "mantech8.com"
114.119.159.232 - - [03/Feb/2023:09:00:45 -0800] "GET /bimages/?C=M%3BO%3DA HTTP/1.1" 200 730 "http://www.mantech8.com/bimages/?C=S%3BO%3DA" "Mozilla/5.0 (Linux; Android 7.0;) AppleWebKit/537.36 (KHTML, like Gecko) Mobile Safari/537.36 (compatible; PetalBot;+https://webmaster.petalsearch.com/site/petalbot)" "www.mantech8.com"
157.55.39.133 - - [03/Feb/2023:09:00:52 -0800] "GET /index.php/txf8-95baf-zq2le.ii HTTP/1.1" 200 64456 "-" "Mozilla/5.0 AppleWebKit/537.36 (KHTML, like Gecko; compatible; bingbot/2.0; +http://www.bing.com/bingbot.htm) Chrome/103.0.5060.134 Safari/537.36" "mantech8.com"
185.191.171.34 - - [03/Feb/2023:09:01:04 -0800] "GET /index.php?camp-fire%2F17853365.html HTTP/1.1" 500 - "-" "Mozilla/5.0 (compatible; SemrushBot/7~bl; +http://www.semrush.com/bot.html)" "mantech8.com"
207.46.13.101 - - [03/Feb/2023:09:01:22 -0800] "GET /index.php/15adbd HTTP/1.1" 200 65277 "-" "Mozilla/5.0 AppleWebKit/537.36 (KHTML, like Gecko; compatible; bingbot/2.0; +http://www.bing.com/bingbot.htm) Chrome/103.0.5060.134 Safari/537.36" "mantech8.com"
185.191.171.2 - - [03/Feb/2023:09:01:26 -0800] "GET /index.php?camp-fire%2F3751578.html HTTP/1.1" 500 - "-" "Mozilla/5.0 (compatible; SemrushBot/7~bl; +http://www.semrush.com/bot.html)" "mantech8.com"
185.191.171.1 - - [03/Feb/2023:09:01:48 -0800] "GET /index.php?camp-fire%2F5334696.html HTTP/1.1" 500 - "-" "Mozilla/5.0 (compatible; SemrushBot/7~bl; +http://www.semrush.com/bot.html)" "mantech8.com"
157.55.39.133 - - [03/Feb/2023:09:02:32 -0800] "GET /index.php/nwtf-ebba-3lxwj.ii HTTP/1.1" 200 65456 "-" "Mozilla/5.0 AppleWebKit/537.36 (KHTML, like Gecko; compatible; bingbot/2.0; +http://www.bing.com/bingbot.htm) Chrome/103.0.5060.134 Safari/537.36" "mantech8.com"
216.244.66.241 - - [03/Feb/2023:09:02:41 -0800] "GET /robots.txt HTTP/1.1" 200 222 "-" "Mozilla/5.0 (compatible; DotBot/1.2; +https://opensiteexplorer.org/dotbot; help@moz.com)" "mantech8.com"
216.244.66.241 - - [03/Feb/2023:09:02:41 -0800] "GET /robots.txt HTTP/1.1" 200 222 "-" "Mozilla/5.0 (compatible; DotBot/1.2; +https://opensiteexplorer.org/dotbot; help@moz.com)" "www.mantech8.com"
185.191.171.37 - - [03/Feb/2023:09:02:46 -0800] "GET /robots.txt HTTP/1.1" 200 106 "-" "Mozilla/5.0 (compatible; SemrushBot/7~bl; +http://www.semrush.com/bot.html)" "mantech8.com"
185.191.171.25 - - [03/Feb/2023:09:02:46 -0800] "GET /index.php/camp-fire/25455827.html HTTP/1.1" 500 - "-" "Mozilla/5.0 (compatible; SemrushBot/7~bl; +http://www.semrush.com/bot.html)" "mantech8.com"
185.191.171.20 - - [03/Feb/2023:09:02:54 -0800] "GET /index.php?camp-fire%2F15002659.html HTTP/1.1" 500 - "-" "Mozilla/5.0 (compatible; SemrushBot/7~bl; +http://www.semrush.com/bot.html)" "mantech8.com"
185.191.171.6 - - [03/Feb/2023:09:03:10 -0800] "GET /index.php?camp-fire%2F16526765.html HTTP/1.1" 500 - "-" "Mozilla/5.0 (compatible; SemrushBot/7~bl; +http://www.semrush.com/bot.html)" "mantech8.com"
185.191.171.40 - - [03/Feb/2023:09:03:21 -0800] "GET /index.php?camp-fire%2F17492865.html HTTP/1.1" 500 - "-" "Mozilla/5.0 (compatible; SemrushBot/7~bl; +http://www.semrush.com/bot.html)" "mantech8.com"
185.191.171.24 - - [03/Feb/2023:09:03:24 -0800] "GET /index.php?camp-fire%2F1506090.html HTTP/1.1" 500 - "-" "Mozilla/5.0 (compatible; SemrushBot/7~bl; +http://www.semrush.com/bot.html)" "mantech8.com"
185.191.171.20 - - [03/Feb/2023:09:03:35 -0800] "GET /index.php?camp-fire%2F15793646.html HTTP/1.1" 500 - "-" "Mozilla/5.0 (compatible; SemrushBot/7~bl; +http://www.semrush.com/bot.html)" "mantech8.com"
185.191.171.16 - - [03/Feb/2023:09:03:37 -0800] "GET /index.php?camp-fire%2F19087561.html HTTP/1.1" 500 - "-" "Mozilla/5.0 (compatible; SemrushBot/7~bl; +http://www.semrush.com/bot.html)" "mantech8.com"
185.191.171.6 - - [03/Feb/2023:09:03:55 -0800] "GET /index.php?camp-fire%2F28857566.html HTTP/1.1" 500 - "-" "Mozilla/5.0 (compatible; SemrushBot/7~bl; +http://www.semrush.com/bot.html)" "mantech8.com"
185.191.171.6 - - [03/Feb/2023:09:03:58 -0800] "GET /index.php?camp-fire%2F33530993.html HTTP/1.1" 500 - "-" "Mozilla/5.0 (compatible; SemrushBot/7~bl; +http://www.semrush.com/bot.html)" "mantech8.com"
185.191.171.37 - - [03/Feb/2023:09:04:12 -0800] "GET /index.php?camp-fire%2F19035932.html HTTP/1.1" 500 - "-" "Mozilla/5.0 (compatible; SemrushBot/7~bl; +http://www.semrush.com/bot.html)" "mantech8.com"
185.191.171.18 - - [03/Feb/2023:09:04:55 -0800] "GET /index.php?camp-fire%2F42070371.html HTTP/1.1" 500 - "-" "Mozilla/5.0 (compatible; SemrushBot/7~bl; +http://www.semrush.com/bot.html)" "mantech8.com"
185.191.171.9 - - [03/Feb/2023:09:04:56 -0800] "GET /index.php?camp-fire%2F40600192.html HTTP/1.1" 500 - "-" "Mozilla/5.0 (compatible; SemrushBot/7~bl; +http://www.semrush.com/bot.html)" "mantech8.com"
185.191.171.18 - - [03/Feb/2023:09:05:10 -0800] "GET /index.php?camp-fire%2F15494783.html HTTP/1.1" 500 - "-" "Mozilla/5.0 (compatible; SemrushBot/7~bl; +http://www.semrush.com/bot.html)" "mantech8.com"
185.191.171.25 - - [03/Feb/2023:09:05:22 -0800] "GET /index.php?camp-fire%2F5469996.html HTTP/1.1" 500 - "-" "Mozilla/5.0 (compatible; SemrushBot/7~bl; +http://www.semrush.com/bot.html)" "mantech8.com"
52.167.144.92 - - [03/Feb/2023:09:05:24 -0800] "GET /index.php/32d60cddf HTTP/1.1" 200 66185 "-" "Mozilla/5.0 AppleWebKit/537.36 (KHTML, like Gecko; compatible; bingbot/2.0; +http://www.bing.com/bingbot.htm) Chrome/103.0.5060.134 Safari/537.36" "mantech8.com"
40.77.167.253 - - [03/Feb/2023:09:05:31 -0800] "GET /index.php/91a1cfcc HTTP/1.1" 200 68880 "-" "Mozilla/5.0 AppleWebKit/537.36 (KHTML, like Gecko; compatible; bingbot/2.0; +http://www.bing.com/bingbot.htm) Chrome/103.0.5060.134 Safari/537.36" "mantech8.com"
185.191.171.9 - - [03/Feb/2023:09:06:22 -0800] "GET /index.php?camp-fire%2F26309130.html HTTP/1.1" 500 - "-" "Mozilla/5.0 (compatible; SemrushBot/7~bl; +http://www.semrush.com/bot.html)" "mantech8.com"
157.55.39.133 - - [03/Feb/2023:09:06:22 -0800] "GET /index.php/nwtf-2bd6fdabd-4qxir.ii HTTP/1.1" 200 72017 "-" "Mozilla/5.0 AppleWebKit/537.36 (KHTML, like Gecko; compatible; bingbot/2.0; +http://www.bing.com/bingbot.htm) Chrome/103.0.5060.134 Safari/537.36" "mantech8.com"
207.46.13.50 - - [03/Feb/2023:09:06:54 -0800] "GET /index.php/kjz2-8b5f5bfc-hqor7.ii HTTP/1.1" 200 62471 "-" "Mozilla/5.0 AppleWebKit/537.36 (KHTML, like Gecko; compatible; bingbot/2.0; +http://www.bing.com/bingbot.htm) Chrome/103.0.5060.134 Safari/537.36" "mantech8.com"
40.77.167.253 - - [03/Feb/2023:09:07:22 -0800] "GET /index.php/c8dcaf HTTP/1.1" 200 69405 "-" "Mozilla/5.0 AppleWebKit/537.36 (KHTML, like Gecko; compatible; bingbot/2.0; +http://www.bing.com/bingbot.htm) Chrome/103.0.5060.134 Safari/537.36" "mantech8.com"
40.77.167.253 - - [03/Feb/2023:09:07:42 -0800] "GET /index.php/yhfg-e1b04fdbc-pkgai.ii HTTP/1.1" 200 70019 "-" "Mozilla/5.0 AppleWebKit/537.36 (KHTML, like Gecko; compatible; bingbot/2.0; +http://www.bing.com/bingbot.htm) Chrome/103.0.5060.134 Safari/537.36" "mantech8.com"
185.191.171.45 - - [03/Feb/2023:09:08:27 -0800] "GET /index.php?camp-fire%2F28803389.html HTTP/1.1" 500 - "-" "Mozilla/5.0 (compatible; SemrushBot/7~bl; +http://www.semrush.com/bot.html)" "mantech8.com"
114.119.129.179 - - [03/Feb/2023:09:08:37 -0800] "GET /index.php?psammo.xml HTTP/1.1" 200 289270 "-" "Mozilla/5.0 (Linux; Android 7.0;) AppleWebKit/537.36 (KHTML, like Gecko) Mobile Safari/537.36 (compatible; PetalBot;+https://webmaster.petalsearch.com/site/petalbot)" "mantech8.com"
157.55.39.133 - - [03/Feb/2023:09:08:43 -0800] "GET /index.php/pstd-723bdadc-iw8ns.ii HTTP/1.1" 200 62093 "-" "Mozilla/5.0 AppleWebKit/537.36 (KHTML, like Gecko; compatible; bingbot/2.0; +http://www.bing.com/bingbot.htm) Chrome/103.0.5060.134 Safari/537.36" "mantech8.com"
185.191.171.7 - - [03/Feb/2023:09:08:56 -0800] "GET /index.php?camp-fire%2F3245898.html HTTP/1.1" 500 - "-" "Mozilla/5.0 (compatible; SemrushBot/7~bl; +http://www.semrush.com/bot.html)" "mantech8.com"
185.191.171.9 - - [03/Feb/2023:09:08:59 -0800] "GET /index.php?camp-fire%2F12092509.html HTTP/1.1" 500 - "-" "Mozilla/5.0 (compatible; SemrushBot/7~bl; +http://www.semrush.com/bot.html)" "mantech8.com"
185.191.171.45 - - [03/Feb/2023:09:09:07 -0800] "GET /index.php?camp-fire%2F2406893.html HTTP/1.1" 500 - "-" "Mozilla/5.0 (compatible; SemrushBot/7~bl; +http://www.semrush.com/bot.html)" "mantech8.com"
207.46.13.50 - - [03/Feb/2023:09:09:25 -0800] "GET /index.php/mcko-dcb8bdcbda-vytky.ii HTTP/1.1" 200 65203 "-" "Mozilla/5.0 AppleWebKit/537.36 (KHTML, like Gecko; compatible; bingbot/2.0; +http://www.bing.com/bingbot.htm) Chrome/103.0.5060.134 Safari/537.36" "mantech8.com"
157.55.39.133 - - [03/Feb/2023:09:09:53 -0800] "GET /index.php/81adaebcd HTTP/1.1" 200 69083 "-" "Mozilla/5.0 AppleWebKit/537.36 (KHTML, like Gecko; compatible; bingbot/2.0; +http://www.bing.com/bingbot.htm) Chrome/103.0.5060.134 Safari/537.36" "mantech8.com"
207.46.13.50 - - [03/Feb/2023:09:09:58 -0800] "GET /?/business/ HTTP/1.1" 200 81072 "-" "Mozilla/5.0 AppleWebKit/537.36 (KHTML, like Gecko; compatible; bingbot/2.0; +http://www.bing.com/bingbot.htm) Chrome/103.0.5060.134 Safari/537.36" "mantech8.com"
185.191.171.34 - - [03/Feb/2023:09:10:16 -0800] "GET /index.php?camp-fire%2F25691984.html HTTP/1.1" 500 - "-" "Mozilla/5.0 (compatible; SemrushBot/7~bl; +http://www.semrush.com/bot.html)" "mantech8.com"
40.77.167.253 - - [03/Feb/2023:09:10:21 -0800] "GET /index.php/7cfd7bbcbd HTTP/1.1" 200 66655 "-" "Mozilla/5.0 AppleWebKit/537.36 (KHTML, like Gecko; compatible; bingbot/2.0; +http://www.bing.com/bingbot.htm) Chrome/103.0.5060.134 Safari/537.36" "mantech8.com"
40.77.167.253 - - [03/Feb/2023:09:10:21 -0800] "GET /index.php/aps-2abdccac-omytt.ii HTTP/1.1" 200 64795 "-" "Mozilla/5.0 AppleWebKit/537.36 (KHTML, like Gecko; compatible; bingbot/2.0; +http://www.bing.com/bingbot.htm) Chrome/103.0.5060.134 Safari/537.36" "mantech8.com"
52.167.144.92 - - [03/Feb/2023:09:10:23 -0800] "GET /index.php/4e2dcfbcae HTTP/1.1" 200 68972 "-" "Mozilla/5.0 AppleWebKit/537.36 (KHTML, like Gecko; compatible; bingbot/2.0; +http://www.bing.com/bingbot.htm) Chrome/103.0.5060.134 Safari/537.36" "mantech8.com"
157.55.39.133 - - [03/Feb/2023:09:10:25 -0800] "GET /index.php/nwtf-e7bcbf-4qtx8.ii HTTP/1.1" 200 63049 "-" "Mozilla/5.0 AppleWebKit/537.36 (KHTML, like Gecko; compatible; bingbot/2.0; +http://www.bing.com/bingbot.htm) Chrome/103.0.5060.134 Safari/537.36" "mantech8.com"
185.191.171.24 - - [03/Feb/2023:09:10:56 -0800] "GET /?camp-fire%2F117254763.html HTTP/1.1" 500 - "-" "Mozilla/5.0 (compatible; SemrushBot/7~bl; +http://www.semrush.com/bot.html)" "mantech8.com"
185.191.171.35 - - [03/Feb/2023:09:11:23 -0800] "GET /index.php?camp-fire%2F5026098.html HTTP/1.1" 500 - "-" "Mozilla/5.0 (compatible; SemrushBot/7~bl; +http://www.semrush.com/bot.html)" "mantech8.com"
185.191.171.35 - - [03/Feb/2023:09:11:36 -0800] "GET /index.php?camp-fire%2F91921487.html HTTP/1.1" 500 - "-" "Mozilla/5.0 (compatible; SemrushBot/7~bl; +http://www.semrush.com/bot.html)" "mantech8.com"
185.191.171.37 - - [03/Feb/2023:09:11:38 -0800] "GET /index.php?camp-fire%2F18842565.html HTTP/1.1" 500 - "-" "Mozilla/5.0 (compatible; SemrushBot/7~bl; +http://www.semrush.com/bot.html)" "mantech8.com"
185.191.171.3 - - [03/Feb/2023:09:12:04 -0800] "GET /index.php?camp-fire%2F18359365.html HTTP/1.1" 500 - "-" "Mozilla/5.0 (compatible; SemrushBot/7~bl; +http://www.semrush.com/bot.html)" "mantech8.com"
157.55.39.133 - - [03/Feb/2023:09:12:13 -0800] "GET /index.php/tajw-ccade-yxlmu.ii HTTP/1.1" 200 61082 "-" "Mozilla/5.0 AppleWebKit/537.36 (KHTML, like Gecko; compatible; bingbot/2.0; +http://www.bing.com/bingbot.htm) Chrome/103.0.5060.134 Safari/537.36" "mantech8.com"
66.249.64.48 - - [03/Feb/2023:09:12:19 -0800] "GET /sitemapimages9485.xml HTTP/1.1" 404 88 "-" "Mozilla/5.0 (compatible; Googlebot/2.1; +http://www.google.com/bot.html)" "mantech8.com"
40.77.167.253 - - [03/Feb/2023:09:12:22 -0800] "GET /index.php/19aace HTTP/1.1" 200 66436 "-" "Mozilla/5.0 AppleWebKit/537.36 (KHTML, like Gecko; compatible; bingbot/2.0; +http://www.bing.com/bingbot.htm) Chrome/103.0.5060.134 Safari/537.36" "mantech8.com"
185.191.171.44 - - [03/Feb/2023:09:12:23 -0800] "GET /index.php?camp-fire%2F38151003.html HTTP/1.1" 500 - "-" "Mozilla/5.0 (compatible; SemrushBot/7~bl; +http://www.semrush.com/bot.html)" "mantech8.com"
157.55.39.133 - - [03/Feb/2023:09:12:32 -0800] "GET /?/profile.html HTTP/1.1" 200 59935 "-" "Mozilla/5.0 AppleWebKit/537.36 (KHTML, like Gecko; compatible; bingbot/2.0; +http://www.bing.com/bingbot.htm) Chrome/103.0.5060.134 Safari/537.36" "mantech8.com"
52.167.144.92 - - [03/Feb/2023:09:12:37 -0800] "GET /index.php/bljc-17ef-kz2oa.ii HTTP/1.1" 200 65206 "-" "Mozilla/5.0 AppleWebKit/537.36 (KHTML, like Gecko; compatible; bingbot/2.0; +http://www.bing.com/bingbot.htm) Chrome/103.0.5060.134 Safari/537.36" "mantech8.com"
52.167.144.92 - - [03/Feb/2023:09:13:25 -0800] "GET /index.php/703bdbbaac HTTP/1.1" 200 73380 "-" "Mozilla/5.0 AppleWebKit/537.36 (KHTML, like Gecko; compatible; bingbot/2.0; +http://www.bing.com/bingbot.htm) Chrome/103.0.5060.134 Safari/537.36" "mantech8.com"
185.191.171.17 - - [03/Feb/2023:09:13:30 -0800] "GET /index.php?camp-fire%2F14841372.html HTTP/1.1" 500 - "-" "Mozilla/5.0 (compatible; SemrushBot/7~bl; +http://www.semrush.com/bot.html)" "mantech8.com"
40.77.167.253 - - [03/Feb/2023:09:13:32 -0800] "GET /index.php/dcaf HTTP/1.1" 200 62145 "-" "Mozilla/5.0 AppleWebKit/537.36 (KHTML, like Gecko; compatible; bingbot/2.0; +http://www.bing.com/bingbot.htm) Chrome/103.0.5060.134 Safari/537.36" "mantech8.com"
185.191.171.37 - - [03/Feb/2023:09:13:38 -0800] "GET /index.php?camp-fire%2F17832300.html HTTP/1.1" 500 - "-" "Mozilla/5.0 (compatible; SemrushBot/7~bl; +http://www.semrush.com/bot.html)" "mantech8.com"
52.167.144.92 - - [03/Feb/2023:09:13:44 -0800] "GET /index.php?/feed/ HTTP/1.1" 200 66672 "-" "Mozilla/5.0 AppleWebKit/537.36 (KHTML, like Gecko; compatible; bingbot/2.0; +http://www.bing.com/bingbot.htm) Chrome/103.0.5060.134 Safari/537.36" "mantech8.com"
185.191.171.8 - - [03/Feb/2023:09:13:54 -0800] "GET /index.php?camp-fire%2F11476709.html HTTP/1.1" 500 - "-" "Mozilla/5.0 (compatible; SemrushBot/7~bl; +http://www.semrush.com/bot.html)" "mantech8.com"
185.191.171.35 - - [03/Feb/2023:09:14:01 -0800] "GET /index.php?camp-fire%2F99082021.html HTTP/1.1" 500 - "-" "Mozilla/5.0 (compatible; SemrushBot/7~bl; +http://www.semrush.com/bot.html)" "mantech8.com"
185.191.171.37 - - [03/Feb/2023:09:14:36 -0800] "GET /?camp-fire%2F116861850.html HTTP/1.1" 500 - "-" "Mozilla/5.0 (compatible; SemrushBot/7~bl; +http://www.semrush.com/bot.html)" "mantech8.com"
185.191.171.43 - - [03/Feb/2023:09:14:48 -0800] "GET /index.php?camp-fire%2F14923472.html HTTP/1.1" 500 - "-" "Mozilla/5.0 (compatible; SemrushBot/7~bl; +http://www.semrush.com/bot.html)" "mantech8.com"
207.46.13.180 - - [03/Feb/2023:09:14:55 -0800] "GET /index.php/1c0dfdde HTTP/1.1" 200 68837 "-" "Mozilla/5.0 AppleWebKit/537.36 (KHTML, like Gecko; compatible; bingbot/2.0; +http://www.bing.com/bingbot.htm) Chrome/103.0.5060.134 Safari/537.36" "mantech8.com"
185.191.171.34 - - [03/Feb/2023:09:15:09 -0800] "GET /index.php?camp-fire%2F26236782.html HTTP/1.1" 500 - "-" "Mozilla/5.0 (compatible; SemrushBot/7~bl; +http://www.semrush.com/bot.html)" "mantech8.com"
185.191.171.40 - - [03/Feb/2023:09:15:20 -0800] "GET /index.php?camp-fire%2F16982046.html HTTP/1.1" 500 - "-" "Mozilla/5.0 (compatible; SemrushBot/7~bl; +http://www.semrush.com/bot.html)" "mantech8.com"
185.191.171.23 - - [03/Feb/2023:09:15:27 -0800] "GET /index.php?camp-fire%2F86787665.html HTTP/1.1" 500 - "-" "Mozilla/5.0 (compatible; SemrushBot/7~bl; +http://www.semrush.com/bot.html)" "mantech8.com"
40.77.167.253 - - [03/Feb/2023:09:15:43 -0800] "GET /index.php/8bcceffba HTTP/1.1" 200 70226 "-" "Mozilla/5.0 AppleWebKit/537.36 (KHTML, like Gecko; compatible; bingbot/2.0; +http://www.bing.com/bingbot.htm) Chrome/103.0.5060.134 Safari/537.36" "mantech8.com"
185.191.171.8 - - [03/Feb/2023:09:15:53 -0800] "GET /index.php?camp-fire%2F56237434.html HTTP/1.1" 500 - "-" "Mozilla/5.0 (compatible; SemrushBot/7~bl; +http://www.semrush.com/bot.html)" "mantech8.com"
114.119.134.123 - - [03/Feb/2023:09:16:09 -0800] "GET /megatheroid.xml HTTP/1.1" 404 88 "-" "Mozilla/5.0 (Linux; Android 7.0;) AppleWebKit/537.36 (KHTML, like Gecko) Mobile Safari/537.36 (compatible; PetalBot;+https://webmaster.petalsearch.com/site/petalbot)" "mantech8.com"
157.55.39.133 - - [03/Feb/2023:09:16:43 -0800] "GET /?/pd.jsp?id=74 HTTP/1.1" 200 67097 "-" "Mozilla/5.0 AppleWebKit/537.36 (KHTML, like Gecko; compatible; bingbot/2.0; +http://www.bing.com/bingbot.htm) Chrome/103.0.5060.134 Safari/537.36" "mantech8.com"
51.254.199.11 - - [03/Feb/2023:09:17:18 -0800] "GET / HTTP/1.1" 500 - "-" "Mozilla/5.0 (Windows NT 10.0; Win64; x64) AppleWebKit/537.36 (KHTML, like Gecko) Chrome/74.0.3729.157 Safari/537.36" "mantech8.com"
207.46.13.50 - - [03/Feb/2023:09:17:25 -0800] "GET /index.php/e3faabcb HTTP/1.1" 200 66406 "-" "Mozilla/5.0 AppleWebKit/537.36 (KHTML, like Gecko; compatible; bingbot/2.0; +http://www.bing.com/bingbot.htm) Chrome/103.0.5060.134 Safari/537.36" "mantech8.com"
207.46.13.50 - - [03/Feb/2023:09:17:25 -0800] "GET /index.php/37eb HTTP/1.1" 200 66205 "-" "Mozilla/5.0 AppleWebKit/537.36 (KHTML, like Gecko; compatible; bingbot/2.0; +http://www.bing.com/bingbot.htm) Chrome/103.0.5060.134 Safari/537.36" "mantech8.com"
185.191.171.7 - - [03/Feb/2023:09:17:32 -0800] "GET /index.php?camp-fire%2F86963725.html HTTP/1.1" 500 - "-" "Mozilla/5.0 (compatible; SemrushBot/7~bl; +http://www.semrush.com/bot.html)" "mantech8.com"
207.46.13.50 - - [03/Feb/2023:09:17:35 -0800] "GET /index.php/870edcdf HTTP/1.1" 200 61404 "-" "Mozilla/5.0 AppleWebKit/537.36 (KHTML, like Gecko; compatible; bingbot/2.0; +http://www.bing.com/bingbot.htm) Chrome/103.0.5060.134 Safari/537.36" "mantech8.com"
207.46.13.50 - - [03/Feb/2023:09:18:26 -0800] "GET /index.php/kvrw-a85f7ddfb-y9spo.ii HTTP/1.1" 200 65900 "-" "Mozilla/5.0 AppleWebKit/537.36 (KHTML, like Gecko; compatible; bingbot/2.0; +http://www.bing.com/bingbot.htm) Chrome/103.0.5060.134 Safari/537.36" "mantech8.com"
185.191.171.45 - - [03/Feb/2023:09:18:40 -0800] "GET /index.php?camp-fire%2F35704850.html HTTP/1.1" 500 - "-" "Mozilla/5.0 (compatible; SemrushBot/7~bl; +http://www.semrush.com/bot.html)" "mantech8.com"
