185.191.171.26 - - [27/Jan/2023:16:00:39 -0800] "GET /index.php?camp-fire%2F29744371.html HTTP/1.1" 500 - "-" "Mozilla/5.0 (compatible; SemrushBot/7~bl; +http://www.semrush.com/bot.html)" "mantech8.com"
185.191.171.20 - - [27/Jan/2023:16:01:00 -0800] "GET /index.php?camp-fire%2F43364849.html HTTP/1.1" 500 - "-" "Mozilla/5.0 (compatible; SemrushBot/7~bl; +http://www.semrush.com/bot.html)" "mantech8.com"
185.191.171.40 - - [27/Jan/2023:16:02:00 -0800] "GET /index.php?camp-fire%2F39913576.html HTTP/1.1" 500 - "-" "Mozilla/5.0 (compatible; SemrushBot/7~bl; +http://www.semrush.com/bot.html)" "mantech8.com"
185.191.171.9 - - [27/Jan/2023:16:02:12 -0800] "GET /index.php?camp-fire%2F50989806.html HTTP/1.1" 500 - "-" "Mozilla/5.0 (compatible; SemrushBot/7~bl; +http://www.semrush.com/bot.html)" "mantech8.com"
185.191.171.40 - - [27/Jan/2023:16:03:05 -0800] "GET /index.php?camp-fire%2F38113272.html HTTP/1.1" 500 - "-" "Mozilla/5.0 (compatible; SemrushBot/7~bl; +http://www.semrush.com/bot.html)" "mantech8.com"
185.191.171.22 - - [27/Jan/2023:16:04:02 -0800] "GET /index.php?camp-fire%2F32533525.html HTTP/1.1" 500 - "-" "Mozilla/5.0 (compatible; SemrushBot/7~bl; +http://www.semrush.com/bot.html)" "mantech8.com"
185.191.171.43 - - [27/Jan/2023:16:04:04 -0800] "GET /index.php?camp-fire%2F39616003.html HTTP/1.1" 500 - "-" "Mozilla/5.0 (compatible; SemrushBot/7~bl; +http://www.semrush.com/bot.html)" "mantech8.com"
185.191.171.24 - - [27/Jan/2023:16:04:30 -0800] "GET /index.php?camp-fire%2F62450257.html HTTP/1.1" 500 - "-" "Mozilla/5.0 (compatible; SemrushBot/7~bl; +http://www.semrush.com/bot.html)" "mantech8.com"
185.191.171.41 - - [27/Jan/2023:16:04:43 -0800] "GET /index.php?camp-fire%2F53733951.html HTTP/1.1" 500 - "-" "Mozilla/5.0 (compatible; SemrushBot/7~bl; +http://www.semrush.com/bot.html)" "mantech8.com"
185.191.171.12 - - [27/Jan/2023:16:04:46 -0800] "GET /robots.txt HTTP/1.1" 200 106 "-" "Mozilla/5.0 (compatible; SemrushBot/7~bl; +http://www.semrush.com/bot.html)" "mantech8.com"
185.191.171.20 - - [27/Jan/2023:16:04:46 -0800] "GET /index.php?camp-fire%2F66086488.html HTTP/1.1" 500 - "-" "Mozilla/5.0 (compatible; SemrushBot/7~bl; +http://www.semrush.com/bot.html)" "mantech8.com"
185.191.171.38 - - [27/Jan/2023:16:04:59 -0800] "GET /index.php?camp-fire%2F33926893.html HTTP/1.1" 500 - "-" "Mozilla/5.0 (compatible; SemrushBot/7~bl; +http://www.semrush.com/bot.html)" "mantech8.com"
185.191.171.20 - - [27/Jan/2023:16:06:06 -0800] "GET /index.php?camp-fire%2F59373134.html HTTP/1.1" 500 - "-" "Mozilla/5.0 (compatible; SemrushBot/7~bl; +http://www.semrush.com/bot.html)" "mantech8.com"
185.191.171.44 - - [27/Jan/2023:16:06:08 -0800] "GET /index.php?camp-fire%2F37519908.html HTTP/1.1" 500 - "-" "Mozilla/5.0 (compatible; SemrushBot/7~bl; +http://www.semrush.com/bot.html)" "mantech8.com"
185.191.171.15 - - [27/Jan/2023:16:06:31 -0800] "GET /?camp-fire%2F103729450.html HTTP/1.1" 500 - "-" "Mozilla/5.0 (compatible; SemrushBot/7~bl; +http://www.semrush.com/bot.html)" "mantech8.com"
185.191.171.19 - - [27/Jan/2023:16:06:48 -0800] "GET /index.php?camp-fire%2F93910317.html HTTP/1.1" 500 - "-" "Mozilla/5.0 (compatible; SemrushBot/7~bl; +http://www.semrush.com/bot.html)" "mantech8.com"
185.191.171.23 - - [27/Jan/2023:16:07:21 -0800] "GET /index.php?camp-fire%2F93334771.html HTTP/1.1" 500 - "-" "Mozilla/5.0 (compatible; SemrushBot/7~bl; +http://www.semrush.com/bot.html)" "mantech8.com"
185.191.171.43 - - [27/Jan/2023:16:07:48 -0800] "GET /index.php?camp-fire%2F1884300.html HTTP/1.1" 500 - "-" "Mozilla/5.0 (compatible; SemrushBot/7~bl; +http://www.semrush.com/bot.html)" "mantech8.com"
49.7.20.150 - - [27/Jan/2023:16:08:09 -0800] "GET / HTTP/1.1" 500 - "-" "Sogou web spider/4.0(+http://www.sogou.com/docs/help/webmasters.htm#07)" "www.mantech8.com"
114.119.140.74 - - [27/Jan/2023:16:08:52 -0800] "GET /bimages/gallery/alfacgiapi/select_server.lib.php HTTP/1.1" 200 32 "http://mantech8.com/bimages/gallery/alfacgiapi/" "Mozilla/5.0 (Linux; Android 7.0;) AppleWebKit/537.36 (KHTML, like Gecko) Mobile Safari/537.36 (compatible; PetalBot;+https://webmaster.petalsearch.com/site/petalbot)" "mantech8.com"
185.191.171.44 - - [27/Jan/2023:16:10:06 -0800] "GET /index.php?camp-fire%2F34321908.html HTTP/1.1" 500 - "-" "Mozilla/5.0 (compatible; SemrushBot/7~bl; +http://www.semrush.com/bot.html)" "mantech8.com"
185.191.171.43 - - [27/Jan/2023:16:10:54 -0800] "GET /index.php?camp-fire%2F33480093.html HTTP/1.1" 500 - "-" "Mozilla/5.0 (compatible; SemrushBot/7~bl; +http://www.semrush.com/bot.html)" "mantech8.com"
185.191.171.15 - - [27/Jan/2023:16:11:05 -0800] "GET /index.php?camp-fire%2F37484338.html HTTP/1.1" 500 - "-" "Mozilla/5.0 (compatible; SemrushBot/7~bl; +http://www.semrush.com/bot.html)" "mantech8.com"
185.191.171.2 - - [27/Jan/2023:16:11:08 -0800] "GET /index.php?camp-fire%2F3246498.html HTTP/1.1" 500 - "-" "Mozilla/5.0 (compatible; SemrushBot/7~bl; +http://www.semrush.com/bot.html)" "mantech8.com"
185.191.171.36 - - [27/Jan/2023:16:11:12 -0800] "GET /index.php?camp-fire%2F42860534.html HTTP/1.1" 500 - "-" "Mozilla/5.0 (compatible; SemrushBot/7~bl; +http://www.semrush.com/bot.html)" "mantech8.com"
157.55.39.186 - - [27/Jan/2023:16:12:32 -0800] "GET /index.php/fcdba HTTP/1.1" 200 65946 "-" "Mozilla/5.0 AppleWebKit/537.36 (KHTML, like Gecko; compatible; bingbot/2.0; +http://www.bing.com/bingbot.htm) Chrome/103.0.5060.134 Safari/537.36" "mantech8.com"
185.191.171.13 - - [27/Jan/2023:16:12:40 -0800] "GET /index.php?camp-fire%2F46797971.html HTTP/1.1" 500 - "-" "Mozilla/5.0 (compatible; SemrushBot/7~bl; +http://www.semrush.com/bot.html)" "mantech8.com"
185.191.171.13 - - [27/Jan/2023:16:13:47 -0800] "GET /index.php?camp-fire%2F25038406.html HTTP/1.1" 500 - "-" "Mozilla/5.0 (compatible; SemrushBot/7~bl; +http://www.semrush.com/bot.html)" "mantech8.com"
185.191.171.12 - - [27/Jan/2023:16:13:52 -0800] "GET /index.php?camp-fire%2F30689255.html HTTP/1.1" 500 - "-" "Mozilla/5.0 (compatible; SemrushBot/7~bl; +http://www.semrush.com/bot.html)" "mantech8.com"
114.119.145.36 - - [27/Jan/2023:16:13:58 -0800] "GET /gallery.php HTTP/1.1" 200 49088 "http://www.mantech8.com/piping.php" "Mozilla/5.0 (Linux; Android 7.0;) AppleWebKit/537.36 (KHTML, like Gecko) Mobile Safari/537.36 (compatible; PetalBot;+https://webmaster.petalsearch.com/site/petalbot)" "www.mantech8.com"
185.191.171.16 - - [27/Jan/2023:16:14:00 -0800] "GET /index.php?camp-fire%2F40972676.html HTTP/1.1" 500 - "-" "Mozilla/5.0 (compatible; SemrushBot/7~bl; +http://www.semrush.com/bot.html)" "mantech8.com"
185.191.171.37 - - [27/Jan/2023:16:14:17 -0800] "GET /index.php?camp-fire%2F40311750.html HTTP/1.1" 500 - "-" "Mozilla/5.0 (compatible; SemrushBot/7~bl; +http://www.semrush.com/bot.html)" "mantech8.com"
185.191.171.7 - - [27/Jan/2023:16:14:29 -0800] "GET /index.php?camp-fire%2F27775409.html HTTP/1.1" 500 - "-" "Mozilla/5.0 (compatible; SemrushBot/7~bl; +http://www.semrush.com/bot.html)" "mantech8.com"
185.191.171.20 - - [27/Jan/2023:16:14:31 -0800] "GET /index.php?camp-fire%2F86963125.html HTTP/1.1" 500 - "-" "Mozilla/5.0 (compatible; SemrushBot/7~bl; +http://www.semrush.com/bot.html)" "mantech8.com"
40.77.167.50 - - [27/Jan/2023:16:14:32 -0800] "GET /index.php/zsUZ-d08eceedd-sILkn.Ii HTTP/1.1" 200 65478 "-" "Mozilla/5.0 AppleWebKit/537.36 (KHTML, like Gecko; compatible; bingbot/2.0; +http://www.bing.com/bingbot.htm) Chrome/103.0.5060.134 Safari/537.36" "mantech8.com"
185.191.171.23 - - [27/Jan/2023:16:15:20 -0800] "GET /index.php?camp-fire%2F49594250.html HTTP/1.1" 500 - "-" "Mozilla/5.0 (compatible; SemrushBot/7~bl; +http://www.semrush.com/bot.html)" "mantech8.com"
114.119.136.139 - - [27/Jan/2023:16:15:21 -0800] "GET /bimages/certificate/editpaintg.php HTTP/1.1" 200 32 "http://mantech8.com/bimages/certificate/?C=S%3BO%3DA" "Mozilla/5.0 (Linux; Android 7.0;) AppleWebKit/537.36 (KHTML, like Gecko) Mobile Safari/537.36 (compatible; PetalBot;+https://webmaster.petalsearch.com/site/petalbot)" "mantech8.com"
185.191.171.22 - - [27/Jan/2023:16:15:32 -0800] "GET /index.php?camp-fire%2F4169865.html HTTP/1.1" 500 - "-" "Mozilla/5.0 (compatible; SemrushBot/7~bl; +http://www.semrush.com/bot.html)" "mantech8.com"
185.191.171.14 - - [27/Jan/2023:16:16:11 -0800] "GET /index.php?camp-fire%2F64357471.html HTTP/1.1" 500 - "-" "Mozilla/5.0 (compatible; SemrushBot/7~bl; +http://www.semrush.com/bot.html)" "mantech8.com"
185.191.171.6 - - [27/Jan/2023:16:16:57 -0800] "GET /robots.txt HTTP/1.1" 200 106 "-" "Mozilla/5.0 (compatible; SemrushBot/7~bl; +http://www.semrush.com/bot.html)" "www.mantech8.com"
185.191.171.8 - - [27/Jan/2023:16:16:57 -0800] "GET /bimages/door/signon.php HTTP/1.1" 200 32 "-" "Mozilla/5.0 (compatible; SemrushBot/7~bl; +http://www.semrush.com/bot.html)" "www.mantech8.com"
185.191.171.42 - - [27/Jan/2023:16:17:02 -0800] "GET /index.php?camp-fire%2F39834002.html HTTP/1.1" 500 - "-" "Mozilla/5.0 (compatible; SemrushBot/7~bl; +http://www.semrush.com/bot.html)" "mantech8.com"
185.191.171.23 - - [27/Jan/2023:16:17:05 -0800] "GET /index.php?camp-fire%2F66902392.html HTTP/1.1" 500 - "-" "Mozilla/5.0 (compatible; SemrushBot/7~bl; +http://www.semrush.com/bot.html)" "mantech8.com"
185.191.171.40 - - [27/Jan/2023:16:17:16 -0800] "GET /index.php?camp-fire%2F68026056.html HTTP/1.1" 500 - "-" "Mozilla/5.0 (compatible; SemrushBot/7~bl; +http://www.semrush.com/bot.html)" "mantech8.com"
185.191.171.34 - - [27/Jan/2023:16:17:18 -0800] "GET /index.php?camp-fire%2F7637721.html HTTP/1.1" 500 - "-" "Mozilla/5.0 (compatible; SemrushBot/7~bl; +http://www.semrush.com/bot.html)" "mantech8.com"
185.191.171.8 - - [27/Jan/2023:16:18:02 -0800] "GET /index.php?camp-fire%2F7610508.html HTTP/1.1" 500 - "-" "Mozilla/5.0 (compatible; SemrushBot/7~bl; +http://www.semrush.com/bot.html)" "mantech8.com"
185.191.171.16 - - [27/Jan/2023:16:18:17 -0800] "GET /index.php?camp-fire%2F38834303.html HTTP/1.1" 500 - "-" "Mozilla/5.0 (compatible; SemrushBot/7~bl; +http://www.semrush.com/bot.html)" "mantech8.com"
185.191.171.34 - - [27/Jan/2023:16:18:31 -0800] "GET /index.php?camp-fire%2F42830908.html HTTP/1.1" 500 - "-" "Mozilla/5.0 (compatible; SemrushBot/7~bl; +http://www.semrush.com/bot.html)" "mantech8.com"
185.191.171.22 - - [27/Jan/2023:16:19:33 -0800] "GET /index.php?camp-fire%2F35712050.html HTTP/1.1" 500 - "-" "Mozilla/5.0 (compatible; SemrushBot/7~bl; +http://www.semrush.com/bot.html)" "mantech8.com"
185.191.171.1 - - [27/Jan/2023:16:20:31 -0800] "GET /index.php?camp-fire%2F39439363.html HTTP/1.1" 500 - "-" "Mozilla/5.0 (compatible; SemrushBot/7~bl; +http://www.semrush.com/bot.html)" "mantech8.com"
185.191.171.33 - - [27/Jan/2023:16:21:07 -0800] "GET /index.php?camp-fire%2F37370541.html HTTP/1.1" 500 - "-" "Mozilla/5.0 (compatible; SemrushBot/7~bl; +http://www.semrush.com/bot.html)" "mantech8.com"
216.244.66.241 - - [27/Jan/2023:16:21:28 -0800] "GET /bimages/gallery/thump/IDN%20B.jpg HTTP/1.1" 200 562003 "-" "Mozilla/5.0 (compatible; DotBot/1.2; +https://opensiteexplorer.org/dotbot; help@moz.com)" "www.mantech8.com"
185.191.171.2 - - [27/Jan/2023:16:21:48 -0800] "GET /index.php?camp-fire%2F80419478.html HTTP/1.1" 500 - "-" "Mozilla/5.0 (compatible; SemrushBot/7~bl; +http://www.semrush.com/bot.html)" "mantech8.com"
216.244.66.241 - - [27/Jan/2023:16:22:01 -0800] "GET /bimages/gallery/thump/c1.jpg HTTP/1.1" 200 161917 "-" "Mozilla/5.0 (compatible; DotBot/1.2; +https://opensiteexplorer.org/dotbot; help@moz.com)" "www.mantech8.com"
176.227.240.19 - - [27/Jan/2023:16:22:06 -0800] "GET /wp-secure.php HTTP/1.1" 404 88 "-" "Mozilla/5.0 (Windows NT 10.0; Win64; x64) AppleWebKit/537.36 (KHTML, like Gecko) Chrome/108.0.0.0 Safari/537.36 Edg/108.0.1462.54" "www.mantech8.com"
185.191.171.14 - - [27/Jan/2023:16:22:13 -0800] "GET /index.php?camp-fire%2F46852403.html HTTP/1.1" 500 - "-" "Mozilla/5.0 (compatible; SemrushBot/7~bl; +http://www.semrush.com/bot.html)" "mantech8.com"
216.244.66.241 - - [27/Jan/2023:16:22:27 -0800] "GET /bimages/gallery/thump/pb4.jpg HTTP/1.1" 200 441577 "-" "Mozilla/5.0 (compatible; DotBot/1.2; +https://opensiteexplorer.org/dotbot; help@moz.com)" "www.mantech8.com"
176.227.240.19 - - [27/Jan/2023:16:22:45 -0800] "GET /wp-secure.php HTTP/1.1" 404 88 "-" "Mozilla/5.0 (Windows NT 10.0; Win64; x64) AppleWebKit/537.36 (KHTML, like Gecko) Chrome/108.0.0.0 Safari/537.36 Edg/108.0.1462.54" "www.mantech8.com"
114.119.135.132 - - [27/Jan/2023:16:23:32 -0800] "GET /index.php?camp-fire/57067341.html HTTP/1.1" 500 - "-" "Mozilla/5.0 (Linux; Android 7.0;) AppleWebKit/537.36 (KHTML, like Gecko) Mobile Safari/537.36 (compatible; PetalBot;+https://webmaster.petalsearch.com/site/petalbot)" "www.mantech8.com"
185.191.171.25 - - [27/Jan/2023:16:23:52 -0800] "GET /index.php?camp-fire%2F35089951.html HTTP/1.1" 500 - "-" "Mozilla/5.0 (compatible; SemrushBot/7~bl; +http://www.semrush.com/bot.html)" "mantech8.com"
185.191.171.39 - - [27/Jan/2023:16:24:02 -0800] "GET /index.php?camp-fire%2F26028206.html HTTP/1.1" 500 - "-" "Mozilla/5.0 (compatible; SemrushBot/7~bl; +http://www.semrush.com/bot.html)" "mantech8.com"
185.191.171.26 - - [27/Jan/2023:16:24:39 -0800] "GET /index.php?camp-fire%2F4878178.html HTTP/1.1" 500 - "-" "Mozilla/5.0 (compatible; SemrushBot/7~bl; +http://www.semrush.com/bot.html)" "mantech8.com"
77.88.5.38 - - [27/Jan/2023:16:24:45 -0800] "GET /robots.txt HTTP/1.1" 200 222 "-" "Mozilla/5.0 (compatible; YandexBot/3.0; +http://yandex.com/bots)" "www.mantech8.com"
77.88.5.89 - - [27/Jan/2023:16:24:49 -0800] "GET / HTTP/1.1" 500 - "-" "Mozilla/5.0 (compatible; YandexBot/3.0; +http://yandex.com/bots)" "www.mantech8.com"
185.191.171.45 - - [27/Jan/2023:16:24:54 -0800] "GET /index.php?camp-fire%2F95894206.html HTTP/1.1" 500 - "-" "Mozilla/5.0 (compatible; SemrushBot/7~bl; +http://www.semrush.com/bot.html)" "mantech8.com"
114.119.157.24 - - [27/Jan/2023:16:24:59 -0800] "GET /?sitemap40698.xml HTTP/1.1" 200 270588 "-" "Mozilla/5.0 (Linux; Android 7.0;) AppleWebKit/537.36 (KHTML, like Gecko) Mobile Safari/537.36 (compatible; PetalBot;+https://webmaster.petalsearch.com/site/petalbot)" "mantech8.com"
185.191.171.25 - - [27/Jan/2023:16:25:19 -0800] "GET /index.php?camp-fire%2F49384638.html HTTP/1.1" 500 - "-" "Mozilla/5.0 (compatible; SemrushBot/7~bl; +http://www.semrush.com/bot.html)" "mantech8.com"
185.191.171.4 - - [27/Jan/2023:16:25:42 -0800] "GET /index.php?camp-fire%2F7695208.html HTTP/1.1" 500 - "-" "Mozilla/5.0 (compatible; SemrushBot/7~bl; +http://www.semrush.com/bot.html)" "mantech8.com"
185.191.171.23 - - [27/Jan/2023:16:26:05 -0800] "GET /index.php?camp-fire%2F40812576.html HTTP/1.1" 500 - "-" "Mozilla/5.0 (compatible; SemrushBot/7~bl; +http://www.semrush.com/bot.html)" "mantech8.com"
185.191.171.44 - - [27/Jan/2023:16:26:16 -0800] "GET /index.php?camp-fire%2F77584977.html HTTP/1.1" 500 - "-" "Mozilla/5.0 (compatible; SemrushBot/7~bl; +http://www.semrush.com/bot.html)" "mantech8.com"
185.191.171.33 - - [27/Jan/2023:16:26:57 -0800] "GET /index.php?camp-fire%2F40832817.html HTTP/1.1" 500 - "-" "Mozilla/5.0 (compatible; SemrushBot/7~bl; +http://www.semrush.com/bot.html)" "mantech8.com"
185.191.171.21 - - [27/Jan/2023:16:27:07 -0800] "GET /index.php?camp-fire%2F31734484.html HTTP/1.1" 500 - "-" "Mozilla/5.0 (compatible; SemrushBot/7~bl; +http://www.semrush.com/bot.html)" "mantech8.com"
185.191.171.25 - - [27/Jan/2023:16:28:20 -0800] "GET /index.php?camp-fire%2F24532830.html HTTP/1.1" 500 - "-" "Mozilla/5.0 (compatible; SemrushBot/7~bl; +http://www.semrush.com/bot.html)" "mantech8.com"
185.191.171.11 - - [27/Jan/2023:16:29:12 -0800] "GET /index.php?camp-fire%2F62108790.html HTTP/1.1" 500 - "-" "Mozilla/5.0 (compatible; SemrushBot/7~bl; +http://www.semrush.com/bot.html)" "mantech8.com"
185.191.171.37 - - [27/Jan/2023:16:29:14 -0800] "GET /index.php?camp-fire%2F20762535.html HTTP/1.1" 500 - "-" "Mozilla/5.0 (compatible; SemrushBot/7~bl; +http://www.semrush.com/bot.html)" "mantech8.com"
185.191.171.6 - - [27/Jan/2023:16:29:21 -0800] "GET /index.php?camp-fire%2F47010568.html HTTP/1.1" 500 - "-" "Mozilla/5.0 (compatible; SemrushBot/7~bl; +http://www.semrush.com/bot.html)" "mantech8.com"
185.191.171.11 - - [27/Jan/2023:16:30:13 -0800] "GET /index.php?camp-fire%2F33163425.html HTTP/1.1" 500 - "-" "Mozilla/5.0 (compatible; SemrushBot/7~bl; +http://www.semrush.com/bot.html)" "mantech8.com"
185.191.171.19 - - [27/Jan/2023:16:31:50 -0800] "GET /index.php?camp-fire%2F52293903.html HTTP/1.1" 500 - "-" "Mozilla/5.0 (compatible; SemrushBot/7~bl; +http://www.semrush.com/bot.html)" "mantech8.com"
185.191.171.6 - - [27/Jan/2023:16:32:06 -0800] "GET /index.php?camp-fire%2F33688425.html HTTP/1.1" 500 - "-" "Mozilla/5.0 (compatible; SemrushBot/7~bl; +http://www.semrush.com/bot.html)" "mantech8.com"
185.191.171.16 - - [27/Jan/2023:16:32:07 -0800] "GET /index.php?camp-fire%2F51572425.html HTTP/1.1" 500 - "-" "Mozilla/5.0 (compatible; SemrushBot/7~bl; +http://www.semrush.com/bot.html)" "mantech8.com"
185.191.171.43 - - [27/Jan/2023:16:32:17 -0800] "GET /index.php?camp-fire%2F40301550.html HTTP/1.1" 500 - "-" "Mozilla/5.0 (compatible; SemrushBot/7~bl; +http://www.semrush.com/bot.html)" "mantech8.com"
185.191.171.43 - - [27/Jan/2023:16:32:19 -0800] "GET /index.php?camp-fire%2F55257000.html HTTP/1.1" 500 - "-" "Mozilla/5.0 (compatible; SemrushBot/7~bl; +http://www.semrush.com/bot.html)" "mantech8.com"
185.191.171.18 - - [27/Jan/2023:16:32:31 -0800] "GET /index.php?camp-fire%2F4196578.html HTTP/1.1" 500 - "-" "Mozilla/5.0 (compatible; SemrushBot/7~bl; +http://www.semrush.com/bot.html)" "mantech8.com"
185.191.171.4 - - [27/Jan/2023:16:32:38 -0800] "GET /index.php?camp-fire%2F59373534.html HTTP/1.1" 500 - "-" "Mozilla/5.0 (compatible; SemrushBot/7~bl; +http://www.semrush.com/bot.html)" "mantech8.com"
185.191.171.35 - - [27/Jan/2023:16:33:15 -0800] "GET /index.php?camp-fire%2F3336098.html HTTP/1.1" 500 - "-" "Mozilla/5.0 (compatible; SemrushBot/7~bl; +http://www.semrush.com/bot.html)" "mantech8.com"
185.191.171.8 - - [27/Jan/2023:16:34:09 -0800] "GET /index.php?camp-fire%2F81119535.html HTTP/1.1" 500 - "-" "Mozilla/5.0 (compatible; SemrushBot/7~bl; +http://www.semrush.com/bot.html)" "mantech8.com"
185.191.171.1 - - [27/Jan/2023:16:34:21 -0800] "GET /index.php?camp-fire%2F33087065.html HTTP/1.1" 500 - "-" "Mozilla/5.0 (compatible; SemrushBot/7~bl; +http://www.semrush.com/bot.html)" "mantech8.com"
185.191.171.9 - - [27/Jan/2023:16:34:43 -0800] "GET /index.php?camp-fire%2F36013225.html HTTP/1.1" 500 - "-" "Mozilla/5.0 (compatible; SemrushBot/7~bl; +http://www.semrush.com/bot.html)" "mantech8.com"
185.191.171.39 - - [27/Jan/2023:16:35:01 -0800] "GET /index.php?camp-fire%2F26867621.html HTTP/1.1" 500 - "-" "Mozilla/5.0 (compatible; SemrushBot/7~bl; +http://www.semrush.com/bot.html)" "mantech8.com"
185.191.171.9 - - [27/Jan/2023:16:35:27 -0800] "GET /?camp-fire%2F104660824.html HTTP/1.1" 500 - "-" "Mozilla/5.0 (compatible; SemrushBot/7~bl; +http://www.semrush.com/bot.html)" "mantech8.com"
176.227.240.31 - - [27/Jan/2023:16:35:28 -0800] "GET /wp-secure.php HTTP/1.1" 404 88 "-" "Mozilla/5.0 (Windows NT 10.0; Win64; x64; rv:108.0) Gecko/20100101 Firefox/108.0" "www.mantech8.com"
185.191.171.5 - - [27/Jan/2023:16:35:44 -0800] "GET /index.php?camp-fire%2F1914529.html HTTP/1.1" 500 - "-" "Mozilla/5.0 (compatible; SemrushBot/7~bl; +http://www.semrush.com/bot.html)" "mantech8.com"
185.191.171.7 - - [27/Jan/2023:16:36:56 -0800] "GET /index.php?camp-fire%2F36121790.html HTTP/1.1" 500 - "-" "Mozilla/5.0 (compatible; SemrushBot/7~bl; +http://www.semrush.com/bot.html)" "mantech8.com"
185.191.171.42 - - [27/Jan/2023:16:37:02 -0800] "GET /index.php?camp-fire%2F3019829.html HTTP/1.1" 500 - "-" "Mozilla/5.0 (compatible; SemrushBot/7~bl; +http://www.semrush.com/bot.html)" "mantech8.com"
103.80.210.174 - - [27/Jan/2023:16:37:31 -0800] "GET /contact.php HTTP/1.1" 200 29238 "http://mantech8.com/contact.php" "Mozilla/5.0 (Windows NT 10.0; Win64; x64) AppleWebKit/537.36 (KHTML, like Gecko) Chrome/90.0.4430.93 Safari/537.36" "mantech8.com"
185.191.171.36 - - [27/Jan/2023:16:37:37 -0800] "GET /index.php?camp-fire%2F27282370.html HTTP/1.1" 500 - "-" "Mozilla/5.0 (compatible; SemrushBot/7~bl; +http://www.semrush.com/bot.html)" "mantech8.com"
185.191.171.7 - - [27/Jan/2023:16:37:40 -0800] "GET /index.php?camp-fire%2F33693059.html HTTP/1.1" 500 - "-" "Mozilla/5.0 (compatible; SemrushBot/7~bl; +http://www.semrush.com/bot.html)" "mantech8.com"
103.80.210.174 - - [27/Jan/2023:16:37:55 -0800] "POST /mailer.php HTTP/1.1" 500 - "http://mantech8.com/contact.php" "Mozilla/5.0 (Windows NT 10.0; Win64; x64) AppleWebKit/537.36 (KHTML, like Gecko) Chrome/90.0.4430.93 Safari/537.36" "mantech8.com"
185.191.171.14 - - [27/Jan/2023:16:37:57 -0800] "GET /index.php?camp-fire%2F39828292.html HTTP/1.1" 500 - "-" "Mozilla/5.0 (compatible; SemrushBot/7~bl; +http://www.semrush.com/bot.html)" "mantech8.com"
185.191.171.4 - - [27/Jan/2023:16:38:02 -0800] "GET /?camp-fire%2F100328490.html HTTP/1.1" 500 - "-" "Mozilla/5.0 (compatible; SemrushBot/7~bl; +http://www.semrush.com/bot.html)" "mantech8.com"
176.227.240.31 - - [27/Jan/2023:16:38:11 -0800] "GET /wp-secure.php HTTP/1.1" 404 88 "-" "Mozilla/5.0 (Windows NT 10.0; Win64; x64) AppleWebKit/537.36 (KHTML, like Gecko) Chrome/108.0.0.0 Safari/537.36" "www.mantech8.com"
114.119.148.88 - - [27/Jan/2023:16:38:28 -0800] "GET /robots.txt HTTP/1.1" 200 106 "-" "Mozilla/5.0 (compatible;PetalBot;+https://webmaster.petalsearch.com/site/petalbot)" "mantech8.com"
185.191.171.25 - - [27/Jan/2023:16:39:20 -0800] "GET /index.php?camp-fire%2F8612208.html HTTP/1.1" 500 - "-" "Mozilla/5.0 (compatible; SemrushBot/7~bl; +http://www.semrush.com/bot.html)" "mantech8.com"
185.191.171.11 - - [27/Jan/2023:16:39:23 -0800] "GET /index.php?camp-fire%2F59097076.html HTTP/1.1" 500 - "-" "Mozilla/5.0 (compatible; SemrushBot/7~bl; +http://www.semrush.com/bot.html)" "mantech8.com"
185.191.171.18 - - [27/Jan/2023:16:40:10 -0800] "GET /index.php?camp-fire%2F8528521.html HTTP/1.1" 500 - "-" "Mozilla/5.0 (compatible; SemrushBot/7~bl; +http://www.semrush.com/bot.html)" "mantech8.com"
176.227.240.27 - - [27/Jan/2023:16:41:21 -0800] "GET /wp-secure.php HTTP/1.1" 404 88 "-" "Mozilla/5.0 (Windows NT 10.0; Win64; x64) AppleWebKit/537.36 (KHTML, like Gecko) Chrome/108.0.0.0 Safari/537.36 Edg/108.0.1462.54" "www.mantech8.com"
185.191.171.16 - - [27/Jan/2023:16:41:32 -0800] "GET /index.php?camp-fire%2F39924771.html HTTP/1.1" 500 - "-" "Mozilla/5.0 (compatible; SemrushBot/7~bl; +http://www.semrush.com/bot.html)" "mantech8.com"
114.119.135.78 - - [27/Jan/2023:16:41:38 -0800] "GET /corevalues.php HTTP/1.1" 200 14806 "http://www.mantech8.com/clients.php" "Mozilla/5.0 (Linux; Android 7.0;) AppleWebKit/537.36 (KHTML, like Gecko) Mobile Safari/537.36 (compatible; PetalBot;+https://webmaster.petalsearch.com/site/petalbot)" "www.mantech8.com"
185.191.171.4 - - [27/Jan/2023:16:41:41 -0800] "GET /index.php?camp-fire%2F38824117.html HTTP/1.1" 500 - "-" "Mozilla/5.0 (compatible; SemrushBot/7~bl; +http://www.semrush.com/bot.html)" "mantech8.com"
185.191.171.33 - - [27/Jan/2023:16:42:10 -0800] "GET /index.php?camp-fire%2F27270947.html HTTP/1.1" 500 - "-" "Mozilla/5.0 (compatible; SemrushBot/7~bl; +http://www.semrush.com/bot.html)" "mantech8.com"
185.191.171.9 - - [27/Jan/2023:16:42:11 -0800] "GET /index.php?camp-fire%2F41115302.html HTTP/1.1" 500 - "-" "Mozilla/5.0 (compatible; SemrushBot/7~bl; +http://www.semrush.com/bot.html)" "mantech8.com"
185.191.171.10 - - [27/Jan/2023:16:42:36 -0800] "GET /index.php?camp-fire%2F33765159.html HTTP/1.1" 500 - "-" "Mozilla/5.0 (compatible; SemrushBot/7~bl; +http://www.semrush.com/bot.html)" "mantech8.com"
114.119.135.83 - - [27/Jan/2023:16:42:57 -0800] "GET /index.php/crystalgazer.xml HTTP/1.1" 200 289394 "-" "Mozilla/5.0 (Linux; Android 7.0;) AppleWebKit/537.36 (KHTML, like Gecko) Mobile Safari/537.36 (compatible; PetalBot;+https://webmaster.petalsearch.com/site/petalbot)" "mantech8.com"
185.191.171.11 - - [27/Jan/2023:16:43:09 -0800] "GET /index.php?camp-fire%2F37511650.html HTTP/1.1" 500 - "-" "Mozilla/5.0 (compatible; SemrushBot/7~bl; +http://www.semrush.com/bot.html)" "mantech8.com"
185.191.171.44 - - [27/Jan/2023:16:43:57 -0800] "GET /index.php?camp-fire%2F89656465.html HTTP/1.1" 500 - "-" "Mozilla/5.0 (compatible; SemrushBot/7~bl; +http://www.semrush.com/bot.html)" "mantech8.com"
114.119.130.13 - - [27/Jan/2023:16:44:21 -0800] "GET /?sitemap4113.xml HTTP/1.1" 200 270400 "-" "Mozilla/5.0 (Linux; Android 7.0;) AppleWebKit/537.36 (KHTML, like Gecko) Mobile Safari/537.36 (compatible; PetalBot;+https://webmaster.petalsearch.com/site/petalbot)" "mantech8.com"
185.191.171.15 - - [27/Jan/2023:16:44:41 -0800] "GET /index.php?camp-fire%2F44063725.html HTTP/1.1" 500 - "-" "Mozilla/5.0 (compatible; SemrushBot/7~bl; +http://www.semrush.com/bot.html)" "mantech8.com"
185.191.171.5 - - [27/Jan/2023:16:45:38 -0800] "GET /index.php?camp-fire%2F99947309.html HTTP/1.1" 500 - "-" "Mozilla/5.0 (compatible; SemrushBot/7~bl; +http://www.semrush.com/bot.html)" "mantech8.com"
185.191.171.40 - - [27/Jan/2023:16:45:55 -0800] "GET /index.php?camp-fire%2F96605457.html HTTP/1.1" 500 - "-" "Mozilla/5.0 (compatible; SemrushBot/7~bl; +http://www.semrush.com/bot.html)" "mantech8.com"
185.191.171.34 - - [27/Jan/2023:16:46:00 -0800] "GET /index.php?camp-fire%2F4159374.html HTTP/1.1" 500 - "-" "Mozilla/5.0 (compatible; SemrushBot/7~bl; +http://www.semrush.com/bot.html)" "mantech8.com"
185.191.171.10 - - [27/Jan/2023:16:46:03 -0800] "GET /index.php?camp-fire%2F41425371.html HTTP/1.1" 500 - "-" "Mozilla/5.0 (compatible; SemrushBot/7~bl; +http://www.semrush.com/bot.html)" "mantech8.com"
185.191.171.11 - - [27/Jan/2023:16:46:21 -0800] "GET /index.php?camp-fire%2F37067078.html HTTP/1.1" 500 - "-" "Mozilla/5.0 (compatible; SemrushBot/7~bl; +http://www.semrush.com/bot.html)" "mantech8.com"
93.158.161.35 - - [27/Jan/2023:16:47:34 -0800] "GET /robots.txt HTTP/1.1" 200 222 "-" "Mozilla/5.0 (compatible; YandexBot/3.0; +http://yandex.com/bots)" "mantech8.com"
93.158.161.46 - - [27/Jan/2023:16:47:38 -0800] "GET /bimages/paintg/ HTTP/1.1" 200 497 "-" "Mozilla/5.0 (compatible; YandexBot/3.0; +http://yandex.com/bots)" "mantech8.com"
77.88.5.49 - - [27/Jan/2023:16:47:54 -0800] "GET /bimages/paintg/paint5.jpg HTTP/1.1" 200 126763 "-" "Mozilla/5.0 (compatible; YandexImages/3.0; +http://yandex.com/bots)" "mantech8.com"
77.88.5.10 - - [27/Jan/2023:16:47:58 -0800] "GET /bimages/paintg/paint3.jpg HTTP/1.1" 200 182290 "-" "Mozilla/5.0 (compatible; YandexImages/3.0; +http://yandex.com/bots)" "mantech8.com"
77.88.5.9 - - [27/Jan/2023:16:48:01 -0800] "GET /bimages/paintg/paint1.jpg HTTP/1.1" 200 181426 "-" "Mozilla/5.0 (compatible; YandexImages/3.0; +http://yandex.com/bots)" "mantech8.com"
77.88.5.10 - - [27/Jan/2023:16:48:04 -0800] "GET /bimages/paintg/paint2.jpg HTTP/1.1" 200 149594 "-" "Mozilla/5.0 (compatible; YandexImages/3.0; +http://yandex.com/bots)" "mantech8.com"
40.77.167.11 - - [27/Jan/2023:16:48:05 -0800] "GET /index.php?/event/%E3%80%90%E3%81%8A%E6%89%8B%E4%BC%9D%E3%81%84stay%E3%80%9C%E5%AE%BF%E6%B3%8A%E5%89%B2%E5%BC%95%E3%81%8D%E3%83%97%E3%83%A9%E3%83%B3%E3%80%9C%E3%80%91%E5%B1%85%E5%BF%83%E5%9C%B0%E3%81%AE%E8%89%AF HTTP/1.1" 200 67832 "-" "Mozilla/5.0 AppleWebKit/537.36 (KHTML, like Gecko; compatible; bingbot/2.0; +http://www.bing.com/bingbot.htm) Chrome/103.0.5060.134 Safari/537.36" "mantech8.com"
93.158.161.35 - - [27/Jan/2023:16:48:07 -0800] "GET /bimages/paintg/paint4.jpg HTTP/1.1" 200 184695 "-" "Mozilla/5.0 (compatible; YandexImages/3.0; +http://yandex.com/bots)" "mantech8.com"
77.88.5.225 - - [27/Jan/2023:16:48:10 -0800] "GET /bimages/paintg/paint6.jpg HTTP/1.1" 200 105094 "-" "Mozilla/5.0 (compatible; YandexImages/3.0; +http://yandex.com/bots)" "mantech8.com"
185.191.171.14 - - [27/Jan/2023:16:48:39 -0800] "GET /index.php?camp-fire%2F33438625.html HTTP/1.1" 500 - "-" "Mozilla/5.0 (compatible; SemrushBot/7~bl; +http://www.semrush.com/bot.html)" "mantech8.com"
185.191.171.3 - - [27/Jan/2023:16:49:48 -0800] "GET /index.php?camp-fire%2F42079050.html HTTP/1.1" 500 - "-" "Mozilla/5.0 (compatible; SemrushBot/7~bl; +http://www.semrush.com/bot.html)" "mantech8.com"
185.191.171.11 - - [27/Jan/2023:16:50:09 -0800] "GET /index.php?camp-fire%2F53593578.html HTTP/1.1" 500 - "-" "Mozilla/5.0 (compatible; SemrushBot/7~bl; +http://www.semrush.com/bot.html)" "mantech8.com"
185.191.171.9 - - [27/Jan/2023:16:50:43 -0800] "GET /index.php?camp-fire%2F47913608.html HTTP/1.1" 500 - "-" "Mozilla/5.0 (compatible; SemrushBot/7~bl; +http://www.semrush.com/bot.html)" "mantech8.com"
185.191.171.4 - - [27/Jan/2023:16:51:10 -0800] "GET /index.php?camp-fire%2F60136280.html HTTP/1.1" 500 - "-" "Mozilla/5.0 (compatible; SemrushBot/7~bl; +http://www.semrush.com/bot.html)" "mantech8.com"
185.191.171.26 - - [27/Jan/2023:16:51:40 -0800] "GET /index.php?camp-fire%2F66732287.html HTTP/1.1" 500 - "-" "Mozilla/5.0 (compatible; SemrushBot/7~bl; +http://www.semrush.com/bot.html)" "mantech8.com"
185.191.171.39 - - [27/Jan/2023:16:51:41 -0800] "GET /index.php?camp-fire%2F34252959.html HTTP/1.1" 500 - "-" "Mozilla/5.0 (compatible; SemrushBot/7~bl; +http://www.semrush.com/bot.html)" "mantech8.com"
216.244.66.241 - - [27/Jan/2023:16:52:25 -0800] "GET /robots.txt HTTP/1.1" 200 222 "-" "Mozilla/5.0 (compatible; DotBot/1.2; +https://opensiteexplorer.org/dotbot; help@moz.com)" "mantech8.com"
216.244.66.241 - - [27/Jan/2023:16:52:25 -0800] "GET /robots.txt HTTP/1.1" 200 222 "-" "Mozilla/5.0 (compatible; DotBot/1.2; +https://opensiteexplorer.org/dotbot; help@moz.com)" "www.mantech8.com"
185.191.171.9 - - [27/Jan/2023:16:52:25 -0800] "GET /index.php?camp-fire%2F54124551.html HTTP/1.1" 500 - "-" "Mozilla/5.0 (compatible; SemrushBot/7~bl; +http://www.semrush.com/bot.html)" "mantech8.com"
185.191.171.45 - - [27/Jan/2023:16:52:39 -0800] "GET /index.php?camp-fire%2F40445376.html HTTP/1.1" 500 - "-" "Mozilla/5.0 (compatible; SemrushBot/7~bl; +http://www.semrush.com/bot.html)" "mantech8.com"
185.191.171.15 - - [27/Jan/2023:16:53:10 -0800] "GET /index.php?camp-fire%2F39827592.html HTTP/1.1" 500 - "-" "Mozilla/5.0 (compatible; SemrushBot/7~bl; +http://www.semrush.com/bot.html)" "mantech8.com"
185.191.171.22 - - [27/Jan/2023:16:53:32 -0800] "GET /index.php?camp-fire%2F89039776.html HTTP/1.1" 500 - "-" "Mozilla/5.0 (compatible; SemrushBot/7~bl; +http://www.semrush.com/bot.html)" "mantech8.com"
207.46.13.199 - - [27/Jan/2023:16:53:33 -0800] "GET / HTTP/1.1" 200 64391 "-" "Mozilla/5.0 AppleWebKit/537.36 (KHTML, like Gecko; compatible; bingbot/2.0; +http://www.bing.com/bingbot.htm) Chrome/103.0.5060.134 Safari/537.36" "www.mantech8.com"
185.191.171.21 - - [27/Jan/2023:16:54:29 -0800] "GET /index.php?camp-fire%2F52012733.html HTTP/1.1" 500 - "-" "Mozilla/5.0 (compatible; SemrushBot/7~bl; +http://www.semrush.com/bot.html)" "mantech8.com"
114.119.129.211 - - [27/Jan/2023:16:54:47 -0800] "GET /index.php?scillism.xml HTTP/1.1" 200 289470 "-" "Mozilla/5.0 (Linux; Android 7.0;) AppleWebKit/537.36 (KHTML, like Gecko) Mobile Safari/537.36 (compatible; PetalBot;+https://webmaster.petalsearch.com/site/petalbot)" "mantech8.com"
185.191.171.9 - - [27/Jan/2023:16:54:50 -0800] "GET /?camp-fire%2F112975371.html HTTP/1.1" 500 - "-" "Mozilla/5.0 (compatible; SemrushBot/7~bl; +http://www.semrush.com/bot.html)" "mantech8.com"
185.191.171.41 - - [27/Jan/2023:16:54:51 -0800] "GET /index.php?camp-fire%2F45918671.html HTTP/1.1" 500 - "-" "Mozilla/5.0 (compatible; SemrushBot/7~bl; +http://www.semrush.com/bot.html)" "mantech8.com"
185.191.171.7 - - [27/Jan/2023:16:55:06 -0800] "GET /index.php?camp-fire%2F42834441.html HTTP/1.1" 500 - "-" "Mozilla/5.0 (compatible; SemrushBot/7~bl; +http://www.semrush.com/bot.html)" "mantech8.com"
185.191.171.34 - - [27/Jan/2023:16:55:23 -0800] "GET /index.php?camp-fire%2F39439963.html HTTP/1.1" 500 - "-" "Mozilla/5.0 (compatible; SemrushBot/7~bl; +http://www.semrush.com/bot.html)" "mantech8.com"
185.191.171.5 - - [27/Jan/2023:16:55:34 -0800] "GET /robots.txt HTTP/1.1" 200 106 "-" "Mozilla/5.0 (compatible; SemrushBot/7~bl; +http://www.semrush.com/bot.html)" "mantech8.com"
185.191.171.15 - - [27/Jan/2023:16:55:34 -0800] "GET /index.php?camp-fire%2F1405853.html HTTP/1.1" 500 - "-" "Mozilla/5.0 (compatible; SemrushBot/7~bl; +http://www.semrush.com/bot.html)" "mantech8.com"
185.191.171.4 - - [27/Jan/2023:16:55:47 -0800] "GET /index.php?camp-fire%2F40037592.html HTTP/1.1" 500 - "-" "Mozilla/5.0 (compatible; SemrushBot/7~bl; +http://www.semrush.com/bot.html)" "mantech8.com"
185.191.171.19 - - [27/Jan/2023:16:56:12 -0800] "GET /index.php?camp-fire%2F27959271.html HTTP/1.1" 500 - "-" "Mozilla/5.0 (compatible; SemrushBot/7~bl; +http://www.semrush.com/bot.html)" "mantech8.com"
185.191.171.7 - - [27/Jan/2023:16:58:35 -0800] "GET /index.php?camp-fire%2F33565971.html HTTP/1.1" 500 - "-" "Mozilla/5.0 (compatible; SemrushBot/7~bl; +http://www.semrush.com/bot.html)" "mantech8.com"
185.191.171.40 - - [27/Jan/2023:16:59:18 -0800] "GET /index.php?camp-fire%2F39932502.html HTTP/1.1" 500 - "-" "Mozilla/5.0 (compatible; SemrushBot/7~bl; +http://www.semrush.com/bot.html)" "mantech8.com"
185.191.171.1 - - [27/Jan/2023:16:59:34 -0800] "GET /?camp-fire%2F114400550.html HTTP/1.1" 500 - "-" "Mozilla/5.0 (compatible; SemrushBot/7~bl; +http://www.semrush.com/bot.html)" "mantech8.com"
185.191.171.5 - - [27/Jan/2023:17:00:30 -0800] "GET /index.php?camp-fire%2F3241453.html HTTP/1.1" 500 - "-" "Mozilla/5.0 (compatible; SemrushBot/7~bl; +http://www.semrush.com/bot.html)" "mantech8.com"
185.191.171.25 - - [27/Jan/2023:17:01:28 -0800] "GET /index.php?camp-fire%2F7614921.html HTTP/1.1" 500 - "-" "Mozilla/5.0 (compatible; SemrushBot/7~bl; +http://www.semrush.com/bot.html)" "mantech8.com"
185.191.171.14 - - [27/Jan/2023:17:02:38 -0800] "GET /index.php?camp-fire%2F8353980.html HTTP/1.1" 500 - "-" "Mozilla/5.0 (compatible; SemrushBot/7~bl; +http://www.semrush.com/bot.html)" "mantech8.com"
185.191.171.23 - - [27/Jan/2023:17:02:45 -0800] "GET /index.php?camp-fire%2F34873076.html HTTP/1.1" 500 - "-" "Mozilla/5.0 (compatible; SemrushBot/7~bl; +http://www.semrush.com/bot.html)" "mantech8.com"
185.191.171.25 - - [27/Jan/2023:17:02:49 -0800] "GET /index.php?camp-fire%2F74090151.html HTTP/1.1" 500 - "-" "Mozilla/5.0 (compatible; SemrushBot/7~bl; +http://www.semrush.com/bot.html)" "mantech8.com"
185.191.171.11 - - [27/Jan/2023:17:03:00 -0800] "GET /index.php?camp-fire%2F85952598.html HTTP/1.1" 500 - "-" "Mozilla/5.0 (compatible; SemrushBot/7~bl; +http://www.semrush.com/bot.html)" "mantech8.com"
185.191.171.12 - - [27/Jan/2023:17:03:13 -0800] "GET /?camp-fire%2F115375317.html HTTP/1.1" 500 - "-" "Mozilla/5.0 (compatible; SemrushBot/7~bl; +http://www.semrush.com/bot.html)" "mantech8.com"
77.88.5.40 - - [27/Jan/2023:17:03:51 -0800] "GET / HTTP/1.1" 500 - "-" "Mozilla/5.0 (compatible; YandexBot/3.0; +http://yandex.com/bots)" "mantech8.com"
185.191.171.44 - - [27/Jan/2023:17:04:01 -0800] "GET /index.php?camp-fire%2F89412900.html HTTP/1.1" 500 - "-" "Mozilla/5.0 (compatible; SemrushBot/7~bl; +http://www.semrush.com/bot.html)" "mantech8.com"
185.191.171.5 - - [27/Jan/2023:17:04:28 -0800] "GET /index.php?camp-fire%2F39030235.html HTTP/1.1" 500 - "-" "Mozilla/5.0 (compatible; SemrushBot/7~bl; +http://www.semrush.com/bot.html)" "mantech8.com"
185.191.171.40 - - [27/Jan/2023:17:04:55 -0800] "GET /index.php?camp-fire%2F73684953.html HTTP/1.1" 500 - "-" "Mozilla/5.0 (compatible; SemrushBot/7~bl; +http://www.semrush.com/bot.html)" "mantech8.com"
185.191.171.12 - - [27/Jan/2023:17:05:26 -0800] "GET /index.php?camp-fire%2F27662363.html HTTP/1.1" 500 - "-" "Mozilla/5.0 (compatible; SemrushBot/7~bl; +http://www.semrush.com/bot.html)" "mantech8.com"
185.191.171.34 - - [27/Jan/2023:17:05:55 -0800] "GET /index.php?camp-fire%2F53337317.html HTTP/1.1" 500 - "-" "Mozilla/5.0 (compatible; SemrushBot/7~bl; +http://www.semrush.com/bot.html)" "mantech8.com"
185.191.171.25 - - [27/Jan/2023:17:06:00 -0800] "GET /index.php?camp-fire%2F51173292.html HTTP/1.1" 500 - "-" "Mozilla/5.0 (compatible; SemrushBot/7~bl; +http://www.semrush.com/bot.html)" "mantech8.com"
185.191.171.7 - - [27/Jan/2023:17:06:04 -0800] "GET /index.php?camp-fire%2F45589727.html HTTP/1.1" 500 - "-" "Mozilla/5.0 (compatible; SemrushBot/7~bl; +http://www.semrush.com/bot.html)" "mantech8.com"
185.191.171.40 - - [27/Jan/2023:17:06:25 -0800] "GET /?camp-fire%2F114643572.html HTTP/1.1" 500 - "-" "Mozilla/5.0 (compatible; SemrushBot/7~bl; +http://www.semrush.com/bot.html)" "mantech8.com"
185.191.171.2 - - [27/Jan/2023:17:07:44 -0800] "GET /index.php?camp-fire%2F73655990.html HTTP/1.1" 500 - "-" "Mozilla/5.0 (compatible; SemrushBot/7~bl; +http://www.semrush.com/bot.html)" "mantech8.com"
77.88.5.225 - - [27/Jan/2023:17:07:56 -0800] "GET /bimages/dimage/?C=D;O=D HTTP/1.1" 200 418 "-" "Mozilla/5.0 (compatible; YandexBot/3.0; +http://yandex.com/bots)" "mantech8.com"
185.191.171.39 - - [27/Jan/2023:17:07:57 -0800] "GET /index.php?camp-fire%2F24784646.html HTTP/1.1" 500 - "-" "Mozilla/5.0 (compatible; SemrushBot/7~bl; +http://www.semrush.com/bot.html)" "mantech8.com"
185.191.171.8 - - [27/Jan/2023:17:08:45 -0800] "GET /index.php?camp-fire%2F28111521.html HTTP/1.1" 500 - "-" "Mozilla/5.0 (compatible; SemrushBot/7~bl; +http://www.semrush.com/bot.html)" "mantech8.com"
185.191.171.43 - - [27/Jan/2023:17:09:05 -0800] "GET /?camp-fire%2F111370638.html HTTP/1.1" 500 - "-" "Mozilla/5.0 (compatible; SemrushBot/7~bl; +http://www.semrush.com/bot.html)" "mantech8.com"
185.191.171.2 - - [27/Jan/2023:17:09:14 -0800] "GET /index.php?camp-fire%2F55370597.html HTTP/1.1" 500 - "-" "Mozilla/5.0 (compatible; SemrushBot/7~bl; +http://www.semrush.com/bot.html)" "mantech8.com"
114.119.130.78 - - [27/Jan/2023:17:09:55 -0800] "GET /index.php?camp-fire/92266463.html HTTP/1.1" 500 - "-" "Mozilla/5.0 (Linux; Android 7.0;) AppleWebKit/537.36 (KHTML, like Gecko) Mobile Safari/537.36 (compatible; PetalBot;+https://webmaster.petalsearch.com/site/petalbot)" "www.mantech8.com"
185.191.171.35 - - [27/Jan/2023:17:10:22 -0800] "GET /index.php?camp-fire%2F29815489.html HTTP/1.1" 500 - "-" "Mozilla/5.0 (compatible; SemrushBot/7~bl; +http://www.semrush.com/bot.html)" "mantech8.com"
114.119.130.111 - - [27/Jan/2023:17:11:11 -0800] "GET /bimages/door/ HTTP/1.1" 200 447 "http://www.mantech8.com/bimages/?C=D%3BO%3DA" "Mozilla/5.0 (Linux; Android 7.0;) AppleWebKit/537.36 (KHTML, like Gecko) Mobile Safari/537.36 (compatible; PetalBot;+https://webmaster.petalsearch.com/site/petalbot)" "www.mantech8.com"
185.191.171.22 - - [27/Jan/2023:17:12:01 -0800] "GET /index.php?camp-fire%2F18369965.html HTTP/1.1" 500 - "-" "Mozilla/5.0 (compatible; SemrushBot/7~bl; +http://www.semrush.com/bot.html)" "mantech8.com"
185.191.171.19 - - [27/Jan/2023:17:12:18 -0800] "GET /index.php?camp-fire%2F39521617.html HTTP/1.1" 500 - "-" "Mozilla/5.0 (compatible; SemrushBot/7~bl; +http://www.semrush.com/bot.html)" "mantech8.com"
185.191.171.35 - - [27/Jan/2023:17:13:14 -0800] "GET /index.php?camp-fire%2F51678208.html HTTP/1.1" 500 - "-" "Mozilla/5.0 (compatible; SemrushBot/7~bl; +http://www.semrush.com/bot.html)" "mantech8.com"
157.55.39.29 - - [27/Jan/2023:17:13:23 -0800] "GET /sitemapmobileindex.xml HTTP/1.1" 404 88 "-" "Mozilla/5.0 AppleWebKit/537.36 (KHTML, like Gecko; compatible; bingbot/2.0; +http://www.bing.com/bingbot.htm) Chrome/103.0.5060.134 Safari/537.36" "mantech8.com"
92.62.121.86 - - [27/Jan/2023:17:13:23 -0800] "GET /wp-secure.php HTTP/1.1" 404 88 "-" "Mozilla/5.0 (Windows NT 10.0; Win64; x64) AppleWebKit/537.36 (KHTML, like Gecko) Chrome/108.0.0.0 Safari/537.36" "www.mantech8.com"
40.77.167.11 - - [27/Jan/2023:17:13:26 -0800] "GET /sitemapnewindex.xml HTTP/1.1" 404 88 "-" "Mozilla/5.0 AppleWebKit/537.36 (KHTML, like Gecko; compatible; bingbot/2.0; +http://www.bing.com/bingbot.htm) Chrome/103.0.5060.134 Safari/537.36" "mantech8.com"
40.77.167.51 - - [27/Jan/2023:17:13:27 -0800] "GET /sitemapindeximages.xml HTTP/1.1" 404 88 "-" "Mozilla/5.0 AppleWebKit/537.36 (KHTML, like Gecko; compatible; bingbot/2.0; +http://www.bing.com/bingbot.htm) Chrome/103.0.5060.134 Safari/537.36" "mantech8.com"
40.77.167.51 - - [27/Jan/2023:17:13:27 -0800] "GET /sitemapindex.xml HTTP/1.1" 404 88 "-" "Mozilla/5.0 AppleWebKit/537.36 (KHTML, like Gecko; compatible; bingbot/2.0; +http://www.bing.com/bingbot.htm) Chrome/103.0.5060.134 Safari/537.36" "mantech8.com"
185.191.171.17 - - [27/Jan/2023:17:13:33 -0800] "GET /index.php?camp-fire%2F56749960.html HTTP/1.1" 500 - "-" "Mozilla/5.0 (compatible; SemrushBot/7~bl; +http://www.semrush.com/bot.html)" "mantech8.com"
185.191.171.11 - - [27/Jan/2023:17:13:41 -0800] "GET /index.php?camp-fire%2F58039217.html HTTP/1.1" 500 - "-" "Mozilla/5.0 (compatible; SemrushBot/7~bl; +http://www.semrush.com/bot.html)" "mantech8.com"
185.191.171.39 - - [27/Jan/2023:17:13:43 -0800] "GET /index.php?camp-fire%2F2945951.html HTTP/1.1" 500 - "-" "Mozilla/5.0 (compatible; SemrushBot/7~bl; +http://www.semrush.com/bot.html)" "mantech8.com"
185.191.171.35 - - [27/Jan/2023:17:14:00 -0800] "GET /index.php?camp-fire%2F40586135.html HTTP/1.1" 500 - "-" "Mozilla/5.0 (compatible; SemrushBot/7~bl; +http://www.semrush.com/bot.html)" "mantech8.com"
185.191.171.24 - - [27/Jan/2023:17:14:12 -0800] "GET /index.php?camp-fire%2F1998451.html HTTP/1.1" 500 - "-" "Mozilla/5.0 (compatible; SemrushBot/7~bl; +http://www.semrush.com/bot.html)" "mantech8.com"
185.191.171.19 - - [27/Jan/2023:17:14:51 -0800] "GET /?camp-fire%2F114511625.html HTTP/1.1" 500 - "-" "Mozilla/5.0 (compatible; SemrushBot/7~bl; +http://www.semrush.com/bot.html)" "mantech8.com"
185.191.171.43 - - [27/Jan/2023:17:15:01 -0800] "GET /index.php?camp-fire%2F38149003.html HTTP/1.1" 500 - "-" "Mozilla/5.0 (compatible; SemrushBot/7~bl; +http://www.semrush.com/bot.html)" "mantech8.com"
185.191.171.3 - - [27/Jan/2023:17:16:12 -0800] "GET /index.php?camp-fire%2F40868776.html HTTP/1.1" 500 - "-" "Mozilla/5.0 (compatible; SemrushBot/7~bl; +http://www.semrush.com/bot.html)" "mantech8.com"
185.191.171.40 - - [27/Jan/2023:17:17:04 -0800] "GET /index.php?camp-fire%2F40426950.html HTTP/1.1" 500 - "-" "Mozilla/5.0 (compatible; SemrushBot/7~bl; +http://www.semrush.com/bot.html)" "mantech8.com"
185.191.171.26 - - [27/Jan/2023:17:18:04 -0800] "GET /index.php?camp-fire%2F67378924.html HTTP/1.1" 500 - "-" "Mozilla/5.0 (compatible; SemrushBot/7~bl; +http://www.semrush.com/bot.html)" "mantech8.com"
185.191.171.14 - - [27/Jan/2023:17:18:24 -0800] "GET /index.php?camp-fire%2F1383959.html HTTP/1.1" 500 - "-" "Mozilla/5.0 (compatible; SemrushBot/7~bl; +http://www.semrush.com/bot.html)" "mantech8.com"
185.191.171.22 - - [27/Jan/2023:17:19:04 -0800] "GET /index.php?camp-fire%2F39277503.html HTTP/1.1" 500 - "-" "Mozilla/5.0 (compatible; SemrushBot/7~bl; +http://www.semrush.com/bot.html)" "mantech8.com"
185.191.171.12 - - [27/Jan/2023:17:19:31 -0800] "GET /index.php?camp-fire%2F39893302.html HTTP/1.1" 500 - "-" "Mozilla/5.0 (compatible; SemrushBot/7~bl; +http://www.semrush.com/bot.html)" "mantech8.com"
185.191.171.12 - - [27/Jan/2023:17:20:18 -0800] "GET /index.php?camp-fire%2F36582997.html HTTP/1.1" 500 - "-" "Mozilla/5.0 (compatible; SemrushBot/7~bl; +http://www.semrush.com/bot.html)" "mantech8.com"
185.191.171.10 - - [27/Jan/2023:17:20:24 -0800] "GET /index.php?camp-fire%2F2792551.html HTTP/1.1" 500 - "-" "Mozilla/5.0 (compatible; SemrushBot/7~bl; +http://www.semrush.com/bot.html)" "mantech8.com"
185.191.171.20 - - [27/Jan/2023:17:20:49 -0800] "GET /index.php?camp-fire%2F94609676.html HTTP/1.1" 500 - "-" "Mozilla/5.0 (compatible; SemrushBot/7~bl; +http://www.semrush.com/bot.html)" "mantech8.com"
185.191.171.43 - - [27/Jan/2023:17:20:50 -0800] "GET /index.php?camp-fire%2F49384538.html HTTP/1.1" 500 - "-" "Mozilla/5.0 (compatible; SemrushBot/7~bl; +http://www.semrush.com/bot.html)" "mantech8.com"
185.191.171.11 - - [27/Jan/2023:17:20:51 -0800] "GET /index.php?camp-fire%2F48133959.html HTTP/1.1" 500 - "-" "Mozilla/5.0 (compatible; SemrushBot/7~bl; +http://www.semrush.com/bot.html)" "mantech8.com"
185.191.171.21 - - [27/Jan/2023:17:21:31 -0800] "GET /index.php?camp-fire%2F27529484.html HTTP/1.1" 500 - "-" "Mozilla/5.0 (compatible; SemrushBot/7~bl; +http://www.semrush.com/bot.html)" "mantech8.com"
185.191.171.8 - - [27/Jan/2023:17:22:13 -0800] "GET /index.php?camp-fire%2F54393976.html HTTP/1.1" 500 - "-" "Mozilla/5.0 (compatible; SemrushBot/7~bl; +http://www.semrush.com/bot.html)" "mantech8.com"
185.191.171.1 - - [27/Jan/2023:17:22:17 -0800] "GET /index.php?camp-fire%2F42063149.html HTTP/1.1" 500 - "-" "Mozilla/5.0 (compatible; SemrushBot/7~bl; +http://www.semrush.com/bot.html)" "mantech8.com"
185.191.171.41 - - [27/Jan/2023:17:22:20 -0800] "GET /index.php?camp-fire%2F33508893.html HTTP/1.1" 500 - "-" "Mozilla/5.0 (compatible; SemrushBot/7~bl; +http://www.semrush.com/bot.html)" "mantech8.com"
185.191.171.8 - - [27/Jan/2023:17:23:20 -0800] "GET /index.php?camp-fire%2F53548635.html HTTP/1.1" 500 - "-" "Mozilla/5.0 (compatible; SemrushBot/7~bl; +http://www.semrush.com/bot.html)" "mantech8.com"
185.191.171.42 - - [27/Jan/2023:17:23:37 -0800] "GET /index.php?camp-fire%2F42398149.html HTTP/1.1" 500 - "-" "Mozilla/5.0 (compatible; SemrushBot/7~bl; +http://www.semrush.com/bot.html)" "mantech8.com"
185.191.171.1 - - [27/Jan/2023:17:23:43 -0800] "GET /?camp-fire%2F104133371.html HTTP/1.1" 500 - "-" "Mozilla/5.0 (compatible; SemrushBot/7~bl; +http://www.semrush.com/bot.html)" "mantech8.com"
185.191.171.8 - - [27/Jan/2023:17:24:06 -0800] "GET /index.php?camp-fire%2F94609476.html HTTP/1.1" 500 - "-" "Mozilla/5.0 (compatible; SemrushBot/7~bl; +http://www.semrush.com/bot.html)" "mantech8.com"
185.191.171.12 - - [27/Jan/2023:17:24:10 -0800] "GET /?camp-fire%2F109668672.html HTTP/1.1" 500 - "-" "Mozilla/5.0 (compatible; SemrushBot/7~bl; +http://www.semrush.com/bot.html)" "mantech8.com"
185.191.171.22 - - [27/Jan/2023:17:24:13 -0800] "GET /index.php?camp-fire%2F33397168.html HTTP/1.1" 500 - "-" "Mozilla/5.0 (compatible; SemrushBot/7~bl; +http://www.semrush.com/bot.html)" "mantech8.com"
185.191.171.16 - - [27/Jan/2023:17:24:44 -0800] "GET /?camp-fire%2F110690925.html HTTP/1.1" 500 - "-" "Mozilla/5.0 (compatible; SemrushBot/7~bl; +http://www.semrush.com/bot.html)" "mantech8.com"
185.191.171.24 - - [27/Jan/2023:17:26:20 -0800] "GET /index.php?camp-fire%2F1184072.html HTTP/1.1" 500 - "-" "Mozilla/5.0 (compatible; SemrushBot/7~bl; +http://www.semrush.com/bot.html)" "mantech8.com"
185.191.171.3 - - [27/Jan/2023:17:27:28 -0800] "GET /index.php?camp-fire%2F15435783.html HTTP/1.1" 500 - "-" "Mozilla/5.0 (compatible; SemrushBot/7~bl; +http://www.semrush.com/bot.html)" "mantech8.com"
185.191.171.7 - - [27/Jan/2023:17:28:21 -0800] "GET /index.php?camp-fire%2F80077242.html HTTP/1.1" 500 - "-" "Mozilla/5.0 (compatible; SemrushBot/7~bl; +http://www.semrush.com/bot.html)" "mantech8.com"
185.191.171.37 - - [27/Jan/2023:17:28:53 -0800] "GET /index.php?camp-fire%2F41726238.html HTTP/1.1" 500 - "-" "Mozilla/5.0 (compatible; SemrushBot/7~bl; +http://www.semrush.com/bot.html)" "mantech8.com"
185.191.171.6 - - [27/Jan/2023:17:29:11 -0800] "GET /index.php?camp-fire%2F34724008.html HTTP/1.1" 500 - "-" "Mozilla/5.0 (compatible; SemrushBot/7~bl; +http://www.semrush.com/bot.html)" "mantech8.com"
114.119.160.138 - - [27/Jan/2023:17:29:22 -0800] "GET /bimages/hydrog/thump/ HTTP/1.1" 200 468 "http://www.mantech8.com/bimages/hydrog/?C=D%3BO%3DA" "Mozilla/5.0 (Linux; Android 7.0;) AppleWebKit/537.36 (KHTML, like Gecko) Mobile Safari/537.36 (compatible; PetalBot;+https://webmaster.petalsearch.com/site/petalbot)" "www.mantech8.com"
185.191.171.34 - - [27/Jan/2023:17:29:43 -0800] "GET /index.php?camp-fire%2F41431160.html HTTP/1.1" 500 - "-" "Mozilla/5.0 (compatible; SemrushBot/7~bl; +http://www.semrush.com/bot.html)" "mantech8.com"
185.191.171.4 - - [27/Jan/2023:17:29:45 -0800] "GET /index.php?camp-fire%2F48847802.html HTTP/1.1" 500 - "-" "Mozilla/5.0 (compatible; SemrushBot/7~bl; +http://www.semrush.com/bot.html)" "mantech8.com"
185.191.171.19 - - [27/Jan/2023:17:30:42 -0800] "GET /index.php?camp-fire%2F60613371.html HTTP/1.1" 500 - "-" "Mozilla/5.0 (compatible; SemrushBot/7~bl; +http://www.semrush.com/bot.html)" "mantech8.com"
185.191.171.22 - - [27/Jan/2023:17:31:09 -0800] "GET /index.php?camp-fire%2F33521360.html HTTP/1.1" 500 - "-" "Mozilla/5.0 (compatible; SemrushBot/7~bl; +http://www.semrush.com/bot.html)" "mantech8.com"
185.191.171.23 - - [27/Jan/2023:17:31:18 -0800] "GET /index.php?camp-fire%2F33659293.html HTTP/1.1" 500 - "-" "Mozilla/5.0 (compatible; SemrushBot/7~bl; +http://www.semrush.com/bot.html)" "mantech8.com"
185.191.171.37 - - [27/Jan/2023:17:31:52 -0800] "GET /?camp-fire%2F103850997.html HTTP/1.1" 500 - "-" "Mozilla/5.0 (compatible; SemrushBot/7~bl; +http://www.semrush.com/bot.html)" "mantech8.com"
185.181.60.39 - - [27/Jan/2023:17:32:02 -0800] "GET / HTTP/1.1" 500 - "-" "Mozilla/5.0 (Windows NT 10.0; Win64; x64) AppleWebKit/537.36 (KHTML, like Gecko) Chrome/91.0.4472.114 Safari/537.36 Edg/91.0.864.54" "mantech8.com"
185.191.171.25 - - [27/Jan/2023:17:32:06 -0800] "GET /index.php?camp-fire%2F40384217.html HTTP/1.1" 500 - "-" "Mozilla/5.0 (compatible; SemrushBot/7~bl; +http://www.semrush.com/bot.html)" "mantech8.com"
185.191.171.22 - - [27/Jan/2023:17:33:05 -0800] "GET /index.php?camp-fire%2F54922638.html HTTP/1.1" 500 - "-" "Mozilla/5.0 (compatible; SemrushBot/7~bl; +http://www.semrush.com/bot.html)" "mantech8.com"
185.191.171.41 - - [27/Jan/2023:17:33:54 -0800] "GET /index.php?camp-fire%2F50385476.html HTTP/1.1" 500 - "-" "Mozilla/5.0 (compatible; SemrushBot/7~bl; +http://www.semrush.com/bot.html)" "mantech8.com"
185.191.171.34 - - [27/Jan/2023:17:34:02 -0800] "GET /index.php?camp-fire%2F1262500.html HTTP/1.1" 500 - "-" "Mozilla/5.0 (compatible; SemrushBot/7~bl; +http://www.semrush.com/bot.html)" "mantech8.com"
185.191.171.23 - - [27/Jan/2023:17:34:42 -0800] "GET /index.php?camp-fire%2F43459834.html HTTP/1.1" 500 - "-" "Mozilla/5.0 (compatible; SemrushBot/7~bl; +http://www.semrush.com/bot.html)" "mantech8.com"
