193.42.33.106 - - [26/Jan/2023:11:22:07 -0800] "GET /wp-content/plugins/dzs-zoomsounds/admin/admin.css HTTP/1.1" 404 88 "https://www.google.com/search?" "Mozilla/5.0 (Linux; Android 11; Lenovo YT-J706X) AppleWebKit/537.36 (KHTML, like Gecko) Chrome/107.0.0.0 Safari/537.36" "mantech8.com"
185.191.171.38 - - [26/Jan/2023:11:22:11 -0800] "GET /index.php?camp-fire%2F33749008.html HTTP/1.1" 500 - "-" "Mozilla/5.0 (compatible; SemrushBot/7~bl; +http://www.semrush.com/bot.html)" "mantech8.com"
185.191.171.9 - - [26/Jan/2023:11:22:13 -0800] "GET /index.php?camp-fire%2F93717508.html HTTP/1.1" 500 - "-" "Mozilla/5.0 (compatible; SemrushBot/7~bl; +http://www.semrush.com/bot.html)" "mantech8.com"
207.46.13.82 - - [26/Jan/2023:11:22:17 -0800] "GET /YhFG-f7bc-plVrR.Ii HTTP/1.1" 404 88 "-" "Mozilla/5.0 AppleWebKit/537.36 (KHTML, like Gecko; compatible; bingbot/2.0; +http://www.bing.com/bingbot.htm) Chrome/103.0.5060.134 Safari/537.36" "www.mantech8.com"
193.42.33.106 - - [26/Jan/2023:11:22:23 -0800] "GET /wp-content/plugins/shortcode-addons/readme.txt HTTP/1.1" 404 88 "https://www.google.com/search?" "Mozilla/5.0 (Linux; Android 11; Lenovo YT-J706X) AppleWebKit/537.36 (KHTML, like Gecko) Chrome/107.0.0.0 Safari/537.36" "mantech8.com"
185.191.171.2 - - [26/Jan/2023:11:22:43 -0800] "GET /index.php?camp-fire%2F63187292.html HTTP/1.1" 500 - "-" "Mozilla/5.0 (compatible; SemrushBot/7~bl; +http://www.semrush.com/bot.html)" "mantech8.com"
185.191.171.38 - - [26/Jan/2023:11:22:44 -0800] "GET /index.php?camp-fire%2F1422553.html HTTP/1.1" 500 - "-" "Mozilla/5.0 (compatible; SemrushBot/7~bl; +http://www.semrush.com/bot.html)" "mantech8.com"
185.191.171.44 - - [26/Jan/2023:11:22:55 -0800] "GET /index.php?camp-fire%2F35030125.html HTTP/1.1" 500 - "-" "Mozilla/5.0 (compatible; SemrushBot/7~bl; +http://www.semrush.com/bot.html)" "mantech8.com"
193.42.33.106 - - [26/Jan/2023:11:23:05 -0800] "GET /wp-content/plugins/vc-tabs/readme.txt HTTP/1.1" 404 88 "https://www.google.com/search?" "Mozilla/5.0 (Linux; Android 12; SM-A205U) AppleWebKit/537.36 (KHTML, like Gecko) Chrome/107.0.5304.141 Mobile Safari/537.36" "mantech8.com"
185.191.171.9 - - [26/Jan/2023:11:23:49 -0800] "GET /index.php?camp-fire%2F27182063.html HTTP/1.1" 500 - "-" "Mozilla/5.0 (compatible; SemrushBot/7~bl; +http://www.semrush.com/bot.html)" "mantech8.com"
185.191.171.18 - - [26/Jan/2023:11:24:12 -0800] "GET /index.php?camp-fire%2F36874430.html HTTP/1.1" 500 - "-" "Mozilla/5.0 (compatible; SemrushBot/7~bl; +http://www.semrush.com/bot.html)" "mantech8.com"
193.42.33.106 - - [26/Jan/2023:11:24:37 -0800] "GET /wp-content/plugins/wp-file-manager/readme.txt HTTP/1.1" 404 88 "https://www.google.com/search?" "Mozilla/5.0 (Windows NT 10.0; Win64; x64) AppleWebKit/537.36 (KHTML, like Gecko) Chrome/107.0.0.0 Safari/537.36" "mantech8.com"
185.191.171.34 - - [26/Jan/2023:11:25:31 -0800] "GET /index.php?camp-fire%2F5178985.html HTTP/1.1" 500 - "-" "Mozilla/5.0 (compatible; SemrushBot/7~bl; +http://www.semrush.com/bot.html)" "mantech8.com"
185.191.171.25 - - [26/Jan/2023:11:25:47 -0800] "GET /index.php?camp-fire%2F35408738.html HTTP/1.1" 500 - "-" "Mozilla/5.0 (compatible; SemrushBot/7~bl; +http://www.semrush.com/bot.html)" "mantech8.com"
185.191.171.11 - - [26/Jan/2023:11:25:50 -0800] "GET /robots.txt HTTP/1.1" 200 106 "-" "Mozilla/5.0 (compatible; SemrushBot/7~bl; +http://www.semrush.com/bot.html)" "mantech8.com"
185.191.171.35 - - [26/Jan/2023:11:25:51 -0800] "GET /index.php?camp-fire%2F16354687.html HTTP/1.1" 500 - "-" "Mozilla/5.0 (compatible; SemrushBot/7~bl; +http://www.semrush.com/bot.html)" "mantech8.com"
193.42.33.106 - - [26/Jan/2023:11:25:51 -0800] "GET /wp-content/plugins/masterstudy-lms-learning-management-system/readme.txt HTTP/1.1" 404 88 "https://www.google.com/search?" "Mozilla/5.0 (iPhone; CPU iPhone OS 16_1 like Mac OS X) AppleWebKit/605.1.15 (KHTML, like Gecko) CriOS/107.0.5304.101 Mobile/15E148 Safari/604.1" "mantech8.com"
193.42.33.106 - - [26/Jan/2023:11:26:16 -0800] "GET /wp-content/plugins/mapsvg-lite-interactive-vector-maps/gm_download.php?file=/wp-config.php HTTP/1.1" 404 88 "https://www.google.com/search?" "Mozilla/5.0 (iPhone; CPU iPhone OS 16_1 like Mac OS X) AppleWebKit/605.1.15 (KHTML, like Gecko) CriOS/107.0.5304.101 Mobile/15E148 Safari/604.1" "mantech8.com"
185.191.171.24 - - [26/Jan/2023:11:26:18 -0800] "GET /index.php?camp-fire%2F34867208.html HTTP/1.1" 500 - "-" "Mozilla/5.0 (compatible; SemrushBot/7~bl; +http://www.semrush.com/bot.html)" "mantech8.com"
193.42.33.106 - - [26/Jan/2023:11:26:31 -0800] "GET /wp-content/plugins/mapsvg/gm_download.php?file=/wp-config.php HTTP/1.1" 404 88 "https://www.google.com/search?" "Mozilla/5.0 (Linux; Android 12; SM-A205U) AppleWebKit/537.36 (KHTML, like Gecko) Chrome/107.0.5304.141 Mobile Safari/537.36" "mantech8.com"
185.191.171.9 - - [26/Jan/2023:11:26:54 -0800] "GET /index.php?camp-fire%2F38927664.html HTTP/1.1" 500 - "-" "Mozilla/5.0 (compatible; SemrushBot/7~bl; +http://www.semrush.com/bot.html)" "mantech8.com"
185.191.171.16 - - [26/Jan/2023:11:27:11 -0800] "GET /index.php?camp-fire%2F27136987.html HTTP/1.1" 500 - "-" "Mozilla/5.0 (compatible; SemrushBot/7~bl; +http://www.semrush.com/bot.html)" "mantech8.com"
193.42.33.106 - - [26/Jan/2023:11:27:56 -0800] "GET /wp-admin/admin-ajax.php?action=duplicator_download&file=../wp-config.php HTTP/1.1" 404 88 "https://www.google.com/search?" "Mozilla/5.0 (Linux; Android 12; SM-A205U) AppleWebKit/537.36 (KHTML, like Gecko) Chrome/107.0.5304.141 Mobile Safari/537.36" "mantech8.com"
185.191.171.24 - - [26/Jan/2023:11:29:04 -0800] "GET /index.php?camp-fire%2F33077716.html HTTP/1.1" 500 - "-" "Mozilla/5.0 (compatible; SemrushBot/7~bl; +http://www.semrush.com/bot.html)" "mantech8.com"
193.42.33.106 - - [26/Jan/2023:11:29:42 -0800] "GET /wp-admin/admin-ajax.php?action=revslider_show_image&img=../wp-config.php HTTP/1.1" 404 88 "https://www.google.com/search?" "Mozilla/5.0 (Linux; Android 12; SM-A205U) AppleWebKit/537.36 (KHTML, like Gecko) Chrome/107.0.5304.141 Mobile Safari/537.36" "mantech8.com"
193.42.33.106 - - [26/Jan/2023:11:29:48 -0800] "GET /wp-content/plugins/cherry-plugin/admin/import-export/download-content.php?file=../../../../../wp-config.php HTTP/1.1" 404 88 "https://www.google.com/search?" "Mozilla/5.0 (Macintosh; Intel Mac OS X 13_0_1) AppleWebKit/537.36 (KHTML, like Gecko) Chrome/107.0.0.0 Safari/537.36" "mantech8.com"
193.42.33.106 - - [26/Jan/2023:11:30:08 -0800] "GET /wp-admin/admin-ajax.php?action=handle_downloads&alg_wc_pif_download_file=../../../../../wp-config.php HTTP/1.1" 404 88 "https://www.google.com/search?" "Mozilla/5.0 (Windows NT 10.0; Win64; x64) AppleWebKit/537.36 (KHTML, like Gecko) Chrome/107.0.0.0 Safari/537.36" "mantech8.com"
193.42.33.106 - - [26/Jan/2023:11:30:43 -0800] "GET /wp-content/plugins/wp-ecommerce-shop-styling/includes/download.php?filename=../../../../wp-config.php HTTP/1.1" 404 88 "https://www.google.com/search?" "Mozilla/5.0 (Macintosh; Intel Mac OS X 13_0_1) AppleWebKit/537.36 (KHTML, like Gecko) Chrome/107.0.0.0 Safari/537.36" "mantech8.com"
185.191.171.25 - - [26/Jan/2023:11:30:56 -0800] "GET /index.php?camp-fire%2F41921503.html HTTP/1.1" 500 - "-" "Mozilla/5.0 (compatible; SemrushBot/7~bl; +http://www.semrush.com/bot.html)" "mantech8.com"
185.191.171.26 - - [26/Jan/2023:11:30:58 -0800] "GET /index.php?camp-fire%2F33559093.html HTTP/1.1" 500 - "-" "Mozilla/5.0 (compatible; SemrushBot/7~bl; +http://www.semrush.com/bot.html)" "mantech8.com"
193.42.33.106 - - [26/Jan/2023:11:31:03 -0800] "GET /wp-content/plugins/web-portal-lite-client-portal-secure-file-sharing-private-messaging/includes/libs/pdf/dompdf.php?input_file=../../../../../../wp-config.php HTTP/1.1" 404 88 "https://www.google.com/search?" "Mozilla/5.0 (Windows NT 10.0; Win64; x64) AppleWebKit/537.36 (KHTML, like Gecko) Chrome/107.0.0.0 Safari/537.36" "mantech8.com"
185.191.171.13 - - [26/Jan/2023:11:31:23 -0800] "GET /index.php?camp-fire%2F38183303.html HTTP/1.1" 500 - "-" "Mozilla/5.0 (compatible; SemrushBot/7~bl; +http://www.semrush.com/bot.html)" "mantech8.com"
185.191.171.1 - - [26/Jan/2023:11:31:36 -0800] "GET /index.php?camp-fire%2F76386365.html HTTP/1.1" 500 - "-" "Mozilla/5.0 (compatible; SemrushBot/7~bl; +http://www.semrush.com/bot.html)" "mantech8.com"
185.191.171.44 - - [26/Jan/2023:11:31:38 -0800] "GET /index.php?camp-fire%2F13313185.html HTTP/1.1" 500 - "-" "Mozilla/5.0 (compatible; SemrushBot/7~bl; +http://www.semrush.com/bot.html)" "mantech8.com"
185.191.171.8 - - [26/Jan/2023:11:31:42 -0800] "GET /index.php?camp-fire%2F49539135.html HTTP/1.1" 500 - "-" "Mozilla/5.0 (compatible; SemrushBot/7~bl; +http://www.semrush.com/bot.html)" "mantech8.com"
185.191.171.16 - - [26/Jan/2023:11:32:11 -0800] "GET /index.php?camp-fire%2F15307465.html HTTP/1.1" 500 - "-" "Mozilla/5.0 (compatible; SemrushBot/7~bl; +http://www.semrush.com/bot.html)" "mantech8.com"
193.42.33.106 - - [26/Jan/2023:11:32:29 -0800] "GET /wp-content/plugins/post-pdf-export/dompdf/dompdf.php?input_file=../../../../wp-config.php HTTP/1.1" 404 88 "https://www.google.com/search?" "Mozilla/5.0 (Linux; Android 12; SM-A205U) AppleWebKit/537.36 (KHTML, like Gecko) Chrome/107.0.5304.141 Mobile Safari/537.36" "mantech8.com"
185.191.171.34 - - [26/Jan/2023:11:32:55 -0800] "GET /index.php?camp-fire%2F16235765.html HTTP/1.1" 500 - "-" "Mozilla/5.0 (compatible; SemrushBot/7~bl; +http://www.semrush.com/bot.html)" "mantech8.com"
185.191.171.1 - - [26/Jan/2023:11:32:59 -0800] "GET /index.php?camp-fire%2F54322093.html HTTP/1.1" 500 - "-" "Mozilla/5.0 (compatible; SemrushBot/7~bl; +http://www.semrush.com/bot.html)" "mantech8.com"
185.191.171.2 - - [26/Jan/2023:11:34:22 -0800] "GET /index.php?camp-fire%2F33210325.html HTTP/1.1" 500 - "-" "Mozilla/5.0 (compatible; SemrushBot/7~bl; +http://www.semrush.com/bot.html)" "mantech8.com"
193.42.33.106 - - [26/Jan/2023:11:35:19 -0800] "GET /wp-content/plugins/tatsu/changelog.md HTTP/1.1" 404 88 "https://www.google.com/search?" "Mozilla/5.0 (Linux; Android 11; ONEPLUS A6013) AppleWebKit/537.36 (KHTML, like Gecko) Chrome/107.0.0.0 Mobile Safari/537.36" "mantech8.com"
114.119.158.137 - - [26/Jan/2023:11:35:42 -0800] "GET /index.php?sitemap46291.xml HTTP/1.1" 200 289554 "-" "Mozilla/5.0 (Linux; Android 7.0;) AppleWebKit/537.36 (KHTML, like Gecko) Mobile Safari/537.36 (compatible; PetalBot;+https://webmaster.petalsearch.com/site/petalbot)" "mantech8.com"
185.191.171.43 - - [26/Jan/2023:11:35:52 -0800] "GET /index.php?camp-fire%2F8479742.html HTTP/1.1" 500 - "-" "Mozilla/5.0 (compatible; SemrushBot/7~bl; +http://www.semrush.com/bot.html)" "mantech8.com"
114.119.141.34 - - [26/Jan/2023:11:36:52 -0800] "GET /index.php?sitemap2.xml HTTP/1.1" 200 289366 "-" "Mozilla/5.0 (Linux; Android 7.0;) AppleWebKit/537.36 (KHTML, like Gecko) Mobile Safari/537.36 (compatible; PetalBot;+https://webmaster.petalsearch.com/site/petalbot)" "mantech8.com"
185.191.171.1 - - [26/Jan/2023:11:36:59 -0800] "GET /index.php?camp-fire%2F37177159.html HTTP/1.1" 500 - "-" "Mozilla/5.0 (compatible; SemrushBot/7~bl; +http://www.semrush.com/bot.html)" "mantech8.com"
185.191.171.15 - - [26/Jan/2023:11:37:10 -0800] "GET /index.php?camp-fire%2F52588847.html HTTP/1.1" 500 - "-" "Mozilla/5.0 (compatible; SemrushBot/7~bl; +http://www.semrush.com/bot.html)" "mantech8.com"
193.42.33.106 - - [26/Jan/2023:11:37:11 -0800] "GET /wp-content/plugins/udraw/readme.txt HTTP/1.1" 404 88 "https://www.google.com/search?" "Mozilla/5.0 (iPhone; CPU iPhone OS 16_1 like Mac OS X) AppleWebKit/605.1.15 (KHTML, like Gecko) CriOS/107.0.5304.101 Mobile/15E148 Safari/604.1" "mantech8.com"
185.191.171.24 - - [26/Jan/2023:11:38:04 -0800] "GET /index.php?camp-fire%2F93209357.html HTTP/1.1" 500 - "-" "Mozilla/5.0 (compatible; SemrushBot/7~bl; +http://www.semrush.com/bot.html)" "mantech8.com"
193.42.33.106 - - [26/Jan/2023:11:38:06 -0800] "GET /wp-content/plugins/woo-product-table/readme.txt HTTP/1.1" 404 88 "https://www.google.com/search?" "Mozilla/5.0 (iPhone; CPU iPhone OS 16_1 like Mac OS X) AppleWebKit/605.1.15 (KHTML, like Gecko) CriOS/107.0.5304.101 Mobile/15E148 Safari/604.1" "mantech8.com"
114.119.151.208 - - [26/Jan/2023:11:38:05 -0800] "GET /bimages/gallery/thump/File.php HTTP/1.1" 200 - "http://www.mantech8.com/bimages/gallery/thump/" "Mozilla/5.0 (Linux; Android 7.0;) AppleWebKit/537.36 (KHTML, like Gecko) Mobile Safari/537.36 (compatible; PetalBot;+https://webmaster.petalsearch.com/site/petalbot)" "www.mantech8.com"
185.191.171.42 - - [26/Jan/2023:11:38:10 -0800] "GET /index.php?camp-fire%2F37269178.html HTTP/1.1" 500 - "-" "Mozilla/5.0 (compatible; SemrushBot/7~bl; +http://www.semrush.com/bot.html)" "mantech8.com"
185.191.171.45 - - [26/Jan/2023:11:38:45 -0800] "GET /index.php?camp-fire%2F4524500.html HTTP/1.1" 500 - "-" "Mozilla/5.0 (compatible; SemrushBot/7~bl; +http://www.semrush.com/bot.html)" "mantech8.com"
185.191.171.40 - - [26/Jan/2023:11:38:51 -0800] "GET /index.php?camp-fire%2F55354060.html HTTP/1.1" 500 - "-" "Mozilla/5.0 (compatible; SemrushBot/7~bl; +http://www.semrush.com/bot.html)" "mantech8.com"
193.42.33.106 - - [26/Jan/2023:11:38:54 -0800] "GET /wp-content/plugins/wpcargo/readme.txt HTTP/1.1" 404 88 "https://www.google.com/search?" "Mozilla/5.0 (Linux; Android 11; Lenovo YT-J706X) AppleWebKit/537.36 (KHTML, like Gecko) Chrome/107.0.0.0 Safari/537.36" "mantech8.com"
185.191.171.44 - - [26/Jan/2023:11:39:03 -0800] "GET /index.php?camp-fire%2F51956459.html HTTP/1.1" 500 - "-" "Mozilla/5.0 (compatible; SemrushBot/7~bl; +http://www.semrush.com/bot.html)" "mantech8.com"
185.191.171.7 - - [26/Jan/2023:11:39:12 -0800] "GET /index.php?camp-fire%2F2454390.html HTTP/1.1" 500 - "-" "Mozilla/5.0 (compatible; SemrushBot/7~bl; +http://www.semrush.com/bot.html)" "mantech8.com"
185.191.171.16 - - [26/Jan/2023:11:39:29 -0800] "GET /index.php?camp-fire%2F90284585.html HTTP/1.1" 500 - "-" "Mozilla/5.0 (compatible; SemrushBot/7~bl; +http://www.semrush.com/bot.html)" "mantech8.com"
114.119.135.30 - - [26/Jan/2023:11:39:31 -0800] "GET /bimages/ework/nwknstkjnx.php HTTP/1.1" 200 32 "http://www.mantech8.com/bimages/ework/?C=N%3BO%3DD" "Mozilla/5.0 (Linux; Android 7.0;) AppleWebKit/537.36 (KHTML, like Gecko) Mobile Safari/537.36 (compatible; PetalBot;+https://webmaster.petalsearch.com/site/petalbot)" "www.mantech8.com"
185.191.171.26 - - [26/Jan/2023:11:39:47 -0800] "GET /index.php?camp-fire%2F12230209.html HTTP/1.1" 500 - "-" "Mozilla/5.0 (compatible; SemrushBot/7~bl; +http://www.semrush.com/bot.html)" "mantech8.com"
185.191.171.14 - - [26/Jan/2023:11:40:02 -0800] "GET /index.php?camp-fire%2F36918038.html HTTP/1.1" 500 - "-" "Mozilla/5.0 (compatible; SemrushBot/7~bl; +http://www.semrush.com/bot.html)" "mantech8.com"
193.42.33.106 - - [26/Jan/2023:11:40:05 -0800] "GET /wp-content/plugins/nd-learning/readme.txt HTTP/1.1" 404 88 "https://www.google.com/search?" "Mozilla/5.0 (Linux; Android 11; Lenovo YT-J706X) AppleWebKit/537.36 (KHTML, like Gecko) Chrome/107.0.0.0 Safari/537.36" "mantech8.com"
193.42.33.106 - - [26/Jan/2023:11:40:11 -0800] "GET /wp-content/plugins/nd-shortcodes/readme.txt HTTP/1.1" 404 88 "https://www.google.com/search?" "Mozilla/5.0 (Linux; Android 11; ONEPLUS A6013) AppleWebKit/537.36 (KHTML, like Gecko) Chrome/107.0.0.0 Mobile Safari/537.36" "mantech8.com"
114.119.139.8 - - [26/Jan/2023:11:40:47 -0800] "GET /index.php?sitemap4.xml HTTP/1.1" 200 289330 "-" "Mozilla/5.0 (Linux; Android 7.0;) AppleWebKit/537.36 (KHTML, like Gecko) Mobile Safari/537.36 (compatible; PetalBot;+https://webmaster.petalsearch.com/site/petalbot)" "mantech8.com"
185.191.171.26 - - [26/Jan/2023:11:40:55 -0800] "GET /index.php?camp-fire%2F41576525.html HTTP/1.1" 500 - "-" "Mozilla/5.0 (compatible; SemrushBot/7~bl; +http://www.semrush.com/bot.html)" "mantech8.com"
193.42.33.106 - - [26/Jan/2023:11:40:57 -0800] "GET /wp-content/plugins/nd-booking/readme.txt HTTP/1.1" 404 88 "https://www.google.com/search?" "Mozilla/5.0 (Linux; Android 11; Lenovo YT-J706X) AppleWebKit/537.36 (KHTML, like Gecko) Chrome/107.0.0.0 Safari/537.36" "mantech8.com"
185.191.171.9 - - [26/Jan/2023:11:41:28 -0800] "GET /?camp-fire%2F36080859.html HTTP/1.1" 500 - "-" "Mozilla/5.0 (compatible; SemrushBot/7~bl; +http://www.semrush.com/bot.html)" "mantech8.com"
193.42.33.106 - - [26/Jan/2023:11:41:38 -0800] "GET /wp-content/plugins/nd-donations/readme.txt HTTP/1.1" 404 88 "https://www.google.com/search?" "Mozilla/5.0 (Linux; Android 11; Lenovo YT-J706X) AppleWebKit/537.36 (KHTML, like Gecko) Chrome/107.0.0.0 Safari/537.36" "mantech8.com"
185.191.171.43 - - [26/Jan/2023:11:42:05 -0800] "GET /index.php?camp-fire%2F54400549.html HTTP/1.1" 500 - "-" "Mozilla/5.0 (compatible; SemrushBot/7~bl; +http://www.semrush.com/bot.html)" "mantech8.com"
114.119.148.88 - - [26/Jan/2023:11:42:06 -0800] "GET /bimages/gallery/alfacgiapi/bash.alfa HTTP/1.1" 200 1555 "http://mantech8.com/bimages/gallery/alfacgiapi/" "Mozilla/5.0 (Linux; Android 7.0;) AppleWebKit/537.36 (KHTML, like Gecko) Mobile Safari/537.36 (compatible; PetalBot;+https://webmaster.petalsearch.com/site/petalbot)" "mantech8.com"
193.42.33.106 - - [26/Jan/2023:11:42:18 -0800] "GET /wp-content/plugins/nd-restaurant-reservations/readme.txt HTTP/1.1" 404 88 "https://www.google.com/search?" "Mozilla/5.0 (Linux; Android 12; SM-A205U) AppleWebKit/537.36 (KHTML, like Gecko) Chrome/107.0.5304.141 Mobile Safari/537.36" "mantech8.com"
193.42.33.106 - - [26/Jan/2023:11:43:10 -0800] "GET /wp-content/plugins/sitemap-by-click5/readme.txt HTTP/1.1" 404 88 "https://www.google.com/search?" "Mozilla/5.0 (Linux; Android 12; SM-A205U) AppleWebKit/537.36 (KHTML, like Gecko) Chrome/107.0.5304.141 Mobile Safari/537.36" "mantech8.com"
185.191.171.9 - - [26/Jan/2023:11:43:23 -0800] "GET /index.php?camp-fire%2F19351680.html HTTP/1.1" 500 - "-" "Mozilla/5.0 (compatible; SemrushBot/7~bl; +http://www.semrush.com/bot.html)" "mantech8.com"
185.191.171.16 - - [26/Jan/2023:11:43:47 -0800] "GET /index.php?camp-fire%2F1341459.html HTTP/1.1" 500 - "-" "Mozilla/5.0 (compatible; SemrushBot/7~bl; +http://www.semrush.com/bot.html)" "mantech8.com"
185.191.171.25 - - [26/Jan/2023:11:43:57 -0800] "GET /index.php?camp-fire%2F50220470.html HTTP/1.1" 500 - "-" "Mozilla/5.0 (compatible; SemrushBot/7~bl; +http://www.semrush.com/bot.html)" "mantech8.com"
193.42.33.106 - - [26/Jan/2023:11:44:24 -0800] "GET /wp-content/plugins/wp-user-avatar/changelog.txt HTTP/1.1" 404 88 "https://www.google.com/search?" "Mozilla/5.0 (Macintosh; Intel Mac OS X 13_0_1) AppleWebKit/537.36 (KHTML, like Gecko) Chrome/107.0.0.0 Safari/537.36" "mantech8.com"
185.191.171.43 - - [26/Jan/2023:11:45:00 -0800] "GET /index.php?camp-fire%2F44387751.html HTTP/1.1" 500 - "-" "Mozilla/5.0 (compatible; SemrushBot/7~bl; +http://www.semrush.com/bot.html)" "mantech8.com"
185.191.171.40 - - [26/Jan/2023:11:45:15 -0800] "GET /index.php?camp-fire%2F36226250.html HTTP/1.1" 500 - "-" "Mozilla/5.0 (compatible; SemrushBot/7~bl; +http://www.semrush.com/bot.html)" "mantech8.com"
193.42.33.106 - - [26/Jan/2023:11:46:36 -0800] "GET / HTTP/1.1" 500 - "https://www.google.com/search?" "Mozilla/5.0 (iPhone; CPU iPhone OS 16_1 like Mac OS X) AppleWebKit/605.1.15 (KHTML, like Gecko) CriOS/107.0.5304.101 Mobile/15E148 Safari/604.1" "mantech8.com"
193.42.33.106 - - [26/Jan/2023:11:46:54 -0800] "GET /wp-content/plugins/quiz-master-next/readme.txt HTTP/1.1" 404 88 "https://www.google.com/search?" "Mozilla/5.0 (Linux; Android 12; SM-A205U) AppleWebKit/537.36 (KHTML, like Gecko) Chrome/107.0.5304.141 Mobile Safari/537.36" "mantech8.com"
193.42.33.106 - - [26/Jan/2023:11:47:07 -0800] "GET /wp-content/plugins/wp-live-chat-support-pro/css/wplc_styles_pro.css HTTP/1.1" 404 88 "https://www.google.com/search?" "Mozilla/5.0 (Macintosh; Intel Mac OS X 13_0_1) AppleWebKit/537.36 (KHTML, like Gecko) Chrome/107.0.0.0 Safari/537.36" "mantech8.com"
185.191.171.7 - - [26/Jan/2023:11:47:40 -0800] "GET /index.php?camp-fire%2F61995335.html HTTP/1.1" 500 - "-" "Mozilla/5.0 (compatible; SemrushBot/7~bl; +http://www.semrush.com/bot.html)" "mantech8.com"
185.191.171.21 - - [26/Jan/2023:11:47:51 -0800] "GET /index.php?camp-fire%2F48499241.html HTTP/1.1" 500 - "-" "Mozilla/5.0 (compatible; SemrushBot/7~bl; +http://www.semrush.com/bot.html)" "mantech8.com"
185.191.171.45 - - [26/Jan/2023:11:47:55 -0800] "GET /bimages/gallery/bxrgzztdpj.php HTTP/1.1" 200 32 "-" "Mozilla/5.0 (compatible; SemrushBot/7~bl; +http://www.semrush.com/bot.html)" "mantech8.com"
185.191.171.25 - - [26/Jan/2023:11:47:59 -0800] "GET /index.php?camp-fire%2F3915074.html HTTP/1.1" 500 - "-" "Mozilla/5.0 (compatible; SemrushBot/7~bl; +http://www.semrush.com/bot.html)" "mantech8.com"
193.42.33.106 - - [26/Jan/2023:11:48:17 -0800] "GET /wp-content/plugins/armember-membership/readme.txt HTTP/1.1" 404 88 "https://www.google.com/search?" "Mozilla/5.0 (Macintosh; Intel Mac OS X 13_0_1) AppleWebKit/537.36 (KHTML, like Gecko) Chrome/107.0.0.0 Safari/537.36" "mantech8.com"
185.191.171.26 - - [26/Jan/2023:11:48:20 -0800] "GET /index.php?camp-fire%2F31390500.html HTTP/1.1" 500 - "-" "Mozilla/5.0 (compatible; SemrushBot/7~bl; +http://www.semrush.com/bot.html)" "mantech8.com"
185.191.171.6 - - [26/Jan/2023:11:48:45 -0800] "GET /index.php?camp-fire%2F4338196.html HTTP/1.1" 500 - "-" "Mozilla/5.0 (compatible; SemrushBot/7~bl; +http://www.semrush.com/bot.html)" "mantech8.com"
193.42.33.106 - - [26/Jan/2023:11:48:47 -0800] "GET /wp-content/plugins/ninja-forms/readme.txt HTTP/1.1" 404 88 "https://www.google.com/search?" "Mozilla/5.0 (Linux; Android 12; SM-A205U) AppleWebKit/537.36 (KHTML, like Gecko) Chrome/107.0.5304.141 Mobile Safari/537.36" "mantech8.com"
146.70.112.140 - - [26/Jan/2023:11:49:14 -0800] "GET /contact.php HTTP/1.1" 200 29238 "http://mantech8.com/contact.php" "Mozilla/5.0 (Windows NT 6.1) AppleWebKit/537.36 (KHTML, like Gecko) Chrome/90.0.4430.85 Safari/537.36" "mantech8.com"
146.70.112.140 - - [26/Jan/2023:11:49:15 -0800] "GET /verificationimage.php?3061 HTTP/1.1" 200 1307 "http://mantech8.com/contact.php" "Mozilla/5.0 (Windows NT 6.1) AppleWebKit/537.36 (KHTML, like Gecko) Chrome/90.0.4430.85 Safari/537.36" "mantech8.com"
146.70.112.140 - - [26/Jan/2023:11:49:16 -0800] "POST /mailer.php HTTP/1.1" 500 - "http://mantech8.com/contact.php" "Mozilla/5.0 (Windows NT 6.1) AppleWebKit/537.36 (KHTML, like Gecko) Chrome/90.0.4430.85 Safari/537.36" "mantech8.com"
185.191.171.41 - - [26/Jan/2023:11:49:23 -0800] "GET /index.php?camp-fire%2F7616408.html HTTP/1.1" 500 - "-" "Mozilla/5.0 (compatible; SemrushBot/7~bl; +http://www.semrush.com/bot.html)" "mantech8.com"
185.191.171.37 - - [26/Jan/2023:11:49:25 -0800] "GET /index.php?camp-fire%2F80076442.html HTTP/1.1" 500 - "-" "Mozilla/5.0 (compatible; SemrushBot/7~bl; +http://www.semrush.com/bot.html)" "mantech8.com"
193.42.33.106 - - [26/Jan/2023:11:49:58 -0800] "GET /wp-content/plugins/ultimate-member/readme.txt HTTP/1.1" 404 88 "https://www.google.com/search?" "Mozilla/5.0 (Linux; Android 12; SM-A205U) AppleWebKit/537.36 (KHTML, like Gecko) Chrome/107.0.5304.141 Mobile Safari/537.36" "mantech8.com"
193.42.33.106 - - [26/Jan/2023:11:50:10 -0800] "GET /wp-content/plugins/wpgateway/css/style.css HTTP/1.1" 404 88 "https://www.google.com/search?" "Mozilla/5.0 (Linux; Android 12; SM-A205U) AppleWebKit/537.36 (KHTML, like Gecko) Chrome/107.0.5304.141 Mobile Safari/537.36" "mantech8.com"
185.191.171.14 - - [26/Jan/2023:11:50:10 -0800] "GET /index.php?camp-fire%2F12231209.html HTTP/1.1" 500 - "-" "Mozilla/5.0 (compatible; SemrushBot/7~bl; +http://www.semrush.com/bot.html)" "mantech8.com"
185.191.171.4 - - [26/Jan/2023:11:50:51 -0800] "GET /index.php?camp-fire%2F36705071.html HTTP/1.1" 500 - "-" "Mozilla/5.0 (compatible; SemrushBot/7~bl; +http://www.semrush.com/bot.html)" "mantech8.com"
114.119.165.5 - - [26/Jan/2023:11:50:53 -0800] "GET /bimages/scafg/thump/ HTTP/1.1" 200 535 "http://mantech8.com/bimages/scafg/?C=D%3BO%3DA" "Mozilla/5.0 (Linux; Android 7.0;) AppleWebKit/537.36 (KHTML, like Gecko) Mobile Safari/537.36 (compatible; PetalBot;+https://webmaster.petalsearch.com/site/petalbot)" "mantech8.com"
193.42.33.106 - - [26/Jan/2023:11:51:27 -0800] "GET /wp-content/themes/workreap/style.css HTTP/1.1" 404 88 "https://www.google.com/search?" "Mozilla/5.0 (Linux; Android 12; SM-A205U) AppleWebKit/537.36 (KHTML, like Gecko) Chrome/107.0.5304.141 Mobile Safari/537.36" "mantech8.com"
185.191.171.12 - - [26/Jan/2023:11:51:52 -0800] "GET /index.php?camp-fire%2F49539725.html HTTP/1.1" 500 - "-" "Mozilla/5.0 (compatible; SemrushBot/7~bl; +http://www.semrush.com/bot.html)" "mantech8.com"
114.119.150.239 - - [26/Jan/2023:11:52:08 -0800] "GET /bimages/himage/?C=N%3BO%3DD HTTP/1.1" 200 443 "http://mantech8.com/bimages/himage/?C=D%3BO%3DA" "Mozilla/5.0 (Linux; Android 7.0;) AppleWebKit/537.36 (KHTML, like Gecko) Mobile Safari/537.36 (compatible; PetalBot;+https://webmaster.petalsearch.com/site/petalbot)" "mantech8.com"
193.42.33.106 - - [26/Jan/2023:11:52:11 -0800] "GET /wp-content/plugins/scripts-organizer/plugins/meta-box/readme.txt HTTP/1.1" 404 88 "https://www.google.com/search?" "Mozilla/5.0 (Linux; Android 11; ONEPLUS A6013) AppleWebKit/537.36 (KHTML, like Gecko) Chrome/107.0.0.0 Mobile Safari/537.36" "mantech8.com"
185.191.171.19 - - [26/Jan/2023:11:52:13 -0800] "GET /index.php?camp-fire%2F52252038.html HTTP/1.1" 500 - "-" "Mozilla/5.0 (compatible; SemrushBot/7~bl; +http://www.semrush.com/bot.html)" "mantech8.com"
185.191.171.20 - - [26/Jan/2023:11:53:01 -0800] "GET /index.php?camp-fire%2F63047290.html HTTP/1.1" 500 - "-" "Mozilla/5.0 (compatible; SemrushBot/7~bl; +http://www.semrush.com/bot.html)" "mantech8.com"
185.191.171.3 - - [26/Jan/2023:11:53:06 -0800] "GET /index.php?camp-fire%2F91308332.html HTTP/1.1" 500 - "-" "Mozilla/5.0 (compatible; SemrushBot/7~bl; +http://www.semrush.com/bot.html)" "mantech8.com"
114.119.140.217 - - [26/Jan/2023:11:53:28 -0800] "GET /index.php/sitemap5.xml HTTP/1.1" 200 289392 "-" "Mozilla/5.0 (Linux; Android 7.0;) AppleWebKit/537.36 (KHTML, like Gecko) Mobile Safari/537.36 (compatible; PetalBot;+https://webmaster.petalsearch.com/site/petalbot)" "mantech8.com"
193.42.33.106 - - [26/Jan/2023:11:53:31 -0800] "GET /wp-content/plugins/alphabetic-pagination/readme.txt HTTP/1.1" 404 88 "https://www.google.com/search?" "Mozilla/5.0 (Windows NT 10.0; Win64; x64) AppleWebKit/537.36 (KHTML, like Gecko) Chrome/107.0.0.0 Safari/537.36" "mantech8.com"
185.191.171.3 - - [26/Jan/2023:11:53:37 -0800] "GET /index.php?camp-fire%2F12001276.html HTTP/1.1" 500 - "-" "Mozilla/5.0 (compatible; SemrushBot/7~bl; +http://www.semrush.com/bot.html)" "mantech8.com"
193.42.33.106 - - [26/Jan/2023:11:53:52 -0800] "GET /wp-content/plugins/all-in-one-video-gallery/readme.txt HTTP/1.1" 404 88 "https://www.google.com/search?" "Mozilla/5.0 (Macintosh; Intel Mac OS X 13_0_1) AppleWebKit/537.36 (KHTML, like Gecko) Chrome/107.0.0.0 Safari/537.36" "mantech8.com"
193.42.33.106 - - [26/Jan/2023:11:54:38 -0800] "GET /wp-content/plugins/directorist/readme.txt HTTP/1.1" 404 88 "https://www.google.com/search?" "Mozilla/5.0 (iPhone; CPU iPhone OS 16_1 like Mac OS X) AppleWebKit/605.1.15 (KHTML, like Gecko) CriOS/107.0.5304.101 Mobile/15E148 Safari/604.1" "mantech8.com"
185.191.171.4 - - [26/Jan/2023:11:54:38 -0800] "GET /index.php?camp-fire%2F14844287.html HTTP/1.1" 500 - "-" "Mozilla/5.0 (compatible; SemrushBot/7~bl; +http://www.semrush.com/bot.html)" "mantech8.com"
114.119.158.203 - - [26/Jan/2023:11:54:41 -0800] "GET /bimages/gallery/thump/?C=D%3BO%3DA HTTP/1.1" 200 1142 "http://mantech8.com/bimages/gallery/thump/" "Mozilla/5.0 (Linux; Android 7.0;) AppleWebKit/537.36 (KHTML, like Gecko) Mobile Safari/537.36 (compatible; PetalBot;+https://webmaster.petalsearch.com/site/petalbot)" "mantech8.com"
185.191.171.23 - - [26/Jan/2023:11:54:45 -0800] "GET /index.php?camp-fire%2F35730338.html HTTP/1.1" 500 - "-" "Mozilla/5.0 (compatible; SemrushBot/7~bl; +http://www.semrush.com/bot.html)" "mantech8.com"
193.42.33.106 - - [26/Jan/2023:11:54:46 -0800] "GET /wp-content/plugins/simply-schedule-appointments/readme.txt HTTP/1.1" 404 88 "https://www.google.com/search?" "Mozilla/5.0 (iPhone; CPU iPhone OS 16_1 like Mac OS X) AppleWebKit/605.1.15 (KHTML, like Gecko) CriOS/107.0.5304.101 Mobile/15E148 Safari/604.1" "mantech8.com"
37.46.115.206 - - [26/Jan/2023:11:55:36 -0800] "GET /XxX.php HTTP/1.1" 404 88 "-" "python-requests/2.27.1" "mantech8.com"
165.231.103.37 - - [26/Jan/2023:11:55:36 -0800] "GET /contact.php HTTP/1.1" 200 29238 "http://mantech8.com/" "Mozilla/5.0 (Macintosh; Intel Mac OS X 12.5; rv:102.0) Gecko/20100101 Firefox/102.0" "mantech8.com"
185.191.171.4 - - [26/Jan/2023:11:56:18 -0800] "GET /index.php?camp-fire%2F49282449.html HTTP/1.1" 500 - "-" "Mozilla/5.0 (compatible; SemrushBot/7~bl; +http://www.semrush.com/bot.html)" "mantech8.com"
193.42.33.106 - - [26/Jan/2023:11:56:26 -0800] "GET /wp-content/themes/greyd_suite/style.css HTTP/1.1" 404 88 "https://www.google.com/search?" "Mozilla/5.0 (Linux; Android 11; ONEPLUS A6013) AppleWebKit/537.36 (KHTML, like Gecko) Chrome/107.0.0.0 Mobile Safari/537.36" "mantech8.com"
185.191.171.4 - - [26/Jan/2023:11:56:29 -0800] "GET /index.php?camp-fire%2F27120763.html HTTP/1.1" 500 - "-" "Mozilla/5.0 (compatible; SemrushBot/7~bl; +http://www.semrush.com/bot.html)" "mantech8.com"
193.42.33.106 - - [26/Jan/2023:11:56:45 -0800] "GET /wp-content/themes/listingo/js/listingo_callbacks.js HTTP/1.1" 404 88 "https://www.google.com/search?" "Mozilla/5.0 (Linux; Android 11; Lenovo YT-J706X) AppleWebKit/537.36 (KHTML, like Gecko) Chrome/107.0.0.0 Safari/537.36" "mantech8.com"
185.191.171.39 - - [26/Jan/2023:11:56:46 -0800] "GET /index.php?camp-fire%2F57229377.html HTTP/1.1" 500 - "-" "Mozilla/5.0 (compatible; SemrushBot/7~bl; +http://www.semrush.com/bot.html)" "mantech8.com"
193.42.33.106 - - [26/Jan/2023:11:56:56 -0800] "GET /wp-content/themes/listingo/readme.txt HTTP/1.1" 404 88 "https://www.google.com/search?" "Mozilla/5.0 (Linux; Android 11; Lenovo YT-J706X) AppleWebKit/537.36 (KHTML, like Gecko) Chrome/107.0.0.0 Safari/537.36" "mantech8.com"
193.42.33.106 - - [26/Jan/2023:11:57:09 -0800] "GET /wp-content/plugins/jobboardwp/readme.txt HTTP/1.1" 404 88 "https://www.google.com/search?" "Mozilla/5.0 (Linux; Android 11; Lenovo YT-J706X) AppleWebKit/537.36 (KHTML, like Gecko) Chrome/107.0.0.0 Safari/537.36" "mantech8.com"
193.42.33.106 - - [26/Jan/2023:11:57:16 -0800] "GET /wp-content/plugins/armember/documentation/index.html HTTP/1.1" 404 88 "https://www.google.com/search?" "Mozilla/5.0 (Linux; Android 11; Lenovo YT-J706X) AppleWebKit/537.36 (KHTML, like Gecko) Chrome/107.0.0.0 Safari/537.36" "mantech8.com"
193.42.33.106 - - [26/Jan/2023:11:57:32 -0800] "GET /wp-content/plugins/armember/js/arm_widgets_js.js HTTP/1.1" 404 88 "https://www.google.com/search?" "Mozilla/5.0 (Linux; Android 11; Lenovo YT-J706X) AppleWebKit/537.36 (KHTML, like Gecko) Chrome/107.0.0.0 Safari/537.36" "mantech8.com"
185.191.171.40 - - [26/Jan/2023:11:57:36 -0800] "GET /index.php?camp-fire%2F98006676.html HTTP/1.1" 500 - "-" "Mozilla/5.0 (compatible; SemrushBot/7~bl; +http://www.semrush.com/bot.html)" "mantech8.com"
193.42.33.106 - - [26/Jan/2023:11:58:23 -0800] "GET /wp-content/plugins/woo-refund-and-exchange-lite/readme.txt HTTP/1.1" 404 88 "https://www.google.com/search?" "Mozilla/5.0 (Linux; Android 11; Lenovo YT-J706X) AppleWebKit/537.36 (KHTML, like Gecko) Chrome/107.0.0.0 Safari/537.36" "mantech8.com"
185.191.171.26 - - [26/Jan/2023:11:58:33 -0800] "GET /index.php?camp-fire%2F29747464.html HTTP/1.1" 500 - "-" "Mozilla/5.0 (compatible; SemrushBot/7~bl; +http://www.semrush.com/bot.html)" "mantech8.com"
193.42.33.106 - - [26/Jan/2023:11:58:49 -0800] "GET /wp-content/plugins/usc-e-shop/functions/content-log.php?logfile=./../../../../wp-config.php HTTP/1.1" 404 88 "https://www.google.com/search?" "Mozilla/5.0 (Linux; Android 12; SM-A205U) AppleWebKit/537.36 (KHTML, like Gecko) Chrome/107.0.5304.141 Mobile Safari/537.36" "mantech8.com"
193.42.33.106 - - [26/Jan/2023:11:59:06 -0800] "GET /wp-content/plugins/booking-calendar/readme.txt HTTP/1.1" 404 88 "https://www.google.com/search?" "Mozilla/5.0 (Linux; Android 12; SM-A205U) AppleWebKit/537.36 (KHTML, like Gecko) Chrome/107.0.5304.141 Mobile Safari/537.36" "mantech8.com"
114.119.135.174 - - [26/Jan/2023:11:59:09 -0800] "GET /bimages/certificate/thump/?C=N%3BO%3DD HTTP/1.1" 200 637 "http://www.mantech8.com/bimages/certificate/thump/" "Mozilla/5.0 (Linux; Android 7.0;) AppleWebKit/537.36 (KHTML, like Gecko) Mobile Safari/537.36 (compatible; PetalBot;+https://webmaster.petalsearch.com/site/petalbot)" "www.mantech8.com"
185.191.171.21 - - [26/Jan/2023:11:59:13 -0800] "GET /index.php?camp-fire%2F55330870.html HTTP/1.1" 500 - "-" "Mozilla/5.0 (compatible; SemrushBot/7~bl; +http://www.semrush.com/bot.html)" "mantech8.com"
185.191.171.39 - - [26/Jan/2023:11:59:14 -0800] "GET /index.php?camp-fire%2F54257188.html HTTP/1.1" 500 - "-" "Mozilla/5.0 (compatible; SemrushBot/7~bl; +http://www.semrush.com/bot.html)" "mantech8.com"
185.191.171.35 - - [26/Jan/2023:12:00:02 -0800] "GET /index.php?camp-fire%2F34239416.html HTTP/1.1" 500 - "-" "Mozilla/5.0 (compatible; SemrushBot/7~bl; +http://www.semrush.com/bot.html)" "mantech8.com"
185.191.171.38 - - [26/Jan/2023:12:00:05 -0800] "GET /index.php?camp-fire%2F42108678.html HTTP/1.1" 500 - "-" "Mozilla/5.0 (compatible; SemrushBot/7~bl; +http://www.semrush.com/bot.html)" "mantech8.com"
193.42.33.106 - - [26/Jan/2023:12:00:30 -0800] "GET /wp-content/plugins/user-verification/readme.txt HTTP/1.1" 404 88 "https://www.google.com/search?" "Mozilla/5.0 (Linux; Android 12; SM-A205U) AppleWebKit/537.36 (KHTML, like Gecko) Chrome/107.0.5304.141 Mobile Safari/537.36" "mantech8.com"
185.191.171.41 - - [26/Jan/2023:12:01:20 -0800] "GET /index.php?camp-fire%2F39776341.html HTTP/1.1" 500 - "-" "Mozilla/5.0 (compatible; SemrushBot/7~bl; +http://www.semrush.com/bot.html)" "mantech8.com"
185.191.171.38 - - [26/Jan/2023:12:01:31 -0800] "GET /index.php?camp-fire%2F35588780.html HTTP/1.1" 500 - "-" "Mozilla/5.0 (compatible; SemrushBot/7~bl; +http://www.semrush.com/bot.html)" "mantech8.com"
185.191.171.9 - - [26/Jan/2023:12:01:59 -0800] "GET /index.php?camp-fire%2F33866616.html HTTP/1.1" 500 - "-" "Mozilla/5.0 (compatible; SemrushBot/7~bl; +http://www.semrush.com/bot.html)" "mantech8.com"
185.191.171.37 - - [26/Jan/2023:12:02:25 -0800] "GET /index.php?camp-fire%2F39810135.html HTTP/1.1" 500 - "-" "Mozilla/5.0 (compatible; SemrushBot/7~bl; +http://www.semrush.com/bot.html)" "mantech8.com"
193.42.33.106 - - [26/Jan/2023:12:02:48 -0800] "GET /wp-content/plugins/wp-upg/readme.txt HTTP/1.1" 404 88 "https://www.google.com/search?" "Mozilla/5.0 (Linux; Android 11; ONEPLUS A6013) AppleWebKit/537.36 (KHTML, like Gecko) Chrome/107.0.0.0 Mobile Safari/537.36" "mantech8.com"
193.42.33.106 - - [26/Jan/2023:12:03:14 -0800] "GET /wp-content/plugins/membership-for-woocommerce/readme.txt HTTP/1.1" 404 88 "https://www.google.com/search?" "Mozilla/5.0 (Linux; Android 11; ONEPLUS A6013) AppleWebKit/537.36 (KHTML, like Gecko) Chrome/107.0.0.0 Mobile Safari/537.36" "mantech8.com"
185.191.171.15 - - [26/Jan/2023:12:04:10 -0800] "GET /index.php?camp-fire%2F54479838.html HTTP/1.1" 500 - "-" "Mozilla/5.0 (compatible; SemrushBot/7~bl; +http://www.semrush.com/bot.html)" "mantech8.com"
185.191.171.24 - - [26/Jan/2023:12:04:33 -0800] "GET /index.php?camp-fire%2F27171463.html HTTP/1.1" 500 - "-" "Mozilla/5.0 (compatible; SemrushBot/7~bl; +http://www.semrush.com/bot.html)" "mantech8.com"
193.42.33.106 - - [26/Jan/2023:12:04:59 -0800] "GET /wp-content/plugins/wholesale-market-for-woocommerce/readme.txt HTTP/1.1" 404 88 "https://www.google.com/search?" "Mozilla/5.0 (Linux; Android 11; ONEPLUS A6013) AppleWebKit/537.36 (KHTML, like Gecko) Chrome/107.0.0.0 Mobile Safari/537.36" "mantech8.com"
216.244.66.241 - - [26/Jan/2023:12:05:54 -0800] "GET /robots.txt HTTP/1.1" 200 222 "-" "Mozilla/5.0 (compatible; DotBot/1.2; +https://opensiteexplorer.org/dotbot; help@moz.com)" "www.mantech8.com"
216.244.66.241 - - [26/Jan/2023:12:05:54 -0800] "GET /robots.txt HTTP/1.1" 200 222 "-" "Mozilla/5.0 (compatible; DotBot/1.2; +https://opensiteexplorer.org/dotbot; help@moz.com)" "mantech8.com"
185.191.171.37 - - [26/Jan/2023:12:06:36 -0800] "GET /index.php?camp-fire%2F80764566.html HTTP/1.1" 500 - "-" "Mozilla/5.0 (compatible; SemrushBot/7~bl; +http://www.semrush.com/bot.html)" "mantech8.com"
185.191.171.37 - - [26/Jan/2023:12:06:59 -0800] "GET /index.php?camp-fire%2F11184757.html HTTP/1.1" 500 - "-" "Mozilla/5.0 (compatible; SemrushBot/7~bl; +http://www.semrush.com/bot.html)" "mantech8.com"
185.191.171.26 - - [26/Jan/2023:12:07:41 -0800] "GET /?camp-fire%2F11551109.html HTTP/1.1" 500 - "-" "Mozilla/5.0 (compatible; SemrushBot/7~bl; +http://www.semrush.com/bot.html)" "mantech8.com"
185.191.171.18 - - [26/Jan/2023:12:07:46 -0800] "GET /index.php?camp-fire%2F32538625.html HTTP/1.1" 500 - "-" "Mozilla/5.0 (compatible; SemrushBot/7~bl; +http://www.semrush.com/bot.html)" "mantech8.com"
185.191.171.12 - - [26/Jan/2023:12:07:59 -0800] "GET /index.php?camp-fire%2F93716508.html HTTP/1.1" 500 - "-" "Mozilla/5.0 (compatible; SemrushBot/7~bl; +http://www.semrush.com/bot.html)" "mantech8.com"
193.42.33.106 - - [26/Jan/2023:12:08:32 -0800] "GET /wp-content/plugins/yith-woocommerce-gift-cards-premium/readme.txt HTTP/1.1" 404 88 "https://www.google.com/search?" "Mozilla/5.0 (Linux; Android 11; ONEPLUS A6013) AppleWebKit/537.36 (KHTML, like Gecko) Chrome/107.0.0.0 Mobile Safari/537.36" "mantech8.com"
185.191.171.11 - - [26/Jan/2023:12:08:33 -0800] "GET /index.php?camp-fire%2F5280677.html HTTP/1.1" 500 - "-" "Mozilla/5.0 (compatible; SemrushBot/7~bl; +http://www.semrush.com/bot.html)" "mantech8.com"
185.191.171.9 - - [26/Jan/2023:12:08:43 -0800] "GET /index.php?camp-fire%2F39062835.html HTTP/1.1" 500 - "-" "Mozilla/5.0 (compatible; SemrushBot/7~bl; +http://www.semrush.com/bot.html)" "mantech8.com"
66.249.66.64 - - [26/Jan/2023:12:08:49 -0800] "GET /ads.txt HTTP/1.1" 404 88 "-" "Mozilla/5.0 (compatible; Googlebot/2.1; +http://www.google.com/bot.html)" "mantech8.com"
185.191.171.12 - - [26/Jan/2023:12:09:00 -0800] "GET /index.php?camp-fire%2F27353870.html HTTP/1.1" 500 - "-" "Mozilla/5.0 (compatible; SemrushBot/7~bl; +http://www.semrush.com/bot.html)" "mantech8.com"
185.191.171.43 - - [26/Jan/2023:12:09:10 -0800] "GET /index.php?camp-fire%2F70897234.html HTTP/1.1" 500 - "-" "Mozilla/5.0 (compatible; SemrushBot/7~bl; +http://www.semrush.com/bot.html)" "mantech8.com"
193.42.33.106 - - [26/Jan/2023:12:09:35 -0800] "GET /wp-content/plugins/dsp_dating/wpdating-gallery/lib/server/php/index.php HTTP/1.1" 404 88 "https://www.google.com/search?" "Mozilla/5.0 (Linux; Android 11; ONEPLUS A6013) AppleWebKit/537.36 (KHTML, like Gecko) Chrome/107.0.0.0 Mobile Safari/537.36" "mantech8.com"
185.191.171.23 - - [26/Jan/2023:12:10:25 -0800] "GET /index.php?camp-fire%2F2031372.html HTTP/1.1" 500 - "-" "Mozilla/5.0 (compatible; SemrushBot/7~bl; +http://www.semrush.com/bot.html)" "mantech8.com"
193.42.33.106 - - [26/Jan/2023:12:10:35 -0800] "GET /wp-content/themes/westand/include/lang_upload.php HTTP/1.1" 404 88 "https://www.google.com/search?" "Mozilla/5.0 (Windows NT 10.0; Win64; x64) AppleWebKit/537.36 (KHTML, like Gecko) Chrome/107.0.0.0 Safari/537.36" "mantech8.com"
185.191.171.38 - - [26/Jan/2023:12:10:38 -0800] "GET /index.php?camp-fire%2F39871502.html HTTP/1.1" 500 - "-" "Mozilla/5.0 (compatible; SemrushBot/7~bl; +http://www.semrush.com/bot.html)" "mantech8.com"
193.42.33.106 - - [26/Jan/2023:12:11:16 -0800] "GET /wp-content/themes/footysquare/include/lang_upload.php HTTP/1.1" 404 88 "https://www.google.com/search?" "Mozilla/5.0 (Windows NT 10.0; Win64; x64) AppleWebKit/537.36 (KHTML, like Gecko) Chrome/107.0.0.0 Safari/537.36" "mantech8.com"
59.61.148.82 - - [26/Jan/2023:12:11:45 -0800] "GET / HTTP/1.1" 500 - "-" "Mozilla/5.0 (Windows NT 10.0; Win64; x64) AppleWebKit/537.36 (KHTML, like Gecko) Chrome/85.0.4183.121 Safari/537.36" "mantech8.com"
185.191.171.13 - - [26/Jan/2023:12:11:59 -0800] "GET /index.php?camp-fire%2F1816851.html HTTP/1.1" 500 - "-" "Mozilla/5.0 (compatible; SemrushBot/7~bl; +http://www.semrush.com/bot.html)" "mantech8.com"
193.42.33.106 - - [26/Jan/2023:12:12:14 -0800] "GET /wp-content/themes/aidreform/include/lang_upload.php HTTP/1.1" 404 88 "https://www.google.com/search?" "Mozilla/5.0 (Windows NT 10.0; Win64; x64) AppleWebKit/537.36 (KHTML, like Gecko) Chrome/107.0.0.0 Safari/537.36" "mantech8.com"
185.191.171.42 - - [26/Jan/2023:12:13:00 -0800] "GET /index.php?camp-fire%2F8544108.html HTTP/1.1" 500 - "-" "Mozilla/5.0 (compatible; SemrushBot/7~bl; +http://www.semrush.com/bot.html)" "mantech8.com"
185.191.171.4 - - [26/Jan/2023:12:13:41 -0800] "GET /index.php?camp-fire%2F41515850.html HTTP/1.1" 500 - "-" "Mozilla/5.0 (compatible; SemrushBot/7~bl; +http://www.semrush.com/bot.html)" "mantech8.com"
185.191.171.9 - - [26/Jan/2023:12:14:41 -0800] "GET /index.php?camp-fire%2F57977559.html HTTP/1.1" 500 - "-" "Mozilla/5.0 (compatible; SemrushBot/7~bl; +http://www.semrush.com/bot.html)" "mantech8.com"
193.42.33.106 - - [26/Jan/2023:12:14:56 -0800] "GET /wp-content/themes/statfort/include/lang_upload.php HTTP/1.1" 404 88 "https://www.google.com/search?" "Mozilla/5.0 (Linux; Android 12; SM-A205U) AppleWebKit/537.36 (KHTML, like Gecko) Chrome/107.0.5304.141 Mobile Safari/537.36" "mantech8.com"
185.191.171.41 - - [26/Jan/2023:12:15:00 -0800] "GET /index.php?camp-fire%2F3372793.html HTTP/1.1" 500 - "-" "Mozilla/5.0 (compatible; SemrushBot/7~bl; +http://www.semrush.com/bot.html)" "mantech8.com"
193.42.33.106 - - [26/Jan/2023:12:15:08 -0800] "GET /wp-content/themes/club-theme/include/lang_upload.php HTTP/1.1" 404 88 "https://www.google.com/search?" "Mozilla/5.0 (Linux; Android 11; ONEPLUS A6013) AppleWebKit/537.36 (KHTML, like Gecko) Chrome/107.0.0.0 Mobile Safari/537.36" "mantech8.com"
185.191.171.17 - - [26/Jan/2023:12:15:53 -0800] "GET /index.php?camp-fire%2F48047538.html HTTP/1.1" 500 - "-" "Mozilla/5.0 (compatible; SemrushBot/7~bl; +http://www.semrush.com/bot.html)" "mantech8.com"
185.191.171.17 - - [26/Jan/2023:12:16:02 -0800] "GET /index.php?camp-fire%2F27323497.html HTTP/1.1" 500 - "-" "Mozilla/5.0 (compatible; SemrushBot/7~bl; +http://www.semrush.com/bot.html)" "mantech8.com"
193.42.33.106 - - [26/Jan/2023:12:16:15 -0800] "GET /wp-content/themes/kingclub-theme/include/lang_upload.php HTTP/1.1" 404 88 "https://www.google.com/search?" "Mozilla/5.0 (Linux; Android 11; ONEPLUS A6013) AppleWebKit/537.36 (KHTML, like Gecko) Chrome/107.0.0.0 Mobile Safari/537.36" "mantech8.com"
193.42.33.106 - - [26/Jan/2023:12:16:21 -0800] "GET /wp-content/themes/spikes/include/lang_upload.php HTTP/1.1" 404 88 "https://www.google.com/search?" "Mozilla/5.0 (Linux; Android 11; ONEPLUS A6013) AppleWebKit/537.36 (KHTML, like Gecko) Chrome/107.0.0.0 Mobile Safari/537.36" "mantech8.com"
185.191.171.39 - - [26/Jan/2023:12:16:35 -0800] "GET /index.php?camp-fire%2F36152450.html HTTP/1.1" 500 - "-" "Mozilla/5.0 (compatible; SemrushBot/7~bl; +http://www.semrush.com/bot.html)" "mantech8.com"
100.26.127.17 - - [26/Jan/2023:12:16:59 -0800] "GET /robots.txt HTTP/1.1" 200 106 "-" "Mozilla/5.0 (compatible; Neevabot/1.0; +https://neeva.com/neevabot)" "www.mantech8.com"
100.26.127.17 - - [26/Jan/2023:12:17:07 -0800] "GET /hydro.php HTTP/1.1" 200 14239 "-" "Mozilla/5.0 (compatible; Neevabot/1.0; +https://neeva.com/neevabot)" "www.mantech8.com"
193.42.33.106 - - [26/Jan/2023:12:17:21 -0800] "GET /wp-content/themes/spikes-black/include/lang_upload.php HTTP/1.1" 404 88 "https://www.google.com/search?" "Mozilla/5.0 (Linux; Android 11; ONEPLUS A6013) AppleWebKit/537.36 (KHTML, like Gecko) Chrome/107.0.0.0 Mobile Safari/537.36" "mantech8.com"
185.191.171.20 - - [26/Jan/2023:12:17:45 -0800] "GET /index.php?camp-fire%2F42937964.html HTTP/1.1" 500 - "-" "Mozilla/5.0 (compatible; SemrushBot/7~bl; +http://www.semrush.com/bot.html)" "mantech8.com"
185.191.171.5 - - [26/Jan/2023:12:17:47 -0800] "GET /index.php?camp-fire%2F39933635.html HTTP/1.1" 500 - "-" "Mozilla/5.0 (compatible; SemrushBot/7~bl; +http://www.semrush.com/bot.html)" "mantech8.com"
185.191.171.8 - - [26/Jan/2023:12:18:27 -0800] "GET /index.php?camp-fire%2F65077434.html HTTP/1.1" 500 - "-" "Mozilla/5.0 (compatible; SemrushBot/7~bl; +http://www.semrush.com/bot.html)" "mantech8.com"
185.191.171.15 - - [26/Jan/2023:12:18:29 -0800] "GET /index.php?camp-fire%2F1191198.html HTTP/1.1" 500 - "-" "Mozilla/5.0 (compatible; SemrushBot/7~bl; +http://www.semrush.com/bot.html)" "mantech8.com"
185.191.171.15 - - [26/Jan/2023:12:18:31 -0800] "GET /index.php?camp-fire%2F38839792.html HTTP/1.1" 500 - "-" "Mozilla/5.0 (compatible; SemrushBot/7~bl; +http://www.semrush.com/bot.html)" "mantech8.com"
193.42.33.106 - - [26/Jan/2023:12:18:39 -0800] "GET /wp-content/themes/soundblast/include/lang_upload.php HTTP/1.1" 404 88 "https://www.google.com/search?" "Mozilla/5.0 (Linux; Android 11; ONEPLUS A6013) AppleWebKit/537.36 (KHTML, like Gecko) Chrome/107.0.0.0 Mobile Safari/537.36" "mantech8.com"
185.191.171.3 - - [26/Jan/2023:12:18:40 -0800] "GET /index.php?camp-fire%2F95778383.html HTTP/1.1" 500 - "-" "Mozilla/5.0 (compatible; SemrushBot/7~bl; +http://www.semrush.com/bot.html)" "mantech8.com"
185.191.171.5 - - [26/Jan/2023:12:19:16 -0800] "GET /index.php?camp-fire%2F5347274.html HTTP/1.1" 500 - "-" "Mozilla/5.0 (compatible; SemrushBot/7~bl; +http://www.semrush.com/bot.html)" "mantech8.com"
185.191.171.37 - - [26/Jan/2023:12:19:25 -0800] "GET /index.php?camp-fire%2F9516569.html HTTP/1.1" 500 - "-" "Mozilla/5.0 (compatible; SemrushBot/7~bl; +http://www.semrush.com/bot.html)" "mantech8.com"
51.254.199.11 - - [26/Jan/2023:12:19:52 -0800] "GET / HTTP/1.1" 500 - "-" "Mozilla/5.0 (Windows NT 10.0; Win64; x64; rv:67.0) Gecko/20100101 Firefox/67.0" "mantech8.com"
185.191.171.13 - - [26/Jan/2023:12:19:56 -0800] "GET /index.php?camp-fire%2F10254472.html HTTP/1.1" 500 - "-" "Mozilla/5.0 (compatible; SemrushBot/7~bl; +http://www.semrush.com/bot.html)" "mantech8.com"
185.191.171.43 - - [26/Jan/2023:12:20:44 -0800] "GET /index.php?camp-fire%2F58345260.html HTTP/1.1" 500 - "-" "Mozilla/5.0 (compatible; SemrushBot/7~bl; +http://www.semrush.com/bot.html)" "mantech8.com"
193.42.33.106 - - [26/Jan/2023:12:21:05 -0800] "GET /wp-content/themes/bolster/include/lang_upload.php HTTP/1.1" 404 88 "https://www.google.com/search?" "Mozilla/5.0 (Linux; Android 11; ONEPLUS A6013) AppleWebKit/537.36 (KHTML, like Gecko) Chrome/107.0.0.0 Mobile Safari/537.36" "mantech8.com"
193.42.33.106 - - [26/Jan/2023:12:21:55 -0800] "GET /wp-content/themes/rocky-theme/include/lang_upload.php HTTP/1.1" 404 88 "https://www.google.com/search?" "Mozilla/5.0 (Linux; Android 11; ONEPLUS A6013) AppleWebKit/537.36 (KHTML, like Gecko) Chrome/107.0.0.0 Mobile Safari/537.36" "mantech8.com"
193.42.33.106 - - [26/Jan/2023:12:22:03 -0800] "GET /wp-content/themes/bolster-theme/include/lang_upload.php HTTP/1.1" 404 88 "https://www.google.com/search?" "Mozilla/5.0 (Windows NT 10.0; Win64; x64) AppleWebKit/537.36 (KHTML, like Gecko) Chrome/107.0.0.0 Safari/537.36" "mantech8.com"
185.191.171.16 - - [26/Jan/2023:12:22:56 -0800] "GET /index.php?camp-fire%2F9262793.html HTTP/1.1" 500 - "-" "Mozilla/5.0 (compatible; SemrushBot/7~bl; +http://www.semrush.com/bot.html)" "mantech8.com"
193.42.33.106 - - [26/Jan/2023:12:23:01 -0800] "GET /wp-content/themes/theme-deejay/include/lang_upload.php HTTP/1.1" 404 88 "https://www.google.com/search?" "Mozilla/5.0 (Linux; Android 11; ONEPLUS A6013) AppleWebKit/537.36 (KHTML, like Gecko) Chrome/107.0.0.0 Mobile Safari/537.36" "mantech8.com"
193.42.33.106 - - [26/Jan/2023:12:23:11 -0800] "GET /wp-content/themes/snapture/include/lang_upload.php HTTP/1.1" 404 88 "https://www.google.com/search?" "Mozilla/5.0 (Linux; Android 11; ONEPLUS A6013) AppleWebKit/537.36 (KHTML, like Gecko) Chrome/107.0.0.0 Mobile Safari/537.36" "mantech8.com"
185.191.171.4 - - [26/Jan/2023:12:23:59 -0800] "GET /index.php?camp-fire%2F43387265.html HTTP/1.1" 500 - "-" "Mozilla/5.0 (compatible; SemrushBot/7~bl; +http://www.semrush.com/bot.html)" "mantech8.com"
193.42.33.106 - - [26/Jan/2023:12:23:59 -0800] "GET /wp-content/themes/onelife/include/lang_upload.php HTTP/1.1" 404 88 "https://www.google.com/search?" "Mozilla/5.0 (Windows NT 10.0; Win64; x64) AppleWebKit/537.36 (KHTML, like Gecko) Chrome/107.0.0.0 Safari/537.36" "mantech8.com"
185.191.171.39 - - [26/Jan/2023:12:24:13 -0800] "GET /index.php?camp-fire%2F7616708.html HTTP/1.1" 500 - "-" "Mozilla/5.0 (compatible; SemrushBot/7~bl; +http://www.semrush.com/bot.html)" "mantech8.com"
193.42.33.106 - - [26/Jan/2023:12:24:21 -0800] "GET /wp-content/themes/churchlife/include/lang_upload.php HTTP/1.1" 404 88 "https://www.google.com/search?" "Mozilla/5.0 (Windows NT 10.0; Win64; x64) AppleWebKit/537.36 (KHTML, like Gecko) Chrome/107.0.0.0 Safari/537.36" "mantech8.com"
185.191.171.42 - - [26/Jan/2023:12:24:45 -0800] "GET /index.php?camp-fire%2F39388917.html HTTP/1.1" 500 - "-" "Mozilla/5.0 (compatible; SemrushBot/7~bl; +http://www.semrush.com/bot.html)" "mantech8.com"
185.191.171.1 - - [26/Jan/2023:12:26:06 -0800] "GET /robots.txt HTTP/1.1" 200 106 "-" "Mozilla/5.0 (compatible; SemrushBot/7~bl; +http://www.semrush.com/bot.html)" "mantech8.com"
185.191.171.13 - - [26/Jan/2023:12:26:07 -0800] "GET /index.php?camp-fire%2F8472808.html HTTP/1.1" 500 - "-" "Mozilla/5.0 (compatible; SemrushBot/7~bl; +http://www.semrush.com/bot.html)" "mantech8.com"
193.42.33.106 - - [26/Jan/2023:12:26:24 -0800] "GET /wp-content/themes/soccer-theme/include/lang_upload.php HTTP/1.1" 404 88 "https://www.google.com/search?" "Mozilla/5.0 (iPhone; CPU iPhone OS 16_1 like Mac OS X) AppleWebKit/605.1.15 (KHTML, like Gecko) CriOS/107.0.5304.101 Mobile/15E148 Safari/604.1" "mantech8.com"
193.42.33.106 - - [26/Jan/2023:12:26:33 -0800] "GET /wp-content/themes/faith-theme/include/lang_upload.php HTTP/1.1" 404 88 "https://www.google.com/search?" "Mozilla/5.0 (iPhone; CPU iPhone OS 16_1 like Mac OS X) AppleWebKit/605.1.15 (KHTML, like Gecko) CriOS/107.0.5304.101 Mobile/15E148 Safari/604.1" "mantech8.com"
