185.191.171.20 - - [26/Jan/2023:09:30:52 -0800] "GET /index.php?camp-fire%2F56573149.html HTTP/1.1" 500 - "-" "Mozilla/5.0 (compatible; SemrushBot/7~bl; +http://www.semrush.com/bot.html)" "mantech8.com"
185.191.171.1 - - [26/Jan/2023:09:31:02 -0800] "GET /index.php?camp-fire%2F73426272.html HTTP/1.1" 500 - "-" "Mozilla/5.0 (compatible; SemrushBot/7~bl; +http://www.semrush.com/bot.html)" "mantech8.com"
185.191.171.4 - - [26/Jan/2023:09:31:40 -0800] "GET /index.php?camp-fire%2F75537906.html HTTP/1.1" 500 - "-" "Mozilla/5.0 (compatible; SemrushBot/7~bl; +http://www.semrush.com/bot.html)" "mantech8.com"
185.191.171.35 - - [26/Jan/2023:09:32:10 -0800] "GET /index.php?camp-fire%2F1117172.html HTTP/1.1" 500 - "-" "Mozilla/5.0 (compatible; SemrushBot/7~bl; +http://www.semrush.com/bot.html)" "mantech8.com"
185.191.171.20 - - [26/Jan/2023:09:32:47 -0800] "GET /index.php?camp-fire%2F52322071.html HTTP/1.1" 500 - "-" "Mozilla/5.0 (compatible; SemrushBot/7~bl; +http://www.semrush.com/bot.html)" "mantech8.com"
185.191.171.6 - - [26/Jan/2023:09:33:23 -0800] "GET /index.php?camp-fire%2F12832876.html HTTP/1.1" 500 - "-" "Mozilla/5.0 (compatible; SemrushBot/7~bl; +http://www.semrush.com/bot.html)" "mantech8.com"
185.191.171.19 - - [26/Jan/2023:09:33:28 -0800] "GET /index.php?camp-fire%2F53110706.html HTTP/1.1" 500 - "-" "Mozilla/5.0 (compatible; SemrushBot/7~bl; +http://www.semrush.com/bot.html)" "mantech8.com"
185.191.171.9 - - [26/Jan/2023:09:33:38 -0800] "GET /index.php?camp-fire%2F31887530.html HTTP/1.1" 500 - "-" "Mozilla/5.0 (compatible; SemrushBot/7~bl; +http://www.semrush.com/bot.html)" "mantech8.com"
185.191.171.22 - - [26/Jan/2023:09:34:19 -0800] "GET /index.php?camp-fire%2F34521359.html HTTP/1.1" 500 - "-" "Mozilla/5.0 (compatible; SemrushBot/7~bl; +http://www.semrush.com/bot.html)" "mantech8.com"
192.158.224.187 - - [26/Jan/2023:09:34:38 -0800] "GET /wp-secure.php HTTP/1.1" 404 88 "-" "Mozilla/5.0 (Windows NT 10.0; Win64; x64; rv:108.0) Gecko/20100101 Firefox/108.0" "www.mantech8.com"
185.191.171.24 - - [26/Jan/2023:09:36:12 -0800] "GET /index.php?camp-fire%2F33844259.html HTTP/1.1" 500 - "-" "Mozilla/5.0 (compatible; SemrushBot/7~bl; +http://www.semrush.com/bot.html)" "mantech8.com"
185.191.171.26 - - [26/Jan/2023:09:36:26 -0800] "GET /index.php?camp-fire%2F59026502.html HTTP/1.1" 500 - "-" "Mozilla/5.0 (compatible; SemrushBot/7~bl; +http://www.semrush.com/bot.html)" "mantech8.com"
185.191.171.38 - - [26/Jan/2023:09:36:46 -0800] "GET /index.php?camp-fire%2F35270725.html HTTP/1.1" 500 - "-" "Mozilla/5.0 (compatible; SemrushBot/7~bl; +http://www.semrush.com/bot.html)" "mantech8.com"
185.191.171.35 - - [26/Jan/2023:09:36:55 -0800] "GET /index.php?camp-fire%2F1242600.html HTTP/1.1" 500 - "-" "Mozilla/5.0 (compatible; SemrushBot/7~bl; +http://www.semrush.com/bot.html)" "mantech8.com"
66.249.66.43 - - [26/Jan/2023:09:37:30 -0800] "GET /ads.txt HTTP/1.1" 404 88 "-" "Mozilla/5.0 (compatible; Googlebot/2.1; +http://www.google.com/bot.html)" "www.mantech8.com"
185.191.171.13 - - [26/Jan/2023:09:37:45 -0800] "GET /index.php?camp-fire%2F41151347.html HTTP/1.1" 500 - "-" "Mozilla/5.0 (compatible; SemrushBot/7~bl; +http://www.semrush.com/bot.html)" "mantech8.com"
185.191.171.3 - - [26/Jan/2023:09:39:40 -0800] "GET /index.php?camp-fire%2F1700590.html HTTP/1.1" 500 - "-" "Mozilla/5.0 (compatible; SemrushBot/7~bl; +http://www.semrush.com/bot.html)" "mantech8.com"
157.55.39.29 - - [26/Jan/2023:09:39:48 -0800] "GET /bimages/gallery/p1.jpg HTTP/1.1" 200 59583 "-" "Mozilla/5.0 AppleWebKit/537.36 (KHTML, like Gecko; compatible; bingbot/2.0; +http://www.bing.com/bingbot.htm) Chrome/103.0.5060.134 Safari/537.36" "www.mantech8.com"
185.191.171.26 - - [26/Jan/2023:09:40:20 -0800] "GET /index.php?camp-fire%2F1246700.html HTTP/1.1" 500 - "-" "Mozilla/5.0 (compatible; SemrushBot/7~bl; +http://www.semrush.com/bot.html)" "mantech8.com"
185.191.171.15 - - [26/Jan/2023:09:40:31 -0800] "GET /index.php?camp-fire%2F86888085.html HTTP/1.1" 500 - "-" "Mozilla/5.0 (compatible; SemrushBot/7~bl; +http://www.semrush.com/bot.html)" "mantech8.com"
185.191.171.38 - - [26/Jan/2023:09:40:47 -0800] "GET /index.php?camp-fire%2F54123851.html HTTP/1.1" 500 - "-" "Mozilla/5.0 (compatible; SemrushBot/7~bl; +http://www.semrush.com/bot.html)" "mantech8.com"
185.191.171.35 - - [26/Jan/2023:09:40:55 -0800] "GET /index.php?camp-fire%2F91707292.html HTTP/1.1" 500 - "-" "Mozilla/5.0 (compatible; SemrushBot/7~bl; +http://www.semrush.com/bot.html)" "mantech8.com"
185.191.171.6 - - [26/Jan/2023:09:41:34 -0800] "GET /?camp-fire%2F16179965.html HTTP/1.1" 500 - "-" "Mozilla/5.0 (compatible; SemrushBot/7~bl; +http://www.semrush.com/bot.html)" "mantech8.com"
185.191.171.18 - - [26/Jan/2023:09:42:06 -0800] "GET /index.php?camp-fire%2F38722972.html HTTP/1.1" 500 - "-" "Mozilla/5.0 (compatible; SemrushBot/7~bl; +http://www.semrush.com/bot.html)" "mantech8.com"
185.191.171.9 - - [26/Jan/2023:09:42:08 -0800] "GET /index.php?camp-fire%2F25991076.html HTTP/1.1" 500 - "-" "Mozilla/5.0 (compatible; SemrushBot/7~bl; +http://www.semrush.com/bot.html)" "mantech8.com"
185.191.171.43 - - [26/Jan/2023:09:42:22 -0800] "GET /index.php?camp-fire%2F9550842.html HTTP/1.1" 500 - "-" "Mozilla/5.0 (compatible; SemrushBot/7~bl; +http://www.semrush.com/bot.html)" "mantech8.com"
185.191.171.25 - - [26/Jan/2023:09:42:25 -0800] "GET /index.php?camp-fire%2F52206950.html HTTP/1.1" 500 - "-" "Mozilla/5.0 (compatible; SemrushBot/7~bl; +http://www.semrush.com/bot.html)" "mantech8.com"
185.191.171.12 - - [26/Jan/2023:09:42:48 -0800] "GET /index.php?camp-fire%2F40149102.html HTTP/1.1" 500 - "-" "Mozilla/5.0 (compatible; SemrushBot/7~bl; +http://www.semrush.com/bot.html)" "mantech8.com"
185.191.171.22 - - [26/Jan/2023:09:44:28 -0800] "GET /index.php?camp-fire%2F64781792.html HTTP/1.1" 500 - "-" "Mozilla/5.0 (compatible; SemrushBot/7~bl; +http://www.semrush.com/bot.html)" "mantech8.com"
185.191.171.7 - - [26/Jan/2023:09:44:49 -0800] "GET /index.php?camp-fire%2F27083072.html HTTP/1.1" 500 - "-" "Mozilla/5.0 (compatible; SemrushBot/7~bl; +http://www.semrush.com/bot.html)" "mantech8.com"
185.191.171.7 - - [26/Jan/2023:09:46:53 -0800] "GET /index.php?camp-fire%2F27222176.html HTTP/1.1" 500 - "-" "Mozilla/5.0 (compatible; SemrushBot/7~bl; +http://www.semrush.com/bot.html)" "mantech8.com"
185.191.171.14 - - [26/Jan/2023:09:47:03 -0800] "GET /index.php?camp-fire%2F3330300.html HTTP/1.1" 500 - "-" "Mozilla/5.0 (compatible; SemrushBot/7~bl; +http://www.semrush.com/bot.html)" "mantech8.com"
185.191.171.18 - - [26/Jan/2023:09:48:14 -0800] "GET /index.php?camp-fire%2F53048763.html HTTP/1.1" 500 - "-" "Mozilla/5.0 (compatible; SemrushBot/7~bl; +http://www.semrush.com/bot.html)" "mantech8.com"
185.191.171.5 - - [26/Jan/2023:09:48:21 -0800] "GET /index.php?camp-fire%2F70897334.html HTTP/1.1" 500 - "-" "Mozilla/5.0 (compatible; SemrushBot/7~bl; +http://www.semrush.com/bot.html)" "mantech8.com"
114.119.155.81 - - [26/Jan/2023:09:48:55 -0800] "GET /bimages/headg/thump/?C=D%3BO%3DA HTTP/1.1" 200 484 "http://mantech8.com/bimages/headg/thump/" "Mozilla/5.0 (Linux; Android 7.0;) AppleWebKit/537.36 (KHTML, like Gecko) Mobile Safari/537.36 (compatible; PetalBot;+https://webmaster.petalsearch.com/site/petalbot)" "mantech8.com"
185.191.171.1 - - [26/Jan/2023:09:49:00 -0800] "GET /index.php?camp-fire%2F63096388.html HTTP/1.1" 500 - "-" "Mozilla/5.0 (compatible; SemrushBot/7~bl; +http://www.semrush.com/bot.html)" "mantech8.com"
185.191.171.45 - - [26/Jan/2023:09:49:04 -0800] "GET /index.php?camp-fire%2F5392296.html HTTP/1.1" 500 - "-" "Mozilla/5.0 (compatible; SemrushBot/7~bl; +http://www.semrush.com/bot.html)" "mantech8.com"
185.191.171.39 - - [26/Jan/2023:09:49:25 -0800] "GET /index.php?camp-fire%2F54001876.html HTTP/1.1" 500 - "-" "Mozilla/5.0 (compatible; SemrushBot/7~bl; +http://www.semrush.com/bot.html)" "mantech8.com"
185.191.171.20 - - [26/Jan/2023:09:49:35 -0800] "GET /index.php?camp-fire%2F48976455.html HTTP/1.1" 500 - "-" "Mozilla/5.0 (compatible; SemrushBot/7~bl; +http://www.semrush.com/bot.html)" "mantech8.com"
185.191.171.5 - - [26/Jan/2023:09:49:52 -0800] "GET /index.php?camp-fire%2F37089271.html HTTP/1.1" 500 - "-" "Mozilla/5.0 (compatible; SemrushBot/7~bl; +http://www.semrush.com/bot.html)" "mantech8.com"
114.119.139.26 - - [26/Jan/2023:09:50:17 -0800] "GET /?sitemap1410.xml HTTP/1.1" 200 270550 "-" "Mozilla/5.0 (Linux; Android 7.0;) AppleWebKit/537.36 (KHTML, like Gecko) Mobile Safari/537.36 (compatible; PetalBot;+https://webmaster.petalsearch.com/site/petalbot)" "mantech8.com"
185.191.171.5 - - [26/Jan/2023:09:51:24 -0800] "GET /index.php?camp-fire%2F51143521.html HTTP/1.1" 500 - "-" "Mozilla/5.0 (compatible; SemrushBot/7~bl; +http://www.semrush.com/bot.html)" "mantech8.com"
185.191.171.38 - - [26/Jan/2023:09:52:37 -0800] "GET /index.php?camp-fire%2F33622659.html HTTP/1.1" 500 - "-" "Mozilla/5.0 (compatible; SemrushBot/7~bl; +http://www.semrush.com/bot.html)" "mantech8.com"
185.191.171.5 - - [26/Jan/2023:09:52:56 -0800] "GET /index.php?camp-fire%2F38143272.html HTTP/1.1" 500 - "-" "Mozilla/5.0 (compatible; SemrushBot/7~bl; +http://www.semrush.com/bot.html)" "mantech8.com"
185.191.171.5 - - [26/Jan/2023:09:53:07 -0800] "GET /index.php?camp-fire%2F28623297.html HTTP/1.1" 500 - "-" "Mozilla/5.0 (compatible; SemrushBot/7~bl; +http://www.semrush.com/bot.html)" "mantech8.com"
185.191.171.24 - - [26/Jan/2023:09:53:09 -0800] "GET /index.php?camp-fire%2F35336138.html HTTP/1.1" 500 - "-" "Mozilla/5.0 (compatible; SemrushBot/7~bl; +http://www.semrush.com/bot.html)" "mantech8.com"
185.191.171.8 - - [26/Jan/2023:09:53:57 -0800] "GET /index.php?camp-fire%2F2677293.html HTTP/1.1" 500 - "-" "Mozilla/5.0 (compatible; SemrushBot/7~bl; +http://www.semrush.com/bot.html)" "mantech8.com"
185.191.171.33 - - [26/Jan/2023:09:55:21 -0800] "GET /index.php?camp-fire%2F52294303.html HTTP/1.1" 500 - "-" "Mozilla/5.0 (compatible; SemrushBot/7~bl; +http://www.semrush.com/bot.html)" "mantech8.com"
185.191.171.26 - - [26/Jan/2023:09:56:02 -0800] "GET /index.php?camp-fire%2F4221265.html HTTP/1.1" 500 - "-" "Mozilla/5.0 (compatible; SemrushBot/7~bl; +http://www.semrush.com/bot.html)" "mantech8.com"
185.191.171.11 - - [26/Jan/2023:09:56:16 -0800] "GET /index.php?camp-fire%2F61162834.html HTTP/1.1" 500 - "-" "Mozilla/5.0 (compatible; SemrushBot/7~bl; +http://www.semrush.com/bot.html)" "mantech8.com"
185.191.171.6 - - [26/Jan/2023:09:56:40 -0800] "GET /index.php?camp-fire%2F34315525.html HTTP/1.1" 500 - "-" "Mozilla/5.0 (compatible; SemrushBot/7~bl; +http://www.semrush.com/bot.html)" "mantech8.com"
185.191.171.6 - - [26/Jan/2023:09:57:01 -0800] "GET /index.php?camp-fire%2F1443990.html HTTP/1.1" 500 - "-" "Mozilla/5.0 (compatible; SemrushBot/7~bl; +http://www.semrush.com/bot.html)" "mantech8.com"
185.191.171.35 - - [26/Jan/2023:09:57:03 -0800] "GET /index.php?camp-fire%2F66766472.html HTTP/1.1" 500 - "-" "Mozilla/5.0 (compatible; SemrushBot/7~bl; +http://www.semrush.com/bot.html)" "mantech8.com"
185.191.171.23 - - [26/Jan/2023:09:58:21 -0800] "GET /index.php?camp-fire%2F15301265.html HTTP/1.1" 500 - "-" "Mozilla/5.0 (compatible; SemrushBot/7~bl; +http://www.semrush.com/bot.html)" "mantech8.com"
185.191.171.5 - - [26/Jan/2023:09:58:26 -0800] "GET /index.php?camp-fire%2F8173678.html HTTP/1.1" 500 - "-" "Mozilla/5.0 (compatible; SemrushBot/7~bl; +http://www.semrush.com/bot.html)" "mantech8.com"
185.191.171.37 - - [26/Jan/2023:09:58:43 -0800] "GET /index.php?camp-fire%2F39986803.html HTTP/1.1" 500 - "-" "Mozilla/5.0 (compatible; SemrushBot/7~bl; +http://www.semrush.com/bot.html)" "mantech8.com"
143.244.146.244 - - [26/Jan/2023:09:58:58 -0800] "GET / HTTP/1.1" 500 - "-" "python-requests/2.26.0" "mantech8.com"
185.191.171.7 - - [26/Jan/2023:10:00:12 -0800] "GET /index.php?camp-fire%2F15302165.html HTTP/1.1" 500 - "-" "Mozilla/5.0 (compatible; SemrushBot/7~bl; +http://www.semrush.com/bot.html)" "mantech8.com"
185.191.171.15 - - [26/Jan/2023:10:01:04 -0800] "GET /index.php?camp-fire%2F64041672.html HTTP/1.1" 500 - "-" "Mozilla/5.0 (compatible; SemrushBot/7~bl; +http://www.semrush.com/bot.html)" "mantech8.com"
185.191.171.12 - - [26/Jan/2023:10:02:13 -0800] "GET /index.php?camp-fire%2F32562925.html HTTP/1.1" 500 - "-" "Mozilla/5.0 (compatible; SemrushBot/7~bl; +http://www.semrush.com/bot.html)" "mantech8.com"
185.191.171.42 - - [26/Jan/2023:10:02:26 -0800] "GET /index.php?camp-fire%2F55513126.html HTTP/1.1" 500 - "-" "Mozilla/5.0 (compatible; SemrushBot/7~bl; +http://www.semrush.com/bot.html)" "mantech8.com"
185.191.171.40 - - [26/Jan/2023:10:02:29 -0800] "GET /index.php?camp-fire%2F26962621.html HTTP/1.1" 500 - "-" "Mozilla/5.0 (compatible; SemrushBot/7~bl; +http://www.semrush.com/bot.html)" "mantech8.com"
185.191.171.1 - - [26/Jan/2023:10:02:56 -0800] "GET /index.php?camp-fire%2F46578635.html HTTP/1.1" 500 - "-" "Mozilla/5.0 (compatible; SemrushBot/7~bl; +http://www.semrush.com/bot.html)" "mantech8.com"
114.119.132.146 - - [26/Jan/2023:10:03:12 -0800] "GET /index.php?sitemap-index-8.xml HTTP/1.1" 200 4843 "-" "Mozilla/5.0 (Linux; Android 7.0;) AppleWebKit/537.36 (KHTML, like Gecko) Mobile Safari/537.36 (compatible; PetalBot;+https://webmaster.petalsearch.com/site/petalbot)" "mantech8.com"
185.191.171.35 - - [26/Jan/2023:10:03:19 -0800] "GET /index.php?camp-fire%2F11969876.html HTTP/1.1" 500 - "-" "Mozilla/5.0 (compatible; SemrushBot/7~bl; +http://www.semrush.com/bot.html)" "mantech8.com"
185.191.171.35 - - [26/Jan/2023:10:03:40 -0800] "GET /?camp-fire%2F17655427.html HTTP/1.1" 500 - "-" "Mozilla/5.0 (compatible; SemrushBot/7~bl; +http://www.semrush.com/bot.html)" "mantech8.com"
185.191.171.45 - - [26/Jan/2023:10:04:26 -0800] "GET /index.php?camp-fire%2F45653680.html HTTP/1.1" 500 - "-" "Mozilla/5.0 (compatible; SemrushBot/7~bl; +http://www.semrush.com/bot.html)" "mantech8.com"
185.191.171.39 - - [26/Jan/2023:10:04:34 -0800] "GET /index.php?camp-fire%2F63097325.html HTTP/1.1" 500 - "-" "Mozilla/5.0 (compatible; SemrushBot/7~bl; +http://www.semrush.com/bot.html)" "mantech8.com"
185.191.171.7 - - [26/Jan/2023:10:05:40 -0800] "GET /index.php?camp-fire%2F77118450.html HTTP/1.1" 500 - "-" "Mozilla/5.0 (compatible; SemrushBot/7~bl; +http://www.semrush.com/bot.html)" "mantech8.com"
185.191.171.14 - - [26/Jan/2023:10:06:15 -0800] "GET /index.php?camp-fire%2F42352149.html HTTP/1.1" 500 - "-" "Mozilla/5.0 (compatible; SemrushBot/7~bl; +http://www.semrush.com/bot.html)" "mantech8.com"
185.191.171.19 - - [26/Jan/2023:10:06:56 -0800] "GET /index.php?camp-fire%2F73426072.html HTTP/1.1" 500 - "-" "Mozilla/5.0 (compatible; SemrushBot/7~bl; +http://www.semrush.com/bot.html)" "mantech8.com"
185.191.171.10 - - [26/Jan/2023:10:08:05 -0800] "GET /index.php?camp-fire%2F2136590.html HTTP/1.1" 500 - "-" "Mozilla/5.0 (compatible; SemrushBot/7~bl; +http://www.semrush.com/bot.html)" "mantech8.com"
185.191.171.23 - - [26/Jan/2023:10:09:25 -0800] "GET /index.php?camp-fire%2F27271770.html HTTP/1.1" 500 - "-" "Mozilla/5.0 (compatible; SemrushBot/7~bl; +http://www.semrush.com/bot.html)" "mantech8.com"
185.191.171.18 - - [26/Jan/2023:10:09:56 -0800] "GET /index.php?camp-fire%2F32794876.html HTTP/1.1" 500 - "-" "Mozilla/5.0 (compatible; SemrushBot/7~bl; +http://www.semrush.com/bot.html)" "mantech8.com"
185.191.171.6 - - [26/Jan/2023:10:10:17 -0800] "GET /index.php?camp-fire%2F33097916.html HTTP/1.1" 500 - "-" "Mozilla/5.0 (compatible; SemrushBot/7~bl; +http://www.semrush.com/bot.html)" "mantech8.com"
185.191.171.43 - - [26/Jan/2023:10:10:59 -0800] "GET /index.php?camp-fire%2F35649550.html HTTP/1.1" 500 - "-" "Mozilla/5.0 (compatible; SemrushBot/7~bl; +http://www.semrush.com/bot.html)" "mantech8.com"
185.191.171.40 - - [26/Jan/2023:10:11:51 -0800] "GET /index.php?camp-fire%2F1182172.html HTTP/1.1" 500 - "-" "Mozilla/5.0 (compatible; SemrushBot/7~bl; +http://www.semrush.com/bot.html)" "mantech8.com"
185.191.171.16 - - [26/Jan/2023:10:12:30 -0800] "GET /index.php?camp-fire%2F33696508.html HTTP/1.1" 500 - "-" "Mozilla/5.0 (compatible; SemrushBot/7~bl; +http://www.semrush.com/bot.html)" "mantech8.com"
185.191.171.17 - - [26/Jan/2023:10:13:03 -0800] "GET /index.php?camp-fire%2F5284185.html HTTP/1.1" 500 - "-" "Mozilla/5.0 (compatible; SemrushBot/7~bl; +http://www.semrush.com/bot.html)" "mantech8.com"
185.191.171.38 - - [26/Jan/2023:10:13:45 -0800] "GET /index.php?camp-fire%2F73649359.html HTTP/1.1" 500 - "-" "Mozilla/5.0 (compatible; SemrushBot/7~bl; +http://www.semrush.com/bot.html)" "mantech8.com"
185.191.171.15 - - [26/Jan/2023:10:13:46 -0800] "GET /index.php?camp-fire%2F12989774.html HTTP/1.1" 500 - "-" "Mozilla/5.0 (compatible; SemrushBot/7~bl; +http://www.semrush.com/bot.html)" "mantech8.com"
185.191.171.1 - - [26/Jan/2023:10:13:56 -0800] "GET /index.php?camp-fire%2F9551342.html HTTP/1.1" 500 - "-" "Mozilla/5.0 (compatible; SemrushBot/7~bl; +http://www.semrush.com/bot.html)" "mantech8.com"
185.191.171.4 - - [26/Jan/2023:10:14:15 -0800] "GET /index.php?camp-fire%2F47033602.html HTTP/1.1" 500 - "-" "Mozilla/5.0 (compatible; SemrushBot/7~bl; +http://www.semrush.com/bot.html)" "mantech8.com"
185.191.171.1 - - [26/Jan/2023:10:14:54 -0800] "GET /index.php?camp-fire%2F33416668.html HTTP/1.1" 500 - "-" "Mozilla/5.0 (compatible; SemrushBot/7~bl; +http://www.semrush.com/bot.html)" "mantech8.com"
185.191.171.18 - - [26/Jan/2023:10:16:09 -0800] "GET /index.php?camp-fire%2F16184684.html HTTP/1.1" 500 - "-" "Mozilla/5.0 (compatible; SemrushBot/7~bl; +http://www.semrush.com/bot.html)" "mantech8.com"
216.244.66.241 - - [26/Jan/2023:10:16:38 -0800] "GET /robots.txt HTTP/1.1" 200 222 "-" "Mozilla/5.0 (compatible; DotBot/1.2; +https://opensiteexplorer.org/dotbot; help@moz.com)" "www.mantech8.com"
216.244.66.241 - - [26/Jan/2023:10:16:38 -0800] "GET /robots.txt HTTP/1.1" 200 222 "-" "Mozilla/5.0 (compatible; DotBot/1.2; +https://opensiteexplorer.org/dotbot; help@moz.com)" "mantech8.com"
185.191.171.43 - - [26/Jan/2023:10:16:59 -0800] "GET /index.php?camp-fire%2F15335165.html HTTP/1.1" 500 - "-" "Mozilla/5.0 (compatible; SemrushBot/7~bl; +http://www.semrush.com/bot.html)" "mantech8.com"
185.191.171.15 - - [26/Jan/2023:10:17:59 -0800] "GET /index.php?camp-fire%2F47946217.html HTTP/1.1" 500 - "-" "Mozilla/5.0 (compatible; SemrushBot/7~bl; +http://www.semrush.com/bot.html)" "mantech8.com"
185.191.171.38 - - [26/Jan/2023:10:19:25 -0800] "GET /index.php?camp-fire%2F39113389.html HTTP/1.1" 500 - "-" "Mozilla/5.0 (compatible; SemrushBot/7~bl; +http://www.semrush.com/bot.html)" "mantech8.com"
185.191.171.8 - - [26/Jan/2023:10:19:39 -0800] "GET /index.php?camp-fire%2F36802138.html HTTP/1.1" 500 - "-" "Mozilla/5.0 (compatible; SemrushBot/7~bl; +http://www.semrush.com/bot.html)" "mantech8.com"
185.191.171.24 - - [26/Jan/2023:10:20:33 -0800] "GET /index.php?camp-fire%2F68066534.html HTTP/1.1" 500 - "-" "Mozilla/5.0 (compatible; SemrushBot/7~bl; +http://www.semrush.com/bot.html)" "mantech8.com"
185.191.171.24 - - [26/Jan/2023:10:20:50 -0800] "GET /index.php?camp-fire%2F33692468.html HTTP/1.1" 500 - "-" "Mozilla/5.0 (compatible; SemrushBot/7~bl; +http://www.semrush.com/bot.html)" "mantech8.com"
51.83.131.38 - - [26/Jan/2023:10:21:01 -0800] "GET /contact.php HTTP/1.1" 200 29238 "http://mantech8.com/contact.php" "Mozilla/5.0 (Windows NT 10.0; Win64; x64) AppleWebKit/537.36 (KHTML, like Gecko) Chrome/90.0.4430.72 Safari/537.36" "mantech8.com"
51.83.131.38 - - [26/Jan/2023:10:21:02 -0800] "POST /mailer.php HTTP/1.1" 500 - "http://mantech8.com/contact.php" "Mozilla/5.0 (Windows NT 10.0; Win64; x64) AppleWebKit/537.36 (KHTML, like Gecko) Chrome/90.0.4430.72 Safari/537.36" "mantech8.com"
185.191.171.26 - - [26/Jan/2023:10:21:02 -0800] "GET /index.php?camp-fire%2F33314625.html HTTP/1.1" 500 - "-" "Mozilla/5.0 (compatible; SemrushBot/7~bl; +http://www.semrush.com/bot.html)" "mantech8.com"
185.191.171.36 - - [26/Jan/2023:10:21:14 -0800] "GET /index.php?camp-fire%2F36856350.html HTTP/1.1" 500 - "-" "Mozilla/5.0 (compatible; SemrushBot/7~bl; +http://www.semrush.com/bot.html)" "mantech8.com"
185.191.171.35 - - [26/Jan/2023:10:21:43 -0800] "GET /index.php?camp-fire%2F83938129.html HTTP/1.1" 500 - "-" "Mozilla/5.0 (compatible; SemrushBot/7~bl; +http://www.semrush.com/bot.html)" "mantech8.com"
185.191.171.44 - - [26/Jan/2023:10:22:46 -0800] "GET /index.php?camp-fire%2F34078516.html HTTP/1.1" 500 - "-" "Mozilla/5.0 (compatible; SemrushBot/7~bl; +http://www.semrush.com/bot.html)" "mantech8.com"
185.191.171.19 - - [26/Jan/2023:10:24:03 -0800] "GET /index.php?camp-fire%2F52151702.html HTTP/1.1" 500 - "-" "Mozilla/5.0 (compatible; SemrushBot/7~bl; +http://www.semrush.com/bot.html)" "mantech8.com"
185.191.171.43 - - [26/Jan/2023:10:24:37 -0800] "GET /index.php?camp-fire%2F39932802.html HTTP/1.1" 500 - "-" "Mozilla/5.0 (compatible; SemrushBot/7~bl; +http://www.semrush.com/bot.html)" "mantech8.com"
185.191.171.36 - - [26/Jan/2023:10:24:45 -0800] "GET /index.php?camp-fire%2F5096600.html HTTP/1.1" 500 - "-" "Mozilla/5.0 (compatible; SemrushBot/7~bl; +http://www.semrush.com/bot.html)" "mantech8.com"
207.46.13.199 - - [26/Jan/2023:10:25:47 -0800] "GET /?camp-fire/24418165.html HTTP/1.1" 200 59767 "-" "Mozilla/5.0 AppleWebKit/537.36 (KHTML, like Gecko; compatible; bingbot/2.0; +http://www.bing.com/bingbot.htm) Chrome/103.0.5060.134 Safari/537.36" "mantech8.com"
185.191.171.41 - - [26/Jan/2023:10:27:13 -0800] "GET /robots.txt HTTP/1.1" 200 106 "-" "Mozilla/5.0 (compatible; SemrushBot/7~bl; +http://www.semrush.com/bot.html)" "mantech8.com"
185.191.171.7 - - [26/Jan/2023:10:27:14 -0800] "GET /index.php?camp-fire%2F42817034.html HTTP/1.1" 500 - "-" "Mozilla/5.0 (compatible; SemrushBot/7~bl; +http://www.semrush.com/bot.html)" "mantech8.com"
185.191.171.13 - - [26/Jan/2023:10:28:10 -0800] "GET /index.php?camp-fire%2F82418277.html HTTP/1.1" 500 - "-" "Mozilla/5.0 (compatible; SemrushBot/7~bl; +http://www.semrush.com/bot.html)" "mantech8.com"
185.191.171.11 - - [26/Jan/2023:10:28:32 -0800] "GET /index.php?camp-fire%2F39817502.html HTTP/1.1" 500 - "-" "Mozilla/5.0 (compatible; SemrushBot/7~bl; +http://www.semrush.com/bot.html)" "mantech8.com"
185.191.171.39 - - [26/Jan/2023:10:28:34 -0800] "GET /index.php?camp-fire%2F17812827.html HTTP/1.1" 500 - "-" "Mozilla/5.0 (compatible; SemrushBot/7~bl; +http://www.semrush.com/bot.html)" "mantech8.com"
185.191.171.11 - - [26/Jan/2023:10:28:59 -0800] "GET /index.php?camp-fire%2F4406900.html HTTP/1.1" 500 - "-" "Mozilla/5.0 (compatible; SemrushBot/7~bl; +http://www.semrush.com/bot.html)" "mantech8.com"
185.191.171.13 - - [26/Jan/2023:10:29:00 -0800] "GET /?camp-fire%2F104519271.html HTTP/1.1" 500 - "-" "Mozilla/5.0 (compatible; SemrushBot/7~bl; +http://www.semrush.com/bot.html)" "mantech8.com"
185.191.171.19 - - [26/Jan/2023:10:29:12 -0800] "GET /index.php?camp-fire%2F34994908.html HTTP/1.1" 500 - "-" "Mozilla/5.0 (compatible; SemrushBot/7~bl; +http://www.semrush.com/bot.html)" "mantech8.com"
185.191.171.38 - - [26/Jan/2023:10:31:02 -0800] "GET /index.php?camp-fire%2F1398469.html HTTP/1.1" 500 - "-" "Mozilla/5.0 (compatible; SemrushBot/7~bl; +http://www.semrush.com/bot.html)" "mantech8.com"
185.191.171.7 - - [26/Jan/2023:10:32:19 -0800] "GET /index.php?camp-fire%2F34717646.html HTTP/1.1" 500 - "-" "Mozilla/5.0 (compatible; SemrushBot/7~bl; +http://www.semrush.com/bot.html)" "mantech8.com"
185.191.171.13 - - [26/Jan/2023:10:32:20 -0800] "GET /index.php?camp-fire%2F45154155.html HTTP/1.1" 500 - "-" "Mozilla/5.0 (compatible; SemrushBot/7~bl; +http://www.semrush.com/bot.html)" "mantech8.com"
185.191.171.17 - - [26/Jan/2023:10:32:49 -0800] "GET /index.php?camp-fire%2F41451750.html HTTP/1.1" 500 - "-" "Mozilla/5.0 (compatible; SemrushBot/7~bl; +http://www.semrush.com/bot.html)" "mantech8.com"
185.191.171.19 - - [26/Jan/2023:10:33:25 -0800] "GET /index.php?camp-fire%2F39107235.html HTTP/1.1" 500 - "-" "Mozilla/5.0 (compatible; SemrushBot/7~bl; +http://www.semrush.com/bot.html)" "mantech8.com"
185.191.171.6 - - [26/Jan/2023:10:33:31 -0800] "GET /index.php?camp-fire%2F1361859.html HTTP/1.1" 500 - "-" "Mozilla/5.0 (compatible; SemrushBot/7~bl; +http://www.semrush.com/bot.html)" "mantech8.com"
185.191.171.8 - - [26/Jan/2023:10:34:13 -0800] "GET /index.php?camp-fire%2F32789268.html HTTP/1.1" 500 - "-" "Mozilla/5.0 (compatible; SemrushBot/7~bl; +http://www.semrush.com/bot.html)" "mantech8.com"
185.191.171.8 - - [26/Jan/2023:10:34:24 -0800] "GET /index.php?camp-fire%2F78379200.html HTTP/1.1" 500 - "-" "Mozilla/5.0 (compatible; SemrushBot/7~bl; +http://www.semrush.com/bot.html)" "mantech8.com"
185.191.171.33 - - [26/Jan/2023:10:34:35 -0800] "GET /index.php?camp-fire%2F37040978.html HTTP/1.1" 500 - "-" "Mozilla/5.0 (compatible; SemrushBot/7~bl; +http://www.semrush.com/bot.html)" "mantech8.com"
185.191.171.33 - - [26/Jan/2023:10:34:36 -0800] "GET /index.php?camp-fire%2F42836034.html HTTP/1.1" 500 - "-" "Mozilla/5.0 (compatible; SemrushBot/7~bl; +http://www.semrush.com/bot.html)" "mantech8.com"
185.191.171.2 - - [26/Jan/2023:10:35:33 -0800] "GET /index.php?camp-fire%2F17303865.html HTTP/1.1" 500 - "-" "Mozilla/5.0 (compatible; SemrushBot/7~bl; +http://www.semrush.com/bot.html)" "mantech8.com"
114.119.141.9 - - [26/Jan/2023:10:36:53 -0800] "GET /index.php?diethers.xml HTTP/1.1" 200 289387 "-" "Mozilla/5.0 (Linux; Android 7.0;) AppleWebKit/537.36 (KHTML, like Gecko) Mobile Safari/537.36 (compatible; PetalBot;+https://webmaster.petalsearch.com/site/petalbot)" "mantech8.com"
185.191.171.17 - - [26/Jan/2023:10:37:06 -0800] "GET /index.php?camp-fire%2F38954317.html HTTP/1.1" 500 - "-" "Mozilla/5.0 (compatible; SemrushBot/7~bl; +http://www.semrush.com/bot.html)" "mantech8.com"
185.191.171.26 - - [26/Jan/2023:10:37:09 -0800] "GET /index.php?camp-fire%2F59097276.html HTTP/1.1" 500 - "-" "Mozilla/5.0 (compatible; SemrushBot/7~bl; +http://www.semrush.com/bot.html)" "mantech8.com"
114.119.158.172 - - [26/Jan/2023:10:38:22 -0800] "GET /?sitemap14.xml HTTP/1.1" 200 270484 "-" "Mozilla/5.0 (Linux; Android 7.0;) AppleWebKit/537.36 (KHTML, like Gecko) Mobile Safari/537.36 (compatible; PetalBot;+https://webmaster.petalsearch.com/site/petalbot)" "mantech8.com"
185.191.171.4 - - [26/Jan/2023:10:38:35 -0800] "GET /index.php?camp-fire%2F39733035.html HTTP/1.1" 500 - "-" "Mozilla/5.0 (compatible; SemrushBot/7~bl; +http://www.semrush.com/bot.html)" "mantech8.com"
185.191.171.38 - - [26/Jan/2023:10:39:15 -0800] "GET /index.php?camp-fire%2F47209816.html HTTP/1.1" 500 - "-" "Mozilla/5.0 (compatible; SemrushBot/7~bl; +http://www.semrush.com/bot.html)" "mantech8.com"
185.191.171.44 - - [26/Jan/2023:10:39:39 -0800] "GET /index.php?camp-fire%2F48316835.html HTTP/1.1" 500 - "-" "Mozilla/5.0 (compatible; SemrushBot/7~bl; +http://www.semrush.com/bot.html)" "mantech8.com"
185.191.171.20 - - [26/Jan/2023:10:40:23 -0800] "GET /index.php?camp-fire%2F58604749.html HTTP/1.1" 500 - "-" "Mozilla/5.0 (compatible; SemrushBot/7~bl; +http://www.semrush.com/bot.html)" "mantech8.com"
185.191.171.4 - - [26/Jan/2023:10:40:35 -0800] "GET /index.php?camp-fire%2F36581897.html HTTP/1.1" 500 - "-" "Mozilla/5.0 (compatible; SemrushBot/7~bl; +http://www.semrush.com/bot.html)" "mantech8.com"
185.191.171.21 - - [26/Jan/2023:10:42:22 -0800] "GET /index.php?camp-fire%2F44150234.html HTTP/1.1" 500 - "-" "Mozilla/5.0 (compatible; SemrushBot/7~bl; +http://www.semrush.com/bot.html)" "mantech8.com"
185.191.171.44 - - [26/Jan/2023:10:42:29 -0800] "GET /index.php?camp-fire%2F27306097.html HTTP/1.1" 500 - "-" "Mozilla/5.0 (compatible; SemrushBot/7~bl; +http://www.semrush.com/bot.html)" "mantech8.com"
185.191.171.2 - - [26/Jan/2023:10:42:48 -0800] "GET /index.php?camp-fire%2F49327717.html HTTP/1.1" 500 - "-" "Mozilla/5.0 (compatible; SemrushBot/7~bl; +http://www.semrush.com/bot.html)" "mantech8.com"
185.191.171.15 - - [26/Jan/2023:10:43:13 -0800] "GET /index.php?camp-fire%2F58337003.html HTTP/1.1" 500 - "-" "Mozilla/5.0 (compatible; SemrushBot/7~bl; +http://www.semrush.com/bot.html)" "mantech8.com"
69.128.11.194 - - [26/Jan/2023:10:43:56 -0800] "GET / HTTP/1.1" 500 - "https://www.google.com/" "Mozilla/5.0 (Windows NT 10.0; Win64; x64; rv:99.0) Gecko/20100101 Firefox/99.0" "www.mantech8.com"
69.128.11.194 - - [26/Jan/2023:10:43:56 -0800] "GET /favicon.ico HTTP/1.1" 404 88 "http://www.mantech8.com/" "Mozilla/5.0 (Windows NT 10.0; Win64; x64; rv:99.0) Gecko/20100101 Firefox/99.0" "www.mantech8.com"
185.191.171.4 - - [26/Jan/2023:10:44:01 -0800] "GET /index.php?camp-fire%2F3533793.html HTTP/1.1" 500 - "-" "Mozilla/5.0 (compatible; SemrushBot/7~bl; +http://www.semrush.com/bot.html)" "mantech8.com"
185.191.171.41 - - [26/Jan/2023:10:44:23 -0800] "GET /index.php?camp-fire%2F90821778.html HTTP/1.1" 500 - "-" "Mozilla/5.0 (compatible; SemrushBot/7~bl; +http://www.semrush.com/bot.html)" "mantech8.com"
185.191.171.26 - - [26/Jan/2023:10:45:21 -0800] "GET /index.php?camp-fire%2F51383964.html HTTP/1.1" 500 - "-" "Mozilla/5.0 (compatible; SemrushBot/7~bl; +http://www.semrush.com/bot.html)" "mantech8.com"
185.191.171.12 - - [26/Jan/2023:10:46:30 -0800] "GET /index.php?camp-fire%2F52477988.html HTTP/1.1" 500 - "-" "Mozilla/5.0 (compatible; SemrushBot/7~bl; +http://www.semrush.com/bot.html)" "mantech8.com"
185.191.171.11 - - [26/Jan/2023:10:46:43 -0800] "GET /index.php?camp-fire%2F33752659.html HTTP/1.1" 500 - "-" "Mozilla/5.0 (compatible; SemrushBot/7~bl; +http://www.semrush.com/bot.html)" "mantech8.com"
185.191.171.44 - - [26/Jan/2023:10:47:30 -0800] "GET /index.php?camp-fire%2F67740003.html HTTP/1.1" 500 - "-" "Mozilla/5.0 (compatible; SemrushBot/7~bl; +http://www.semrush.com/bot.html)" "mantech8.com"
185.191.171.33 - - [26/Jan/2023:10:47:34 -0800] "GET /index.php?camp-fire%2F72564998.html HTTP/1.1" 500 - "-" "Mozilla/5.0 (compatible; SemrushBot/7~bl; +http://www.semrush.com/bot.html)" "mantech8.com"
185.191.171.26 - - [26/Jan/2023:10:47:50 -0800] "GET /index.php?camp-fire%2F96264390.html HTTP/1.1" 500 - "-" "Mozilla/5.0 (compatible; SemrushBot/7~bl; +http://www.semrush.com/bot.html)" "mantech8.com"
185.191.171.25 - - [26/Jan/2023:10:48:23 -0800] "GET /index.php?camp-fire%2F46258635.html HTTP/1.1" 500 - "-" "Mozilla/5.0 (compatible; SemrushBot/7~bl; +http://www.semrush.com/bot.html)" "mantech8.com"
185.191.171.40 - - [26/Jan/2023:10:48:58 -0800] "GET /index.php?camp-fire%2F67704872.html HTTP/1.1" 500 - "-" "Mozilla/5.0 (compatible; SemrushBot/7~bl; +http://www.semrush.com/bot.html)" "mantech8.com"
185.191.171.39 - - [26/Jan/2023:10:50:50 -0800] "GET /index.php?camp-fire%2F49419688.html HTTP/1.1" 500 - "-" "Mozilla/5.0 (compatible; SemrushBot/7~bl; +http://www.semrush.com/bot.html)" "mantech8.com"
114.119.151.12 - - [26/Jan/2023:10:50:53 -0800] "GET /index.php/kiger.xml HTTP/1.1" 200 289259 "-" "Mozilla/5.0 (Linux; Android 7.0;) AppleWebKit/537.36 (KHTML, like Gecko) Mobile Safari/537.36 (compatible; PetalBot;+https://webmaster.petalsearch.com/site/petalbot)" "mantech8.com"
185.191.171.2 - - [26/Jan/2023:10:52:12 -0800] "GET /index.php?camp-fire%2F55369617.html HTTP/1.1" 500 - "-" "Mozilla/5.0 (compatible; SemrushBot/7~bl; +http://www.semrush.com/bot.html)" "mantech8.com"
114.119.144.38 - - [26/Jan/2023:10:52:23 -0800] "GET /?ascensor.xml HTTP/1.1" 200 270514 "-" "Mozilla/5.0 (Linux; Android 7.0;) AppleWebKit/537.36 (KHTML, like Gecko) Mobile Safari/537.36 (compatible; PetalBot;+https://webmaster.petalsearch.com/site/petalbot)" "mantech8.com"
185.191.171.36 - - [26/Jan/2023:10:53:04 -0800] "GET /index.php?camp-fire%2F93875542.html HTTP/1.1" 500 - "-" "Mozilla/5.0 (compatible; SemrushBot/7~bl; +http://www.semrush.com/bot.html)" "mantech8.com"
40.77.167.59 - - [26/Jan/2023:10:53:08 -0800] "GET / HTTP/1.1" 200 64191 "-" "Mozilla/5.0 AppleWebKit/537.36 (KHTML, like Gecko; compatible; bingbot/2.0; +http://www.bing.com/bingbot.htm) Chrome/103.0.5060.134 Safari/537.36" "www.mantech8.com"
185.191.171.19 - - [26/Jan/2023:10:53:47 -0800] "GET /index.php?camp-fire%2F3896274.html HTTP/1.1" 500 - "-" "Mozilla/5.0 (compatible; SemrushBot/7~bl; +http://www.semrush.com/bot.html)" "mantech8.com"
185.191.171.3 - - [26/Jan/2023:10:53:57 -0800] "GET /?camp-fire%2F35014932.html HTTP/1.1" 500 - "-" "Mozilla/5.0 (compatible; SemrushBot/7~bl; +http://www.semrush.com/bot.html)" "mantech8.com"
185.191.171.45 - - [26/Jan/2023:10:54:25 -0800] "GET /index.php?camp-fire%2F33631259.html HTTP/1.1" 500 - "-" "Mozilla/5.0 (compatible; SemrushBot/7~bl; +http://www.semrush.com/bot.html)" "mantech8.com"
185.191.171.8 - - [26/Jan/2023:10:54:38 -0800] "GET /index.php?camp-fire%2F56427676.html HTTP/1.1" 500 - "-" "Mozilla/5.0 (compatible; SemrushBot/7~bl; +http://www.semrush.com/bot.html)" "mantech8.com"
185.191.171.24 - - [26/Jan/2023:10:54:40 -0800] "GET /index.php?camp-fire%2F52479188.html HTTP/1.1" 500 - "-" "Mozilla/5.0 (compatible; SemrushBot/7~bl; +http://www.semrush.com/bot.html)" "mantech8.com"
185.191.171.24 - - [26/Jan/2023:10:55:07 -0800] "GET /index.php?camp-fire%2F5916877.html HTTP/1.1" 500 - "-" "Mozilla/5.0 (compatible; SemrushBot/7~bl; +http://www.semrush.com/bot.html)" "mantech8.com"
185.191.171.15 - - [26/Jan/2023:10:56:31 -0800] "GET /index.php?camp-fire%2F5379077.html HTTP/1.1" 500 - "-" "Mozilla/5.0 (compatible; SemrushBot/7~bl; +http://www.semrush.com/bot.html)" "mantech8.com"
185.191.171.44 - - [26/Jan/2023:10:57:16 -0800] "GET /index.php?camp-fire%2F39941102.html HTTP/1.1" 500 - "-" "Mozilla/5.0 (compatible; SemrushBot/7~bl; +http://www.semrush.com/bot.html)" "mantech8.com"
185.191.171.40 - - [26/Jan/2023:10:58:09 -0800] "GET /index.php?camp-fire%2F33978425.html HTTP/1.1" 500 - "-" "Mozilla/5.0 (compatible; SemrushBot/7~bl; +http://www.semrush.com/bot.html)" "mantech8.com"
185.191.171.1 - - [26/Jan/2023:10:58:18 -0800] "GET /index.php?camp-fire%2F4175985.html HTTP/1.1" 500 - "-" "Mozilla/5.0 (compatible; SemrushBot/7~bl; +http://www.semrush.com/bot.html)" "mantech8.com"
185.191.171.42 - - [26/Jan/2023:10:59:05 -0800] "GET /index.php?camp-fire%2F38168472.html HTTP/1.1" 500 - "-" "Mozilla/5.0 (compatible; SemrushBot/7~bl; +http://www.semrush.com/bot.html)" "mantech8.com"
185.191.171.39 - - [26/Jan/2023:10:59:26 -0800] "GET /index.php?camp-fire%2F36954641.html HTTP/1.1" 500 - "-" "Mozilla/5.0 (compatible; SemrushBot/7~bl; +http://www.semrush.com/bot.html)" "mantech8.com"
193.42.33.106 - - [26/Jan/2023:10:59:55 -0800] "GET /wp-content/plugins/iwp-client/readme.txt HTTP/1.1" 404 88 "https://www.google.com/search?" "Mozilla/5.0 (Linux; Android 12; SM-A205U) AppleWebKit/537.36 (KHTML, like Gecko) Chrome/107.0.5304.141 Mobile Safari/537.36" "mantech8.com"
193.42.33.106 - - [26/Jan/2023:11:00:16 -0800] "GET /wp-content/plugins/wp-time-capsule/readme.txt HTTP/1.1" 404 88 "https://www.google.com/search?" "Mozilla/5.0 (Linux; Android 12; SM-A205U) AppleWebKit/537.36 (KHTML, like Gecko) Chrome/107.0.5304.141 Mobile Safari/537.36" "mantech8.com"
185.191.171.3 - - [26/Jan/2023:11:00:29 -0800] "GET /index.php?camp-fire%2F78921651.html HTTP/1.1" 500 - "-" "Mozilla/5.0 (compatible; SemrushBot/7~bl; +http://www.semrush.com/bot.html)" "mantech8.com"
185.191.171.16 - - [26/Jan/2023:11:00:35 -0800] "GET /index.php?camp-fire%2F64165302.html HTTP/1.1" 500 - "-" "Mozilla/5.0 (compatible; SemrushBot/7~bl; +http://www.semrush.com/bot.html)" "mantech8.com"
185.191.171.38 - - [26/Jan/2023:11:01:11 -0800] "GET /index.php?camp-fire%2F8149578.html HTTP/1.1" 500 - "-" "Mozilla/5.0 (compatible; SemrushBot/7~bl; +http://www.semrush.com/bot.html)" "mantech8.com"
185.191.171.26 - - [26/Jan/2023:11:01:17 -0800] "GET /index.php?camp-fire%2F43369332.html HTTP/1.1" 500 - "-" "Mozilla/5.0 (compatible; SemrushBot/7~bl; +http://www.semrush.com/bot.html)" "mantech8.com"
185.191.171.15 - - [26/Jan/2023:11:01:26 -0800] "GET /index.php?camp-fire%2F11984976.html HTTP/1.1" 500 - "-" "Mozilla/5.0 (compatible; SemrushBot/7~bl; +http://www.semrush.com/bot.html)" "mantech8.com"
185.191.171.13 - - [26/Jan/2023:11:01:57 -0800] "GET /index.php?camp-fire%2F8475900.html HTTP/1.1" 500 - "-" "Mozilla/5.0 (compatible; SemrushBot/7~bl; +http://www.semrush.com/bot.html)" "mantech8.com"
185.191.171.43 - - [26/Jan/2023:11:02:36 -0800] "GET /index.php?camp-fire%2F1914729.html HTTP/1.1" 500 - "-" "Mozilla/5.0 (compatible; SemrushBot/7~bl; +http://www.semrush.com/bot.html)" "mantech8.com"
193.42.33.106 - - [26/Jan/2023:11:02:37 -0800] "GET /wp-content/plugins/themegrill-demo-importer/readme.txt HTTP/1.1" 404 88 "https://www.google.com/search?" "Mozilla/5.0 (Macintosh; Intel Mac OS X 13_0_1) AppleWebKit/537.36 (KHTML, like Gecko) Chrome/107.0.0.0 Safari/537.36" "mantech8.com"
193.42.33.106 - - [26/Jan/2023:11:03:02 -0800] "GET /wp-content/plugins/advanced-import/readme.txt HTTP/1.1" 404 88 "https://www.google.com/search?" "Mozilla/5.0 (Macintosh; Intel Mac OS X 13_0_1) AppleWebKit/537.36 (KHTML, like Gecko) Chrome/107.0.0.0 Safari/537.36" "mantech8.com"
185.191.171.39 - - [26/Jan/2023:11:03:13 -0800] "GET /index.php?camp-fire%2F37270178.html HTTP/1.1" 500 - "-" "Mozilla/5.0 (compatible; SemrushBot/7~bl; +http://www.semrush.com/bot.html)" "mantech8.com"
185.191.171.17 - - [26/Jan/2023:11:04:12 -0800] "GET /index.php?camp-fire%2F2401893.html HTTP/1.1" 500 - "-" "Mozilla/5.0 (compatible; SemrushBot/7~bl; +http://www.semrush.com/bot.html)" "mantech8.com"
185.191.171.23 - - [26/Jan/2023:11:04:28 -0800] "GET /index.php?camp-fire%2F7771342.html HTTP/1.1" 500 - "-" "Mozilla/5.0 (compatible; SemrushBot/7~bl; +http://www.semrush.com/bot.html)" "mantech8.com"
185.191.171.14 - - [26/Jan/2023:11:04:34 -0800] "GET /index.php?camp-fire%2F39941202.html HTTP/1.1" 500 - "-" "Mozilla/5.0 (compatible; SemrushBot/7~bl; +http://www.semrush.com/bot.html)" "mantech8.com"
193.42.33.106 - - [26/Jan/2023:11:05:07 -0800] "GET /wp-content/plugins/woocommerce-jetpack/readme.txt HTTP/1.1" 404 88 "https://www.google.com/search?" "Mozilla/5.0 (Windows NT 10.0; Win64; x64) AppleWebKit/537.36 (KHTML, like Gecko) Chrome/107.0.0.0 Safari/537.36" "mantech8.com"
185.191.171.14 - - [26/Jan/2023:11:06:00 -0800] "GET /index.php?camp-fire%2F45014303.html HTTP/1.1" 500 - "-" "Mozilla/5.0 (compatible; SemrushBot/7~bl; +http://www.semrush.com/bot.html)" "mantech8.com"
185.191.171.19 - - [26/Jan/2023:11:06:38 -0800] "GET /index.php?camp-fire%2F26905276.html HTTP/1.1" 500 - "-" "Mozilla/5.0 (compatible; SemrushBot/7~bl; +http://www.semrush.com/bot.html)" "mantech8.com"
185.191.171.7 - - [26/Jan/2023:11:06:41 -0800] "GET /index.php?camp-fire%2F56427876.html HTTP/1.1" 500 - "-" "Mozilla/5.0 (compatible; SemrushBot/7~bl; +http://www.semrush.com/bot.html)" "mantech8.com"
193.42.33.106 - - [26/Jan/2023:11:06:59 -0800] "GET /wp-content/plugins/emails-verification-for-woocommerce/readme.txt HTTP/1.1" 404 88 "https://www.google.com/search?" "Mozilla/5.0 (Linux; Android 12; SM-A205U) AppleWebKit/537.36 (KHTML, like Gecko) Chrome/107.0.5304.141 Mobile Safari/537.36" "mantech8.com"
193.42.33.106 - - [26/Jan/2023:11:07:03 -0800] "GET /wp-content/plugins/woocommerce-upload-files/js/wcuf-admin-menu.js HTTP/1.1" 404 88 "https://www.google.com/search?" "Mozilla/5.0 (Linux; Android 12; SM-A205U) AppleWebKit/537.36 (KHTML, like Gecko) Chrome/107.0.5304.141 Mobile Safari/537.36" "mantech8.com"
193.42.33.106 - - [26/Jan/2023:11:07:09 -0800] "GET /wp-content/plugins/wp-user-extra-fields/js/wpuef-configurator.js HTTP/1.1" 404 88 "https://www.google.com/search?" "Mozilla/5.0 (Windows NT 10.0; Win64; x64) AppleWebKit/537.36 (KHTML, like Gecko) Chrome/107.0.0.0 Safari/537.36" "mantech8.com"
193.42.33.106 - - [26/Jan/2023:11:07:18 -0800] "GET /wp-content/plugins/wp-automatic/changelog HTTP/1.1" 404 88 "https://www.google.com/search?" "Mozilla/5.0 (Windows NT 10.0; Win64; x64) AppleWebKit/537.36 (KHTML, like Gecko) Chrome/107.0.0.0 Safari/537.36" "mantech8.com"
185.191.171.40 - - [26/Jan/2023:11:07:45 -0800] "GET /index.php?camp-fire%2F38830917.html HTTP/1.1" 500 - "-" "Mozilla/5.0 (compatible; SemrushBot/7~bl; +http://www.semrush.com/bot.html)" "mantech8.com"
193.42.33.106 - - [26/Jan/2023:11:07:50 -0800] "GET /wp-content/plugins/wp-automatic/css/wp-automatic.css HTTP/1.1" 404 88 "https://www.google.com/search?" "Mozilla/5.0 (Macintosh; Intel Mac OS X 13_0_1) AppleWebKit/537.36 (KHTML, like Gecko) Chrome/107.0.0.0 Safari/537.36" "mantech8.com"
185.191.171.36 - - [26/Jan/2023:11:08:14 -0800] "GET /index.php?camp-fire%2F2342659.html HTTP/1.1" 500 - "-" "Mozilla/5.0 (compatible; SemrushBot/7~bl; +http://www.semrush.com/bot.html)" "mantech8.com"
193.42.33.106 - - [26/Jan/2023:11:08:40 -0800] "GET /wp-content/plugins/capability-manager-enhanced/readme.txt HTTP/1.1" 404 88 "https://www.google.com/search?" "Mozilla/5.0 (Linux; Android 11; ONEPLUS A6013) AppleWebKit/537.36 (KHTML, like Gecko) Chrome/107.0.0.0 Mobile Safari/537.36" "mantech8.com"
193.42.33.106 - - [26/Jan/2023:11:09:13 -0800] "GET /wp-content/plugins/capabilities-pro/readme.txt HTTP/1.1" 404 88 "https://www.google.com/search?" "Mozilla/5.0 (Linux; Android 12; SM-A205U) AppleWebKit/537.36 (KHTML, like Gecko) Chrome/107.0.5304.141 Mobile Safari/537.36" "mantech8.com"
185.191.171.14 - - [26/Jan/2023:11:09:26 -0800] "GET /index.php?camp-fire%2F35713350.html HTTP/1.1" 500 - "-" "Mozilla/5.0 (compatible; SemrushBot/7~bl; +http://www.semrush.com/bot.html)" "mantech8.com"
185.191.171.34 - - [26/Jan/2023:11:09:54 -0800] "GET /index.php?camp-fire%2F62561083.html HTTP/1.1" 500 - "-" "Mozilla/5.0 (compatible; SemrushBot/7~bl; +http://www.semrush.com/bot.html)" "mantech8.com"
114.119.138.188 - - [26/Jan/2023:11:11:06 -0800] "GET /sitemap53.xml HTTP/1.1" 404 88 "-" "Mozilla/5.0 (Linux; Android 7.0;) AppleWebKit/537.36 (KHTML, like Gecko) Mobile Safari/537.36 (compatible; PetalBot;+https://webmaster.petalsearch.com/site/petalbot)" "mantech8.com"
216.244.66.241 - - [26/Jan/2023:11:11:26 -0800] "GET /robots.txt HTTP/1.1" 200 222 "-" "Mozilla/5.0 (compatible; DotBot/1.2; +https://opensiteexplorer.org/dotbot; help@moz.com)" "www.mantech8.com"
216.244.66.241 - - [26/Jan/2023:11:11:26 -0800] "GET /robots.txt HTTP/1.1" 200 222 "-" "Mozilla/5.0 (compatible; DotBot/1.2; +https://opensiteexplorer.org/dotbot; help@moz.com)" "mantech8.com"
185.191.171.8 - - [26/Jan/2023:11:11:41 -0800] "GET /index.php?camp-fire%2F8501455.html HTTP/1.1" 500 - "-" "Mozilla/5.0 (compatible; SemrushBot/7~bl; +http://www.semrush.com/bot.html)" "mantech8.com"
185.191.171.13 - - [26/Jan/2023:11:11:47 -0800] "GET /index.php?camp-fire%2F85798178.html HTTP/1.1" 500 - "-" "Mozilla/5.0 (compatible; SemrushBot/7~bl; +http://www.semrush.com/bot.html)" "mantech8.com"
185.191.171.39 - - [26/Jan/2023:11:12:05 -0800] "GET /index.php?camp-fire%2F1372690.html HTTP/1.1" 500 - "-" "Mozilla/5.0 (compatible; SemrushBot/7~bl; +http://www.semrush.com/bot.html)" "mantech8.com"
185.191.171.7 - - [26/Jan/2023:11:12:14 -0800] "GET /index.php?camp-fire%2F39391308.html HTTP/1.1" 500 - "-" "Mozilla/5.0 (compatible; SemrushBot/7~bl; +http://www.semrush.com/bot.html)" "mantech8.com"
185.191.171.26 - - [26/Jan/2023:11:12:16 -0800] "GET /index.php?camp-fire%2F39871802.html HTTP/1.1" 500 - "-" "Mozilla/5.0 (compatible; SemrushBot/7~bl; +http://www.semrush.com/bot.html)" "mantech8.com"
185.191.171.25 - - [26/Jan/2023:11:12:17 -0800] "GET /index.php?camp-fire%2F90392561.html HTTP/1.1" 500 - "-" "Mozilla/5.0 (compatible; SemrushBot/7~bl; +http://www.semrush.com/bot.html)" "mantech8.com"
193.42.33.106 - - [26/Jan/2023:11:12:37 -0800] "GET /wp-content/plugins/wp-pinterest-automatic/changelog HTTP/1.1" 404 88 "https://www.google.com/search?" "Mozilla/5.0 (Linux; Android 12; SM-A205U) AppleWebKit/537.36 (KHTML, like Gecko) Chrome/107.0.5304.141 Mobile Safari/537.36" "mantech8.com"
185.191.171.43 - - [26/Jan/2023:11:12:58 -0800] "GET /index.php?camp-fire%2F37978678.html HTTP/1.1" 500 - "-" "Mozilla/5.0 (compatible; SemrushBot/7~bl; +http://www.semrush.com/bot.html)" "mantech8.com"
185.191.171.5 - - [26/Jan/2023:11:13:01 -0800] "GET /index.php?camp-fire%2F32481368.html HTTP/1.1" 500 - "-" "Mozilla/5.0 (compatible; SemrushBot/7~bl; +http://www.semrush.com/bot.html)" "mantech8.com"
193.42.33.106 - - [26/Jan/2023:11:13:05 -0800] "GET /wp-content/plugins/ulisting/readme.txt HTTP/1.1" 404 88 "https://www.google.com/search?" "Mozilla/5.0 (Linux; Android 11; Lenovo YT-J706X) AppleWebKit/537.36 (KHTML, like Gecko) Chrome/107.0.0.0 Safari/537.36" "mantech8.com"
193.42.33.106 - - [26/Jan/2023:11:13:19 -0800] "GET /wp-content/plugins/image-hover-effects-ultimate/readme.txt HTTP/1.1" 404 88 "https://www.google.com/search?" "Mozilla/5.0 (Linux; Android 12; SM-A205U) AppleWebKit/537.36 (KHTML, like Gecko) Chrome/107.0.5304.141 Mobile Safari/537.36" "mantech8.com"
185.191.171.8 - - [26/Jan/2023:11:13:31 -0800] "GET /index.php?camp-fire%2F46798871.html HTTP/1.1" 500 - "-" "Mozilla/5.0 (compatible; SemrushBot/7~bl; +http://www.semrush.com/bot.html)" "mantech8.com"
185.191.171.22 - - [26/Jan/2023:11:13:52 -0800] "GET /index.php?camp-fire%2F1729353.html HTTP/1.1" 500 - "-" "Mozilla/5.0 (compatible; SemrushBot/7~bl; +http://www.semrush.com/bot.html)" "mantech8.com"
193.42.33.106 - - [26/Jan/2023:11:14:23 -0800] "GET /wp-content/plugins/ait-csv-import-export/changelog.txt HTTP/1.1" 404 88 "https://www.google.com/search?" "Mozilla/5.0 (Macintosh; Intel Mac OS X 13_0_1) AppleWebKit/537.36 (KHTML, like Gecko) Chrome/107.0.0.0 Safari/537.36" "mantech8.com"
185.191.171.38 - - [26/Jan/2023:11:15:28 -0800] "GET /index.php?camp-fire%2F33606560.html HTTP/1.1" 500 - "-" "Mozilla/5.0 (compatible; SemrushBot/7~bl; +http://www.semrush.com/bot.html)" "mantech8.com"
193.42.33.106 - - [26/Jan/2023:11:16:21 -0800] "GET /wp-content/plugins/angwp/__%20UPDATES.txt HTTP/1.1" 404 88 "https://www.google.com/search?" "Mozilla/5.0 (iPhone; CPU iPhone OS 16_1 like Mac OS X) AppleWebKit/605.1.15 (KHTML, like Gecko) CriOS/107.0.5304.101 Mobile/15E148 Safari/604.1" "mantech8.com"
185.191.171.1 - - [26/Jan/2023:11:17:26 -0800] "GET /index.php?camp-fire%2F15704846.html HTTP/1.1" 500 - "-" "Mozilla/5.0 (compatible; SemrushBot/7~bl; +http://www.semrush.com/bot.html)" "mantech8.com"
185.191.171.6 - - [26/Jan/2023:11:17:37 -0800] "GET /index.php?camp-fire%2F4775055.html HTTP/1.1" 500 - "-" "Mozilla/5.0 (compatible; SemrushBot/7~bl; +http://www.semrush.com/bot.html)" "mantech8.com"
193.42.33.106 - - [26/Jan/2023:11:18:08 -0800] "GET /wp-content/plugins/e-signature/page-template/default/style.css HTTP/1.1" 404 88 "https://www.google.com/search?" "Mozilla/5.0 (Linux; Android 11; Lenovo YT-J706X) AppleWebKit/537.36 (KHTML, like Gecko) Chrome/107.0.0.0 Safari/537.36" "mantech8.com"
40.77.167.73 - - [26/Jan/2023:11:18:11 -0800] "GET /robots.txt HTTP/1.1" 200 106 "-" "Mozilla/5.0 AppleWebKit/537.36 (KHTML, like Gecko; compatible; bingbot/2.0; +http://www.bing.com/bingbot.htm) Chrome/103.0.5060.134 Safari/537.36" "mantech8.com"
40.77.167.29 - - [26/Jan/2023:11:18:20 -0800] "GET /index.php?camp-fire/14540000.html HTTP/1.1" 200 62357 "-" "Mozilla/5.0 AppleWebKit/537.36 (KHTML, like Gecko; compatible; bingbot/2.0; +http://www.bing.com/bingbot.htm) Chrome/103.0.5060.134 Safari/537.36" "mantech8.com"
185.191.171.33 - - [26/Jan/2023:11:18:26 -0800] "GET /index.php?camp-fire%2F39011672.html HTTP/1.1" 500 - "-" "Mozilla/5.0 (compatible; SemrushBot/7~bl; +http://www.semrush.com/bot.html)" "mantech8.com"
185.191.171.26 - - [26/Jan/2023:11:18:33 -0800] "GET /index.php?camp-fire%2F51072503.html HTTP/1.1" 500 - "-" "Mozilla/5.0 (compatible; SemrushBot/7~bl; +http://www.semrush.com/bot.html)" "mantech8.com"
193.42.33.106 - - [26/Jan/2023:11:19:05 -0800] "GET /wp-content/plugins/superstorefinder-wp/css/ssf-wp-admin.css HTTP/1.1" 404 88 "https://www.google.com/search?" "Mozilla/5.0 (Linux; Android 12; SM-A205U) AppleWebKit/537.36 (KHTML, like Gecko) Chrome/107.0.5304.141 Mobile Safari/537.36" "mantech8.com"
185.191.171.22 - - [26/Jan/2023:11:19:09 -0800] "GET /index.php?camp-fire%2F85252178.html HTTP/1.1" 500 - "-" "Mozilla/5.0 (compatible; SemrushBot/7~bl; +http://www.semrush.com/bot.html)" "mantech8.com"
207.46.13.199 - - [26/Jan/2023:11:19:23 -0800] "GET / HTTP/1.1" 200 64294 "-" "Mozilla/5.0 AppleWebKit/537.36 (KHTML, like Gecko; compatible; bingbot/2.0; +http://www.bing.com/bingbot.htm) Chrome/103.0.5060.134 Safari/537.36" "www.mantech8.com"
185.191.171.44 - - [26/Jan/2023:11:19:29 -0800] "GET /index.php?camp-fire%2F27796663.html HTTP/1.1" 500 - "-" "Mozilla/5.0 (compatible; SemrushBot/7~bl; +http://www.semrush.com/bot.html)" "mantech8.com"
185.191.171.21 - - [26/Jan/2023:11:19:41 -0800] "GET /?camp-fire%2F42125171.html HTTP/1.1" 500 - "-" "Mozilla/5.0 (compatible; SemrushBot/7~bl; +http://www.semrush.com/bot.html)" "mantech8.com"
185.191.171.21 - - [26/Jan/2023:11:20:29 -0800] "GET /index.php?camp-fire%2F3450800.html HTTP/1.1" 500 - "-" "Mozilla/5.0 (compatible; SemrushBot/7~bl; +http://www.semrush.com/bot.html)" "mantech8.com"
185.191.171.42 - - [26/Jan/2023:11:20:44 -0800] "GET /index.php?camp-fire%2F40307050.html HTTP/1.1" 500 - "-" "Mozilla/5.0 (compatible; SemrushBot/7~bl; +http://www.semrush.com/bot.html)" "mantech8.com"
193.42.33.106 - - [26/Jan/2023:11:21:09 -0800] "GET /wp-content/plugins/super-interactive-maps/css/sim-wp-admin.css HTTP/1.1" 404 88 "https://www.google.com/search?" "Mozilla/5.0 (Macintosh; Intel Mac OS X 13_0_1) AppleWebKit/537.36 (KHTML, like Gecko) Chrome/107.0.0.0 Safari/537.36" "mantech8.com"
193.42.33.106 - - [26/Jan/2023:11:21:39 -0800] "GET /wp-content/plugins/superlogoshowcase-wp/css/sls-wp-admin.css HTTP/1.1" 404 88 "https://www.google.com/search?" "Mozilla/5.0 (Linux; Android 11; ONEPLUS A6013) AppleWebKit/537.36 (KHTML, like Gecko) Chrome/107.0.0.0 Mobile Safari/537.36" "mantech8.com"
193.42.33.106 - - [26/Jan/2023:11:21:53 -0800] "GET /wp-content/plugins/mstore-api/readme.txt HTTP/1.1" 404 88 "https://www.google.com/search?" "Mozilla/5.0 (Linux; Android 11; Lenovo YT-J706X) AppleWebKit/537.36 (KHTML, like Gecko) Chrome/107.0.0.0 Safari/537.36" "mantech8.com"
185.191.171.20 - - [26/Jan/2023:11:22:04 -0800] "GET /index.php?camp-fire%2F39529372.html HTTP/1.1" 500 - "-" "Mozilla/5.0 (compatible; SemrushBot/7~bl; +http://www.semrush.com/bot.html)" "mantech8.com"
