40.77.167.13 - - [26/Jan/2023:02:43:03 -0800] "GET /hFdr-cfce-IoOKj.Ii HTTP/1.1" 404 88 "-" "Mozilla/5.0 AppleWebKit/537.36 (KHTML, like Gecko; compatible; bingbot/2.0; +http://www.bing.com/bingbot.htm) Chrome/103.0.5060.134 Safari/537.36" "www.mantech8.com"
157.55.39.186 - - [26/Jan/2023:02:43:17 -0800] "GET /hFdr-71fe-Ik4rG.Ii HTTP/1.1" 404 88 "-" "Mozilla/5.0 AppleWebKit/537.36 (KHTML, like Gecko; compatible; bingbot/2.0; +http://www.bing.com/bingbot.htm) Chrome/103.0.5060.134 Safari/537.36" "www.mantech8.com"
185.191.171.23 - - [26/Jan/2023:02:43:37 -0800] "GET /index.php?camp-fire%2F39942676.html HTTP/1.1" 500 - "-" "Mozilla/5.0 (compatible; SemrushBot/7~bl; +http://www.semrush.com/bot.html)" "mantech8.com"
185.191.171.21 - - [26/Jan/2023:02:44:02 -0800] "GET /index.php?camp-fire%2F42729289.html HTTP/1.1" 500 - "-" "Mozilla/5.0 (compatible; SemrushBot/7~bl; +http://www.semrush.com/bot.html)" "mantech8.com"
185.191.171.15 - - [26/Jan/2023:02:44:04 -0800] "GET /index.php?camp-fire%2F4223685.html HTTP/1.1" 500 - "-" "Mozilla/5.0 (compatible; SemrushBot/7~bl; +http://www.semrush.com/bot.html)" "mantech8.com"
185.191.171.18 - - [26/Jan/2023:02:44:08 -0800] "GET /index.php?camp-fire%2F35201625.html HTTP/1.1" 500 - "-" "Mozilla/5.0 (compatible; SemrushBot/7~bl; +http://www.semrush.com/bot.html)" "mantech8.com"
114.119.156.142 - - [26/Jan/2023:02:44:13 -0800] "GET /directorsmessage.php HTTP/1.1" 200 14685 "http://www.mantech8.com/mechanical.php" "Mozilla/5.0 (Linux; Android 7.0;) AppleWebKit/537.36 (KHTML, like Gecko) Mobile Safari/537.36 (compatible; PetalBot;+https://webmaster.petalsearch.com/site/petalbot)" "www.mantech8.com"
185.191.171.43 - - [26/Jan/2023:02:44:54 -0800] "GET /index.php?camp-fire%2F41696588.html HTTP/1.1" 500 - "-" "Mozilla/5.0 (compatible; SemrushBot/7~bl; +http://www.semrush.com/bot.html)" "mantech8.com"
185.191.171.13 - - [26/Jan/2023:02:45:01 -0800] "GET /index.php?camp-fire%2F49084625.html HTTP/1.1" 500 - "-" "Mozilla/5.0 (compatible; SemrushBot/7~bl; +http://www.semrush.com/bot.html)" "mantech8.com"
185.191.171.37 - - [26/Jan/2023:02:45:11 -0800] "GET /index.php?camp-fire%2F3878474.html HTTP/1.1" 500 - "-" "Mozilla/5.0 (compatible; SemrushBot/7~bl; +http://www.semrush.com/bot.html)" "mantech8.com"
114.119.151.113 - - [26/Jan/2023:02:45:20 -0800] "GET /bimages/hgallery/ HTTP/1.1" 200 499 "http://www.mantech8.com/bimages/" "Mozilla/5.0 (Linux; Android 7.0;) AppleWebKit/537.36 (KHTML, like Gecko) Mobile Safari/537.36 (compatible; PetalBot;+https://webmaster.petalsearch.com/site/petalbot)" "www.mantech8.com"
185.191.171.4 - - [26/Jan/2023:02:45:37 -0800] "GET /index.php?camp-fire%2F70395827.html HTTP/1.1" 500 - "-" "Mozilla/5.0 (compatible; SemrushBot/7~bl; +http://www.semrush.com/bot.html)" "mantech8.com"
185.191.171.5 - - [26/Jan/2023:02:45:49 -0800] "GET /index.php?camp-fire%2F34367356.html HTTP/1.1" 500 - "-" "Mozilla/5.0 (compatible; SemrushBot/7~bl; +http://www.semrush.com/bot.html)" "mantech8.com"
114.119.159.233 - - [26/Jan/2023:02:46:42 -0800] "GET /index.php?sitemap-index-8.xml HTTP/1.1" 200 4843 "-" "Mozilla/5.0 (Linux; Android 7.0;) AppleWebKit/537.36 (KHTML, like Gecko) Mobile Safari/537.36 (compatible; PetalBot;+https://webmaster.petalsearch.com/site/petalbot)" "mantech8.com"
185.191.171.5 - - [26/Jan/2023:02:50:08 -0800] "GET /index.php?camp-fire%2F43071834.html HTTP/1.1" 500 - "-" "Mozilla/5.0 (compatible; SemrushBot/7~bl; +http://www.semrush.com/bot.html)" "mantech8.com"
185.191.171.7 - - [26/Jan/2023:02:50:16 -0800] "GET /index.php?camp-fire%2F4954474.html HTTP/1.1" 500 - "-" "Mozilla/5.0 (compatible; SemrushBot/7~bl; +http://www.semrush.com/bot.html)" "mantech8.com"
185.191.171.36 - - [26/Jan/2023:02:50:27 -0800] "GET /index.php?camp-fire%2F52605272.html HTTP/1.1" 500 - "-" "Mozilla/5.0 (compatible; SemrushBot/7~bl; +http://www.semrush.com/bot.html)" "mantech8.com"
185.191.171.4 - - [26/Jan/2023:02:51:37 -0800] "GET /index.php?camp-fire%2F43953834.html HTTP/1.1" 500 - "-" "Mozilla/5.0 (compatible; SemrushBot/7~bl; +http://www.semrush.com/bot.html)" "mantech8.com"
185.191.171.21 - - [26/Jan/2023:02:52:59 -0800] "GET /index.php?camp-fire%2F32421560.html HTTP/1.1" 500 - "-" "Mozilla/5.0 (compatible; SemrushBot/7~bl; +http://www.semrush.com/bot.html)" "mantech8.com"
185.191.171.9 - - [26/Jan/2023:02:53:05 -0800] "GET /index.php?camp-fire%2F34763708.html HTTP/1.1" 500 - "-" "Mozilla/5.0 (compatible; SemrushBot/7~bl; +http://www.semrush.com/bot.html)" "mantech8.com"
185.191.171.39 - - [26/Jan/2023:02:53:48 -0800] "GET /index.php?camp-fire%2F57792293.html HTTP/1.1" 500 - "-" "Mozilla/5.0 (compatible; SemrushBot/7~bl; +http://www.semrush.com/bot.html)" "mantech8.com"
185.191.171.7 - - [26/Jan/2023:02:54:22 -0800] "GET /index.php?camp-fire%2F34217116.html HTTP/1.1" 500 - "-" "Mozilla/5.0 (compatible; SemrushBot/7~bl; +http://www.semrush.com/bot.html)" "mantech8.com"
185.191.171.26 - - [26/Jan/2023:02:54:27 -0800] "GET /index.php?camp-fire%2F4312985.html HTTP/1.1" 500 - "-" "Mozilla/5.0 (compatible; SemrushBot/7~bl; +http://www.semrush.com/bot.html)" "mantech8.com"
185.191.171.34 - - [26/Jan/2023:02:54:28 -0800] "GET /index.php?camp-fire%2F49432350.html HTTP/1.1" 500 - "-" "Mozilla/5.0 (compatible; SemrushBot/7~bl; +http://www.semrush.com/bot.html)" "mantech8.com"
185.191.171.43 - - [26/Jan/2023:02:55:39 -0800] "GET /index.php?camp-fire%2F2227472.html HTTP/1.1" 500 - "-" "Mozilla/5.0 (compatible; SemrushBot/7~bl; +http://www.semrush.com/bot.html)" "mantech8.com"
185.191.171.36 - - [26/Jan/2023:02:56:08 -0800] "GET /index.php?camp-fire%2F15645146.html HTTP/1.1" 500 - "-" "Mozilla/5.0 (compatible; SemrushBot/7~bl; +http://www.semrush.com/bot.html)" "mantech8.com"
185.191.171.36 - - [26/Jan/2023:02:56:09 -0800] "GET /index.php?camp-fire%2F28109670.html HTTP/1.1" 500 - "-" "Mozilla/5.0 (compatible; SemrushBot/7~bl; +http://www.semrush.com/bot.html)" "mantech8.com"
185.191.171.17 - - [26/Jan/2023:02:56:21 -0800] "GET /index.php?camp-fire%2F60393849.html HTTP/1.1" 500 - "-" "Mozilla/5.0 (compatible; SemrushBot/7~bl; +http://www.semrush.com/bot.html)" "mantech8.com"
94.229.64.113 - - [26/Jan/2023:02:57:09 -0800] "GET /contact.php HTTP/1.1" 200 29238 "http://mantech8.com/contact.php" "Mozilla/5.0 (Windows NT 6.1; WOW64) AppleWebKit/537.36 (KHTML, like Gecko) Chrome/90.0.4430.85 Safari/537.36" "mantech8.com"
94.229.64.113 - - [26/Jan/2023:02:57:10 -0800] "GET /verificationimage.php?2349 HTTP/1.1" 200 1360 "http://mantech8.com/contact.php" "Mozilla/5.0 (Windows NT 6.1; WOW64) AppleWebKit/537.36 (KHTML, like Gecko) Chrome/90.0.4430.85 Safari/537.36" "mantech8.com"
216.244.66.241 - - [26/Jan/2023:02:57:27 -0800] "GET /robots.txt HTTP/1.1" 200 222 "-" "Mozilla/5.0 (compatible; DotBot/1.2; +https://opensiteexplorer.org/dotbot; help@moz.com)" "www.mantech8.com"
216.244.66.241 - - [26/Jan/2023:02:57:27 -0800] "GET /robots.txt HTTP/1.1" 200 222 "-" "Mozilla/5.0 (compatible; DotBot/1.2; +https://opensiteexplorer.org/dotbot; help@moz.com)" "mantech8.com"
185.191.171.17 - - [26/Jan/2023:02:57:29 -0800] "GET /index.php?camp-fire%2F59025302.html HTTP/1.1" 500 - "-" "Mozilla/5.0 (compatible; SemrushBot/7~bl; +http://www.semrush.com/bot.html)" "mantech8.com"
185.191.171.23 - - [26/Jan/2023:02:57:45 -0800] "GET /index.php?camp-fire%2F45432763.html HTTP/1.1" 500 - "-" "Mozilla/5.0 (compatible; SemrushBot/7~bl; +http://www.semrush.com/bot.html)" "mantech8.com"
185.191.171.16 - - [26/Jan/2023:02:58:07 -0800] "GET /index.php?camp-fire%2F37556938.html HTTP/1.1" 500 - "-" "Mozilla/5.0 (compatible; SemrushBot/7~bl; +http://www.semrush.com/bot.html)" "mantech8.com"
185.191.171.12 - - [26/Jan/2023:02:59:59 -0800] "GET /index.php?camp-fire%2F27342570.html HTTP/1.1" 500 - "-" "Mozilla/5.0 (compatible; SemrushBot/7~bl; +http://www.semrush.com/bot.html)" "mantech8.com"
157.55.39.186 - - [26/Jan/2023:03:00:20 -0800] "GET /index.php?camp-fire/69313017.html HTTP/1.1" 200 63562 "-" "Mozilla/5.0 AppleWebKit/537.36 (KHTML, like Gecko; compatible; bingbot/2.0; +http://www.bing.com/bingbot.htm) Chrome/103.0.5060.134 Safari/537.36" "www.mantech8.com"
34.78.36.141 - - [26/Jan/2023:03:01:07 -0800] "GET / HTTP/1.1" 500 - "-" "Mozilla/5.0 (Windows NT 10.0; Win64; x64) AppleWebKit/537.36 (KHTML, like Gecko) Chrome/84.0.4147.105 Safari/537.36" "www.mantech8.com"
185.191.171.17 - - [26/Jan/2023:03:01:36 -0800] "GET /index.php?camp-fire%2F28564821.html HTTP/1.1" 500 - "-" "Mozilla/5.0 (compatible; SemrushBot/7~bl; +http://www.semrush.com/bot.html)" "mantech8.com"
185.191.171.22 - - [26/Jan/2023:03:01:38 -0800] "GET /index.php?camp-fire%2F4968855.html HTTP/1.1" 500 - "-" "Mozilla/5.0 (compatible; SemrushBot/7~bl; +http://www.semrush.com/bot.html)" "mantech8.com"
95.163.255.210 - - [26/Jan/2023:03:01:47 -0800] "GET /robots.txt HTTP/1.1" 200 222 "-" "Mozilla/5.0 (compatible; Linux x86_64; Mail.RU_Bot/2.0; +https://help.mail.ru/webmaster/indexing/robots)" "www.mantech8.com"
95.163.255.229 - - [26/Jan/2023:03:01:48 -0800] "GET / HTTP/1.1" 500 - "-" "Mozilla/5.0 (compatible; Linux x86_64; Mail.RU_Bot/2.0; +https://help.mail.ru/webmaster/indexing/robots)" "www.mantech8.com"
185.191.171.20 - - [26/Jan/2023:03:03:06 -0800] "GET /index.php?camp-fire%2F33514993.html HTTP/1.1" 500 - "-" "Mozilla/5.0 (compatible; SemrushBot/7~bl; +http://www.semrush.com/bot.html)" "mantech8.com"
185.191.171.6 - - [26/Jan/2023:03:03:27 -0800] "GET /index.php?camp-fire%2F84493551.html HTTP/1.1" 500 - "-" "Mozilla/5.0 (compatible; SemrushBot/7~bl; +http://www.semrush.com/bot.html)" "mantech8.com"
157.55.39.29 - - [26/Jan/2023:03:03:51 -0800] "GET /index.php?camp-fire/1204.html HTTP/1.1" 200 71223 "-" "Mozilla/5.0 AppleWebKit/537.36 (KHTML, like Gecko; compatible; bingbot/2.0; +http://www.bing.com/bingbot.htm) Chrome/103.0.5060.134 Safari/537.36" "www.mantech8.com"
185.191.171.4 - - [26/Jan/2023:03:04:29 -0800] "GET /index.php?camp-fire%2F46869609.html HTTP/1.1" 500 - "-" "Mozilla/5.0 (compatible; SemrushBot/7~bl; +http://www.semrush.com/bot.html)" "mantech8.com"
185.191.171.39 - - [26/Jan/2023:03:04:33 -0800] "GET /index.php?camp-fire%2F68192165.html HTTP/1.1" 500 - "-" "Mozilla/5.0 (compatible; SemrushBot/7~bl; +http://www.semrush.com/bot.html)" "mantech8.com"
185.191.171.23 - - [26/Jan/2023:03:04:53 -0800] "GET /index.php?camp-fire%2F37269878.html HTTP/1.1" 500 - "-" "Mozilla/5.0 (compatible; SemrushBot/7~bl; +http://www.semrush.com/bot.html)" "mantech8.com"
185.191.171.16 - - [26/Jan/2023:03:05:07 -0800] "GET /index.php?camp-fire%2F16133746.html HTTP/1.1" 500 - "-" "Mozilla/5.0 (compatible; SemrushBot/7~bl; +http://www.semrush.com/bot.html)" "mantech8.com"
185.191.171.4 - - [26/Jan/2023:03:06:17 -0800] "GET /index.php?camp-fire%2F42844534.html HTTP/1.1" 500 - "-" "Mozilla/5.0 (compatible; SemrushBot/7~bl; +http://www.semrush.com/bot.html)" "mantech8.com"
185.191.171.23 - - [26/Jan/2023:03:06:41 -0800] "GET /index.php?camp-fire%2F3181878.html HTTP/1.1" 500 - "-" "Mozilla/5.0 (compatible; SemrushBot/7~bl; +http://www.semrush.com/bot.html)" "mantech8.com"
185.191.171.38 - - [26/Jan/2023:03:07:31 -0800] "GET /index.php?camp-fire%2F38174772.html HTTP/1.1" 500 - "-" "Mozilla/5.0 (compatible; SemrushBot/7~bl; +http://www.semrush.com/bot.html)" "mantech8.com"
185.191.171.36 - - [26/Jan/2023:03:08:26 -0800] "GET /index.php?camp-fire%2F49856555.html HTTP/1.1" 500 - "-" "Mozilla/5.0 (compatible; SemrushBot/7~bl; +http://www.semrush.com/bot.html)" "mantech8.com"
185.191.171.25 - - [26/Jan/2023:03:09:01 -0800] "GET /index.php?camp-fire%2F57166892.html HTTP/1.1" 500 - "-" "Mozilla/5.0 (compatible; SemrushBot/7~bl; +http://www.semrush.com/bot.html)" "mantech8.com"
185.191.171.21 - - [26/Jan/2023:03:09:09 -0800] "GET /index.php?camp-fire%2F39827392.html HTTP/1.1" 500 - "-" "Mozilla/5.0 (compatible; SemrushBot/7~bl; +http://www.semrush.com/bot.html)" "mantech8.com"
185.191.171.43 - - [26/Jan/2023:03:09:19 -0800] "GET /index.php?camp-fire%2F48425534.html HTTP/1.1" 500 - "-" "Mozilla/5.0 (compatible; SemrushBot/7~bl; +http://www.semrush.com/bot.html)" "mantech8.com"
185.191.171.2 - - [26/Jan/2023:03:09:51 -0800] "GET /index.php?camp-fire%2F45853447.html HTTP/1.1" 500 - "-" "Mozilla/5.0 (compatible; SemrushBot/7~bl; +http://www.semrush.com/bot.html)" "mantech8.com"
185.191.171.13 - - [26/Jan/2023:03:10:13 -0800] "GET /index.php?camp-fire%2F79237297.html HTTP/1.1" 500 - "-" "Mozilla/5.0 (compatible; SemrushBot/7~bl; +http://www.semrush.com/bot.html)" "mantech8.com"
40.77.167.13 - - [26/Jan/2023:03:10:51 -0800] "GET /?camp-fire/56681851.html HTTP/1.1" 200 62018 "-" "Mozilla/5.0 AppleWebKit/537.36 (KHTML, like Gecko; compatible; bingbot/2.0; +http://www.bing.com/bingbot.htm) Chrome/103.0.5060.134 Safari/537.36" "mantech8.com"
185.191.171.2 - - [26/Jan/2023:03:11:28 -0800] "GET /index.php?camp-fire%2F57042335.html HTTP/1.1" 500 - "-" "Mozilla/5.0 (compatible; SemrushBot/7~bl; +http://www.semrush.com/bot.html)" "mantech8.com"
185.191.171.14 - - [26/Jan/2023:03:12:09 -0800] "GET /index.php?camp-fire%2F50545025.html HTTP/1.1" 500 - "-" "Mozilla/5.0 (compatible; SemrushBot/7~bl; +http://www.semrush.com/bot.html)" "mantech8.com"
185.191.171.36 - - [26/Jan/2023:03:12:32 -0800] "GET /index.php?camp-fire%2F4878978.html HTTP/1.1" 500 - "-" "Mozilla/5.0 (compatible; SemrushBot/7~bl; +http://www.semrush.com/bot.html)" "mantech8.com"
185.191.171.3 - - [26/Jan/2023:03:12:38 -0800] "GET /index.php?camp-fire%2F2549759.html HTTP/1.1" 500 - "-" "Mozilla/5.0 (compatible; SemrushBot/7~bl; +http://www.semrush.com/bot.html)" "mantech8.com"
40.77.167.26 - - [26/Jan/2023:03:14:04 -0800] "GET /sitemapindex.xml HTTP/1.1" 404 88 "-" "Mozilla/5.0 AppleWebKit/537.36 (KHTML, like Gecko; compatible; bingbot/2.0; +http://www.bing.com/bingbot.htm) Chrome/103.0.5060.134 Safari/537.36" "mantech8.com"
185.191.171.42 - - [26/Jan/2023:03:14:33 -0800] "GET /index.php?camp-fire%2F33515093.html HTTP/1.1" 500 - "-" "Mozilla/5.0 (compatible; SemrushBot/7~bl; +http://www.semrush.com/bot.html)" "mantech8.com"
185.191.171.42 - - [26/Jan/2023:03:14:56 -0800] "GET /index.php?camp-fire%2F33463760.html HTTP/1.1" 500 - "-" "Mozilla/5.0 (compatible; SemrushBot/7~bl; +http://www.semrush.com/bot.html)" "mantech8.com"
185.191.171.43 - - [26/Jan/2023:03:14:57 -0800] "GET /index.php?camp-fire%2F32515451.html HTTP/1.1" 500 - "-" "Mozilla/5.0 (compatible; SemrushBot/7~bl; +http://www.semrush.com/bot.html)" "mantech8.com"
185.191.171.36 - - [26/Jan/2023:03:16:53 -0800] "GET /index.php?camp-fire%2F3493200.html HTTP/1.1" 500 - "-" "Mozilla/5.0 (compatible; SemrushBot/7~bl; +http://www.semrush.com/bot.html)" "mantech8.com"
185.191.171.7 - - [26/Jan/2023:03:17:15 -0800] "GET /index.php?camp-fire%2F8719708.html HTTP/1.1" 500 - "-" "Mozilla/5.0 (compatible; SemrushBot/7~bl; +http://www.semrush.com/bot.html)" "mantech8.com"
185.191.171.16 - - [26/Jan/2023:03:18:24 -0800] "GET /index.php?camp-fire%2F94610076.html HTTP/1.1" 500 - "-" "Mozilla/5.0 (compatible; SemrushBot/7~bl; +http://www.semrush.com/bot.html)" "mantech8.com"
185.191.171.26 - - [26/Jan/2023:03:18:33 -0800] "GET /index.php?camp-fire%2F45123821.html HTTP/1.1" 500 - "-" "Mozilla/5.0 (compatible; SemrushBot/7~bl; +http://www.semrush.com/bot.html)" "mantech8.com"
185.191.171.17 - - [26/Jan/2023:03:18:35 -0800] "GET /index.php?camp-fire%2F39124203.html HTTP/1.1" 500 - "-" "Mozilla/5.0 (compatible; SemrushBot/7~bl; +http://www.semrush.com/bot.html)" "mantech8.com"
185.191.171.23 - - [26/Jan/2023:03:19:13 -0800] "GET /index.php?camp-fire%2F26816806.html HTTP/1.1" 500 - "-" "Mozilla/5.0 (compatible; SemrushBot/7~bl; +http://www.semrush.com/bot.html)" "mantech8.com"
185.191.171.24 - - [26/Jan/2023:03:20:41 -0800] "GET /index.php?camp-fire%2F36240455.html HTTP/1.1" 500 - "-" "Mozilla/5.0 (compatible; SemrushBot/7~bl; +http://www.semrush.com/bot.html)" "mantech8.com"
185.191.171.24 - - [26/Jan/2023:03:20:50 -0800] "GET /index.php?camp-fire%2F2450459.html HTTP/1.1" 500 - "-" "Mozilla/5.0 (compatible; SemrushBot/7~bl; +http://www.semrush.com/bot.html)" "mantech8.com"
185.191.171.40 - - [26/Jan/2023:03:21:01 -0800] "GET /index.php?camp-fire%2F14706124.html HTTP/1.1" 500 - "-" "Mozilla/5.0 (compatible; SemrushBot/7~bl; +http://www.semrush.com/bot.html)" "mantech8.com"
185.191.171.40 - - [26/Jan/2023:03:21:06 -0800] "GET /index.php?camp-fire%2F5476396.html HTTP/1.1" 500 - "-" "Mozilla/5.0 (compatible; SemrushBot/7~bl; +http://www.semrush.com/bot.html)" "mantech8.com"
185.191.171.25 - - [26/Jan/2023:03:21:18 -0800] "GET /index.php?camp-fire%2F87297890.html HTTP/1.1" 500 - "-" "Mozilla/5.0 (compatible; SemrushBot/7~bl; +http://www.semrush.com/bot.html)" "mantech8.com"
185.191.171.7 - - [26/Jan/2023:03:21:19 -0800] "GET /index.php?camp-fire%2F25183806.html HTTP/1.1" 500 - "-" "Mozilla/5.0 (compatible; SemrushBot/7~bl; +http://www.semrush.com/bot.html)" "mantech8.com"
185.191.171.15 - - [26/Jan/2023:03:21:23 -0800] "GET /index.php?camp-fire%2F41285788.html HTTP/1.1" 500 - "-" "Mozilla/5.0 (compatible; SemrushBot/7~bl; +http://www.semrush.com/bot.html)" "mantech8.com"
185.191.171.39 - - [26/Jan/2023:03:22:20 -0800] "GET /index.php?camp-fire%2F1352290.html HTTP/1.1" 500 - "-" "Mozilla/5.0 (compatible; SemrushBot/7~bl; +http://www.semrush.com/bot.html)" "mantech8.com"
185.191.171.1 - - [26/Jan/2023:03:23:08 -0800] "GET /index.php?camp-fire%2F27734509.html HTTP/1.1" 500 - "-" "Mozilla/5.0 (compatible; SemrushBot/7~bl; +http://www.semrush.com/bot.html)" "mantech8.com"
185.191.171.8 - - [26/Jan/2023:03:25:08 -0800] "GET /index.php?camp-fire%2F15990187.html HTTP/1.1" 500 - "-" "Mozilla/5.0 (compatible; SemrushBot/7~bl; +http://www.semrush.com/bot.html)" "mantech8.com"
185.191.171.13 - - [26/Jan/2023:03:26:36 -0800] "GET /index.php?camp-fire%2F92568383.html HTTP/1.1" 500 - "-" "Mozilla/5.0 (compatible; SemrushBot/7~bl; +http://www.semrush.com/bot.html)" "mantech8.com"
185.191.171.41 - - [26/Jan/2023:03:26:45 -0800] "GET /index.php?camp-fire%2F39831002.html HTTP/1.1" 500 - "-" "Mozilla/5.0 (compatible; SemrushBot/7~bl; +http://www.semrush.com/bot.html)" "mantech8.com"
185.191.171.14 - - [26/Jan/2023:03:26:49 -0800] "GET /?camp-fire%2F106698065.html HTTP/1.1" 500 - "-" "Mozilla/5.0 (compatible; SemrushBot/7~bl; +http://www.semrush.com/bot.html)" "mantech8.com"
185.191.171.15 - - [26/Jan/2023:03:27:07 -0800] "GET /index.php?camp-fire%2F42487938.html HTTP/1.1" 500 - "-" "Mozilla/5.0 (compatible; SemrushBot/7~bl; +http://www.semrush.com/bot.html)" "mantech8.com"
185.191.171.1 - - [26/Jan/2023:03:27:35 -0800] "GET /index.php?camp-fire%2F10513753.html HTTP/1.1" 500 - "-" "Mozilla/5.0 (compatible; SemrushBot/7~bl; +http://www.semrush.com/bot.html)" "mantech8.com"
185.191.171.25 - - [26/Jan/2023:03:27:59 -0800] "GET /index.php?camp-fire%2F47178334.html HTTP/1.1" 500 - "-" "Mozilla/5.0 (compatible; SemrushBot/7~bl; +http://www.semrush.com/bot.html)" "mantech8.com"
185.191.171.25 - - [26/Jan/2023:03:28:06 -0800] "GET /index.php?camp-fire%2F33449383.html HTTP/1.1" 500 - "-" "Mozilla/5.0 (compatible; SemrushBot/7~bl; +http://www.semrush.com/bot.html)" "mantech8.com"
185.191.171.36 - - [26/Jan/2023:03:29:02 -0800] "GET /index.php?camp-fire%2F33636759.html HTTP/1.1" 500 - "-" "Mozilla/5.0 (compatible; SemrushBot/7~bl; +http://www.semrush.com/bot.html)" "mantech8.com"
185.191.171.2 - - [26/Jan/2023:03:29:35 -0800] "GET /index.php?camp-fire%2F15253372.html HTTP/1.1" 500 - "-" "Mozilla/5.0 (compatible; SemrushBot/7~bl; +http://www.semrush.com/bot.html)" "mantech8.com"
185.191.171.5 - - [26/Jan/2023:03:30:06 -0800] "GET /robots.txt HTTP/1.1" 200 106 "-" "Mozilla/5.0 (compatible; SemrushBot/7~bl; +http://www.semrush.com/bot.html)" "mantech8.com"
185.191.171.44 - - [26/Jan/2023:03:30:06 -0800] "GET /index.php?camp-fire%2F39067535.html HTTP/1.1" 500 - "-" "Mozilla/5.0 (compatible; SemrushBot/7~bl; +http://www.semrush.com/bot.html)" "mantech8.com"
185.191.171.22 - - [26/Jan/2023:03:31:39 -0800] "GET /index.php?camp-fire%2F33987408.html HTTP/1.1" 500 - "-" "Mozilla/5.0 (compatible; SemrushBot/7~bl; +http://www.semrush.com/bot.html)" "mantech8.com"
185.191.171.12 - - [26/Jan/2023:03:31:58 -0800] "GET /index.php?camp-fire%2F87448059.html HTTP/1.1" 500 - "-" "Mozilla/5.0 (compatible; SemrushBot/7~bl; +http://www.semrush.com/bot.html)" "mantech8.com"
185.191.171.4 - - [26/Jan/2023:03:32:02 -0800] "GET /index.php?camp-fire%2F10575457.html HTTP/1.1" 500 - "-" "Mozilla/5.0 (compatible; SemrushBot/7~bl; +http://www.semrush.com/bot.html)" "mantech8.com"
185.191.171.15 - - [26/Jan/2023:03:33:39 -0800] "GET /index.php?camp-fire%2F10596257.html HTTP/1.1" 500 - "-" "Mozilla/5.0 (compatible; SemrushBot/7~bl; +http://www.semrush.com/bot.html)" "mantech8.com"
185.191.171.36 - - [26/Jan/2023:03:34:23 -0800] "GET /index.php?camp-fire%2F49043368.html HTTP/1.1" 500 - "-" "Mozilla/5.0 (compatible; SemrushBot/7~bl; +http://www.semrush.com/bot.html)" "mantech8.com"
114.119.158.149 - - [26/Jan/2023:03:35:04 -0800] "GET /successional.xml HTTP/1.1" 404 88 "-" "Mozilla/5.0 (Linux; Android 7.0;) AppleWebKit/537.36 (KHTML, like Gecko) Mobile Safari/537.36 (compatible; PetalBot;+https://webmaster.petalsearch.com/site/petalbot)" "mantech8.com"
114.119.158.143 - - [26/Jan/2023:03:36:27 -0800] "GET /index.php?camp-fire/10617330.html HTTP/1.1" 500 - "-" "Mozilla/5.0 (Linux; Android 7.0;) AppleWebKit/537.36 (KHTML, like Gecko) Mobile Safari/537.36 (compatible; PetalBot;+https://webmaster.petalsearch.com/site/petalbot)" "www.mantech8.com"
185.191.171.24 - - [26/Jan/2023:03:36:49 -0800] "GET /index.php?camp-fire%2F39898993.html HTTP/1.1" 500 - "-" "Mozilla/5.0 (compatible; SemrushBot/7~bl; +http://www.semrush.com/bot.html)" "mantech8.com"
185.191.171.25 - - [26/Jan/2023:03:37:22 -0800] "GET /index.php?camp-fire%2F50400260.html HTTP/1.1" 500 - "-" "Mozilla/5.0 (compatible; SemrushBot/7~bl; +http://www.semrush.com/bot.html)" "mantech8.com"
114.119.142.132 - - [26/Jan/2023:03:37:44 -0800] "GET /bimages/scafg/thump/tdzkwgpdvx.php HTTP/1.1" 200 32 "http://www.mantech8.com/bimages/scafg/thump/?C=M%3BO%3DA" "Mozilla/5.0 (Linux; Android 7.0;) AppleWebKit/537.36 (KHTML, like Gecko) Mobile Safari/537.36 (compatible; PetalBot;+https://webmaster.petalsearch.com/site/petalbot)" "www.mantech8.com"
185.191.171.26 - - [26/Jan/2023:03:38:11 -0800] "GET /index.php?camp-fire%2F27971797.html HTTP/1.1" 500 - "-" "Mozilla/5.0 (compatible; SemrushBot/7~bl; +http://www.semrush.com/bot.html)" "mantech8.com"
185.191.171.25 - - [26/Jan/2023:03:38:21 -0800] "GET /index.php?camp-fire%2F42146434.html HTTP/1.1" 500 - "-" "Mozilla/5.0 (compatible; SemrushBot/7~bl; +http://www.semrush.com/bot.html)" "mantech8.com"
114.119.142.188 - - [26/Jan/2023:03:39:00 -0800] "GET /bimages/scafg/?C=D%3BO%3DA HTTP/1.1" 200 555 "http://www.mantech8.com/bimages/scafg/?C=M%3BO%3DA" "Mozilla/5.0 (Linux; Android 7.0;) AppleWebKit/537.36 (KHTML, like Gecko) Mobile Safari/537.36 (compatible; PetalBot;+https://webmaster.petalsearch.com/site/petalbot)" "www.mantech8.com"
185.191.171.39 - - [26/Jan/2023:03:39:01 -0800] "GET /index.php?camp-fire%2F23934433.html HTTP/1.1" 500 - "-" "Mozilla/5.0 (compatible; SemrushBot/7~bl; +http://www.semrush.com/bot.html)" "mantech8.com"
185.191.171.4 - - [26/Jan/2023:03:39:04 -0800] "GET /index.php?camp-fire%2F60124134.html HTTP/1.1" 500 - "-" "Mozilla/5.0 (compatible; SemrushBot/7~bl; +http://www.semrush.com/bot.html)" "mantech8.com"
185.191.171.24 - - [26/Jan/2023:03:39:18 -0800] "GET /index.php?camp-fire%2F49539825.html HTTP/1.1" 500 - "-" "Mozilla/5.0 (compatible; SemrushBot/7~bl; +http://www.semrush.com/bot.html)" "mantech8.com"
185.191.171.36 - - [26/Jan/2023:03:39:59 -0800] "GET /index.php?camp-fire%2F41618668.html HTTP/1.1" 500 - "-" "Mozilla/5.0 (compatible; SemrushBot/7~bl; +http://www.semrush.com/bot.html)" "mantech8.com"
185.191.171.9 - - [26/Jan/2023:03:40:10 -0800] "GET /index.php?camp-fire%2F16432965.html HTTP/1.1" 500 - "-" "Mozilla/5.0 (compatible; SemrushBot/7~bl; +http://www.semrush.com/bot.html)" "mantech8.com"
185.191.171.41 - - [26/Jan/2023:03:40:20 -0800] "GET /index.php?camp-fire%2F33733925.html HTTP/1.1" 500 - "-" "Mozilla/5.0 (compatible; SemrushBot/7~bl; +http://www.semrush.com/bot.html)" "mantech8.com"
185.191.171.38 - - [26/Jan/2023:03:40:29 -0800] "GET /index.php?camp-fire%2F9690683.html HTTP/1.1" 500 - "-" "Mozilla/5.0 (compatible; SemrushBot/7~bl; +http://www.semrush.com/bot.html)" "mantech8.com"
114.119.147.101 - - [26/Jan/2023:03:40:29 -0800] "GET /?successional.xml HTTP/1.1" 200 270608 "-" "Mozilla/5.0 (Linux; Android 7.0;) AppleWebKit/537.36 (KHTML, like Gecko) Mobile Safari/537.36 (compatible; PetalBot;+https://webmaster.petalsearch.com/site/petalbot)" "mantech8.com"
185.191.171.12 - - [26/Jan/2023:03:41:43 -0800] "GET /index.php?camp-fire%2F54847630.html HTTP/1.1" 500 - "-" "Mozilla/5.0 (compatible; SemrushBot/7~bl; +http://www.semrush.com/bot.html)" "mantech8.com"
185.191.171.36 - - [26/Jan/2023:03:41:46 -0800] "GET /index.php?camp-fire%2F39965176.html HTTP/1.1" 500 - "-" "Mozilla/5.0 (compatible; SemrushBot/7~bl; +http://www.semrush.com/bot.html)" "mantech8.com"
114.119.130.218 - - [26/Jan/2023:03:41:49 -0800] "GET /?sitemap59.xml HTTP/1.1" 200 270655 "-" "Mozilla/5.0 (Linux; Android 7.0;) AppleWebKit/537.36 (KHTML, like Gecko) Mobile Safari/537.36 (compatible; PetalBot;+https://webmaster.petalsearch.com/site/petalbot)" "mantech8.com"
185.191.171.7 - - [26/Jan/2023:03:42:50 -0800] "GET /index.php?camp-fire%2F32121317.html HTTP/1.1" 500 - "-" "Mozilla/5.0 (compatible; SemrushBot/7~bl; +http://www.semrush.com/bot.html)" "mantech8.com"
185.191.171.22 - - [26/Jan/2023:03:43:08 -0800] "GET /index.php?camp-fire%2F31736555.html HTTP/1.1" 500 - "-" "Mozilla/5.0 (compatible; SemrushBot/7~bl; +http://www.semrush.com/bot.html)" "mantech8.com"
185.191.171.7 - - [26/Jan/2023:03:44:03 -0800] "GET /index.php?camp-fire%2F28638821.html HTTP/1.1" 500 - "-" "Mozilla/5.0 (compatible; SemrushBot/7~bl; +http://www.semrush.com/bot.html)" "mantech8.com"
185.191.171.7 - - [26/Jan/2023:03:44:47 -0800] "GET /index.php?camp-fire%2F27239176.html HTTP/1.1" 500 - "-" "Mozilla/5.0 (compatible; SemrushBot/7~bl; +http://www.semrush.com/bot.html)" "mantech8.com"
185.191.171.33 - - [26/Jan/2023:03:46:42 -0800] "GET /index.php?camp-fire%2F37140947.html HTTP/1.1" 500 - "-" "Mozilla/5.0 (compatible; SemrushBot/7~bl; +http://www.semrush.com/bot.html)" "mantech8.com"
185.191.171.15 - - [26/Jan/2023:03:47:36 -0800] "GET /index.php?camp-fire%2F53298290.html HTTP/1.1" 500 - "-" "Mozilla/5.0 (compatible; SemrushBot/7~bl; +http://www.semrush.com/bot.html)" "mantech8.com"
185.191.171.11 - - [26/Jan/2023:03:48:05 -0800] "GET /index.php?camp-fire%2F27957359.html HTTP/1.1" 500 - "-" "Mozilla/5.0 (compatible; SemrushBot/7~bl; +http://www.semrush.com/bot.html)" "mantech8.com"
185.191.171.16 - - [26/Jan/2023:03:48:09 -0800] "GET /index.php?camp-fire%2F52836559.html HTTP/1.1" 500 - "-" "Mozilla/5.0 (compatible; SemrushBot/7~bl; +http://www.semrush.com/bot.html)" "mantech8.com"
185.191.171.39 - - [26/Jan/2023:03:48:33 -0800] "GET /index.php?camp-fire%2F43925078.html HTTP/1.1" 500 - "-" "Mozilla/5.0 (compatible; SemrushBot/7~bl; +http://www.semrush.com/bot.html)" "mantech8.com"
185.191.171.10 - - [26/Jan/2023:03:48:47 -0800] "GET /index.php?camp-fire%2F34321963.html HTTP/1.1" 500 - "-" "Mozilla/5.0 (compatible; SemrushBot/7~bl; +http://www.semrush.com/bot.html)" "mantech8.com"
185.191.171.10 - - [26/Jan/2023:03:48:51 -0800] "GET /index.php?camp-fire%2F33714908.html HTTP/1.1" 500 - "-" "Mozilla/5.0 (compatible; SemrushBot/7~bl; +http://www.semrush.com/bot.html)" "mantech8.com"
185.191.171.9 - - [26/Jan/2023:03:49:32 -0800] "GET /index.php?camp-fire%2F43002003.html HTTP/1.1" 500 - "-" "Mozilla/5.0 (compatible; SemrushBot/7~bl; +http://www.semrush.com/bot.html)" "mantech8.com"
185.191.171.38 - - [26/Jan/2023:03:49:49 -0800] "GET /index.php?camp-fire%2F40149002.html HTTP/1.1" 500 - "-" "Mozilla/5.0 (compatible; SemrushBot/7~bl; +http://www.semrush.com/bot.html)" "mantech8.com"
185.191.171.15 - - [26/Jan/2023:03:50:27 -0800] "GET /index.php?camp-fire%2F41874927.html HTTP/1.1" 500 - "-" "Mozilla/5.0 (compatible; SemrushBot/7~bl; +http://www.semrush.com/bot.html)" "mantech8.com"
185.191.171.8 - - [26/Jan/2023:03:50:28 -0800] "GET /index.php?camp-fire%2F28244335.html HTTP/1.1" 500 - "-" "Mozilla/5.0 (compatible; SemrushBot/7~bl; +http://www.semrush.com/bot.html)" "mantech8.com"
185.191.171.44 - - [26/Jan/2023:03:50:38 -0800] "GET /index.php?camp-fire%2F90184365.html HTTP/1.1" 500 - "-" "Mozilla/5.0 (compatible; SemrushBot/7~bl; +http://www.semrush.com/bot.html)" "mantech8.com"
185.191.171.34 - - [26/Jan/2023:03:52:39 -0800] "GET /index.php?camp-fire%2F49394506.html HTTP/1.1" 500 - "-" "Mozilla/5.0 (compatible; SemrushBot/7~bl; +http://www.semrush.com/bot.html)" "mantech8.com"
114.119.156.77 - - [26/Jan/2023:03:53:14 -0800] "GET /bimages/ele/?C=D%3BO%3DA HTTP/1.1" 200 426 "http://www.mantech8.com/bimages/ele/?C=N%3BO%3DD" "Mozilla/5.0 (Linux; Android 7.0;) AppleWebKit/537.36 (KHTML, like Gecko) Mobile Safari/537.36 (compatible; PetalBot;+https://webmaster.petalsearch.com/site/petalbot)" "www.mantech8.com"
185.191.171.6 - - [26/Jan/2023:03:53:55 -0800] "GET /index.php?camp-fire%2F1815651.html HTTP/1.1" 500 - "-" "Mozilla/5.0 (compatible; SemrushBot/7~bl; +http://www.semrush.com/bot.html)" "mantech8.com"
185.191.171.38 - - [26/Jan/2023:03:54:18 -0800] "GET /index.php?camp-fire%2F31877630.html HTTP/1.1" 500 - "-" "Mozilla/5.0 (compatible; SemrushBot/7~bl; +http://www.semrush.com/bot.html)" "mantech8.com"
216.244.66.241 - - [26/Jan/2023:03:54:23 -0800] "GET /robots.txt HTTP/1.1" 200 222 "-" "Mozilla/5.0 (compatible; DotBot/1.2; +https://opensiteexplorer.org/dotbot; help@moz.com)" "mantech8.com"
216.244.66.241 - - [26/Jan/2023:03:54:24 -0800] "GET /robots.txt HTTP/1.1" 200 222 "-" "Mozilla/5.0 (compatible; DotBot/1.2; +https://opensiteexplorer.org/dotbot; help@moz.com)" "www.mantech8.com"
185.191.171.11 - - [26/Jan/2023:03:55:06 -0800] "GET /index.php?camp-fire%2F41361076.html HTTP/1.1" 500 - "-" "Mozilla/5.0 (compatible; SemrushBot/7~bl; +http://www.semrush.com/bot.html)" "mantech8.com"
185.191.171.25 - - [26/Jan/2023:03:55:23 -0800] "GET /index.php?camp-fire%2F3245798.html HTTP/1.1" 500 - "-" "Mozilla/5.0 (compatible; SemrushBot/7~bl; +http://www.semrush.com/bot.html)" "mantech8.com"
185.191.171.34 - - [26/Jan/2023:03:55:39 -0800] "GET /index.php?camp-fire%2F16568265.html HTTP/1.1" 500 - "-" "Mozilla/5.0 (compatible; SemrushBot/7~bl; +http://www.semrush.com/bot.html)" "mantech8.com"
185.191.171.5 - - [26/Jan/2023:03:55:49 -0800] "GET /index.php?camp-fire%2F49433950.html HTTP/1.1" 500 - "-" "Mozilla/5.0 (compatible; SemrushBot/7~bl; +http://www.semrush.com/bot.html)" "mantech8.com"
185.191.171.23 - - [26/Jan/2023:03:56:18 -0800] "GET /index.php?camp-fire%2F39046835.html HTTP/1.1" 500 - "-" "Mozilla/5.0 (compatible; SemrushBot/7~bl; +http://www.semrush.com/bot.html)" "mantech8.com"
185.191.171.1 - - [26/Jan/2023:03:56:57 -0800] "GET /index.php?camp-fire%2F41516160.html HTTP/1.1" 500 - "-" "Mozilla/5.0 (compatible; SemrushBot/7~bl; +http://www.semrush.com/bot.html)" "mantech8.com"
185.191.171.7 - - [26/Jan/2023:03:57:12 -0800] "GET /?camp-fire%2F107192855.html HTTP/1.1" 500 - "-" "Mozilla/5.0 (compatible; SemrushBot/7~bl; +http://www.semrush.com/bot.html)" "mantech8.com"
185.191.171.9 - - [26/Jan/2023:03:57:25 -0800] "GET /index.php?camp-fire%2F12206776.html HTTP/1.1" 500 - "-" "Mozilla/5.0 (compatible; SemrushBot/7~bl; +http://www.semrush.com/bot.html)" "mantech8.com"
185.191.171.20 - - [26/Jan/2023:03:58:31 -0800] "GET /index.php?camp-fire%2F41811503.html HTTP/1.1" 500 - "-" "Mozilla/5.0 (compatible; SemrushBot/7~bl; +http://www.semrush.com/bot.html)" "mantech8.com"
185.191.171.39 - - [26/Jan/2023:04:00:03 -0800] "GET /index.php?camp-fire%2F48995534.html HTTP/1.1" 500 - "-" "Mozilla/5.0 (compatible; SemrushBot/7~bl; +http://www.semrush.com/bot.html)" "mantech8.com"
185.191.171.14 - - [26/Jan/2023:04:00:40 -0800] "GET /index.php?camp-fire%2F39220059.html HTTP/1.1" 500 - "-" "Mozilla/5.0 (compatible; SemrushBot/7~bl; +http://www.semrush.com/bot.html)" "mantech8.com"
185.191.171.38 - - [26/Jan/2023:04:01:32 -0800] "GET /index.php?camp-fire%2F4424578.html HTTP/1.1" 500 - "-" "Mozilla/5.0 (compatible; SemrushBot/7~bl; +http://www.semrush.com/bot.html)" "mantech8.com"
185.191.171.19 - - [26/Jan/2023:04:01:38 -0800] "GET /index.php?camp-fire%2F34162660.html HTTP/1.1" 500 - "-" "Mozilla/5.0 (compatible; SemrushBot/7~bl; +http://www.semrush.com/bot.html)" "mantech8.com"
185.191.171.25 - - [26/Jan/2023:04:02:26 -0800] "GET /index.php?camp-fire%2F45710692.html HTTP/1.1" 500 - "-" "Mozilla/5.0 (compatible; SemrushBot/7~bl; +http://www.semrush.com/bot.html)" "mantech8.com"
185.191.171.44 - - [26/Jan/2023:04:03:06 -0800] "GET /index.php?camp-fire%2F15318572.html HTTP/1.1" 500 - "-" "Mozilla/5.0 (compatible; SemrushBot/7~bl; +http://www.semrush.com/bot.html)" "mantech8.com"
185.191.171.10 - - [26/Jan/2023:04:03:07 -0800] "GET /index.php?camp-fire%2F33844808.html HTTP/1.1" 500 - "-" "Mozilla/5.0 (compatible; SemrushBot/7~bl; +http://www.semrush.com/bot.html)" "mantech8.com"
114.119.145.249 - - [26/Jan/2023:04:03:24 -0800] "GET /bimages/mission/ HTTP/1.1" 200 416 "http://www.mantech8.com/bimages/" "Mozilla/5.0 (Linux; Android 7.0;) AppleWebKit/537.36 (KHTML, like Gecko) Mobile Safari/537.36 (compatible; PetalBot;+https://webmaster.petalsearch.com/site/petalbot)" "www.mantech8.com"
185.191.171.39 - - [26/Jan/2023:04:03:51 -0800] "GET /index.php?camp-fire%2F35255538.html HTTP/1.1" 500 - "-" "Mozilla/5.0 (compatible; SemrushBot/7~bl; +http://www.semrush.com/bot.html)" "mantech8.com"
185.191.171.6 - - [26/Jan/2023:04:04:13 -0800] "GET /index.php?camp-fire%2F55498925.html HTTP/1.1" 500 - "-" "Mozilla/5.0 (compatible; SemrushBot/7~bl; +http://www.semrush.com/bot.html)" "mantech8.com"
185.191.171.3 - - [26/Jan/2023:04:04:37 -0800] "GET /index.php?camp-fire%2F27828371.html HTTP/1.1" 500 - "-" "Mozilla/5.0 (compatible; SemrushBot/7~bl; +http://www.semrush.com/bot.html)" "mantech8.com"
114.119.132.116 - - [26/Jan/2023:04:04:46 -0800] "GET /index.php?sitemap866.xml HTTP/1.1" 200 289473 "-" "Mozilla/5.0 (Linux; Android 7.0;) AppleWebKit/537.36 (KHTML, like Gecko) Mobile Safari/537.36 (compatible; PetalBot;+https://webmaster.petalsearch.com/site/petalbot)" "mantech8.com"
185.191.171.4 - - [26/Jan/2023:04:05:40 -0800] "GET /index.php?camp-fire%2F86014600.html HTTP/1.1" 500 - "-" "Mozilla/5.0 (compatible; SemrushBot/7~bl; +http://www.semrush.com/bot.html)" "mantech8.com"
114.119.151.12 - - [26/Jan/2023:04:05:54 -0800] "GET /index.php?dehydrochlorinases.xml HTTP/1.1" 200 289465 "-" "Mozilla/5.0 (Linux; Android 7.0;) AppleWebKit/537.36 (KHTML, like Gecko) Mobile Safari/537.36 (compatible; PetalBot;+https://webmaster.petalsearch.com/site/petalbot)" "mantech8.com"
40.77.167.59 - - [26/Jan/2023:04:06:29 -0800] "GET /F2si-db1dcaffac-DiyvT.Ii HTTP/1.1" 404 88 "-" "Mozilla/5.0 AppleWebKit/537.36 (KHTML, like Gecko; compatible; bingbot/2.0; +http://www.bing.com/bingbot.htm) Chrome/103.0.5060.134 Safari/537.36" "www.mantech8.com"
185.191.171.20 - - [26/Jan/2023:04:06:56 -0800] "GET /index.php?camp-fire%2F14587578.html HTTP/1.1" 500 - "-" "Mozilla/5.0 (compatible; SemrushBot/7~bl; +http://www.semrush.com/bot.html)" "mantech8.com"
40.77.167.59 - - [26/Jan/2023:04:07:11 -0800] "GET /blasting.php HTTP/1.1" 200 13361 "-" "Mozilla/5.0 AppleWebKit/537.36 (KHTML, like Gecko; compatible; bingbot/2.0; +http://www.bing.com/bingbot.htm) Chrome/103.0.5060.134 Safari/537.36" "mantech8.com"
185.191.171.18 - - [26/Jan/2023:04:07:14 -0800] "GET /index.php?camp-fire%2F55976378.html HTTP/1.1" 500 - "-" "Mozilla/5.0 (compatible; SemrushBot/7~bl; +http://www.semrush.com/bot.html)" "mantech8.com"
114.119.156.67 - - [26/Jan/2023:04:07:15 -0800] "GET /index.php?camp-fire/32373791.html HTTP/1.1" 500 - "-" "Mozilla/5.0 (Linux; Android 7.0;) AppleWebKit/537.36 (KHTML, like Gecko) Mobile Safari/537.36 (compatible; PetalBot;+https://webmaster.petalsearch.com/site/petalbot)" "www.mantech8.com"
185.191.171.22 - - [26/Jan/2023:04:07:45 -0800] "GET /index.php?camp-fire%2F56243530.html HTTP/1.1" 500 - "-" "Mozilla/5.0 (compatible; SemrushBot/7~bl; +http://www.semrush.com/bot.html)" "mantech8.com"
114.119.153.11 - - [26/Jan/2023:04:08:34 -0800] "GET /index.php/clathrose.xml HTTP/1.1" 200 289417 "-" "Mozilla/5.0 (Linux; Android 7.0;) AppleWebKit/537.36 (KHTML, like Gecko) Mobile Safari/537.36 (compatible; PetalBot;+https://webmaster.petalsearch.com/site/petalbot)" "mantech8.com"
185.191.171.26 - - [26/Jan/2023:04:08:37 -0800] "GET /index.php?camp-fire%2F42043349.html HTTP/1.1" 500 - "-" "Mozilla/5.0 (compatible; SemrushBot/7~bl; +http://www.semrush.com/bot.html)" "mantech8.com"
185.191.171.18 - - [26/Jan/2023:04:09:09 -0800] "GET /index.php?camp-fire%2F9104742.html HTTP/1.1" 500 - "-" "Mozilla/5.0 (compatible; SemrushBot/7~bl; +http://www.semrush.com/bot.html)" "mantech8.com"
185.191.171.2 - - [26/Jan/2023:04:09:11 -0800] "GET /index.php?camp-fire%2F36584950.html HTTP/1.1" 500 - "-" "Mozilla/5.0 (compatible; SemrushBot/7~bl; +http://www.semrush.com/bot.html)" "mantech8.com"
185.191.171.4 - - [26/Jan/2023:04:09:37 -0800] "GET /index.php?camp-fire%2F43533280.html HTTP/1.1" 500 - "-" "Mozilla/5.0 (compatible; SemrushBot/7~bl; +http://www.semrush.com/bot.html)" "mantech8.com"
114.119.143.75 - - [26/Jan/2023:04:09:51 -0800] "GET /index.php/housewifelinesses.xml HTTP/1.1" 200 289346 "-" "Mozilla/5.0 (Linux; Android 7.0;) AppleWebKit/537.36 (KHTML, like Gecko) Mobile Safari/537.36 (compatible; PetalBot;+https://webmaster.petalsearch.com/site/petalbot)" "mantech8.com"
185.191.171.3 - - [26/Jan/2023:04:10:33 -0800] "GET /index.php?camp-fire%2F37021732.html HTTP/1.1" 500 - "-" "Mozilla/5.0 (compatible; SemrushBot/7~bl; +http://www.semrush.com/bot.html)" "mantech8.com"
114.119.152.33 - - [26/Jan/2023:04:11:01 -0800] "GET /bimages/service/thump/?C=M%3BO%3DA HTTP/1.1" 200 539 "http://mantech8.com/bimages/service/thump/" "Mozilla/5.0 (Linux; Android 7.0;) AppleWebKit/537.36 (KHTML, like Gecko) Mobile Safari/537.36 (compatible; PetalBot;+https://webmaster.petalsearch.com/site/petalbot)" "mantech8.com"
185.191.171.6 - - [26/Jan/2023:04:12:13 -0800] "GET /index.php?camp-fire%2F58317750.html HTTP/1.1" 500 - "-" "Mozilla/5.0 (compatible; SemrushBot/7~bl; +http://www.semrush.com/bot.html)" "mantech8.com"
114.119.132.135 - - [26/Jan/2023:04:12:40 -0800] "GET /bimages/electric/?C=N%3BO%3DD HTTP/1.1" 200 420 "http://mantech8.com/bimages/electric/?C=S%3BO%3DA" "Mozilla/5.0 (Linux; Android 7.0;) AppleWebKit/537.36 (KHTML, like Gecko) Mobile Safari/537.36 (compatible; PetalBot;+https://webmaster.petalsearch.com/site/petalbot)" "mantech8.com"
185.191.171.17 - - [26/Jan/2023:04:13:01 -0800] "GET /index.php?camp-fire%2F35286638.html HTTP/1.1" 500 - "-" "Mozilla/5.0 (compatible; SemrushBot/7~bl; +http://www.semrush.com/bot.html)" "mantech8.com"
185.191.171.7 - - [26/Jan/2023:04:14:00 -0800] "GET /index.php?camp-fire%2F14492824.html HTTP/1.1" 500 - "-" "Mozilla/5.0 (compatible; SemrushBot/7~bl; +http://www.semrush.com/bot.html)" "mantech8.com"
114.119.146.241 - - [26/Jan/2023:04:14:03 -0800] "GET /?sitemap8.xml HTTP/1.1" 200 270760 "-" "Mozilla/5.0 (Linux; Android 7.0;) AppleWebKit/537.36 (KHTML, like Gecko) Mobile Safari/537.36 (compatible; PetalBot;+https://webmaster.petalsearch.com/site/petalbot)" "mantech8.com"
185.191.171.1 - - [26/Jan/2023:04:14:04 -0800] "GET /index.php?camp-fire%2F39830502.html HTTP/1.1" 500 - "-" "Mozilla/5.0 (compatible; SemrushBot/7~bl; +http://www.semrush.com/bot.html)" "mantech8.com"
185.191.171.7 - - [26/Jan/2023:04:14:26 -0800] "GET /index.php?camp-fire%2F28593589.html HTTP/1.1" 500 - "-" "Mozilla/5.0 (compatible; SemrushBot/7~bl; +http://www.semrush.com/bot.html)" "mantech8.com"
185.191.171.25 - - [26/Jan/2023:04:14:37 -0800] "GET /index.php?camp-fire%2F94489365.html HTTP/1.1" 500 - "-" "Mozilla/5.0 (compatible; SemrushBot/7~bl; +http://www.semrush.com/bot.html)" "mantech8.com"
185.191.171.24 - - [26/Jan/2023:04:15:12 -0800] "GET /index.php?camp-fire%2F16504793.html HTTP/1.1" 500 - "-" "Mozilla/5.0 (compatible; SemrushBot/7~bl; +http://www.semrush.com/bot.html)" "mantech8.com"
185.191.171.33 - - [26/Jan/2023:04:15:46 -0800] "GET /index.php?camp-fire%2F49164476.html HTTP/1.1" 500 - "-" "Mozilla/5.0 (compatible; SemrushBot/7~bl; +http://www.semrush.com/bot.html)" "mantech8.com"
185.191.171.17 - - [26/Jan/2023:04:16:14 -0800] "GET /index.php?camp-fire%2F36195338.html HTTP/1.1" 500 - "-" "Mozilla/5.0 (compatible; SemrushBot/7~bl; +http://www.semrush.com/bot.html)" "mantech8.com"
185.191.171.45 - - [26/Jan/2023:04:16:34 -0800] "GET /index.php?camp-fire%2F14841587.html HTTP/1.1" 500 - "-" "Mozilla/5.0 (compatible; SemrushBot/7~bl; +http://www.semrush.com/bot.html)" "mantech8.com"
185.191.171.26 - - [26/Jan/2023:04:16:56 -0800] "GET /index.php?camp-fire%2F33122668.html HTTP/1.1" 500 - "-" "Mozilla/5.0 (compatible; SemrushBot/7~bl; +http://www.semrush.com/bot.html)" "mantech8.com"
185.191.171.21 - - [26/Jan/2023:04:16:59 -0800] "GET /index.php?camp-fire%2F1308900.html HTTP/1.1" 500 - "-" "Mozilla/5.0 (compatible; SemrushBot/7~bl; +http://www.semrush.com/bot.html)" "mantech8.com"
185.191.171.17 - - [26/Jan/2023:04:17:21 -0800] "GET /index.php?camp-fire%2F15512746.html HTTP/1.1" 500 - "-" "Mozilla/5.0 (compatible; SemrushBot/7~bl; +http://www.semrush.com/bot.html)" "mantech8.com"
185.191.171.14 - - [26/Jan/2023:04:19:03 -0800] "GET /index.php?camp-fire%2F3328000.html HTTP/1.1" 500 - "-" "Mozilla/5.0 (compatible; SemrushBot/7~bl; +http://www.semrush.com/bot.html)" "mantech8.com"
185.191.171.7 - - [26/Jan/2023:04:19:11 -0800] "GET /index.php?camp-fire%2F2387553.html HTTP/1.1" 500 - "-" "Mozilla/5.0 (compatible; SemrushBot/7~bl; +http://www.semrush.com/bot.html)" "mantech8.com"
185.191.171.17 - - [26/Jan/2023:04:20:25 -0800] "GET /index.php?camp-fire%2F63732950.html HTTP/1.1" 500 - "-" "Mozilla/5.0 (compatible; SemrushBot/7~bl; +http://www.semrush.com/bot.html)" "mantech8.com"
40.77.167.11 - - [26/Jan/2023:04:20:55 -0800] "GET /index.php?camp-fire/3262598.html HTTP/1.1" 200 71813 "-" "Mozilla/5.0 AppleWebKit/537.36 (KHTML, like Gecko; compatible; bingbot/2.0; +http://www.bing.com/bingbot.htm) Chrome/103.0.5060.134 Safari/537.36" "mantech8.com"
157.55.39.29 - - [26/Jan/2023:04:20:58 -0800] "GET /index.php?camp-fire/1227.html HTTP/1.1" 200 70003 "-" "Mozilla/5.0 AppleWebKit/537.36 (KHTML, like Gecko; compatible; bingbot/2.0; +http://www.bing.com/bingbot.htm) Chrome/103.0.5060.134 Safari/537.36" "www.mantech8.com"
185.191.171.44 - - [26/Jan/2023:04:21:04 -0800] "GET /index.php?camp-fire%2F27796363.html HTTP/1.1" 500 - "-" "Mozilla/5.0 (compatible; SemrushBot/7~bl; +http://www.semrush.com/bot.html)" "mantech8.com"
185.191.171.44 - - [26/Jan/2023:04:21:48 -0800] "GET /index.php?camp-fire%2F44943750.html HTTP/1.1" 500 - "-" "Mozilla/5.0 (compatible; SemrushBot/7~bl; +http://www.semrush.com/bot.html)" "mantech8.com"
185.191.171.21 - - [26/Jan/2023:04:22:54 -0800] "GET /index.php?camp-fire%2F40326438.html HTTP/1.1" 500 - "-" "Mozilla/5.0 (compatible; SemrushBot/7~bl; +http://www.semrush.com/bot.html)" "mantech8.com"
185.191.171.11 - - [26/Jan/2023:04:23:28 -0800] "GET /index.php?camp-fire%2F38279903.html HTTP/1.1" 500 - "-" "Mozilla/5.0 (compatible; SemrushBot/7~bl; +http://www.semrush.com/bot.html)" "mantech8.com"
114.119.146.95 - - [26/Jan/2023:04:23:45 -0800] "GET /index.php?sitemap53200.xml HTTP/1.1" 200 289417 "-" "Mozilla/5.0 (Linux; Android 7.0;) AppleWebKit/537.36 (KHTML, like Gecko) Mobile Safari/537.36 (compatible; PetalBot;+https://webmaster.petalsearch.com/site/petalbot)" "mantech8.com"
40.77.167.59 - - [26/Jan/2023:04:23:52 -0800] "GET /zsUZ-3d6dcaeb-sKk0c.Ii HTTP/1.1" 404 88 "-" "Mozilla/5.0 AppleWebKit/537.36 (KHTML, like Gecko; compatible; bingbot/2.0; +http://www.bing.com/bingbot.htm) Chrome/103.0.5060.134 Safari/537.36" "www.mantech8.com"
185.191.171.42 - - [26/Jan/2023:04:24:06 -0800] "GET /index.php?camp-fire%2F53713338.html HTTP/1.1" 500 - "-" "Mozilla/5.0 (compatible; SemrushBot/7~bl; +http://www.semrush.com/bot.html)" "mantech8.com"
185.191.171.7 - - [26/Jan/2023:04:24:37 -0800] "GET /index.php?camp-fire%2F48499541.html HTTP/1.1" 500 - "-" "Mozilla/5.0 (compatible; SemrushBot/7~bl; +http://www.semrush.com/bot.html)" "mantech8.com"
114.119.148.56 - - [26/Jan/2023:04:25:00 -0800] "GET /bimages/bus/?C=M%3BO%3DA HTTP/1.1" 200 452 "http://mantech8.com/bimages/bus/" "Mozilla/5.0 (Linux; Android 7.0;) AppleWebKit/537.36 (KHTML, like Gecko) Mobile Safari/537.36 (compatible; PetalBot;+https://webmaster.petalsearch.com/site/petalbot)" "mantech8.com"
185.191.171.42 - - [26/Jan/2023:04:25:16 -0800] "GET /index.php?camp-fire%2F35036825.html HTTP/1.1" 500 - "-" "Mozilla/5.0 (compatible; SemrushBot/7~bl; +http://www.semrush.com/bot.html)" "mantech8.com"
185.191.171.8 - - [26/Jan/2023:04:26:43 -0800] "GET /index.php?camp-fire%2F1507153.html HTTP/1.1" 500 - "-" "Mozilla/5.0 (compatible; SemrushBot/7~bl; +http://www.semrush.com/bot.html)" "mantech8.com"
185.191.171.23 - - [26/Jan/2023:04:26:52 -0800] "GET /index.php?camp-fire%2F38842717.html HTTP/1.1" 500 - "-" "Mozilla/5.0 (compatible; SemrushBot/7~bl; +http://www.semrush.com/bot.html)" "mantech8.com"
185.191.171.1 - - [26/Jan/2023:04:26:54 -0800] "GET /index.php?camp-fire%2F34162308.html HTTP/1.1" 500 - "-" "Mozilla/5.0 (compatible; SemrushBot/7~bl; +http://www.semrush.com/bot.html)" "mantech8.com"
185.191.171.36 - - [26/Jan/2023:04:28:19 -0800] "GET /index.php?camp-fire%2F4314696.html HTTP/1.1" 500 - "-" "Mozilla/5.0 (compatible; SemrushBot/7~bl; +http://www.semrush.com/bot.html)" "mantech8.com"
185.191.171.3 - - [26/Jan/2023:04:28:34 -0800] "GET /index.php?camp-fire%2F52964289.html HTTP/1.1" 500 - "-" "Mozilla/5.0 (compatible; SemrushBot/7~bl; +http://www.semrush.com/bot.html)" "mantech8.com"
185.191.171.40 - - [26/Jan/2023:04:28:47 -0800] "GET /index.php?camp-fire%2F50408451.html HTTP/1.1" 500 - "-" "Mozilla/5.0 (compatible; SemrushBot/7~bl; +http://www.semrush.com/bot.html)" "mantech8.com"
185.191.171.11 - - [26/Jan/2023:04:30:45 -0800] "GET /robots.txt HTTP/1.1" 200 106 "-" "Mozilla/5.0 (compatible; SemrushBot/7~bl; +http://www.semrush.com/bot.html)" "mantech8.com"
185.191.171.44 - - [26/Jan/2023:04:30:45 -0800] "GET /index.php?camp-fire%2F88592409.html HTTP/1.1" 500 - "-" "Mozilla/5.0 (compatible; SemrushBot/7~bl; +http://www.semrush.com/bot.html)" "mantech8.com"
185.191.171.20 - - [26/Jan/2023:04:31:28 -0800] "GET /index.php?camp-fire%2F53033525.html HTTP/1.1" 500 - "-" "Mozilla/5.0 (compatible; SemrushBot/7~bl; +http://www.semrush.com/bot.html)" "mantech8.com"
185.191.171.14 - - [26/Jan/2023:04:31:31 -0800] "GET /?camp-fire%2F118309917.html HTTP/1.1" 500 - "-" "Mozilla/5.0 (compatible; SemrushBot/7~bl; +http://www.semrush.com/bot.html)" "mantech8.com"
185.191.171.18 - - [26/Jan/2023:04:31:43 -0800] "GET /index.php?camp-fire%2F40214088.html HTTP/1.1" 500 - "-" "Mozilla/5.0 (compatible; SemrushBot/7~bl; +http://www.semrush.com/bot.html)" "mantech8.com"
185.191.171.10 - - [26/Jan/2023:04:33:13 -0800] "GET /index.php?camp-fire%2F4852255.html HTTP/1.1" 500 - "-" "Mozilla/5.0 (compatible; SemrushBot/7~bl; +http://www.semrush.com/bot.html)" "mantech8.com"
185.191.171.44 - - [26/Jan/2023:04:33:15 -0800] "GET /index.php?camp-fire%2F58145202.html HTTP/1.1" 500 - "-" "Mozilla/5.0 (compatible; SemrushBot/7~bl; +http://www.semrush.com/bot.html)" "mantech8.com"
185.191.171.11 - - [26/Jan/2023:04:33:37 -0800] "GET /index.php?camp-fire%2F14058759.html HTTP/1.1" 500 - "-" "Mozilla/5.0 (compatible; SemrushBot/7~bl; +http://www.semrush.com/bot.html)" "mantech8.com"
185.191.171.44 - - [26/Jan/2023:04:33:41 -0800] "GET /index.php?camp-fire%2F54123751.html HTTP/1.1" 500 - "-" "Mozilla/5.0 (compatible; SemrushBot/7~bl; +http://www.semrush.com/bot.html)" "mantech8.com"
185.191.171.10 - - [26/Jan/2023:04:34:58 -0800] "GET /index.php?camp-fire%2F40156588.html HTTP/1.1" 500 - "-" "Mozilla/5.0 (compatible; SemrushBot/7~bl; +http://www.semrush.com/bot.html)" "mantech8.com"
185.191.171.36 - - [26/Jan/2023:04:35:46 -0800] "GET /index.php?camp-fire%2F43734235.html HTTP/1.1" 500 - "-" "Mozilla/5.0 (compatible; SemrushBot/7~bl; +http://www.semrush.com/bot.html)" "mantech8.com"
185.191.171.22 - - [26/Jan/2023:04:35:51 -0800] "GET /index.php?camp-fire%2F26812421.html HTTP/1.1" 500 - "-" "Mozilla/5.0 (compatible; SemrushBot/7~bl; +http://www.semrush.com/bot.html)" "mantech8.com"
185.191.171.8 - - [26/Jan/2023:04:36:36 -0800] "GET /index.php?camp-fire%2F53336617.html HTTP/1.1" 500 - "-" "Mozilla/5.0 (compatible; SemrushBot/7~bl; +http://www.semrush.com/bot.html)" "mantech8.com"
185.191.171.36 - - [26/Jan/2023:04:36:38 -0800] "GET /index.php?camp-fire%2F33168568.html HTTP/1.1" 500 - "-" "Mozilla/5.0 (compatible; SemrushBot/7~bl; +http://www.semrush.com/bot.html)" "mantech8.com"
185.191.171.25 - - [26/Jan/2023:04:36:40 -0800] "GET /index.php?camp-fire%2F8114708.html HTTP/1.1" 500 - "-" "Mozilla/5.0 (compatible; SemrushBot/7~bl; +http://www.semrush.com/bot.html)" "mantech8.com"
114.119.157.26 - - [26/Jan/2023:04:36:57 -0800] "GET /index.php?biters.xml HTTP/1.1" 200 289351 "-" "Mozilla/5.0 (Linux; Android 7.0;) AppleWebKit/537.36 (KHTML, like Gecko) Mobile Safari/537.36 (compatible; PetalBot;+https://webmaster.petalsearch.com/site/petalbot)" "mantech8.com"
185.191.171.42 - - [26/Jan/2023:04:37:42 -0800] "GET /index.php?camp-fire%2F45496135.html HTTP/1.1" 500 - "-" "Mozilla/5.0 (compatible; SemrushBot/7~bl; +http://www.semrush.com/bot.html)" "mantech8.com"
185.191.171.15 - - [26/Jan/2023:04:37:58 -0800] "GET /index.php?camp-fire%2F7739821.html HTTP/1.1" 500 - "-" "Mozilla/5.0 (compatible; SemrushBot/7~bl; +http://www.semrush.com/bot.html)" "mantech8.com"
185.191.171.25 - - [26/Jan/2023:04:38:14 -0800] "GET /index.php?camp-fire%2F42788934.html HTTP/1.1" 500 - "-" "Mozilla/5.0 (compatible; SemrushBot/7~bl; +http://www.semrush.com/bot.html)" "mantech8.com"
