185.191.171.33 - - [25/Jan/2023:22:14:19 -0800] "GET /scaffolding.php HTTP/1.1" 200 13407 "-" "Mozilla/5.0 (compatible; SemrushBot/7~bl; +http://www.semrush.com/bot.html)" "www.mantech8.com"
185.191.171.11 - - [25/Jan/2023:22:14:26 -0800] "GET /?camp-fire%2F110401917.html HTTP/1.1" 500 - "-" "Mozilla/5.0 (compatible; SemrushBot/7~bl; +http://www.semrush.com/bot.html)" "mantech8.com"
185.191.171.10 - - [25/Jan/2023:22:14:43 -0800] "GET /index.php?camp-fire%2F57306872.html HTTP/1.1" 500 - "-" "Mozilla/5.0 (compatible; SemrushBot/7~bl; +http://www.semrush.com/bot.html)" "mantech8.com"
185.191.171.13 - - [25/Jan/2023:22:15:08 -0800] "GET /?camp-fire%2F109745703.html HTTP/1.1" 500 - "-" "Mozilla/5.0 (compatible; SemrushBot/7~bl; +http://www.semrush.com/bot.html)" "mantech8.com"
139.99.219.252 - - [25/Jan/2023:22:15:22 -0800] "GET / HTTP/1.1" 500 - "-" "Mozilla/5.0 (X11; Fedora; Linux x86_64; rv:90.0) Gecko/20100101 Firefox/90.0" "mantech8.com"
139.99.219.252 - - [25/Jan/2023:22:15:23 -0800] "GET /adminer.php HTTP/1.1" 404 88 "-" "Mozilla/5.0 (X11; Fedora; Linux x86_64; rv:90.0) Gecko/20100101 Firefox/90.0" "mantech8.com"
185.191.171.20 - - [25/Jan/2023:22:15:24 -0800] "GET /index.php?camp-fire%2F79918308.html HTTP/1.1" 500 - "-" "Mozilla/5.0 (compatible; SemrushBot/7~bl; +http://www.semrush.com/bot.html)" "mantech8.com"
185.191.171.26 - - [25/Jan/2023:22:16:14 -0800] "GET /index.php?camp-fire%2F68477765.html HTTP/1.1" 500 - "-" "Mozilla/5.0 (compatible; SemrushBot/7~bl; +http://www.semrush.com/bot.html)" "mantech8.com"
185.191.171.37 - - [25/Jan/2023:22:16:42 -0800] "GET /index.php?camp-fire%2F50503368.html HTTP/1.1" 500 - "-" "Mozilla/5.0 (compatible; SemrushBot/7~bl; +http://www.semrush.com/bot.html)" "mantech8.com"
216.244.66.241 - - [25/Jan/2023:22:16:48 -0800] "GET /robots.txt HTTP/1.1" 200 222 "-" "Mozilla/5.0 (compatible; DotBot/1.2; +https://opensiteexplorer.org/dotbot; help@moz.com)" "mantech8.com"
216.244.66.241 - - [25/Jan/2023:22:16:48 -0800] "GET /robots.txt HTTP/1.1" 200 222 "-" "Mozilla/5.0 (compatible; DotBot/1.2; +https://opensiteexplorer.org/dotbot; help@moz.com)" "www.mantech8.com"
185.191.171.22 - - [25/Jan/2023:22:17:37 -0800] "GET /?camp-fire%2F105539751.html HTTP/1.1" 500 - "-" "Mozilla/5.0 (compatible; SemrushBot/7~bl; +http://www.semrush.com/bot.html)" "mantech8.com"
185.191.171.39 - - [25/Jan/2023:22:17:51 -0800] "GET /?camp-fire%2F107239450.html HTTP/1.1" 500 - "-" "Mozilla/5.0 (compatible; SemrushBot/7~bl; +http://www.semrush.com/bot.html)" "mantech8.com"
185.191.171.17 - - [25/Jan/2023:22:18:40 -0800] "GET /bimages/headg/footer.php HTTP/1.1" 200 32 "-" "Mozilla/5.0 (compatible; SemrushBot/7~bl; +http://www.semrush.com/bot.html)" "www.mantech8.com"
54.71.187.124 - - [25/Jan/2023:22:18:42 -0800] "GET / HTTP/1.1" 500 - "-" "Mozilla/5.0 (Windows NT 6.1; Win64; x64; rv:106.0) Gecko/20100101 Firefox/106.0" "mantech8.com"
114.119.166.212 - - [25/Jan/2023:22:19:14 -0800] "GET /robots.txt HTTP/1.1" 200 106 "-" "Mozilla/5.0 (compatible;PetalBot;+https://webmaster.petalsearch.com/site/petalbot)" "www.mantech8.com"
104.171.158.16 - - [25/Jan/2023:22:20:07 -0800] "GET / HTTP/1.1" 500 - "-" "Mozilla/5.0 (Windows NT 6.1; Win64; x64; rv:106.0) Gecko/20100101 Firefox/106.0" "mantech8.com"
185.191.171.24 - - [25/Jan/2023:22:20:58 -0800] "GET /?camp-fire%2F106274121.html HTTP/1.1" 500 - "-" "Mozilla/5.0 (compatible; SemrushBot/7~bl; +http://www.semrush.com/bot.html)" "mantech8.com"
157.55.39.29 - - [25/Jan/2023:22:21:53 -0800] "GET /VMbP-29432acade-uUWEm.Ii HTTP/1.1" 404 88 "-" "Mozilla/5.0 AppleWebKit/537.36 (KHTML, like Gecko; compatible; bingbot/2.0; +http://www.bing.com/bingbot.htm) Chrome/103.0.5060.134 Safari/537.36" "www.mantech8.com"
185.128.178.242 - - [25/Jan/2023:22:22:09 -0800] "GET / HTTP/1.1" 500 - "-" "Mozilla/5.0 (Windows NT 6.1; Win64; x64) AppleWebKit/537.36 (KHTML, like Gecko) Chrome/106.0.0.0 Safari/537.36" "mantech8.com"
185.191.171.9 - - [25/Jan/2023:22:22:20 -0800] "GET /index.php?camp-fire%2F8356272.html HTTP/1.1" 500 - "-" "Mozilla/5.0 (compatible; SemrushBot/7~bl; +http://www.semrush.com/bot.html)" "mantech8.com"
185.191.171.45 - - [25/Jan/2023:22:23:43 -0800] "GET /index.php?camp-fire%2F36014225.html HTTP/1.1" 500 - "-" "Mozilla/5.0 (compatible; SemrushBot/7~bl; +http://www.semrush.com/bot.html)" "mantech8.com"
185.191.171.1 - - [25/Jan/2023:22:24:29 -0800] "GET /index.php?camp-fire%2F53668250.html HTTP/1.1" 500 - "-" "Mozilla/5.0 (compatible; SemrushBot/7~bl; +http://www.semrush.com/bot.html)" "mantech8.com"
185.191.171.13 - - [25/Jan/2023:22:24:41 -0800] "GET /index.php?camp-fire%2F86207759.html HTTP/1.1" 500 - "-" "Mozilla/5.0 (compatible; SemrushBot/7~bl; +http://www.semrush.com/bot.html)" "mantech8.com"
171.22.229.60 - - [25/Jan/2023:22:25:11 -0800] "GET / HTTP/1.1" 500 - "-" "Mozilla/5.0 (Windows NT 6.1; Win64; x64; rv:106.0) Gecko/20100101 Firefox/106.0" "mantech8.com"
185.191.171.12 - - [25/Jan/2023:22:25:21 -0800] "GET /?camp-fire%2F104492366.html HTTP/1.1" 500 - "-" "Mozilla/5.0 (compatible; SemrushBot/7~bl; +http://www.semrush.com/bot.html)" "mantech8.com"
185.191.171.24 - - [25/Jan/2023:22:26:05 -0800] "GET /?camp-fire%2F101778782.html HTTP/1.1" 500 - "-" "Mozilla/5.0 (compatible; SemrushBot/7~bl; +http://www.semrush.com/bot.html)" "mantech8.com"
185.191.171.14 - - [25/Jan/2023:22:26:16 -0800] "GET /?camp-fire%2F106786992.html HTTP/1.1" 500 - "-" "Mozilla/5.0 (compatible; SemrushBot/7~bl; +http://www.semrush.com/bot.html)" "mantech8.com"
185.191.171.4 - - [25/Jan/2023:22:26:44 -0800] "GET /?camp-fire%2F100794450.html HTTP/1.1" 500 - "-" "Mozilla/5.0 (compatible; SemrushBot/7~bl; +http://www.semrush.com/bot.html)" "mantech8.com"
185.191.171.8 - - [25/Jan/2023:22:27:11 -0800] "GET /?camp-fire%2F105015093.html HTTP/1.1" 500 - "-" "Mozilla/5.0 (compatible; SemrushBot/7~bl; +http://www.semrush.com/bot.html)" "mantech8.com"
185.191.171.44 - - [25/Jan/2023:22:27:14 -0800] "GET /?camp-fire%2F115382892.html HTTP/1.1" 500 - "-" "Mozilla/5.0 (compatible; SemrushBot/7~bl; +http://www.semrush.com/bot.html)" "mantech8.com"
185.191.171.3 - - [25/Jan/2023:22:27:38 -0800] "GET /robots.txt HTTP/1.1" 200 106 "-" "Mozilla/5.0 (compatible; SemrushBot/7~bl; +http://www.semrush.com/bot.html)" "mantech8.com"
185.191.171.35 - - [25/Jan/2023:22:27:39 -0800] "GET /index.php?camp-fire%2F4936796.html HTTP/1.1" 500 - "-" "Mozilla/5.0 (compatible; SemrushBot/7~bl; +http://www.semrush.com/bot.html)" "mantech8.com"
185.191.171.45 - - [25/Jan/2023:22:27:47 -0800] "GET /?camp-fire%2F107740080.html HTTP/1.1" 500 - "-" "Mozilla/5.0 (compatible; SemrushBot/7~bl; +http://www.semrush.com/bot.html)" "mantech8.com"
206.127.208.52 - - [25/Jan/2023:22:28:14 -0800] "GET / HTTP/1.1" 500 - "-" "Mozilla/5.0 (Windows NT 6.1; Win64; x64) AppleWebKit/537.36 (KHTML, like Gecko) Chrome/106.0.0.0 Safari/537.36" "mantech8.com"
185.191.171.19 - - [25/Jan/2023:22:28:15 -0800] "GET /?camp-fire%2F102452821.html HTTP/1.1" 500 - "-" "Mozilla/5.0 (compatible; SemrushBot/7~bl; +http://www.semrush.com/bot.html)" "mantech8.com"
185.191.171.43 - - [25/Jan/2023:22:28:43 -0800] "GET /?camp-fire%2F107284538.html HTTP/1.1" 500 - "-" "Mozilla/5.0 (compatible; SemrushBot/7~bl; +http://www.semrush.com/bot.html)" "mantech8.com"
185.191.171.44 - - [25/Jan/2023:22:29:37 -0800] "GET /?camp-fire%2F104795735.html HTTP/1.1" 500 - "-" "Mozilla/5.0 (compatible; SemrushBot/7~bl; +http://www.semrush.com/bot.html)" "mantech8.com"
185.191.171.24 - - [25/Jan/2023:22:29:41 -0800] "GET /?camp-fire%2F109172132.html HTTP/1.1" 500 - "-" "Mozilla/5.0 (compatible; SemrushBot/7~bl; +http://www.semrush.com/bot.html)" "mantech8.com"
185.191.171.44 - - [25/Jan/2023:22:29:50 -0800] "GET /index.php?camp-fire%2F56427072.html HTTP/1.1" 500 - "-" "Mozilla/5.0 (compatible; SemrushBot/7~bl; +http://www.semrush.com/bot.html)" "mantech8.com"
40.77.167.59 - - [25/Jan/2023:22:30:30 -0800] "GET / HTTP/1.1" 200 64367 "-" "Mozilla/5.0 AppleWebKit/537.36 (KHTML, like Gecko; compatible; bingbot/2.0; +http://www.bing.com/bingbot.htm) Chrome/103.0.5060.134 Safari/537.36" "www.mantech8.com"
185.191.171.13 - - [25/Jan/2023:22:31:03 -0800] "GET /index.php?camp-fire%2F50220438.html HTTP/1.1" 500 - "-" "Mozilla/5.0 (compatible; SemrushBot/7~bl; +http://www.semrush.com/bot.html)" "mantech8.com"
146.255.187.248 - - [25/Jan/2023:22:31:33 -0800] "GET / HTTP/1.1" 500 - "-" "Mozilla/5.0 (Windows NT 6.1; Win64; x64) AppleWebKit/537.36 (KHTML, like Gecko) Chrome/106.0.0.0 Safari/537.36" "mantech8.com"
185.191.171.6 - - [25/Jan/2023:22:32:44 -0800] "GET /index.php?camp-fire%2F33665808.html HTTP/1.1" 500 - "-" "Mozilla/5.0 (compatible; SemrushBot/7~bl; +http://www.semrush.com/bot.html)" "mantech8.com"
185.191.171.4 - - [25/Jan/2023:22:33:16 -0800] "GET /index.php?camp-fire%2F43925478.html HTTP/1.1" 500 - "-" "Mozilla/5.0 (compatible; SemrushBot/7~bl; +http://www.semrush.com/bot.html)" "mantech8.com"
185.191.171.6 - - [25/Jan/2023:22:35:15 -0800] "GET /clients.php HTTP/1.1" 200 18489 "-" "Mozilla/5.0 (compatible; SemrushBot/7~bl; +http://www.semrush.com/bot.html)" "mantech8.com"
185.191.171.16 - - [25/Jan/2023:22:35:54 -0800] "GET /?camp-fire%2F108945360.html HTTP/1.1" 500 - "-" "Mozilla/5.0 (compatible; SemrushBot/7~bl; +http://www.semrush.com/bot.html)" "mantech8.com"
157.55.39.186 - - [25/Jan/2023:22:36:03 -0800] "GET /APS-9fae3ecfcc-OmwLt.Ii HTTP/1.1" 404 88 "-" "Mozilla/5.0 AppleWebKit/537.36 (KHTML, like Gecko; compatible; bingbot/2.0; +http://www.bing.com/bingbot.htm) Chrome/103.0.5060.134 Safari/537.36" "www.mantech8.com"
185.191.171.7 - - [25/Jan/2023:22:36:23 -0800] "GET /?camp-fire%2F106981725.html HTTP/1.1" 500 - "-" "Mozilla/5.0 (compatible; SemrushBot/7~bl; +http://www.semrush.com/bot.html)" "mantech8.com"
185.191.171.35 - - [25/Jan/2023:22:37:17 -0800] "GET /index.php?camp-fire%2F33822408.html HTTP/1.1" 500 - "-" "Mozilla/5.0 (compatible; SemrushBot/7~bl; +http://www.semrush.com/bot.html)" "mantech8.com"
185.191.171.40 - - [25/Jan/2023:22:38:00 -0800] "GET /index.php?camp-fire%2F32568225.html HTTP/1.1" 500 - "-" "Mozilla/5.0 (compatible; SemrushBot/7~bl; +http://www.semrush.com/bot.html)" "mantech8.com"
114.119.137.98 - - [25/Jan/2023:22:38:49 -0800] "GET /robots.txt HTTP/1.1" 200 106 "-" "Mozilla/5.0 (compatible;PetalBot;+https://webmaster.petalsearch.com/site/petalbot)" "mantech8.com"
185.191.171.39 - - [25/Jan/2023:22:39:17 -0800] "GET /?camp-fire%2F118491334.html HTTP/1.1" 500 - "-" "Mozilla/5.0 (compatible; SemrushBot/7~bl; +http://www.semrush.com/bot.html)" "mantech8.com"
185.191.171.26 - - [25/Jan/2023:22:39:55 -0800] "GET /index.php?camp-fire%2F28502609.html HTTP/1.1" 500 - "-" "Mozilla/5.0 (compatible; SemrushBot/7~bl; +http://www.semrush.com/bot.html)" "mantech8.com"
185.191.171.15 - - [25/Jan/2023:22:40:15 -0800] "GET /?camp-fire%2F102603951.html HTTP/1.1" 500 - "-" "Mozilla/5.0 (compatible; SemrushBot/7~bl; +http://www.semrush.com/bot.html)" "mantech8.com"
185.191.171.17 - - [25/Jan/2023:22:40:20 -0800] "GET /?camp-fire%2F105659746.html HTTP/1.1" 500 - "-" "Mozilla/5.0 (compatible; SemrushBot/7~bl; +http://www.semrush.com/bot.html)" "mantech8.com"
185.191.171.4 - - [25/Jan/2023:22:41:00 -0800] "GET /?camp-fire%2F109336508.html HTTP/1.1" 500 - "-" "Mozilla/5.0 (compatible; SemrushBot/7~bl; +http://www.semrush.com/bot.html)" "mantech8.com"
185.191.171.26 - - [25/Jan/2023:22:41:50 -0800] "GET /index.php?camp-fire%2F67088156.html HTTP/1.1" 500 - "-" "Mozilla/5.0 (compatible; SemrushBot/7~bl; +http://www.semrush.com/bot.html)" "mantech8.com"
185.191.171.15 - - [25/Jan/2023:22:42:15 -0800] "GET /index.php?camp-fire%2F39901792.html HTTP/1.1" 500 - "-" "Mozilla/5.0 (compatible; SemrushBot/7~bl; +http://www.semrush.com/bot.html)" "mantech8.com"
185.191.171.45 - - [25/Jan/2023:22:42:20 -0800] "GET /?camp-fire%2F107910664.html HTTP/1.1" 500 - "-" "Mozilla/5.0 (compatible; SemrushBot/7~bl; +http://www.semrush.com/bot.html)" "mantech8.com"
185.191.171.19 - - [25/Jan/2023:22:42:43 -0800] "GET /index.php?camp-fire%2F48500441.html HTTP/1.1" 500 - "-" "Mozilla/5.0 (compatible; SemrushBot/7~bl; +http://www.semrush.com/bot.html)" "mantech8.com"
66.249.64.238 - - [25/Jan/2023:22:43:19 -0800] "GET /js/jquery.marquee.js?v=3 HTTP/1.1" 404 88 "http://www.mantech8.com/contact.php" "Mozilla/5.0 AppleWebKit/537.36 (KHTML, like Gecko; compatible; Googlebot/2.1; +http://www.google.com/bot.html) Chrome/109.0.5414.101 Safari/537.36" "www.mantech8.com"
66.249.64.240 - - [25/Jan/2023:22:43:20 -0800] "GET /js/jquery.marquee.js?v=3 HTTP/1.1" 404 88 "http://www.mantech8.com/contact.php" "Mozilla/5.0 AppleWebKit/537.36 (KHTML, like Gecko; compatible; Googlebot/2.1; +http://www.google.com/bot.html) Chrome/109.0.5414.101 Safari/537.36" "www.mantech8.com"
185.191.171.16 - - [25/Jan/2023:22:43:46 -0800] "GET /index.php?camp-fire%2F3856174.html HTTP/1.1" 500 - "-" "Mozilla/5.0 (compatible; SemrushBot/7~bl; +http://www.semrush.com/bot.html)" "mantech8.com"
185.191.171.36 - - [25/Jan/2023:22:43:55 -0800] "GET /?camp-fire%2F107911464.html HTTP/1.1" 500 - "-" "Mozilla/5.0 (compatible; SemrushBot/7~bl; +http://www.semrush.com/bot.html)" "mantech8.com"
185.191.171.42 - - [25/Jan/2023:22:45:45 -0800] "GET /?camp-fire%2F109642416.html HTTP/1.1" 500 - "-" "Mozilla/5.0 (compatible; SemrushBot/7~bl; +http://www.semrush.com/bot.html)" "mantech8.com"
185.191.171.26 - - [25/Jan/2023:22:46:10 -0800] "GET /?camp-fire%2F111888950.html HTTP/1.1" 500 - "-" "Mozilla/5.0 (compatible; SemrushBot/7~bl; +http://www.semrush.com/bot.html)" "mantech8.com"
185.191.171.44 - - [25/Jan/2023:22:46:11 -0800] "GET /?camp-fire%2F104071459.html HTTP/1.1" 500 - "-" "Mozilla/5.0 (compatible; SemrushBot/7~bl; +http://www.semrush.com/bot.html)" "mantech8.com"
185.191.171.42 - - [25/Jan/2023:22:46:19 -0800] "GET /index.php?camp-fire%2F27909670.html HTTP/1.1" 500 - "-" "Mozilla/5.0 (compatible; SemrushBot/7~bl; +http://www.semrush.com/bot.html)" "mantech8.com"
114.119.132.114 - - [25/Jan/2023:22:47:03 -0800] "GET /?sitemap590.xml HTTP/1.1" 200 270515 "-" "Mozilla/5.0 (Linux; Android 7.0;) AppleWebKit/537.36 (KHTML, like Gecko) Mobile Safari/537.36 (compatible; PetalBot;+https://webmaster.petalsearch.com/site/petalbot)" "mantech8.com"
114.119.160.138 - - [25/Jan/2023:22:48:29 -0800] "GET /?sitemap-index-8.xml HTTP/1.1" 200 4269 "-" "Mozilla/5.0 (Linux; Android 7.0;) AppleWebKit/537.36 (KHTML, like Gecko) Mobile Safari/537.36 (compatible; PetalBot;+https://webmaster.petalsearch.com/site/petalbot)" "mantech8.com"
185.191.171.4 - - [25/Jan/2023:22:49:15 -0800] "GET /?camp-fire%2F103559859.html HTTP/1.1" 500 - "-" "Mozilla/5.0 (compatible; SemrushBot/7~bl; +http://www.semrush.com/bot.html)" "mantech8.com"
185.191.171.25 - - [25/Jan/2023:22:49:17 -0800] "GET /index.php?camp-fire%2F40943750.html HTTP/1.1" 500 - "-" "Mozilla/5.0 (compatible; SemrushBot/7~bl; +http://www.semrush.com/bot.html)" "mantech8.com"
185.191.171.3 - - [25/Jan/2023:22:49:23 -0800] "GET /?camp-fire%2F118051559.html HTTP/1.1" 500 - "-" "Mozilla/5.0 (compatible; SemrushBot/7~bl; +http://www.semrush.com/bot.html)" "mantech8.com"
185.191.171.5 - - [25/Jan/2023:22:49:25 -0800] "GET /?camp-fire%2F106157841.html HTTP/1.1" 500 - "-" "Mozilla/5.0 (compatible; SemrushBot/7~bl; +http://www.semrush.com/bot.html)" "mantech8.com"
40.77.167.73 - - [25/Jan/2023:22:49:30 -0800] "GET /robots.txt HTTP/1.1" 200 106 "-" "Mozilla/5.0 AppleWebKit/537.36 (KHTML, like Gecko; compatible; bingbot/2.0; +http://www.bing.com/bingbot.htm) Chrome/103.0.5060.134 Safari/537.36" "www.mantech8.com"
185.191.171.1 - - [25/Jan/2023:22:49:45 -0800] "GET /?camp-fire%2F107676127.html HTTP/1.1" 500 - "-" "Mozilla/5.0 (compatible; SemrushBot/7~bl; +http://www.semrush.com/bot.html)" "mantech8.com"
40.77.167.13 - - [25/Jan/2023:22:51:21 -0800] "GET / HTTP/1.1" 200 64428 "-" "Mozilla/5.0 AppleWebKit/537.36 (KHTML, like Gecko; compatible; bingbot/2.0; +http://www.bing.com/bingbot.htm) Chrome/103.0.5060.134 Safari/537.36" "www.mantech8.com"
185.191.171.41 - - [25/Jan/2023:22:51:37 -0800] "GET /index.php?camp-fire%2F50057663.html HTTP/1.1" 500 - "-" "Mozilla/5.0 (compatible; SemrushBot/7~bl; +http://www.semrush.com/bot.html)" "mantech8.com"
185.191.171.3 - - [25/Jan/2023:22:51:58 -0800] "GET /?camp-fire%2F101390893.html HTTP/1.1" 500 - "-" "Mozilla/5.0 (compatible; SemrushBot/7~bl; +http://www.semrush.com/bot.html)" "mantech8.com"
185.191.171.40 - - [25/Jan/2023:22:52:09 -0800] "GET /?camp-fire%2F104133971.html HTTP/1.1" 500 - "-" "Mozilla/5.0 (compatible; SemrushBot/7~bl; +http://www.semrush.com/bot.html)" "mantech8.com"
185.191.171.37 - - [25/Jan/2023:22:52:10 -0800] "GET /bimages/hgallery/thump/black2llleaf.php HTTP/1.1" 200 32 "-" "Mozilla/5.0 (compatible; SemrushBot/7~bl; +http://www.semrush.com/bot.html)" "www.mantech8.com"
185.191.171.40 - - [25/Jan/2023:22:52:46 -0800] "GET /index.php?camp-fire%2F33637268.html HTTP/1.1" 500 - "-" "Mozilla/5.0 (compatible; SemrushBot/7~bl; +http://www.semrush.com/bot.html)" "mantech8.com"
185.191.171.13 - - [25/Jan/2023:22:52:54 -0800] "GET /index.php?camp-fire%2F1564790.html HTTP/1.1" 500 - "-" "Mozilla/5.0 (compatible; SemrushBot/7~bl; +http://www.semrush.com/bot.html)" "mantech8.com"
185.191.171.2 - - [25/Jan/2023:22:53:02 -0800] "GET /index.php?camp-fire%2F40361550.html HTTP/1.1" 500 - "-" "Mozilla/5.0 (compatible; SemrushBot/7~bl; +http://www.semrush.com/bot.html)" "mantech8.com"
157.55.39.29 - - [25/Jan/2023:22:53:16 -0800] "GET /F2si-846c5acbde-DkZAe.Ii HTTP/1.1" 404 88 "-" "Mozilla/5.0 AppleWebKit/537.36 (KHTML, like Gecko; compatible; bingbot/2.0; +http://www.bing.com/bingbot.htm) Chrome/103.0.5060.134 Safari/537.36" "www.mantech8.com"
157.55.39.29 - - [25/Jan/2023:22:53:47 -0800] "GET /F2si-846c5acbde-DkZAe.Ii HTTP/1.1" 404 88 "-" "Mozilla/5.0 AppleWebKit/537.36 (KHTML, like Gecko; compatible; bingbot/2.0; +http://www.bing.com/bingbot.htm) Chrome/103.0.5060.134 Safari/537.36" "www.mantech8.com"
185.191.171.24 - - [25/Jan/2023:22:55:06 -0800] "GET /?camp-fire%2F105371308.html HTTP/1.1" 500 - "-" "Mozilla/5.0 (compatible; SemrushBot/7~bl; +http://www.semrush.com/bot.html)" "mantech8.com"
185.191.171.35 - - [25/Jan/2023:22:56:44 -0800] "GET /?camp-fire%2F108090988.html HTTP/1.1" 500 - "-" "Mozilla/5.0 (compatible; SemrushBot/7~bl; +http://www.semrush.com/bot.html)" "mantech8.com"
185.191.171.4 - - [25/Jan/2023:22:56:58 -0800] "GET /index.php?camp-fire%2F36757650.html HTTP/1.1" 500 - "-" "Mozilla/5.0 (compatible; SemrushBot/7~bl; +http://www.semrush.com/bot.html)" "mantech8.com"
185.191.171.7 - - [25/Jan/2023:22:57:46 -0800] "GET /?camp-fire%2F115474602.html HTTP/1.1" 500 - "-" "Mozilla/5.0 (compatible; SemrushBot/7~bl; +http://www.semrush.com/bot.html)" "mantech8.com"
185.191.171.17 - - [25/Jan/2023:22:59:03 -0800] "GET /?camp-fire%2F105013993.html HTTP/1.1" 500 - "-" "Mozilla/5.0 (compatible; SemrushBot/7~bl; +http://www.semrush.com/bot.html)" "mantech8.com"
185.191.171.1 - - [25/Jan/2023:22:59:05 -0800] "GET /?camp-fire%2F107044941.html HTTP/1.1" 500 - "-" "Mozilla/5.0 (compatible; SemrushBot/7~bl; +http://www.semrush.com/bot.html)" "mantech8.com"
185.191.171.38 - - [25/Jan/2023:22:59:24 -0800] "GET /index.php?camp-fire%2F70130249.html HTTP/1.1" 500 - "-" "Mozilla/5.0 (compatible; SemrushBot/7~bl; +http://www.semrush.com/bot.html)" "mantech8.com"
85.192.40.166 - - [25/Jan/2023:23:00:05 -0800] "GET /contact.php HTTP/1.1" 200 29238 "https://equip4garden.com/" "Mozilla/4.0 (compatible; MSIE 6.0; Windows NT 5.1; Q312461)" "mantech8.com"
85.192.40.166 - - [25/Jan/2023:23:00:05 -0800] "GET /contact.php HTTP/1.1" 200 29238 "https://equip4garden.com/" "Mozilla/4.0 (compatible; MSIE 6.0; Windows NT 5.1; Q312461)" "mantech8.com"
85.192.40.166 - - [25/Jan/2023:23:00:07 -0800] "GET /contact.php HTTP/1.1" 200 29238 "https://equip4garden.com/" "Mozilla/4.0 (compatible; MSIE 6.0; Windows NT 5.1; Q312461)" "mantech8.com"
185.191.171.13 - - [25/Jan/2023:23:00:16 -0800] "GET /?camp-fire%2F106836426.html HTTP/1.1" 500 - "-" "Mozilla/5.0 (compatible; SemrushBot/7~bl; +http://www.semrush.com/bot.html)" "mantech8.com"
78.141.216.111 - - [25/Jan/2023:23:02:04 -0800] "GET /vendor/phpunit/phpunit/phpunit.xsd HTTP/1.1" 404 88 "-" "Mozilla/5.0 (X11; Linux x86_64; rv:52.0) Gecko/20100101 Firefox/52.0" "mantech8.com"
185.191.171.23 - - [25/Jan/2023:23:03:13 -0800] "GET /index.php?camp-fire%2F38471371.html HTTP/1.1" 500 - "-" "Mozilla/5.0 (compatible; SemrushBot/7~bl; +http://www.semrush.com/bot.html)" "mantech8.com"
185.191.171.22 - - [25/Jan/2023:23:03:59 -0800] "GET /?camp-fire%2F101716951.html HTTP/1.1" 500 - "-" "Mozilla/5.0 (compatible; SemrushBot/7~bl; +http://www.semrush.com/bot.html)" "mantech8.com"
185.191.171.11 - - [25/Jan/2023:23:04:19 -0800] "GET /?camp-fire%2F108202725.html HTTP/1.1" 500 - "-" "Mozilla/5.0 (compatible; SemrushBot/7~bl; +http://www.semrush.com/bot.html)" "mantech8.com"
185.191.171.38 - - [25/Jan/2023:23:04:20 -0800] "GET /index.php?camp-fire%2F53996450.html HTTP/1.1" 500 - "-" "Mozilla/5.0 (compatible; SemrushBot/7~bl; +http://www.semrush.com/bot.html)" "mantech8.com"
185.191.171.37 - - [25/Jan/2023:23:04:57 -0800] "GET /?camp-fire%2F104133271.html HTTP/1.1" 500 - "-" "Mozilla/5.0 (compatible; SemrushBot/7~bl; +http://www.semrush.com/bot.html)" "mantech8.com"
185.191.171.20 - - [25/Jan/2023:23:05:19 -0800] "GET /?camp-fire%2F101590606.html HTTP/1.1" 500 - "-" "Mozilla/5.0 (compatible; SemrushBot/7~bl; +http://www.semrush.com/bot.html)" "mantech8.com"
185.191.171.8 - - [25/Jan/2023:23:05:22 -0800] "GET /?camp-fire%2F35307638.html HTTP/1.1" 500 - "-" "Mozilla/5.0 (compatible; SemrushBot/7~bl; +http://www.semrush.com/bot.html)" "mantech8.com"
185.191.171.11 - - [25/Jan/2023:23:06:07 -0800] "GET /index.php?camp-fire%2F39763255.html HTTP/1.1" 500 - "-" "Mozilla/5.0 (compatible; SemrushBot/7~bl; +http://www.semrush.com/bot.html)" "mantech8.com"
185.191.171.9 - - [25/Jan/2023:23:06:45 -0800] "GET /index.php?camp-fire%2F8197978.html HTTP/1.1" 500 - "-" "Mozilla/5.0 (compatible; SemrushBot/7~bl; +http://www.semrush.com/bot.html)" "mantech8.com"
185.191.171.14 - - [25/Jan/2023:23:06:54 -0800] "GET /?camp-fire%2F105404176.html HTTP/1.1" 500 - "-" "Mozilla/5.0 (compatible; SemrushBot/7~bl; +http://www.semrush.com/bot.html)" "mantech8.com"
185.191.171.6 - - [25/Jan/2023:23:07:07 -0800] "GET /index.php?camp-fire%2F80770759.html HTTP/1.1" 500 - "-" "Mozilla/5.0 (compatible; SemrushBot/7~bl; +http://www.semrush.com/bot.html)" "mantech8.com"
185.191.171.9 - - [25/Jan/2023:23:08:07 -0800] "GET /index.php?camp-fire%2F57977459.html HTTP/1.1" 500 - "-" "Mozilla/5.0 (compatible; SemrushBot/7~bl; +http://www.semrush.com/bot.html)" "mantech8.com"
185.191.171.36 - - [25/Jan/2023:23:09:21 -0800] "GET /?camp-fire%2F110410292.html HTTP/1.1" 500 - "-" "Mozilla/5.0 (compatible; SemrushBot/7~bl; +http://www.semrush.com/bot.html)" "mantech8.com"
185.191.171.22 - - [25/Jan/2023:23:11:00 -0800] "GET /?camp-fire%2F109090825.html HTTP/1.1" 500 - "-" "Mozilla/5.0 (compatible; SemrushBot/7~bl; +http://www.semrush.com/bot.html)" "mantech8.com"
185.191.171.39 - - [25/Jan/2023:23:11:07 -0800] "GET /index.php?camp-fire%2F53917871.html HTTP/1.1" 500 - "-" "Mozilla/5.0 (compatible; SemrushBot/7~bl; +http://www.semrush.com/bot.html)" "mantech8.com"
185.191.171.11 - - [25/Jan/2023:23:11:32 -0800] "GET /?camp-fire%2F100151906.html HTTP/1.1" 500 - "-" "Mozilla/5.0 (compatible; SemrushBot/7~bl; +http://www.semrush.com/bot.html)" "mantech8.com"
185.191.171.40 - - [25/Jan/2023:23:12:03 -0800] "GET /?camp-fire%2F103464730.html HTTP/1.1" 500 - "-" "Mozilla/5.0 (compatible; SemrushBot/7~bl; +http://www.semrush.com/bot.html)" "mantech8.com"
216.244.66.241 - - [25/Jan/2023:23:12:17 -0800] "GET /robots.txt HTTP/1.1" 200 222 "-" "Mozilla/5.0 (compatible; DotBot/1.2; +https://opensiteexplorer.org/dotbot; help@moz.com)" "www.mantech8.com"
216.244.66.241 - - [25/Jan/2023:23:12:17 -0800] "GET /robots.txt HTTP/1.1" 200 222 "-" "Mozilla/5.0 (compatible; DotBot/1.2; +https://opensiteexplorer.org/dotbot; help@moz.com)" "mantech8.com"
185.191.171.5 - - [25/Jan/2023:23:12:27 -0800] "GET /index.php?camp-fire%2F35737117.html HTTP/1.1" 500 - "-" "Mozilla/5.0 (compatible; SemrushBot/7~bl; +http://www.semrush.com/bot.html)" "mantech8.com"
185.191.171.4 - - [25/Jan/2023:23:12:29 -0800] "GET /?camp-fire%2F115585635.html HTTP/1.1" 500 - "-" "Mozilla/5.0 (compatible; SemrushBot/7~bl; +http://www.semrush.com/bot.html)" "mantech8.com"
157.55.39.29 - - [25/Jan/2023:23:13:19 -0800] "GET /sitemapmobileindex.xml HTTP/1.1" 404 88 "-" "Mozilla/5.0 AppleWebKit/537.36 (KHTML, like Gecko; compatible; bingbot/2.0; +http://www.bing.com/bingbot.htm) Chrome/103.0.5060.134 Safari/537.36" "mantech8.com"
40.77.167.11 - - [25/Jan/2023:23:13:19 -0800] "GET /sitemapnewindex.xml HTTP/1.1" 404 88 "-" "Mozilla/5.0 AppleWebKit/537.36 (KHTML, like Gecko; compatible; bingbot/2.0; +http://www.bing.com/bingbot.htm) Chrome/103.0.5060.134 Safari/537.36" "mantech8.com"
40.77.167.26 - - [25/Jan/2023:23:13:22 -0800] "GET /sitemapindex.xml HTTP/1.1" 404 88 "-" "Mozilla/5.0 AppleWebKit/537.36 (KHTML, like Gecko; compatible; bingbot/2.0; +http://www.bing.com/bingbot.htm) Chrome/103.0.5060.134 Safari/537.36" "mantech8.com"
40.77.167.26 - - [25/Jan/2023:23:13:22 -0800] "GET /sitemapindeximages.xml HTTP/1.1" 404 88 "-" "Mozilla/5.0 AppleWebKit/537.36 (KHTML, like Gecko; compatible; bingbot/2.0; +http://www.bing.com/bingbot.htm) Chrome/103.0.5060.134 Safari/537.36" "mantech8.com"
185.191.171.14 - - [25/Jan/2023:23:13:43 -0800] "GET /?camp-fire%2F104071559.html HTTP/1.1" 500 - "-" "Mozilla/5.0 (compatible; SemrushBot/7~bl; +http://www.semrush.com/bot.html)" "mantech8.com"
185.191.171.38 - - [25/Jan/2023:23:14:36 -0800] "GET /index.php?camp-fire%2F20021832.html HTTP/1.1" 500 - "-" "Mozilla/5.0 (compatible; SemrushBot/7~bl; +http://www.semrush.com/bot.html)" "mantech8.com"
185.191.171.4 - - [25/Jan/2023:23:14:46 -0800] "GET /?camp-fire%2F117256063.html HTTP/1.1" 500 - "-" "Mozilla/5.0 (compatible; SemrushBot/7~bl; +http://www.semrush.com/bot.html)" "mantech8.com"
185.191.171.15 - - [25/Jan/2023:23:14:57 -0800] "GET /index.php?camp-fire%2F37089771.html HTTP/1.1" 500 - "-" "Mozilla/5.0 (compatible; SemrushBot/7~bl; +http://www.semrush.com/bot.html)" "mantech8.com"
185.191.171.11 - - [25/Jan/2023:23:15:34 -0800] "GET /?camp-fire%2F112711178.html HTTP/1.1" 500 - "-" "Mozilla/5.0 (compatible; SemrushBot/7~bl; +http://www.semrush.com/bot.html)" "mantech8.com"
185.191.171.45 - - [25/Jan/2023:23:16:21 -0800] "GET /index.php?camp-fire%2F39640826.html HTTP/1.1" 500 - "-" "Mozilla/5.0 (compatible; SemrushBot/7~bl; +http://www.semrush.com/bot.html)" "mantech8.com"
40.77.167.26 - - [25/Jan/2023:23:16:29 -0800] "GET /sitemapindeximages.xml HTTP/1.1" 404 88 "-" "Mozilla/5.0 AppleWebKit/537.36 (KHTML, like Gecko; compatible; bingbot/2.0; +http://www.bing.com/bingbot.htm) Chrome/103.0.5060.134 Safari/537.36" "mantech8.com"
185.191.171.5 - - [25/Jan/2023:23:17:52 -0800] "GET /?camp-fire%2F101591006.html HTTP/1.1" 500 - "-" "Mozilla/5.0 (compatible; SemrushBot/7~bl; +http://www.semrush.com/bot.html)" "mantech8.com"
185.191.171.9 - - [25/Jan/2023:23:18:44 -0800] "GET /index.php?camp-fire%2F63096125.html HTTP/1.1" 500 - "-" "Mozilla/5.0 (compatible; SemrushBot/7~bl; +http://www.semrush.com/bot.html)" "mantech8.com"
185.191.171.3 - - [25/Jan/2023:23:18:52 -0800] "GET /index.php?camp-fire%2F30402033.html HTTP/1.1" 500 - "-" "Mozilla/5.0 (compatible; SemrushBot/7~bl; +http://www.semrush.com/bot.html)" "mantech8.com"
185.191.171.44 - - [25/Jan/2023:23:18:54 -0800] "GET /?camp-fire%2F105344384.html HTTP/1.1" 500 - "-" "Mozilla/5.0 (compatible; SemrushBot/7~bl; +http://www.semrush.com/bot.html)" "mantech8.com"
185.191.171.36 - - [25/Jan/2023:23:18:56 -0800] "GET /?camp-fire%2F105539951.html HTTP/1.1" 500 - "-" "Mozilla/5.0 (compatible; SemrushBot/7~bl; +http://www.semrush.com/bot.html)" "mantech8.com"
185.191.171.13 - - [25/Jan/2023:23:19:03 -0800] "GET /?camp-fire%2F110845588.html HTTP/1.1" 500 - "-" "Mozilla/5.0 (compatible; SemrushBot/7~bl; +http://www.semrush.com/bot.html)" "mantech8.com"
185.191.171.40 - - [25/Jan/2023:23:20:38 -0800] "GET /index.php?camp-fire%2F83176069.html HTTP/1.1" 500 - "-" "Mozilla/5.0 (compatible; SemrushBot/7~bl; +http://www.semrush.com/bot.html)" "mantech8.com"
185.191.171.6 - - [25/Jan/2023:23:20:42 -0800] "GET /?camp-fire%2F115474702.html HTTP/1.1" 500 - "-" "Mozilla/5.0 (compatible; SemrushBot/7~bl; +http://www.semrush.com/bot.html)" "mantech8.com"
114.119.150.166 - - [25/Jan/2023:23:21:43 -0800] "GET /?nieying.xml HTTP/1.1" 200 270578 "-" "Mozilla/5.0 (Linux; Android 7.0;) AppleWebKit/537.36 (KHTML, like Gecko) Mobile Safari/537.36 (compatible; PetalBot;+https://webmaster.petalsearch.com/site/petalbot)" "mantech8.com"
185.191.171.15 - - [25/Jan/2023:23:23:38 -0800] "GET /index.php?camp-fire%2F33822108.html HTTP/1.1" 500 - "-" "Mozilla/5.0 (compatible; SemrushBot/7~bl; +http://www.semrush.com/bot.html)" "mantech8.com"
185.191.171.5 - - [25/Jan/2023:23:24:13 -0800] "GET /?camp-fire%2F105748708.html HTTP/1.1" 500 - "-" "Mozilla/5.0 (compatible; SemrushBot/7~bl; +http://www.semrush.com/bot.html)" "mantech8.com"
185.191.171.1 - - [25/Jan/2023:23:24:27 -0800] "GET /index.php?camp-fire%2F45155055.html HTTP/1.1" 500 - "-" "Mozilla/5.0 (compatible; SemrushBot/7~bl; +http://www.semrush.com/bot.html)" "mantech8.com"
185.191.171.35 - - [25/Jan/2023:23:24:42 -0800] "GET /index.php?camp-fire%2F80181535.html HTTP/1.1" 500 - "-" "Mozilla/5.0 (compatible; SemrushBot/7~bl; +http://www.semrush.com/bot.html)" "mantech8.com"
185.191.171.1 - - [25/Jan/2023:23:25:37 -0800] "GET /index.php?camp-fire%2F83368941.html HTTP/1.1" 500 - "-" "Mozilla/5.0 (compatible; SemrushBot/7~bl; +http://www.semrush.com/bot.html)" "mantech8.com"
185.191.171.14 - - [25/Jan/2023:23:26:04 -0800] "GET /index.php?camp-fire%2F38085372.html HTTP/1.1" 500 - "-" "Mozilla/5.0 (compatible; SemrushBot/7~bl; +http://www.semrush.com/bot.html)" "mantech8.com"
185.191.171.22 - - [25/Jan/2023:23:26:11 -0800] "GET /?camp-fire%2F105576959.html HTTP/1.1" 500 - "-" "Mozilla/5.0 (compatible; SemrushBot/7~bl; +http://www.semrush.com/bot.html)" "mantech8.com"
185.191.171.34 - - [25/Jan/2023:23:26:14 -0800] "GET /?camp-fire%2F100151706.html HTTP/1.1" 500 - "-" "Mozilla/5.0 (compatible; SemrushBot/7~bl; +http://www.semrush.com/bot.html)" "mantech8.com"
185.191.171.11 - - [25/Jan/2023:23:26:23 -0800] "GET /index.php?camp-fire%2F36794238.html HTTP/1.1" 500 - "-" "Mozilla/5.0 (compatible; SemrushBot/7~bl; +http://www.semrush.com/bot.html)" "mantech8.com"
185.191.171.26 - - [25/Jan/2023:23:26:32 -0800] "GET /index.php?camp-fire%2F40208988.html HTTP/1.1" 500 - "-" "Mozilla/5.0 (compatible; SemrushBot/7~bl; +http://www.semrush.com/bot.html)" "mantech8.com"
185.191.171.7 - - [25/Jan/2023:23:27:07 -0800] "GET /?camp-fire%2F105658646.html HTTP/1.1" 500 - "-" "Mozilla/5.0 (compatible; SemrushBot/7~bl; +http://www.semrush.com/bot.html)" "mantech8.com"
185.191.171.41 - - [25/Jan/2023:23:28:26 -0800] "GET /robots.txt HTTP/1.1" 200 106 "-" "Mozilla/5.0 (compatible; SemrushBot/7~bl; +http://www.semrush.com/bot.html)" "mantech8.com"
185.191.171.40 - - [25/Jan/2023:23:28:26 -0800] "GET /?camp-fire%2F105600882.html HTTP/1.1" 500 - "-" "Mozilla/5.0 (compatible; SemrushBot/7~bl; +http://www.semrush.com/bot.html)" "mantech8.com"
185.191.171.43 - - [25/Jan/2023:23:30:35 -0800] "GET /index.php?camp-fire%2F27066376.html HTTP/1.1" 500 - "-" "Mozilla/5.0 (compatible; SemrushBot/7~bl; +http://www.semrush.com/bot.html)" "mantech8.com"
185.191.171.44 - - [25/Jan/2023:23:31:01 -0800] "GET /index.php?camp-fire%2F39374135.html HTTP/1.1" 500 - "-" "Mozilla/5.0 (compatible; SemrushBot/7~bl; +http://www.semrush.com/bot.html)" "mantech8.com"
185.191.171.24 - - [25/Jan/2023:23:31:13 -0800] "GET /index.php?camp-fire%2F8699280.html HTTP/1.1" 500 - "-" "Mozilla/5.0 (compatible; SemrushBot/7~bl; +http://www.semrush.com/bot.html)" "mantech8.com"
185.191.171.21 - - [25/Jan/2023:23:31:47 -0800] "GET /?camp-fire%2F107835876.html HTTP/1.1" 500 - "-" "Mozilla/5.0 (compatible; SemrushBot/7~bl; +http://www.semrush.com/bot.html)" "mantech8.com"
185.191.171.22 - - [25/Jan/2023:23:32:48 -0800] "GET /index.php?camp-fire%2F84058790.html HTTP/1.1" 500 - "-" "Mozilla/5.0 (compatible; SemrushBot/7~bl; +http://www.semrush.com/bot.html)" "mantech8.com"
185.191.171.8 - - [25/Jan/2023:23:33:50 -0800] "GET /?camp-fire%2F109336408.html HTTP/1.1" 500 - "-" "Mozilla/5.0 (compatible; SemrushBot/7~bl; +http://www.semrush.com/bot.html)" "mantech8.com"
185.191.171.41 - - [25/Jan/2023:23:34:06 -0800] "GET /?camp-fire%2F108203125.html HTTP/1.1" 500 - "-" "Mozilla/5.0 (compatible; SemrushBot/7~bl; +http://www.semrush.com/bot.html)" "mantech8.com"
185.191.171.8 - - [25/Jan/2023:23:34:50 -0800] "GET /?camp-fire%2F112499903.html HTTP/1.1" 500 - "-" "Mozilla/5.0 (compatible; SemrushBot/7~bl; +http://www.semrush.com/bot.html)" "mantech8.com"
40.77.167.26 - - [25/Jan/2023:23:35:53 -0800] "GET /index.php?c=product&a=type&tid=54 HTTP/1.1" 200 64526 "-" "Mozilla/5.0 AppleWebKit/537.36 (KHTML, like Gecko; compatible; bingbot/2.0; +http://www.bing.com/bingbot.htm) Chrome/103.0.5060.134 Safari/537.36" "www.mantech8.com"
185.191.171.42 - - [25/Jan/2023:23:35:57 -0800] "GET /index.php?camp-fire%2F27669609.html HTTP/1.1" 500 - "-" "Mozilla/5.0 (compatible; SemrushBot/7~bl; +http://www.semrush.com/bot.html)" "mantech8.com"
185.191.171.43 - - [25/Jan/2023:23:36:01 -0800] "GET /index.php?camp-fire%2F39056735.html HTTP/1.1" 500 - "-" "Mozilla/5.0 (compatible; SemrushBot/7~bl; +http://www.semrush.com/bot.html)" "mantech8.com"
185.191.171.39 - - [25/Jan/2023:23:36:20 -0800] "GET /?camp-fire%2F107739080.html HTTP/1.1" 500 - "-" "Mozilla/5.0 (compatible; SemrushBot/7~bl; +http://www.semrush.com/bot.html)" "mantech8.com"
185.191.171.15 - - [25/Jan/2023:23:38:24 -0800] "GET /index.php?camp-fire%2F49704834.html HTTP/1.1" 500 - "-" "Mozilla/5.0 (compatible; SemrushBot/7~bl; +http://www.semrush.com/bot.html)" "mantech8.com"
185.191.171.8 - - [25/Jan/2023:23:39:31 -0800] "GET /index.php?camp-fire%2F39914903.html HTTP/1.1" 500 - "-" "Mozilla/5.0 (compatible; SemrushBot/7~bl; +http://www.semrush.com/bot.html)" "mantech8.com"
185.191.171.6 - - [25/Jan/2023:23:39:59 -0800] "GET /?camp-fire%2F111714788.html HTTP/1.1" 500 - "-" "Mozilla/5.0 (compatible; SemrushBot/7~bl; +http://www.semrush.com/bot.html)" "mantech8.com"
185.191.171.22 - - [25/Jan/2023:23:40:06 -0800] "GET /index.php?camp-fire%2F60006678.html HTTP/1.1" 500 - "-" "Mozilla/5.0 (compatible; SemrushBot/7~bl; +http://www.semrush.com/bot.html)" "mantech8.com"
185.191.171.39 - - [25/Jan/2023:23:40:11 -0800] "GET /index.php?camp-fire%2F47607138.html HTTP/1.1" 500 - "-" "Mozilla/5.0 (compatible; SemrushBot/7~bl; +http://www.semrush.com/bot.html)" "mantech8.com"
185.191.171.45 - - [25/Jan/2023:23:42:34 -0800] "GET /index.php?camp-fire%2F35896038.html HTTP/1.1" 500 - "-" "Mozilla/5.0 (compatible; SemrushBot/7~bl; +http://www.semrush.com/bot.html)" "mantech8.com"
185.191.171.24 - - [25/Jan/2023:23:42:47 -0800] "GET /?camp-fire%2F105379566.html HTTP/1.1" 500 - "-" "Mozilla/5.0 (compatible; SemrushBot/7~bl; +http://www.semrush.com/bot.html)" "mantech8.com"
185.191.171.10 - - [25/Jan/2023:23:42:49 -0800] "GET /?camp-fire%2F39777617.html HTTP/1.1" 500 - "-" "Mozilla/5.0 (compatible; SemrushBot/7~bl; +http://www.semrush.com/bot.html)" "mantech8.com"
185.191.171.10 - - [25/Jan/2023:23:42:59 -0800] "GET /?camp-fire%2F108313866.html HTTP/1.1" 500 - "-" "Mozilla/5.0 (compatible; SemrushBot/7~bl; +http://www.semrush.com/bot.html)" "mantech8.com"
185.191.171.19 - - [25/Jan/2023:23:43:38 -0800] "GET /index.php?camp-fire%2F49894630.html HTTP/1.1" 500 - "-" "Mozilla/5.0 (compatible; SemrushBot/7~bl; +http://www.semrush.com/bot.html)" "mantech8.com"
185.191.171.21 - - [25/Jan/2023:23:45:31 -0800] "GET /index.php?camp-fire%2F1164772.html HTTP/1.1" 500 - "-" "Mozilla/5.0 (compatible; SemrushBot/7~bl; +http://www.semrush.com/bot.html)" "mantech8.com"
185.191.171.13 - - [25/Jan/2023:23:45:42 -0800] "GET /index.php?camp-fire%2F41576288.html HTTP/1.1" 500 - "-" "Mozilla/5.0 (compatible; SemrushBot/7~bl; +http://www.semrush.com/bot.html)" "mantech8.com"
185.191.171.15 - - [25/Jan/2023:23:46:40 -0800] "GET /index.php?camp-fire%2F30690155.html HTTP/1.1" 500 - "-" "Mozilla/5.0 (compatible; SemrushBot/7~bl; +http://www.semrush.com/bot.html)" "mantech8.com"
185.191.171.37 - - [25/Jan/2023:23:46:52 -0800] "GET /?camp-fire%2F102596855.html HTTP/1.1" 500 - "-" "Mozilla/5.0 (compatible; SemrushBot/7~bl; +http://www.semrush.com/bot.html)" "mantech8.com"
40.77.167.26 - - [25/Jan/2023:23:47:32 -0800] "GET /F2si-880c1eedda-DiUNu.Ii HTTP/1.1" 404 88 "-" "Mozilla/5.0 AppleWebKit/537.36 (KHTML, like Gecko; compatible; bingbot/2.0; +http://www.bing.com/bingbot.htm) Chrome/103.0.5060.134 Safari/537.36" "www.mantech8.com"
185.191.171.23 - - [25/Jan/2023:23:48:13 -0800] "GET /index.php?camp-fire%2F80382898.html HTTP/1.1" 500 - "-" "Mozilla/5.0 (compatible; SemrushBot/7~bl; +http://www.semrush.com/bot.html)" "mantech8.com"
185.191.171.37 - - [25/Jan/2023:23:49:38 -0800] "GET /?camp-fire%2F109988893.html HTTP/1.1" 500 - "-" "Mozilla/5.0 (compatible; SemrushBot/7~bl; +http://www.semrush.com/bot.html)" "mantech8.com"
185.191.171.3 - - [25/Jan/2023:23:50:09 -0800] "GET /robots.txt HTTP/1.1" 200 106 "-" "Mozilla/5.0 (compatible; SemrushBot/7~bl; +http://www.semrush.com/bot.html)" "www.mantech8.com"
185.191.171.12 - - [25/Jan/2023:23:50:09 -0800] "GET /services.php HTTP/1.1" 200 39198 "-" "Mozilla/5.0 (compatible; SemrushBot/7~bl; +http://www.semrush.com/bot.html)" "www.mantech8.com"
185.191.171.40 - - [25/Jan/2023:23:50:42 -0800] "GET /index.php?camp-fire%2F27275170.html HTTP/1.1" 500 - "-" "Mozilla/5.0 (compatible; SemrushBot/7~bl; +http://www.semrush.com/bot.html)" "mantech8.com"
185.191.171.6 - - [25/Jan/2023:23:51:13 -0800] "GET /index.php?camp-fire%2F55370197.html HTTP/1.1" 500 - "-" "Mozilla/5.0 (compatible; SemrushBot/7~bl; +http://www.semrush.com/bot.html)" "mantech8.com"
185.191.171.20 - - [25/Jan/2023:23:51:24 -0800] "GET /index.php?camp-fire%2F28010159.html HTTP/1.1" 500 - "-" "Mozilla/5.0 (compatible; SemrushBot/7~bl; +http://www.semrush.com/bot.html)" "mantech8.com"
185.191.171.41 - - [25/Jan/2023:23:51:36 -0800] "GET /?camp-fire%2F102448541.html HTTP/1.1" 500 - "-" "Mozilla/5.0 (compatible; SemrushBot/7~bl; +http://www.semrush.com/bot.html)" "mantech8.com"
185.191.171.4 - - [25/Jan/2023:23:51:45 -0800] "GET /index.php?camp-fire%2F78258572.html HTTP/1.1" 500 - "-" "Mozilla/5.0 (compatible; SemrushBot/7~bl; +http://www.semrush.com/bot.html)" "mantech8.com"
185.191.171.26 - - [25/Jan/2023:23:52:00 -0800] "GET /index.php?camp-fire%2F86365498.html HTTP/1.1" 500 - "-" "Mozilla/5.0 (compatible; SemrushBot/7~bl; +http://www.semrush.com/bot.html)" "mantech8.com"
185.191.171.19 - - [25/Jan/2023:23:53:33 -0800] "GET /?camp-fire%2F106778917.html HTTP/1.1" 500 - "-" "Mozilla/5.0 (compatible; SemrushBot/7~bl; +http://www.semrush.com/bot.html)" "mantech8.com"
185.191.171.42 - - [25/Jan/2023:23:53:53 -0800] "GET /index.php?camp-fire%2F87901325.html HTTP/1.1" 500 - "-" "Mozilla/5.0 (compatible; SemrushBot/7~bl; +http://www.semrush.com/bot.html)" "mantech8.com"
185.191.171.45 - - [25/Jan/2023:23:55:51 -0800] "GET /index.php?camp-fire%2F37056278.html HTTP/1.1" 500 - "-" "Mozilla/5.0 (compatible; SemrushBot/7~bl; +http://www.semrush.com/bot.html)" "mantech8.com"
185.191.171.39 - - [25/Jan/2023:23:55:58 -0800] "GET /?camp-fire%2F105046316.html HTTP/1.1" 500 - "-" "Mozilla/5.0 (compatible; SemrushBot/7~bl; +http://www.semrush.com/bot.html)" "mantech8.com"
185.191.171.8 - - [25/Jan/2023:23:56:28 -0800] "GET /?camp-fire%2F103465130.html HTTP/1.1" 500 - "-" "Mozilla/5.0 (compatible; SemrushBot/7~bl; +http://www.semrush.com/bot.html)" "mantech8.com"
185.191.171.6 - - [25/Jan/2023:23:57:06 -0800] "GET /index.php?camp-fire%2F40329650.html HTTP/1.1" 500 - "-" "Mozilla/5.0 (compatible; SemrushBot/7~bl; +http://www.semrush.com/bot.html)" "mantech8.com"
185.191.171.22 - - [25/Jan/2023:23:57:12 -0800] "GET /index.php?camp-fire%2F46257835.html HTTP/1.1" 500 - "-" "Mozilla/5.0 (compatible; SemrushBot/7~bl; +http://www.semrush.com/bot.html)" "mantech8.com"
185.191.171.15 - - [25/Jan/2023:23:59:00 -0800] "GET /index.php?camp-fire%2F68318383.html HTTP/1.1" 500 - "-" "Mozilla/5.0 (compatible; SemrushBot/7~bl; +http://www.semrush.com/bot.html)" "mantech8.com"
185.191.171.1 - - [25/Jan/2023:23:59:24 -0800] "GET /index.php?camp-fire%2F28865609.html HTTP/1.1" 500 - "-" "Mozilla/5.0 (compatible; SemrushBot/7~bl; +http://www.semrush.com/bot.html)" "mantech8.com"
185.191.171.21 - - [26/Jan/2023:00:00:13 -0800] "GET /index.php?camp-fire%2F45122821.html HTTP/1.1" 500 - "-" "Mozilla/5.0 (compatible; SemrushBot/7~bl; +http://www.semrush.com/bot.html)" "mantech8.com"
185.191.171.33 - - [26/Jan/2023:00:00:42 -0800] "GET /?camp-fire%2F103087306.html HTTP/1.1" 500 - "-" "Mozilla/5.0 (compatible; SemrushBot/7~bl; +http://www.semrush.com/bot.html)" "mantech8.com"
185.191.171.9 - - [26/Jan/2023:00:01:02 -0800] "GET /?camp-fire%2F109715003.html HTTP/1.1" 500 - "-" "Mozilla/5.0 (compatible; SemrushBot/7~bl; +http://www.semrush.com/bot.html)" "mantech8.com"
185.191.171.14 - - [26/Jan/2023:00:01:06 -0800] "GET /?camp-fire%2F105199159.html HTTP/1.1" 500 - "-" "Mozilla/5.0 (compatible; SemrushBot/7~bl; +http://www.semrush.com/bot.html)" "mantech8.com"
185.191.171.15 - - [26/Jan/2023:00:02:09 -0800] "GET /index.php?camp-fire%2F31887630.html HTTP/1.1" 500 - "-" "Mozilla/5.0 (compatible; SemrushBot/7~bl; +http://www.semrush.com/bot.html)" "mantech8.com"
185.191.171.7 - - [26/Jan/2023:00:03:01 -0800] "GET /?camp-fire%2F104525206.html HTTP/1.1" 500 - "-" "Mozilla/5.0 (compatible; SemrushBot/7~bl; +http://www.semrush.com/bot.html)" "mantech8.com"
185.191.171.16 - - [26/Jan/2023:00:03:16 -0800] "GET /index.php?camp-fire%2F46834166.html HTTP/1.1" 500 - "-" "Mozilla/5.0 (compatible; SemrushBot/7~bl; +http://www.semrush.com/bot.html)" "mantech8.com"
185.191.171.38 - - [26/Jan/2023:00:04:13 -0800] "GET /index.php?camp-fire%2F40130335.html HTTP/1.1" 500 - "-" "Mozilla/5.0 (compatible; SemrushBot/7~bl; +http://www.semrush.com/bot.html)" "mantech8.com"
66.249.64.242 - - [26/Jan/2023:00:04:35 -0800] "GET /verificationimage.php?3879 HTTP/1.1" 200 1374 "-" "Googlebot-Image/1.0" "www.mantech8.com"
185.191.171.25 - - [26/Jan/2023:00:06:26 -0800] "GET /index.php?camp-fire%2F69416365.html HTTP/1.1" 500 - "-" "Mozilla/5.0 (compatible; SemrushBot/7~bl; +http://www.semrush.com/bot.html)" "mantech8.com"
41.77.23.120 - - [26/Jan/2023:00:06:43 -0800] "GET /contact.php HTTP/1.1" 200 29238 "http://mantech8.com/contact.php" "Mozilla/5.0 (Windows NT 10.0; Win64; x64) AppleWebKit/537.36 (KHTML, like Gecko) Chrome/90.0.4430.86 Safari/537.36" "mantech8.com"
185.191.171.9 - - [26/Jan/2023:00:07:17 -0800] "GET /?camp-fire%2F105014693.html HTTP/1.1" 500 - "-" "Mozilla/5.0 (compatible; SemrushBot/7~bl; +http://www.semrush.com/bot.html)" "mantech8.com"
185.191.171.38 - - [26/Jan/2023:00:07:22 -0800] "GET /index.php?camp-fire%2F33446693.html HTTP/1.1" 500 - "-" "Mozilla/5.0 (compatible; SemrushBot/7~bl; +http://www.semrush.com/bot.html)" "mantech8.com"
185.191.171.17 - - [26/Jan/2023:00:07:32 -0800] "GET /index.php?camp-fire%2F28144609.html HTTP/1.1" 500 - "-" "Mozilla/5.0 (compatible; SemrushBot/7~bl; +http://www.semrush.com/bot.html)" "mantech8.com"
185.191.171.4 - - [26/Jan/2023:00:08:04 -0800] "GET /index.php?camp-fire%2F61002078.html HTTP/1.1" 500 - "-" "Mozilla/5.0 (compatible; SemrushBot/7~bl; +http://www.semrush.com/bot.html)" "mantech8.com"
185.191.171.35 - - [26/Jan/2023:00:08:09 -0800] "GET /?camp-fire%2F111371338.html HTTP/1.1" 500 - "-" "Mozilla/5.0 (compatible; SemrushBot/7~bl; +http://www.semrush.com/bot.html)" "mantech8.com"
185.191.171.36 - - [26/Jan/2023:00:08:22 -0800] "GET /?camp-fire%2F104518971.html HTTP/1.1" 500 - "-" "Mozilla/5.0 (compatible; SemrushBot/7~bl; +http://www.semrush.com/bot.html)" "mantech8.com"
216.244.66.241 - - [26/Jan/2023:00:09:07 -0800] "GET /robots.txt HTTP/1.1" 200 222 "-" "Mozilla/5.0 (compatible; DotBot/1.2; +https://opensiteexplorer.org/dotbot; help@moz.com)" "www.mantech8.com"
185.191.171.36 - - [26/Jan/2023:00:09:25 -0800] "GET /index.php?camp-fire%2F77605369.html HTTP/1.1" 500 - "-" "Mozilla/5.0 (compatible; SemrushBot/7~bl; +http://www.semrush.com/bot.html)" "mantech8.com"
185.191.171.19 - - [26/Jan/2023:00:10:47 -0800] "GET /index.php?camp-fire%2F26168951.html HTTP/1.1" 500 - "-" "Mozilla/5.0 (compatible; SemrushBot/7~bl; +http://www.semrush.com/bot.html)" "mantech8.com"
185.191.171.33 - - [26/Jan/2023:00:11:06 -0800] "GET /index.php?camp-fire%2F2575400.html HTTP/1.1" 500 - "-" "Mozilla/5.0 (compatible; SemrushBot/7~bl; +http://www.semrush.com/bot.html)" "mantech8.com"
185.191.171.33 - - [26/Jan/2023:00:12:37 -0800] "GET /?camp-fire%2F108058560.html HTTP/1.1" 500 - "-" "Mozilla/5.0 (compatible; SemrushBot/7~bl; +http://www.semrush.com/bot.html)" "mantech8.com"
185.191.171.7 - - [26/Jan/2023:00:12:50 -0800] "GET /?camp-fire%2F115383692.html HTTP/1.1" 500 - "-" "Mozilla/5.0 (compatible; SemrushBot/7~bl; +http://www.semrush.com/bot.html)" "mantech8.com"
185.191.171.9 - - [26/Jan/2023:00:12:53 -0800] "GET /index.php?camp-fire%2F61402478.html HTTP/1.1" 500 - "-" "Mozilla/5.0 (compatible; SemrushBot/7~bl; +http://www.semrush.com/bot.html)" "mantech8.com"
185.191.171.33 - - [26/Jan/2023:00:13:14 -0800] "GET /index.php?camp-fire%2F12545676.html HTTP/1.1" 500 - "-" "Mozilla/5.0 (compatible; SemrushBot/7~bl; +http://www.semrush.com/bot.html)" "mantech8.com"
185.191.171.34 - - [26/Jan/2023:00:13:17 -0800] "GET /index.php?camp-fire%2F40003602.html HTTP/1.1" 500 - "-" "Mozilla/5.0 (compatible; SemrushBot/7~bl; +http://www.semrush.com/bot.html)" "mantech8.com"
185.191.171.20 - - [26/Jan/2023:00:13:56 -0800] "GET /?camp-fire%2F109090125.html HTTP/1.1" 500 - "-" "Mozilla/5.0 (compatible; SemrushBot/7~bl; +http://www.semrush.com/bot.html)" "mantech8.com"
77.75.79.31 - - [26/Jan/2023:00:15:00 -0800] "GET /robots.txt HTTP/1.1" 200 106 "-" "Mozilla/5.0 (compatible; SeznamBot/4.0-RC1; +http://napoveda.seznam.cz/seznambot-intro/)" "www.mantech8.com"
77.75.77.119 - - [26/Jan/2023:00:15:00 -0800] "GET /bimages/bus/ HTTP/1.1" 200 452 "-" "Mozilla/5.0 (compatible; SeznamBot/4.0-RC1; +http://napoveda.seznam.cz/seznambot-intro/)" "www.mantech8.com"
185.191.171.25 - - [26/Jan/2023:00:15:47 -0800] "GET /?camp-fire%2F102603551.html HTTP/1.1" 500 - "-" "Mozilla/5.0 (compatible; SemrushBot/7~bl; +http://www.semrush.com/bot.html)" "mantech8.com"
185.191.171.35 - - [26/Jan/2023:00:16:17 -0800] "GET /index.php?camp-fire%2F33185216.html HTTP/1.1" 500 - "-" "Mozilla/5.0 (compatible; SemrushBot/7~bl; +http://www.semrush.com/bot.html)" "mantech8.com"
185.191.171.40 - - [26/Jan/2023:00:16:33 -0800] "GET /index.php?camp-fire%2F33593068.html HTTP/1.1" 500 - "-" "Mozilla/5.0 (compatible; SemrushBot/7~bl; +http://www.semrush.com/bot.html)" "mantech8.com"
185.191.171.41 - - [26/Jan/2023:00:16:51 -0800] "GET /index.php?camp-fire%2F54481138.html HTTP/1.1" 500 - "-" "Mozilla/5.0 (compatible; SemrushBot/7~bl; +http://www.semrush.com/bot.html)" "mantech8.com"
185.191.171.41 - - [26/Jan/2023:00:17:09 -0800] "GET /index.php?camp-fire%2F86887885.html HTTP/1.1" 500 - "-" "Mozilla/5.0 (compatible; SemrushBot/7~bl; +http://www.semrush.com/bot.html)" "mantech8.com"
185.191.171.35 - - [26/Jan/2023:00:17:26 -0800] "GET /index.php?camp-fire%2F40767838.html HTTP/1.1" 500 - "-" "Mozilla/5.0 (compatible; SemrushBot/7~bl; +http://www.semrush.com/bot.html)" "mantech8.com"
185.191.171.25 - - [26/Jan/2023:00:18:29 -0800] "GET /index.php?camp-fire%2F17700565.html HTTP/1.1" 500 - "-" "Mozilla/5.0 (compatible; SemrushBot/7~bl; +http://www.semrush.com/bot.html)" "mantech8.com"
185.191.171.41 - - [26/Jan/2023:00:19:12 -0800] "GET /index.php?camp-fire%2F81120335.html HTTP/1.1" 500 - "-" "Mozilla/5.0 (compatible; SemrushBot/7~bl; +http://www.semrush.com/bot.html)" "mantech8.com"
185.191.171.10 - - [26/Jan/2023:00:19:46 -0800] "GET /index.php?camp-fire%2F35273408.html HTTP/1.1" 500 - "-" "Mozilla/5.0 (compatible; SemrushBot/7~bl; +http://www.semrush.com/bot.html)" "mantech8.com"
185.191.171.38 - - [26/Jan/2023:00:19:52 -0800] "GET /?camp-fire%2F110612235.html HTTP/1.1" 500 - "-" "Mozilla/5.0 (compatible; SemrushBot/7~bl; +http://www.semrush.com/bot.html)" "mantech8.com"
185.191.171.20 - - [26/Jan/2023:00:20:35 -0800] "GET /index.php?camp-fire%2F8248778.html HTTP/1.1" 500 - "-" "Mozilla/5.0 (compatible; SemrushBot/7~bl; +http://www.semrush.com/bot.html)" "mantech8.com"
185.191.171.21 - - [26/Jan/2023:00:21:37 -0800] "GET /index.php?camp-fire%2F76485085.html HTTP/1.1" 500 - "-" "Mozilla/5.0 (compatible; SemrushBot/7~bl; +http://www.semrush.com/bot.html)" "mantech8.com"
40.77.167.26 - - [26/Jan/2023:00:22:05 -0800] "GET /O6yJ-3dcb-pIjUR.Ii HTTP/1.1" 404 88 "-" "Mozilla/5.0 AppleWebKit/537.36 (KHTML, like Gecko; compatible; bingbot/2.0; +http://www.bing.com/bingbot.htm) Chrome/103.0.5060.134 Safari/537.36" "www.mantech8.com"
185.191.171.8 - - [26/Jan/2023:00:22:32 -0800] "GET /index.php?camp-fire%2F27770163.html HTTP/1.1" 500 - "-" "Mozilla/5.0 (compatible; SemrushBot/7~bl; +http://www.semrush.com/bot.html)" "mantech8.com"
157.55.39.29 - - [26/Jan/2023:00:24:35 -0800] "GET /sitemapmobileindex.xml HTTP/1.1" 404 88 "-" "Mozilla/5.0 AppleWebKit/537.36 (KHTML, like Gecko; compatible; bingbot/2.0; +http://www.bing.com/bingbot.htm) Chrome/103.0.5060.134 Safari/537.36" "mantech8.com"
185.191.171.44 - - [26/Jan/2023:00:24:58 -0800] "GET /bimages/paintg/sidebar.php HTTP/1.1" 200 32 "-" "Mozilla/5.0 (compatible; SemrushBot/7~bl; +http://www.semrush.com/bot.html)" "mantech8.com"
185.191.171.8 - - [26/Jan/2023:00:25:16 -0800] "GET /index.php?camp-fire%2F43967834.html HTTP/1.1" 500 - "-" "Mozilla/5.0 (compatible; SemrushBot/7~bl; +http://www.semrush.com/bot.html)" "mantech8.com"
