185.191.171.43 - - [14/Jan/2023:07:27:32 -0800] "GET /index.php?camp-fire%2F14815487.html HTTP/1.1" 500 - "-" "Mozilla/5.0 (compatible; SemrushBot/7~bl; +http://www.semrush.com/bot.html)" "mantech8.com"
185.191.171.9 - - [14/Jan/2023:07:27:43 -0800] "GET /index.php/camp-fire/50024876.html HTTP/1.1" 500 - "-" "Mozilla/5.0 (compatible; SemrushBot/7~bl; +http://www.semrush.com/bot.html)" "mantech8.com"
114.119.152.204 - - [14/Jan/2023:07:27:51 -0800] "GET /sitemap99.xml HTTP/1.1" 404 88 "-" "Mozilla/5.0 (Linux; Android 7.0;) AppleWebKit/537.36 (KHTML, like Gecko) Mobile Safari/537.36 (compatible; PetalBot;+https://webmaster.petalsearch.com/site/petalbot)" "mantech8.com"
185.191.171.40 - - [14/Jan/2023:07:28:08 -0800] "GET /index.php/camp-fire/39735835.html HTTP/1.1" 500 - "-" "Mozilla/5.0 (compatible; SemrushBot/7~bl; +http://www.semrush.com/bot.html)" "mantech8.com"
185.191.171.8 - - [14/Jan/2023:07:28:10 -0800] "GET /index.php?camp-fire%2F7712308.html HTTP/1.1" 500 - "-" "Mozilla/5.0 (compatible; SemrushBot/7~bl; +http://www.semrush.com/bot.html)" "mantech8.com"
185.191.171.21 - - [14/Jan/2023:07:28:40 -0800] "GET /?camp-fire%2F60844771.html HTTP/1.1" 500 - "-" "Mozilla/5.0 (compatible; SemrushBot/7~bl; +http://www.semrush.com/bot.html)" "mantech8.com"
185.191.171.39 - - [14/Jan/2023:07:28:47 -0800] "GET /index.php?camp-fire%2F7789242.html HTTP/1.1" 500 - "-" "Mozilla/5.0 (compatible; SemrushBot/7~bl; +http://www.semrush.com/bot.html)" "mantech8.com"
185.191.171.21 - - [14/Jan/2023:07:29:11 -0800] "GET /?camp-fire%2F37052378.html HTTP/1.1" 500 - "-" "Mozilla/5.0 (compatible; SemrushBot/7~bl; +http://www.semrush.com/bot.html)" "mantech8.com"
185.191.171.23 - - [14/Jan/2023:07:29:57 -0800] "GET /?camp-fire%2F37909633.html HTTP/1.1" 500 - "-" "Mozilla/5.0 (compatible; SemrushBot/7~bl; +http://www.semrush.com/bot.html)" "mantech8.com"
185.191.171.41 - - [14/Jan/2023:07:30:03 -0800] "GET /index.php?camp-fire%2F2011690.html HTTP/1.1" 500 - "-" "Mozilla/5.0 (compatible; SemrushBot/7~bl; +http://www.semrush.com/bot.html)" "mantech8.com"
114.119.138.214 - - [14/Jan/2023:07:30:04 -0800] "GET /sitemap51293.xml HTTP/1.1" 404 88 "-" "Mozilla/5.0 (Linux; Android 7.0;) AppleWebKit/537.36 (KHTML, like Gecko) Mobile Safari/537.36 (compatible; PetalBot;+https://webmaster.petalsearch.com/site/petalbot)" "mantech8.com"
185.191.171.13 - - [14/Jan/2023:07:30:05 -0800] "GET /index.php?camp-fire%2F2389793.html HTTP/1.1" 500 - "-" "Mozilla/5.0 (compatible; SemrushBot/7~bl; +http://www.semrush.com/bot.html)" "mantech8.com"
185.191.171.39 - - [14/Jan/2023:07:30:23 -0800] "GET /index.php/camp-fire/3271198.html HTTP/1.1" 500 - "-" "Mozilla/5.0 (compatible; SemrushBot/7~bl; +http://www.semrush.com/bot.html)" "mantech8.com"
157.55.39.222 - - [14/Jan/2023:07:30:32 -0800] "GET /bimages/service/s1111.jpg HTTP/1.1" 200 140398 "-" "Mozilla/5.0 AppleWebKit/537.36 (KHTML, like Gecko; compatible; bingbot/2.0; +http://www.bing.com/bingbot.htm) Chrome/103.0.5060.134 Safari/537.36" "mantech8.com"
185.191.171.21 - - [14/Jan/2023:07:30:45 -0800] "GET /index.php?camp-fire%2F8419378.html HTTP/1.1" 500 - "-" "Mozilla/5.0 (compatible; SemrushBot/7~bl; +http://www.semrush.com/bot.html)" "mantech8.com"
185.191.171.8 - - [14/Jan/2023:07:31:16 -0800] "GET /index.php?camp-fire%2F5253796.html HTTP/1.1" 500 - "-" "Mozilla/5.0 (compatible; SemrushBot/7~bl; +http://www.semrush.com/bot.html)" "mantech8.com"
185.191.171.15 - - [14/Jan/2023:07:32:42 -0800] "GET /index.php/camp-fire/32135117.html HTTP/1.1" 500 - "-" "Mozilla/5.0 (compatible; SemrushBot/7~bl; +http://www.semrush.com/bot.html)" "mantech8.com"
185.191.171.11 - - [14/Jan/2023:07:32:51 -0800] "GET /index.php/camp-fire/42839034.html HTTP/1.1" 500 - "-" "Mozilla/5.0 (compatible; SemrushBot/7~bl; +http://www.semrush.com/bot.html)" "mantech8.com"
114.119.129.198 - - [14/Jan/2023:07:33:20 -0800] "GET /index.php?sitemap602.xml HTTP/1.1" 200 289331 "-" "Mozilla/5.0 (Linux; Android 7.0;) AppleWebKit/537.36 (KHTML, like Gecko) Mobile Safari/537.36 (compatible; PetalBot;+https://webmaster.petalsearch.com/site/petalbot)" "mantech8.com"
185.191.171.2 - - [14/Jan/2023:07:33:54 -0800] "GET /index.php?camp-fire%2F8432342.html HTTP/1.1" 500 - "-" "Mozilla/5.0 (compatible; SemrushBot/7~bl; +http://www.semrush.com/bot.html)" "mantech8.com"
185.191.171.13 - - [14/Jan/2023:07:34:18 -0800] "GET /index.php?camp-fire%2F4855374.html HTTP/1.1" 500 - "-" "Mozilla/5.0 (compatible; SemrushBot/7~bl; +http://www.semrush.com/bot.html)" "mantech8.com"
185.191.171.40 - - [14/Jan/2023:07:34:26 -0800] "GET /index.php?camp-fire%2F7870842.html HTTP/1.1" 500 - "-" "Mozilla/5.0 (compatible; SemrushBot/7~bl; +http://www.semrush.com/bot.html)" "mantech8.com"
185.191.171.11 - - [14/Jan/2023:07:35:55 -0800] "GET /index.php/camp-fire/24281374.html HTTP/1.1" 500 - "-" "Mozilla/5.0 (compatible; SemrushBot/7~bl; +http://www.semrush.com/bot.html)" "mantech8.com"
185.191.171.4 - - [14/Jan/2023:07:35:56 -0800] "GET /?camp-fire%2F18123881.html HTTP/1.1" 500 - "-" "Mozilla/5.0 (compatible; SemrushBot/7~bl; +http://www.semrush.com/bot.html)" "mantech8.com"
185.191.171.23 - - [14/Jan/2023:07:35:58 -0800] "GET /index.php?camp-fire%2F4823585.html HTTP/1.1" 500 - "-" "Mozilla/5.0 (compatible; SemrushBot/7~bl; +http://www.semrush.com/bot.html)" "mantech8.com"
185.191.171.33 - - [14/Jan/2023:07:36:48 -0800] "GET /index.php?camp-fire%2F4253398.html HTTP/1.1" 500 - "-" "Mozilla/5.0 (compatible; SemrushBot/7~bl; +http://www.semrush.com/bot.html)" "mantech8.com"
114.119.158.18 - - [14/Jan/2023:07:37:13 -0800] "GET /index.php/infuriates.xml HTTP/1.1" 200 289387 "-" "Mozilla/5.0 (Linux; Android 7.0;) AppleWebKit/537.36 (KHTML, like Gecko) Mobile Safari/537.36 (compatible; PetalBot;+https://webmaster.petalsearch.com/site/petalbot)" "mantech8.com"
185.191.171.45 - - [14/Jan/2023:07:37:18 -0800] "GET /index.php?camp-fire%2F4011374.html HTTP/1.1" 500 - "-" "Mozilla/5.0 (compatible; SemrushBot/7~bl; +http://www.semrush.com/bot.html)" "mantech8.com"
185.191.171.40 - - [14/Jan/2023:07:37:55 -0800] "GET /index.php?camp-fire%2F4763165.html HTTP/1.1" 500 - "-" "Mozilla/5.0 (compatible; SemrushBot/7~bl; +http://www.semrush.com/bot.html)" "mantech8.com"
185.191.171.44 - - [14/Jan/2023:07:38:08 -0800] "GET /?camp-fire%2F28079571.html HTTP/1.1" 500 - "-" "Mozilla/5.0 (compatible; SemrushBot/7~bl; +http://www.semrush.com/bot.html)" "mantech8.com"
185.191.171.23 - - [14/Jan/2023:07:39:38 -0800] "GET /index.php?camp-fire%2F4155798.html HTTP/1.1" 500 - "-" "Mozilla/5.0 (compatible; SemrushBot/7~bl; +http://www.semrush.com/bot.html)" "mantech8.com"
185.191.171.8 - - [14/Jan/2023:07:39:57 -0800] "GET /index.php?camp-fire%2F3130290.html HTTP/1.1" 500 - "-" "Mozilla/5.0 (compatible; SemrushBot/7~bl; +http://www.semrush.com/bot.html)" "mantech8.com"
114.119.155.210 - - [14/Jan/2023:07:40:16 -0800] "GET /bimages/paintg/thump/?C=N%3BO%3DD HTTP/1.1" 200 483 "http://mantech8.com/bimages/paintg/thump/?C=D%3BO%3DA" "Mozilla/5.0 (Linux; Android 7.0;) AppleWebKit/537.36 (KHTML, like Gecko) Mobile Safari/537.36 (compatible; PetalBot;+https://webmaster.petalsearch.com/site/petalbot)" "mantech8.com"
185.191.171.2 - - [14/Jan/2023:07:40:29 -0800] "GET /index.php?camp-fire%2F4897596.html HTTP/1.1" 500 - "-" "Mozilla/5.0 (compatible; SemrushBot/7~bl; +http://www.semrush.com/bot.html)" "mantech8.com"
185.191.171.43 - - [14/Jan/2023:07:40:31 -0800] "GET /index.php/camp-fire/21804978.html HTTP/1.1" 500 - "-" "Mozilla/5.0 (compatible; SemrushBot/7~bl; +http://www.semrush.com/bot.html)" "mantech8.com"
185.191.171.41 - - [14/Jan/2023:07:40:33 -0800] "GET /index.php?camp-fire%2F2683590.html HTTP/1.1" 500 - "-" "Mozilla/5.0 (compatible; SemrushBot/7~bl; +http://www.semrush.com/bot.html)" "mantech8.com"
185.191.171.3 - - [14/Jan/2023:07:40:36 -0800] "GET /index.php?camp-fire%2F7251280.html HTTP/1.1" 500 - "-" "Mozilla/5.0 (compatible; SemrushBot/7~bl; +http://www.semrush.com/bot.html)" "mantech8.com"
185.191.171.2 - - [14/Jan/2023:07:40:43 -0800] "GET /index.php?camp-fire%2F16631356.html HTTP/1.1" 500 - "-" "Mozilla/5.0 (compatible; SemrushBot/7~bl; +http://www.semrush.com/bot.html)" "mantech8.com"
185.191.171.34 - - [14/Jan/2023:07:41:45 -0800] "GET /index.php?camp-fire%2F96610159.html HTTP/1.1" 500 - "-" "Mozilla/5.0 (compatible; SemrushBot/7~bl; +http://www.semrush.com/bot.html)" "mantech8.com"
185.191.171.44 - - [14/Jan/2023:07:42:00 -0800] "GET /index.php?camp-fire%2F5096400.html HTTP/1.1" 500 - "-" "Mozilla/5.0 (compatible; SemrushBot/7~bl; +http://www.semrush.com/bot.html)" "mantech8.com"
34.210.201.30 - - [14/Jan/2023:07:42:14 -0800] "GET / HTTP/1.1" 500 - "-" "Mozilla/5.0 (X11; Linux x86_64) AppleWebKit/537.36 (KHTML, like Gecko) Chrome/83.0.4103.97 Safari/537.36" "mantech8.com"
185.191.171.37 - - [14/Jan/2023:07:42:31 -0800] "GET /index.php?camp-fire%2F1876751.html HTTP/1.1" 500 - "-" "Mozilla/5.0 (compatible; SemrushBot/7~bl; +http://www.semrush.com/bot.html)" "mantech8.com"
18.236.247.82 - - [14/Jan/2023:07:42:31 -0800] "GET / HTTP/1.1" 500 - "-" "Mozilla/5.0 (X11; Linux x86_64) AppleWebKit/537.36 (KHTML, like Gecko) Chrome/83.0.4103.97 Safari/537.36" "mantech8.com"
185.191.171.10 - - [14/Jan/2023:07:42:48 -0800] "GET /index.php?camp-fire%2F2870753.html HTTP/1.1" 500 - "-" "Mozilla/5.0 (compatible; SemrushBot/7~bl; +http://www.semrush.com/bot.html)" "mantech8.com"
185.191.171.40 - - [14/Jan/2023:07:43:00 -0800] "GET /?camp-fire%2F29070666.html HTTP/1.1" 500 - "-" "Mozilla/5.0 (compatible; SemrushBot/7~bl; +http://www.semrush.com/bot.html)" "mantech8.com"
185.191.171.38 - - [14/Jan/2023:07:43:54 -0800] "GET /?camp-fire%2F22404317.html HTTP/1.1" 500 - "-" "Mozilla/5.0 (compatible; SemrushBot/7~bl; +http://www.semrush.com/bot.html)" "mantech8.com"
114.119.146.4 - - [14/Jan/2023:07:44:27 -0800] "GET /?sitemap30396.xml HTTP/1.1" 200 270587 "-" "Mozilla/5.0 (Linux; Android 7.0;) AppleWebKit/537.36 (KHTML, like Gecko) Mobile Safari/537.36 (compatible; PetalBot;+https://webmaster.petalsearch.com/site/petalbot)" "mantech8.com"
185.191.171.42 - - [14/Jan/2023:07:44:50 -0800] "GET /index.php?camp-fire%2F1253772.html HTTP/1.1" 500 - "-" "Mozilla/5.0 (compatible; SemrushBot/7~bl; +http://www.semrush.com/bot.html)" "mantech8.com"
185.191.171.26 - - [14/Jan/2023:07:45:14 -0800] "GET /index.php/camp-fire/18638965.html HTTP/1.1" 500 - "-" "Mozilla/5.0 (compatible; SemrushBot/7~bl; +http://www.semrush.com/bot.html)" "mantech8.com"
185.191.171.26 - - [14/Jan/2023:07:46:00 -0800] "GET /index.php?camp-fire%2F26679582.html HTTP/1.1" 500 - "-" "Mozilla/5.0 (compatible; SemrushBot/7~bl; +http://www.semrush.com/bot.html)" "mantech8.com"
185.191.171.13 - - [14/Jan/2023:07:46:37 -0800] "GET /index.php?camp-fire%2F4353296.html HTTP/1.1" 500 - "-" "Mozilla/5.0 (compatible; SemrushBot/7~bl; +http://www.semrush.com/bot.html)" "mantech8.com"
185.191.171.24 - - [14/Jan/2023:07:46:45 -0800] "GET /index.php?camp-fire%2F28500981.html HTTP/1.1" 500 - "-" "Mozilla/5.0 (compatible; SemrushBot/7~bl; +http://www.semrush.com/bot.html)" "mantech8.com"
185.191.171.24 - - [14/Jan/2023:07:47:36 -0800] "GET /index.php/camp-fire/17563027.html HTTP/1.1" 500 - "-" "Mozilla/5.0 (compatible; SemrushBot/7~bl; +http://www.semrush.com/bot.html)" "mantech8.com"
185.191.171.1 - - [14/Jan/2023:07:47:43 -0800] "GET /index.php?camp-fire%2F9731083.html HTTP/1.1" 500 - "-" "Mozilla/5.0 (compatible; SemrushBot/7~bl; +http://www.semrush.com/bot.html)" "mantech8.com"
114.119.155.232 - - [14/Jan/2023:07:47:58 -0800] "GET /?sitemap2998.xml HTTP/1.1" 200 270621 "-" "Mozilla/5.0 (Linux; Android 7.0;) AppleWebKit/537.36 (KHTML, like Gecko) Mobile Safari/537.36 (compatible; PetalBot;+https://webmaster.petalsearch.com/site/petalbot)" "mantech8.com"
185.191.171.38 - - [14/Jan/2023:07:48:50 -0800] "GET /?camp-fire%2F19012532.html HTTP/1.1" 500 - "-" "Mozilla/5.0 (compatible; SemrushBot/7~bl; +http://www.semrush.com/bot.html)" "mantech8.com"
185.191.171.26 - - [14/Jan/2023:07:48:55 -0800] "GET /index.php/camp-fire/32937341.html HTTP/1.1" 500 - "-" "Mozilla/5.0 (compatible; SemrushBot/7~bl; +http://www.semrush.com/bot.html)" "mantech8.com"
185.191.171.43 - - [14/Jan/2023:07:50:24 -0800] "GET /index.php?camp-fire%2F28229435.html HTTP/1.1" 500 - "-" "Mozilla/5.0 (compatible; SemrushBot/7~bl; +http://www.semrush.com/bot.html)" "mantech8.com"
185.191.171.37 - - [14/Jan/2023:07:50:31 -0800] "GET /index.php?camp-fire%2F1170798.html HTTP/1.1" 500 - "-" "Mozilla/5.0 (compatible; SemrushBot/7~bl; +http://www.semrush.com/bot.html)" "mantech8.com"
185.191.171.4 - - [14/Jan/2023:07:51:32 -0800] "GET /index.php?camp-fire%2F15127924.html HTTP/1.1" 500 - "-" "Mozilla/5.0 (compatible; SemrushBot/7~bl; +http://www.semrush.com/bot.html)" "mantech8.com"
185.191.171.6 - - [14/Jan/2023:07:51:55 -0800] "GET /index.php/camp-fire/19338481.html HTTP/1.1" 500 - "-" "Mozilla/5.0 (compatible; SemrushBot/7~bl; +http://www.semrush.com/bot.html)" "mantech8.com"
20.241.233.77 - - [14/Jan/2023:07:52:00 -0800] "GET /robots.txt HTTP/1.1" 200 106 "-" "python-requests/2.27.1" "mantech8.com"
185.191.171.23 - - [14/Jan/2023:07:52:04 -0800] "GET /index.php/camp-fire/20874835.html HTTP/1.1" 500 - "-" "Mozilla/5.0 (compatible; SemrushBot/7~bl; +http://www.semrush.com/bot.html)" "mantech8.com"
216.244.66.241 - - [14/Jan/2023:07:52:07 -0800] "GET /robots.txt HTTP/1.1" 200 222 "-" "Mozilla/5.0 (compatible; DotBot/1.2; +https://opensiteexplorer.org/dotbot; help@moz.com)" "mantech8.com"
216.244.66.241 - - [14/Jan/2023:07:52:07 -0800] "GET /robots.txt HTTP/1.1" 200 222 "-" "Mozilla/5.0 (compatible; DotBot/1.2; +https://opensiteexplorer.org/dotbot; help@moz.com)" "www.mantech8.com"
20.241.233.77 - - [14/Jan/2023:07:52:07 -0800] "GET /bimages/gallery/thump/sb3.jpg HTTP/1.1" 200 137839 "-" "Mozilla/5.0 (Windows NT 10.0; Win64; x64) AppleWebKit/537.36 (KHTML, like Gecko) Chrome/76.0.3809.100 Safari/537.36" "mantech8.com"
157.55.39.224 - - [14/Jan/2023:07:52:13 -0800] "GET /F2si-2e78ceccf-DkREl.Ii HTTP/1.1" 404 88 "-" "Mozilla/5.0 (compatible; bingbot/2.0; +http://www.bing.com/bingbot.htm)" "www.mantech8.com"
185.191.171.9 - - [14/Jan/2023:07:52:31 -0800] "GET /index.php?camp-fire%2F1808251.html HTTP/1.1" 500 - "-" "Mozilla/5.0 (compatible; SemrushBot/7~bl; +http://www.semrush.com/bot.html)" "mantech8.com"
185.191.171.35 - - [14/Jan/2023:07:52:49 -0800] "GET /robots.txt HTTP/1.1" 200 106 "-" "Mozilla/5.0 (compatible; SemrushBot/7~bl; +http://www.semrush.com/bot.html)" "mantech8.com"
185.191.171.36 - - [14/Jan/2023:07:52:49 -0800] "GET /index.php?camp-fire%2F25921776.html HTTP/1.1" 500 - "-" "Mozilla/5.0 (compatible; SemrushBot/7~bl; +http://www.semrush.com/bot.html)" "mantech8.com"
185.191.171.22 - - [14/Jan/2023:07:52:53 -0800] "GET /index.php?camp-fire%2F1230429.html HTTP/1.1" 500 - "-" "Mozilla/5.0 (compatible; SemrushBot/7~bl; +http://www.semrush.com/bot.html)" "mantech8.com"
185.191.171.9 - - [14/Jan/2023:07:53:00 -0800] "GET /index.php?camp-fire%2F1407353.html HTTP/1.1" 500 - "-" "Mozilla/5.0 (compatible; SemrushBot/7~bl; +http://www.semrush.com/bot.html)" "mantech8.com"
114.119.146.87 - - [14/Jan/2023:07:54:13 -0800] "GET /?sitemap95.xml HTTP/1.1" 200 270617 "-" "Mozilla/5.0 (Linux; Android 7.0;) AppleWebKit/537.36 (KHTML, like Gecko) Mobile Safari/537.36 (compatible; PetalBot;+https://webmaster.petalsearch.com/site/petalbot)" "mantech8.com"
185.191.171.9 - - [14/Jan/2023:07:54:34 -0800] "GET /index.php?camp-fire%2F4487496.html HTTP/1.1" 500 - "-" "Mozilla/5.0 (compatible; SemrushBot/7~bl; +http://www.semrush.com/bot.html)" "mantech8.com"
185.191.171.19 - - [14/Jan/2023:07:55:02 -0800] "GET /index.php?camp-fire%2F13222808.html HTTP/1.1" 500 - "-" "Mozilla/5.0 (compatible; SemrushBot/7~bl; +http://www.semrush.com/bot.html)" "mantech8.com"
185.191.171.9 - - [14/Jan/2023:07:55:19 -0800] "GET /index.php?camp-fire%2F8320178.html HTTP/1.1" 500 - "-" "Mozilla/5.0 (compatible; SemrushBot/7~bl; +http://www.semrush.com/bot.html)" "mantech8.com"
185.191.171.9 - - [14/Jan/2023:07:55:27 -0800] "GET /index.php?camp-fire%2F4539274.html HTTP/1.1" 500 - "-" "Mozilla/5.0 (compatible; SemrushBot/7~bl; +http://www.semrush.com/bot.html)" "mantech8.com"
185.191.171.24 - - [14/Jan/2023:07:56:07 -0800] "GET /index.php?camp-fire%2F2560651.html HTTP/1.1" 500 - "-" "Mozilla/5.0 (compatible; SemrushBot/7~bl; +http://www.semrush.com/bot.html)" "mantech8.com"
185.191.171.4 - - [14/Jan/2023:07:56:19 -0800] "GET /index.php?camp-fire%2F3430998.html HTTP/1.1" 500 - "-" "Mozilla/5.0 (compatible; SemrushBot/7~bl; +http://www.semrush.com/bot.html)" "mantech8.com"
185.191.171.3 - - [14/Jan/2023:07:56:26 -0800] "GET /index.php/camp-fire/5195496.html HTTP/1.1" 500 - "-" "Mozilla/5.0 (compatible; SemrushBot/7~bl; +http://www.semrush.com/bot.html)" "mantech8.com"
185.191.171.36 - - [14/Jan/2023:07:56:49 -0800] "GET /index.php/camp-fire/4979798.html HTTP/1.1" 500 - "-" "Mozilla/5.0 (compatible; SemrushBot/7~bl; +http://www.semrush.com/bot.html)" "mantech8.com"
114.119.139.212 - - [14/Jan/2023:07:56:52 -0800] "GET /?dehydrochlorinases.xml HTTP/1.1" 200 270516 "-" "Mozilla/5.0 (Linux; Android 7.0;) AppleWebKit/537.36 (KHTML, like Gecko) Mobile Safari/537.36 (compatible; PetalBot;+https://webmaster.petalsearch.com/site/petalbot)" "mantech8.com"
185.191.171.40 - - [14/Jan/2023:07:57:16 -0800] "GET /?camp-fire%2F32285342.html HTTP/1.1" 500 - "-" "Mozilla/5.0 (compatible; SemrushBot/7~bl; +http://www.semrush.com/bot.html)" "mantech8.com"
35.87.249.169 - - [14/Jan/2023:07:57:41 -0800] "GET / HTTP/1.1" 500 - "-" "Mozilla/5.0 (Macintosh; Intel Mac OS X 10_12_6) AppleWebKit/603.3.8 (KHTML, like Gecko)" "mantech8.com"
185.191.171.20 - - [14/Jan/2023:07:58:59 -0800] "GET /index.php?camp-fire%2F11506993.html HTTP/1.1" 500 - "-" "Mozilla/5.0 (compatible; SemrushBot/7~bl; +http://www.semrush.com/bot.html)" "mantech8.com"
185.191.171.15 - - [14/Jan/2023:07:59:04 -0800] "GET /?camp-fire%2F13705278.html HTTP/1.1" 500 - "-" "Mozilla/5.0 (compatible; SemrushBot/7~bl; +http://www.semrush.com/bot.html)" "mantech8.com"
185.191.171.23 - - [14/Jan/2023:07:59:28 -0800] "GET /index.php?camp-fire%2F4996855.html HTTP/1.1" 500 - "-" "Mozilla/5.0 (compatible; SemrushBot/7~bl; +http://www.semrush.com/bot.html)" "mantech8.com"
185.191.171.10 - - [14/Jan/2023:07:59:34 -0800] "GET /?camp-fire%2F11916476.html HTTP/1.1" 500 - "-" "Mozilla/5.0 (compatible; SemrushBot/7~bl; +http://www.semrush.com/bot.html)" "mantech8.com"
185.191.171.22 - - [14/Jan/2023:07:59:42 -0800] "GET /?camp-fire%2F38839792.html HTTP/1.1" 500 - "-" "Mozilla/5.0 (compatible; SemrushBot/7~bl; +http://www.semrush.com/bot.html)" "mantech8.com"
114.119.148.33 - - [14/Jan/2023:07:59:43 -0800] "GET /index.php/venatically.xml HTTP/1.1" 200 289289 "-" "Mozilla/5.0 (Linux; Android 7.0;) AppleWebKit/537.36 (KHTML, like Gecko) Mobile Safari/537.36 (compatible; PetalBot;+https://webmaster.petalsearch.com/site/petalbot)" "mantech8.com"
157.55.39.224 - - [14/Jan/2023:08:00:15 -0800] "GET /31L7-8e5cedce-oUgP3.Ii HTTP/1.1" 404 88 "-" "Mozilla/5.0 (compatible; bingbot/2.0; +http://www.bing.com/bingbot.htm)" "www.mantech8.com"
185.191.171.37 - - [14/Jan/2023:08:00:34 -0800] "GET /?camp-fire%2F15469283.html HTTP/1.1" 500 - "-" "Mozilla/5.0 (compatible; SemrushBot/7~bl; +http://www.semrush.com/bot.html)" "mantech8.com"
185.191.171.1 - - [14/Jan/2023:08:00:48 -0800] "GET /index.php/camp-fire/10458600.html HTTP/1.1" 500 - "-" "Mozilla/5.0 (compatible; SemrushBot/7~bl; +http://www.semrush.com/bot.html)" "mantech8.com"
185.191.171.40 - - [14/Jan/2023:08:00:59 -0800] "GET /index.php?camp-fire%2F9386021.html HTTP/1.1" 500 - "-" "Mozilla/5.0 (compatible; SemrushBot/7~bl; +http://www.semrush.com/bot.html)" "mantech8.com"
185.191.171.19 - - [14/Jan/2023:08:01:08 -0800] "GET /index.php/camp-fire/1367729.html HTTP/1.1" 500 - "-" "Mozilla/5.0 (compatible; SemrushBot/7~bl; +http://www.semrush.com/bot.html)" "mantech8.com"
114.119.135.195 - - [14/Jan/2023:08:01:49 -0800] "GET /index.php/unistrand.xml HTTP/1.1" 200 289400 "-" "Mozilla/5.0 (Linux; Android 7.0;) AppleWebKit/537.36 (KHTML, like Gecko) Mobile Safari/537.36 (compatible; PetalBot;+https://webmaster.petalsearch.com/site/petalbot)" "mantech8.com"
185.191.171.11 - - [14/Jan/2023:08:02:55 -0800] "GET /index.php?camp-fire%2F28601561.html HTTP/1.1" 500 - "-" "Mozilla/5.0 (compatible; SemrushBot/7~bl; +http://www.semrush.com/bot.html)" "mantech8.com"
185.191.171.44 - - [14/Jan/2023:08:03:24 -0800] "GET /index.php?camp-fire%2F5040785.html HTTP/1.1" 500 - "-" "Mozilla/5.0 (compatible; SemrushBot/7~bl; +http://www.semrush.com/bot.html)" "mantech8.com"
185.191.171.14 - - [14/Jan/2023:08:03:38 -0800] "GET /index.php?camp-fire%2F3107078.html HTTP/1.1" 500 - "-" "Mozilla/5.0 (compatible; SemrushBot/7~bl; +http://www.semrush.com/bot.html)" "mantech8.com"
185.191.171.33 - - [14/Jan/2023:08:03:42 -0800] "GET /index.php?camp-fire%2F9780200.html HTTP/1.1" 500 - "-" "Mozilla/5.0 (compatible; SemrushBot/7~bl; +http://www.semrush.com/bot.html)" "mantech8.com"
185.191.171.37 - - [14/Jan/2023:08:03:48 -0800] "GET /index.php?camp-fire%2F9762183.html HTTP/1.1" 500 - "-" "Mozilla/5.0 (compatible; SemrushBot/7~bl; +http://www.semrush.com/bot.html)" "mantech8.com"
185.191.171.15 - - [14/Jan/2023:08:03:53 -0800] "GET /index.php?camp-fire%2F1251129.html HTTP/1.1" 500 - "-" "Mozilla/5.0 (compatible; SemrushBot/7~bl; +http://www.semrush.com/bot.html)" "mantech8.com"
185.191.171.37 - - [14/Jan/2023:08:04:11 -0800] "GET /index.php?camp-fire%2F2453190.html HTTP/1.1" 500 - "-" "Mozilla/5.0 (compatible; SemrushBot/7~bl; +http://www.semrush.com/bot.html)" "mantech8.com"
114.119.153.49 - - [14/Jan/2023:08:04:11 -0800] "GET /?napperkids.xml HTTP/1.1" 200 270503 "-" "Mozilla/5.0 (Linux; Android 7.0;) AppleWebKit/537.36 (KHTML, like Gecko) Mobile Safari/537.36 (compatible; PetalBot;+https://webmaster.petalsearch.com/site/petalbot)" "mantech8.com"
185.191.171.21 - - [14/Jan/2023:08:05:01 -0800] "GET /index.php/camp-fire/15237484.html HTTP/1.1" 500 - "-" "Mozilla/5.0 (compatible; SemrushBot/7~bl; +http://www.semrush.com/bot.html)" "mantech8.com"
185.191.171.5 - - [14/Jan/2023:08:06:30 -0800] "GET /?camp-fire%2F79703578.html HTTP/1.1" 500 - "-" "Mozilla/5.0 (compatible; SemrushBot/7~bl; +http://www.semrush.com/bot.html)" "mantech8.com"
185.191.171.2 - - [14/Jan/2023:08:06:42 -0800] "GET /index.php/camp-fire/30536564.html HTTP/1.1" 500 - "-" "Mozilla/5.0 (compatible; SemrushBot/7~bl; +http://www.semrush.com/bot.html)" "mantech8.com"
5.255.231.204 - - [14/Jan/2023:08:07:34 -0800] "GET /robots.txt HTTP/1.1" 200 222 "-" "Mozilla/5.0 (compatible; YandexBot/3.0; +http://yandex.com/bots)" "mantech8.com"
5.255.253.175 - - [14/Jan/2023:08:07:38 -0800] "GET /bimages/bus/?C=N;O=D HTTP/1.1" 200 450 "-" "Mozilla/5.0 (compatible; YandexBot/3.0; +http://yandex.com/bots)" "mantech8.com"
185.191.171.12 - - [14/Jan/2023:08:08:20 -0800] "GET /index.php?camp-fire%2F8700680.html HTTP/1.1" 500 - "-" "Mozilla/5.0 (compatible; SemrushBot/7~bl; +http://www.semrush.com/bot.html)" "mantech8.com"
185.191.171.5 - - [14/Jan/2023:08:08:59 -0800] "GET /index.php?camp-fire%2F26901551.html HTTP/1.1" 500 - "-" "Mozilla/5.0 (compatible; SemrushBot/7~bl; +http://www.semrush.com/bot.html)" "mantech8.com"
185.191.171.14 - - [14/Jan/2023:08:09:31 -0800] "GET /?camp-fire%2F16311678.html HTTP/1.1" 500 - "-" "Mozilla/5.0 (compatible; SemrushBot/7~bl; +http://www.semrush.com/bot.html)" "mantech8.com"
185.191.171.20 - - [14/Jan/2023:08:09:45 -0800] "GET /index.php?camp-fire%2F1308300.html HTTP/1.1" 500 - "-" "Mozilla/5.0 (compatible; SemrushBot/7~bl; +http://www.semrush.com/bot.html)" "mantech8.com"
157.55.39.222 - - [14/Jan/2023:08:09:56 -0800] "GET /index.php/e7c06aca HTTP/1.1" 200 99953 "-" "Mozilla/5.0 AppleWebKit/537.36 (KHTML, like Gecko; compatible; bingbot/2.0; +http://www.bing.com/bingbot.htm) Chrome/103.0.5060.134 Safari/537.36" "mantech8.com"
185.191.171.39 - - [14/Jan/2023:08:10:22 -0800] "GET /?camp-fire%2F31434117.html HTTP/1.1" 500 - "-" "Mozilla/5.0 (compatible; SemrushBot/7~bl; +http://www.semrush.com/bot.html)" "mantech8.com"
185.191.171.8 - - [14/Jan/2023:08:10:48 -0800] "GET /index.php?camp-fire%2F28446064.html HTTP/1.1" 500 - "-" "Mozilla/5.0 (compatible; SemrushBot/7~bl; +http://www.semrush.com/bot.html)" "mantech8.com"
185.191.171.37 - - [14/Jan/2023:08:11:08 -0800] "GET /index.php?camp-fire%2F4852555.html HTTP/1.1" 500 - "-" "Mozilla/5.0 (compatible; SemrushBot/7~bl; +http://www.semrush.com/bot.html)" "mantech8.com"
185.191.171.6 - - [14/Jan/2023:08:12:41 -0800] "GET /index.php?camp-fire%2F3334498.html HTTP/1.1" 500 - "-" "Mozilla/5.0 (compatible; SemrushBot/7~bl; +http://www.semrush.com/bot.html)" "mantech8.com"
185.191.171.21 - - [14/Jan/2023:08:12:45 -0800] "GET /index.php?camp-fire%2F9979978.html HTTP/1.1" 500 - "-" "Mozilla/5.0 (compatible; SemrushBot/7~bl; +http://www.semrush.com/bot.html)" "mantech8.com"
185.191.171.23 - - [14/Jan/2023:08:13:07 -0800] "GET /index.php?camp-fire%2F7340580.html HTTP/1.1" 500 - "-" "Mozilla/5.0 (compatible; SemrushBot/7~bl; +http://www.semrush.com/bot.html)" "mantech8.com"
185.191.171.10 - - [14/Jan/2023:08:13:15 -0800] "GET /?camp-fire%2F45204570.html HTTP/1.1" 500 - "-" "Mozilla/5.0 (compatible; SemrushBot/7~bl; +http://www.semrush.com/bot.html)" "mantech8.com"
185.191.171.42 - - [14/Jan/2023:08:14:08 -0800] "GET /index.php/camp-fire/3250398.html HTTP/1.1" 500 - "-" "Mozilla/5.0 (compatible; SemrushBot/7~bl; +http://www.semrush.com/bot.html)" "mantech8.com"
185.191.171.23 - - [14/Jan/2023:08:14:31 -0800] "GET /?camp-fire%2F16234665.html HTTP/1.1" 500 - "-" "Mozilla/5.0 (compatible; SemrushBot/7~bl; +http://www.semrush.com/bot.html)" "mantech8.com"
185.191.171.8 - - [14/Jan/2023:08:14:32 -0800] "GET /index.php?camp-fire%2F9977883.html HTTP/1.1" 500 - "-" "Mozilla/5.0 (compatible; SemrushBot/7~bl; +http://www.semrush.com/bot.html)" "mantech8.com"
185.191.171.40 - - [14/Jan/2023:08:15:14 -0800] "GET /index.php?camp-fire%2F3299798.html HTTP/1.1" 500 - "-" "Mozilla/5.0 (compatible; SemrushBot/7~bl; +http://www.semrush.com/bot.html)" "mantech8.com"
185.191.171.40 - - [14/Jan/2023:08:15:38 -0800] "GET /index.php?camp-fire%2F1377490.html HTTP/1.1" 500 - "-" "Mozilla/5.0 (compatible; SemrushBot/7~bl; +http://www.semrush.com/bot.html)" "mantech8.com"
185.191.171.17 - - [14/Jan/2023:08:15:50 -0800] "GET /index.php?camp-fire%2F15327065.html HTTP/1.1" 500 - "-" "Mozilla/5.0 (compatible; SemrushBot/7~bl; +http://www.semrush.com/bot.html)" "mantech8.com"
185.191.171.40 - - [14/Jan/2023:08:16:11 -0800] "GET /index.php?camp-fire%2F4764055.html HTTP/1.1" 500 - "-" "Mozilla/5.0 (compatible; SemrushBot/7~bl; +http://www.semrush.com/bot.html)" "mantech8.com"
66.249.64.238 - - [14/Jan/2023:08:17:27 -0800] "GET /bimages/paintg/thump/paint%20b4.jpg HTTP/1.1" 200 142441 "-" "Googlebot-Image/1.0" "www.mantech8.com"
66.249.64.238 - - [14/Jan/2023:08:17:28 -0800] "GET /bimages/paintg/thump/paint%20b5.jpg HTTP/1.1" 200 91524 "-" "Googlebot-Image/1.0" "www.mantech8.com"
185.191.171.7 - - [14/Jan/2023:08:17:48 -0800] "GET /index.php?camp-fire%2F4133565.html HTTP/1.1" 500 - "-" "Mozilla/5.0 (compatible; SemrushBot/7~bl; +http://www.semrush.com/bot.html)" "mantech8.com"
185.191.171.6 - - [14/Jan/2023:08:17:58 -0800] "GET /?camp-fire%2F23949333.html HTTP/1.1" 500 - "-" "Mozilla/5.0 (compatible; SemrushBot/7~bl; +http://www.semrush.com/bot.html)" "mantech8.com"
185.191.171.42 - - [14/Jan/2023:08:18:49 -0800] "GET /index.php?camp-fire%2F24528130.html HTTP/1.1" 500 - "-" "Mozilla/5.0 (compatible; SemrushBot/7~bl; +http://www.semrush.com/bot.html)" "mantech8.com"
185.191.171.41 - - [14/Jan/2023:08:19:39 -0800] "GET /index.php?camp-fire%2F9633342.html HTTP/1.1" 500 - "-" "Mozilla/5.0 (compatible; SemrushBot/7~bl; +http://www.semrush.com/bot.html)" "mantech8.com"
185.191.171.1 - - [14/Jan/2023:08:19:41 -0800] "GET /?camp-fire%2F96378564.html HTTP/1.1" 500 - "-" "Mozilla/5.0 (compatible; SemrushBot/7~bl; +http://www.semrush.com/bot.html)" "mantech8.com"
185.191.171.9 - - [14/Jan/2023:08:19:50 -0800] "GET /index.php?camp-fire%2F7623908.html HTTP/1.1" 500 - "-" "Mozilla/5.0 (compatible; SemrushBot/7~bl; +http://www.semrush.com/bot.html)" "mantech8.com"
185.191.171.6 - - [14/Jan/2023:08:20:07 -0800] "GET /index.php?camp-fire%2F1387359.html HTTP/1.1" 500 - "-" "Mozilla/5.0 (compatible; SemrushBot/7~bl; +http://www.semrush.com/bot.html)" "mantech8.com"
185.191.171.6 - - [14/Jan/2023:08:20:11 -0800] "GET /index.php?camp-fire%2F1388990.html HTTP/1.1" 500 - "-" "Mozilla/5.0 (compatible; SemrushBot/7~bl; +http://www.semrush.com/bot.html)" "mantech8.com"
185.191.171.39 - - [14/Jan/2023:08:20:45 -0800] "GET /index.php?camp-fire%2F9707283.html HTTP/1.1" 500 - "-" "Mozilla/5.0 (compatible; SemrushBot/7~bl; +http://www.semrush.com/bot.html)" "mantech8.com"
114.119.151.1 - - [14/Jan/2023:08:21:35 -0800] "GET /index.php/furnacite.xml HTTP/1.1" 200 289211 "-" "Mozilla/5.0 (Linux; Android 7.0;) AppleWebKit/537.36 (KHTML, like Gecko) Mobile Safari/537.36 (compatible; PetalBot;+https://webmaster.petalsearch.com/site/petalbot)" "mantech8.com"
185.191.171.23 - - [14/Jan/2023:08:22:12 -0800] "GET /?camp-fire%2F14780987.html HTTP/1.1" 500 - "-" "Mozilla/5.0 (compatible; SemrushBot/7~bl; +http://www.semrush.com/bot.html)" "mantech8.com"
185.191.171.11 - - [14/Jan/2023:08:23:21 -0800] "GET /?camp-fire%2F15710842.html HTTP/1.1" 500 - "-" "Mozilla/5.0 (compatible; SemrushBot/7~bl; +http://www.semrush.com/bot.html)" "mantech8.com"
185.191.171.37 - - [14/Jan/2023:08:23:23 -0800] "GET /index.php?camp-fire%2F7798542.html HTTP/1.1" 500 - "-" "Mozilla/5.0 (compatible; SemrushBot/7~bl; +http://www.semrush.com/bot.html)" "mantech8.com"
185.191.171.9 - - [14/Jan/2023:08:23:33 -0800] "GET /index.php?camp-fire%2F3334700.html HTTP/1.1" 500 - "-" "Mozilla/5.0 (compatible; SemrushBot/7~bl; +http://www.semrush.com/bot.html)" "mantech8.com"
185.191.171.43 - - [14/Jan/2023:08:23:45 -0800] "GET /index.php?camp-fire%2F7553280.html HTTP/1.1" 500 - "-" "Mozilla/5.0 (compatible; SemrushBot/7~bl; +http://www.semrush.com/bot.html)" "mantech8.com"
185.191.171.22 - - [14/Jan/2023:08:23:46 -0800] "GET /index.php?camp-fire%2F5024898.html HTTP/1.1" 500 - "-" "Mozilla/5.0 (compatible; SemrushBot/7~bl; +http://www.semrush.com/bot.html)" "mantech8.com"
185.191.171.42 - - [14/Jan/2023:08:23:48 -0800] "GET /?camp-fire%2F27163582.html HTTP/1.1" 500 - "-" "Mozilla/5.0 (compatible; SemrushBot/7~bl; +http://www.semrush.com/bot.html)" "mantech8.com"
185.191.171.38 - - [14/Jan/2023:08:24:00 -0800] "GET /index.php/camp-fire/29635430.html HTTP/1.1" 500 - "-" "Mozilla/5.0 (compatible; SemrushBot/7~bl; +http://www.semrush.com/bot.html)" "mantech8.com"
114.119.157.132 - - [14/Jan/2023:08:24:25 -0800] "GET /index.php?successional.xml HTTP/1.1" 200 289404 "-" "Mozilla/5.0 (Linux; Android 7.0;) AppleWebKit/537.36 (KHTML, like Gecko) Mobile Safari/537.36 (compatible; PetalBot;+https://webmaster.petalsearch.com/site/petalbot)" "mantech8.com"
185.191.171.11 - - [14/Jan/2023:08:25:00 -0800] "GET /index.php?camp-fire%2F5079465.html HTTP/1.1" 500 - "-" "Mozilla/5.0 (compatible; SemrushBot/7~bl; +http://www.semrush.com/bot.html)" "mantech8.com"
185.191.171.18 - - [14/Jan/2023:08:25:22 -0800] "GET /?camp-fire%2F18344065.html HTTP/1.1" 500 - "-" "Mozilla/5.0 (compatible; SemrushBot/7~bl; +http://www.semrush.com/bot.html)" "mantech8.com"
185.191.171.24 - - [14/Jan/2023:08:27:12 -0800] "GET /index.php?camp-fire%2F4990465.html HTTP/1.1" 500 - "-" "Mozilla/5.0 (compatible; SemrushBot/7~bl; +http://www.semrush.com/bot.html)" "mantech8.com"
154.92.116.44 - - [14/Jan/2023:08:27:19 -0800] "GET / HTTP/1.1" 500 - "-" "Mozilla/5.0 (Windows NT 6.3; Win64; x64) AppleWebKit/537.36 (KHTML, like Gecko) Chrome/102.0.0.0 Safari/537.36" "mantech8.com"
154.92.116.44 - - [14/Jan/2023:08:27:19 -0800] "GET / HTTP/1.1" 500 - "-" "Mozilla/5.0 (Windows NT 6.3; Win64; x64) AppleWebKit/537.36 (KHTML, like Gecko) Chrome/102.0.0.0 Safari/537.36" "mantech8.com"
185.191.171.23 - - [14/Jan/2023:08:27:22 -0800] "GET /index.php?camp-fire%2F3853974.html HTTP/1.1" 500 - "-" "Mozilla/5.0 (compatible; SemrushBot/7~bl; +http://www.semrush.com/bot.html)" "mantech8.com"
185.191.171.35 - - [14/Jan/2023:08:27:30 -0800] "GET /?camp-fire%2F22034684.html HTTP/1.1" 500 - "-" "Mozilla/5.0 (compatible; SemrushBot/7~bl; +http://www.semrush.com/bot.html)" "mantech8.com"
114.119.148.13 - - [14/Jan/2023:08:27:38 -0800] "GET /bimages/head.php HTTP/1.1" 200 32 "http://www.mantech8.com/bimages/" "Mozilla/5.0 (Linux; Android 7.0;) AppleWebKit/537.36 (KHTML, like Gecko) Mobile Safari/537.36 (compatible; PetalBot;+https://webmaster.petalsearch.com/site/petalbot)" "www.mantech8.com"
185.191.171.42 - - [14/Jan/2023:08:28:07 -0800] "GET /index.php?camp-fire%2F8776278.html HTTP/1.1" 500 - "-" "Mozilla/5.0 (compatible; SemrushBot/7~bl; +http://www.semrush.com/bot.html)" "mantech8.com"
185.191.171.10 - - [14/Jan/2023:08:28:17 -0800] "GET /index.php?camp-fire%2F1194772.html HTTP/1.1" 500 - "-" "Mozilla/5.0 (compatible; SemrushBot/7~bl; +http://www.semrush.com/bot.html)" "mantech8.com"
185.191.171.42 - - [14/Jan/2023:08:28:19 -0800] "GET /?camp-fire%2F14134259.html HTTP/1.1" 500 - "-" "Mozilla/5.0 (compatible; SemrushBot/7~bl; +http://www.semrush.com/bot.html)" "mantech8.com"
185.191.171.15 - - [14/Jan/2023:08:28:25 -0800] "GET /index.php?camp-fire%2F3094478.html HTTP/1.1" 500 - "-" "Mozilla/5.0 (compatible; SemrushBot/7~bl; +http://www.semrush.com/bot.html)" "mantech8.com"
185.191.171.2 - - [14/Jan/2023:08:30:35 -0800] "GET /index.php?camp-fire%2F5402885.html HTTP/1.1" 500 - "-" "Mozilla/5.0 (compatible; SemrushBot/7~bl; +http://www.semrush.com/bot.html)" "mantech8.com"
185.191.171.3 - - [14/Jan/2023:08:30:48 -0800] "GET /index.php?camp-fire%2F1477759.html HTTP/1.1" 500 - "-" "Mozilla/5.0 (compatible; SemrushBot/7~bl; +http://www.semrush.com/bot.html)" "mantech8.com"
185.191.171.1 - - [14/Jan/2023:08:31:10 -0800] "GET /?camp-fire%2F19917721.html HTTP/1.1" 500 - "-" "Mozilla/5.0 (compatible; SemrushBot/7~bl; +http://www.semrush.com/bot.html)" "mantech8.com"
185.191.171.2 - - [14/Jan/2023:08:31:42 -0800] "GET /index.php?camp-fire%2F4097378.html HTTP/1.1" 500 - "-" "Mozilla/5.0 (compatible; SemrushBot/7~bl; +http://www.semrush.com/bot.html)" "mantech8.com"
185.191.171.44 - - [14/Jan/2023:08:31:43 -0800] "GET /index.php?camp-fire%2F1506253.html HTTP/1.1" 500 - "-" "Mozilla/5.0 (compatible; SemrushBot/7~bl; +http://www.semrush.com/bot.html)" "mantech8.com"
185.191.171.38 - - [14/Jan/2023:08:31:47 -0800] "GET /index.php?camp-fire%2F14840172.html HTTP/1.1" 500 - "-" "Mozilla/5.0 (compatible; SemrushBot/7~bl; +http://www.semrush.com/bot.html)" "mantech8.com"
185.191.171.10 - - [14/Jan/2023:08:31:51 -0800] "GET /index.php?camp-fire%2F7609608.html HTTP/1.1" 500 - "-" "Mozilla/5.0 (compatible; SemrushBot/7~bl; +http://www.semrush.com/bot.html)" "mantech8.com"
185.191.171.16 - - [14/Jan/2023:08:32:11 -0800] "GET /index.php?camp-fire%2F4105698.html HTTP/1.1" 500 - "-" "Mozilla/5.0 (compatible; SemrushBot/7~bl; +http://www.semrush.com/bot.html)" "mantech8.com"
185.191.171.21 - - [14/Jan/2023:08:32:27 -0800] "GET /index.php?camp-fire%2F5096500.html HTTP/1.1" 500 - "-" "Mozilla/5.0 (compatible; SemrushBot/7~bl; +http://www.semrush.com/bot.html)" "mantech8.com"
185.191.171.15 - - [14/Jan/2023:08:32:37 -0800] "GET /index.php/camp-fire/27358970.html HTTP/1.1" 500 - "-" "Mozilla/5.0 (compatible; SemrushBot/7~bl; +http://www.semrush.com/bot.html)" "mantech8.com"
185.191.171.17 - - [14/Jan/2023:08:32:43 -0800] "GET /index.php?camp-fire%2F3088078.html HTTP/1.1" 500 - "-" "Mozilla/5.0 (compatible; SemrushBot/7~bl; +http://www.semrush.com/bot.html)" "mantech8.com"
66.249.64.240 - - [14/Jan/2023:08:34:30 -0800] "GET /bimages/paintg/paint5.jpg HTTP/1.1" 200 126763 "-" "Googlebot-Image/1.0" "www.mantech8.com"
66.249.64.240 - - [14/Jan/2023:08:34:31 -0800] "GET /bimages/paintg/paint3.jpg HTTP/1.1" 200 182290 "-" "Googlebot-Image/1.0" "www.mantech8.com"
185.191.171.42 - - [14/Jan/2023:08:34:38 -0800] "GET /index.php?camp-fire%2F3396800.html HTTP/1.1" 500 - "-" "Mozilla/5.0 (compatible; SemrushBot/7~bl; +http://www.semrush.com/bot.html)" "mantech8.com"
185.191.171.15 - - [14/Jan/2023:08:35:02 -0800] "GET /index.php/camp-fire/5909596.html HTTP/1.1" 500 - "-" "Mozilla/5.0 (compatible; SemrushBot/7~bl; +http://www.semrush.com/bot.html)" "mantech8.com"
185.191.171.2 - - [14/Jan/2023:08:35:10 -0800] "GET /?camp-fire%2F26142151.html HTTP/1.1" 500 - "-" "Mozilla/5.0 (compatible; SemrushBot/7~bl; +http://www.semrush.com/bot.html)" "mantech8.com"
185.191.171.25 - - [14/Jan/2023:08:35:17 -0800] "GET /index.php?camp-fire%2F1418029.html HTTP/1.1" 500 - "-" "Mozilla/5.0 (compatible; SemrushBot/7~bl; +http://www.semrush.com/bot.html)" "mantech8.com"
114.119.131.182 - - [14/Jan/2023:08:36:02 -0800] "GET / HTTP/1.1" 500 - "http://mantech8.com/directorsmessage.php" "Mozilla/5.0 (Linux; Android 7.0;) AppleWebKit/537.36 (KHTML, like Gecko) Mobile Safari/537.36 (compatible; PetalBot;+https://webmaster.petalsearch.com/site/petalbot)" "mantech8.com"
185.191.171.36 - - [14/Jan/2023:08:36:08 -0800] "GET /?camp-fire%2F49791335.html HTTP/1.1" 500 - "-" "Mozilla/5.0 (compatible; SemrushBot/7~bl; +http://www.semrush.com/bot.html)" "mantech8.com"
185.191.171.17 - - [14/Jan/2023:08:37:00 -0800] "GET /index.php?camp-fire%2F2558493.html HTTP/1.1" 500 - "-" "Mozilla/5.0 (compatible; SemrushBot/7~bl; +http://www.semrush.com/bot.html)" "mantech8.com"
185.191.171.10 - - [14/Jan/2023:08:37:02 -0800] "GET /?camp-fire%2F35366438.html HTTP/1.1" 500 - "-" "Mozilla/5.0 (compatible; SemrushBot/7~bl; +http://www.semrush.com/bot.html)" "mantech8.com"
185.191.171.44 - - [14/Jan/2023:08:37:10 -0800] "GET /index.php?camp-fire%2F7273080.html HTTP/1.1" 500 - "-" "Mozilla/5.0 (compatible; SemrushBot/7~bl; +http://www.semrush.com/bot.html)" "mantech8.com"
185.191.171.40 - - [14/Jan/2023:08:37:52 -0800] "GET /index.php?camp-fire%2F1362259.html HTTP/1.1" 500 - "-" "Mozilla/5.0 (compatible; SemrushBot/7~bl; +http://www.semrush.com/bot.html)" "mantech8.com"
185.191.171.2 - - [14/Jan/2023:08:38:01 -0800] "GET /index.php?camp-fire%2F22624417.html HTTP/1.1" 500 - "-" "Mozilla/5.0 (compatible; SemrushBot/7~bl; +http://www.semrush.com/bot.html)" "mantech8.com"
185.191.171.8 - - [14/Jan/2023:08:39:18 -0800] "GET /index.php?camp-fire%2F15495083.html HTTP/1.1" 500 - "-" "Mozilla/5.0 (compatible; SemrushBot/7~bl; +http://www.semrush.com/bot.html)" "mantech8.com"
185.191.171.17 - - [14/Jan/2023:08:39:44 -0800] "GET /index.php?camp-fire%2F3917774.html HTTP/1.1" 500 - "-" "Mozilla/5.0 (compatible; SemrushBot/7~bl; +http://www.semrush.com/bot.html)" "mantech8.com"
185.191.171.17 - - [14/Jan/2023:08:40:02 -0800] "GET /index.php/camp-fire/11939651.html HTTP/1.1" 500 - "-" "Mozilla/5.0 (compatible; SemrushBot/7~bl; +http://www.semrush.com/bot.html)" "mantech8.com"
120.35.11.210 - - [14/Jan/2023:08:40:14 -0800] "GET /favicon.ico HTTP/1.1" 404 88 "-" "Mozilla/5.0 (Windows NT 10.0; Win64; x64) AppleWebKit/537.36 (KHTML, like Gecko) Chrome/106.0.0.0 Safari/537.36 Edg/106.0.1370.37" "mantech8.com"
185.191.171.9 - - [14/Jan/2023:08:40:15 -0800] "GET /index.php?camp-fire%2F4336465.html HTTP/1.1" 500 - "-" "Mozilla/5.0 (compatible; SemrushBot/7~bl; +http://www.semrush.com/bot.html)" "mantech8.com"
185.191.171.1 - - [14/Jan/2023:08:40:19 -0800] "GET /index.php?camp-fire%2F7246980.html HTTP/1.1" 500 - "-" "Mozilla/5.0 (compatible; SemrushBot/7~bl; +http://www.semrush.com/bot.html)" "mantech8.com"
120.35.11.210 - - [14/Jan/2023:08:40:20 -0800] "GET / HTTP/1.1" 500 - "-" "Mozilla/5.0 (Linux; Android 10; SM-G981B) AppleWebKit/537.36 (KHTML, like Gecko) Chrome/80.0.3987.162 Mobile Safari/537.36" "mantech8.com"
185.191.171.37 - - [14/Jan/2023:08:40:55 -0800] "GET /?camp-fire%2F68928781.html HTTP/1.1" 500 - "-" "Mozilla/5.0 (compatible; SemrushBot/7~bl; +http://www.semrush.com/bot.html)" "mantech8.com"
185.191.171.10 - - [14/Jan/2023:08:41:14 -0800] "GET /robots.txt HTTP/1.1" 200 106 "-" "Mozilla/5.0 (compatible; SemrushBot/7~bl; +http://www.semrush.com/bot.html)" "mantech8.com"
185.191.171.7 - - [14/Jan/2023:08:41:14 -0800] "GET /index.php?camp-fire%2F5304877.html HTTP/1.1" 500 - "-" "Mozilla/5.0 (compatible; SemrushBot/7~bl; +http://www.semrush.com/bot.html)" "mantech8.com"
185.191.171.13 - - [14/Jan/2023:08:41:42 -0800] "GET /index.php?camp-fire%2F21011551.html HTTP/1.1" 500 - "-" "Mozilla/5.0 (compatible; SemrushBot/7~bl; +http://www.semrush.com/bot.html)" "mantech8.com"
185.191.171.34 - - [14/Jan/2023:08:41:44 -0800] "GET /index.php?camp-fire%2F1891629.html HTTP/1.1" 500 - "-" "Mozilla/5.0 (compatible; SemrushBot/7~bl; +http://www.semrush.com/bot.html)" "mantech8.com"
178.128.177.166 - - [14/Jan/2023:08:42:02 -0800] "GET /contact.php HTTP/1.1" 200 29238 "http://mantech8.com/contact.php" "Mozilla/5.0 (Windows NT 10.0; Win64; x64) AppleWebKit/537.36 (KHTML, like Gecko) Chrome/90.0.4430.85 Safari/537.36 Edg/90.0.818.49" "mantech8.com"
178.128.177.166 - - [14/Jan/2023:08:42:04 -0800] "POST /mailer.php HTTP/1.1" 500 - "http://mantech8.com/contact.php" "Mozilla/5.0 (Windows NT 10.0; Win64; x64) AppleWebKit/537.36 (KHTML, like Gecko) Chrome/90.0.4430.85 Safari/537.36 Edg/90.0.818.49" "mantech8.com"
185.191.171.20 - - [14/Jan/2023:08:42:16 -0800] "GET /?camp-fire%2F83271665.html HTTP/1.1" 500 - "-" "Mozilla/5.0 (compatible; SemrushBot/7~bl; +http://www.semrush.com/bot.html)" "mantech8.com"
185.191.171.35 - - [14/Jan/2023:08:43:20 -0800] "GET /?camp-fire%2F32534725.html HTTP/1.1" 500 - "-" "Mozilla/5.0 (compatible; SemrushBot/7~bl; +http://www.semrush.com/bot.html)" "mantech8.com"
185.191.171.10 - - [14/Jan/2023:08:44:01 -0800] "GET /index.php?camp-fire%2F7292280.html HTTP/1.1" 500 - "-" "Mozilla/5.0 (compatible; SemrushBot/7~bl; +http://www.semrush.com/bot.html)" "mantech8.com"
185.191.171.21 - - [14/Jan/2023:08:44:04 -0800] "GET /index.php?camp-fire%2F4176098.html HTTP/1.1" 500 - "-" "Mozilla/5.0 (compatible; SemrushBot/7~bl; +http://www.semrush.com/bot.html)" "mantech8.com"
185.191.171.12 - - [14/Jan/2023:08:45:34 -0800] "GET /index.php/camp-fire/1761459.html HTTP/1.1" 500 - "-" "Mozilla/5.0 (compatible; SemrushBot/7~bl; +http://www.semrush.com/bot.html)" "mantech8.com"
185.191.171.1 - - [14/Jan/2023:08:45:51 -0800] "GET /?camp-fire%2F39750426.html HTTP/1.1" 500 - "-" "Mozilla/5.0 (compatible; SemrushBot/7~bl; +http://www.semrush.com/bot.html)" "mantech8.com"
216.244.66.241 - - [14/Jan/2023:08:46:11 -0800] "GET /robots.txt HTTP/1.1" 200 222 "-" "Mozilla/5.0 (compatible; DotBot/1.2; +https://opensiteexplorer.org/dotbot; help@moz.com)" "www.mantech8.com"
216.244.66.241 - - [14/Jan/2023:08:46:11 -0800] "GET /robots.txt HTTP/1.1" 200 222 "-" "Mozilla/5.0 (compatible; DotBot/1.2; +https://opensiteexplorer.org/dotbot; help@moz.com)" "mantech8.com"
185.191.171.10 - - [14/Jan/2023:08:46:26 -0800] "GET /index.php?camp-fire%2F3864393.html HTTP/1.1" 500 - "-" "Mozilla/5.0 (compatible; SemrushBot/7~bl; +http://www.semrush.com/bot.html)" "mantech8.com"
185.191.171.25 - - [14/Jan/2023:08:47:00 -0800] "GET /index.php?camp-fire%2F15201984.html HTTP/1.1" 500 - "-" "Mozilla/5.0 (compatible; SemrushBot/7~bl; +http://www.semrush.com/bot.html)" "mantech8.com"
185.191.171.1 - - [14/Jan/2023:08:47:03 -0800] "GET /index.php?camp-fire%2F3342400.html HTTP/1.1" 500 - "-" "Mozilla/5.0 (compatible; SemrushBot/7~bl; +http://www.semrush.com/bot.html)" "mantech8.com"
185.191.171.20 - - [14/Jan/2023:08:47:22 -0800] "GET /index.php?camp-fire%2F32691668.html HTTP/1.1" 500 - "-" "Mozilla/5.0 (compatible; SemrushBot/7~bl; +http://www.semrush.com/bot.html)" "mantech8.com"
185.191.171.43 - - [14/Jan/2023:08:47:51 -0800] "GET /?camp-fire%2F44357980.html HTTP/1.1" 500 - "-" "Mozilla/5.0 (compatible; SemrushBot/7~bl; +http://www.semrush.com/bot.html)" "mantech8.com"
185.191.171.16 - - [14/Jan/2023:08:48:09 -0800] "GET /index.php?camp-fire%2F4155498.html HTTP/1.1" 500 - "-" "Mozilla/5.0 (compatible; SemrushBot/7~bl; +http://www.semrush.com/bot.html)" "mantech8.com"
207.46.13.69 - - [14/Jan/2023:08:48:21 -0800] "GET /bimages/video/painting.jpg HTTP/1.1" 200 56219 "-" "Mozilla/5.0 AppleWebKit/537.36 (KHTML, like Gecko; compatible; bingbot/2.0; +http://www.bing.com/bingbot.htm) Chrome/103.0.5060.134 Safari/537.36" "mantech8.com"
185.191.171.39 - - [14/Jan/2023:08:48:23 -0800] "GET /index.php?camp-fire%2F5320977.html HTTP/1.1" 500 - "-" "Mozilla/5.0 (compatible; SemrushBot/7~bl; +http://www.semrush.com/bot.html)" "mantech8.com"
185.191.171.8 - - [14/Jan/2023:08:48:37 -0800] "GET /index.php?camp-fire%2F7810042.html HTTP/1.1" 500 - "-" "Mozilla/5.0 (compatible; SemrushBot/7~bl; +http://www.semrush.com/bot.html)" "mantech8.com"
185.191.171.8 - - [14/Jan/2023:08:49:20 -0800] "GET /index.php?camp-fire%2F8765108.html HTTP/1.1" 500 - "-" "Mozilla/5.0 (compatible; SemrushBot/7~bl; +http://www.semrush.com/bot.html)" "mantech8.com"
185.191.171.39 - - [14/Jan/2023:08:49:32 -0800] "GET /index.php?camp-fire%2F5863655.html HTTP/1.1" 500 - "-" "Mozilla/5.0 (compatible; SemrushBot/7~bl; +http://www.semrush.com/bot.html)" "mantech8.com"
185.191.171.16 - - [14/Jan/2023:08:49:53 -0800] "GET /index.php/camp-fire/46150503.html HTTP/1.1" 500 - "-" "Mozilla/5.0 (compatible; SemrushBot/7~bl; +http://www.semrush.com/bot.html)" "mantech8.com"
185.191.171.40 - - [14/Jan/2023:08:51:04 -0800] "GET /?camp-fire%2F98448041.html HTTP/1.1" 500 - "-" "Mozilla/5.0 (compatible; SemrushBot/7~bl; +http://www.semrush.com/bot.html)" "mantech8.com"
185.191.171.22 - - [14/Jan/2023:08:51:10 -0800] "GET /?camp-fire%2F13073898.html HTTP/1.1" 500 - "-" "Mozilla/5.0 (compatible; SemrushBot/7~bl; +http://www.semrush.com/bot.html)" "mantech8.com"
185.191.171.21 - - [14/Jan/2023:08:51:35 -0800] "GET /index.php?camp-fire%2F4349198.html HTTP/1.1" 500 - "-" "Mozilla/5.0 (compatible; SemrushBot/7~bl; +http://www.semrush.com/bot.html)" "mantech8.com"
185.191.171.40 - - [14/Jan/2023:08:52:03 -0800] "GET /index.php?camp-fire%2F6503477.html HTTP/1.1" 500 - "-" "Mozilla/5.0 (compatible; SemrushBot/7~bl; +http://www.semrush.com/bot.html)" "mantech8.com"
185.191.171.12 - - [14/Jan/2023:08:52:55 -0800] "GET /index.php?camp-fire%2F14522024.html HTTP/1.1" 500 - "-" "Mozilla/5.0 (compatible; SemrushBot/7~bl; +http://www.semrush.com/bot.html)" "mantech8.com"
185.191.171.26 - - [14/Jan/2023:08:52:57 -0800] "GET /?camp-fire%2F23015672.html HTTP/1.1" 500 - "-" "Mozilla/5.0 (compatible; SemrushBot/7~bl; +http://www.semrush.com/bot.html)" "mantech8.com"
185.191.171.10 - - [14/Jan/2023:08:53:06 -0800] "GET /index.php?camp-fire%2F8138578.html HTTP/1.1" 500 - "-" "Mozilla/5.0 (compatible; SemrushBot/7~bl; +http://www.semrush.com/bot.html)" "mantech8.com"
185.191.171.8 - - [14/Jan/2023:08:53:58 -0800] "GET /index.php?camp-fire%2F8616678.html HTTP/1.1" 500 - "-" "Mozilla/5.0 (compatible; SemrushBot/7~bl; +http://www.semrush.com/bot.html)" "mantech8.com"
185.191.171.18 - - [14/Jan/2023:08:54:13 -0800] "GET /index.php/camp-fire/30287081.html HTTP/1.1" 500 - "-" "Mozilla/5.0 (compatible; SemrushBot/7~bl; +http://www.semrush.com/bot.html)" "mantech8.com"
185.191.171.45 - - [14/Jan/2023:08:55:12 -0800] "GET /index.php?camp-fire%2F32386360.html HTTP/1.1" 500 - "-" "Mozilla/5.0 (compatible; SemrushBot/7~bl; +http://www.semrush.com/bot.html)" "mantech8.com"
185.191.171.4 - - [14/Jan/2023:08:56:08 -0800] "GET /index.php?camp-fire%2F2573490.html HTTP/1.1" 500 - "-" "Mozilla/5.0 (compatible; SemrushBot/7~bl; +http://www.semrush.com/bot.html)" "mantech8.com"
185.191.171.10 - - [14/Jan/2023:08:56:15 -0800] "GET /index.php?camp-fire%2F1372459.html HTTP/1.1" 500 - "-" "Mozilla/5.0 (compatible; SemrushBot/7~bl; +http://www.semrush.com/bot.html)" "mantech8.com"
185.191.171.2 - - [14/Jan/2023:08:56:47 -0800] "GET /?camp-fire%2F18743655.html HTTP/1.1" 500 - "-" "Mozilla/5.0 (compatible; SemrushBot/7~bl; +http://www.semrush.com/bot.html)" "mantech8.com"
185.191.171.1 - - [14/Jan/2023:08:57:00 -0800] "GET /index.php?camp-fire%2F32699368.html HTTP/1.1" 500 - "-" "Mozilla/5.0 (compatible; SemrushBot/7~bl; +http://www.semrush.com/bot.html)" "mantech8.com"
185.191.171.11 - - [14/Jan/2023:08:57:11 -0800] "GET /?camp-fire%2F32536725.html HTTP/1.1" 500 - "-" "Mozilla/5.0 (compatible; SemrushBot/7~bl; +http://www.semrush.com/bot.html)" "mantech8.com"
185.191.171.25 - - [14/Jan/2023:08:57:17 -0800] "GET /?camp-fire%2F15191093.html HTTP/1.1" 500 - "-" "Mozilla/5.0 (compatible; SemrushBot/7~bl; +http://www.semrush.com/bot.html)" "mantech8.com"
185.191.171.6 - - [14/Jan/2023:08:57:21 -0800] "GET /index.php?camp-fire%2F8823578.html HTTP/1.1" 500 - "-" "Mozilla/5.0 (compatible; SemrushBot/7~bl; +http://www.semrush.com/bot.html)" "mantech8.com"
185.191.171.36 - - [14/Jan/2023:08:57:41 -0800] "GET /index.php?camp-fire%2F8993942.html HTTP/1.1" 500 - "-" "Mozilla/5.0 (compatible; SemrushBot/7~bl; +http://www.semrush.com/bot.html)" "mantech8.com"
185.191.171.16 - - [14/Jan/2023:08:58:20 -0800] "GET /index.php/camp-fire/44550734.html HTTP/1.1" 500 - "-" "Mozilla/5.0 (compatible; SemrushBot/7~bl; +http://www.semrush.com/bot.html)" "mantech8.com"
185.191.171.3 - - [14/Jan/2023:08:58:47 -0800] "GET /index.php?camp-fire%2F5940965.html HTTP/1.1" 500 - "-" "Mozilla/5.0 (compatible; SemrushBot/7~bl; +http://www.semrush.com/bot.html)" "mantech8.com"
185.191.171.45 - - [14/Jan/2023:08:59:31 -0800] "GET /index.php?camp-fire%2F5385377.html HTTP/1.1" 500 - "-" "Mozilla/5.0 (compatible; SemrushBot/7~bl; +http://www.semrush.com/bot.html)" "mantech8.com"
185.191.171.15 - - [14/Jan/2023:09:00:48 -0800] "GET /?camp-fire%2F13378476.html HTTP/1.1" 500 - "-" "Mozilla/5.0 (compatible; SemrushBot/7~bl; +http://www.semrush.com/bot.html)" "mantech8.com"
185.191.171.44 - - [14/Jan/2023:09:00:50 -0800] "GET /index.php?camp-fire%2F4289696.html HTTP/1.1" 500 - "-" "Mozilla/5.0 (compatible; SemrushBot/7~bl; +http://www.semrush.com/bot.html)" "mantech8.com"
