185.191.171.15 - - [09/Jan/2023:18:53:58 -0800] "GET /?camp-fire%2F15304765.html HTTP/1.1" 500 - "-" "Mozilla/5.0 (compatible; SemrushBot/7~bl; +http://www.semrush.com/bot.html)" "mantech8.com"
185.220.101.31 - - [09/Jan/2023:18:54:17 -0800] "GET /contact.php HTTP/1.1" 200 29238 "http://mantech8.com/contact.php" "Mozilla/5.0 (Windows NT 6.3; Win64; x64) AppleWebKit/537.36 (KHTML, like Gecko) Chrome/90.0.4430.85 Safari/537.36 Edg/90.0.818.49" "mantech8.com"
185.220.101.31 - - [09/Jan/2023:18:54:19 -0800] "GET /verificationimage.php?3256 HTTP/1.1" 200 1330 "http://mantech8.com/contact.php" "Mozilla/5.0 (Windows NT 6.3; Win64; x64) AppleWebKit/537.36 (KHTML, like Gecko) Chrome/90.0.4430.85 Safari/537.36 Edg/90.0.818.49" "mantech8.com"
185.220.101.31 - - [09/Jan/2023:18:54:20 -0800] "POST /mailer.php HTTP/1.1" 500 - "http://mantech8.com/contact.php" "Mozilla/5.0 (Windows NT 6.3; Win64; x64) AppleWebKit/537.36 (KHTML, like Gecko) Chrome/90.0.4430.85 Safari/537.36 Edg/90.0.818.49" "mantech8.com"
185.220.101.31 - - [09/Jan/2023:18:54:21 -0800] "GET /contact.php HTTP/1.1" 200 29238 "http://mantech8.com/contact.php" "Mozilla/5.0 (Windows NT 6.3; Win64; x64) AppleWebKit/537.36 (KHTML, like Gecko) Chrome/90.0.4430.85 Safari/537.36 Edg/90.0.818.49" "mantech8.com"
185.191.171.33 - - [09/Jan/2023:18:54:43 -0800] "GET /?camp-fire%2F39205071.html HTTP/1.1" 500 - "-" "Mozilla/5.0 (compatible; SemrushBot/7~bl; +http://www.semrush.com/bot.html)" "mantech8.com"
185.191.171.24 - - [09/Jan/2023:18:55:20 -0800] "GET /index.php?camp-fire%2F7680721.html HTTP/1.1" 500 - "-" "Mozilla/5.0 (compatible; SemrushBot/7~bl; +http://www.semrush.com/bot.html)" "mantech8.com"
185.191.171.44 - - [09/Jan/2023:18:55:43 -0800] "GET /index.php?camp-fire%2F2909372.html HTTP/1.1" 500 - "-" "Mozilla/5.0 (compatible; SemrushBot/7~bl; +http://www.semrush.com/bot.html)" "mantech8.com"
157.55.39.75 - - [09/Jan/2023:18:56:09 -0800] "GET /sitemapmobileindex.xml HTTP/1.1" 404 88 "-" "Mozilla/5.0 (compatible; bingbot/2.0; +http://www.bing.com/bingbot.htm)" "mantech8.com"
157.55.39.195 - - [09/Jan/2023:18:56:23 -0800] "GET / HTTP/1.1" 200 64251 "-" "Mozilla/5.0 AppleWebKit/537.36 (KHTML, like Gecko; compatible; bingbot/2.0; +http://www.bing.com/bingbot.htm) Chrome/103.0.5060.134 Safari/537.36" "www.mantech8.com"
185.191.171.9 - - [09/Jan/2023:18:56:51 -0800] "GET /index.php/camp-fire/15644656.html HTTP/1.1" 500 - "-" "Mozilla/5.0 (compatible; SemrushBot/7~bl; +http://www.semrush.com/bot.html)" "mantech8.com"
185.191.171.9 - - [09/Jan/2023:18:57:14 -0800] "GET /index.php?camp-fire%2F18346180.html HTTP/1.1" 500 - "-" "Mozilla/5.0 (compatible; SemrushBot/7~bl; +http://www.semrush.com/bot.html)" "mantech8.com"
185.191.171.38 - - [09/Jan/2023:18:57:40 -0800] "GET /?camp-fire%2F23243765.html HTTP/1.1" 500 - "-" "Mozilla/5.0 (compatible; SemrushBot/7~bl; +http://www.semrush.com/bot.html)" "mantech8.com"
185.191.171.26 - - [09/Jan/2023:18:58:27 -0800] "GET /?camp-fire%2F28236270.html HTTP/1.1" 500 - "-" "Mozilla/5.0 (compatible; SemrushBot/7~bl; +http://www.semrush.com/bot.html)" "mantech8.com"
185.191.171.14 - - [09/Jan/2023:18:58:44 -0800] "GET /?camp-fire%2F10602057.html HTTP/1.1" 500 - "-" "Mozilla/5.0 (compatible; SemrushBot/7~bl; +http://www.semrush.com/bot.html)" "mantech8.com"
185.191.171.5 - - [09/Jan/2023:18:58:55 -0800] "GET /?camp-fire%2F26775621.html HTTP/1.1" 500 - "-" "Mozilla/5.0 (compatible; SemrushBot/7~bl; +http://www.semrush.com/bot.html)" "mantech8.com"
185.191.171.25 - - [09/Jan/2023:18:58:59 -0800] "GET /index.php?camp-fire%2F7913642.html HTTP/1.1" 500 - "-" "Mozilla/5.0 (compatible; SemrushBot/7~bl; +http://www.semrush.com/bot.html)" "mantech8.com"
185.191.171.8 - - [09/Jan/2023:18:59:38 -0800] "GET /index.php/camp-fire/4400096.html HTTP/1.1" 500 - "-" "Mozilla/5.0 (compatible; SemrushBot/7~bl; +http://www.semrush.com/bot.html)" "mantech8.com"
114.119.157.143 - - [09/Jan/2023:19:00:04 -0800] "GET /inflorescences.xml HTTP/1.1" 404 88 "-" "Mozilla/5.0 (Linux; Android 7.0;) AppleWebKit/537.36 (KHTML, like Gecko) Mobile Safari/537.36 (compatible; PetalBot;+https://webmaster.petalsearch.com/site/petalbot)" "mantech8.com"
216.244.66.241 - - [09/Jan/2023:19:00:36 -0800] "GET /robots.txt HTTP/1.1" 200 222 "-" "Mozilla/5.0 (compatible; DotBot/1.2; +https://opensiteexplorer.org/dotbot; help@moz.com)" "www.mantech8.com"
216.244.66.241 - - [09/Jan/2023:19:00:36 -0800] "GET /robots.txt HTTP/1.1" 200 222 "-" "Mozilla/5.0 (compatible; DotBot/1.2; +https://opensiteexplorer.org/dotbot; help@moz.com)" "mantech8.com"
185.191.171.26 - - [09/Jan/2023:19:00:37 -0800] "GET /index.php?camp-fire%2F7642408.html HTTP/1.1" 500 - "-" "Mozilla/5.0 (compatible; SemrushBot/7~bl; +http://www.semrush.com/bot.html)" "mantech8.com"
185.191.171.7 - - [09/Jan/2023:19:01:28 -0800] "GET /index.php?camp-fire%2F28326009.html HTTP/1.1" 500 - "-" "Mozilla/5.0 (compatible; SemrushBot/7~bl; +http://www.semrush.com/bot.html)" "mantech8.com"
185.191.171.37 - - [09/Jan/2023:19:02:17 -0800] "GET /index.php/camp-fire/110935978.html HTTP/1.1" 500 - "-" "Mozilla/5.0 (compatible; SemrushBot/7~bl; +http://www.semrush.com/bot.html)" "mantech8.com"
185.191.171.19 - - [09/Jan/2023:19:04:48 -0800] "GET /index.php?camp-fire%2F4214065.html HTTP/1.1" 500 - "-" "Mozilla/5.0 (compatible; SemrushBot/7~bl; +http://www.semrush.com/bot.html)" "mantech8.com"
157.55.39.34 - - [09/Jan/2023:19:04:56 -0800] "GET /Pstd-affce-iDDyh.Ii HTTP/1.1" 404 88 "-" "Mozilla/5.0 AppleWebKit/537.36 (KHTML, like Gecko; compatible; bingbot/2.0; +http://www.bing.com/bingbot.htm) Chrome/103.0.5060.134 Safari/537.36" "www.mantech8.com"
157.55.39.34 - - [09/Jan/2023:19:05:16 -0800] "GET /Pstd-affce-iDDyh.Ii HTTP/1.1" 404 88 "-" "Mozilla/5.0 AppleWebKit/537.36 (KHTML, like Gecko; compatible; bingbot/2.0; +http://www.bing.com/bingbot.htm) Chrome/103.0.5060.134 Safari/537.36" "www.mantech8.com"
185.191.171.21 - - [09/Jan/2023:19:05:46 -0800] "GET /?camp-fire%2F14239598.html HTTP/1.1" 500 - "-" "Mozilla/5.0 (compatible; SemrushBot/7~bl; +http://www.semrush.com/bot.html)" "mantech8.com"
185.191.171.21 - - [09/Jan/2023:19:05:48 -0800] "GET /index.php?camp-fire%2F7281780.html HTTP/1.1" 500 - "-" "Mozilla/5.0 (compatible; SemrushBot/7~bl; +http://www.semrush.com/bot.html)" "mantech8.com"
114.119.135.130 - - [09/Jan/2023:19:05:52 -0800] "GET /index.php/sitemap12189.xml HTTP/1.1" 200 289366 "-" "Mozilla/5.0 (Linux; Android 7.0;) AppleWebKit/537.36 (KHTML, like Gecko) Mobile Safari/537.36 (compatible; PetalBot;+https://webmaster.petalsearch.com/site/petalbot)" "mantech8.com"
185.191.171.45 - - [09/Jan/2023:19:06:27 -0800] "GET /?camp-fire%2F30856163.html HTTP/1.1" 500 - "-" "Mozilla/5.0 (compatible; SemrushBot/7~bl; +http://www.semrush.com/bot.html)" "mantech8.com"
185.191.171.21 - - [09/Jan/2023:19:06:44 -0800] "GET /?camp-fire%2F10625157.html HTTP/1.1" 500 - "-" "Mozilla/5.0 (compatible; SemrushBot/7~bl; +http://www.semrush.com/bot.html)" "mantech8.com"
185.191.171.15 - - [09/Jan/2023:19:07:00 -0800] "GET /index.php/camp-fire/39022672.html HTTP/1.1" 500 - "-" "Mozilla/5.0 (compatible; SemrushBot/7~bl; +http://www.semrush.com/bot.html)" "mantech8.com"
185.191.171.22 - - [09/Jan/2023:19:07:10 -0800] "GET /?camp-fire%2F12991080.html HTTP/1.1" 500 - "-" "Mozilla/5.0 (compatible; SemrushBot/7~bl; +http://www.semrush.com/bot.html)" "mantech8.com"
185.191.171.23 - - [09/Jan/2023:19:07:45 -0800] "GET /index.php?camp-fire%2F6386477.html HTTP/1.1" 500 - "-" "Mozilla/5.0 (compatible; SemrushBot/7~bl; +http://www.semrush.com/bot.html)" "mantech8.com"
185.191.171.37 - - [09/Jan/2023:19:08:27 -0800] "GET /index.php/camp-fire/472569.html HTTP/1.1" 500 - "-" "Mozilla/5.0 (compatible; SemrushBot/7~bl; +http://www.semrush.com/bot.html)" "mantech8.com"
185.191.171.38 - - [09/Jan/2023:19:09:02 -0800] "GET /robots.txt HTTP/1.1" 200 106 "-" "Mozilla/5.0 (compatible; SemrushBot/7~bl; +http://www.semrush.com/bot.html)" "mantech8.com"
185.191.171.38 - - [09/Jan/2023:19:09:02 -0800] "GET /index.php?camp-fire%2F8346942.html HTTP/1.1" 500 - "-" "Mozilla/5.0 (compatible; SemrushBot/7~bl; +http://www.semrush.com/bot.html)" "mantech8.com"
185.191.171.17 - - [09/Jan/2023:19:10:17 -0800] "GET /?camp-fire%2F15444883.html HTTP/1.1" 500 - "-" "Mozilla/5.0 (compatible; SemrushBot/7~bl; +http://www.semrush.com/bot.html)" "mantech8.com"
185.191.171.40 - - [09/Jan/2023:19:10:45 -0800] "GET /?camp-fire%2F16923983.html HTTP/1.1" 500 - "-" "Mozilla/5.0 (compatible; SemrushBot/7~bl; +http://www.semrush.com/bot.html)" "mantech8.com"
185.191.171.11 - - [09/Jan/2023:19:10:56 -0800] "GET /index.php?camp-fire%2F4313478.html HTTP/1.1" 500 - "-" "Mozilla/5.0 (compatible; SemrushBot/7~bl; +http://www.semrush.com/bot.html)" "mantech8.com"
185.191.171.9 - - [09/Jan/2023:19:12:15 -0800] "GET /?camp-fire%2F23161180.html HTTP/1.1" 500 - "-" "Mozilla/5.0 (compatible; SemrushBot/7~bl; +http://www.semrush.com/bot.html)" "mantech8.com"
114.119.148.255 - - [09/Jan/2023:19:12:18 -0800] "GET /index.php/sitemap12.xml HTTP/1.1" 200 289433 "-" "Mozilla/5.0 (Linux; Android 7.0;) AppleWebKit/537.36 (KHTML, like Gecko) Mobile Safari/537.36 (compatible; PetalBot;+https://webmaster.petalsearch.com/site/petalbot)" "mantech8.com"
185.191.171.13 - - [09/Jan/2023:19:12:47 -0800] "GET /index.php/camp-fire/22647217.html HTTP/1.1" 500 - "-" "Mozilla/5.0 (compatible; SemrushBot/7~bl; +http://www.semrush.com/bot.html)" "mantech8.com"
185.191.171.2 - - [09/Jan/2023:19:13:09 -0800] "GET /index.php?camp-fire%2F3056893.html HTTP/1.1" 500 - "-" "Mozilla/5.0 (compatible; SemrushBot/7~bl; +http://www.semrush.com/bot.html)" "mantech8.com"
185.191.171.12 - - [09/Jan/2023:19:14:26 -0800] "GET /index.php?camp-fire%2F5012165.html HTTP/1.1" 500 - "-" "Mozilla/5.0 (compatible; SemrushBot/7~bl; +http://www.semrush.com/bot.html)" "mantech8.com"
185.191.171.36 - - [09/Jan/2023:19:14:34 -0800] "GET /?camp-fire%2F14941900.html HTTP/1.1" 500 - "-" "Mozilla/5.0 (compatible; SemrushBot/7~bl; +http://www.semrush.com/bot.html)" "mantech8.com"
185.191.171.10 - - [09/Jan/2023:19:14:45 -0800] "GET /index.php?camp-fire%2F5260685.html HTTP/1.1" 500 - "-" "Mozilla/5.0 (compatible; SemrushBot/7~bl; +http://www.semrush.com/bot.html)" "mantech8.com"
185.191.171.33 - - [09/Jan/2023:19:14:59 -0800] "GET /?camp-fire%2F14827172.html HTTP/1.1" 500 - "-" "Mozilla/5.0 (compatible; SemrushBot/7~bl; +http://www.semrush.com/bot.html)" "mantech8.com"
185.191.171.38 - - [09/Jan/2023:19:15:29 -0800] "GET /index.php?camp-fire%2F1257929.html HTTP/1.1" 500 - "-" "Mozilla/5.0 (compatible; SemrushBot/7~bl; +http://www.semrush.com/bot.html)" "mantech8.com"
185.191.171.33 - - [09/Jan/2023:19:15:36 -0800] "GET /index.php/camp-fire/39918502.html HTTP/1.1" 500 - "-" "Mozilla/5.0 (compatible; SemrushBot/7~bl; +http://www.semrush.com/bot.html)" "mantech8.com"
185.191.171.3 - - [09/Jan/2023:19:17:00 -0800] "GET /?camp-fire%2F24518730.html HTTP/1.1" 500 - "-" "Mozilla/5.0 (compatible; SemrushBot/7~bl; +http://www.semrush.com/bot.html)" "mantech8.com"
185.191.171.33 - - [09/Jan/2023:19:17:15 -0800] "GET /index.php?camp-fire%2F7658021.html HTTP/1.1" 500 - "-" "Mozilla/5.0 (compatible; SemrushBot/7~bl; +http://www.semrush.com/bot.html)" "mantech8.com"
185.191.171.37 - - [09/Jan/2023:19:17:24 -0800] "GET /?camp-fire%2F15450583.html HTTP/1.1" 500 - "-" "Mozilla/5.0 (compatible; SemrushBot/7~bl; +http://www.semrush.com/bot.html)" "mantech8.com"
185.191.171.4 - - [09/Jan/2023:19:18:19 -0800] "GET /?camp-fire%2F12102569.html HTTP/1.1" 500 - "-" "Mozilla/5.0 (compatible; SemrushBot/7~bl; +http://www.semrush.com/bot.html)" "mantech8.com"
114.119.148.255 - - [09/Jan/2023:19:18:20 -0800] "GET /index.php?steaded.xml HTTP/1.1" 200 289164 "-" "Mozilla/5.0 (Linux; Android 7.0;) AppleWebKit/537.36 (KHTML, like Gecko) Mobile Safari/537.36 (compatible; PetalBot;+https://webmaster.petalsearch.com/site/petalbot)" "mantech8.com"
185.191.171.10 - - [09/Jan/2023:19:19:22 -0800] "GET /index.php?camp-fire%2F5551555.html HTTP/1.1" 500 - "-" "Mozilla/5.0 (compatible; SemrushBot/7~bl; +http://www.semrush.com/bot.html)" "mantech8.com"
185.191.171.2 - - [09/Jan/2023:19:19:39 -0800] "GET /index.php/camp-fire/28147909.html HTTP/1.1" 500 - "-" "Mozilla/5.0 (compatible; SemrushBot/7~bl; +http://www.semrush.com/bot.html)" "mantech8.com"
185.191.171.10 - - [09/Jan/2023:19:19:54 -0800] "GET /index.php/camp-fire/15219487.html HTTP/1.1" 500 - "-" "Mozilla/5.0 (compatible; SemrushBot/7~bl; +http://www.semrush.com/bot.html)" "mantech8.com"
185.191.171.38 - - [09/Jan/2023:19:20:52 -0800] "GET /?camp-fire%2F15834676.html HTTP/1.1" 500 - "-" "Mozilla/5.0 (compatible; SemrushBot/7~bl; +http://www.semrush.com/bot.html)" "mantech8.com"
185.191.171.25 - - [09/Jan/2023:19:22:43 -0800] "GET /?camp-fire%2F23690706.html HTTP/1.1" 500 - "-" "Mozilla/5.0 (compatible; SemrushBot/7~bl; +http://www.semrush.com/bot.html)" "mantech8.com"
185.191.171.25 - - [09/Jan/2023:19:23:52 -0800] "GET /index.php?camp-fire%2F260898.html HTTP/1.1" 500 - "-" "Mozilla/5.0 (compatible; SemrushBot/7~bl; +http://www.semrush.com/bot.html)" "mantech8.com"
185.191.171.22 - - [09/Jan/2023:19:24:03 -0800] "GET /index.php?camp-fire%2F4321396.html HTTP/1.1" 500 - "-" "Mozilla/5.0 (compatible; SemrushBot/7~bl; +http://www.semrush.com/bot.html)" "mantech8.com"
185.191.171.22 - - [09/Jan/2023:19:24:18 -0800] "GET /index.php/camp-fire/14809687.html HTTP/1.1" 500 - "-" "Mozilla/5.0 (compatible; SemrushBot/7~bl; +http://www.semrush.com/bot.html)" "mantech8.com"
185.191.171.35 - - [09/Jan/2023:19:24:58 -0800] "GET /?camp-fire%2F10284490.html HTTP/1.1" 500 - "-" "Mozilla/5.0 (compatible; SemrushBot/7~bl; +http://www.semrush.com/bot.html)" "mantech8.com"
185.191.171.35 - - [09/Jan/2023:19:25:18 -0800] "GET /index.php?camp-fire%2F4110265.html HTTP/1.1" 500 - "-" "Mozilla/5.0 (compatible; SemrushBot/7~bl; +http://www.semrush.com/bot.html)" "mantech8.com"
185.191.171.34 - - [09/Jan/2023:19:25:35 -0800] "GET /?camp-fire%2F20296778.html HTTP/1.1" 500 - "-" "Mozilla/5.0 (compatible; SemrushBot/7~bl; +http://www.semrush.com/bot.html)" "mantech8.com"
157.55.39.36 - - [09/Jan/2023:19:26:29 -0800] "GET /YhFG-a2dda-posdE.Ii HTTP/1.1" 404 88 "-" "Mozilla/5.0 (compatible; bingbot/2.0; +http://www.bing.com/bingbot.htm)" "www.mantech8.com"
185.191.171.5 - - [09/Jan/2023:19:26:30 -0800] "GET /index.php?camp-fire%2F8616521.html HTTP/1.1" 500 - "-" "Mozilla/5.0 (compatible; SemrushBot/7~bl; +http://www.semrush.com/bot.html)" "mantech8.com"
185.191.171.7 - - [09/Jan/2023:19:26:45 -0800] "GET /index.php?camp-fire%2F1415553.html HTTP/1.1" 500 - "-" "Mozilla/5.0 (compatible; SemrushBot/7~bl; +http://www.semrush.com/bot.html)" "mantech8.com"
185.191.171.34 - - [09/Jan/2023:19:27:21 -0800] "GET /?camp-fire%2F17074072.html HTTP/1.1" 500 - "-" "Mozilla/5.0 (compatible; SemrushBot/7~bl; +http://www.semrush.com/bot.html)" "mantech8.com"
185.191.171.25 - - [09/Jan/2023:19:27:26 -0800] "GET /index.php/camp-fire/16635265.html HTTP/1.1" 500 - "-" "Mozilla/5.0 (compatible; SemrushBot/7~bl; +http://www.semrush.com/bot.html)" "mantech8.com"
185.191.171.18 - - [09/Jan/2023:19:27:37 -0800] "GET /?camp-fire%2F32114755.html HTTP/1.1" 500 - "-" "Mozilla/5.0 (compatible; SemrushBot/7~bl; +http://www.semrush.com/bot.html)" "mantech8.com"
185.191.171.16 - - [09/Jan/2023:19:28:03 -0800] "GET /index.php?camp-fire%2F1120498.html HTTP/1.1" 500 - "-" "Mozilla/5.0 (compatible; SemrushBot/7~bl; +http://www.semrush.com/bot.html)" "mantech8.com"
185.191.171.2 - - [09/Jan/2023:19:28:12 -0800] "GET /?camp-fire%2F18215998.html HTTP/1.1" 500 - "-" "Mozilla/5.0 (compatible; SemrushBot/7~bl; +http://www.semrush.com/bot.html)" "mantech8.com"
185.191.171.15 - - [09/Jan/2023:19:28:29 -0800] "GET /index.php?camp-fire%2F5401055.html HTTP/1.1" 500 - "-" "Mozilla/5.0 (compatible; SemrushBot/7~bl; +http://www.semrush.com/bot.html)" "mantech8.com"
185.191.171.9 - - [09/Jan/2023:19:28:59 -0800] "GET /index.php/camp-fire/3828098.html HTTP/1.1" 500 - "-" "Mozilla/5.0 (compatible; SemrushBot/7~bl; +http://www.semrush.com/bot.html)" "mantech8.com"
185.191.171.6 - - [09/Jan/2023:19:29:35 -0800] "GET /index.php?camp-fire%2F27675309.html HTTP/1.1" 500 - "-" "Mozilla/5.0 (compatible; SemrushBot/7~bl; +http://www.semrush.com/bot.html)" "mantech8.com"
185.191.171.10 - - [09/Jan/2023:19:30:48 -0800] "GET /?camp-fire%2F15592646.html HTTP/1.1" 500 - "-" "Mozilla/5.0 (compatible; SemrushBot/7~bl; +http://www.semrush.com/bot.html)" "mantech8.com"
185.191.171.45 - - [09/Jan/2023:19:30:51 -0800] "GET /?camp-fire%2F23690306.html HTTP/1.1" 500 - "-" "Mozilla/5.0 (compatible; SemrushBot/7~bl; +http://www.semrush.com/bot.html)" "mantech8.com"
185.191.171.14 - - [09/Jan/2023:19:31:03 -0800] "GET /index.php?camp-fire%2F7279480.html HTTP/1.1" 500 - "-" "Mozilla/5.0 (compatible; SemrushBot/7~bl; +http://www.semrush.com/bot.html)" "mantech8.com"
185.191.171.42 - - [09/Jan/2023:19:31:05 -0800] "GET /index.php/camp-fire/4359696.html HTTP/1.1" 500 - "-" "Mozilla/5.0 (compatible; SemrushBot/7~bl; +http://www.semrush.com/bot.html)" "mantech8.com"
185.191.171.38 - - [09/Jan/2023:19:31:14 -0800] "GET /?camp-fire%2F14879898.html HTTP/1.1" 500 - "-" "Mozilla/5.0 (compatible; SemrushBot/7~bl; +http://www.semrush.com/bot.html)" "mantech8.com"
185.191.171.6 - - [09/Jan/2023:19:32:43 -0800] "GET /?camp-fire%2F10159490.html HTTP/1.1" 500 - "-" "Mozilla/5.0 (compatible; SemrushBot/7~bl; +http://www.semrush.com/bot.html)" "mantech8.com"
194.110.203.39 - - [09/Jan/2023:19:34:05 -0800] "GET /database/backup-localhost.sql.tar HTTP/1.1" 404 73 "-" "Firefox" "mantech8.com"
185.191.171.3 - - [09/Jan/2023:19:34:42 -0800] "GET /?camp-fire%2F48406034.html HTTP/1.1" 500 - "-" "Mozilla/5.0 (compatible; SemrushBot/7~bl; +http://www.semrush.com/bot.html)" "mantech8.com"
185.191.171.9 - - [09/Jan/2023:19:34:50 -0800] "GET /index.php/camp-fire/33458793.html HTTP/1.1" 500 - "-" "Mozilla/5.0 (compatible; SemrushBot/7~bl; +http://www.semrush.com/bot.html)" "mantech8.com"
185.191.171.23 - - [09/Jan/2023:19:36:23 -0800] "GET /?camp-fire%2F19336153.html HTTP/1.1" 500 - "-" "Mozilla/5.0 (compatible; SemrushBot/7~bl; +http://www.semrush.com/bot.html)" "mantech8.com"
185.191.171.26 - - [09/Jan/2023:19:36:55 -0800] "GET /?camp-fire%2F27586847.html HTTP/1.1" 500 - "-" "Mozilla/5.0 (compatible; SemrushBot/7~bl; +http://www.semrush.com/bot.html)" "mantech8.com"
185.191.171.44 - - [09/Jan/2023:19:36:57 -0800] "GET /index.php?camp-fire%2F9717398.html HTTP/1.1" 500 - "-" "Mozilla/5.0 (compatible; SemrushBot/7~bl; +http://www.semrush.com/bot.html)" "mantech8.com"
185.191.171.37 - - [09/Jan/2023:19:37:42 -0800] "GET /index.php/camp-fire/14787287.html HTTP/1.1" 500 - "-" "Mozilla/5.0 (compatible; SemrushBot/7~bl; +http://www.semrush.com/bot.html)" "mantech8.com"
185.191.171.11 - - [09/Jan/2023:19:38:01 -0800] "GET /index.php?camp-fire%2F2681929.html HTTP/1.1" 500 - "-" "Mozilla/5.0 (compatible; SemrushBot/7~bl; +http://www.semrush.com/bot.html)" "mantech8.com"
185.191.171.13 - - [09/Jan/2023:19:38:25 -0800] "GET /index.php?camp-fire%2F7844242.html HTTP/1.1" 500 - "-" "Mozilla/5.0 (compatible; SemrushBot/7~bl; +http://www.semrush.com/bot.html)" "mantech8.com"
185.191.171.44 - - [09/Jan/2023:19:39:01 -0800] "GET /index.php?camp-fire%2F291098.html HTTP/1.1" 500 - "-" "Mozilla/5.0 (compatible; SemrushBot/7~bl; +http://www.semrush.com/bot.html)" "mantech8.com"
185.191.171.44 - - [09/Jan/2023:19:39:39 -0800] "GET /?camp-fire%2F33618417.html HTTP/1.1" 500 - "-" "Mozilla/5.0 (compatible; SemrushBot/7~bl; +http://www.semrush.com/bot.html)" "mantech8.com"
185.191.171.9 - - [09/Jan/2023:19:40:06 -0800] "GET /index.php?camp-fire%2F94764234.html HTTP/1.1" 500 - "-" "Mozilla/5.0 (compatible; SemrushBot/7~bl; +http://www.semrush.com/bot.html)" "mantech8.com"
185.191.171.35 - - [09/Jan/2023:19:40:22 -0800] "GET /index.php?camp-fire%2F8466580.html HTTP/1.1" 500 - "-" "Mozilla/5.0 (compatible; SemrushBot/7~bl; +http://www.semrush.com/bot.html)" "mantech8.com"
185.191.171.24 - - [09/Jan/2023:19:41:36 -0800] "GET /index.php/camp-fire/70875690.html HTTP/1.1" 500 - "-" "Mozilla/5.0 (compatible; SemrushBot/7~bl; +http://www.semrush.com/bot.html)" "mantech8.com"
185.191.171.23 - - [09/Jan/2023:19:41:53 -0800] "GET /?camp-fire%2F40355659.html HTTP/1.1" 500 - "-" "Mozilla/5.0 (compatible; SemrushBot/7~bl; +http://www.semrush.com/bot.html)" "mantech8.com"
185.191.171.40 - - [09/Jan/2023:19:41:59 -0800] "GET /index.php?camp-fire%2F4297296.html HTTP/1.1" 500 - "-" "Mozilla/5.0 (compatible; SemrushBot/7~bl; +http://www.semrush.com/bot.html)" "mantech8.com"
185.191.171.19 - - [09/Jan/2023:19:42:08 -0800] "GET /?camp-fire%2F31384083.html HTTP/1.1" 500 - "-" "Mozilla/5.0 (compatible; SemrushBot/7~bl; +http://www.semrush.com/bot.html)" "mantech8.com"
185.191.171.40 - - [09/Jan/2023:19:44:19 -0800] "GET /index.php/camp-fire/1120172.html HTTP/1.1" 500 - "-" "Mozilla/5.0 (compatible; SemrushBot/7~bl; +http://www.semrush.com/bot.html)" "mantech8.com"
185.191.171.19 - - [09/Jan/2023:19:46:04 -0800] "GET /?camp-fire%2F31542441.html HTTP/1.1" 500 - "-" "Mozilla/5.0 (compatible; SemrushBot/7~bl; +http://www.semrush.com/bot.html)" "mantech8.com"
185.191.171.4 - - [09/Jan/2023:19:46:13 -0800] "GET /?camp-fire%2F12964529.html HTTP/1.1" 500 - "-" "Mozilla/5.0 (compatible; SemrushBot/7~bl; +http://www.semrush.com/bot.html)" "mantech8.com"
185.191.171.6 - - [09/Jan/2023:19:46:24 -0800] "GET /?camp-fire%2F15814965.html HTTP/1.1" 500 - "-" "Mozilla/5.0 (compatible; SemrushBot/7~bl; +http://www.semrush.com/bot.html)" "mantech8.com"
157.55.39.195 - - [09/Jan/2023:19:46:57 -0800] "GET / HTTP/1.1" 200 64463 "-" "Mozilla/5.0 (compatible; bingbot/2.0; +http://www.bing.com/bingbot.htm)" "www.mantech8.com"
185.191.171.12 - - [09/Jan/2023:19:47:46 -0800] "GET /index.php/camp-fire/30376882.html HTTP/1.1" 500 - "-" "Mozilla/5.0 (compatible; SemrushBot/7~bl; +http://www.semrush.com/bot.html)" "mantech8.com"
185.191.171.33 - - [09/Jan/2023:19:48:18 -0800] "GET /?camp-fire%2F15442183.html HTTP/1.1" 500 - "-" "Mozilla/5.0 (compatible; SemrushBot/7~bl; +http://www.semrush.com/bot.html)" "mantech8.com"
185.191.171.1 - - [09/Jan/2023:19:49:32 -0800] "GET /?camp-fire%2F19046761.html HTTP/1.1" 500 - "-" "Mozilla/5.0 (compatible; SemrushBot/7~bl; +http://www.semrush.com/bot.html)" "mantech8.com"
185.191.171.10 - - [09/Jan/2023:19:49:34 -0800] "GET /index.php?camp-fire%2F8409880.html HTTP/1.1" 500 - "-" "Mozilla/5.0 (compatible; SemrushBot/7~bl; +http://www.semrush.com/bot.html)" "mantech8.com"
185.191.171.12 - - [09/Jan/2023:19:49:37 -0800] "GET /index.php?camp-fire%2F1261500.html HTTP/1.1" 500 - "-" "Mozilla/5.0 (compatible; SemrushBot/7~bl; +http://www.semrush.com/bot.html)" "mantech8.com"
185.191.171.24 - - [09/Jan/2023:19:49:49 -0800] "GET /index.php?camp-fire%2F1408890.html HTTP/1.1" 500 - "-" "Mozilla/5.0 (compatible; SemrushBot/7~bl; +http://www.semrush.com/bot.html)" "mantech8.com"
185.191.171.37 - - [09/Jan/2023:19:49:52 -0800] "GET /?camp-fire%2F16445884.html HTTP/1.1" 500 - "-" "Mozilla/5.0 (compatible; SemrushBot/7~bl; +http://www.semrush.com/bot.html)" "mantech8.com"
185.191.171.26 - - [09/Jan/2023:19:50:41 -0800] "GET /index.php/camp-fire/34021216.html HTTP/1.1" 500 - "-" "Mozilla/5.0 (compatible; SemrushBot/7~bl; +http://www.semrush.com/bot.html)" "mantech8.com"
185.191.171.36 - - [09/Jan/2023:19:50:50 -0800] "GET /?camp-fire%2F16769426.html HTTP/1.1" 500 - "-" "Mozilla/5.0 (compatible; SemrushBot/7~bl; +http://www.semrush.com/bot.html)" "mantech8.com"
185.191.171.36 - - [09/Jan/2023:19:51:43 -0800] "GET /index.php?camp-fire%2F3265598.html HTTP/1.1" 500 - "-" "Mozilla/5.0 (compatible; SemrushBot/7~bl; +http://www.semrush.com/bot.html)" "mantech8.com"
185.191.171.39 - - [09/Jan/2023:19:52:00 -0800] "GET /?camp-fire%2F80082578.html HTTP/1.1" 500 - "-" "Mozilla/5.0 (compatible; SemrushBot/7~bl; +http://www.semrush.com/bot.html)" "mantech8.com"
185.191.171.40 - - [09/Jan/2023:19:52:11 -0800] "GET /?camp-fire%2F13357059.html HTTP/1.1" 500 - "-" "Mozilla/5.0 (compatible; SemrushBot/7~bl; +http://www.semrush.com/bot.html)" "mantech8.com"
185.191.171.15 - - [09/Jan/2023:19:52:31 -0800] "GET /index.php?camp-fire%2F7703121.html HTTP/1.1" 500 - "-" "Mozilla/5.0 (compatible; SemrushBot/7~bl; +http://www.semrush.com/bot.html)" "mantech8.com"
207.46.13.69 - - [09/Jan/2023:19:53:03 -0800] "GET /sitemapindex.xml HTTP/1.1" 404 88 "-" "Mozilla/5.0 (compatible; bingbot/2.0; +http://www.bing.com/bingbot.htm)" "mantech8.com"
216.244.66.241 - - [09/Jan/2023:19:53:05 -0800] "GET /robots.txt HTTP/1.1" 200 222 "-" "Mozilla/5.0 (compatible; DotBot/1.2; +https://opensiteexplorer.org/dotbot; help@moz.com)" "mantech8.com"
216.244.66.241 - - [09/Jan/2023:19:53:05 -0800] "GET /robots.txt HTTP/1.1" 200 222 "-" "Mozilla/5.0 (compatible; DotBot/1.2; +https://opensiteexplorer.org/dotbot; help@moz.com)" "www.mantech8.com"
185.191.171.35 - - [09/Jan/2023:19:53:15 -0800] "GET /index.php?camp-fire%2F9713683.html HTTP/1.1" 500 - "-" "Mozilla/5.0 (compatible; SemrushBot/7~bl; +http://www.semrush.com/bot.html)" "mantech8.com"
185.191.171.4 - - [09/Jan/2023:19:53:17 -0800] "GET /index.php/camp-fire/35154625.html HTTP/1.1" 500 - "-" "Mozilla/5.0 (compatible; SemrushBot/7~bl; +http://www.semrush.com/bot.html)" "mantech8.com"
185.191.171.7 - - [09/Jan/2023:19:54:21 -0800] "GET /?camp-fire%2F18835127.html HTTP/1.1" 500 - "-" "Mozilla/5.0 (compatible; SemrushBot/7~bl; +http://www.semrush.com/bot.html)" "mantech8.com"
185.191.171.37 - - [09/Jan/2023:19:54:52 -0800] "GET /?camp-fire%2F19017061.html HTTP/1.1" 500 - "-" "Mozilla/5.0 (compatible; SemrushBot/7~bl; +http://www.semrush.com/bot.html)" "mantech8.com"
185.191.171.35 - - [09/Jan/2023:19:55:17 -0800] "GET /index.php?camp-fire%2F1342059.html HTTP/1.1" 500 - "-" "Mozilla/5.0 (compatible; SemrushBot/7~bl; +http://www.semrush.com/bot.html)" "mantech8.com"
185.191.171.19 - - [09/Jan/2023:19:56:46 -0800] "GET /index.php/camp-fire/15747365.html HTTP/1.1" 500 - "-" "Mozilla/5.0 (compatible; SemrushBot/7~bl; +http://www.semrush.com/bot.html)" "mantech8.com"
185.191.171.1 - - [09/Jan/2023:19:58:01 -0800] "GET /index.php?camp-fire%2F5297765.html HTTP/1.1" 500 - "-" "Mozilla/5.0 (compatible; SemrushBot/7~bl; +http://www.semrush.com/bot.html)" "mantech8.com"
185.191.171.26 - - [09/Jan/2023:19:58:18 -0800] "GET /index.php/camp-fire/23649606.html HTTP/1.1" 500 - "-" "Mozilla/5.0 (compatible; SemrushBot/7~bl; +http://www.semrush.com/bot.html)" "mantech8.com"
114.119.136.160 - - [09/Jan/2023:19:58:20 -0800] "GET /index.php?sitemap11588.xml HTTP/1.1" 200 289390 "-" "Mozilla/5.0 (Linux; Android 7.0;) AppleWebKit/537.36 (KHTML, like Gecko) Mobile Safari/537.36 (compatible; PetalBot;+https://webmaster.petalsearch.com/site/petalbot)" "mantech8.com"
185.191.171.11 - - [09/Jan/2023:19:59:06 -0800] "GET /?camp-fire%2F21562072.html HTTP/1.1" 500 - "-" "Mozilla/5.0 (compatible; SemrushBot/7~bl; +http://www.semrush.com/bot.html)" "mantech8.com"
185.191.171.7 - - [09/Jan/2023:20:00:51 -0800] "GET /index.php?camp-fire%2F8702142.html HTTP/1.1" 500 - "-" "Mozilla/5.0 (compatible; SemrushBot/7~bl; +http://www.semrush.com/bot.html)" "mantech8.com"
114.119.156.59 - - [09/Jan/2023:20:02:10 -0800] "GET /index.php/sitemap3.xml HTTP/1.1" 200 289435 "-" "Mozilla/5.0 (Linux; Android 7.0;) AppleWebKit/537.36 (KHTML, like Gecko) Mobile Safari/537.36 (compatible; PetalBot;+https://webmaster.petalsearch.com/site/petalbot)" "mantech8.com"
185.191.171.17 - - [09/Jan/2023:20:02:33 -0800] "GET /index.php/camp-fire/17535827.html HTTP/1.1" 500 - "-" "Mozilla/5.0 (compatible; SemrushBot/7~bl; +http://www.semrush.com/bot.html)" "mantech8.com"
185.191.171.23 - - [09/Jan/2023:20:02:39 -0800] "GET /?camp-fire%2F25864490.html HTTP/1.1" 500 - "-" "Mozilla/5.0 (compatible; SemrushBot/7~bl; +http://www.semrush.com/bot.html)" "mantech8.com"
185.191.171.13 - - [09/Jan/2023:20:03:00 -0800] "GET /?camp-fire%2F51631117.html HTTP/1.1" 500 - "-" "Mozilla/5.0 (compatible; SemrushBot/7~bl; +http://www.semrush.com/bot.html)" "mantech8.com"
185.191.171.37 - - [09/Jan/2023:20:03:02 -0800] "GET /index.php/camp-fire/35208787.html HTTP/1.1" 500 - "-" "Mozilla/5.0 (compatible; SemrushBot/7~bl; +http://www.semrush.com/bot.html)" "mantech8.com"
185.191.171.43 - - [09/Jan/2023:20:03:06 -0800] "GET /?camp-fire%2F13477677.html HTTP/1.1" 500 - "-" "Mozilla/5.0 (compatible; SemrushBot/7~bl; +http://www.semrush.com/bot.html)" "mantech8.com"
185.191.171.26 - - [09/Jan/2023:20:03:31 -0800] "GET /?camp-fire%2F20928790.html HTTP/1.1" 500 - "-" "Mozilla/5.0 (compatible; SemrushBot/7~bl; +http://www.semrush.com/bot.html)" "mantech8.com"
185.191.171.15 - - [09/Jan/2023:20:03:50 -0800] "GET /?camp-fire%2F13940059.html HTTP/1.1" 500 - "-" "Mozilla/5.0 (compatible; SemrushBot/7~bl; +http://www.semrush.com/bot.html)" "mantech8.com"
174.139.156.223 - - [09/Jan/2023:20:04:08 -0800] "GET /index.php?link_url=l2022 HTTP/1.1" 200 206 "-" "Mozilla/5.0 (compatible; MSIE 9.0; Windows NT 6.1; WOW64; Trident/5.0)" "mantech8.com"
174.139.156.223 - - [09/Jan/2023:20:04:09 -0800] "GET /index.php HTTP/1.1" 200 802 "https://www.google.co.jp/" "Mozilla/5.0 (compatible; MSIE 9.0; Windows NT 6.1; WOW64; Trident/5.0)" "mantech8.com"
185.191.171.24 - - [09/Jan/2023:20:04:12 -0800] "GET /index.php?camp-fire%2F7751480.html HTTP/1.1" 500 - "-" "Mozilla/5.0 (compatible; SemrushBot/7~bl; +http://www.semrush.com/bot.html)" "mantech8.com"
185.191.171.18 - - [09/Jan/2023:20:04:37 -0800] "GET /index.php?camp-fire%2F8987642.html HTTP/1.1" 500 - "-" "Mozilla/5.0 (compatible; SemrushBot/7~bl; +http://www.semrush.com/bot.html)" "mantech8.com"
185.191.171.22 - - [09/Jan/2023:20:04:43 -0800] "GET /?camp-fire%2F16531965.html HTTP/1.1" 500 - "-" "Mozilla/5.0 (compatible; SemrushBot/7~bl; +http://www.semrush.com/bot.html)" "mantech8.com"
185.191.171.16 - - [09/Jan/2023:20:05:31 -0800] "GET /index.php?camp-fire%2F1326229.html HTTP/1.1" 500 - "-" "Mozilla/5.0 (compatible; SemrushBot/7~bl; +http://www.semrush.com/bot.html)" "mantech8.com"
157.55.39.36 - - [09/Jan/2023:20:05:33 -0800] "GET /index.php?camp-fire/3078.html HTTP/1.1" 200 63422 "-" "Mozilla/5.0 AppleWebKit/537.36 (KHTML, like Gecko; compatible; bingbot/2.0; +http://www.bing.com/bingbot.htm) Chrome/103.0.5060.134 Safari/537.36" "www.mantech8.com"
185.191.171.44 - - [09/Jan/2023:20:05:52 -0800] "GET /index.php?camp-fire%2F1205772.html HTTP/1.1" 500 - "-" "Mozilla/5.0 (compatible; SemrushBot/7~bl; +http://www.semrush.com/bot.html)" "mantech8.com"
185.191.171.3 - - [09/Jan/2023:20:06:18 -0800] "GET /index.php?camp-fire%2F8373121.html HTTP/1.1" 500 - "-" "Mozilla/5.0 (compatible; SemrushBot/7~bl; +http://www.semrush.com/bot.html)" "mantech8.com"
185.191.171.10 - - [09/Jan/2023:20:06:50 -0800] "GET /?camp-fire%2F12277965.html HTTP/1.1" 500 - "-" "Mozilla/5.0 (compatible; SemrushBot/7~bl; +http://www.semrush.com/bot.html)" "mantech8.com"
185.191.171.1 - - [09/Jan/2023:20:07:04 -0800] "GET /?camp-fire%2F13014553.html HTTP/1.1" 500 - "-" "Mozilla/5.0 (compatible; SemrushBot/7~bl; +http://www.semrush.com/bot.html)" "mantech8.com"
185.191.171.12 - - [09/Jan/2023:20:07:51 -0800] "GET /robots.txt HTTP/1.1" 200 106 "-" "Mozilla/5.0 (compatible; SemrushBot/7~bl; +http://www.semrush.com/bot.html)" "mantech8.com"
185.191.171.43 - - [09/Jan/2023:20:07:52 -0800] "GET /?camp-fire%2F27767921.html HTTP/1.1" 500 - "-" "Mozilla/5.0 (compatible; SemrushBot/7~bl; +http://www.semrush.com/bot.html)" "mantech8.com"
157.55.39.75 - - [09/Jan/2023:20:08:36 -0800] "GET /hFdr-5eed-IoXii.Ii HTTP/1.1" 404 88 "-" "Mozilla/5.0 AppleWebKit/537.36 (KHTML, like Gecko; compatible; bingbot/2.0; +http://www.bing.com/bingbot.htm) Chrome/103.0.5060.134 Safari/537.36" "www.mantech8.com"
185.191.171.34 - - [09/Jan/2023:20:08:44 -0800] "GET /index.php/camp-fire/1563772.html HTTP/1.1" 500 - "-" "Mozilla/5.0 (compatible; SemrushBot/7~bl; +http://www.semrush.com/bot.html)" "mantech8.com"
185.191.171.44 - - [09/Jan/2023:20:08:47 -0800] "GET /index.php?camp-fire%2F7610308.html HTTP/1.1" 500 - "-" "Mozilla/5.0 (compatible; SemrushBot/7~bl; +http://www.semrush.com/bot.html)" "mantech8.com"
157.55.39.75 - - [09/Jan/2023:20:09:07 -0800] "GET /hFdr-5eed-IoXii.Ii HTTP/1.1" 404 88 "-" "Mozilla/5.0 (compatible; bingbot/2.0; +http://www.bing.com/bingbot.htm)" "www.mantech8.com"
185.191.171.2 - - [09/Jan/2023:20:10:16 -0800] "GET /?camp-fire%2F15709342.html HTTP/1.1" 500 - "-" "Mozilla/5.0 (compatible; SemrushBot/7~bl; +http://www.semrush.com/bot.html)" "mantech8.com"
185.191.171.41 - - [09/Jan/2023:20:12:30 -0800] "GET /?camp-fire%2F17867476.html HTTP/1.1" 500 - "-" "Mozilla/5.0 (compatible; SemrushBot/7~bl; +http://www.semrush.com/bot.html)" "mantech8.com"
185.191.171.38 - - [09/Jan/2023:20:12:54 -0800] "GET /index.php/camp-fire/62472249.html HTTP/1.1" 500 - "-" "Mozilla/5.0 (compatible; SemrushBot/7~bl; +http://www.semrush.com/bot.html)" "mantech8.com"
185.191.171.7 - - [09/Jan/2023:20:12:58 -0800] "GET /index.php?camp-fire%2F25311550.html HTTP/1.1" 500 - "-" "Mozilla/5.0 (compatible; SemrushBot/7~bl; +http://www.semrush.com/bot.html)" "mantech8.com"
185.191.171.44 - - [09/Jan/2023:20:13:31 -0800] "GET /?camp-fire%2F92286992.html HTTP/1.1" 500 - "-" "Mozilla/5.0 (compatible; SemrushBot/7~bl; +http://www.semrush.com/bot.html)" "mantech8.com"
157.55.39.224 - - [09/Jan/2023:20:13:58 -0800] "GET /contact/about.php HTTP/1.1" 200 29238 "-" "Mozilla/5.0 (compatible; bingbot/2.0; +http://www.bing.com/bingbot.htm)" "mantech8.com"
185.191.171.10 - - [09/Jan/2023:20:14:15 -0800] "GET /index.php/camp-fire/27373021.html HTTP/1.1" 500 - "-" "Mozilla/5.0 (compatible; SemrushBot/7~bl; +http://www.semrush.com/bot.html)" "mantech8.com"
185.191.171.2 - - [09/Jan/2023:20:15:14 -0800] "GET /index.php?camp-fire%2F8524008.html HTTP/1.1" 500 - "-" "Mozilla/5.0 (compatible; SemrushBot/7~bl; +http://www.semrush.com/bot.html)" "mantech8.com"
185.191.171.44 - - [09/Jan/2023:20:15:44 -0800] "GET /?camp-fire%2F16068356.html HTTP/1.1" 500 - "-" "Mozilla/5.0 (compatible; SemrushBot/7~bl; +http://www.semrush.com/bot.html)" "mantech8.com"
114.119.135.182 - - [09/Jan/2023:20:16:11 -0800] "GET /index.php?camp-fire/10617330.html HTTP/1.1" 500 - "-" "Mozilla/5.0 (Linux; Android 7.0;) AppleWebKit/537.36 (KHTML, like Gecko) Mobile Safari/537.36 (compatible; PetalBot;+https://webmaster.petalsearch.com/site/petalbot)" "www.mantech8.com"
185.191.171.38 - - [09/Jan/2023:20:16:44 -0800] "GET /?camp-fire%2F15196684.html HTTP/1.1" 500 - "-" "Mozilla/5.0 (compatible; SemrushBot/7~bl; +http://www.semrush.com/bot.html)" "mantech8.com"
185.191.171.10 - - [09/Jan/2023:20:17:23 -0800] "GET /index.php/camp-fire/13637685.html HTTP/1.1" 500 - "-" "Mozilla/5.0 (compatible; SemrushBot/7~bl; +http://www.semrush.com/bot.html)" "mantech8.com"
185.191.171.1 - - [09/Jan/2023:20:19:04 -0800] "GET /?camp-fire%2F15300756.html HTTP/1.1" 500 - "-" "Mozilla/5.0 (compatible; SemrushBot/7~bl; +http://www.semrush.com/bot.html)" "mantech8.com"
114.119.146.16 - - [09/Jan/2023:20:19:14 -0800] "GET /sitemap2882.xml HTTP/1.1" 404 88 "-" "Mozilla/5.0 (Linux; Android 7.0;) AppleWebKit/537.36 (KHTML, like Gecko) Mobile Safari/537.36 (compatible; PetalBot;+https://webmaster.petalsearch.com/site/petalbot)" "mantech8.com"
185.191.171.9 - - [09/Jan/2023:20:19:23 -0800] "GET /?camp-fire%2F16200456.html HTTP/1.1" 500 - "-" "Mozilla/5.0 (compatible; SemrushBot/7~bl; +http://www.semrush.com/bot.html)" "mantech8.com"
185.191.171.10 - - [09/Jan/2023:20:20:20 -0800] "GET /index.php?camp-fire%2F1264929.html HTTP/1.1" 500 - "-" "Mozilla/5.0 (compatible; SemrushBot/7~bl; +http://www.semrush.com/bot.html)" "mantech8.com"
185.191.171.14 - - [09/Jan/2023:20:21:05 -0800] "GET /index.php/camp-fire/1366559.html HTTP/1.1" 500 - "-" "Mozilla/5.0 (compatible; SemrushBot/7~bl; +http://www.semrush.com/bot.html)" "mantech8.com"
185.191.171.37 - - [09/Jan/2023:20:21:37 -0800] "GET /?camp-fire%2F13901959.html HTTP/1.1" 500 - "-" "Mozilla/5.0 (compatible; SemrushBot/7~bl; +http://www.semrush.com/bot.html)" "mantech8.com"
185.191.171.1 - - [09/Jan/2023:20:21:49 -0800] "GET /?camp-fire%2F15556583.html HTTP/1.1" 500 - "-" "Mozilla/5.0 (compatible; SemrushBot/7~bl; +http://www.semrush.com/bot.html)" "mantech8.com"
185.191.171.44 - - [09/Jan/2023:20:21:54 -0800] "GET /?camp-fire%2F10543357.html HTTP/1.1" 500 - "-" "Mozilla/5.0 (compatible; SemrushBot/7~bl; +http://www.semrush.com/bot.html)" "mantech8.com"
185.191.171.22 - - [09/Jan/2023:20:21:56 -0800] "GET /index.php?camp-fire%2F13924859.html HTTP/1.1" 500 - "-" "Mozilla/5.0 (compatible; SemrushBot/7~bl; +http://www.semrush.com/bot.html)" "mantech8.com"
185.191.171.25 - - [09/Jan/2023:20:22:44 -0800] "GET /index.php?camp-fire%2F5284077.html HTTP/1.1" 500 - "-" "Mozilla/5.0 (compatible; SemrushBot/7~bl; +http://www.semrush.com/bot.html)" "mantech8.com"
185.191.171.4 - - [09/Jan/2023:20:22:46 -0800] "GET /index.php/camp-fire/16210646.html HTTP/1.1" 500 - "-" "Mozilla/5.0 (compatible; SemrushBot/7~bl; +http://www.semrush.com/bot.html)" "mantech8.com"
80.94.92.7 - - [09/Jan/2023:20:23:17 -0800] "GET /wp-load.php HTTP/1.1" 404 88 "www.bing.com" "wp_is_mobile" "www.mantech8.com"
80.94.92.7 - - [09/Jan/2023:20:23:19 -0800] "GET /wp-admin/style.php HTTP/1.1" 404 88 "www.bing.com" "wp_is_mobile" "www.mantech8.com"
80.94.92.7 - - [09/Jan/2023:20:23:20 -0800] "GET /s_e.php HTTP/1.1" 404 88 "www.bing.com" "wp_is_mobile" "www.mantech8.com"
80.94.92.7 - - [09/Jan/2023:20:23:22 -0800] "GET /s_ne.php HTTP/1.1" 404 88 "www.bing.com" "wp_is_mobile" "www.mantech8.com"
80.94.92.7 - - [09/Jan/2023:20:23:24 -0800] "GET /1index.php HTTP/1.1" 404 88 "www.bing.com" "Mozilla/5.0 (Windows NT 10.0; Win64; x64) AppleWebKit/537.36 (KHTML, like Gecko) Chrome/90.0.4430.85 Safari/537.36" "www.mantech8.com"
80.94.92.7 - - [09/Jan/2023:20:23:25 -0800] "GET /radio.php HTTP/1.1" 404 88 "www.bing.com" "wp_is_mobile" "www.mantech8.com"
80.94.92.7 - - [09/Jan/2023:20:23:27 -0800] "GET /doc.php HTTP/1.1" 404 88 "www.bing.com" "wp_is_mobile" "www.mantech8.com"
185.191.171.44 - - [09/Jan/2023:20:23:28 -0800] "GET /?camp-fire%2F96617006.html HTTP/1.1" 500 - "-" "Mozilla/5.0 (compatible; SemrushBot/7~bl; +http://www.semrush.com/bot.html)" "mantech8.com"
80.94.92.7 - - [09/Jan/2023:20:23:29 -0800] "GET /wp_wrong_datlib.php HTTP/1.1" 404 88 "www.bing.com" "Mozilla/5.0 (Windows NT 10.0; Win64; x64) AppleWebKit/537.36 (KHTML, like Gecko) Chrome/90.0.4430.85 Safari/537.36" "www.mantech8.com"
185.191.171.39 - - [09/Jan/2023:20:23:29 -0800] "GET /index.php?camp-fire%2F29063371.html HTTP/1.1" 500 - "-" "Mozilla/5.0 (compatible; SemrushBot/7~bl; +http://www.semrush.com/bot.html)" "mantech8.com"
80.94.92.7 - - [09/Jan/2023:20:23:31 -0800] "GET /beence.php HTTP/1.1" 404 88 "www.bing.com" "Mozilla/5.0 (Windows NT 10.0; Win64; x64) AppleWebKit/537.36 (KHTML, like Gecko) Chrome/90.0.4430.85 Safari/537.36" "www.mantech8.com"
80.94.92.7 - - [09/Jan/2023:20:23:32 -0800] "GET /ups.php HTTP/1.1" 404 88 "www.bing.com" "wp_is_mobile" "www.mantech8.com"
80.94.92.7 - - [09/Jan/2023:20:23:33 -0800] "GET /wp-signin.php?dizo&ping HTTP/1.1" 404 88 "www.bing.com" "wp_is_mobile" "www.mantech8.com"
80.94.92.7 - - [09/Jan/2023:20:23:36 -0800] "GET /media-admin.php HTTP/1.1" 404 88 "www.bing.com" "wp_is_mobile" "www.mantech8.com"
80.94.92.7 - - [09/Jan/2023:20:23:37 -0800] "GET /export.php HTTP/1.1" 404 88 "www.bing.com" "Mozilla/5.0 (Windows NT 10.0; Win64; x64) AppleWebKit/537.36 (KHTML, like Gecko) Chrome/90.0.4430.85 Safari/537.36" "www.mantech8.com"
80.94.92.7 - - [09/Jan/2023:20:23:38 -0800] "GET /wp-content/export.php HTTP/1.1" 404 88 "www.bing.com" "Mozilla/5.0 (Windows NT 10.0; Win64; x64) AppleWebKit/537.36 (KHTML, like Gecko) Chrome/90.0.4430.85 Safari/537.36" "www.mantech8.com"
80.94.92.7 - - [09/Jan/2023:20:23:40 -0800] "GET /wp-includes/wp-class.php HTTP/1.1" 404 88 "www.bing.com" "wp_is_mobile" "www.mantech8.com"
80.94.92.7 - - [09/Jan/2023:20:23:42 -0800] "GET /wp-includes/wp-atom.php HTTP/1.1" 404 88 "www.bing.com" "Mozilla/5.0 (Windows NT 10.0; Win64; x64) AppleWebKit/537.36 (KHTML, like Gecko) Chrome/90.0.4430.85 Safari/537.36" "www.mantech8.com"
80.94.92.7 - - [09/Jan/2023:20:23:44 -0800] "GET /wp-includes/images/css.php HTTP/1.1" 404 88 "www.bing.com" "Mozilla/5.0 (Windows NT 10.0; Win64; x64) AppleWebKit/537.36 (KHTML, like Gecko) Chrome/90.0.4430.85 Safari/537.36" "www.mantech8.com"
80.94.92.7 - - [09/Jan/2023:20:23:46 -0800] "GET /wp-includes/css/css.php HTTP/1.1" 404 88 "www.bing.com" "Mozilla/5.0 (Windows NT 10.0; Win64; x64) AppleWebKit/537.36 (KHTML, like Gecko) Chrome/90.0.4430.85 Safari/537.36" "www.mantech8.com"
80.94.92.7 - - [09/Jan/2023:20:23:48 -0800] "GET /defau1t.php HTTP/1.1" 404 88 "www.bing.com" "Mozilla/5.0 (Windows NT 10.0; Win64; x64) AppleWebKit/537.36 (KHTML, like Gecko) Chrome/90.0.4430.85 Safari/537.36" "www.mantech8.com"
80.94.92.7 - - [09/Jan/2023:20:23:51 -0800] "GET /moduless.php HTTP/1.1" 404 88 "www.bing.com" "Mozilla/5.0 (Windows NT 10.0; Win64; x64) AppleWebKit/537.36 (KHTML, like Gecko) Chrome/90.0.4430.85 Safari/537.36" "www.mantech8.com"
80.94.92.7 - - [09/Jan/2023:20:23:52 -0800] "GET /wp-booking.php HTTP/1.1" 404 88 "www.bing.com" "wp_is_mobile" "www.mantech8.com"
80.94.92.7 - - [09/Jan/2023:20:23:54 -0800] "GET /wp-content/plugins/backup_index.php HTTP/1.1" 404 88 "www.bing.com" "wp_is_mobile" "www.mantech8.com"
80.94.92.7 - - [09/Jan/2023:20:23:56 -0800] "GET /wp-content/mu-plugins/db-safe-mode.php HTTP/1.1" 404 88 "www.bing.com" "wp_is_mobile" "www.mantech8.com"
80.94.92.7 - - [09/Jan/2023:20:23:57 -0800] "GET /wp-includes/css/wp-config.php HTTP/1.1" 404 88 "www.bing.com" "wp_is_mobile" "www.mantech8.com"
80.94.92.7 - - [09/Jan/2023:20:23:58 -0800] "GET /config.bak.php HTTP/1.1" 404 88 "www.bing.com" "wp_is_mobile" "www.mantech8.com"
80.94.92.7 - - [09/Jan/2023:20:24:00 -0800] "GET /wp-content/themes/config.bak.php HTTP/1.1" 404 88 "www.bing.com" "wp_is_mobile" "www.mantech8.com"
80.94.92.7 - - [09/Jan/2023:20:24:01 -0800] "GET /legion.php HTTP/1.1" 404 88 "www.bing.com" "wp_is_mobile" "www.mantech8.com"
80.94.92.7 - - [09/Jan/2023:20:24:04 -0800] "GET /wp-content/plugins/wpconfig.bak.php?act=sf HTTP/1.1" 404 88 "www.bing.com" "Mozilla/5.0 (Windows NT 10.0; Win64; x64) AppleWebKit/537.36 (KHTML, like Gecko) Chrome/90.0.4430.85 Safari/537.36" "www.mantech8.com"
80.94.92.7 - - [09/Jan/2023:20:24:05 -0800] "GET /wp-plugins.php HTTP/1.1" 404 88 "www.bing.com" "wp_is_mobile" "www.mantech8.com"
80.94.92.7 - - [09/Jan/2023:20:24:07 -0800] "GET /gank.php.PhP HTTP/1.1" 404 88 "www.bing.com" "wp_is_mobile" "www.mantech8.com"
80.94.92.7 - - [09/Jan/2023:20:24:08 -0800] "GET /wp-content/db-cache.php HTTP/1.1" 404 88 "www.bing.com" "wp_is_mobile" "www.mantech8.com"
80.94.92.7 - - [09/Jan/2023:20:24:10 -0800] "GET /archives.php HTTP/1.1" 404 88 "www.bing.com" "Mozilla/5.0 (Windows NT 10.0; Win64; x64) AppleWebKit/537.36 (KHTML, like Gecko) Chrome/90.0.4430.85 Safari/537.36" "www.mantech8.com"
80.94.92.7 - - [09/Jan/2023:20:24:13 -0800] "GET /defau11.php HTTP/1.1" 404 88 "www.bing.com" "Mozilla/5.0 (Windows NT 10.0; Win64; x64) AppleWebKit/537.36 (KHTML, like Gecko) Chrome/90.0.4430.85 Safari/537.36" "www.mantech8.com"
80.94.92.7 - - [09/Jan/2023:20:24:16 -0800] "GET /wp-content/outcms.php?up HTTP/1.1" 404 88 "www.bing.com" "wp_is_mobile" "www.mantech8.com"
80.94.92.7 - - [09/Jan/2023:20:24:19 -0800] "GET /system_log.php?bala=up HTTP/1.1" 404 88 "www.bing.com" "wp_is_mobile" "www.mantech8.com"
80.94.92.7 - - [09/Jan/2023:20:24:21 -0800] "GET /wp-backup-sql-302.php HTTP/1.1" 404 88 "www.bing.com" "wp_is_mobile" "www.mantech8.com"
80.94.92.7 - - [09/Jan/2023:20:24:22 -0800] "GET /error.php?phpshells HTTP/1.1" 404 88 "www.bing.com" "wp_is_mobile" "www.mantech8.com"
80.94.92.7 - - [09/Jan/2023:20:24:23 -0800] "GET /ALFA_DATA HTTP/1.1" 404 88 "www.bing.com" "wp_is_mobile" "www.mantech8.com"
80.94.92.7 - - [09/Jan/2023:20:24:25 -0800] "GET /alfacgiapi HTTP/1.1" 404 88 "www.bing.com" "wp_is_mobile" "www.mantech8.com"
80.94.92.7 - - [09/Jan/2023:20:24:26 -0800] "GET /cgialfa HTTP/1.1" 404 88 "www.bing.com" "wp_is_mobile" "www.mantech8.com"
80.94.92.7 - - [09/Jan/2023:20:24:31 -0800] "GET /wp-content/uploads/ALFA_DATA HTTP/1.1" 404 88 "www.bing.com" "wp_is_mobile" "www.mantech8.com"
80.94.92.7 - - [09/Jan/2023:20:24:33 -0800] "GET /wp-content/uploads/alfacgiapi HTTP/1.1" 404 88 "www.bing.com" "wp_is_mobile" "www.mantech8.com"
80.94.92.7 - - [09/Jan/2023:20:24:34 -0800] "GET /wp-content/uploads/cgialfa HTTP/1.1" 404 88 "www.bing.com" "wp_is_mobile" "www.mantech8.com"
80.94.92.7 - - [09/Jan/2023:20:24:36 -0800] "GET /wp-includes/ALFA_DATA HTTP/1.1" 404 88 "www.bing.com" "wp_is_mobile" "www.mantech8.com"
80.94.92.7 - - [09/Jan/2023:20:24:37 -0800] "GET /wp-includes/alfacgiapi HTTP/1.1" 404 88 "www.bing.com" "wp_is_mobile" "www.mantech8.com"
80.94.92.7 - - [09/Jan/2023:20:24:38 -0800] "GET /wp-includes/cgialfa HTTP/1.1" 404 88 "www.bing.com" "wp_is_mobile" "www.mantech8.com"
80.94.92.7 - - [09/Jan/2023:20:24:39 -0800] "GET /wp-admin/ALFA_DATA HTTP/1.1" 404 88 "www.bing.com" "wp_is_mobile" "www.mantech8.com"
80.94.92.7 - - [09/Jan/2023:20:24:41 -0800] "GET /wp-admin/alfacgiapi HTTP/1.1" 404 88 "www.bing.com" "wp_is_mobile" "www.mantech8.com"
80.94.92.7 - - [09/Jan/2023:20:24:42 -0800] "GET /wp-admin/cgialfa HTTP/1.1" 404 88 "www.bing.com" "wp_is_mobile" "www.mantech8.com"
80.94.92.7 - - [09/Jan/2023:20:24:44 -0800] "GET /wp-content/ALFA_DATA HTTP/1.1" 404 88 "www.bing.com" "wp_is_mobile" "www.mantech8.com"
80.94.92.7 - - [09/Jan/2023:20:24:45 -0800] "GET /wp-content/alfacgiapi HTTP/1.1" 404 88 "www.bing.com" "wp_is_mobile" "www.mantech8.com"
80.94.92.7 - - [09/Jan/2023:20:24:46 -0800] "GET /wp-content/cgialfa HTTP/1.1" 404 88 "www.bing.com" "wp_is_mobile" "www.mantech8.com"
80.94.92.7 - - [09/Jan/2023:20:24:48 -0800] "GET /templates/beez3/ALFA_DATA HTTP/1.1" 404 88 "www.bing.com" "wp_is_mobile" "www.mantech8.com"
80.94.92.7 - - [09/Jan/2023:20:24:49 -0800] "GET /templates/beez3/alfacgiapi HTTP/1.1" 404 88 "www.bing.com" "wp_is_mobile" "www.mantech8.com"
80.94.92.7 - - [09/Jan/2023:20:24:50 -0800] "GET /templates/beez3/cgialfa HTTP/1.1" 404 88 "www.bing.com" "wp_is_mobile" "www.mantech8.com"
80.94.92.7 - - [09/Jan/2023:20:24:52 -0800] "GET /sites/default/files/ALFA_DATA HTTP/1.1" 404 88 "www.bing.com" "wp_is_mobile" "www.mantech8.com"
80.94.92.7 - - [09/Jan/2023:20:24:53 -0800] "GET /sites/default/files/alfacgiapi HTTP/1.1" 404 88 "www.bing.com" "wp_is_mobile" "www.mantech8.com"
80.94.92.7 - - [09/Jan/2023:20:24:55 -0800] "GET /sites/default/files/cgialfa HTTP/1.1" 404 88 "www.bing.com" "wp_is_mobile" "www.mantech8.com"
80.94.92.7 - - [09/Jan/2023:20:24:56 -0800] "GET /admin/controller/extension/extension/ALFA_DATA HTTP/1.1" 404 88 "www.bing.com" "wp_is_mobile" "www.mantech8.com"
80.94.92.7 - - [09/Jan/2023:20:24:58 -0800] "GET /admin/controller/extension/extension/alfacgiapi HTTP/1.1" 404 88 "www.bing.com" "wp_is_mobile" "www.mantech8.com"
185.191.171.34 - - [09/Jan/2023:20:24:58 -0800] "GET /?camp-fire%2F13477477.html HTTP/1.1" 500 - "-" "Mozilla/5.0 (compatible; SemrushBot/7~bl; +http://www.semrush.com/bot.html)" "mantech8.com"
80.94.92.7 - - [09/Jan/2023:20:24:59 -0800] "GET /admin/controller/extension/extension/cgialfa HTTP/1.1" 404 88 "www.bing.com" "wp_is_mobile" "www.mantech8.com"
80.94.92.7 - - [09/Jan/2023:20:25:01 -0800] "GET /wp-content/plugins/ubh/up.php HTTP/1.1" 404 88 "www.bing.com" "wp_is_mobile" "www.mantech8.com"
80.94.92.7 - - [09/Jan/2023:20:25:02 -0800] "GET /index.php?3x=3x HTTP/1.1" 200 804 "www.bing.com" "wp_is_mobile" "www.mantech8.com"
80.94.92.7 - - [09/Jan/2023:20:25:04 -0800] "GET /olux.php HTTP/1.1" 404 88 "www.bing.com" "wp_is_mobile" "www.mantech8.com"
80.94.92.7 - - [09/Jan/2023:20:25:05 -0800] "GET /xleet.php HTTP/1.1" 404 88 "www.bing.com" "wp_is_mobile" "www.mantech8.com"
80.94.92.7 - - [09/Jan/2023:20:25:06 -0800] "GET /wso.php HTTP/1.1" 404 88 "www.bing.com" "wp_is_mobile" "www.mantech8.com"
80.94.92.7 - - [09/Jan/2023:20:25:07 -0800] "GET /shell.php HTTP/1.1" 404 88 "www.bing.com" "wp_is_mobile" "www.mantech8.com"
80.94.92.7 - - [09/Jan/2023:20:25:08 -0800] "GET /up.php HTTP/1.1" 404 88 "www.bing.com" "wp_is_mobile" "www.mantech8.com"
80.94.92.7 - - [09/Jan/2023:20:25:09 -0800] "GET /upload.php HTTP/1.1" 404 88 "www.bing.com" "wp_is_mobile" "www.mantech8.com"
80.94.92.7 - - [09/Jan/2023:20:25:13 -0800] "GET /1.php HTTP/1.1" 500 - "www.bing.com" "wp_is_mobile" "www.mantech8.com"
80.94.92.7 - - [09/Jan/2023:20:25:14 -0800] "GET /x.php HTTP/1.1" 404 88 "www.bing.com" "wp_is_mobile" "www.mantech8.com"
80.94.92.7 - - [09/Jan/2023:20:25:15 -0800] "GET /z.php HTTP/1.1" 404 88 "www.bing.com" "wp_is_mobile" "www.mantech8.com"
185.191.171.44 - - [09/Jan/2023:20:25:16 -0800] "GET /?camp-fire%2F15363865.html HTTP/1.1" 500 - "-" "Mozilla/5.0 (compatible; SemrushBot/7~bl; +http://www.semrush.com/bot.html)" "mantech8.com"
80.94.92.7 - - [09/Jan/2023:20:25:17 -0800] "GET /a.php HTTP/1.1" 404 88 "www.bing.com" "wp_is_mobile" "www.mantech8.com"
80.94.92.7 - - [09/Jan/2023:20:25:18 -0800] "GET /test.php HTTP/1.1" 404 88 "www.bing.com" "wp_is_mobile" "www.mantech8.com"
80.94.92.7 - - [09/Jan/2023:20:25:19 -0800] "GET /wp.php HTTP/1.1" 404 88 "www.bing.com" "wp_is_mobile" "www.mantech8.com"
80.94.92.7 - - [09/Jan/2023:20:25:19 -0800] "GET /alfa.php HTTP/1.1" 404 88 "www.bing.com" "wp_is_mobile" "www.mantech8.com"
80.94.92.7 - - [09/Jan/2023:20:25:25 -0800] "GET /config.php HTTP/1.1" 200 - "www.bing.com" "wp_is_mobile" "www.mantech8.com"
80.94.92.7 - - [09/Jan/2023:20:25:27 -0800] "GET /templates/beez3/index.php HTTP/1.1" 404 88 "www.bing.com" "wp_is_mobile" "www.mantech8.com"
185.191.171.19 - - [09/Jan/2023:20:25:27 -0800] "GET /index.php/camp-fire/41777903.html HTTP/1.1" 500 - "-" "Mozilla/5.0 (compatible; SemrushBot/7~bl; +http://www.semrush.com/bot.html)" "mantech8.com"
80.94.92.7 - - [09/Jan/2023:20:25:27 -0800] "GET /about.php HTTP/1.1" 404 88 "www.bing.com" "wp_is_mobile" "www.mantech8.com"
