185.191.171.43 - - [09/Jan/2023:11:46:25 -0800] "GET /?camp-fire%2F11856457.html HTTP/1.1" 500 - "-" "Mozilla/5.0 (compatible; SemrushBot/7~bl; +http://www.semrush.com/bot.html)" "mantech8.com"
194.110.203.38 - - [09/Jan/2023:11:47:06 -0800] "GET /database/localhost_backup.sql.tar HTTP/1.1" 404 73 "-" "Firefox" "mantech8.com"
185.191.171.22 - - [09/Jan/2023:11:47:16 -0800] "GET /?camp-fire%2F60458971.html HTTP/1.1" 500 - "-" "Mozilla/5.0 (compatible; SemrushBot/7~bl; +http://www.semrush.com/bot.html)" "mantech8.com"
185.191.171.4 - - [09/Jan/2023:11:47:28 -0800] "GET /?camp-fire%2F18580000.html HTTP/1.1" 500 - "-" "Mozilla/5.0 (compatible; SemrushBot/7~bl; +http://www.semrush.com/bot.html)" "mantech8.com"
54.184.79.54 - - [09/Jan/2023:11:47:53 -0800] "GET / HTTP/1.1" 500 - "-" "-" "mantech8.com"
185.191.171.9 - - [09/Jan/2023:11:48:10 -0800] "GET /?camp-fire%2F24568385.html HTTP/1.1" 500 - "-" "Mozilla/5.0 (compatible; SemrushBot/7~bl; +http://www.semrush.com/bot.html)" "mantech8.com"
185.191.171.45 - - [09/Jan/2023:11:48:22 -0800] "GET /index.php/camp-fire/17509827.html HTTP/1.1" 500 - "-" "Mozilla/5.0 (compatible; SemrushBot/7~bl; +http://www.semrush.com/bot.html)" "mantech8.com"
185.191.171.42 - - [09/Jan/2023:11:49:14 -0800] "GET /?camp-fire%2F11922076.html HTTP/1.1" 500 - "-" "Mozilla/5.0 (compatible; SemrushBot/7~bl; +http://www.semrush.com/bot.html)" "mantech8.com"
172.241.117.114 - - [09/Jan/2023:11:51:18 -0800] "GET /contact.php HTTP/1.1" 200 29238 "-" "Mozilla/5.0 (Windows NT 10.0; WOW64) AppleWebKit/537.36 (KHTML, like Gecko) Chrome/103.0.0.0 Safari/537.36" "www.mantech8.com"
172.241.117.114 - - [09/Jan/2023:11:51:19 -0800] "GET /verificationimage.php?4224 HTTP/1.1" 200 1287 "http://www.mantech8.com/mailer.php" "Mozilla/5.0 (Windows NT 10.0; WOW64) AppleWebKit/537.36 (KHTML, like Gecko) Chrome/103.0.0.0 Safari/537.36" "www.mantech8.com"
172.241.117.114 - - [09/Jan/2023:11:51:20 -0800] "GET /mailer.php?name=Jason+Jones&email=jason%40analysiswebsite.com&phone=317+564+9688&message=Want+to+Rank+Higher+on+Google%3F+Start+Here%3A++https%3A%2F%2FAnalysisWebsite.com&verif_box=1857 HTTP/1.1" 500 - "http://www.mantech8.com/contact.php" "Mozilla/5.0 (Windows NT 10.0; WOW64) AppleWebKit/537.36 (KHTML, like Gecko) Chrome/103.0.0.0 Safari/537.36" "www.mantech8.com"
185.191.171.13 - - [09/Jan/2023:11:52:25 -0800] "GET /?camp-fire%2F10248583.html HTTP/1.1" 500 - "-" "Mozilla/5.0 (compatible; SemrushBot/7~bl; +http://www.semrush.com/bot.html)" "mantech8.com"
185.191.171.35 - - [09/Jan/2023:11:52:42 -0800] "GET /index.php/camp-fire/45758971.html HTTP/1.1" 500 - "-" "Mozilla/5.0 (compatible; SemrushBot/7~bl; +http://www.semrush.com/bot.html)" "mantech8.com"
185.191.171.12 - - [09/Jan/2023:11:53:35 -0800] "GET /index.php?camp-fire%2F8829808.html HTTP/1.1" 500 - "-" "Mozilla/5.0 (compatible; SemrushBot/7~bl; +http://www.semrush.com/bot.html)" "mantech8.com"
185.191.171.2 - - [09/Jan/2023:11:53:54 -0800] "GET /?camp-fire%2F19931932.html HTTP/1.1" 500 - "-" "Mozilla/5.0 (compatible; SemrushBot/7~bl; +http://www.semrush.com/bot.html)" "mantech8.com"
185.191.171.42 - - [09/Jan/2023:11:54:28 -0800] "GET /index.php?camp-fire%2F30739417.html HTTP/1.1" 500 - "-" "Mozilla/5.0 (compatible; SemrushBot/7~bl; +http://www.semrush.com/bot.html)" "mantech8.com"
185.191.171.36 - - [09/Jan/2023:11:54:41 -0800] "GET /?camp-fire%2F15564998.html HTTP/1.1" 500 - "-" "Mozilla/5.0 (compatible; SemrushBot/7~bl; +http://www.semrush.com/bot.html)" "mantech8.com"
185.191.171.2 - - [09/Jan/2023:11:54:43 -0800] "GET /?camp-fire%2F22671176.html HTTP/1.1" 500 - "-" "Mozilla/5.0 (compatible; SemrushBot/7~bl; +http://www.semrush.com/bot.html)" "mantech8.com"
185.191.171.23 - - [09/Jan/2023:11:55:54 -0800] "GET /?camp-fire%2F21812074.html HTTP/1.1" 500 - "-" "Mozilla/5.0 (compatible; SemrushBot/7~bl; +http://www.semrush.com/bot.html)" "mantech8.com"
185.191.171.23 - - [09/Jan/2023:11:55:56 -0800] "GET /?camp-fire%2F21894690.html HTTP/1.1" 500 - "-" "Mozilla/5.0 (compatible; SemrushBot/7~bl; +http://www.semrush.com/bot.html)" "mantech8.com"
185.191.171.24 - - [09/Jan/2023:11:56:01 -0800] "GET /?camp-fire%2F14942700.html HTTP/1.1" 500 - "-" "Mozilla/5.0 (compatible; SemrushBot/7~bl; +http://www.semrush.com/bot.html)" "mantech8.com"
185.191.171.23 - - [09/Jan/2023:11:56:02 -0800] "GET /?camp-fire%2F20797135.html HTTP/1.1" 500 - "-" "Mozilla/5.0 (compatible; SemrushBot/7~bl; +http://www.semrush.com/bot.html)" "mantech8.com"
185.191.171.15 - - [09/Jan/2023:11:56:50 -0800] "GET /?camp-fire%2F15499946.html HTTP/1.1" 500 - "-" "Mozilla/5.0 (compatible; SemrushBot/7~bl; +http://www.semrush.com/bot.html)" "mantech8.com"
157.55.39.86 - - [09/Jan/2023:11:56:59 -0800] "GET /bimages/headg/31.jpg HTTP/1.1" 200 106635 "-" "Mozilla/5.0 (compatible; bingbot/2.0; +http://www.bing.com/bingbot.htm)" "www.mantech8.com"
185.191.171.3 - - [09/Jan/2023:11:57:05 -0800] "GET /index.php/camp-fire/28843966.html HTTP/1.1" 500 - "-" "Mozilla/5.0 (compatible; SemrushBot/7~bl; +http://www.semrush.com/bot.html)" "mantech8.com"
185.191.171.39 - - [09/Jan/2023:11:57:19 -0800] "GET /index.php?camp-fire%2F5718274.html HTTP/1.1" 500 - "-" "Mozilla/5.0 (compatible; SemrushBot/7~bl; +http://www.semrush.com/bot.html)" "mantech8.com"
216.244.66.241 - - [09/Jan/2023:11:58:05 -0800] "GET /robots.txt HTTP/1.1" 200 222 "-" "Mozilla/5.0 (compatible; DotBot/1.2; +https://opensiteexplorer.org/dotbot; help@moz.com)" "mantech8.com"
216.244.66.241 - - [09/Jan/2023:11:58:05 -0800] "GET /robots.txt HTTP/1.1" 200 222 "-" "Mozilla/5.0 (compatible; DotBot/1.2; +https://opensiteexplorer.org/dotbot; help@moz.com)" "www.mantech8.com"
114.119.156.31 - - [09/Jan/2023:11:58:15 -0800] "GET /robots.txt HTTP/1.1" 200 106 "-" "Mozilla/5.0 (compatible;PetalBot;+https://webmaster.petalsearch.com/site/petalbot)" "www.mantech8.com"
185.191.171.21 - - [09/Jan/2023:11:58:37 -0800] "GET /?camp-fire%2F33584493.html HTTP/1.1" 500 - "-" "Mozilla/5.0 (compatible; SemrushBot/7~bl; +http://www.semrush.com/bot.html)" "mantech8.com"
185.191.171.11 - - [09/Jan/2023:11:59:17 -0800] "GET /?camp-fire%2F15394159.html HTTP/1.1" 500 - "-" "Mozilla/5.0 (compatible; SemrushBot/7~bl; +http://www.semrush.com/bot.html)" "mantech8.com"
185.191.171.7 - - [09/Jan/2023:11:59:46 -0800] "GET /?camp-fire%2F11993198.html HTTP/1.1" 500 - "-" "Mozilla/5.0 (compatible; SemrushBot/7~bl; +http://www.semrush.com/bot.html)" "mantech8.com"
185.191.171.25 - - [09/Jan/2023:11:59:47 -0800] "GET /index.php/camp-fire/18834759.html HTTP/1.1" 500 - "-" "Mozilla/5.0 (compatible; SemrushBot/7~bl; +http://www.semrush.com/bot.html)" "mantech8.com"
114.119.148.0 - - [09/Jan/2023:12:00:56 -0800] "GET /index.php?sitemap911.xml HTTP/1.1" 200 289135 "-" "Mozilla/5.0 (Linux; Android 7.0;) AppleWebKit/537.36 (KHTML, like Gecko) Mobile Safari/537.36 (compatible; PetalBot;+https://webmaster.petalsearch.com/site/petalbot)" "mantech8.com"
185.191.171.18 - - [09/Jan/2023:12:01:11 -0800] "GET /index.php?camp-fire%2F7671608.html HTTP/1.1" 500 - "-" "Mozilla/5.0 (compatible; SemrushBot/7~bl; +http://www.semrush.com/bot.html)" "mantech8.com"
207.46.13.69 - - [09/Jan/2023:12:03:50 -0800] "GET /F2si-cdeaf-Di8j5.Ii HTTP/1.1" 404 88 "-" "Mozilla/5.0 (compatible; bingbot/2.0; +http://www.bing.com/bingbot.htm)" "www.mantech8.com"
185.191.171.40 - - [09/Jan/2023:12:03:50 -0800] "GET /index.php/camp-fire/35957325.html HTTP/1.1" 500 - "-" "Mozilla/5.0 (compatible; SemrushBot/7~bl; +http://www.semrush.com/bot.html)" "mantech8.com"
185.191.171.24 - - [09/Jan/2023:12:04:37 -0800] "GET /index.php?camp-fire%2F5460096.html HTTP/1.1" 500 - "-" "Mozilla/5.0 (compatible; SemrushBot/7~bl; +http://www.semrush.com/bot.html)" "mantech8.com"
185.191.171.21 - - [09/Jan/2023:12:05:00 -0800] "GET /index.php?camp-fire%2F28638889.html HTTP/1.1" 500 - "-" "Mozilla/5.0 (compatible; SemrushBot/7~bl; +http://www.semrush.com/bot.html)" "mantech8.com"
185.191.171.8 - - [09/Jan/2023:12:05:29 -0800] "GET /?camp-fire%2F20952455.html HTTP/1.1" 500 - "-" "Mozilla/5.0 (compatible; SemrushBot/7~bl; +http://www.semrush.com/bot.html)" "mantech8.com"
185.191.171.36 - - [09/Jan/2023:12:05:37 -0800] "GET /robots.txt HTTP/1.1" 200 106 "-" "Mozilla/5.0 (compatible; SemrushBot/7~bl; +http://www.semrush.com/bot.html)" "mantech8.com"
185.191.171.8 - - [09/Jan/2023:12:05:37 -0800] "GET /?camp-fire%2F15373576.html HTTP/1.1" 500 - "-" "Mozilla/5.0 (compatible; SemrushBot/7~bl; +http://www.semrush.com/bot.html)" "mantech8.com"
64.124.8.25 - - [09/Jan/2023:12:06:07 -0800] "GET /bimages/gallery/thump/sb11.jpg HTTP/1.1" 200 113138 "-" "Mozilla/5.0 (Macintosh; Intel Mac OS X 10_15_7) AppleWebKit/537.36 (KHTML, like Gecko) Chrome/107.0.0.0 Safari/537.36" "www.mantech8.com"
185.191.171.15 - - [09/Jan/2023:12:06:41 -0800] "GET /?camp-fire%2F15710542.html HTTP/1.1" 500 - "-" "Mozilla/5.0 (compatible; SemrushBot/7~bl; +http://www.semrush.com/bot.html)" "mantech8.com"
185.191.171.42 - - [09/Jan/2023:12:06:50 -0800] "GET /index.php?camp-fire%2F4979200.html HTTP/1.1" 500 - "-" "Mozilla/5.0 (compatible; SemrushBot/7~bl; +http://www.semrush.com/bot.html)" "mantech8.com"
163.116.177.43 - - [09/Jan/2023:12:07:02 -0800] "GET /contact.php HTTP/1.1" 200 29238 "http://mantech8.com/contact.php" "Mozilla/5.0 (Windows NT 6.2; Win64; x64) AppleWebKit/537.36 (KHTML, like Gecko) Chrome/90.0.4430.72 Safari/537.36" "mantech8.com"
185.191.171.37 - - [09/Jan/2023:12:07:32 -0800] "GET /index.php/camp-fire/15277456.html HTTP/1.1" 500 - "-" "Mozilla/5.0 (compatible; SemrushBot/7~bl; +http://www.semrush.com/bot.html)" "mantech8.com"
185.191.171.38 - - [09/Jan/2023:12:07:39 -0800] "GET /index.php?camp-fire%2F4243898.html HTTP/1.1" 500 - "-" "Mozilla/5.0 (compatible; SemrushBot/7~bl; +http://www.semrush.com/bot.html)" "mantech8.com"
64.124.8.55 - - [09/Jan/2023:12:07:47 -0800] "GET /bimages/certificate/C11.jpg HTTP/1.1" 200 408902 "-" "Mozilla/5.0 (Macintosh; Intel Mac OS X 10_15_7) AppleWebKit/537.36 (KHTML, like Gecko) Chrome/107.0.0.0 Safari/537.36" "mantech8.com"
64.124.8.55 - - [09/Jan/2023:12:07:47 -0800] "GET /bimages/client/sig.png HTTP/1.1" 200 43251 "-" "Mozilla/5.0 (Macintosh; Intel Mac OS X 10_15_7) AppleWebKit/537.36 (KHTML, like Gecko) Chrome/107.0.0.0 Safari/537.36" "mantech8.com"
64.124.8.55 - - [09/Jan/2023:12:07:47 -0800] "GET /bimages/headg/thump/hb5.jpg HTTP/1.1" 200 98526 "-" "Mozilla/5.0 (Macintosh; Intel Mac OS X 10_15_7) AppleWebKit/537.36 (KHTML, like Gecko) Chrome/107.0.0.0 Safari/537.36" "mantech8.com"
64.124.8.55 - - [09/Jan/2023:12:07:47 -0800] "GET /bimages/electric/sh2.jpg HTTP/1.1" 200 237260 "-" "Mozilla/5.0 (Macintosh; Intel Mac OS X 10_15_7) AppleWebKit/537.36 (KHTML, like Gecko) Chrome/107.0.0.0 Safari/537.36" "mantech8.com"
64.124.8.55 - - [09/Jan/2023:12:07:47 -0800] "GET /bimages/gallery/p4.jpg HTTP/1.1" 200 58231 "-" "Mozilla/5.0 (Macintosh; Intel Mac OS X 10_15_7) AppleWebKit/537.36 (KHTML, like Gecko) Chrome/107.0.0.0 Safari/537.36" "mantech8.com"
64.124.8.55 - - [09/Jan/2023:12:07:47 -0800] "GET /bimages/paintg/paint1.jpg HTTP/1.1" 200 181426 "-" "Mozilla/5.0 (Macintosh; Intel Mac OS X 10_15_7) AppleWebKit/537.36 (KHTML, like Gecko) Chrome/107.0.0.0 Safari/537.36" "mantech8.com"
64.124.8.55 - - [09/Jan/2023:12:07:48 -0800] "GET /bimages/door/p6.jpg HTTP/1.1" 200 50871 "-" "Mozilla/5.0 (Macintosh; Intel Mac OS X 10_15_7) AppleWebKit/537.36 (KHTML, like Gecko) Chrome/107.0.0.0 Safari/537.36" "mantech8.com"
64.124.8.55 - - [09/Jan/2023:12:07:48 -0800] "GET /bimages/hydrog/thump/IDN%20B2.jpg HTTP/1.1" 200 614753 "-" "Mozilla/5.0 (Macintosh; Intel Mac OS X 10_15_7) AppleWebKit/537.36 (KHTML, like Gecko) Chrome/107.0.0.0 Safari/537.36" "mantech8.com"
64.124.8.55 - - [09/Jan/2023:12:07:48 -0800] "GET /bimages/certificate/thump/c1.jpg HTTP/1.1" 200 135159 "-" "Mozilla/5.0 (Macintosh; Intel Mac OS X 10_15_7) AppleWebKit/537.36 (KHTML, like Gecko) Chrome/107.0.0.0 Safari/537.36" "mantech8.com"
64.124.8.55 - - [09/Jan/2023:12:07:49 -0800] "GET /bimages/cleang/thump/c4.jpg HTTP/1.1" 200 138287 "-" "Mozilla/5.0 (Macintosh; Intel Mac OS X 10_15_7) AppleWebKit/537.36 (KHTML, like Gecko) Chrome/107.0.0.0 Safari/537.36" "mantech8.com"
64.124.8.55 - - [09/Jan/2023:12:07:50 -0800] "GET /bimages/scafg/s12.jpg HTTP/1.1" 200 208277 "-" "Mozilla/5.0 (Macintosh; Intel Mac OS X 10_15_7) AppleWebKit/537.36 (KHTML, like Gecko) Chrome/107.0.0.0 Safari/537.36" "mantech8.com"
64.124.8.55 - - [09/Jan/2023:12:08:00 -0800] "GET /bimages/gallery/s3.jpg HTTP/1.1" 200 170464 "-" "Mozilla/5.0 (Macintosh; Intel Mac OS X 10_15_7) AppleWebKit/537.36 (KHTML, like Gecko) Chrome/107.0.0.0 Safari/537.36" "mantech8.com"
185.191.171.40 - - [09/Jan/2023:12:08:17 -0800] "GET /index.php?camp-fire%2F99236765.html HTTP/1.1" 500 - "-" "Mozilla/5.0 (compatible; SemrushBot/7~bl; +http://www.semrush.com/bot.html)" "mantech8.com"
185.191.171.36 - - [09/Jan/2023:12:08:31 -0800] "GET /?camp-fire%2F16081056.html HTTP/1.1" 500 - "-" "Mozilla/5.0 (compatible; SemrushBot/7~bl; +http://www.semrush.com/bot.html)" "mantech8.com"
185.191.171.9 - - [09/Jan/2023:12:08:46 -0800] "GET /?camp-fire%2F28754381.html HTTP/1.1" 500 - "-" "Mozilla/5.0 (compatible; SemrushBot/7~bl; +http://www.semrush.com/bot.html)" "mantech8.com"
185.191.171.37 - - [09/Jan/2023:12:08:53 -0800] "GET /?camp-fire%2F14495424.html HTTP/1.1" 500 - "-" "Mozilla/5.0 (compatible; SemrushBot/7~bl; +http://www.semrush.com/bot.html)" "mantech8.com"
157.55.39.195 - - [09/Jan/2023:12:09:04 -0800] "GET / HTTP/1.1" 200 64441 "-" "Mozilla/5.0 AppleWebKit/537.36 (KHTML, like Gecko; compatible; bingbot/2.0; +http://www.bing.com/bingbot.htm) Chrome/103.0.5060.134 Safari/537.36" "www.mantech8.com"
185.191.171.15 - - [09/Jan/2023:12:09:14 -0800] "GET /?camp-fire%2F42818034.html HTTP/1.1" 500 - "-" "Mozilla/5.0 (compatible; SemrushBot/7~bl; +http://www.semrush.com/bot.html)" "mantech8.com"
185.191.171.35 - - [09/Jan/2023:12:09:33 -0800] "GET /?camp-fire%2F13254900.html HTTP/1.1" 500 - "-" "Mozilla/5.0 (compatible; SemrushBot/7~bl; +http://www.semrush.com/bot.html)" "mantech8.com"
185.191.171.4 - - [09/Jan/2023:12:10:28 -0800] "GET /?camp-fire%2F16669626.html HTTP/1.1" 500 - "-" "Mozilla/5.0 (compatible; SemrushBot/7~bl; +http://www.semrush.com/bot.html)" "mantech8.com"
185.191.171.3 - - [09/Jan/2023:12:11:32 -0800] "GET /?camp-fire%2F23324498.html HTTP/1.1" 500 - "-" "Mozilla/5.0 (compatible; SemrushBot/7~bl; +http://www.semrush.com/bot.html)" "mantech8.com"
185.191.171.17 - - [09/Jan/2023:12:12:29 -0800] "GET /index.php/camp-fire/47218934.html HTTP/1.1" 500 - "-" "Mozilla/5.0 (compatible; SemrushBot/7~bl; +http://www.semrush.com/bot.html)" "mantech8.com"
185.191.171.23 - - [09/Jan/2023:12:12:43 -0800] "GET /?camp-fire%2F21509672.html HTTP/1.1" 500 - "-" "Mozilla/5.0 (compatible; SemrushBot/7~bl; +http://www.semrush.com/bot.html)" "mantech8.com"
185.191.171.24 - - [09/Jan/2023:12:12:44 -0800] "GET /index.php?camp-fire%2F4094000.html HTTP/1.1" 500 - "-" "Mozilla/5.0 (compatible; SemrushBot/7~bl; +http://www.semrush.com/bot.html)" "mantech8.com"
185.191.171.9 - - [09/Jan/2023:12:12:54 -0800] "GET /?camp-fire%2F18620465.html HTTP/1.1" 500 - "-" "Mozilla/5.0 (compatible; SemrushBot/7~bl; +http://www.semrush.com/bot.html)" "mantech8.com"
185.191.171.1 - - [09/Jan/2023:12:14:31 -0800] "GET /index.php?camp-fire%2F4285196.html HTTP/1.1" 500 - "-" "Mozilla/5.0 (compatible; SemrushBot/7~bl; +http://www.semrush.com/bot.html)" "mantech8.com"
185.191.171.12 - - [09/Jan/2023:12:14:47 -0800] "GET /?camp-fire%2F15037987.html HTTP/1.1" 500 - "-" "Mozilla/5.0 (compatible; SemrushBot/7~bl; +http://www.semrush.com/bot.html)" "mantech8.com"
185.191.171.9 - - [09/Jan/2023:12:15:22 -0800] "GET /?camp-fire%2F32478530.html HTTP/1.1" 500 - "-" "Mozilla/5.0 (compatible; SemrushBot/7~bl; +http://www.semrush.com/bot.html)" "mantech8.com"
185.191.171.1 - - [09/Jan/2023:12:15:33 -0800] "GET /?camp-fire%2F10508257.html HTTP/1.1" 500 - "-" "Mozilla/5.0 (compatible; SemrushBot/7~bl; +http://www.semrush.com/bot.html)" "mantech8.com"
185.191.171.4 - - [09/Jan/2023:12:16:49 -0800] "GET /index.php/camp-fire/24341150.html HTTP/1.1" 500 - "-" "Mozilla/5.0 (compatible; SemrushBot/7~bl; +http://www.semrush.com/bot.html)" "mantech8.com"
185.191.171.1 - - [09/Jan/2023:12:17:05 -0800] "GET /index.php?camp-fire%2F28438526.html HTTP/1.1" 500 - "-" "Mozilla/5.0 (compatible; SemrushBot/7~bl; +http://www.semrush.com/bot.html)" "mantech8.com"
185.191.171.26 - - [09/Jan/2023:12:18:56 -0800] "GET /?camp-fire%2F11497709.html HTTP/1.1" 500 - "-" "Mozilla/5.0 (compatible; SemrushBot/7~bl; +http://www.semrush.com/bot.html)" "mantech8.com"
185.191.171.5 - - [09/Jan/2023:12:19:57 -0800] "GET /index.php?camp-fire%2F30831641.html HTTP/1.1" 500 - "-" "Mozilla/5.0 (compatible; SemrushBot/7~bl; +http://www.semrush.com/bot.html)" "mantech8.com"
185.191.171.8 - - [09/Jan/2023:12:20:06 -0800] "GET /?camp-fire%2F11897476.html HTTP/1.1" 500 - "-" "Mozilla/5.0 (compatible; SemrushBot/7~bl; +http://www.semrush.com/bot.html)" "mantech8.com"
185.191.171.7 - - [09/Jan/2023:12:20:13 -0800] "GET /index.php?camp-fire%2F7963308.html HTTP/1.1" 500 - "-" "Mozilla/5.0 (compatible; SemrushBot/7~bl; +http://www.semrush.com/bot.html)" "mantech8.com"
157.55.39.195 - - [09/Jan/2023:12:20:55 -0800] "GET /EGy1-e1151ecc-veQYC.Ii HTTP/1.1" 404 88 "-" "Mozilla/5.0 (compatible; bingbot/2.0; +http://www.bing.com/bingbot.htm)" "www.mantech8.com"
185.191.171.17 - - [09/Jan/2023:12:21:56 -0800] "GET /?camp-fire%2F16694026.html HTTP/1.1" 500 - "-" "Mozilla/5.0 (compatible; SemrushBot/7~bl; +http://www.semrush.com/bot.html)" "mantech8.com"
185.191.171.33 - - [09/Jan/2023:12:21:58 -0800] "GET /?camp-fire%2F12040976.html HTTP/1.1" 500 - "-" "Mozilla/5.0 (compatible; SemrushBot/7~bl; +http://www.semrush.com/bot.html)" "mantech8.com"
185.191.171.38 - - [09/Jan/2023:12:22:03 -0800] "GET /?camp-fire%2F42817034.html HTTP/1.1" 500 - "-" "Mozilla/5.0 (compatible; SemrushBot/7~bl; +http://www.semrush.com/bot.html)" "mantech8.com"
185.191.171.23 - - [09/Jan/2023:12:22:28 -0800] "GET /index.php/camp-fire/17603080.html HTTP/1.1" 500 - "-" "Mozilla/5.0 (compatible; SemrushBot/7~bl; +http://www.semrush.com/bot.html)" "mantech8.com"
185.191.171.45 - - [09/Jan/2023:12:24:00 -0800] "GET /index.php?camp-fire%2F9449278.html HTTP/1.1" 500 - "-" "Mozilla/5.0 (compatible; SemrushBot/7~bl; +http://www.semrush.com/bot.html)" "mantech8.com"
185.191.171.39 - - [09/Jan/2023:12:24:18 -0800] "GET /index.php?camp-fire%2F261298.html HTTP/1.1" 500 - "-" "Mozilla/5.0 (compatible; SemrushBot/7~bl; +http://www.semrush.com/bot.html)" "mantech8.com"
185.191.171.14 - - [09/Jan/2023:12:24:53 -0800] "GET /?camp-fire%2F22247835.html HTTP/1.1" 500 - "-" "Mozilla/5.0 (compatible; SemrushBot/7~bl; +http://www.semrush.com/bot.html)" "mantech8.com"
185.191.171.4 - - [09/Jan/2023:12:26:20 -0800] "GET /?camp-fire%2F16690826.html HTTP/1.1" 500 - "-" "Mozilla/5.0 (compatible; SemrushBot/7~bl; +http://www.semrush.com/bot.html)" "mantech8.com"
185.191.171.18 - - [09/Jan/2023:12:26:33 -0800] "GET /?camp-fire%2F23609521.html HTTP/1.1" 500 - "-" "Mozilla/5.0 (compatible; SemrushBot/7~bl; +http://www.semrush.com/bot.html)" "mantech8.com"
185.191.171.1 - - [09/Jan/2023:12:26:47 -0800] "GET /?camp-fire%2F11533309.html HTTP/1.1" 500 - "-" "Mozilla/5.0 (compatible; SemrushBot/7~bl; +http://www.semrush.com/bot.html)" "mantech8.com"
185.191.171.2 - - [09/Jan/2023:12:26:49 -0800] "GET /index.php/camp-fire/39493617.html HTTP/1.1" 500 - "-" "Mozilla/5.0 (compatible; SemrushBot/7~bl; +http://www.semrush.com/bot.html)" "mantech8.com"
185.191.171.12 - - [09/Jan/2023:12:27:15 -0800] "GET /index.php?camp-fire%2F1370859.html HTTP/1.1" 500 - "-" "Mozilla/5.0 (compatible; SemrushBot/7~bl; +http://www.semrush.com/bot.html)" "mantech8.com"
185.191.171.22 - - [09/Jan/2023:12:27:26 -0800] "GET /index.php?camp-fire%2F9263293.html HTTP/1.1" 500 - "-" "Mozilla/5.0 (compatible; SemrushBot/7~bl; +http://www.semrush.com/bot.html)" "mantech8.com"
185.191.171.5 - - [09/Jan/2023:12:27:27 -0800] "GET /index.php?camp-fire%2F3657100.html HTTP/1.1" 500 - "-" "Mozilla/5.0 (compatible; SemrushBot/7~bl; +http://www.semrush.com/bot.html)" "mantech8.com"
185.191.171.2 - - [09/Jan/2023:12:27:38 -0800] "GET /?camp-fire%2F5332074.html HTTP/1.1" 500 - "-" "Mozilla/5.0 (compatible; SemrushBot/7~bl; +http://www.semrush.com/bot.html)" "mantech8.com"
185.191.171.16 - - [09/Jan/2023:12:27:43 -0800] "GET /?camp-fire%2F23371183.html HTTP/1.1" 500 - "-" "Mozilla/5.0 (compatible; SemrushBot/7~bl; +http://www.semrush.com/bot.html)" "mantech8.com"
114.119.137.98 - - [09/Jan/2023:12:28:31 -0800] "GET /robots.txt HTTP/1.1" 200 106 "-" "Mozilla/5.0 (compatible;PetalBot;+https://webmaster.petalsearch.com/site/petalbot)" "www.mantech8.com"
185.191.171.6 - - [09/Jan/2023:12:29:42 -0800] "GET /?camp-fire%2F15153656.html HTTP/1.1" 500 - "-" "Mozilla/5.0 (compatible; SemrushBot/7~bl; +http://www.semrush.com/bot.html)" "mantech8.com"
185.191.171.14 - - [09/Jan/2023:12:30:06 -0800] "GET /?camp-fire%2F35691238.html HTTP/1.1" 500 - "-" "Mozilla/5.0 (compatible; SemrushBot/7~bl; +http://www.semrush.com/bot.html)" "mantech8.com"
185.191.171.4 - - [09/Jan/2023:12:30:53 -0800] "GET /?camp-fire%2F39873376.html HTTP/1.1" 500 - "-" "Mozilla/5.0 (compatible; SemrushBot/7~bl; +http://www.semrush.com/bot.html)" "mantech8.com"
185.191.171.25 - - [09/Jan/2023:12:31:06 -0800] "GET /index.php/camp-fire/5978774.html HTTP/1.1" 500 - "-" "Mozilla/5.0 (compatible; SemrushBot/7~bl; +http://www.semrush.com/bot.html)" "mantech8.com"
185.191.171.41 - - [09/Jan/2023:12:31:13 -0800] "GET /index.php?camp-fire%2F7901721.html HTTP/1.1" 500 - "-" "Mozilla/5.0 (compatible; SemrushBot/7~bl; +http://www.semrush.com/bot.html)" "mantech8.com"
185.191.171.35 - - [09/Jan/2023:12:31:23 -0800] "GET /index.php?camp-fire%2F3953798.html HTTP/1.1" 500 - "-" "Mozilla/5.0 (compatible; SemrushBot/7~bl; +http://www.semrush.com/bot.html)" "mantech8.com"
157.55.39.86 - - [09/Jan/2023:12:33:32 -0800] "GET /sitemapnewindex.xml HTTP/1.1" 404 88 "-" "Mozilla/5.0 AppleWebKit/537.36 (KHTML, like Gecko; compatible; bingbot/2.0; +http://www.bing.com/bingbot.htm) Chrome/103.0.5060.134 Safari/537.36" "mantech8.com"
157.55.39.75 - - [09/Jan/2023:12:33:37 -0800] "GET /sitemapmobileindex.xml HTTP/1.1" 404 88 "-" "Mozilla/5.0 (compatible; bingbot/2.0; +http://www.bing.com/bingbot.htm)" "mantech8.com"
207.46.13.69 - - [09/Jan/2023:12:33:42 -0800] "GET /sitemapindeximages.xml HTTP/1.1" 404 88 "-" "Mozilla/5.0 AppleWebKit/537.36 (KHTML, like Gecko; compatible; bingbot/2.0; +http://www.bing.com/bingbot.htm) Chrome/103.0.5060.134 Safari/537.36" "mantech8.com"
207.46.13.69 - - [09/Jan/2023:12:33:42 -0800] "GET /sitemapindex.xml HTTP/1.1" 404 88 "-" "Mozilla/5.0 AppleWebKit/537.36 (KHTML, like Gecko; compatible; bingbot/2.0; +http://www.bing.com/bingbot.htm) Chrome/103.0.5060.134 Safari/537.36" "mantech8.com"
185.191.171.9 - - [09/Jan/2023:12:34:24 -0800] "GET /index.php?camp-fire%2F8750708.html HTTP/1.1" 500 - "-" "Mozilla/5.0 (compatible; SemrushBot/7~bl; +http://www.semrush.com/bot.html)" "mantech8.com"
157.55.39.86 - - [09/Jan/2023:12:34:32 -0800] "GET /bimages/video/mecanical.jpg HTTP/1.1" 200 57108 "-" "Mozilla/5.0 (compatible; bingbot/2.0; +http://www.bing.com/bingbot.htm)" "mantech8.com"
185.191.171.37 - - [09/Jan/2023:12:34:35 -0800] "GET /index.php?camp-fire%2F4203985.html HTTP/1.1" 500 - "-" "Mozilla/5.0 (compatible; SemrushBot/7~bl; +http://www.semrush.com/bot.html)" "mantech8.com"
185.191.171.4 - - [09/Jan/2023:12:35:02 -0800] "GET /?camp-fire%2F14817672.html HTTP/1.1" 500 - "-" "Mozilla/5.0 (compatible; SemrushBot/7~bl; +http://www.semrush.com/bot.html)" "mantech8.com"
185.191.171.8 - - [09/Jan/2023:12:35:20 -0800] "GET /index.php/camp-fire/4190465.html HTTP/1.1" 500 - "-" "Mozilla/5.0 (compatible; SemrushBot/7~bl; +http://www.semrush.com/bot.html)" "mantech8.com"
114.119.130.57 - - [09/Jan/2023:12:35:29 -0800] "GET /robots.txt HTTP/1.1" 200 106 "-" "Mozilla/5.0 (compatible;PetalBot;+https://webmaster.petalsearch.com/site/petalbot)" "mantech8.com"
185.191.171.43 - - [09/Jan/2023:12:36:15 -0800] "GET /index.php?camp-fire%2F8256678.html HTTP/1.1" 500 - "-" "Mozilla/5.0 (compatible; SemrushBot/7~bl; +http://www.semrush.com/bot.html)" "mantech8.com"
185.191.171.10 - - [09/Jan/2023:12:36:26 -0800] "GET /?camp-fire%2F28764597.html HTTP/1.1" 500 - "-" "Mozilla/5.0 (compatible; SemrushBot/7~bl; +http://www.semrush.com/bot.html)" "mantech8.com"
185.191.171.22 - - [09/Jan/2023:12:36:41 -0800] "GET /index.php?camp-fire%2F7769042.html HTTP/1.1" 500 - "-" "Mozilla/5.0 (compatible; SemrushBot/7~bl; +http://www.semrush.com/bot.html)" "mantech8.com"
185.191.171.15 - - [09/Jan/2023:12:39:33 -0800] "GET /?camp-fire%2F25721850.html HTTP/1.1" 500 - "-" "Mozilla/5.0 (compatible; SemrushBot/7~bl; +http://www.semrush.com/bot.html)" "mantech8.com"
185.191.171.17 - - [09/Jan/2023:12:39:47 -0800] "GET /index.php/camp-fire/30290309.html HTTP/1.1" 500 - "-" "Mozilla/5.0 (compatible; SemrushBot/7~bl; +http://www.semrush.com/bot.html)" "mantech8.com"
185.191.171.8 - - [09/Jan/2023:12:39:54 -0800] "GET /?camp-fire%2F15217456.html HTTP/1.1" 500 - "-" "Mozilla/5.0 (compatible; SemrushBot/7~bl; +http://www.semrush.com/bot.html)" "mantech8.com"
185.191.171.14 - - [09/Jan/2023:12:40:08 -0800] "GET /index.php?camp-fire%2F4414200.html HTTP/1.1" 500 - "-" "Mozilla/5.0 (compatible; SemrushBot/7~bl; +http://www.semrush.com/bot.html)" "mantech8.com"
185.191.171.12 - - [09/Jan/2023:12:40:51 -0800] "GET /?camp-fire%2F18437027.html HTTP/1.1" 500 - "-" "Mozilla/5.0 (compatible; SemrushBot/7~bl; +http://www.semrush.com/bot.html)" "mantech8.com"
185.191.171.44 - - [09/Jan/2023:12:40:56 -0800] "GET /?camp-fire%2F23775209.html HTTP/1.1" 500 - "-" "Mozilla/5.0 (compatible; SemrushBot/7~bl; +http://www.semrush.com/bot.html)" "mantech8.com"
185.191.171.7 - - [09/Jan/2023:12:42:18 -0800] "GET /?camp-fire%2F21502635.html HTTP/1.1" 500 - "-" "Mozilla/5.0 (compatible; SemrushBot/7~bl; +http://www.semrush.com/bot.html)" "mantech8.com"
185.191.171.18 - - [09/Jan/2023:12:42:42 -0800] "GET /index.php?camp-fire%2F28431664.html HTTP/1.1" 500 - "-" "Mozilla/5.0 (compatible; SemrushBot/7~bl; +http://www.semrush.com/bot.html)" "mantech8.com"
185.191.171.15 - - [09/Jan/2023:12:43:12 -0800] "GET /index.php?camp-fire%2F5870998.html HTTP/1.1" 500 - "-" "Mozilla/5.0 (compatible; SemrushBot/7~bl; +http://www.semrush.com/bot.html)" "mantech8.com"
185.191.171.39 - - [09/Jan/2023:12:43:45 -0800] "GET /?camp-fire%2F14602651.html HTTP/1.1" 500 - "-" "Mozilla/5.0 (compatible; SemrushBot/7~bl; +http://www.semrush.com/bot.html)" "mantech8.com"
185.191.171.9 - - [09/Jan/2023:12:44:23 -0800] "GET /?camp-fire%2F14744569.html HTTP/1.1" 500 - "-" "Mozilla/5.0 (compatible; SemrushBot/7~bl; +http://www.semrush.com/bot.html)" "mantech8.com"
185.191.171.22 - - [09/Jan/2023:12:44:46 -0800] "GET /index.php?camp-fire%2F27240276.html HTTP/1.1" 500 - "-" "Mozilla/5.0 (compatible; SemrushBot/7~bl; +http://www.semrush.com/bot.html)" "mantech8.com"
185.191.171.8 - - [09/Jan/2023:12:45:07 -0800] "GET /index.php?camp-fire%2F5941277.html HTTP/1.1" 500 - "-" "Mozilla/5.0 (compatible; SemrushBot/7~bl; +http://www.semrush.com/bot.html)" "mantech8.com"
185.191.171.41 - - [09/Jan/2023:12:45:27 -0800] "GET /?camp-fire%2F89097427.html HTTP/1.1" 500 - "-" "Mozilla/5.0 (compatible; SemrushBot/7~bl; +http://www.semrush.com/bot.html)" "mantech8.com"
157.55.39.224 - - [09/Jan/2023:12:45:36 -0800] "GET /contact/about.php HTTP/1.1" 200 29238 "-" "Mozilla/5.0 AppleWebKit/537.36 (KHTML, like Gecko; compatible; bingbot/2.0; +http://www.bing.com/bingbot.htm) Chrome/103.0.5060.134 Safari/537.36" "mantech8.com"
185.191.171.33 - - [09/Jan/2023:12:45:38 -0800] "GET /?camp-fire%2F15328284.html HTTP/1.1" 500 - "-" "Mozilla/5.0 (compatible; SemrushBot/7~bl; +http://www.semrush.com/bot.html)" "mantech8.com"
185.191.171.10 - - [09/Jan/2023:12:46:27 -0800] "GET /index.php/camp-fire/24629130.html HTTP/1.1" 500 - "-" "Mozilla/5.0 (compatible; SemrushBot/7~bl; +http://www.semrush.com/bot.html)" "mantech8.com"
185.191.171.26 - - [09/Jan/2023:12:46:29 -0800] "GET /?camp-fire%2F16236884.html HTTP/1.1" 500 - "-" "Mozilla/5.0 (compatible; SemrushBot/7~bl; +http://www.semrush.com/bot.html)" "mantech8.com"
157.55.39.195 - - [09/Jan/2023:12:47:56 -0800] "GET /F2si-2e8b5fcf-DisYt.Ii HTTP/1.1" 404 88 "-" "Mozilla/5.0 AppleWebKit/537.36 (KHTML, like Gecko; compatible; bingbot/2.0; +http://www.bing.com/bingbot.htm) Chrome/103.0.5060.134 Safari/537.36" "www.mantech8.com"
185.191.171.9 - - [09/Jan/2023:12:48:29 -0800] "GET /?camp-fire%2F18216761.html HTTP/1.1" 500 - "-" "Mozilla/5.0 (compatible; SemrushBot/7~bl; +http://www.semrush.com/bot.html)" "mantech8.com"
185.191.171.11 - - [09/Jan/2023:12:48:38 -0800] "GET /index.php?camp-fire%2F4855065.html HTTP/1.1" 500 - "-" "Mozilla/5.0 (compatible; SemrushBot/7~bl; +http://www.semrush.com/bot.html)" "mantech8.com"
185.191.171.25 - - [09/Jan/2023:12:50:26 -0800] "GET /index.php?camp-fire%2F27486321.html HTTP/1.1" 500 - "-" "Mozilla/5.0 (compatible; SemrushBot/7~bl; +http://www.semrush.com/bot.html)" "mantech8.com"
185.191.171.4 - - [09/Jan/2023:12:50:54 -0800] "GET /index.php/camp-fire/18529661.html HTTP/1.1" 500 - "-" "Mozilla/5.0 (compatible; SemrushBot/7~bl; +http://www.semrush.com/bot.html)" "mantech8.com"
216.244.66.241 - - [09/Jan/2023:12:51:03 -0800] "GET /robots.txt HTTP/1.1" 200 222 "-" "Mozilla/5.0 (compatible; DotBot/1.2; +https://opensiteexplorer.org/dotbot; help@moz.com)" "www.mantech8.com"
216.244.66.241 - - [09/Jan/2023:12:51:03 -0800] "GET /robots.txt HTTP/1.1" 200 222 "-" "Mozilla/5.0 (compatible; DotBot/1.2; +https://opensiteexplorer.org/dotbot; help@moz.com)" "mantech8.com"
185.191.171.44 - - [09/Jan/2023:12:51:28 -0800] "GET /index.php?camp-fire%2F5072374.html HTTP/1.1" 500 - "-" "Mozilla/5.0 (compatible; SemrushBot/7~bl; +http://www.semrush.com/bot.html)" "mantech8.com"
185.191.171.44 - - [09/Jan/2023:12:52:22 -0800] "GET /?camp-fire%2F16192885.html HTTP/1.1" 500 - "-" "Mozilla/5.0 (compatible; SemrushBot/7~bl; +http://www.semrush.com/bot.html)" "mantech8.com"
185.191.171.6 - - [09/Jan/2023:12:52:25 -0800] "GET /?camp-fire%2F13901159.html HTTP/1.1" 500 - "-" "Mozilla/5.0 (compatible; SemrushBot/7~bl; +http://www.semrush.com/bot.html)" "mantech8.com"
185.191.171.25 - - [09/Jan/2023:12:53:15 -0800] "GET /?camp-fire%2F13084290.html HTTP/1.1" 500 - "-" "Mozilla/5.0 (compatible; SemrushBot/7~bl; +http://www.semrush.com/bot.html)" "mantech8.com"
185.191.171.39 - - [09/Jan/2023:12:53:35 -0800] "GET /?camp-fire%2F27188663.html HTTP/1.1" 500 - "-" "Mozilla/5.0 (compatible; SemrushBot/7~bl; +http://www.semrush.com/bot.html)" "mantech8.com"
185.191.171.3 - - [09/Jan/2023:12:53:43 -0800] "GET /index.php?camp-fire%2F4134865.html HTTP/1.1" 500 - "-" "Mozilla/5.0 (compatible; SemrushBot/7~bl; +http://www.semrush.com/bot.html)" "mantech8.com"
185.191.171.36 - - [09/Jan/2023:12:54:36 -0800] "GET /index.php/camp-fire/27863106.html HTTP/1.1" 500 - "-" "Mozilla/5.0 (compatible; SemrushBot/7~bl; +http://www.semrush.com/bot.html)" "mantech8.com"
114.119.130.125 - - [09/Jan/2023:12:55:46 -0800] "GET /sitemapnewindex.xml HTTP/1.1" 404 88 "-" "Mozilla/5.0 (Linux; Android 7.0;) AppleWebKit/537.36 (KHTML, like Gecko) Mobile Safari/537.36 (compatible; PetalBot;+https://webmaster.petalsearch.com/site/petalbot)" "mantech8.com"
185.191.171.10 - - [09/Jan/2023:12:56:00 -0800] "GET /index.php?camp-fire%2F1279900.html HTTP/1.1" 500 - "-" "Mozilla/5.0 (compatible; SemrushBot/7~bl; +http://www.semrush.com/bot.html)" "mantech8.com"
185.191.171.17 - - [09/Jan/2023:12:56:11 -0800] "GET /?camp-fire%2F20782272.html HTTP/1.1" 500 - "-" "Mozilla/5.0 (compatible; SemrushBot/7~bl; +http://www.semrush.com/bot.html)" "mantech8.com"
114.119.152.142 - - [09/Jan/2023:12:57:37 -0800] "GET /sitemap12057.xml HTTP/1.1" 404 88 "-" "Mozilla/5.0 (Linux; Android 7.0;) AppleWebKit/537.36 (KHTML, like Gecko) Mobile Safari/537.36 (compatible; PetalBot;+https://webmaster.petalsearch.com/site/petalbot)" "mantech8.com"
185.191.171.21 - - [09/Jan/2023:12:58:10 -0800] "GET /index.php?camp-fire%2F8472880.html HTTP/1.1" 500 - "-" "Mozilla/5.0 (compatible; SemrushBot/7~bl; +http://www.semrush.com/bot.html)" "mantech8.com"
185.191.171.45 - - [09/Jan/2023:12:58:36 -0800] "GET /?camp-fire%2F18884480.html HTTP/1.1" 500 - "-" "Mozilla/5.0 (compatible; SemrushBot/7~bl; +http://www.semrush.com/bot.html)" "mantech8.com"
157.55.39.195 - - [09/Jan/2023:12:58:58 -0800] "GET / HTTP/1.1" 200 64351 "-" "Mozilla/5.0 (compatible; bingbot/2.0; +http://www.bing.com/bingbot.htm)" "www.mantech8.com"
185.191.171.15 - - [09/Jan/2023:12:59:05 -0800] "GET /index.php?camp-fire%2F9600469.html HTTP/1.1" 500 - "-" "Mozilla/5.0 (compatible; SemrushBot/7~bl; +http://www.semrush.com/bot.html)" "mantech8.com"
185.191.171.34 - - [09/Jan/2023:12:59:37 -0800] "GET /?camp-fire%2F12414409.html HTTP/1.1" 500 - "-" "Mozilla/5.0 (compatible; SemrushBot/7~bl; +http://www.semrush.com/bot.html)" "mantech8.com"
114.119.144.184 - - [09/Jan/2023:12:59:58 -0800] "GET /index.php?camp-fire/88409250.html HTTP/1.1" 500 - "-" "Mozilla/5.0 (Linux; Android 7.0;) AppleWebKit/537.36 (KHTML, like Gecko) Mobile Safari/537.36 (compatible; PetalBot;+https://webmaster.petalsearch.com/site/petalbot)" "www.mantech8.com"
185.191.171.35 - - [09/Jan/2023:13:00:09 -0800] "GET /index.php/camp-fire/43294521.html HTTP/1.1" 500 - "-" "Mozilla/5.0 (compatible; SemrushBot/7~bl; +http://www.semrush.com/bot.html)" "mantech8.com"
185.191.171.40 - - [09/Jan/2023:13:00:10 -0800] "GET /?camp-fire%2F14745524.html HTTP/1.1" 500 - "-" "Mozilla/5.0 (compatible; SemrushBot/7~bl; +http://www.semrush.com/bot.html)" "mantech8.com"
185.191.171.23 - - [09/Jan/2023:13:00:30 -0800] "GET /index.php?camp-fire%2F1433990.html HTTP/1.1" 500 - "-" "Mozilla/5.0 (compatible; SemrushBot/7~bl; +http://www.semrush.com/bot.html)" "mantech8.com"
185.191.171.4 - - [09/Jan/2023:13:00:31 -0800] "GET /?camp-fire%2F17376465.html HTTP/1.1" 500 - "-" "Mozilla/5.0 (compatible; SemrushBot/7~bl; +http://www.semrush.com/bot.html)" "mantech8.com"
185.191.171.4 - - [09/Jan/2023:13:01:13 -0800] "GET /?camp-fire%2F27883559.html HTTP/1.1" 500 - "-" "Mozilla/5.0 (compatible; SemrushBot/7~bl; +http://www.semrush.com/bot.html)" "mantech8.com"
185.191.171.24 - - [09/Jan/2023:13:03:00 -0800] "GET /?camp-fire%2F17072196.html HTTP/1.1" 500 - "-" "Mozilla/5.0 (compatible; SemrushBot/7~bl; +http://www.semrush.com/bot.html)" "mantech8.com"
185.191.171.40 - - [09/Jan/2023:13:03:02 -0800] "GET /index.php?camp-fire%2F5297177.html HTTP/1.1" 500 - "-" "Mozilla/5.0 (compatible; SemrushBot/7~bl; +http://www.semrush.com/bot.html)" "mantech8.com"
185.191.171.7 - - [09/Jan/2023:13:03:04 -0800] "GET /index.php?camp-fire%2F9717183.html HTTP/1.1" 500 - "-" "Mozilla/5.0 (compatible; SemrushBot/7~bl; +http://www.semrush.com/bot.html)" "mantech8.com"
185.191.171.24 - - [09/Jan/2023:13:03:54 -0800] "GET /?camp-fire%2F17132772.html HTTP/1.1" 500 - "-" "Mozilla/5.0 (compatible; SemrushBot/7~bl; +http://www.semrush.com/bot.html)" "mantech8.com"
185.191.171.38 - - [09/Jan/2023:13:04:32 -0800] "GET /?camp-fire%2F84088263.html HTTP/1.1" 500 - "-" "Mozilla/5.0 (compatible; SemrushBot/7~bl; +http://www.semrush.com/bot.html)" "mantech8.com"
185.191.171.38 - - [09/Jan/2023:13:04:53 -0800] "GET /index.php?camp-fire%2F4862855.html HTTP/1.1" 500 - "-" "Mozilla/5.0 (compatible; SemrushBot/7~bl; +http://www.semrush.com/bot.html)" "mantech8.com"
185.191.171.8 - - [09/Jan/2023:13:05:39 -0800] "GET /robots.txt HTTP/1.1" 200 106 "-" "Mozilla/5.0 (compatible; SemrushBot/7~bl; +http://www.semrush.com/bot.html)" "mantech8.com"
185.191.171.37 - - [09/Jan/2023:13:05:39 -0800] "GET /index.php/camp-fire/32502860.html HTTP/1.1" 500 - "-" "Mozilla/5.0 (compatible; SemrushBot/7~bl; +http://www.semrush.com/bot.html)" "mantech8.com"
185.191.171.8 - - [09/Jan/2023:13:06:41 -0800] "GET /?camp-fire%2F12018965.html HTTP/1.1" 500 - "-" "Mozilla/5.0 (compatible; SemrushBot/7~bl; +http://www.semrush.com/bot.html)" "mantech8.com"
185.191.171.22 - - [09/Jan/2023:13:07:01 -0800] "GET /index.php?camp-fire%2F3115078.html HTTP/1.1" 500 - "-" "Mozilla/5.0 (compatible; SemrushBot/7~bl; +http://www.semrush.com/bot.html)" "mantech8.com"
185.191.171.22 - - [09/Jan/2023:13:07:04 -0800] "GET /index.php?camp-fire%2F25934676.html HTTP/1.1" 500 - "-" "Mozilla/5.0 (compatible; SemrushBot/7~bl; +http://www.semrush.com/bot.html)" "mantech8.com"
185.191.171.12 - - [09/Jan/2023:13:07:29 -0800] "GET /?camp-fire%2F14493424.html HTTP/1.1" 500 - "-" "Mozilla/5.0 (compatible; SemrushBot/7~bl; +http://www.semrush.com/bot.html)" "mantech8.com"
185.191.171.12 - - [09/Jan/2023:13:08:30 -0800] "GET /?camp-fire%2F10299090.html HTTP/1.1" 500 - "-" "Mozilla/5.0 (compatible; SemrushBot/7~bl; +http://www.semrush.com/bot.html)" "mantech8.com"
114.119.149.91 - - [09/Jan/2023:13:08:51 -0800] "GET /bimages/client/black2llleaf.php HTTP/1.1" 500 - "http://mantech8.com/bimages/client/?C=M%3BO%3DA" "Mozilla/5.0 (Linux; Android 7.0;) AppleWebKit/537.36 (KHTML, like Gecko) Mobile Safari/537.36 (compatible; PetalBot;+https://webmaster.petalsearch.com/site/petalbot)" "mantech8.com"
185.191.171.21 - - [09/Jan/2023:13:08:58 -0800] "GET /index.php?camp-fire%2F27985971.html HTTP/1.1" 500 - "-" "Mozilla/5.0 (compatible; SemrushBot/7~bl; +http://www.semrush.com/bot.html)" "mantech8.com"
185.191.171.15 - - [09/Jan/2023:13:10:44 -0800] "GET /?camp-fire%2F23097827.html HTTP/1.1" 500 - "-" "Mozilla/5.0 (compatible; SemrushBot/7~bl; +http://www.semrush.com/bot.html)" "mantech8.com"
185.191.171.9 - - [09/Jan/2023:13:11:14 -0800] "GET /index.php/camp-fire/16565365.html HTTP/1.1" 500 - "-" "Mozilla/5.0 (compatible; SemrushBot/7~bl; +http://www.semrush.com/bot.html)" "mantech8.com"
185.191.171.13 - - [09/Jan/2023:13:11:48 -0800] "GET /?camp-fire%2F27956271.html HTTP/1.1" 500 - "-" "Mozilla/5.0 (compatible; SemrushBot/7~bl; +http://www.semrush.com/bot.html)" "mantech8.com"
185.191.171.35 - - [09/Jan/2023:13:12:50 -0800] "GET /index.php/camp-fire/16178621.html HTTP/1.1" 500 - "-" "Mozilla/5.0 (compatible; SemrushBot/7~bl; +http://www.semrush.com/bot.html)" "mantech8.com"
185.191.171.14 - - [09/Jan/2023:13:14:03 -0800] "GET /index.php?camp-fire%2F2567059.html HTTP/1.1" 500 - "-" "Mozilla/5.0 (compatible; SemrushBot/7~bl; +http://www.semrush.com/bot.html)" "mantech8.com"
185.191.171.44 - - [09/Jan/2023:13:14:33 -0800] "GET /?camp-fire%2F23702106.html HTTP/1.1" 500 - "-" "Mozilla/5.0 (compatible; SemrushBot/7~bl; +http://www.semrush.com/bot.html)" "mantech8.com"
185.191.171.25 - - [09/Jan/2023:13:16:01 -0800] "GET /?camp-fire%2F17556165.html HTTP/1.1" 500 - "-" "Mozilla/5.0 (compatible; SemrushBot/7~bl; +http://www.semrush.com/bot.html)" "mantech8.com"
185.191.171.16 - - [09/Jan/2023:13:16:04 -0800] "GET /?camp-fire%2F28640889.html HTTP/1.1" 500 - "-" "Mozilla/5.0 (compatible; SemrushBot/7~bl; +http://www.semrush.com/bot.html)" "mantech8.com"
185.191.171.24 - - [09/Jan/2023:13:16:49 -0800] "GET /?camp-fire%2F14055759.html HTTP/1.1" 500 - "-" "Mozilla/5.0 (compatible; SemrushBot/7~bl; +http://www.semrush.com/bot.html)" "mantech8.com"
140.238.48.138 - - [09/Jan/2023:13:17:23 -0800] "GET /olux.php HTTP/1.1" 404 88 "-" "python-requests/2.27.1" "www.mantech8.com"
140.238.48.138 - - [09/Jan/2023:13:17:24 -0800] "GET /indoxploit.php HTTP/1.1" 404 88 "-" "python-requests/2.27.1" "www.mantech8.com"
140.238.48.138 - - [09/Jan/2023:13:17:25 -0800] "GET /indoxploit.php HTTP/1.1" 404 88 "-" "python-requests/2.27.1" "www.mantech8.com"
140.238.48.138 - - [09/Jan/2023:13:17:26 -0800] "GET /wso.php HTTP/1.1" 404 88 "-" "python-requests/2.27.1" "www.mantech8.com"
140.238.48.138 - - [09/Jan/2023:13:17:27 -0800] "GET /images/ HTTP/1.1" 200 6505 "-" "python-requests/2.27.1" "www.mantech8.com"
140.238.48.138 - - [09/Jan/2023:13:17:28 -0800] "GET /images/db_table_exists.lib.php HTTP/1.1" 200 32 "-" "python-requests/2.27.1" "www.mantech8.com"
185.191.171.9 - - [09/Jan/2023:13:17:32 -0800] "GET /index.php?camp-fire%2F21761217.html HTTP/1.1" 500 - "-" "Mozilla/5.0 (compatible; SemrushBot/7~bl; +http://www.semrush.com/bot.html)" "mantech8.com"
185.191.171.9 - - [09/Jan/2023:13:17:47 -0800] "GET /?camp-fire%2F26159976.html HTTP/1.1" 500 - "-" "Mozilla/5.0 (compatible; SemrushBot/7~bl; +http://www.semrush.com/bot.html)" "mantech8.com"
185.191.171.40 - - [09/Jan/2023:13:17:57 -0800] "GET /index.php?camp-fire%2F1783251.html HTTP/1.1" 500 - "-" "Mozilla/5.0 (compatible; SemrushBot/7~bl; +http://www.semrush.com/bot.html)" "mantech8.com"
185.191.171.1 - - [09/Jan/2023:13:18:02 -0800] "GET /index.php/camp-fire/15461683.html HTTP/1.1" 500 - "-" "Mozilla/5.0 (compatible; SemrushBot/7~bl; +http://www.semrush.com/bot.html)" "mantech8.com"
185.191.171.4 - - [09/Jan/2023:13:18:04 -0800] "GET /index.php?camp-fire%2F28329970.html HTTP/1.1" 500 - "-" "Mozilla/5.0 (compatible; SemrushBot/7~bl; +http://www.semrush.com/bot.html)" "mantech8.com"
185.191.171.13 - - [09/Jan/2023:13:20:22 -0800] "GET /?camp-fire%2F19260446.html HTTP/1.1" 500 - "-" "Mozilla/5.0 (compatible; SemrushBot/7~bl; +http://www.semrush.com/bot.html)" "mantech8.com"
185.191.171.19 - - [09/Jan/2023:13:20:32 -0800] "GET /index.php?camp-fire%2F4737198.html HTTP/1.1" 500 - "-" "Mozilla/5.0 (compatible; SemrushBot/7~bl; +http://www.semrush.com/bot.html)" "mantech8.com"
157.55.39.224 - - [09/Jan/2023:13:21:48 -0800] "GET /index.php?/eng/ HTTP/1.1" 200 67611 "-" "Mozilla/5.0 AppleWebKit/537.36 (KHTML, like Gecko; compatible; bingbot/2.0; +http://www.bing.com/bingbot.htm) Chrome/103.0.5060.134 Safari/537.36" "www.mantech8.com"
157.55.39.224 - - [09/Jan/2023:13:21:50 -0800] "GET /index.php?/article/b/ HTTP/1.1" 200 70564 "-" "Mozilla/5.0 AppleWebKit/537.36 (KHTML, like Gecko; compatible; bingbot/2.0; +http://www.bing.com/bingbot.htm) Chrome/103.0.5060.134 Safari/537.36" "www.mantech8.com"
157.55.39.34 - - [09/Jan/2023:13:21:50 -0800] "GET /index.php?/manner-pay/ HTTP/1.1" 200 71163 "-" "Mozilla/5.0 AppleWebKit/537.36 (KHTML, like Gecko; compatible; bingbot/2.0; +http://www.bing.com/bingbot.htm) Chrome/103.0.5060.134 Safari/537.36" "www.mantech8.com"
157.55.39.195 - - [09/Jan/2023:13:21:53 -0800] "GET /index.php?/former-chef HTTP/1.1" 200 67907 "-" "Mozilla/5.0 (compatible; bingbot/2.0; +http://www.bing.com/bingbot.htm)" "www.mantech8.com"
157.55.39.195 - - [09/Jan/2023:13:21:53 -0800] "GET /index.php?/spa/ HTTP/1.1" 200 68638 "-" "Mozilla/5.0 (compatible; bingbot/2.0; +http://www.bing.com/bingbot.htm)" "www.mantech8.com"
157.55.39.195 - - [09/Jan/2023:13:21:54 -0800] "GET /index.php?/2020/07 HTTP/1.1" 200 65358 "-" "Mozilla/5.0 AppleWebKit/537.36 (KHTML, like Gecko; compatible; bingbot/2.0; +http://www.bing.com/bingbot.htm) Chrome/103.0.5060.134 Safari/537.36" "www.mantech8.com"
157.55.39.195 - - [09/Jan/2023:13:21:54 -0800] "GET /index.php?/extraction/ HTTP/1.1" 200 63761 "-" "Mozilla/5.0 AppleWebKit/537.36 (KHTML, like Gecko; compatible; bingbot/2.0; +http://www.bing.com/bingbot.htm) Chrome/103.0.5060.134 Safari/537.36" "www.mantech8.com"
157.55.39.86 - - [09/Jan/2023:13:21:57 -0800] "GET /index.php?/posts/2718 HTTP/1.1" 200 69664 "-" "Mozilla/5.0 (compatible; bingbot/2.0; +http://www.bing.com/bingbot.htm)" "www.mantech8.com"
157.55.39.86 - - [09/Jan/2023:13:21:58 -0800] "GET /index.php?/a/81283a/ HTTP/1.1" 200 66293 "-" "Mozilla/5.0 AppleWebKit/537.36 (KHTML, like Gecko; compatible; bingbot/2.0; +http://www.bing.com/bingbot.htm) Chrome/103.0.5060.134 Safari/537.36" "www.mantech8.com"
157.55.39.86 - - [09/Jan/2023:13:21:59 -0800] "GET /index.php?/contactus/ HTTP/1.1" 200 65604 "-" "Mozilla/5.0 AppleWebKit/537.36 (KHTML, like Gecko; compatible; bingbot/2.0; +http://www.bing.com/bingbot.htm) Chrome/103.0.5060.134 Safari/537.36" "www.mantech8.com"
157.55.39.75 - - [09/Jan/2023:13:22:03 -0800] "GET /index.php?/login.html HTTP/1.1" 200 70382 "-" "Mozilla/5.0 (compatible; bingbot/2.0; +http://www.bing.com/bingbot.htm)" "www.mantech8.com"
157.55.39.75 - - [09/Jan/2023:13:22:03 -0800] "GET /index.php?/muban/kj/ HTTP/1.1" 200 62762 "-" "Mozilla/5.0 AppleWebKit/537.36 (KHTML, like Gecko; compatible; bingbot/2.0; +http://www.bing.com/bingbot.htm) Chrome/103.0.5060.134 Safari/537.36" "www.mantech8.com"
157.55.39.75 - - [09/Jan/2023:13:22:04 -0800] "GET /index.php?/result HTTP/1.1" 200 68001 "-" "Mozilla/5.0 AppleWebKit/537.36 (KHTML, like Gecko; compatible; bingbot/2.0; +http://www.bing.com/bingbot.htm) Chrome/103.0.5060.134 Safari/537.36" "www.mantech8.com"
157.55.39.75 - - [09/Jan/2023:13:22:04 -0800] "GET /index.php?/2021/01 HTTP/1.1" 200 72821 "-" "Mozilla/5.0 (compatible; bingbot/2.0; +http://www.bing.com/bingbot.htm)" "www.mantech8.com"
157.55.39.75 - - [09/Jan/2023:13:22:05 -0800] "GET /index.php?/alpha HTTP/1.1" 200 72757 "-" "Mozilla/5.0 AppleWebKit/537.36 (KHTML, like Gecko; compatible; bingbot/2.0; +http://www.bing.com/bingbot.htm) Chrome/103.0.5060.134 Safari/537.36" "www.mantech8.com"
157.55.39.34 - - [09/Jan/2023:13:22:10 -0800] "GET /index.php?/yywzgz.htm HTTP/1.1" 200 65770 "-" "Mozilla/5.0 AppleWebKit/537.36 (KHTML, like Gecko; compatible; bingbot/2.0; +http://www.bing.com/bingbot.htm) Chrome/103.0.5060.134 Safari/537.36" "www.mantech8.com"
157.55.39.34 - - [09/Jan/2023:13:22:11 -0800] "GET /index.php?/web/ HTTP/1.1" 200 70644 "-" "Mozilla/5.0 (compatible; bingbot/2.0; +http://www.bing.com/bingbot.htm)" "www.mantech8.com"
185.191.171.22 - - [09/Jan/2023:13:22:18 -0800] "GET /?camp-fire%2F24290550.html HTTP/1.1" 500 - "-" "Mozilla/5.0 (compatible; SemrushBot/7~bl; +http://www.semrush.com/bot.html)" "mantech8.com"
185.191.171.6 - - [09/Jan/2023:13:22:36 -0800] "GET /?camp-fire%2F20438490.html HTTP/1.1" 500 - "-" "Mozilla/5.0 (compatible; SemrushBot/7~bl; +http://www.semrush.com/bot.html)" "mantech8.com"
185.191.171.16 - - [09/Jan/2023:13:23:36 -0800] "GET /index.php?camp-fire%2F4804455.html HTTP/1.1" 500 - "-" "Mozilla/5.0 (compatible; SemrushBot/7~bl; +http://www.semrush.com/bot.html)" "mantech8.com"
185.191.171.22 - - [09/Jan/2023:13:23:42 -0800] "GET /?camp-fire%2F28611689.html HTTP/1.1" 500 - "-" "Mozilla/5.0 (compatible; SemrushBot/7~bl; +http://www.semrush.com/bot.html)" "mantech8.com"
114.119.137.190 - - [09/Jan/2023:13:23:46 -0800] "GET /index.php/rebeginner.xml HTTP/1.1" 200 289230 "-" "Mozilla/5.0 (Linux; Android 7.0;) AppleWebKit/537.36 (KHTML, like Gecko) Mobile Safari/537.36 (compatible; PetalBot;+https://webmaster.petalsearch.com/site/petalbot)" "mantech8.com"
185.191.171.18 - - [09/Jan/2023:13:24:37 -0800] "GET /index.php?camp-fire%2F1263900.html HTTP/1.1" 500 - "-" "Mozilla/5.0 (compatible; SemrushBot/7~bl; +http://www.semrush.com/bot.html)" "mantech8.com"
144.126.151.207 - - [09/Jan/2023:13:24:57 -0800] "HEAD /wordpress HTTP/1.1" 404 - "-" "Mozilla/5.0 (Windows NT 10.0; Win64; x64) AppleWebKit/537.36 (KHTML, like Gecko) Chrome/74.0.3729.169 Safari/537.36" "mantech8.com"
185.191.171.11 - - [09/Jan/2023:13:24:58 -0800] "GET /index.php/camp-fire/39820802.html HTTP/1.1" 500 - "-" "Mozilla/5.0 (compatible; SemrushBot/7~bl; +http://www.semrush.com/bot.html)" "mantech8.com"
144.126.151.207 - - [09/Jan/2023:13:24:58 -0800] "HEAD / HTTP/1.1" 500 - "-" "Mozilla/5.0 (Windows NT 10.0; Win64; x64) AppleWebKit/537.36 (KHTML, like Gecko) Chrome/74.0.3729.169 Safari/537.36" "mantech8.com"
144.126.151.207 - - [09/Jan/2023:13:24:58 -0800] "HEAD /wp HTTP/1.1" 404 - "-" "Mozilla/5.0 (Windows NT 10.0; Win64; x64) AppleWebKit/537.36 (KHTML, like Gecko) Chrome/74.0.3729.169 Safari/537.36" "mantech8.com"
144.126.151.207 - - [09/Jan/2023:13:24:58 -0800] "HEAD /bc HTTP/1.1" 404 - "-" "Mozilla/5.0 (Windows NT 10.0; Win64; x64) AppleWebKit/537.36 (KHTML, like Gecko) Chrome/74.0.3729.169 Safari/537.36" "mantech8.com"
144.126.151.207 - - [09/Jan/2023:13:24:58 -0800] "HEAD /bk HTTP/1.1" 404 - "-" "Mozilla/5.0 (Windows NT 10.0; Win64; x64) AppleWebKit/537.36 (KHTML, like Gecko) Chrome/74.0.3729.169 Safari/537.36" "mantech8.com"
144.126.151.207 - - [09/Jan/2023:13:24:58 -0800] "HEAD /backup HTTP/1.1" 404 - "-" "Mozilla/5.0 (Windows NT 10.0; Win64; x64) AppleWebKit/537.36 (KHTML, like Gecko) Chrome/74.0.3729.169 Safari/537.36" "mantech8.com"
144.126.151.207 - - [09/Jan/2023:13:24:59 -0800] "HEAD /old HTTP/1.1" 404 - "-" "Mozilla/5.0 (Windows NT 10.0; Win64; x64) AppleWebKit/537.36 (KHTML, like Gecko) Chrome/74.0.3729.169 Safari/537.36" "mantech8.com"
144.126.151.207 - - [09/Jan/2023:13:24:59 -0800] "HEAD /new HTTP/1.1" 404 - "-" "Mozilla/5.0 (Windows NT 10.0; Win64; x64) AppleWebKit/537.36 (KHTML, like Gecko) Chrome/74.0.3729.169 Safari/537.36" "mantech8.com"
144.126.151.207 - - [09/Jan/2023:13:24:59 -0800] "HEAD /main HTTP/1.1" 404 - "-" "Mozilla/5.0 (Windows NT 10.0; Win64; x64) AppleWebKit/537.36 (KHTML, like Gecko) Chrome/74.0.3729.169 Safari/537.36" "mantech8.com"
144.126.151.207 - - [09/Jan/2023:13:24:59 -0800] "HEAD /home HTTP/1.1" 404 - "-" "Mozilla/5.0 (Windows NT 10.0; Win64; x64) AppleWebKit/537.36 (KHTML, like Gecko) Chrome/74.0.3729.169 Safari/537.36" "mantech8.com"
185.191.171.26 - - [09/Jan/2023:13:25:13 -0800] "GET /index.php/camp-fire/33572493.html HTTP/1.1" 500 - "-" "Mozilla/5.0 (compatible; SemrushBot/7~bl; +http://www.semrush.com/bot.html)" "mantech8.com"
185.191.171.22 - - [09/Jan/2023:13:26:11 -0800] "GET /index.php?camp-fire%2F3478498.html HTTP/1.1" 500 - "-" "Mozilla/5.0 (compatible; SemrushBot/7~bl; +http://www.semrush.com/bot.html)" "mantech8.com"
185.191.171.22 - - [09/Jan/2023:13:26:14 -0800] "GET /?camp-fire%2F21702380.html HTTP/1.1" 500 - "-" "Mozilla/5.0 (compatible; SemrushBot/7~bl; +http://www.semrush.com/bot.html)" "mantech8.com"
185.191.171.16 - - [09/Jan/2023:13:28:42 -0800] "GET /?camp-fire%2F14104351.html HTTP/1.1" 500 - "-" "Mozilla/5.0 (compatible; SemrushBot/7~bl; +http://www.semrush.com/bot.html)" "mantech8.com"
185.191.171.13 - - [09/Jan/2023:13:28:45 -0800] "GET /?camp-fire%2F27440826.html HTTP/1.1" 500 - "-" "Mozilla/5.0 (compatible; SemrushBot/7~bl; +http://www.semrush.com/bot.html)" "mantech8.com"
