185.191.171.40 - - [08/Jan/2023:22:58:39 -0800] "GET /robots.txt HTTP/1.1" 200 106 "-" "Mozilla/5.0 (compatible; SemrushBot/7~bl; +http://www.semrush.com/bot.html)" "mantech8.com"
185.191.171.44 - - [08/Jan/2023:22:58:40 -0800] "GET /?camp-fire%2F11557009.html HTTP/1.1" 500 - "-" "Mozilla/5.0 (compatible; SemrushBot/7~bl; +http://www.semrush.com/bot.html)" "mantech8.com"
185.191.171.19 - - [08/Jan/2023:22:59:07 -0800] "GET /?camp-fire%2F14832772.html HTTP/1.1" 500 - "-" "Mozilla/5.0 (compatible; SemrushBot/7~bl; +http://www.semrush.com/bot.html)" "mantech8.com"
185.191.171.6 - - [08/Jan/2023:22:59:38 -0800] "GET /index.php/camp-fire/36231733.html HTTP/1.1" 500 - "-" "Mozilla/5.0 (compatible; SemrushBot/7~bl; +http://www.semrush.com/bot.html)" "mantech8.com"
104.255.175.65 - - [08/Jan/2023:23:00:13 -0800] "GET /adminer.php HTTP/1.1" 404 88 "-" "Mozilla/5.0 (X11; Fedora; Linux x86_64; rv:90.0) Gecko/20100101 Firefox/90.0" "www.mantech8.com"
114.119.152.73 - - [08/Jan/2023:23:00:58 -0800] "GET /kiger.xml HTTP/1.1" 404 88 "-" "Mozilla/5.0 (Linux; Android 7.0;) AppleWebKit/537.36 (KHTML, like Gecko) Mobile Safari/537.36 (compatible; PetalBot;+https://webmaster.petalsearch.com/site/petalbot)" "mantech8.com"
185.191.171.4 - - [08/Jan/2023:23:01:38 -0800] "GET /index.php?camp-fire%2F4234593.html HTTP/1.1" 500 - "-" "Mozilla/5.0 (compatible; SemrushBot/7~bl; +http://www.semrush.com/bot.html)" "mantech8.com"
185.191.171.36 - - [08/Jan/2023:23:02:10 -0800] "GET /?camp-fire%2F18111080.html HTTP/1.1" 500 - "-" "Mozilla/5.0 (compatible; SemrushBot/7~bl; +http://www.semrush.com/bot.html)" "mantech8.com"
185.191.171.22 - - [08/Jan/2023:23:03:10 -0800] "GET /?camp-fire%2F24462350.html HTTP/1.1" 500 - "-" "Mozilla/5.0 (compatible; SemrushBot/7~bl; +http://www.semrush.com/bot.html)" "mantech8.com"
185.191.171.39 - - [08/Jan/2023:23:04:03 -0800] "GET /index.php/camp-fire/35828309.html HTTP/1.1" 500 - "-" "Mozilla/5.0 (compatible; SemrushBot/7~bl; +http://www.semrush.com/bot.html)" "mantech8.com"
185.191.171.15 - - [08/Jan/2023:23:04:06 -0800] "GET /?camp-fire%2F29544617.html HTTP/1.1" 500 - "-" "Mozilla/5.0 (compatible; SemrushBot/7~bl; +http://www.semrush.com/bot.html)" "mantech8.com"
217.138.216.246 - - [08/Jan/2023:23:04:12 -0800] "GET /wp-secure.php HTTP/1.1" 404 88 "-" "Mozilla/5.0 (Windows NT 10.0; Win64; x64; rv:108.0) Gecko/20100101 Firefox/108.0" "www.mantech8.com"
185.191.171.4 - - [08/Jan/2023:23:04:20 -0800] "GET /index.php?camp-fire%2F27904359.html HTTP/1.1" 500 - "-" "Mozilla/5.0 (compatible; SemrushBot/7~bl; +http://www.semrush.com/bot.html)" "mantech8.com"
185.191.171.42 - - [08/Jan/2023:23:04:49 -0800] "GET /index.php?camp-fire%2F7614008.html HTTP/1.1" 500 - "-" "Mozilla/5.0 (compatible; SemrushBot/7~bl; +http://www.semrush.com/bot.html)" "mantech8.com"
185.191.171.11 - - [08/Jan/2023:23:05:06 -0800] "GET /?camp-fire%2F16678826.html HTTP/1.1" 500 - "-" "Mozilla/5.0 (compatible; SemrushBot/7~bl; +http://www.semrush.com/bot.html)" "mantech8.com"
185.191.171.5 - - [08/Jan/2023:23:05:08 -0800] "GET /?camp-fire%2F19346908.html HTTP/1.1" 500 - "-" "Mozilla/5.0 (compatible; SemrushBot/7~bl; +http://www.semrush.com/bot.html)" "mantech8.com"
185.191.171.37 - - [08/Jan/2023:23:06:27 -0800] "GET /?camp-fire%2F10092055.html HTTP/1.1" 500 - "-" "Mozilla/5.0 (compatible; SemrushBot/7~bl; +http://www.semrush.com/bot.html)" "mantech8.com"
185.191.171.20 - - [08/Jan/2023:23:06:31 -0800] "GET /?camp-fire%2F24181659.html HTTP/1.1" 500 - "-" "Mozilla/5.0 (compatible; SemrushBot/7~bl; +http://www.semrush.com/bot.html)" "mantech8.com"
185.191.171.9 - - [08/Jan/2023:23:06:33 -0800] "GET /?camp-fire%2F27295897.html HTTP/1.1" 500 - "-" "Mozilla/5.0 (compatible; SemrushBot/7~bl; +http://www.semrush.com/bot.html)" "mantech8.com"
185.191.171.24 - - [08/Jan/2023:23:06:36 -0800] "GET /index.php?camp-fire%2F1309100.html HTTP/1.1" 500 - "-" "Mozilla/5.0 (compatible; SemrushBot/7~bl; +http://www.semrush.com/bot.html)" "mantech8.com"
185.191.171.23 - - [08/Jan/2023:23:06:40 -0800] "GET /?camp-fire%2F12441676.html HTTP/1.1" 500 - "-" "Mozilla/5.0 (compatible; SemrushBot/7~bl; +http://www.semrush.com/bot.html)" "mantech8.com"
185.191.171.38 - - [08/Jan/2023:23:06:54 -0800] "GET /?camp-fire%2F22940965.html HTTP/1.1" 500 - "-" "Mozilla/5.0 (compatible; SemrushBot/7~bl; +http://www.semrush.com/bot.html)" "mantech8.com"
185.191.171.37 - - [08/Jan/2023:23:07:47 -0800] "GET /?camp-fire%2F15190584.html HTTP/1.1" 500 - "-" "Mozilla/5.0 (compatible; SemrushBot/7~bl; +http://www.semrush.com/bot.html)" "mantech8.com"
185.191.171.7 - - [08/Jan/2023:23:08:18 -0800] "GET /?camp-fire%2F15220956.html HTTP/1.1" 500 - "-" "Mozilla/5.0 (compatible; SemrushBot/7~bl; +http://www.semrush.com/bot.html)" "mantech8.com"
185.191.171.42 - - [08/Jan/2023:23:09:04 -0800] "GET /?camp-fire%2F14851272.html HTTP/1.1" 500 - "-" "Mozilla/5.0 (compatible; SemrushBot/7~bl; +http://www.semrush.com/bot.html)" "mantech8.com"
185.191.171.35 - - [08/Jan/2023:23:10:07 -0800] "GET /?camp-fire%2F22720755.html HTTP/1.1" 500 - "-" "Mozilla/5.0 (compatible; SemrushBot/7~bl; +http://www.semrush.com/bot.html)" "mantech8.com"
185.191.171.22 - - [08/Jan/2023:23:10:35 -0800] "GET /?camp-fire%2F15344498.html HTTP/1.1" 500 - "-" "Mozilla/5.0 (compatible; SemrushBot/7~bl; +http://www.semrush.com/bot.html)" "mantech8.com"
185.191.171.12 - - [08/Jan/2023:23:11:03 -0800] "GET /?camp-fire%2F15290424.html HTTP/1.1" 500 - "-" "Mozilla/5.0 (compatible; SemrushBot/7~bl; +http://www.semrush.com/bot.html)" "mantech8.com"
185.191.171.17 - - [08/Jan/2023:23:11:23 -0800] "GET /?camp-fire%2F21684017.html HTTP/1.1" 500 - "-" "Mozilla/5.0 (compatible; SemrushBot/7~bl; +http://www.semrush.com/bot.html)" "mantech8.com"
185.191.171.37 - - [08/Jan/2023:23:11:44 -0800] "GET /?camp-fire%2F15182859.html HTTP/1.1" 500 - "-" "Mozilla/5.0 (compatible; SemrushBot/7~bl; +http://www.semrush.com/bot.html)" "mantech8.com"
185.191.171.6 - - [08/Jan/2023:23:12:22 -0800] "GET /index.php?camp-fire%2F2445893.html HTTP/1.1" 500 - "-" "Mozilla/5.0 (compatible; SemrushBot/7~bl; +http://www.semrush.com/bot.html)" "mantech8.com"
185.191.171.24 - - [08/Jan/2023:23:13:19 -0800] "GET /?camp-fire%2F16589298.html HTTP/1.1" 500 - "-" "Mozilla/5.0 (compatible; SemrushBot/7~bl; +http://www.semrush.com/bot.html)" "mantech8.com"
157.55.39.12 - - [08/Jan/2023:23:14:29 -0800] "GET /F2si-fa7bfadd-DipRq.Ii HTTP/1.1" 404 88 "-" "Mozilla/5.0 AppleWebKit/537.36 (KHTML, like Gecko; compatible; bingbot/2.0; +http://www.bing.com/bingbot.htm) Chrome/103.0.5060.134 Safari/537.36" "www.mantech8.com"
23.129.64.138 - - [08/Jan/2023:23:14:54 -0800] "GET /contact.php HTTP/1.1" 200 29238 "http://mantech8.com/contact.php" "Mozilla/5.0 (Windows NT 6.3) AppleWebKit/537.36 (KHTML, like Gecko) Chrome/90.0.4430.72 Safari/537.36" "mantech8.com"
23.129.64.138 - - [08/Jan/2023:23:14:56 -0800] "GET /verificationimage.php?9474 HTTP/1.1" 200 1365 "http://mantech8.com/contact.php" "Mozilla/5.0 (Windows NT 6.3) AppleWebKit/537.36 (KHTML, like Gecko) Chrome/90.0.4430.72 Safari/537.36" "mantech8.com"
23.129.64.138 - - [08/Jan/2023:23:14:57 -0800] "POST /mailer.php HTTP/1.1" 500 - "http://mantech8.com/contact.php" "Mozilla/5.0 (Windows NT 6.3) AppleWebKit/537.36 (KHTML, like Gecko) Chrome/90.0.4430.72 Safari/537.36" "mantech8.com"
23.129.64.138 - - [08/Jan/2023:23:14:57 -0800] "GET /contact.php HTTP/1.1" 200 29238 "http://mantech8.com/contact.php" "Mozilla/5.0 (Windows NT 6.3) AppleWebKit/537.36 (KHTML, like Gecko) Chrome/90.0.4430.72 Safari/537.36" "mantech8.com"
185.191.171.1 - - [08/Jan/2023:23:15:00 -0800] "GET /index.php?camp-fire%2F3303698.html HTTP/1.1" 500 - "-" "Mozilla/5.0 (compatible; SemrushBot/7~bl; +http://www.semrush.com/bot.html)" "mantech8.com"
185.191.171.18 - - [08/Jan/2023:23:15:12 -0800] "GET /index.php?camp-fire%2F4220885.html HTTP/1.1" 500 - "-" "Mozilla/5.0 (compatible; SemrushBot/7~bl; +http://www.semrush.com/bot.html)" "mantech8.com"
185.191.171.33 - - [08/Jan/2023:23:15:54 -0800] "GET /?camp-fire%2F110408792.html HTTP/1.1" 500 - "-" "Mozilla/5.0 (compatible; SemrushBot/7~bl; +http://www.semrush.com/bot.html)" "mantech8.com"
185.191.171.5 - - [08/Jan/2023:23:16:23 -0800] "GET /index.php/camp-fire/15312084.html HTTP/1.1" 500 - "-" "Mozilla/5.0 (compatible; SemrushBot/7~bl; +http://www.semrush.com/bot.html)" "mantech8.com"
185.191.171.10 - - [08/Jan/2023:23:16:35 -0800] "GET /?camp-fire%2F20111687.html HTTP/1.1" 500 - "-" "Mozilla/5.0 (compatible; SemrushBot/7~bl; +http://www.semrush.com/bot.html)" "mantech8.com"
185.191.171.23 - - [08/Jan/2023:23:16:40 -0800] "GET /?camp-fire%2F12511208.html HTTP/1.1" 500 - "-" "Mozilla/5.0 (compatible; SemrushBot/7~bl; +http://www.semrush.com/bot.html)" "mantech8.com"
185.191.171.45 - - [08/Jan/2023:23:16:54 -0800] "GET /?camp-fire%2F15141356.html HTTP/1.1" 500 - "-" "Mozilla/5.0 (compatible; SemrushBot/7~bl; +http://www.semrush.com/bot.html)" "mantech8.com"
185.191.171.38 - - [08/Jan/2023:23:17:52 -0800] "GET /?camp-fire%2F15234356.html HTTP/1.1" 500 - "-" "Mozilla/5.0 (compatible; SemrushBot/7~bl; +http://www.semrush.com/bot.html)" "mantech8.com"
185.191.171.8 - - [08/Jan/2023:23:18:42 -0800] "GET /?camp-fire%2F80419474.html HTTP/1.1" 500 - "-" "Mozilla/5.0 (compatible; SemrushBot/7~bl; +http://www.semrush.com/bot.html)" "mantech8.com"
157.55.39.12 - - [08/Jan/2023:23:19:51 -0800] "GET / HTTP/1.1" 200 64809 "-" "Mozilla/5.0 (compatible; bingbot/2.0; +http://www.bing.com/bingbot.htm)" "www.mantech8.com"
185.191.171.18 - - [08/Jan/2023:23:20:05 -0800] "GET /?camp-fire%2F16274787.html HTTP/1.1" 500 - "-" "Mozilla/5.0 (compatible; SemrushBot/7~bl; +http://www.semrush.com/bot.html)" "mantech8.com"
217.138.216.246 - - [08/Jan/2023:23:20:09 -0800] "GET /wp-secure.php HTTP/1.1" 404 88 "-" "Opera/9.80 (Windows NT 6.1; WOW64) Presto/2.12.388 Version/12.18" "www.mantech8.com"
185.191.171.38 - - [08/Jan/2023:23:20:13 -0800] "GET /index.php?camp-fire%2F24291650.html HTTP/1.1" 500 - "-" "Mozilla/5.0 (compatible; SemrushBot/7~bl; +http://www.semrush.com/bot.html)" "mantech8.com"
185.191.171.2 - - [08/Jan/2023:23:20:29 -0800] "GET /?camp-fire%2F19574798.html HTTP/1.1" 500 - "-" "Mozilla/5.0 (compatible; SemrushBot/7~bl; +http://www.semrush.com/bot.html)" "mantech8.com"
217.138.216.246 - - [08/Jan/2023:23:20:44 -0800] "GET /cgi-bin/wp-secure.php HTTP/1.1" 404 88 "-" "Mozilla/5.0 (Windows NT 10.0; Win64; x64) AppleWebKit/537.36 (KHTML, like Gecko) Chrome/108.0.0.0 Safari/537.36" "www.mantech8.com"
185.191.171.9 - - [08/Jan/2023:23:20:56 -0800] "GET /?camp-fire%2F20328893.html HTTP/1.1" 500 - "-" "Mozilla/5.0 (compatible; SemrushBot/7~bl; +http://www.semrush.com/bot.html)" "mantech8.com"
217.138.216.246 - - [08/Jan/2023:23:21:21 -0800] "GET /wp-admin/wp-secure.php HTTP/1.1" 404 88 "-" "Mozilla/5.0 (Windows NT 10.0; Win64; x64) AppleWebKit/537.36 (KHTML, like Gecko) Chrome/108.0.0.0 Safari/537.36" "www.mantech8.com"
185.191.171.40 - - [08/Jan/2023:23:21:29 -0800] "GET /?camp-fire%2F16769826.html HTTP/1.1" 500 - "-" "Mozilla/5.0 (compatible; SemrushBot/7~bl; +http://www.semrush.com/bot.html)" "mantech8.com"
185.191.171.43 - - [08/Jan/2023:23:21:31 -0800] "GET /index.php?camp-fire%2F18293365.html HTTP/1.1" 500 - "-" "Mozilla/5.0 (compatible; SemrushBot/7~bl; +http://www.semrush.com/bot.html)" "mantech8.com"
185.191.171.33 - - [08/Jan/2023:23:21:34 -0800] "GET /index.php?camp-fire%2F8508021.html HTTP/1.1" 500 - "-" "Mozilla/5.0 (compatible; SemrushBot/7~bl; +http://www.semrush.com/bot.html)" "mantech8.com"
185.191.171.2 - - [08/Jan/2023:23:21:52 -0800] "GET /?camp-fire%2F15147756.html HTTP/1.1" 500 - "-" "Mozilla/5.0 (compatible; SemrushBot/7~bl; +http://www.semrush.com/bot.html)" "mantech8.com"
217.138.216.246 - - [08/Jan/2023:23:22:56 -0800] "GET /cgi-bin/wp-secure.php HTTP/1.1" 404 88 "-" "Mozilla/5.0 (Windows NT 10.0; Win64; x64; rv:108.0) Gecko/20100101 Firefox/108.0" "www.mantech8.com"
185.191.171.42 - - [08/Jan/2023:23:23:02 -0800] "GET /?camp-fire%2F29104797.html HTTP/1.1" 500 - "-" "Mozilla/5.0 (compatible; SemrushBot/7~bl; +http://www.semrush.com/bot.html)" "mantech8.com"
217.138.216.246 - - [08/Jan/2023:23:23:20 -0800] "GET /wp-secure.php HTTP/1.1" 404 88 "-" "Opera/9.80 (Windows NT 6.1; WOW64) Presto/2.12.388 Version/12.18" "www.mantech8.com"
185.191.171.35 - - [08/Jan/2023:23:23:21 -0800] "GET /?camp-fire%2F14816172.html HTTP/1.1" 500 - "-" "Mozilla/5.0 (compatible; SemrushBot/7~bl; +http://www.semrush.com/bot.html)" "mantech8.com"
185.191.171.40 - - [08/Jan/2023:23:23:48 -0800] "GET /?camp-fire%2F14003359.html HTTP/1.1" 500 - "-" "Mozilla/5.0 (compatible; SemrushBot/7~bl; +http://www.semrush.com/bot.html)" "mantech8.com"
217.138.216.246 - - [08/Jan/2023:23:23:50 -0800] "GET /wp-options.php HTTP/1.1" 404 88 "-" "Opera/9.80 (Windows NT 6.1; WOW64) Presto/2.12.388 Version/12.18" "www.mantech8.com"
185.191.171.25 - - [08/Jan/2023:23:23:50 -0800] "GET /?camp-fire%2F12480569.html HTTP/1.1" 500 - "-" "Mozilla/5.0 (compatible; SemrushBot/7~bl; +http://www.semrush.com/bot.html)" "mantech8.com"
185.191.171.23 - - [08/Jan/2023:23:24:47 -0800] "GET /?camp-fire%2F14061359.html HTTP/1.1" 500 - "-" "Mozilla/5.0 (compatible; SemrushBot/7~bl; +http://www.semrush.com/bot.html)" "mantech8.com"
185.191.171.24 - - [08/Jan/2023:23:25:08 -0800] "GET /?camp-fire%2F15407684.html HTTP/1.1" 500 - "-" "Mozilla/5.0 (compatible; SemrushBot/7~bl; +http://www.semrush.com/bot.html)" "mantech8.com"
185.191.171.36 - - [08/Jan/2023:23:25:10 -0800] "GET /index.php?camp-fire%2F30566741.html HTTP/1.1" 500 - "-" "Mozilla/5.0 (compatible; SemrushBot/7~bl; +http://www.semrush.com/bot.html)" "mantech8.com"
185.191.171.45 - - [08/Jan/2023:23:25:47 -0800] "GET /?camp-fire%2F14955872.html HTTP/1.1" 500 - "-" "Mozilla/5.0 (compatible; SemrushBot/7~bl; +http://www.semrush.com/bot.html)" "mantech8.com"
185.191.171.5 - - [08/Jan/2023:23:26:08 -0800] "GET /?camp-fire%2F16400665.html HTTP/1.1" 500 - "-" "Mozilla/5.0 (compatible; SemrushBot/7~bl; +http://www.semrush.com/bot.html)" "mantech8.com"
185.191.171.36 - - [08/Jan/2023:23:26:35 -0800] "GET /index.php?camp-fire%2F4950978.html HTTP/1.1" 500 - "-" "Mozilla/5.0 (compatible; SemrushBot/7~bl; +http://www.semrush.com/bot.html)" "mantech8.com"
207.46.13.69 - - [08/Jan/2023:23:26:59 -0800] "GET /index.php?/zysz/ HTTP/1.1" 200 72374 "-" "Mozilla/5.0 (compatible; bingbot/2.0; +http://www.bing.com/bingbot.htm)" "www.mantech8.com"
207.46.13.69 - - [08/Jan/2023:23:26:59 -0800] "GET /index.php?/category30/ HTTP/1.1" 200 65308 "-" "Mozilla/5.0 AppleWebKit/537.36 (KHTML, like Gecko; compatible; bingbot/2.0; +http://www.bing.com/bingbot.htm) Chrome/103.0.5060.134 Safari/537.36" "www.mantech8.com"
207.46.13.69 - - [08/Jan/2023:23:27:00 -0800] "GET /index.php?/fast HTTP/1.1" 200 70327 "-" "Mozilla/5.0 (compatible; bingbot/2.0; +http://www.bing.com/bingbot.htm)" "www.mantech8.com"
207.46.13.69 - - [08/Jan/2023:23:27:00 -0800] "GET /index.php?/citl_en/ HTTP/1.1" 200 69815 "-" "Mozilla/5.0 AppleWebKit/537.36 (KHTML, like Gecko; compatible; bingbot/2.0; +http://www.bing.com/bingbot.htm) Chrome/103.0.5060.134 Safari/537.36" "www.mantech8.com"
157.55.39.12 - - [08/Jan/2023:23:27:01 -0800] "GET /index.php?/20.html HTTP/1.1" 200 66356 "-" "Mozilla/5.0 AppleWebKit/537.36 (KHTML, like Gecko; compatible; bingbot/2.0; +http://www.bing.com/bingbot.htm) Chrome/103.0.5060.134 Safari/537.36" "www.mantech8.com"
157.55.39.75 - - [08/Jan/2023:23:27:01 -0800] "GET /index.php?/taiya HTTP/1.1" 200 69927 "-" "Mozilla/5.0 AppleWebKit/537.36 (KHTML, like Gecko; compatible; bingbot/2.0; +http://www.bing.com/bingbot.htm) Chrome/103.0.5060.134 Safari/537.36" "www.mantech8.com"
157.55.39.34 - - [08/Jan/2023:23:27:01 -0800] "GET /index.php?/category5/ HTTP/1.1" 200 71000 "-" "Mozilla/5.0 (compatible; bingbot/2.0; +http://www.bing.com/bingbot.htm)" "www.mantech8.com"
207.46.13.27 - - [08/Jan/2023:23:27:04 -0800] "GET /index.php?/wsbqd/ HTTP/1.1" 200 66385 "-" "Mozilla/5.0 (compatible; bingbot/2.0; +http://www.bing.com/bingbot.htm)" "www.mantech8.com"
157.55.39.34 - - [08/Jan/2023:23:27:10 -0800] "GET /index.php?:8443/cdo HTTP/1.1" 200 67173 "-" "Mozilla/5.0 (compatible; bingbot/2.0; +http://www.bing.com/bingbot.htm)" "www.mantech8.com"
157.55.39.12 - - [08/Jan/2023:23:27:15 -0800] "GET /index.php?/on-line/ HTTP/1.1" 200 66077 "-" "Mozilla/5.0 (compatible; bingbot/2.0; +http://www.bing.com/bingbot.htm)" "www.mantech8.com"
157.55.39.12 - - [08/Jan/2023:23:27:15 -0800] "GET /index.php?/2022/01 HTTP/1.1" 200 69514 "-" "Mozilla/5.0 AppleWebKit/537.36 (KHTML, like Gecko; compatible; bingbot/2.0; +http://www.bing.com/bingbot.htm) Chrome/103.0.5060.134 Safari/537.36" "www.mantech8.com"
157.55.39.75 - - [08/Jan/2023:23:27:21 -0800] "GET /index.php?/tp/ HTTP/1.1" 200 68744 "-" "Mozilla/5.0 (compatible; bingbot/2.0; +http://www.bing.com/bingbot.htm)" "www.mantech8.com"
185.191.171.2 - - [08/Jan/2023:23:27:43 -0800] "GET /?camp-fire%2F19471381.html HTTP/1.1" 500 - "-" "Mozilla/5.0 (compatible; SemrushBot/7~bl; +http://www.semrush.com/bot.html)" "mantech8.com"
185.191.171.10 - - [08/Jan/2023:23:28:54 -0800] "GET /index.php?camp-fire%2F7810142.html HTTP/1.1" 500 - "-" "Mozilla/5.0 (compatible; SemrushBot/7~bl; +http://www.semrush.com/bot.html)" "mantech8.com"
185.191.171.22 - - [08/Jan/2023:23:29:31 -0800] "GET /index.php?camp-fire%2F8132178.html HTTP/1.1" 500 - "-" "Mozilla/5.0 (compatible; SemrushBot/7~bl; +http://www.semrush.com/bot.html)" "mantech8.com"
185.191.171.43 - - [08/Jan/2023:23:30:06 -0800] "GET /?camp-fire%2F21363935.html HTTP/1.1" 500 - "-" "Mozilla/5.0 (compatible; SemrushBot/7~bl; +http://www.semrush.com/bot.html)" "mantech8.com"
185.191.171.43 - - [08/Jan/2023:23:30:11 -0800] "GET /index.php?camp-fire%2F7601321.html HTTP/1.1" 500 - "-" "Mozilla/5.0 (compatible; SemrushBot/7~bl; +http://www.semrush.com/bot.html)" "mantech8.com"
207.46.13.69 - - [08/Jan/2023:23:30:39 -0800] "GET /F2si-081f7cccdf-DihEF.Ii HTTP/1.1" 404 88 "-" "Mozilla/5.0 (compatible; bingbot/2.0; +http://www.bing.com/bingbot.htm)" "www.mantech8.com"
185.191.171.17 - - [08/Jan/2023:23:30:52 -0800] "GET /index.php?camp-fire%2F3657800.html HTTP/1.1" 500 - "-" "Mozilla/5.0 (compatible; SemrushBot/7~bl; +http://www.semrush.com/bot.html)" "mantech8.com"
207.46.13.69 - - [08/Jan/2023:23:30:58 -0800] "GET /F2si-081f7cccdf-DihEF.Ii HTTP/1.1" 404 88 "-" "Mozilla/5.0 AppleWebKit/537.36 (KHTML, like Gecko; compatible; bingbot/2.0; +http://www.bing.com/bingbot.htm) Chrome/103.0.5060.134 Safari/537.36" "www.mantech8.com"
185.191.171.19 - - [08/Jan/2023:23:32:02 -0800] "GET /index.php?camp-fire%2F6055777.html HTTP/1.1" 500 - "-" "Mozilla/5.0 (compatible; SemrushBot/7~bl; +http://www.semrush.com/bot.html)" "mantech8.com"
185.191.171.39 - - [08/Jan/2023:23:32:29 -0800] "GET /?camp-fire%2F17512427.html HTTP/1.1" 500 - "-" "Mozilla/5.0 (compatible; SemrushBot/7~bl; +http://www.semrush.com/bot.html)" "mantech8.com"
185.191.171.42 - - [08/Jan/2023:23:32:53 -0800] "GET /?camp-fire%2F2375790.html HTTP/1.1" 500 - "-" "Mozilla/5.0 (compatible; SemrushBot/7~bl; +http://www.semrush.com/bot.html)" "mantech8.com"
185.191.171.3 - - [08/Jan/2023:23:33:09 -0800] "GET /index.php?camp-fire%2F15306965.html HTTP/1.1" 500 - "-" "Mozilla/5.0 (compatible; SemrushBot/7~bl; +http://www.semrush.com/bot.html)" "mantech8.com"
185.191.171.11 - - [08/Jan/2023:23:33:46 -0800] "GET /?camp-fire%2F14556224.html HTTP/1.1" 500 - "-" "Mozilla/5.0 (compatible; SemrushBot/7~bl; +http://www.semrush.com/bot.html)" "mantech8.com"
185.191.171.17 - - [08/Jan/2023:23:34:01 -0800] "GET /index.php?camp-fire%2F4278885.html HTTP/1.1" 500 - "-" "Mozilla/5.0 (compatible; SemrushBot/7~bl; +http://www.semrush.com/bot.html)" "mantech8.com"
185.191.171.3 - - [08/Jan/2023:23:35:18 -0800] "GET /?camp-fire%2F15329784.html HTTP/1.1" 500 - "-" "Mozilla/5.0 (compatible; SemrushBot/7~bl; +http://www.semrush.com/bot.html)" "mantech8.com"
185.191.171.37 - - [08/Jan/2023:23:35:40 -0800] "GET /?camp-fire%2F11442957.html HTTP/1.1" 500 - "-" "Mozilla/5.0 (compatible; SemrushBot/7~bl; +http://www.semrush.com/bot.html)" "mantech8.com"
185.191.171.37 - - [08/Jan/2023:23:35:58 -0800] "GET /?camp-fire%2F13187121.html HTTP/1.1" 500 - "-" "Mozilla/5.0 (compatible; SemrushBot/7~bl; +http://www.semrush.com/bot.html)" "mantech8.com"
185.191.171.3 - - [08/Jan/2023:23:36:11 -0800] "GET /?camp-fire%2F15176456.html HTTP/1.1" 500 - "-" "Mozilla/5.0 (compatible; SemrushBot/7~bl; +http://www.semrush.com/bot.html)" "mantech8.com"
185.191.171.13 - - [08/Jan/2023:23:36:14 -0800] "GET /?camp-fire%2F113756672.html HTTP/1.1" 500 - "-" "Mozilla/5.0 (compatible; SemrushBot/7~bl; +http://www.semrush.com/bot.html)" "mantech8.com"
185.191.171.45 - - [08/Jan/2023:23:37:12 -0800] "GET /?camp-fire%2F23927533.html HTTP/1.1" 500 - "-" "Mozilla/5.0 (compatible; SemrushBot/7~bl; +http://www.semrush.com/bot.html)" "mantech8.com"
185.191.171.22 - - [08/Jan/2023:23:37:41 -0800] "GET /?camp-fire%2F15514946.html HTTP/1.1" 500 - "-" "Mozilla/5.0 (compatible; SemrushBot/7~bl; +http://www.semrush.com/bot.html)" "mantech8.com"
185.191.171.20 - - [08/Jan/2023:23:38:15 -0800] "GET /index.php?camp-fire%2F5386785.html HTTP/1.1" 500 - "-" "Mozilla/5.0 (compatible; SemrushBot/7~bl; +http://www.semrush.com/bot.html)" "mantech8.com"
216.244.66.241 - - [08/Jan/2023:23:38:21 -0800] "GET /robots.txt HTTP/1.1" 200 222 "-" "Mozilla/5.0 (compatible; DotBot/1.2; +https://opensiteexplorer.org/dotbot; help@moz.com)" "www.mantech8.com"
216.244.66.241 - - [08/Jan/2023:23:38:21 -0800] "GET /robots.txt HTTP/1.1" 200 222 "-" "Mozilla/5.0 (compatible; DotBot/1.2; +https://opensiteexplorer.org/dotbot; help@moz.com)" "mantech8.com"
185.191.171.1 - - [08/Jan/2023:23:38:38 -0800] "GET /index.php?camp-fire%2F7817459.html HTTP/1.1" 500 - "-" "Mozilla/5.0 (compatible; SemrushBot/7~bl; +http://www.semrush.com/bot.html)" "mantech8.com"
185.191.171.34 - - [08/Jan/2023:23:38:46 -0800] "GET /?camp-fire%2F16662865.html HTTP/1.1" 500 - "-" "Mozilla/5.0 (compatible; SemrushBot/7~bl; +http://www.semrush.com/bot.html)" "mantech8.com"
185.191.171.3 - - [08/Jan/2023:23:39:16 -0800] "GET /?camp-fire%2F23439380.html HTTP/1.1" 500 - "-" "Mozilla/5.0 (compatible; SemrushBot/7~bl; +http://www.semrush.com/bot.html)" "mantech8.com"
185.191.171.40 - - [08/Jan/2023:23:39:41 -0800] "GET /?camp-fire%2F25901276.html HTTP/1.1" 500 - "-" "Mozilla/5.0 (compatible; SemrushBot/7~bl; +http://www.semrush.com/bot.html)" "mantech8.com"
185.191.171.14 - - [08/Jan/2023:23:40:15 -0800] "GET /index.php?camp-fire%2F5671785.html HTTP/1.1" 500 - "-" "Mozilla/5.0 (compatible; SemrushBot/7~bl; +http://www.semrush.com/bot.html)" "mantech8.com"
185.191.171.6 - - [08/Jan/2023:23:40:16 -0800] "GET /?camp-fire%2F15774987.html HTTP/1.1" 500 - "-" "Mozilla/5.0 (compatible; SemrushBot/7~bl; +http://www.semrush.com/bot.html)" "mantech8.com"
185.191.171.8 - - [08/Jan/2023:23:40:55 -0800] "GET /?camp-fire%2F19200883.html HTTP/1.1" 500 - "-" "Mozilla/5.0 (compatible; SemrushBot/7~bl; +http://www.semrush.com/bot.html)" "mantech8.com"
185.191.171.40 - - [08/Jan/2023:23:40:58 -0800] "GET /index.php?camp-fire%2F1417129.html HTTP/1.1" 500 - "-" "Mozilla/5.0 (compatible; SemrushBot/7~bl; +http://www.semrush.com/bot.html)" "mantech8.com"
185.191.171.21 - - [08/Jan/2023:23:41:11 -0800] "GET /index.php?camp-fire%2F7946921.html HTTP/1.1" 500 - "-" "Mozilla/5.0 (compatible; SemrushBot/7~bl; +http://www.semrush.com/bot.html)" "mantech8.com"
185.191.171.23 - - [08/Jan/2023:23:41:19 -0800] "GET /?camp-fire%2F24553730.html HTTP/1.1" 500 - "-" "Mozilla/5.0 (compatible; SemrushBot/7~bl; +http://www.semrush.com/bot.html)" "mantech8.com"
185.191.171.4 - - [08/Jan/2023:23:41:38 -0800] "GET /?camp-fire%2F23924933.html HTTP/1.1" 500 - "-" "Mozilla/5.0 (compatible; SemrushBot/7~bl; +http://www.semrush.com/bot.html)" "mantech8.com"
185.191.171.1 - - [08/Jan/2023:23:41:55 -0800] "GET /?camp-fire%2F17538390.html HTTP/1.1" 500 - "-" "Mozilla/5.0 (compatible; SemrushBot/7~bl; +http://www.semrush.com/bot.html)" "mantech8.com"
185.191.171.20 - - [08/Jan/2023:23:41:57 -0800] "GET /?camp-fire%2F42412471.html HTTP/1.1" 500 - "-" "Mozilla/5.0 (compatible; SemrushBot/7~bl; +http://www.semrush.com/bot.html)" "mantech8.com"
185.191.171.4 - - [08/Jan/2023:23:43:08 -0800] "GET /index.php?camp-fire%2F8099421.html HTTP/1.1" 500 - "-" "Mozilla/5.0 (compatible; SemrushBot/7~bl; +http://www.semrush.com/bot.html)" "mantech8.com"
185.191.171.24 - - [08/Jan/2023:23:44:32 -0800] "GET /?camp-fire%2F47637670.html HTTP/1.1" 500 - "-" "Mozilla/5.0 (compatible; SemrushBot/7~bl; +http://www.semrush.com/bot.html)" "mantech8.com"
185.191.171.8 - - [08/Jan/2023:23:44:49 -0800] "GET /index.php?camp-fire%2F1268900.html HTTP/1.1" 500 - "-" "Mozilla/5.0 (compatible; SemrushBot/7~bl; +http://www.semrush.com/bot.html)" "mantech8.com"
104.255.175.65 - - [08/Jan/2023:23:45:15 -0800] "GET /adminer.php HTTP/1.1" 404 88 "-" "Mozilla/5.0 (X11; Fedora; Linux x86_64; rv:90.0) Gecko/20100101 Firefox/90.0" "www.mantech8.com"
185.191.171.15 - - [08/Jan/2023:23:45:45 -0800] "GET /?camp-fire%2F10949572.html HTTP/1.1" 500 - "-" "Mozilla/5.0 (compatible; SemrushBot/7~bl; +http://www.semrush.com/bot.html)" "mantech8.com"
185.191.171.4 - - [08/Jan/2023:23:45:48 -0800] "GET /index.php?camp-fire%2F4581578.html HTTP/1.1" 500 - "-" "Mozilla/5.0 (compatible; SemrushBot/7~bl; +http://www.semrush.com/bot.html)" "mantech8.com"
185.191.171.38 - - [08/Jan/2023:23:46:08 -0800] "GET /index.php?camp-fire%2F7355180.html HTTP/1.1" 500 - "-" "Mozilla/5.0 (compatible; SemrushBot/7~bl; +http://www.semrush.com/bot.html)" "mantech8.com"
185.191.171.23 - - [08/Jan/2023:23:47:51 -0800] "GET /?camp-fire%2F10530857.html HTTP/1.1" 500 - "-" "Mozilla/5.0 (compatible; SemrushBot/7~bl; +http://www.semrush.com/bot.html)" "mantech8.com"
185.191.171.25 - - [08/Jan/2023:23:47:56 -0800] "GET /index.php/camp-fire/37631878.html HTTP/1.1" 500 - "-" "Mozilla/5.0 (compatible; SemrushBot/7~bl; +http://www.semrush.com/bot.html)" "mantech8.com"
185.191.171.45 - - [08/Jan/2023:23:48:38 -0800] "GET /?camp-fire%2F15795359.html HTTP/1.1" 500 - "-" "Mozilla/5.0 (compatible; SemrushBot/7~bl; +http://www.semrush.com/bot.html)" "mantech8.com"
185.191.171.11 - - [08/Jan/2023:23:48:45 -0800] "GET /?camp-fire%2F37637778.html HTTP/1.1" 500 - "-" "Mozilla/5.0 (compatible; SemrushBot/7~bl; +http://www.semrush.com/bot.html)" "mantech8.com"
157.55.39.226 - - [08/Jan/2023:23:49:38 -0800] "GET /GVdr-bf0ceafba-vM0Iw.Ii HTTP/1.1" 404 88 "-" "Mozilla/5.0 AppleWebKit/537.36 (KHTML, like Gecko; compatible; bingbot/2.0; +http://www.bing.com/bingbot.htm) Chrome/103.0.5060.134 Safari/537.36" "www.mantech8.com"
185.191.171.5 - - [08/Jan/2023:23:49:54 -0800] "GET /index.php?camp-fire%2F1383000.html HTTP/1.1" 500 - "-" "Mozilla/5.0 (compatible; SemrushBot/7~bl; +http://www.semrush.com/bot.html)" "mantech8.com"
157.55.39.226 - - [08/Jan/2023:23:49:58 -0800] "GET /GVdr-bf0ceafba-vM0Iw.Ii HTTP/1.1" 404 88 "-" "Mozilla/5.0 (compatible; bingbot/2.0; +http://www.bing.com/bingbot.htm)" "www.mantech8.com"
185.191.171.40 - - [08/Jan/2023:23:50:21 -0800] "GET /?camp-fire%2F15277656.html HTTP/1.1" 500 - "-" "Mozilla/5.0 (compatible; SemrushBot/7~bl; +http://www.semrush.com/bot.html)" "mantech8.com"
185.191.171.20 - - [08/Jan/2023:23:50:33 -0800] "GET /?camp-fire%2F23202280.html HTTP/1.1" 500 - "-" "Mozilla/5.0 (compatible; SemrushBot/7~bl; +http://www.semrush.com/bot.html)" "mantech8.com"
185.191.171.15 - - [08/Jan/2023:23:51:00 -0800] "GET /?camp-fire%2F14239098.html HTTP/1.1" 500 - "-" "Mozilla/5.0 (compatible; SemrushBot/7~bl; +http://www.semrush.com/bot.html)" "mantech8.com"
185.191.171.44 - - [08/Jan/2023:23:51:14 -0800] "GET /robots.txt HTTP/1.1" 200 106 "-" "Mozilla/5.0 (compatible; SemrushBot/7~bl; +http://www.semrush.com/bot.html)" "mantech8.com"
185.191.171.33 - - [08/Jan/2023:23:51:14 -0800] "GET /?camp-fire%2F21630017.html HTTP/1.1" 500 - "-" "Mozilla/5.0 (compatible; SemrushBot/7~bl; +http://www.semrush.com/bot.html)" "mantech8.com"
185.191.171.34 - - [08/Jan/2023:23:51:36 -0800] "GET /?camp-fire%2F15278284.html HTTP/1.1" 500 - "-" "Mozilla/5.0 (compatible; SemrushBot/7~bl; +http://www.semrush.com/bot.html)" "mantech8.com"
194.110.203.39 - - [08/Jan/2023:23:51:45 -0800] "GET /database/localhost-db.sql.tar HTTP/1.1" 404 73 "-" "Firefox" "mantech8.com"
185.191.171.20 - - [08/Jan/2023:23:52:40 -0800] "GET /?camp-fire%2F17634980.html HTTP/1.1" 500 - "-" "Mozilla/5.0 (compatible; SemrushBot/7~bl; +http://www.semrush.com/bot.html)" "mantech8.com"
185.191.171.34 - - [08/Jan/2023:23:53:23 -0800] "GET /index.php?camp-fire%2F8075342.html HTTP/1.1" 500 - "-" "Mozilla/5.0 (compatible; SemrushBot/7~bl; +http://www.semrush.com/bot.html)" "mantech8.com"
185.191.171.9 - - [08/Jan/2023:23:54:02 -0800] "GET /?camp-fire%2F16610165.html HTTP/1.1" 500 - "-" "Mozilla/5.0 (compatible; SemrushBot/7~bl; +http://www.semrush.com/bot.html)" "mantech8.com"
114.119.132.153 - - [08/Jan/2023:23:54:12 -0800] "GET /index.php/rebeginner.xml HTTP/1.1" 200 289230 "-" "Mozilla/5.0 (Linux; Android 7.0;) AppleWebKit/537.36 (KHTML, like Gecko) Mobile Safari/537.36 (compatible; PetalBot;+https://webmaster.petalsearch.com/site/petalbot)" "mantech8.com"
185.191.171.37 - - [08/Jan/2023:23:54:18 -0800] "GET /?camp-fire%2F17567580.html HTTP/1.1" 500 - "-" "Mozilla/5.0 (compatible; SemrushBot/7~bl; +http://www.semrush.com/bot.html)" "mantech8.com"
185.191.171.26 - - [08/Jan/2023:23:54:28 -0800] "GET /?camp-fire%2F14499024.html HTTP/1.1" 500 - "-" "Mozilla/5.0 (compatible; SemrushBot/7~bl; +http://www.semrush.com/bot.html)" "mantech8.com"
185.191.171.16 - - [08/Jan/2023:23:54:29 -0800] "GET /?camp-fire%2F21857565.html HTTP/1.1" 500 - "-" "Mozilla/5.0 (compatible; SemrushBot/7~bl; +http://www.semrush.com/bot.html)" "mantech8.com"
185.191.171.33 - - [08/Jan/2023:23:54:48 -0800] "GET /index.php/camp-fire/29009533.html HTTP/1.1" 500 - "-" "Mozilla/5.0 (compatible; SemrushBot/7~bl; +http://www.semrush.com/bot.html)" "mantech8.com"
185.191.171.14 - - [08/Jan/2023:23:55:08 -0800] "GET /?camp-fire%2F14434057.html HTTP/1.1" 500 - "-" "Mozilla/5.0 (compatible; SemrushBot/7~bl; +http://www.semrush.com/bot.html)" "mantech8.com"
185.191.171.4 - - [08/Jan/2023:23:55:16 -0800] "GET /?camp-fire%2F27000751.html HTTP/1.1" 500 - "-" "Mozilla/5.0 (compatible; SemrushBot/7~bl; +http://www.semrush.com/bot.html)" "mantech8.com"
185.191.171.13 - - [08/Jan/2023:23:56:04 -0800] "GET /?camp-fire%2F24696235.html HTTP/1.1" 500 - "-" "Mozilla/5.0 (compatible; SemrushBot/7~bl; +http://www.semrush.com/bot.html)" "mantech8.com"
185.191.171.15 - - [08/Jan/2023:23:56:52 -0800] "GET /?camp-fire%2F18903383.html HTTP/1.1" 500 - "-" "Mozilla/5.0 (compatible; SemrushBot/7~bl; +http://www.semrush.com/bot.html)" "mantech8.com"
185.191.171.11 - - [08/Jan/2023:23:57:18 -0800] "GET /?camp-fire%2F20717255.html HTTP/1.1" 500 - "-" "Mozilla/5.0 (compatible; SemrushBot/7~bl; +http://www.semrush.com/bot.html)" "mantech8.com"
185.191.171.7 - - [08/Jan/2023:23:57:27 -0800] "GET /?camp-fire%2F11208253.html HTTP/1.1" 500 - "-" "Mozilla/5.0 (compatible; SemrushBot/7~bl; +http://www.semrush.com/bot.html)" "mantech8.com"
185.191.171.17 - - [08/Jan/2023:23:57:59 -0800] "GET /?camp-fire%2F13916359.html HTTP/1.1" 500 - "-" "Mozilla/5.0 (compatible; SemrushBot/7~bl; +http://www.semrush.com/bot.html)" "mantech8.com"
185.191.171.37 - - [08/Jan/2023:23:58:20 -0800] "GET /?camp-fire%2F17244326.html HTTP/1.1" 500 - "-" "Mozilla/5.0 (compatible; SemrushBot/7~bl; +http://www.semrush.com/bot.html)" "mantech8.com"
185.191.171.12 - - [08/Jan/2023:23:58:27 -0800] "GET /index.php?camp-fire%2F7670208.html HTTP/1.1" 500 - "-" "Mozilla/5.0 (compatible; SemrushBot/7~bl; +http://www.semrush.com/bot.html)" "mantech8.com"
185.191.171.37 - - [08/Jan/2023:23:58:54 -0800] "GET /?camp-fire%2F24127178.html HTTP/1.1" 500 - "-" "Mozilla/5.0 (compatible; SemrushBot/7~bl; +http://www.semrush.com/bot.html)" "mantech8.com"
185.191.171.1 - - [08/Jan/2023:23:59:14 -0800] "GET /?camp-fire%2F12147553.html HTTP/1.1" 500 - "-" "Mozilla/5.0 (compatible; SemrushBot/7~bl; +http://www.semrush.com/bot.html)" "mantech8.com"
185.191.171.39 - - [08/Jan/2023:23:59:36 -0800] "GET /index.php/camp-fire/27693809.html HTTP/1.1" 500 - "-" "Mozilla/5.0 (compatible; SemrushBot/7~bl; +http://www.semrush.com/bot.html)" "mantech8.com"
185.191.171.1 - - [09/Jan/2023:00:00:25 -0800] "GET /index.php?camp-fire%2F5629985.html HTTP/1.1" 500 - "-" "Mozilla/5.0 (compatible; SemrushBot/7~bl; +http://www.semrush.com/bot.html)" "mantech8.com"
46.3.197.37 - - [09/Jan/2023:00:01:00 -0800] "GET /contact.php HTTP/1.1" 200 29238 "http://mantech8.com/contact.php" "Mozilla/5.0 (Windows NT 10.0; WOW64) AppleWebKit/537.36 (KHTML, like Gecko) Chrome/90.0.4400.8 Safari/537.36" "mantech8.com"
46.3.197.37 - - [09/Jan/2023:00:01:01 -0800] "GET /verificationimage.php?8710 HTTP/1.1" 200 1386 "http://mantech8.com/contact.php" "Mozilla/5.0 (Windows NT 10.0; WOW64) AppleWebKit/537.36 (KHTML, like Gecko) Chrome/90.0.4400.8 Safari/537.36" "mantech8.com"
46.3.197.37 - - [09/Jan/2023:00:01:02 -0800] "POST /mailer.php HTTP/1.1" 500 - "http://mantech8.com/contact.php" "Mozilla/5.0 (Windows NT 10.0; WOW64) AppleWebKit/537.36 (KHTML, like Gecko) Chrome/90.0.4400.8 Safari/537.36" "mantech8.com"
104.255.175.65 - - [09/Jan/2023:00:01:11 -0800] "GET /adminer.php HTTP/1.1" 404 88 "-" "Mozilla/5.0 (X11; Fedora; Linux x86_64; rv:90.0) Gecko/20100101 Firefox/90.0" "www.mantech8.com"
46.3.199.53 - - [09/Jan/2023:00:01:27 -0800] "GET /contact.php HTTP/1.1" 200 29238 "http://mantech8.com/contact.php" "Mozilla/5.0 (Windows NT 6.1; Win64; x64) AppleWebKit/537.36 (KHTML, like Gecko) Chrome/90.0.4430.93 Safari/537.36" "mantech8.com"
46.3.199.53 - - [09/Jan/2023:00:01:28 -0800] "GET /verificationimage.php?1233 HTTP/1.1" 200 1368 "http://mantech8.com/contact.php" "Mozilla/5.0 (Windows NT 6.1; Win64; x64) AppleWebKit/537.36 (KHTML, like Gecko) Chrome/90.0.4430.93 Safari/537.36" "mantech8.com"
46.3.199.53 - - [09/Jan/2023:00:01:28 -0800] "POST /mailer.php HTTP/1.1" 500 - "http://mantech8.com/contact.php" "Mozilla/5.0 (Windows NT 6.1; Win64; x64) AppleWebKit/537.36 (KHTML, like Gecko) Chrome/90.0.4430.93 Safari/537.36" "mantech8.com"
185.191.171.43 - - [09/Jan/2023:00:02:49 -0800] "GET /?camp-fire%2F14723424.html HTTP/1.1" 500 - "-" "Mozilla/5.0 (compatible; SemrushBot/7~bl; +http://www.semrush.com/bot.html)" "mantech8.com"
185.191.171.8 - - [09/Jan/2023:00:03:53 -0800] "GET /?camp-fire%2F54992178.html HTTP/1.1" 500 - "-" "Mozilla/5.0 (compatible; SemrushBot/7~bl; +http://www.semrush.com/bot.html)" "mantech8.com"
185.191.171.23 - - [09/Jan/2023:00:04:08 -0800] "GET /index.php?camp-fire%2F7292580.html HTTP/1.1" 500 - "-" "Mozilla/5.0 (compatible; SemrushBot/7~bl; +http://www.semrush.com/bot.html)" "mantech8.com"
185.191.171.10 - - [09/Jan/2023:00:04:41 -0800] "GET /?camp-fire%2F22521580.html HTTP/1.1" 500 - "-" "Mozilla/5.0 (compatible; SemrushBot/7~bl; +http://www.semrush.com/bot.html)" "mantech8.com"
207.46.13.82 - - [09/Jan/2023:00:04:55 -0800] "GET /sitemapnewindex.xml HTTP/1.1" 404 88 "-" "Mozilla/5.0 (compatible; bingbot/2.0; +http://www.bing.com/bingbot.htm)" "mantech8.com"
185.191.171.15 - - [09/Jan/2023:00:05:17 -0800] "GET /index.php?camp-fire%2F25006824.html HTTP/1.1" 500 - "-" "Mozilla/5.0 (compatible; SemrushBot/7~bl; +http://www.semrush.com/bot.html)" "mantech8.com"
185.191.171.35 - - [09/Jan/2023:00:05:20 -0800] "GET /index.php/camp-fire/31983806.html HTTP/1.1" 500 - "-" "Mozilla/5.0 (compatible; SemrushBot/7~bl; +http://www.semrush.com/bot.html)" "mantech8.com"
185.191.171.19 - - [09/Jan/2023:00:05:51 -0800] "GET /?camp-fire%2F20588642.html HTTP/1.1" 500 - "-" "Mozilla/5.0 (compatible; SemrushBot/7~bl; +http://www.semrush.com/bot.html)" "mantech8.com"
185.191.171.35 - - [09/Jan/2023:00:05:55 -0800] "GET /?camp-fire%2F15311084.html HTTP/1.1" 500 - "-" "Mozilla/5.0 (compatible; SemrushBot/7~bl; +http://www.semrush.com/bot.html)" "mantech8.com"
185.191.171.23 - - [09/Jan/2023:00:07:00 -0800] "GET /index.php?camp-fire%2F1203098.html HTTP/1.1" 500 - "-" "Mozilla/5.0 (compatible; SemrushBot/7~bl; +http://www.semrush.com/bot.html)" "mantech8.com"
185.191.171.35 - - [09/Jan/2023:00:07:10 -0800] "GET /?camp-fire%2F14197853.html HTTP/1.1" 500 - "-" "Mozilla/5.0 (compatible; SemrushBot/7~bl; +http://www.semrush.com/bot.html)" "mantech8.com"
185.191.171.25 - - [09/Jan/2023:00:07:23 -0800] "GET /?camp-fire%2F24030933.html HTTP/1.1" 500 - "-" "Mozilla/5.0 (compatible; SemrushBot/7~bl; +http://www.semrush.com/bot.html)" "mantech8.com"
185.191.171.23 - - [09/Jan/2023:00:08:40 -0800] "GET /index.php?camp-fire%2F8318398.html HTTP/1.1" 500 - "-" "Mozilla/5.0 (compatible; SemrushBot/7~bl; +http://www.semrush.com/bot.html)" "mantech8.com"
185.191.171.5 - - [09/Jan/2023:00:09:22 -0800] "GET /?camp-fire%2F15758972.html HTTP/1.1" 500 - "-" "Mozilla/5.0 (compatible; SemrushBot/7~bl; +http://www.semrush.com/bot.html)" "mantech8.com"
185.191.171.7 - - [09/Jan/2023:00:10:03 -0800] "GET /?camp-fire%2F14168890.html HTTP/1.1" 500 - "-" "Mozilla/5.0 (compatible; SemrushBot/7~bl; +http://www.semrush.com/bot.html)" "mantech8.com"
185.191.171.35 - - [09/Jan/2023:00:10:09 -0800] "GET /?camp-fire%2F16467157.html HTTP/1.1" 500 - "-" "Mozilla/5.0 (compatible; SemrushBot/7~bl; +http://www.semrush.com/bot.html)" "mantech8.com"
185.191.171.14 - - [09/Jan/2023:00:10:16 -0800] "GET /index.php?camp-fire%2F3314700.html HTTP/1.1" 500 - "-" "Mozilla/5.0 (compatible; SemrushBot/7~bl; +http://www.semrush.com/bot.html)" "mantech8.com"
185.191.171.34 - - [09/Jan/2023:00:10:21 -0800] "GET /?camp-fire%2F16091557.html HTTP/1.1" 500 - "-" "Mozilla/5.0 (compatible; SemrushBot/7~bl; +http://www.semrush.com/bot.html)" "mantech8.com"
185.191.171.45 - - [09/Jan/2023:00:10:44 -0800] "GET /index.php/camp-fire/46475572.html HTTP/1.1" 500 - "-" "Mozilla/5.0 (compatible; SemrushBot/7~bl; +http://www.semrush.com/bot.html)" "mantech8.com"
185.191.171.33 - - [09/Jan/2023:00:11:04 -0800] "GET /?camp-fire%2F24644730.html HTTP/1.1" 500 - "-" "Mozilla/5.0 (compatible; SemrushBot/7~bl; +http://www.semrush.com/bot.html)" "mantech8.com"
185.191.171.41 - - [09/Jan/2023:00:11:14 -0800] "GET /?camp-fire%2F14822578.html HTTP/1.1" 500 - "-" "Mozilla/5.0 (compatible; SemrushBot/7~bl; +http://www.semrush.com/bot.html)" "mantech8.com"
185.191.171.34 - - [09/Jan/2023:00:11:36 -0800] "GET /?camp-fire%2F11221590.html HTTP/1.1" 500 - "-" "Mozilla/5.0 (compatible; SemrushBot/7~bl; +http://www.semrush.com/bot.html)" "mantech8.com"
20.98.229.17 - - [09/Jan/2023:00:12:03 -0800] "GET /wp-admin/css/ HTTP/1.1" 404 88 "binance.com" "Mozilla/5.0 (Windows NT 10.0; Win64; x64) AppleWebKit/537.36 (KHTML, like Gecko) Chrome/90.0.4430.85 Safari/537.36" "mantech8.com"
20.98.229.17 - - [09/Jan/2023:00:12:09 -0800] "GET /sites/default/files/ HTTP/1.1" 404 88 "binance.com" "Mozilla/5.0 (Windows NT 10.0; Win64; x64) AppleWebKit/537.36 (KHTML, like Gecko) Chrome/90.0.4430.85 Safari/537.36" "mantech8.com"
20.98.229.17 - - [09/Jan/2023:00:12:12 -0800] "GET /admin/controller/extension/extension/ HTTP/1.1" 404 88 "binance.com" "Mozilla/5.0 (Windows NT 10.0; Win64; x64) AppleWebKit/537.36 (KHTML, like Gecko) Chrome/90.0.4430.85 Safari/537.36" "mantech8.com"
20.98.229.17 - - [09/Jan/2023:00:12:15 -0800] "GET /uploads/ HTTP/1.1" 404 88 "binance.com" "Mozilla/5.0 (Windows NT 10.0; Win64; x64) AppleWebKit/537.36 (KHTML, like Gecko) Chrome/90.0.4430.85 Safari/537.36" "mantech8.com"
20.98.229.17 - - [09/Jan/2023:00:12:18 -0800] "GET /images/ HTTP/1.1" 200 6505 "binance.com" "Mozilla/5.0 (Windows NT 10.0; Win64; x64) AppleWebKit/537.36 (KHTML, like Gecko) Chrome/90.0.4430.85 Safari/537.36" "mantech8.com"
20.98.229.17 - - [09/Jan/2023:00:12:23 -0800] "GET /images/ HTTP/1.1" 200 6505 "binance.com" "Mozilla/5.0 (Windows NT 10.0; Win64; x64) AppleWebKit/537.36 (KHTML, like Gecko) Chrome/90.0.4430.85 Safari/537.36" "mantech8.com"
20.98.229.17 - - [09/Jan/2023:00:12:39 -0800] "GET /images/db_table_exists.lib.php HTTP/1.1" 200 32 "binance.com" "Mozilla/5.0 (Windows NT 10.0; Win64; x64) AppleWebKit/537.36 (KHTML, like Gecko) Chrome/90.0.4430.85 Safari/537.36" "mantech8.com"
185.191.171.26 - - [09/Jan/2023:00:12:46 -0800] "GET /?camp-fire%2F17627826.html HTTP/1.1" 500 - "-" "Mozilla/5.0 (compatible; SemrushBot/7~bl; +http://www.semrush.com/bot.html)" "mantech8.com"
20.98.229.17 - - [09/Jan/2023:00:12:53 -0800] "GET /files/ HTTP/1.1" 404 88 "binance.com" "Mozilla/5.0 (Windows NT 10.0; Win64; x64) AppleWebKit/537.36 (KHTML, like Gecko) Chrome/90.0.4430.85 Safari/537.36" "mantech8.com"
157.55.39.34 - - [09/Jan/2023:00:14:06 -0800] "GET /F2si-65eb-DiszP.Ii HTTP/1.1" 404 88 "-" "Mozilla/5.0 AppleWebKit/537.36 (KHTML, like Gecko; compatible; bingbot/2.0; +http://www.bing.com/bingbot.htm) Chrome/103.0.5060.134 Safari/537.36" "www.mantech8.com"
185.191.171.4 - - [09/Jan/2023:00:14:16 -0800] "GET /?camp-fire%2F109744403.html HTTP/1.1" 500 - "-" "Mozilla/5.0 (compatible; SemrushBot/7~bl; +http://www.semrush.com/bot.html)" "mantech8.com"
185.191.171.36 - - [09/Jan/2023:00:14:22 -0800] "GET /index.php?camp-fire%2F8693008.html HTTP/1.1" 500 - "-" "Mozilla/5.0 (compatible; SemrushBot/7~bl; +http://www.semrush.com/bot.html)" "mantech8.com"
185.191.171.33 - - [09/Jan/2023:00:14:23 -0800] "GET /index.php?camp-fire%2F1129369.html HTTP/1.1" 500 - "-" "Mozilla/5.0 (compatible; SemrushBot/7~bl; +http://www.semrush.com/bot.html)" "mantech8.com"
185.191.171.25 - - [09/Jan/2023:00:14:24 -0800] "GET /?camp-fire%2F23945733.html HTTP/1.1" 500 - "-" "Mozilla/5.0 (compatible; SemrushBot/7~bl; +http://www.semrush.com/bot.html)" "mantech8.com"
114.119.149.89 - - [09/Jan/2023:00:14:30 -0800] "GET /index.php/takiko.xml HTTP/1.1" 200 289405 "-" "Mozilla/5.0 (Linux; Android 7.0;) AppleWebKit/537.36 (KHTML, like Gecko) Mobile Safari/537.36 (compatible; PetalBot;+https://webmaster.petalsearch.com/site/petalbot)" "mantech8.com"
185.191.171.23 - - [09/Jan/2023:00:14:36 -0800] "GET /index.php?camp-fire%2F7786642.html HTTP/1.1" 500 - "-" "Mozilla/5.0 (compatible; SemrushBot/7~bl; +http://www.semrush.com/bot.html)" "mantech8.com"
185.191.171.39 - - [09/Jan/2023:00:15:12 -0800] "GET /?camp-fire%2F15434383.html HTTP/1.1" 500 - "-" "Mozilla/5.0 (compatible; SemrushBot/7~bl; +http://www.semrush.com/bot.html)" "mantech8.com"
185.191.171.5 - - [09/Jan/2023:00:15:35 -0800] "GET /?camp-fire%2F17332253.html HTTP/1.1" 500 - "-" "Mozilla/5.0 (compatible; SemrushBot/7~bl; +http://www.semrush.com/bot.html)" "mantech8.com"
185.191.171.26 - - [09/Jan/2023:00:16:06 -0800] "GET /?camp-fire%2F10218596.html HTTP/1.1" 500 - "-" "Mozilla/5.0 (compatible; SemrushBot/7~bl; +http://www.semrush.com/bot.html)" "mantech8.com"
185.191.171.16 - - [09/Jan/2023:00:16:20 -0800] "GET /index.php?camp-fire%2F8682642.html HTTP/1.1" 500 - "-" "Mozilla/5.0 (compatible; SemrushBot/7~bl; +http://www.semrush.com/bot.html)" "mantech8.com"
185.191.171.43 - - [09/Jan/2023:00:16:34 -0800] "GET /index.php?camp-fire%2F5867355.html HTTP/1.1" 500 - "-" "Mozilla/5.0 (compatible; SemrushBot/7~bl; +http://www.semrush.com/bot.html)" "mantech8.com"
41.216.202.95 - - [09/Jan/2023:00:16:34 -0800] "GET /contact.php HTTP/1.1" 200 29237 "-" "Mozilla/5.0 (Windows NT 10.0; Win64; x64; rv:102.0) Gecko/20100101 Firefox/102.0" "mantech8.com"
185.191.171.21 - - [09/Jan/2023:00:16:35 -0800] "GET /?camp-fire%2F23598406.html HTTP/1.1" 500 - "-" "Mozilla/5.0 (compatible; SemrushBot/7~bl; +http://www.semrush.com/bot.html)" "mantech8.com"
207.46.13.69 - - [09/Jan/2023:00:18:23 -0800] "GET /index.php?/about HTTP/1.1" 200 61202 "-" "Mozilla/5.0 (compatible; bingbot/2.0; +http://www.bing.com/bingbot.htm)" "mantech8.com"
207.46.13.69 - - [09/Jan/2023:00:18:24 -0800] "GET /?/zsxx/crjy.htm HTTP/1.1" 200 67416 "-" "Mozilla/5.0 AppleWebKit/537.36 (KHTML, like Gecko; compatible; bingbot/2.0; +http://www.bing.com/bingbot.htm) Chrome/103.0.5060.134 Safari/537.36" "mantech8.com"
207.46.13.69 - - [09/Jan/2023:00:18:24 -0800] "GET /?/zcfg/5072.htm HTTP/1.1" 200 62493 "-" "Mozilla/5.0 (compatible; bingbot/2.0; +http://www.bing.com/bingbot.htm)" "mantech8.com"
207.46.13.69 - - [09/Jan/2023:00:18:25 -0800] "GET /?/togisen2021/ HTTP/1.1" 200 68464 "-" "Mozilla/5.0 AppleWebKit/537.36 (KHTML, like Gecko; compatible; bingbot/2.0; +http://www.bing.com/bingbot.htm) Chrome/103.0.5060.134 Safari/537.36" "mantech8.com"
207.46.13.69 - - [09/Jan/2023:00:18:25 -0800] "GET /?/shkx/4633.html HTTP/1.1" 200 63415 "-" "Mozilla/5.0 (compatible; bingbot/2.0; +http://www.bing.com/bingbot.htm)" "mantech8.com"
207.46.13.69 - - [09/Jan/2023:00:18:26 -0800] "GET /?/new_post/ HTTP/1.1" 200 58419 "-" "Mozilla/5.0 (compatible; bingbot/2.0; +http://www.bing.com/bingbot.htm)" "mantech8.com"
157.55.39.195 - - [09/Jan/2023:00:18:27 -0800] "GET /?/xsjl.htm HTTP/1.1" 200 63904 "-" "Mozilla/5.0 (compatible; bingbot/2.0; +http://www.bing.com/bingbot.htm)" "mantech8.com"
157.55.39.34 - - [09/Jan/2023:00:18:28 -0800] "GET /?/product/157640 HTTP/1.1" 200 62094 "-" "Mozilla/5.0 AppleWebKit/537.36 (KHTML, like Gecko; compatible; bingbot/2.0; +http://www.bing.com/bingbot.htm) Chrome/103.0.5060.134 Safari/537.36" "mantech8.com"
157.55.39.34 - - [09/Jan/2023:00:18:29 -0800] "GET /?/page/5/ HTTP/1.1" 200 63922 "-" "Mozilla/5.0 (compatible; bingbot/2.0; +http://www.bing.com/bingbot.htm)" "mantech8.com"
157.55.39.34 - - [09/Jan/2023:00:18:29 -0800] "GET /?/category/ddjs HTTP/1.1" 200 67729 "-" "Mozilla/5.0 AppleWebKit/537.36 (KHTML, like Gecko; compatible; bingbot/2.0; +http://www.bing.com/bingbot.htm) Chrome/103.0.5060.134 Safari/537.36" "mantech8.com"
157.55.39.34 - - [09/Jan/2023:00:18:29 -0800] "GET /?/35.html HTTP/1.1" 200 58667 "-" "Mozilla/5.0 AppleWebKit/537.36 (KHTML, like Gecko; compatible; bingbot/2.0; +http://www.bing.com/bingbot.htm) Chrome/103.0.5060.134 Safari/537.36" "mantech8.com"
157.55.39.34 - - [09/Jan/2023:00:18:30 -0800] "GET /?/category/blog/ HTTP/1.1" 200 61567 "-" "Mozilla/5.0 (compatible; bingbot/2.0; +http://www.bing.com/bingbot.htm)" "mantech8.com"
157.55.39.195 - - [09/Jan/2023:00:18:37 -0800] "GET /?/kjkx/htjssy/ HTTP/1.1" 200 59956 "-" "Mozilla/5.0 AppleWebKit/537.36 (KHTML, like Gecko; compatible; bingbot/2.0; +http://www.bing.com/bingbot.htm) Chrome/103.0.5060.134 Safari/537.36" "mantech8.com"
185.191.171.7 - - [09/Jan/2023:00:19:51 -0800] "GET /?camp-fire%2F16623365.html HTTP/1.1" 500 - "-" "Mozilla/5.0 (compatible; SemrushBot/7~bl; +http://www.semrush.com/bot.html)" "mantech8.com"
185.191.171.43 - - [09/Jan/2023:00:20:21 -0800] "GET /index.php?camp-fire%2F7918485.html HTTP/1.1" 500 - "-" "Mozilla/5.0 (compatible; SemrushBot/7~bl; +http://www.semrush.com/bot.html)" "mantech8.com"
185.191.171.16 - - [09/Jan/2023:00:21:45 -0800] "GET /index.php?camp-fire%2F7798242.html HTTP/1.1" 500 - "-" "Mozilla/5.0 (compatible; SemrushBot/7~bl; +http://www.semrush.com/bot.html)" "mantech8.com"
185.191.171.43 - - [09/Jan/2023:00:21:51 -0800] "GET /?camp-fire%2F24414890.html HTTP/1.1" 500 - "-" "Mozilla/5.0 (compatible; SemrushBot/7~bl; +http://www.semrush.com/bot.html)" "mantech8.com"
185.191.171.25 - - [09/Jan/2023:00:21:54 -0800] "GET /?camp-fire%2F14787487.html HTTP/1.1" 500 - "-" "Mozilla/5.0 (compatible; SemrushBot/7~bl; +http://www.semrush.com/bot.html)" "mantech8.com"
185.191.171.11 - - [09/Jan/2023:00:22:25 -0800] "GET /?camp-fire%2F19363783.html HTTP/1.1" 500 - "-" "Mozilla/5.0 (compatible; SemrushBot/7~bl; +http://www.semrush.com/bot.html)" "mantech8.com"
185.191.171.24 - - [09/Jan/2023:00:22:33 -0800] "GET /index.php?camp-fire%2F27034582.html HTTP/1.1" 500 - "-" "Mozilla/5.0 (compatible; SemrushBot/7~bl; +http://www.semrush.com/bot.html)" "mantech8.com"
185.191.171.3 - - [09/Jan/2023:00:22:42 -0800] "GET /?camp-fire%2F11485109.html HTTP/1.1" 500 - "-" "Mozilla/5.0 (compatible; SemrushBot/7~bl; +http://www.semrush.com/bot.html)" "mantech8.com"
185.191.171.16 - - [09/Jan/2023:00:23:09 -0800] "GET /?camp-fire%2F21812874.html HTTP/1.1" 500 - "-" "Mozilla/5.0 (compatible; SemrushBot/7~bl; +http://www.semrush.com/bot.html)" "mantech8.com"
185.191.171.16 - - [09/Jan/2023:00:23:11 -0800] "GET /?camp-fire%2F16420369.html HTTP/1.1" 500 - "-" "Mozilla/5.0 (compatible; SemrushBot/7~bl; +http://www.semrush.com/bot.html)" "mantech8.com"
185.191.171.13 - - [09/Jan/2023:00:23:40 -0800] "GET /?camp-fire%2F17521365.html HTTP/1.1" 500 - "-" "Mozilla/5.0 (compatible; SemrushBot/7~bl; +http://www.semrush.com/bot.html)" "mantech8.com"
185.191.171.15 - - [09/Jan/2023:00:24:10 -0800] "GET /?camp-fire%2F15273956.html HTTP/1.1" 500 - "-" "Mozilla/5.0 (compatible; SemrushBot/7~bl; +http://www.semrush.com/bot.html)" "mantech8.com"
185.191.171.1 - - [09/Jan/2023:00:24:43 -0800] "GET /?camp-fire%2F15712887.html HTTP/1.1" 500 - "-" "Mozilla/5.0 (compatible; SemrushBot/7~bl; +http://www.semrush.com/bot.html)" "mantech8.com"
185.191.171.22 - - [09/Jan/2023:00:24:59 -0800] "GET /?camp-fire%2F12385409.html HTTP/1.1" 500 - "-" "Mozilla/5.0 (compatible; SemrushBot/7~bl; +http://www.semrush.com/bot.html)" "mantech8.com"
185.191.171.1 - - [09/Jan/2023:00:25:10 -0800] "GET /?camp-fire%2F29410983.html HTTP/1.1" 500 - "-" "Mozilla/5.0 (compatible; SemrushBot/7~bl; +http://www.semrush.com/bot.html)" "mantech8.com"
185.191.171.45 - - [09/Jan/2023:00:26:04 -0800] "GET /?camp-fire%2F16747426.html HTTP/1.1" 500 - "-" "Mozilla/5.0 (compatible; SemrushBot/7~bl; +http://www.semrush.com/bot.html)" "mantech8.com"
185.191.171.15 - - [09/Jan/2023:00:26:12 -0800] "GET /index.php/camp-fire/7268180.html HTTP/1.1" 500 - "-" "Mozilla/5.0 (compatible; SemrushBot/7~bl; +http://www.semrush.com/bot.html)" "mantech8.com"
185.191.171.7 - - [09/Jan/2023:00:26:20 -0800] "GET /?camp-fire%2F10733183.html HTTP/1.1" 500 - "-" "Mozilla/5.0 (compatible; SemrushBot/7~bl; +http://www.semrush.com/bot.html)" "mantech8.com"
185.191.171.45 - - [09/Jan/2023:00:27:07 -0800] "GET /index.php?camp-fire%2F4483085.html HTTP/1.1" 500 - "-" "Mozilla/5.0 (compatible; SemrushBot/7~bl; +http://www.semrush.com/bot.html)" "mantech8.com"
