185.191.171.38 - - [05/Jan/2023:16:00:35 -0800] "GET /?camp-fire%2F36225650.html HTTP/1.1" 500 - "-" "Mozilla/5.0 (compatible; SemrushBot/7~bl; +http://www.semrush.com/bot.html)" "mantech8.com"
185.191.171.38 - - [05/Jan/2023:16:01:00 -0800] "GET /?camp-fire%2F13912259.html HTTP/1.1" 500 - "-" "Mozilla/5.0 (compatible; SemrushBot/7~bl; +http://www.semrush.com/bot.html)" "mantech8.com"
185.191.171.20 - - [05/Jan/2023:16:01:04 -0800] "GET /?camp-fire%2F19003532.html HTTP/1.1" 500 - "-" "Mozilla/5.0 (compatible; SemrushBot/7~bl; +http://www.semrush.com/bot.html)" "mantech8.com"
114.119.134.156 - - [05/Jan/2023:16:01:26 -0800] "GET /sitemap431.xml HTTP/1.1" 404 88 "-" "Mozilla/5.0 (Linux; Android 7.0;) AppleWebKit/537.36 (KHTML, like Gecko) Mobile Safari/537.36 (compatible; PetalBot;+https://webmaster.petalsearch.com/site/petalbot)" "mantech8.com"
185.191.171.44 - - [05/Jan/2023:16:01:32 -0800] "GET /?camp-fire%2F13924659.html HTTP/1.1" 500 - "-" "Mozilla/5.0 (compatible; SemrushBot/7~bl; +http://www.semrush.com/bot.html)" "mantech8.com"
185.191.171.11 - - [05/Jan/2023:16:02:31 -0800] "GET /?camp-fire%2F110691125.html HTTP/1.1" 500 - "-" "Mozilla/5.0 (compatible; SemrushBot/7~bl; +http://www.semrush.com/bot.html)" "mantech8.com"
185.191.171.9 - - [05/Jan/2023:16:03:34 -0800] "GET /index.php?camp-fire%2F4771055.html HTTP/1.1" 500 - "-" "Mozilla/5.0 (compatible; SemrushBot/7~bl; +http://www.semrush.com/bot.html)" "mantech8.com"
185.191.171.38 - - [05/Jan/2023:16:03:47 -0800] "GET /?camp-fire%2F19961632.html HTTP/1.1" 500 - "-" "Mozilla/5.0 (compatible; SemrushBot/7~bl; +http://www.semrush.com/bot.html)" "mantech8.com"
185.191.171.39 - - [05/Jan/2023:16:03:59 -0800] "GET /?camp-fire%2F28177970.html HTTP/1.1" 500 - "-" "Mozilla/5.0 (compatible; SemrushBot/7~bl; +http://www.semrush.com/bot.html)" "mantech8.com"
185.191.171.38 - - [05/Jan/2023:16:05:15 -0800] "GET /index.php?camp-fire%2F8380100.html HTTP/1.1" 500 - "-" "Mozilla/5.0 (compatible; SemrushBot/7~bl; +http://www.semrush.com/bot.html)" "mantech8.com"
185.191.171.35 - - [05/Jan/2023:16:07:16 -0800] "GET /?camp-fire%2F15318765.html HTTP/1.1" 500 - "-" "Mozilla/5.0 (compatible; SemrushBot/7~bl; +http://www.semrush.com/bot.html)" "mantech8.com"
185.191.171.40 - - [05/Jan/2023:16:08:11 -0800] "GET /index.php/camp-fire/2483193.html HTTP/1.1" 500 - "-" "Mozilla/5.0 (compatible; SemrushBot/7~bl; +http://www.semrush.com/bot.html)" "mantech8.com"
185.191.171.43 - - [05/Jan/2023:16:09:12 -0800] "GET /?camp-fire%2F15742387.html HTTP/1.1" 500 - "-" "Mozilla/5.0 (compatible; SemrushBot/7~bl; +http://www.semrush.com/bot.html)" "mantech8.com"
185.191.171.5 - - [05/Jan/2023:16:09:40 -0800] "GET /index.php?camp-fire%2F8597621.html HTTP/1.1" 500 - "-" "Mozilla/5.0 (compatible; SemrushBot/7~bl; +http://www.semrush.com/bot.html)" "mantech8.com"
185.191.171.4 - - [05/Jan/2023:16:09:50 -0800] "GET /?camp-fire%2F16192385.html HTTP/1.1" 500 - "-" "Mozilla/5.0 (compatible; SemrushBot/7~bl; +http://www.semrush.com/bot.html)" "mantech8.com"
185.191.171.10 - - [05/Jan/2023:16:10:02 -0800] "GET /?camp-fire%2F19114132.html HTTP/1.1" 500 - "-" "Mozilla/5.0 (compatible; SemrushBot/7~bl; +http://www.semrush.com/bot.html)" "mantech8.com"
185.191.171.7 - - [05/Jan/2023:16:10:03 -0800] "GET /index.php/camp-fire/25676230.html HTTP/1.1" 500 - "-" "Mozilla/5.0 (compatible; SemrushBot/7~bl; +http://www.semrush.com/bot.html)" "mantech8.com"
185.191.171.3 - - [05/Jan/2023:16:11:24 -0800] "GET /?camp-fire%2F16615156.html HTTP/1.1" 500 - "-" "Mozilla/5.0 (compatible; SemrushBot/7~bl; +http://www.semrush.com/bot.html)" "mantech8.com"
185.191.171.33 - - [05/Jan/2023:16:11:41 -0800] "GET /?camp-fire%2F74510227.html HTTP/1.1" 500 - "-" "Mozilla/5.0 (compatible; SemrushBot/7~bl; +http://www.semrush.com/bot.html)" "mantech8.com"
185.191.171.1 - - [05/Jan/2023:16:12:31 -0800] "GET /index.php/camp-fire/28433964.html HTTP/1.1" 500 - "-" "Mozilla/5.0 (compatible; SemrushBot/7~bl; +http://www.semrush.com/bot.html)" "mantech8.com"
118.184.177.1 - - [05/Jan/2023:16:12:56 -0800] "GET / HTTP/1.1" 500 - "-" "Sogou web spider/4.0(+http://www.sogou.com/docs/help/webmasters.htm#07)" "www.mantech8.com"
216.244.66.241 - - [05/Jan/2023:16:13:22 -0800] "GET /robots.txt HTTP/1.1" 200 222 "-" "Mozilla/5.0 (compatible; DotBot/1.2; +https://opensiteexplorer.org/dotbot; help@moz.com)" "mantech8.com"
185.191.171.42 - - [05/Jan/2023:16:13:31 -0800] "GET /?camp-fire%2F16243257.html HTTP/1.1" 500 - "-" "Mozilla/5.0 (compatible; SemrushBot/7~bl; +http://www.semrush.com/bot.html)" "mantech8.com"
185.191.171.45 - - [05/Jan/2023:16:13:51 -0800] "GET /?camp-fire%2F24608026.html HTTP/1.1" 500 - "-" "Mozilla/5.0 (compatible; SemrushBot/7~bl; +http://www.semrush.com/bot.html)" "mantech8.com"
185.191.171.4 - - [05/Jan/2023:16:13:53 -0800] "GET /?camp-fire%2F11927876.html HTTP/1.1" 500 - "-" "Mozilla/5.0 (compatible; SemrushBot/7~bl; +http://www.semrush.com/bot.html)" "mantech8.com"
185.191.171.9 - - [05/Jan/2023:16:13:57 -0800] "GET /?camp-fire%2F28017329.html HTTP/1.1" 500 - "-" "Mozilla/5.0 (compatible; SemrushBot/7~bl; +http://www.semrush.com/bot.html)" "mantech8.com"
185.191.171.25 - - [05/Jan/2023:16:14:19 -0800] "GET /?camp-fire%2F14837187.html HTTP/1.1" 500 - "-" "Mozilla/5.0 (compatible; SemrushBot/7~bl; +http://www.semrush.com/bot.html)" "mantech8.com"
185.191.171.35 - - [05/Jan/2023:16:14:33 -0800] "GET /?camp-fire%2F18129461.html HTTP/1.1" 500 - "-" "Mozilla/5.0 (compatible; SemrushBot/7~bl; +http://www.semrush.com/bot.html)" "mantech8.com"
185.191.171.44 - - [05/Jan/2023:16:14:40 -0800] "GET /?camp-fire%2F13284969.html HTTP/1.1" 500 - "-" "Mozilla/5.0 (compatible; SemrushBot/7~bl; +http://www.semrush.com/bot.html)" "mantech8.com"
185.191.171.8 - - [05/Jan/2023:16:14:42 -0800] "GET /?camp-fire%2F15197084.html HTTP/1.1" 500 - "-" "Mozilla/5.0 (compatible; SemrushBot/7~bl; +http://www.semrush.com/bot.html)" "mantech8.com"
185.191.171.26 - - [05/Jan/2023:16:14:52 -0800] "GET /?camp-fire%2F18173080.html HTTP/1.1" 500 - "-" "Mozilla/5.0 (compatible; SemrushBot/7~bl; +http://www.semrush.com/bot.html)" "mantech8.com"
185.191.171.24 - - [05/Jan/2023:16:15:02 -0800] "GET /?camp-fire%2F27032782.html HTTP/1.1" 500 - "-" "Mozilla/5.0 (compatible; SemrushBot/7~bl; +http://www.semrush.com/bot.html)" "mantech8.com"
114.119.147.113 - - [05/Jan/2023:16:16:34 -0800] "GET /sitemap12550.xml HTTP/1.1" 404 88 "-" "Mozilla/5.0 (Linux; Android 7.0;) AppleWebKit/537.36 (KHTML, like Gecko) Mobile Safari/537.36 (compatible; PetalBot;+https://webmaster.petalsearch.com/site/petalbot)" "mantech8.com"
185.191.171.8 - - [05/Jan/2023:16:17:06 -0800] "GET /?camp-fire%2F11070500.html HTTP/1.1" 500 - "-" "Mozilla/5.0 (compatible; SemrushBot/7~bl; +http://www.semrush.com/bot.html)" "mantech8.com"
185.191.171.43 - - [05/Jan/2023:16:17:39 -0800] "GET /index.php/camp-fire/12397409.html HTTP/1.1" 500 - "-" "Mozilla/5.0 (compatible; SemrushBot/7~bl; +http://www.semrush.com/bot.html)" "mantech8.com"
114.119.156.30 - - [05/Jan/2023:16:17:59 -0800] "GET /index.php/fine-tune.xml HTTP/1.1" 200 289469 "-" "Mozilla/5.0 (Linux; Android 7.0;) AppleWebKit/537.36 (KHTML, like Gecko) Mobile Safari/537.36 (compatible; PetalBot;+https://webmaster.petalsearch.com/site/petalbot)" "mantech8.com"
185.191.171.3 - - [05/Jan/2023:16:18:01 -0800] "GET /?camp-fire%2F30534841.html HTTP/1.1" 500 - "-" "Mozilla/5.0 (compatible; SemrushBot/7~bl; +http://www.semrush.com/bot.html)" "mantech8.com"
185.191.171.2 - - [05/Jan/2023:16:18:16 -0800] "GET /?camp-fire%2F10601157.html HTTP/1.1" 500 - "-" "Mozilla/5.0 (compatible; SemrushBot/7~bl; +http://www.semrush.com/bot.html)" "mantech8.com"
185.191.171.20 - - [05/Jan/2023:16:20:14 -0800] "GET /index.php/camp-fire/28139309.html HTTP/1.1" 500 - "-" "Mozilla/5.0 (compatible; SemrushBot/7~bl; +http://www.semrush.com/bot.html)" "mantech8.com"
185.191.171.22 - - [05/Jan/2023:16:20:15 -0800] "GET /?camp-fire%2F13945559.html HTTP/1.1" 500 - "-" "Mozilla/5.0 (compatible; SemrushBot/7~bl; +http://www.semrush.com/bot.html)" "mantech8.com"
185.191.171.35 - - [05/Jan/2023:16:22:15 -0800] "GET /?camp-fire%2F52620150.html HTTP/1.1" 500 - "-" "Mozilla/5.0 (compatible; SemrushBot/7~bl; +http://www.semrush.com/bot.html)" "mantech8.com"
5.189.128.230 - - [05/Jan/2023:16:22:26 -0800] "POST / HTTP/1.1" 500 - "-" "Mozilla/5.0 (X11; Linux x86_64) AppleWebKit/537.36 (KHTML, like Gecko) Chrome/81.0.4044.129 Safari/537.36" "www.mantech8.com"
185.191.171.40 - - [05/Jan/2023:16:22:22 -0800] "GET /?camp-fire%2F12294977.html HTTP/1.1" 500 - "-" "Mozilla/5.0 (compatible; SemrushBot/7~bl; +http://www.semrush.com/bot.html)" "mantech8.com"
207.46.13.149 - - [05/Jan/2023:16:22:55 -0800] "GET /index.php/eaYH-e790fcccdf-Rm0Kh.Ii HTTP/1.1" 200 99283 "-" "Mozilla/5.0 (compatible; bingbot/2.0; +http://www.bing.com/bingbot.htm)" "www.mantech8.com"
185.191.171.39 - - [05/Jan/2023:16:22:57 -0800] "GET /?camp-fire%2F23829361.html HTTP/1.1" 500 - "-" "Mozilla/5.0 (compatible; SemrushBot/7~bl; +http://www.semrush.com/bot.html)" "mantech8.com"
185.191.171.18 - - [05/Jan/2023:16:24:07 -0800] "GET /?camp-fire%2F18926180.html HTTP/1.1" 500 - "-" "Mozilla/5.0 (compatible; SemrushBot/7~bl; +http://www.semrush.com/bot.html)" "mantech8.com"
185.191.171.40 - - [05/Jan/2023:16:24:25 -0800] "GET /index.php/camp-fire/490498.html HTTP/1.1" 500 - "-" "Mozilla/5.0 (compatible; SemrushBot/7~bl; +http://www.semrush.com/bot.html)" "mantech8.com"
185.191.171.38 - - [05/Jan/2023:16:24:32 -0800] "GET /?camp-fire%2F10522657.html HTTP/1.1" 500 - "-" "Mozilla/5.0 (compatible; SemrushBot/7~bl; +http://www.semrush.com/bot.html)" "mantech8.com"
185.191.171.8 - - [05/Jan/2023:16:25:55 -0800] "GET /?camp-fire%2F26551672.html HTTP/1.1" 500 - "-" "Mozilla/5.0 (compatible; SemrushBot/7~bl; +http://www.semrush.com/bot.html)" "mantech8.com"
185.191.171.44 - - [05/Jan/2023:16:27:14 -0800] "GET /?camp-fire%2F25437793.html HTTP/1.1" 500 - "-" "Mozilla/5.0 (compatible; SemrushBot/7~bl; +http://www.semrush.com/bot.html)" "mantech8.com"
185.191.171.4 - - [05/Jan/2023:16:27:34 -0800] "GET /?camp-fire%2F15147156.html HTTP/1.1" 500 - "-" "Mozilla/5.0 (compatible; SemrushBot/7~bl; +http://www.semrush.com/bot.html)" "mantech8.com"
185.191.171.44 - - [05/Jan/2023:16:27:43 -0800] "GET /index.php?camp-fire%2F7288280.html HTTP/1.1" 500 - "-" "Mozilla/5.0 (compatible; SemrushBot/7~bl; +http://www.semrush.com/bot.html)" "mantech8.com"
114.119.129.179 - - [05/Jan/2023:16:28:51 -0800] "GET /?benfica.xml HTTP/1.1" 200 270373 "-" "Mozilla/5.0 (Linux; Android 7.0;) AppleWebKit/537.36 (KHTML, like Gecko) Mobile Safari/537.36 (compatible; PetalBot;+https://webmaster.petalsearch.com/site/petalbot)" "mantech8.com"
185.191.171.45 - - [05/Jan/2023:16:29:32 -0800] "GET /?camp-fire%2F15714265.html HTTP/1.1" 500 - "-" "Mozilla/5.0 (compatible; SemrushBot/7~bl; +http://www.semrush.com/bot.html)" "mantech8.com"
185.191.171.22 - - [05/Jan/2023:16:29:34 -0800] "GET /?camp-fire%2F12978559.html HTTP/1.1" 500 - "-" "Mozilla/5.0 (compatible; SemrushBot/7~bl; +http://www.semrush.com/bot.html)" "mantech8.com"
185.191.171.8 - - [05/Jan/2023:16:29:39 -0800] "GET /index.php/camp-fire/3532778.html HTTP/1.1" 500 - "-" "Mozilla/5.0 (compatible; SemrushBot/7~bl; +http://www.semrush.com/bot.html)" "mantech8.com"
185.191.171.4 - - [05/Jan/2023:16:30:11 -0800] "GET /?camp-fire%2F11367021.html HTTP/1.1" 500 - "-" "Mozilla/5.0 (compatible; SemrushBot/7~bl; +http://www.semrush.com/bot.html)" "mantech8.com"
185.191.171.15 - - [05/Jan/2023:16:30:38 -0800] "GET /?camp-fire%2F21757817.html HTTP/1.1" 500 - "-" "Mozilla/5.0 (compatible; SemrushBot/7~bl; +http://www.semrush.com/bot.html)" "mantech8.com"
185.191.171.39 - - [05/Jan/2023:16:30:39 -0800] "GET /index.php?camp-fire%2F4724065.html HTTP/1.1" 500 - "-" "Mozilla/5.0 (compatible; SemrushBot/7~bl; +http://www.semrush.com/bot.html)" "mantech8.com"
185.191.171.44 - - [05/Jan/2023:16:30:42 -0800] "GET /?camp-fire%2F11459857.html HTTP/1.1" 500 - "-" "Mozilla/5.0 (compatible; SemrushBot/7~bl; +http://www.semrush.com/bot.html)" "mantech8.com"
185.191.171.44 - - [05/Jan/2023:16:31:06 -0800] "GET /?camp-fire%2F20111187.html HTTP/1.1" 500 - "-" "Mozilla/5.0 (compatible; SemrushBot/7~bl; +http://www.semrush.com/bot.html)" "mantech8.com"
185.191.171.39 - - [05/Jan/2023:16:31:29 -0800] "GET /?camp-fire%2F15568983.html HTTP/1.1" 500 - "-" "Mozilla/5.0 (compatible; SemrushBot/7~bl; +http://www.semrush.com/bot.html)" "mantech8.com"
185.191.171.21 - - [05/Jan/2023:16:31:47 -0800] "GET /?camp-fire%2F29305180.html HTTP/1.1" 500 - "-" "Mozilla/5.0 (compatible; SemrushBot/7~bl; +http://www.semrush.com/bot.html)" "mantech8.com"
185.191.171.24 - - [05/Jan/2023:16:32:19 -0800] "GET /index.php/camp-fire/24582630.html HTTP/1.1" 500 - "-" "Mozilla/5.0 (compatible; SemrushBot/7~bl; +http://www.semrush.com/bot.html)" "mantech8.com"
185.191.171.14 - - [05/Jan/2023:16:32:41 -0800] "GET /index.php?camp-fire%2F8257578.html HTTP/1.1" 500 - "-" "Mozilla/5.0 (compatible; SemrushBot/7~bl; +http://www.semrush.com/bot.html)" "mantech8.com"
157.55.39.150 - - [05/Jan/2023:16:32:57 -0800] "GET /F2si-bb8e8ecff-DigcX.Ii HTTP/1.1" 404 88 "-" "Mozilla/5.0 AppleWebKit/537.36 (KHTML, like Gecko; compatible; bingbot/2.0; +http://www.bing.com/bingbot.htm) Chrome/103.0.5060.134 Safari/537.36" "www.mantech8.com"
185.191.171.18 - - [05/Jan/2023:16:34:34 -0800] "GET /?camp-fire%2F16681165.html HTTP/1.1" 500 - "-" "Mozilla/5.0 (compatible; SemrushBot/7~bl; +http://www.semrush.com/bot.html)" "mantech8.com"
185.191.171.40 - - [05/Jan/2023:16:34:51 -0800] "GET /?camp-fire%2F93258578.html HTTP/1.1" 500 - "-" "Mozilla/5.0 (compatible; SemrushBot/7~bl; +http://www.semrush.com/bot.html)" "mantech8.com"
185.191.171.44 - - [05/Jan/2023:16:34:57 -0800] "GET /?camp-fire%2F16390383.html HTTP/1.1" 500 - "-" "Mozilla/5.0 (compatible; SemrushBot/7~bl; +http://www.semrush.com/bot.html)" "mantech8.com"
185.191.171.37 - - [05/Jan/2023:16:36:39 -0800] "GET /?camp-fire%2F29048366.html HTTP/1.1" 500 - "-" "Mozilla/5.0 (compatible; SemrushBot/7~bl; +http://www.semrush.com/bot.html)" "mantech8.com"
185.191.171.41 - - [05/Jan/2023:16:36:53 -0800] "GET /?camp-fire%2F16615456.html HTTP/1.1" 500 - "-" "Mozilla/5.0 (compatible; SemrushBot/7~bl; +http://www.semrush.com/bot.html)" "mantech8.com"
185.191.171.38 - - [05/Jan/2023:16:37:47 -0800] "GET /?camp-fire%2F13719676.html HTTP/1.1" 500 - "-" "Mozilla/5.0 (compatible; SemrushBot/7~bl; +http://www.semrush.com/bot.html)" "mantech8.com"
185.191.171.24 - - [05/Jan/2023:16:37:48 -0800] "GET /?camp-fire%2F64813550.html HTTP/1.1" 500 - "-" "Mozilla/5.0 (compatible; SemrushBot/7~bl; +http://www.semrush.com/bot.html)" "mantech8.com"
185.191.171.43 - - [05/Jan/2023:16:38:05 -0800] "GET /index.php?camp-fire%2F1348890.html HTTP/1.1" 500 - "-" "Mozilla/5.0 (compatible; SemrushBot/7~bl; +http://www.semrush.com/bot.html)" "mantech8.com"
185.191.171.23 - - [05/Jan/2023:16:39:16 -0800] "GET /index.php/camp-fire/1914898.html HTTP/1.1" 500 - "-" "Mozilla/5.0 (compatible; SemrushBot/7~bl; +http://www.semrush.com/bot.html)" "mantech8.com"
185.191.171.43 - - [05/Jan/2023:16:39:17 -0800] "GET /?camp-fire%2F19579361.html HTTP/1.1" 500 - "-" "Mozilla/5.0 (compatible; SemrushBot/7~bl; +http://www.semrush.com/bot.html)" "mantech8.com"
185.191.171.26 - - [05/Jan/2023:16:40:09 -0800] "GET /?camp-fire%2F17584000.html HTTP/1.1" 500 - "-" "Mozilla/5.0 (compatible; SemrushBot/7~bl; +http://www.semrush.com/bot.html)" "mantech8.com"
185.191.171.33 - - [05/Jan/2023:16:40:14 -0800] "GET /?camp-fire%2F11246200.html HTTP/1.1" 500 - "-" "Mozilla/5.0 (compatible; SemrushBot/7~bl; +http://www.semrush.com/bot.html)" "mantech8.com"
185.191.171.43 - - [05/Jan/2023:16:41:13 -0800] "GET /index.php/camp-fire/18134361.html HTTP/1.1" 500 - "-" "Mozilla/5.0 (compatible; SemrushBot/7~bl; +http://www.semrush.com/bot.html)" "mantech8.com"
185.191.171.18 - - [05/Jan/2023:16:41:42 -0800] "GET /?camp-fire%2F12480369.html HTTP/1.1" 500 - "-" "Mozilla/5.0 (compatible; SemrushBot/7~bl; +http://www.semrush.com/bot.html)" "mantech8.com"
185.191.171.7 - - [05/Jan/2023:16:42:12 -0800] "GET /?camp-fire%2F27989221.html HTTP/1.1" 500 - "-" "Mozilla/5.0 (compatible; SemrushBot/7~bl; +http://www.semrush.com/bot.html)" "mantech8.com"
185.191.171.1 - - [05/Jan/2023:16:42:14 -0800] "GET /index.php/camp-fire/25158906.html HTTP/1.1" 500 - "-" "Mozilla/5.0 (compatible; SemrushBot/7~bl; +http://www.semrush.com/bot.html)" "mantech8.com"
185.191.171.15 - - [05/Jan/2023:16:42:46 -0800] "GET /?camp-fire%2F20467756.html HTTP/1.1" 500 - "-" "Mozilla/5.0 (compatible; SemrushBot/7~bl; +http://www.semrush.com/bot.html)" "mantech8.com"
185.191.171.25 - - [05/Jan/2023:16:43:52 -0800] "GET /?camp-fire%2F24076333.html HTTP/1.1" 500 - "-" "Mozilla/5.0 (compatible; SemrushBot/7~bl; +http://www.semrush.com/bot.html)" "mantech8.com"
185.191.171.43 - - [05/Jan/2023:16:44:50 -0800] "GET /index.php/camp-fire/18216161.html HTTP/1.1" 500 - "-" "Mozilla/5.0 (compatible; SemrushBot/7~bl; +http://www.semrush.com/bot.html)" "mantech8.com"
185.191.171.23 - - [05/Jan/2023:16:45:13 -0800] "GET /?camp-fire%2F108090788.html HTTP/1.1" 500 - "-" "Mozilla/5.0 (compatible; SemrushBot/7~bl; +http://www.semrush.com/bot.html)" "mantech8.com"
185.191.171.23 - - [05/Jan/2023:16:46:09 -0800] "GET /?camp-fire%2F14782987.html HTTP/1.1" 500 - "-" "Mozilla/5.0 (compatible; SemrushBot/7~bl; +http://www.semrush.com/bot.html)" "mantech8.com"
185.191.171.6 - - [05/Jan/2023:16:46:42 -0800] "GET /?camp-fire%2F11443057.html HTTP/1.1" 500 - "-" "Mozilla/5.0 (compatible; SemrushBot/7~bl; +http://www.semrush.com/bot.html)" "mantech8.com"
185.191.171.3 - - [05/Jan/2023:16:46:45 -0800] "GET /?camp-fire%2F17470765.html HTTP/1.1" 500 - "-" "Mozilla/5.0 (compatible; SemrushBot/7~bl; +http://www.semrush.com/bot.html)" "mantech8.com"
45.66.230.143 - - [05/Jan/2023:16:47:14 -0800] "GET / HTTP/1.1" 500 - "-" "Mozilla/5.0 (Windows NT 6.0) AppleWebKit/535.1 (KHTML, like Gecko) Chrome/13.0.782.20 Safari/535.1" "www.mantech8.com"
185.191.171.35 - - [05/Jan/2023:16:47:21 -0800] "GET /robots.txt HTTP/1.1" 200 106 "-" "Mozilla/5.0 (compatible; SemrushBot/7~bl; +http://www.semrush.com/bot.html)" "mantech8.com"
185.191.171.14 - - [05/Jan/2023:16:47:22 -0800] "GET /index.php/camp-fire/41341450.html HTTP/1.1" 500 - "-" "Mozilla/5.0 (compatible; SemrushBot/7~bl; +http://www.semrush.com/bot.html)" "mantech8.com"
185.191.171.4 - - [05/Jan/2023:16:47:26 -0800] "GET /index.php/camp-fire/15846524.html HTTP/1.1" 500 - "-" "Mozilla/5.0 (compatible; SemrushBot/7~bl; +http://www.semrush.com/bot.html)" "mantech8.com"
185.191.171.25 - - [05/Jan/2023:16:47:49 -0800] "GET /?camp-fire%2F18977781.html HTTP/1.1" 500 - "-" "Mozilla/5.0 (compatible; SemrushBot/7~bl; +http://www.semrush.com/bot.html)" "mantech8.com"
185.191.171.8 - - [05/Jan/2023:16:47:54 -0800] "GET /?camp-fire%2F19045632.html HTTP/1.1" 500 - "-" "Mozilla/5.0 (compatible; SemrushBot/7~bl; +http://www.semrush.com/bot.html)" "mantech8.com"
185.191.171.5 - - [05/Jan/2023:16:48:11 -0800] "GET /?camp-fire%2F19197998.html HTTP/1.1" 500 - "-" "Mozilla/5.0 (compatible; SemrushBot/7~bl; +http://www.semrush.com/bot.html)" "mantech8.com"
185.191.171.40 - - [05/Jan/2023:16:49:48 -0800] "GET /?camp-fire%2F26751347.html HTTP/1.1" 500 - "-" "Mozilla/5.0 (compatible; SemrushBot/7~bl; +http://www.semrush.com/bot.html)" "mantech8.com"
185.191.171.41 - - [05/Jan/2023:16:50:01 -0800] "GET /index.php/camp-fire/13337793.html HTTP/1.1" 500 - "-" "Mozilla/5.0 (compatible; SemrushBot/7~bl; +http://www.semrush.com/bot.html)" "mantech8.com"
185.191.171.25 - - [05/Jan/2023:16:50:13 -0800] "GET /?camp-fire%2F10601674.html HTTP/1.1" 500 - "-" "Mozilla/5.0 (compatible; SemrushBot/7~bl; +http://www.semrush.com/bot.html)" "mantech8.com"
185.191.171.45 - - [05/Jan/2023:16:50:39 -0800] "GET /?camp-fire%2F24659530.html HTTP/1.1" 500 - "-" "Mozilla/5.0 (compatible; SemrushBot/7~bl; +http://www.semrush.com/bot.html)" "mantech8.com"
185.191.171.4 - - [05/Jan/2023:16:54:17 -0800] "GET /?camp-fire%2F15520746.html HTTP/1.1" 500 - "-" "Mozilla/5.0 (compatible; SemrushBot/7~bl; +http://www.semrush.com/bot.html)" "mantech8.com"
185.191.171.40 - - [05/Jan/2023:16:54:31 -0800] "GET /?camp-fire%2F34563889.html HTTP/1.1" 500 - "-" "Mozilla/5.0 (compatible; SemrushBot/7~bl; +http://www.semrush.com/bot.html)" "mantech8.com"
185.191.171.23 - - [05/Jan/2023:16:56:02 -0800] "GET /?camp-fire%2F26225724.html HTTP/1.1" 500 - "-" "Mozilla/5.0 (compatible; SemrushBot/7~bl; +http://www.semrush.com/bot.html)" "mantech8.com"
185.191.171.42 - - [05/Jan/2023:16:56:14 -0800] "GET /?camp-fire%2F39357269.html HTTP/1.1" 500 - "-" "Mozilla/5.0 (compatible; SemrushBot/7~bl; +http://www.semrush.com/bot.html)" "mantech8.com"
185.191.171.10 - - [05/Jan/2023:16:56:19 -0800] "GET /?camp-fire%2F18783280.html HTTP/1.1" 500 - "-" "Mozilla/5.0 (compatible; SemrushBot/7~bl; +http://www.semrush.com/bot.html)" "mantech8.com"
185.191.171.6 - - [05/Jan/2023:16:56:35 -0800] "GET /index.php?camp-fire%2F5303077.html HTTP/1.1" 500 - "-" "Mozilla/5.0 (compatible; SemrushBot/7~bl; +http://www.semrush.com/bot.html)" "mantech8.com"
185.191.171.12 - - [05/Jan/2023:16:56:45 -0800] "GET /?camp-fire%2F15656153.html HTTP/1.1" 500 - "-" "Mozilla/5.0 (compatible; SemrushBot/7~bl; +http://www.semrush.com/bot.html)" "mantech8.com"
185.191.171.45 - - [05/Jan/2023:16:57:16 -0800] "GET /?camp-fire%2F25744929.html HTTP/1.1" 500 - "-" "Mozilla/5.0 (compatible; SemrushBot/7~bl; +http://www.semrush.com/bot.html)" "mantech8.com"
185.191.171.23 - - [05/Jan/2023:16:58:04 -0800] "GET /?camp-fire%2F80432276.html HTTP/1.1" 500 - "-" "Mozilla/5.0 (compatible; SemrushBot/7~bl; +http://www.semrush.com/bot.html)" "mantech8.com"
185.191.171.15 - - [05/Jan/2023:16:58:18 -0800] "GET /?camp-fire%2F14357708.html HTTP/1.1" 500 - "-" "Mozilla/5.0 (compatible; SemrushBot/7~bl; +http://www.semrush.com/bot.html)" "mantech8.com"
185.191.171.18 - - [05/Jan/2023:16:58:49 -0800] "GET /?camp-fire%2F18109781.html HTTP/1.1" 500 - "-" "Mozilla/5.0 (compatible; SemrushBot/7~bl; +http://www.semrush.com/bot.html)" "mantech8.com"
185.191.171.10 - - [05/Jan/2023:16:59:13 -0800] "GET /?camp-fire%2F50093472.html HTTP/1.1" 500 - "-" "Mozilla/5.0 (compatible; SemrushBot/7~bl; +http://www.semrush.com/bot.html)" "mantech8.com"
185.191.171.10 - - [05/Jan/2023:17:01:03 -0800] "GET /?camp-fire%2F17665980.html HTTP/1.1" 500 - "-" "Mozilla/5.0 (compatible; SemrushBot/7~bl; +http://www.semrush.com/bot.html)" "mantech8.com"
185.191.171.26 - - [05/Jan/2023:17:01:11 -0800] "GET /?camp-fire%2F34743635.html HTTP/1.1" 500 - "-" "Mozilla/5.0 (compatible; SemrushBot/7~bl; +http://www.semrush.com/bot.html)" "mantech8.com"
185.191.171.25 - - [05/Jan/2023:17:01:48 -0800] "GET /index.php/camp-fire/14552424.html HTTP/1.1" 500 - "-" "Mozilla/5.0 (compatible; SemrushBot/7~bl; +http://www.semrush.com/bot.html)" "mantech8.com"
185.191.171.17 - - [05/Jan/2023:17:02:02 -0800] "GET /?camp-fire%2F25882776.html HTTP/1.1" 500 - "-" "Mozilla/5.0 (compatible; SemrushBot/7~bl; +http://www.semrush.com/bot.html)" "mantech8.com"
185.191.171.15 - - [05/Jan/2023:17:02:39 -0800] "GET /?camp-fire%2F14491124.html HTTP/1.1" 500 - "-" "Mozilla/5.0 (compatible; SemrushBot/7~bl; +http://www.semrush.com/bot.html)" "mantech8.com"
185.191.171.24 - - [05/Jan/2023:17:02:56 -0800] "GET /?camp-fire%2F17542678.html HTTP/1.1" 500 - "-" "Mozilla/5.0 (compatible; SemrushBot/7~bl; +http://www.semrush.com/bot.html)" "mantech8.com"
185.191.171.8 - - [05/Jan/2023:17:03:22 -0800] "GET /?camp-fire%2F17603280.html HTTP/1.1" 500 - "-" "Mozilla/5.0 (compatible; SemrushBot/7~bl; +http://www.semrush.com/bot.html)" "mantech8.com"
185.191.171.43 - - [05/Jan/2023:17:04:31 -0800] "GET /?camp-fire%2F14049529.html HTTP/1.1" 500 - "-" "Mozilla/5.0 (compatible; SemrushBot/7~bl; +http://www.semrush.com/bot.html)" "mantech8.com"
185.191.171.3 - - [05/Jan/2023:17:05:08 -0800] "GET /?camp-fire%2F17367565.html HTTP/1.1" 500 - "-" "Mozilla/5.0 (compatible; SemrushBot/7~bl; +http://www.semrush.com/bot.html)" "mantech8.com"
185.191.171.4 - - [05/Jan/2023:17:06:10 -0800] "GET /?camp-fire%2F15192356.html HTTP/1.1" 500 - "-" "Mozilla/5.0 (compatible; SemrushBot/7~bl; +http://www.semrush.com/bot.html)" "mantech8.com"
185.191.171.34 - - [05/Jan/2023:17:06:44 -0800] "GET /?camp-fire%2F95849359.html HTTP/1.1" 500 - "-" "Mozilla/5.0 (compatible; SemrushBot/7~bl; +http://www.semrush.com/bot.html)" "mantech8.com"
185.191.171.1 - - [05/Jan/2023:17:08:14 -0800] "GET /?camp-fire%2F16492583.html HTTP/1.1" 500 - "-" "Mozilla/5.0 (compatible; SemrushBot/7~bl; +http://www.semrush.com/bot.html)" "mantech8.com"
216.244.66.241 - - [05/Jan/2023:17:08:51 -0800] "GET /robots.txt HTTP/1.1" 200 222 "-" "Mozilla/5.0 (compatible; DotBot/1.2; +https://opensiteexplorer.org/dotbot; help@moz.com)" "www.mantech8.com"
216.244.66.241 - - [05/Jan/2023:17:08:51 -0800] "GET /robots.txt HTTP/1.1" 200 222 "-" "Mozilla/5.0 (compatible; DotBot/1.2; +https://opensiteexplorer.org/dotbot; help@moz.com)" "mantech8.com"
185.191.171.35 - - [05/Jan/2023:17:09:06 -0800] "GET /?camp-fire%2F16164184.html HTTP/1.1" 500 - "-" "Mozilla/5.0 (compatible; SemrushBot/7~bl; +http://www.semrush.com/bot.html)" "mantech8.com"
185.191.171.37 - - [05/Jan/2023:17:10:20 -0800] "GET /?camp-fire%2F51812002.html HTTP/1.1" 500 - "-" "Mozilla/5.0 (compatible; SemrushBot/7~bl; +http://www.semrush.com/bot.html)" "mantech8.com"
185.191.171.21 - - [05/Jan/2023:17:10:58 -0800] "GET /?camp-fire%2F27406870.html HTTP/1.1" 500 - "-" "Mozilla/5.0 (compatible; SemrushBot/7~bl; +http://www.semrush.com/bot.html)" "mantech8.com"
185.191.171.3 - - [05/Jan/2023:17:11:02 -0800] "GET /?camp-fire%2F36074725.html HTTP/1.1" 500 - "-" "Mozilla/5.0 (compatible; SemrushBot/7~bl; +http://www.semrush.com/bot.html)" "mantech8.com"
185.191.171.15 - - [05/Jan/2023:17:11:55 -0800] "GET /index.php/camp-fire/1404190.html HTTP/1.1" 500 - "-" "Mozilla/5.0 (compatible; SemrushBot/7~bl; +http://www.semrush.com/bot.html)" "mantech8.com"
185.191.171.41 - - [05/Jan/2023:17:12:05 -0800] "GET /?camp-fire%2F13957359.html HTTP/1.1" 500 - "-" "Mozilla/5.0 (compatible; SemrushBot/7~bl; +http://www.semrush.com/bot.html)" "mantech8.com"
185.191.171.26 - - [05/Jan/2023:17:12:41 -0800] "GET /?camp-fire%2F15552024.html HTTP/1.1" 500 - "-" "Mozilla/5.0 (compatible; SemrushBot/7~bl; +http://www.semrush.com/bot.html)" "mantech8.com"
185.191.171.3 - - [05/Jan/2023:17:12:44 -0800] "GET /?camp-fire%2F19325027.html HTTP/1.1" 500 - "-" "Mozilla/5.0 (compatible; SemrushBot/7~bl; +http://www.semrush.com/bot.html)" "mantech8.com"
114.119.149.232 - - [05/Jan/2023:17:14:14 -0800] "GET /index.php?sitemap-index-8.xml HTTP/1.1" 200 4843 "-" "Mozilla/5.0 (Linux; Android 7.0;) AppleWebKit/537.36 (KHTML, like Gecko) Mobile Safari/537.36 (compatible; PetalBot;+https://webmaster.petalsearch.com/site/petalbot)" "mantech8.com"
185.191.171.17 - - [05/Jan/2023:17:15:11 -0800] "GET /?camp-fire%2F17599577.html HTTP/1.1" 500 - "-" "Mozilla/5.0 (compatible; SemrushBot/7~bl; +http://www.semrush.com/bot.html)" "mantech8.com"
185.191.171.25 - - [05/Jan/2023:17:15:14 -0800] "GET /?camp-fire%2F15770287.html HTTP/1.1" 500 - "-" "Mozilla/5.0 (compatible; SemrushBot/7~bl; +http://www.semrush.com/bot.html)" "mantech8.com"
185.191.171.2 - - [05/Jan/2023:17:15:22 -0800] "GET /?camp-fire%2F16138587.html HTTP/1.1" 500 - "-" "Mozilla/5.0 (compatible; SemrushBot/7~bl; +http://www.semrush.com/bot.html)" "mantech8.com"
185.191.171.15 - - [05/Jan/2023:17:15:32 -0800] "GET /?camp-fire%2F4115978.html HTTP/1.1" 500 - "-" "Mozilla/5.0 (compatible; SemrushBot/7~bl; +http://www.semrush.com/bot.html)" "mantech8.com"
185.191.171.21 - - [05/Jan/2023:17:16:06 -0800] "GET /?camp-fire%2F33456225.html HTTP/1.1" 500 - "-" "Mozilla/5.0 (compatible; SemrushBot/7~bl; +http://www.semrush.com/bot.html)" "mantech8.com"
185.191.171.42 - - [05/Jan/2023:17:16:50 -0800] "GET /?camp-fire%2F16548165.html HTTP/1.1" 500 - "-" "Mozilla/5.0 (compatible; SemrushBot/7~bl; +http://www.semrush.com/bot.html)" "mantech8.com"
185.191.171.37 - - [05/Jan/2023:17:18:07 -0800] "GET /?camp-fire%2F17349165.html HTTP/1.1" 500 - "-" "Mozilla/5.0 (compatible; SemrushBot/7~bl; +http://www.semrush.com/bot.html)" "mantech8.com"
185.191.171.33 - - [05/Jan/2023:17:19:33 -0800] "GET /?camp-fire%2F25260383.html HTTP/1.1" 500 - "-" "Mozilla/5.0 (compatible; SemrushBot/7~bl; +http://www.semrush.com/bot.html)" "mantech8.com"
185.191.171.13 - - [05/Jan/2023:17:19:42 -0800] "GET /?camp-fire%2F19045032.html HTTP/1.1" 500 - "-" "Mozilla/5.0 (compatible; SemrushBot/7~bl; +http://www.semrush.com/bot.html)" "mantech8.com"
185.191.171.24 - - [05/Jan/2023:17:19:53 -0800] "GET /index.php/camp-fire/14791487.html HTTP/1.1" 500 - "-" "Mozilla/5.0 (compatible; SemrushBot/7~bl; +http://www.semrush.com/bot.html)" "mantech8.com"
185.191.171.6 - - [05/Jan/2023:17:20:11 -0800] "GET /?camp-fire%2F17355159.html HTTP/1.1" 500 - "-" "Mozilla/5.0 (compatible; SemrushBot/7~bl; +http://www.semrush.com/bot.html)" "mantech8.com"
185.191.171.14 - - [05/Jan/2023:17:20:47 -0800] "GET /?camp-fire%2F16801276.html HTTP/1.1" 500 - "-" "Mozilla/5.0 (compatible; SemrushBot/7~bl; +http://www.semrush.com/bot.html)" "mantech8.com"
185.191.171.7 - - [05/Jan/2023:17:20:53 -0800] "GET /?camp-fire%2F15627400.html HTTP/1.1" 500 - "-" "Mozilla/5.0 (compatible; SemrushBot/7~bl; +http://www.semrush.com/bot.html)" "mantech8.com"
185.191.171.13 - - [05/Jan/2023:17:21:40 -0800] "GET /?camp-fire%2F16974846.html HTTP/1.1" 500 - "-" "Mozilla/5.0 (compatible; SemrushBot/7~bl; +http://www.semrush.com/bot.html)" "mantech8.com"
185.191.171.1 - - [05/Jan/2023:17:22:50 -0800] "GET /?camp-fire%2F28813559.html HTTP/1.1" 500 - "-" "Mozilla/5.0 (compatible; SemrushBot/7~bl; +http://www.semrush.com/bot.html)" "mantech8.com"
185.191.171.8 - - [05/Jan/2023:17:23:01 -0800] "GET /?camp-fire%2F17609227.html HTTP/1.1" 500 - "-" "Mozilla/5.0 (compatible; SemrushBot/7~bl; +http://www.semrush.com/bot.html)" "mantech8.com"
185.191.171.11 - - [05/Jan/2023:17:23:37 -0800] "GET /index.php/camp-fire/39131835.html HTTP/1.1" 500 - "-" "Mozilla/5.0 (compatible; SemrushBot/7~bl; +http://www.semrush.com/bot.html)" "mantech8.com"
157.55.39.95 - - [05/Jan/2023:17:24:03 -0800] "GET /MKJW-ba0cbcfe-BYsSF.Ii HTTP/1.1" 404 88 "-" "Mozilla/5.0 AppleWebKit/537.36 (KHTML, like Gecko; compatible; bingbot/2.0; +http://www.bing.com/bingbot.htm) Chrome/103.0.5060.134 Safari/537.36" "mantech8.com"
185.191.171.2 - - [05/Jan/2023:17:24:35 -0800] "GET /?camp-fire%2F56500249.html HTTP/1.1" 500 - "-" "Mozilla/5.0 (compatible; SemrushBot/7~bl; +http://www.semrush.com/bot.html)" "mantech8.com"
185.191.171.19 - - [05/Jan/2023:17:25:13 -0800] "GET /?camp-fire%2F33369760.html HTTP/1.1" 500 - "-" "Mozilla/5.0 (compatible; SemrushBot/7~bl; +http://www.semrush.com/bot.html)" "mantech8.com"
185.191.171.40 - - [05/Jan/2023:17:26:35 -0800] "GET /?camp-fire%2F27401170.html HTTP/1.1" 500 - "-" "Mozilla/5.0 (compatible; SemrushBot/7~bl; +http://www.semrush.com/bot.html)" "mantech8.com"
185.191.171.10 - - [05/Jan/2023:17:27:05 -0800] "GET /?camp-fire%2F26107382.html HTTP/1.1" 500 - "-" "Mozilla/5.0 (compatible; SemrushBot/7~bl; +http://www.semrush.com/bot.html)" "mantech8.com"
185.191.171.2 - - [05/Jan/2023:17:27:18 -0800] "GET /?camp-fire%2F15583983.html HTTP/1.1" 500 - "-" "Mozilla/5.0 (compatible; SemrushBot/7~bl; +http://www.semrush.com/bot.html)" "mantech8.com"
185.191.171.9 - - [05/Jan/2023:17:27:27 -0800] "GET /?camp-fire%2F17475465.html HTTP/1.1" 500 - "-" "Mozilla/5.0 (compatible; SemrushBot/7~bl; +http://www.semrush.com/bot.html)" "mantech8.com"
185.191.171.36 - - [05/Jan/2023:17:27:29 -0800] "GET /?camp-fire%2F11934176.html HTTP/1.1" 500 - "-" "Mozilla/5.0 (compatible; SemrushBot/7~bl; +http://www.semrush.com/bot.html)" "mantech8.com"
185.191.171.3 - - [05/Jan/2023:17:27:58 -0800] "GET /?camp-fire%2F17601280.html HTTP/1.1" 500 - "-" "Mozilla/5.0 (compatible; SemrushBot/7~bl; +http://www.semrush.com/bot.html)" "mantech8.com"
185.191.171.3 - - [05/Jan/2023:17:28:09 -0800] "GET /?camp-fire%2F23629783.html HTTP/1.1" 500 - "-" "Mozilla/5.0 (compatible; SemrushBot/7~bl; +http://www.semrush.com/bot.html)" "mantech8.com"
185.191.171.41 - - [05/Jan/2023:17:29:42 -0800] "GET /?camp-fire%2F89767164.html HTTP/1.1" 500 - "-" "Mozilla/5.0 (compatible; SemrushBot/7~bl; +http://www.semrush.com/bot.html)" "mantech8.com"
185.191.171.15 - - [05/Jan/2023:17:30:26 -0800] "GET /?camp-fire%2F18342061.html HTTP/1.1" 500 - "-" "Mozilla/5.0 (compatible; SemrushBot/7~bl; +http://www.semrush.com/bot.html)" "mantech8.com"
185.191.171.9 - - [05/Jan/2023:17:30:32 -0800] "GET /?camp-fire%2F19345808.html HTTP/1.1" 500 - "-" "Mozilla/5.0 (compatible; SemrushBot/7~bl; +http://www.semrush.com/bot.html)" "mantech8.com"
185.191.171.26 - - [05/Jan/2023:17:30:46 -0800] "GET /?camp-fire%2F16360984.html HTTP/1.1" 500 - "-" "Mozilla/5.0 (compatible; SemrushBot/7~bl; +http://www.semrush.com/bot.html)" "mantech8.com"
185.191.171.42 - - [05/Jan/2023:17:31:47 -0800] "GET /?camp-fire%2F18144526.html HTTP/1.1" 500 - "-" "Mozilla/5.0 (compatible; SemrushBot/7~bl; +http://www.semrush.com/bot.html)" "mantech8.com"
185.191.171.7 - - [05/Jan/2023:17:32:05 -0800] "GET /?camp-fire%2F42235076.html HTTP/1.1" 500 - "-" "Mozilla/5.0 (compatible; SemrushBot/7~bl; +http://www.semrush.com/bot.html)" "mantech8.com"
185.191.171.22 - - [05/Jan/2023:17:33:17 -0800] "GET /?camp-fire%2F25173550.html HTTP/1.1" 500 - "-" "Mozilla/5.0 (compatible; SemrushBot/7~bl; +http://www.semrush.com/bot.html)" "mantech8.com"
185.191.171.1 - - [05/Jan/2023:17:33:19 -0800] "GET /?camp-fire%2F18254887.html HTTP/1.1" 500 - "-" "Mozilla/5.0 (compatible; SemrushBot/7~bl; +http://www.semrush.com/bot.html)" "mantech8.com"
185.191.171.8 - - [05/Jan/2023:17:33:40 -0800] "GET /?camp-fire%2F18749772.html HTTP/1.1" 500 - "-" "Mozilla/5.0 (compatible; SemrushBot/7~bl; +http://www.semrush.com/bot.html)" "mantech8.com"
185.191.171.21 - - [05/Jan/2023:17:34:22 -0800] "GET /?camp-fire%2F16763826.html HTTP/1.1" 500 - "-" "Mozilla/5.0 (compatible; SemrushBot/7~bl; +http://www.semrush.com/bot.html)" "mantech8.com"
114.119.149.232 - - [05/Jan/2023:17:35:08 -0800] "GET /?sitemap14.xml HTTP/1.1" 200 270484 "-" "Mozilla/5.0 (Linux; Android 7.0;) AppleWebKit/537.36 (KHTML, like Gecko) Mobile Safari/537.36 (compatible; PetalBot;+https://webmaster.petalsearch.com/site/petalbot)" "mantech8.com"
185.191.171.40 - - [05/Jan/2023:17:36:40 -0800] "GET /?camp-fire%2F20761835.html HTTP/1.1" 500 - "-" "Mozilla/5.0 (compatible; SemrushBot/7~bl; +http://www.semrush.com/bot.html)" "mantech8.com"
114.119.155.50 - - [05/Jan/2023:17:36:41 -0800] "GET /sitemap-index-2.xml HTTP/1.1" 404 88 "-" "Mozilla/5.0 (Linux; Android 7.0;) AppleWebKit/537.36 (KHTML, like Gecko) Mobile Safari/537.36 (compatible; PetalBot;+https://webmaster.petalsearch.com/site/petalbot)" "mantech8.com"
185.191.171.7 - - [05/Jan/2023:17:37:04 -0800] "GET /?camp-fire%2F19198498.html HTTP/1.1" 500 - "-" "Mozilla/5.0 (compatible; SemrushBot/7~bl; +http://www.semrush.com/bot.html)" "mantech8.com"
185.191.171.44 - - [05/Jan/2023:17:37:13 -0800] "GET /index.php/camp-fire/38255503.html HTTP/1.1" 500 - "-" "Mozilla/5.0 (compatible; SemrushBot/7~bl; +http://www.semrush.com/bot.html)" "mantech8.com"
185.191.171.16 - - [05/Jan/2023:17:37:35 -0800] "GET /?camp-fire%2F79339381.html HTTP/1.1" 500 - "-" "Mozilla/5.0 (compatible; SemrushBot/7~bl; +http://www.semrush.com/bot.html)" "mantech8.com"
114.119.136.160 - - [05/Jan/2023:17:38:04 -0800] "GET /bimages/SliderImage/fvohktjeji.php HTTP/1.1" 200 32 "http://www.mantech8.com/bimages/SliderImage/" "Mozilla/5.0 (Linux; Android 7.0;) AppleWebKit/537.36 (KHTML, like Gecko) Mobile Safari/537.36 (compatible; PetalBot;+https://webmaster.petalsearch.com/site/petalbot)" "www.mantech8.com"
185.191.171.25 - - [05/Jan/2023:17:38:57 -0800] "GET /?camp-fire%2F27288197.html HTTP/1.1" 500 - "-" "Mozilla/5.0 (compatible; SemrushBot/7~bl; +http://www.semrush.com/bot.html)" "mantech8.com"
185.191.171.25 - - [05/Jan/2023:17:39:07 -0800] "GET /?camp-fire%2F15512283.html HTTP/1.1" 500 - "-" "Mozilla/5.0 (compatible; SemrushBot/7~bl; +http://www.semrush.com/bot.html)" "mantech8.com"
114.119.129.198 - - [05/Jan/2023:17:39:17 -0800] "GET /?angse.xml HTTP/1.1" 200 270478 "-" "Mozilla/5.0 (Linux; Android 7.0;) AppleWebKit/537.36 (KHTML, like Gecko) Mobile Safari/537.36 (compatible; PetalBot;+https://webmaster.petalsearch.com/site/petalbot)" "mantech8.com"
185.191.171.39 - - [05/Jan/2023:17:40:07 -0800] "GET /?camp-fire%2F24954733.html HTTP/1.1" 500 - "-" "Mozilla/5.0 (compatible; SemrushBot/7~bl; +http://www.semrush.com/bot.html)" "mantech8.com"
185.191.171.17 - - [05/Jan/2023:17:41:34 -0800] "GET /?camp-fire%2F19013032.html HTTP/1.1" 500 - "-" "Mozilla/5.0 (compatible; SemrushBot/7~bl; +http://www.semrush.com/bot.html)" "mantech8.com"
185.191.171.7 - - [05/Jan/2023:17:41:53 -0800] "GET /?camp-fire%2F17568853.html HTTP/1.1" 500 - "-" "Mozilla/5.0 (compatible; SemrushBot/7~bl; +http://www.semrush.com/bot.html)" "mantech8.com"
185.191.171.8 - - [05/Jan/2023:17:41:56 -0800] "GET /?camp-fire%2F19847578.html HTTP/1.1" 500 - "-" "Mozilla/5.0 (compatible; SemrushBot/7~bl; +http://www.semrush.com/bot.html)" "mantech8.com"
185.191.171.7 - - [05/Jan/2023:17:42:47 -0800] "GET /index.php?camp-fire%2F5297165.html HTTP/1.1" 500 - "-" "Mozilla/5.0 (compatible; SemrushBot/7~bl; +http://www.semrush.com/bot.html)" "mantech8.com"
185.191.171.24 - - [05/Jan/2023:17:42:55 -0800] "GET /?camp-fire%2F15394659.html HTTP/1.1" 500 - "-" "Mozilla/5.0 (compatible; SemrushBot/7~bl; +http://www.semrush.com/bot.html)" "mantech8.com"
185.191.171.33 - - [05/Jan/2023:17:43:03 -0800] "GET /?camp-fire%2F18559681.html HTTP/1.1" 500 - "-" "Mozilla/5.0 (compatible; SemrushBot/7~bl; +http://www.semrush.com/bot.html)" "mantech8.com"
185.191.171.45 - - [05/Jan/2023:17:43:08 -0800] "GET /?camp-fire%2F27569271.html HTTP/1.1" 500 - "-" "Mozilla/5.0 (compatible; SemrushBot/7~bl; +http://www.semrush.com/bot.html)" "mantech8.com"
185.191.171.34 - - [05/Jan/2023:17:43:14 -0800] "GET /?camp-fire%2F37708426.html HTTP/1.1" 500 - "-" "Mozilla/5.0 (compatible; SemrushBot/7~bl; +http://www.semrush.com/bot.html)" "mantech8.com"
185.191.171.20 - - [05/Jan/2023:17:43:55 -0800] "GET /?camp-fire%2F17599642.html HTTP/1.1" 500 - "-" "Mozilla/5.0 (compatible; SemrushBot/7~bl; +http://www.semrush.com/bot.html)" "mantech8.com"
157.55.39.12 - - [05/Jan/2023:17:43:56 -0800] "GET /index.php?camp-fire/43424909.html HTTP/1.1" 200 67447 "-" "Mozilla/5.0 AppleWebKit/537.36 (KHTML, like Gecko; compatible; bingbot/2.0; +http://www.bing.com/bingbot.htm) Chrome/103.0.5060.134 Safari/537.36" "www.mantech8.com"
185.191.171.33 - - [05/Jan/2023:17:44:48 -0800] "GET /?camp-fire%2F18089561.html HTTP/1.1" 500 - "-" "Mozilla/5.0 (compatible; SemrushBot/7~bl; +http://www.semrush.com/bot.html)" "mantech8.com"
185.191.171.1 - - [05/Jan/2023:17:44:55 -0800] "GET /index.php?camp-fire%2F1111869.html HTTP/1.1" 500 - "-" "Mozilla/5.0 (compatible; SemrushBot/7~bl; +http://www.semrush.com/bot.html)" "mantech8.com"
185.191.171.26 - - [05/Jan/2023:17:45:35 -0800] "GET /?camp-fire%2F17370565.html HTTP/1.1" 500 - "-" "Mozilla/5.0 (compatible; SemrushBot/7~bl; +http://www.semrush.com/bot.html)" "mantech8.com"
185.191.171.1 - - [05/Jan/2023:17:46:09 -0800] "GET /?camp-fire%2F23953733.html HTTP/1.1" 500 - "-" "Mozilla/5.0 (compatible; SemrushBot/7~bl; +http://www.semrush.com/bot.html)" "mantech8.com"
185.191.171.24 - - [05/Jan/2023:17:47:29 -0800] "GET /robots.txt HTTP/1.1" 200 106 "-" "Mozilla/5.0 (compatible; SemrushBot/7~bl; +http://www.semrush.com/bot.html)" "mantech8.com"
185.191.171.14 - - [05/Jan/2023:17:47:33 -0800] "GET /index.php?camp-fire%2F29603066.html HTTP/1.1" 500 - "-" "Mozilla/5.0 (compatible; SemrushBot/7~bl; +http://www.semrush.com/bot.html)" "mantech8.com"
185.191.171.5 - - [05/Jan/2023:17:48:14 -0800] "GET /?camp-fire%2F17230276.html HTTP/1.1" 500 - "-" "Mozilla/5.0 (compatible; SemrushBot/7~bl; +http://www.semrush.com/bot.html)" "mantech8.com"
114.119.143.39 - - [05/Jan/2023:17:48:15 -0800] "GET /index.php?diethers.xml HTTP/1.1" 200 289387 "-" "Mozilla/5.0 (Linux; Android 7.0;) AppleWebKit/537.36 (KHTML, like Gecko) Mobile Safari/537.36 (compatible; PetalBot;+https://webmaster.petalsearch.com/site/petalbot)" "mantech8.com"
185.191.171.37 - - [05/Jan/2023:17:49:10 -0800] "GET /index.php?camp-fire%2F7793242.html HTTP/1.1" 500 - "-" "Mozilla/5.0 (compatible; SemrushBot/7~bl; +http://www.semrush.com/bot.html)" "mantech8.com"
185.191.171.5 - - [05/Jan/2023:17:49:16 -0800] "GET /?camp-fire%2F23677961.html HTTP/1.1" 500 - "-" "Mozilla/5.0 (compatible; SemrushBot/7~bl; +http://www.semrush.com/bot.html)" "mantech8.com"
185.191.171.7 - - [05/Jan/2023:17:49:17 -0800] "GET /?camp-fire%2F17737651.html HTTP/1.1" 500 - "-" "Mozilla/5.0 (compatible; SemrushBot/7~bl; +http://www.semrush.com/bot.html)" "mantech8.com"
114.119.148.154 - - [05/Jan/2023:17:49:28 -0800] "GET /bimages/headg/thump/?C=N%3BO%3DD HTTP/1.1" 200 484 "http://www.mantech8.com/bimages/headg/thump/?C=D%3BO%3DA" "Mozilla/5.0 (Linux; Android 7.0;) AppleWebKit/537.36 (KHTML, like Gecko) Mobile Safari/537.36 (compatible; PetalBot;+https://webmaster.petalsearch.com/site/petalbot)" "www.mantech8.com"
185.191.171.43 - - [05/Jan/2023:17:49:43 -0800] "GET /?camp-fire%2F12030309.html HTTP/1.1" 500 - "-" "Mozilla/5.0 (compatible; SemrushBot/7~bl; +http://www.semrush.com/bot.html)" "mantech8.com"
185.191.171.8 - - [05/Jan/2023:17:50:24 -0800] "GET /?camp-fire%2F33703108.html HTTP/1.1" 500 - "-" "Mozilla/5.0 (compatible; SemrushBot/7~bl; +http://www.semrush.com/bot.html)" "mantech8.com"
114.119.133.190 - - [05/Jan/2023:17:50:49 -0800] "GET /index.php?sitemap-index-10.xml HTTP/1.1" 200 4845 "-" "Mozilla/5.0 (Linux; Android 7.0;) AppleWebKit/537.36 (KHTML, like Gecko) Mobile Safari/537.36 (compatible; PetalBot;+https://webmaster.petalsearch.com/site/petalbot)" "mantech8.com"
185.191.171.36 - - [05/Jan/2023:17:51:02 -0800] "GET /?camp-fire%2F18280065.html HTTP/1.1" 500 - "-" "Mozilla/5.0 (compatible; SemrushBot/7~bl; +http://www.semrush.com/bot.html)" "mantech8.com"
185.191.171.33 - - [05/Jan/2023:17:51:48 -0800] "GET /?camp-fire%2F17738351.html HTTP/1.1" 500 - "-" "Mozilla/5.0 (compatible; SemrushBot/7~bl; +http://www.semrush.com/bot.html)" "mantech8.com"
185.191.171.16 - - [05/Jan/2023:17:51:56 -0800] "GET /?camp-fire%2F12053274.html HTTP/1.1" 500 - "-" "Mozilla/5.0 (compatible; SemrushBot/7~bl; +http://www.semrush.com/bot.html)" "mantech8.com"
114.119.132.242 - - [05/Jan/2023:17:52:10 -0800] "GET /index.php/umbilic.xml HTTP/1.1" 200 289371 "-" "Mozilla/5.0 (Linux; Android 7.0;) AppleWebKit/537.36 (KHTML, like Gecko) Mobile Safari/537.36 (compatible; PetalBot;+https://webmaster.petalsearch.com/site/petalbot)" "mantech8.com"
185.191.171.24 - - [05/Jan/2023:17:52:41 -0800] "GET /index.php/camp-fire/25976917.html HTTP/1.1" 500 - "-" "Mozilla/5.0 (compatible; SemrushBot/7~bl; +http://www.semrush.com/bot.html)" "mantech8.com"
185.191.171.42 - - [05/Jan/2023:17:52:53 -0800] "GET /index.php?camp-fire%2F4276396.html HTTP/1.1" 500 - "-" "Mozilla/5.0 (compatible; SemrushBot/7~bl; +http://www.semrush.com/bot.html)" "mantech8.com"
157.55.39.12 - - [05/Jan/2023:17:52:55 -0800] "GET /F2si-43dcebebc-DkAuX.Ii HTTP/1.1" 404 88 "-" "Mozilla/5.0 (compatible; bingbot/2.0; +http://www.bing.com/bingbot.htm)" "www.mantech8.com"
64.124.8.24 - - [05/Jan/2023:17:53:05 -0800] "GET /bimages/gallery/12.jpg HTTP/1.1" 200 121344 "-" "Mozilla/5.0 (Macintosh; Intel Mac OS X 10_15_7) AppleWebKit/537.36 (KHTML, like Gecko) Chrome/107.0.0.0 Safari/537.36" "www.mantech8.com"
185.191.171.14 - - [05/Jan/2023:17:53:09 -0800] "GET /?camp-fire%2F12984590.html HTTP/1.1" 500 - "-" "Mozilla/5.0 (compatible; SemrushBot/7~bl; +http://www.semrush.com/bot.html)" "mantech8.com"
185.191.171.20 - - [05/Jan/2023:17:53:36 -0800] "GET /?camp-fire%2F14442159.html HTTP/1.1" 500 - "-" "Mozilla/5.0 (compatible; SemrushBot/7~bl; +http://www.semrush.com/bot.html)" "mantech8.com"
114.119.157.26 - - [05/Jan/2023:17:53:43 -0800] "GET /index.php/sitemap-index-6.xml HTTP/1.1" 200 4841 "-" "Mozilla/5.0 (Linux; Android 7.0;) AppleWebKit/537.36 (KHTML, like Gecko) Mobile Safari/537.36 (compatible; PetalBot;+https://webmaster.petalsearch.com/site/petalbot)" "mantech8.com"
185.191.171.26 - - [05/Jan/2023:17:54:59 -0800] "GET /?camp-fire%2F25205580.html HTTP/1.1" 500 - "-" "Mozilla/5.0 (compatible; SemrushBot/7~bl; +http://www.semrush.com/bot.html)" "mantech8.com"
114.119.146.87 - - [05/Jan/2023:17:55:12 -0800] "GET /index.php?camp-fire/43329182.html HTTP/1.1" 500 - "-" "Mozilla/5.0 (Linux; Android 7.0;) AppleWebKit/537.36 (KHTML, like Gecko) Mobile Safari/537.36 (compatible; PetalBot;+https://webmaster.petalsearch.com/site/petalbot)" "www.mantech8.com"
185.191.171.7 - - [05/Jan/2023:17:55:13 -0800] "GET /?camp-fire%2F31063329.html HTTP/1.1" 500 - "-" "Mozilla/5.0 (compatible; SemrushBot/7~bl; +http://www.semrush.com/bot.html)" "mantech8.com"
185.191.171.16 - - [05/Jan/2023:17:55:28 -0800] "GET /?camp-fire%2F15512583.html HTTP/1.1" 500 - "-" "Mozilla/5.0 (compatible; SemrushBot/7~bl; +http://www.semrush.com/bot.html)" "mantech8.com"
185.191.171.11 - - [05/Jan/2023:17:55:51 -0800] "GET /?camp-fire%2F14810687.html HTTP/1.1" 500 - "-" "Mozilla/5.0 (compatible; SemrushBot/7~bl; +http://www.semrush.com/bot.html)" "mantech8.com"
157.55.39.150 - - [05/Jan/2023:17:55:55 -0800] "GET /index.php?camp-fire/72476635.html HTTP/1.1" 200 66650 "-" "Mozilla/5.0 AppleWebKit/537.36 (KHTML, like Gecko; compatible; bingbot/2.0; +http://www.bing.com/bingbot.htm) Chrome/103.0.5060.134 Safari/537.36" "www.mantech8.com"
185.191.171.13 - - [05/Jan/2023:17:56:02 -0800] "GET /index.php?camp-fire%2F5781777.html HTTP/1.1" 500 - "-" "Mozilla/5.0 (compatible; SemrushBot/7~bl; +http://www.semrush.com/bot.html)" "mantech8.com"
185.191.171.39 - - [05/Jan/2023:17:56:33 -0800] "GET /?camp-fire%2F15445283.html HTTP/1.1" 500 - "-" "Mozilla/5.0 (compatible; SemrushBot/7~bl; +http://www.semrush.com/bot.html)" "mantech8.com"
114.119.159.39 - - [05/Jan/2023:17:56:44 -0800] "GET /?ascensor.xml HTTP/1.1" 200 270514 "-" "Mozilla/5.0 (Linux; Android 7.0;) AppleWebKit/537.36 (KHTML, like Gecko) Mobile Safari/537.36 (compatible; PetalBot;+https://webmaster.petalsearch.com/site/petalbot)" "mantech8.com"
185.191.171.7 - - [05/Jan/2023:17:57:49 -0800] "GET /index.php?camp-fire%2F7310780.html HTTP/1.1" 500 - "-" "Mozilla/5.0 (compatible; SemrushBot/7~bl; +http://www.semrush.com/bot.html)" "mantech8.com"
114.119.134.182 - - [05/Jan/2023:17:57:51 -0800] "GET /index.php?allocation.xml HTTP/1.1" 200 289297 "-" "Mozilla/5.0 (Linux; Android 7.0;) AppleWebKit/537.36 (KHTML, like Gecko) Mobile Safari/537.36 (compatible; PetalBot;+https://webmaster.petalsearch.com/site/petalbot)" "mantech8.com"
185.191.171.34 - - [05/Jan/2023:17:58:08 -0800] "GET /?camp-fire%2F11454609.html HTTP/1.1" 500 - "-" "Mozilla/5.0 (compatible; SemrushBot/7~bl; +http://www.semrush.com/bot.html)" "mantech8.com"
185.191.171.23 - - [05/Jan/2023:17:58:28 -0800] "GET /?camp-fire%2F21456346.html HTTP/1.1" 500 - "-" "Mozilla/5.0 (compatible; SemrushBot/7~bl; +http://www.semrush.com/bot.html)" "mantech8.com"
185.191.171.39 - - [05/Jan/2023:17:59:04 -0800] "GET /?camp-fire%2F14587124.html HTTP/1.1" 500 - "-" "Mozilla/5.0 (compatible; SemrushBot/7~bl; +http://www.semrush.com/bot.html)" "mantech8.com"
185.191.171.11 - - [05/Jan/2023:17:59:37 -0800] "GET /?camp-fire%2F18240661.html HTTP/1.1" 500 - "-" "Mozilla/5.0 (compatible; SemrushBot/7~bl; +http://www.semrush.com/bot.html)" "mantech8.com"
185.191.171.12 - - [05/Jan/2023:17:59:46 -0800] "GET /index.php?camp-fire%2F29897666.html HTTP/1.1" 500 - "-" "Mozilla/5.0 (compatible; SemrushBot/7~bl; +http://www.semrush.com/bot.html)" "mantech8.com"
185.191.171.36 - - [05/Jan/2023:17:59:48 -0800] "GET /?camp-fire%2F18535880.html HTTP/1.1" 500 - "-" "Mozilla/5.0 (compatible; SemrushBot/7~bl; +http://www.semrush.com/bot.html)" "mantech8.com"
185.191.171.26 - - [05/Jan/2023:18:01:03 -0800] "GET /?camp-fire%2F31878330.html HTTP/1.1" 500 - "-" "Mozilla/5.0 (compatible; SemrushBot/7~bl; +http://www.semrush.com/bot.html)" "mantech8.com"
185.191.171.4 - - [05/Jan/2023:18:01:31 -0800] "GET /index.php/camp-fire/38817817.html HTTP/1.1" 500 - "-" "Mozilla/5.0 (compatible; SemrushBot/7~bl; +http://www.semrush.com/bot.html)" "mantech8.com"
114.119.155.100 - - [05/Jan/2023:18:01:33 -0800] "GET /index.php/kiger.xml HTTP/1.1" 200 289259 "-" "Mozilla/5.0 (Linux; Android 7.0;) AppleWebKit/537.36 (KHTML, like Gecko) Mobile Safari/537.36 (compatible; PetalBot;+https://webmaster.petalsearch.com/site/petalbot)" "mantech8.com"
40.77.167.97 - - [05/Jan/2023:18:02:36 -0800] "GET /robots.txt HTTP/1.1" 200 106 "-" "Mozilla/5.0 (compatible; bingbot/2.0; +http://www.bing.com/bingbot.htm)" "mantech8.com"
40.77.167.97 - - [05/Jan/2023:18:02:37 -0800] "GET /robots.txt HTTP/1.1" 200 106 "-" "Mozilla/5.0 (compatible; bingbot/2.0; +http://www.bing.com/bingbot.htm)" "mantech8.com"
185.191.171.14 - - [05/Jan/2023:18:02:41 -0800] "GET /?camp-fire%2F14447669.html HTTP/1.1" 500 - "-" "Mozilla/5.0 (compatible; SemrushBot/7~bl; +http://www.semrush.com/bot.html)" "mantech8.com"
157.55.39.12 - - [05/Jan/2023:18:02:46 -0800] "GET /bimages/gallery/thump/pb9.jpg HTTP/1.1" 200 512175 "-" "Mozilla/5.0 (compatible; bingbot/2.0; +http://www.bing.com/bingbot.htm)" "mantech8.com"
185.191.171.43 - - [05/Jan/2023:18:02:53 -0800] "GET /?camp-fire%2F17852526.html HTTP/1.1" 500 - "-" "Mozilla/5.0 (compatible; SemrushBot/7~bl; +http://www.semrush.com/bot.html)" "mantech8.com"
114.119.138.199 - - [05/Jan/2023:18:02:55 -0800] "GET /index.php/sitemap4099.xml HTTP/1.1" 200 289335 "-" "Mozilla/5.0 (Linux; Android 7.0;) AppleWebKit/537.36 (KHTML, like Gecko) Mobile Safari/537.36 (compatible; PetalBot;+https://webmaster.petalsearch.com/site/petalbot)" "mantech8.com"
