185.191.171.39 - - [02/Jan/2023:09:02:51 -0800] "GET /?camp-fire%2F39808602.html HTTP/1.1" 500 - "-" "Mozilla/5.0 (compatible; SemrushBot/7~bl; +http://www.semrush.com/bot.html)" "mantech8.com"
185.191.171.2 - - [02/Jan/2023:09:02:58 -0800] "GET /?camp-fire%2F15230284.html HTTP/1.1" 500 - "-" "Mozilla/5.0 (compatible; SemrushBot/7~bl; +http://www.semrush.com/bot.html)" "mantech8.com"
185.191.171.34 - - [02/Jan/2023:09:03:06 -0800] "GET /?camp-fire%2F17554265.html HTTP/1.1" 500 - "-" "Mozilla/5.0 (compatible; SemrushBot/7~bl; +http://www.semrush.com/bot.html)" "mantech8.com"
185.191.171.2 - - [02/Jan/2023:09:03:18 -0800] "GET /?camp-fire%2F15662383.html HTTP/1.1" 500 - "-" "Mozilla/5.0 (compatible; SemrushBot/7~bl; +http://www.semrush.com/bot.html)" "mantech8.com"
185.191.171.42 - - [02/Jan/2023:09:04:17 -0800] "GET /bimages/mission/ HTTP/1.1" 200 416 "-" "Mozilla/5.0 (compatible; SemrushBot/7~bl; +http://www.semrush.com/bot.html)" "www.mantech8.com"
185.191.171.44 - - [02/Jan/2023:09:04:32 -0800] "GET /?camp-fire%2F26026661.html HTTP/1.1" 500 - "-" "Mozilla/5.0 (compatible; SemrushBot/7~bl; +http://www.semrush.com/bot.html)" "mantech8.com"
194.110.203.39 - - [02/Jan/2023:09:05:39 -0800] "GET /database/mantech8db.sql HTTP/1.1" 404 73 "-" "Firefox" "mantech8.com"
185.191.171.41 - - [02/Jan/2023:09:05:48 -0800] "GET /?camp-fire%2F14816287.html HTTP/1.1" 500 - "-" "Mozilla/5.0 (compatible; SemrushBot/7~bl; +http://www.semrush.com/bot.html)" "mantech8.com"
185.191.171.26 - - [02/Jan/2023:09:05:50 -0800] "GET /?camp-fire%2F11636190.html HTTP/1.1" 500 - "-" "Mozilla/5.0 (compatible; SemrushBot/7~bl; +http://www.semrush.com/bot.html)" "mantech8.com"
185.191.171.10 - - [02/Jan/2023:09:08:20 -0800] "GET /bimages/ HTTP/1.1" 200 728 "-" "Mozilla/5.0 (compatible; SemrushBot/7~bl; +http://www.semrush.com/bot.html)" "www.mantech8.com"
185.191.171.6 - - [02/Jan/2023:09:08:25 -0800] "GET /?camp-fire%2F17651480.html HTTP/1.1" 500 - "-" "Mozilla/5.0 (compatible; SemrushBot/7~bl; +http://www.semrush.com/bot.html)" "mantech8.com"
185.191.171.36 - - [02/Jan/2023:09:09:02 -0800] "GET /?camp-fire%2F18562080.html HTTP/1.1" 500 - "-" "Mozilla/5.0 (compatible; SemrushBot/7~bl; +http://www.semrush.com/bot.html)" "mantech8.com"
185.191.171.34 - - [02/Jan/2023:09:09:58 -0800] "GET /?camp-fire%2F26830572.html HTTP/1.1" 500 - "-" "Mozilla/5.0 (compatible; SemrushBot/7~bl; +http://www.semrush.com/bot.html)" "mantech8.com"
185.191.171.34 - - [02/Jan/2023:09:10:19 -0800] "GET /?camp-fire%2F29070166.html HTTP/1.1" 500 - "-" "Mozilla/5.0 (compatible; SemrushBot/7~bl; +http://www.semrush.com/bot.html)" "mantech8.com"
185.191.171.3 - - [02/Jan/2023:09:10:30 -0800] "GET /?camp-fire%2F37042878.html HTTP/1.1" 500 - "-" "Mozilla/5.0 (compatible; SemrushBot/7~bl; +http://www.semrush.com/bot.html)" "mantech8.com"
185.191.171.26 - - [02/Jan/2023:09:10:31 -0800] "GET /?camp-fire%2F16801176.html HTTP/1.1" 500 - "-" "Mozilla/5.0 (compatible; SemrushBot/7~bl; +http://www.semrush.com/bot.html)" "mantech8.com"
185.191.171.16 - - [02/Jan/2023:09:11:50 -0800] "GET /?camp-fire%2F17762427.html HTTP/1.1" 500 - "-" "Mozilla/5.0 (compatible; SemrushBot/7~bl; +http://www.semrush.com/bot.html)" "mantech8.com"
185.191.171.24 - - [02/Jan/2023:09:11:52 -0800] "GET /bimages/bus/?C=M%3BO%3DA HTTP/1.1" 200 452 "-" "Mozilla/5.0 (compatible; SemrushBot/7~bl; +http://www.semrush.com/bot.html)" "www.mantech8.com"
185.191.171.1 - - [02/Jan/2023:09:13:23 -0800] "GET /bimages/pipeg/thump/?C=N%3BO%3DD HTTP/1.1" 200 568 "-" "Mozilla/5.0 (compatible; SemrushBot/7~bl; +http://www.semrush.com/bot.html)" "www.mantech8.com"
185.191.171.4 - - [02/Jan/2023:09:13:32 -0800] "GET /?camp-fire%2F25747033.html HTTP/1.1" 500 - "-" "Mozilla/5.0 (compatible; SemrushBot/7~bl; +http://www.semrush.com/bot.html)" "mantech8.com"
185.191.171.5 - - [02/Jan/2023:09:13:44 -0800] "GET /?camp-fire%2F29915959.html HTTP/1.1" 500 - "-" "Mozilla/5.0 (compatible; SemrushBot/7~bl; +http://www.semrush.com/bot.html)" "mantech8.com"
157.55.39.95 - - [02/Jan/2023:09:13:59 -0800] "GET /index.php?camp-fire/20963128.html HTTP/1.1" 200 68517 "-" "Mozilla/5.0 AppleWebKit/537.36 (KHTML, like Gecko; compatible; bingbot/2.0; +http://www.bing.com/bingbot.htm) Chrome/103.0.5060.134 Safari/537.36" "www.mantech8.com"
185.191.171.3 - - [02/Jan/2023:09:14:16 -0800] "GET /?camp-fire%2F15724687.html HTTP/1.1" 500 - "-" "Mozilla/5.0 (compatible; SemrushBot/7~bl; +http://www.semrush.com/bot.html)" "mantech8.com"
185.191.171.10 - - [02/Jan/2023:09:15:16 -0800] "GET /?camp-fire%2F25205280.html HTTP/1.1" 500 - "-" "Mozilla/5.0 (compatible; SemrushBot/7~bl; +http://www.semrush.com/bot.html)" "mantech8.com"
114.119.140.237 - - [02/Jan/2023:09:15:25 -0800] "GET /index.php?sitemap8.xml HTTP/1.1" 200 289262 "-" "Mozilla/5.0 (compatible;PetalBot;+https://webmaster.petalsearch.com/site/petalbot)" "mantech8.com"
185.191.171.9 - - [02/Jan/2023:09:15:39 -0800] "GET /?camp-fire%2F26507176.html HTTP/1.1" 500 - "-" "Mozilla/5.0 (compatible; SemrushBot/7~bl; +http://www.semrush.com/bot.html)" "mantech8.com"
216.244.66.241 - - [02/Jan/2023:09:16:09 -0800] "GET /images/c4.jpg HTTP/1.1" 200 138287 "-" "Mozilla/5.0 (compatible; DotBot/1.2; +https://opensiteexplorer.org/dotbot; help@moz.com)" "www.mantech8.com"
185.191.171.22 - - [02/Jan/2023:09:16:12 -0800] "GET /?camp-fire%2F15590383.html HTTP/1.1" 500 - "-" "Mozilla/5.0 (compatible; SemrushBot/7~bl; +http://www.semrush.com/bot.html)" "mantech8.com"
216.244.66.241 - - [02/Jan/2023:09:16:47 -0800] "GET /images/paint%20b3.jpg HTTP/1.1" 200 148747 "-" "Mozilla/5.0 (compatible; DotBot/1.2; +https://opensiteexplorer.org/dotbot; help@moz.com)" "www.mantech8.com"
114.119.154.11 - - [02/Jan/2023:09:16:55 -0800] "GET /index.php/successional.xml HTTP/1.1" 200 289400 "-" "Mozilla/5.0 (compatible;PetalBot;+https://webmaster.petalsearch.com/site/petalbot)" "mantech8.com"
103.139.246.166 - - [02/Jan/2023:09:16:59 -0800] "GET /contact.php HTTP/1.1" 200 29238 "http://mantech8.com/contact.php" "Mozilla/5.0 (Windows NT 10.0) AppleWebKit/537.36 (KHTML, like Gecko) Chrome/90.0.4430.85 Safari/537.36 Edg/90.0.818.46" "mantech8.com"
185.191.171.42 - - [02/Jan/2023:09:17:02 -0800] "GET /?camp-fire%2F16479969.html HTTP/1.1" 500 - "-" "Mozilla/5.0 (compatible; SemrushBot/7~bl; +http://www.semrush.com/bot.html)" "mantech8.com"
185.191.171.44 - - [02/Jan/2023:09:17:33 -0800] "GET /?camp-fire%2F15434124.html HTTP/1.1" 500 - "-" "Mozilla/5.0 (compatible; SemrushBot/7~bl; +http://www.semrush.com/bot.html)" "mantech8.com"
185.191.171.38 - - [02/Jan/2023:09:17:53 -0800] "GET /?camp-fire%2F11084408.html HTTP/1.1" 500 - "-" "Mozilla/5.0 (compatible; SemrushBot/7~bl; +http://www.semrush.com/bot.html)" "mantech8.com"
185.191.171.25 - - [02/Jan/2023:09:17:57 -0800] "GET /?camp-fire%2F17704380.html HTTP/1.1" 500 - "-" "Mozilla/5.0 (compatible; SemrushBot/7~bl; +http://www.semrush.com/bot.html)" "mantech8.com"
185.191.171.17 - - [02/Jan/2023:09:18:26 -0800] "GET /?camp-fire%2F25436693.html HTTP/1.1" 500 - "-" "Mozilla/5.0 (compatible; SemrushBot/7~bl; +http://www.semrush.com/bot.html)" "mantech8.com"
185.191.171.38 - - [02/Jan/2023:09:18:45 -0800] "GET /bimages/video/thump/?C=S%3BO%3DA HTTP/1.1" 200 432 "-" "Mozilla/5.0 (compatible; SemrushBot/7~bl; +http://www.semrush.com/bot.html)" "www.mantech8.com"
185.191.171.16 - - [02/Jan/2023:09:19:15 -0800] "GET /?camp-fire%2F12946609.html HTTP/1.1" 500 - "-" "Mozilla/5.0 (compatible; SemrushBot/7~bl; +http://www.semrush.com/bot.html)" "mantech8.com"
185.191.171.42 - - [02/Jan/2023:09:19:20 -0800] "GET /?camp-fire%2F12831476.html HTTP/1.1" 500 - "-" "Mozilla/5.0 (compatible; SemrushBot/7~bl; +http://www.semrush.com/bot.html)" "mantech8.com"
185.191.171.26 - - [02/Jan/2023:09:20:25 -0800] "GET /?camp-fire%2F26006376.html HTTP/1.1" 500 - "-" "Mozilla/5.0 (compatible; SemrushBot/7~bl; +http://www.semrush.com/bot.html)" "mantech8.com"
185.191.171.22 - - [02/Jan/2023:09:20:30 -0800] "GET /?camp-fire%2F26053506.html HTTP/1.1" 500 - "-" "Mozilla/5.0 (compatible; SemrushBot/7~bl; +http://www.semrush.com/bot.html)" "mantech8.com"
185.191.171.16 - - [02/Jan/2023:09:21:39 -0800] "GET /bimages/tank/?C=S%3BO%3DA HTTP/1.1" 200 411 "-" "Mozilla/5.0 (compatible; SemrushBot/7~bl; +http://www.semrush.com/bot.html)" "www.mantech8.com"
185.191.171.19 - - [02/Jan/2023:09:21:39 -0800] "GET /?camp-fire%2F21567926.html HTTP/1.1" 500 - "-" "Mozilla/5.0 (compatible; SemrushBot/7~bl; +http://www.semrush.com/bot.html)" "mantech8.com"
185.191.171.39 - - [02/Jan/2023:09:21:41 -0800] "GET /bimages/cleang/thump/?C=D%3BO%3DA HTTP/1.1" 200 462 "-" "Mozilla/5.0 (compatible; SemrushBot/7~bl; +http://www.semrush.com/bot.html)" "www.mantech8.com"
185.191.171.26 - - [02/Jan/2023:09:22:16 -0800] "GET /?camp-fire%2F29293435.html HTTP/1.1" 500 - "-" "Mozilla/5.0 (compatible; SemrushBot/7~bl; +http://www.semrush.com/bot.html)" "mantech8.com"
185.191.171.45 - - [02/Jan/2023:09:23:14 -0800] "GET /?camp-fire%2F24805450.html HTTP/1.1" 500 - "-" "Mozilla/5.0 (compatible; SemrushBot/7~bl; +http://www.semrush.com/bot.html)" "mantech8.com"
185.191.171.18 - - [02/Jan/2023:09:23:39 -0800] "GET /?camp-fire%2F26829572.html HTTP/1.1" 500 - "-" "Mozilla/5.0 (compatible; SemrushBot/7~bl; +http://www.semrush.com/bot.html)" "mantech8.com"
185.191.171.5 - - [02/Jan/2023:09:24:44 -0800] "GET /?camp-fire%2F24480157.html HTTP/1.1" 500 - "-" "Mozilla/5.0 (compatible; SemrushBot/7~bl; +http://www.semrush.com/bot.html)" "mantech8.com"
185.191.171.14 - - [02/Jan/2023:09:25:05 -0800] "GET /?camp-fire%2F19165132.html HTTP/1.1" 500 - "-" "Mozilla/5.0 (compatible; SemrushBot/7~bl; +http://www.semrush.com/bot.html)" "mantech8.com"
185.191.171.39 - - [02/Jan/2023:09:26:24 -0800] "GET /bimages/tank/?C=N%3BO%3DD HTTP/1.1" 200 411 "-" "Mozilla/5.0 (compatible; SemrushBot/7~bl; +http://www.semrush.com/bot.html)" "www.mantech8.com"
185.191.171.10 - - [02/Jan/2023:09:26:33 -0800] "GET /?camp-fire%2F12318457.html HTTP/1.1" 500 - "-" "Mozilla/5.0 (compatible; SemrushBot/7~bl; +http://www.semrush.com/bot.html)" "mantech8.com"
185.191.171.26 - - [02/Jan/2023:09:26:45 -0800] "GET /?camp-fire%2F11541142.html HTTP/1.1" 500 - "-" "Mozilla/5.0 (compatible; SemrushBot/7~bl; +http://www.semrush.com/bot.html)" "mantech8.com"
185.191.171.23 - - [02/Jan/2023:09:26:49 -0800] "GET /?camp-fire%2F36006925.html HTTP/1.1" 500 - "-" "Mozilla/5.0 (compatible; SemrushBot/7~bl; +http://www.semrush.com/bot.html)" "mantech8.com"
64.124.8.23 - - [02/Jan/2023:09:26:50 -0800] "GET /bimages/client/fels.png HTTP/1.1" 200 22393 "-" "Mozilla/5.0 (Macintosh; Intel Mac OS X 10_15_7) AppleWebKit/537.36 (KHTML, like Gecko) Chrome/107.0.0.0 Safari/537.36" "www.mantech8.com"
64.124.8.23 - - [02/Jan/2023:09:26:50 -0800] "GET /bimages/gallery/thump/sb12.jpg HTTP/1.1" 200 161160 "-" "Mozilla/5.0 (Macintosh; Intel Mac OS X 10_15_7) AppleWebKit/537.36 (KHTML, like Gecko) Chrome/107.0.0.0 Safari/537.36" "www.mantech8.com"
64.124.8.23 - - [02/Jan/2023:09:26:51 -0800] "GET /bimages/gallery/s11.jpg HTTP/1.1" 200 156136 "-" "Mozilla/5.0 (Macintosh; Intel Mac OS X 10_15_7) AppleWebKit/537.36 (KHTML, like Gecko) Chrome/107.0.0.0 Safari/537.36" "www.mantech8.com"
64.124.8.23 - - [02/Jan/2023:09:27:02 -0800] "GET /bimages/gallery/p4.jpg HTTP/1.1" 200 58231 "-" "Mozilla/5.0 (Macintosh; Intel Mac OS X 10_15_7) AppleWebKit/537.36 (KHTML, like Gecko) Chrome/107.0.0.0 Safari/537.36" "www.mantech8.com"
185.191.171.1 - - [02/Jan/2023:09:27:13 -0800] "GET /?camp-fire%2F45006066.html HTTP/1.1" 500 - "-" "Mozilla/5.0 (compatible; SemrushBot/7~bl; +http://www.semrush.com/bot.html)" "mantech8.com"
185.191.171.34 - - [02/Jan/2023:09:28:06 -0800] "GET /?camp-fire%2F28768724.html HTTP/1.1" 500 - "-" "Mozilla/5.0 (compatible; SemrushBot/7~bl; +http://www.semrush.com/bot.html)" "mantech8.com"
185.191.171.26 - - [02/Jan/2023:09:28:50 -0800] "GET /?camp-fire%2F17072396.html HTTP/1.1" 500 - "-" "Mozilla/5.0 (compatible; SemrushBot/7~bl; +http://www.semrush.com/bot.html)" "mantech8.com"
185.191.171.42 - - [02/Jan/2023:09:29:18 -0800] "GET /?camp-fire%2F26133982.html HTTP/1.1" 500 - "-" "Mozilla/5.0 (compatible; SemrushBot/7~bl; +http://www.semrush.com/bot.html)" "mantech8.com"
185.191.171.33 - - [02/Jan/2023:09:30:18 -0800] "GET /?camp-fire%2F16466456.html HTTP/1.1" 500 - "-" "Mozilla/5.0 (compatible; SemrushBot/7~bl; +http://www.semrush.com/bot.html)" "mantech8.com"
114.119.137.103 - - [02/Jan/2023:09:30:53 -0800] "GET /index.php?sitemap-index-2.xml HTTP/1.1" 200 4854 "-" "Mozilla/5.0 (compatible;PetalBot;+https://webmaster.petalsearch.com/site/petalbot)" "mantech8.com"
185.191.171.39 - - [02/Jan/2023:09:31:11 -0800] "GET /?camp-fire%2F27480270.html HTTP/1.1" 500 - "-" "Mozilla/5.0 (compatible; SemrushBot/7~bl; +http://www.semrush.com/bot.html)" "mantech8.com"
185.191.171.41 - - [02/Jan/2023:09:32:06 -0800] "GET /?camp-fire%2F10391690.html HTTP/1.1" 500 - "-" "Mozilla/5.0 (compatible; SemrushBot/7~bl; +http://www.semrush.com/bot.html)" "mantech8.com"
185.191.171.35 - - [02/Jan/2023:09:32:14 -0800] "GET /?camp-fire%2F32651525.html HTTP/1.1" 500 - "-" "Mozilla/5.0 (compatible; SemrushBot/7~bl; +http://www.semrush.com/bot.html)" "mantech8.com"
185.191.171.16 - - [02/Jan/2023:09:32:23 -0800] "GET /index.php?camp-fire%2F7445493.html HTTP/1.1" 500 - "-" "Mozilla/5.0 (compatible; SemrushBot/7~bl; +http://www.semrush.com/bot.html)" "mantech8.com"
114.119.155.22 - - [02/Jan/2023:09:32:30 -0800] "GET /?sitemap50827.xml HTTP/1.1" 200 270484 "-" "Mozilla/5.0 (compatible;PetalBot;+https://webmaster.petalsearch.com/site/petalbot)" "mantech8.com"
114.119.137.184 - - [02/Jan/2023:09:33:36 -0800] "GET /sitemap6.xml HTTP/1.1" 404 88 "-" "Mozilla/5.0 (compatible;PetalBot;+https://webmaster.petalsearch.com/site/petalbot)" "mantech8.com"
216.244.66.241 - - [02/Jan/2023:09:35:24 -0800] "GET /robots.txt HTTP/1.1" 200 222 "-" "Mozilla/5.0 (compatible; DotBot/1.2; +https://opensiteexplorer.org/dotbot; help@moz.com)" "www.mantech8.com"
216.244.66.241 - - [02/Jan/2023:09:35:24 -0800] "GET /robots.txt HTTP/1.1" 200 222 "-" "Mozilla/5.0 (compatible; DotBot/1.2; +https://opensiteexplorer.org/dotbot; help@moz.com)" "mantech8.com"
185.191.171.15 - - [02/Jan/2023:09:35:32 -0800] "GET /index.php?camp-fire%2F7641821.html HTTP/1.1" 500 - "-" "Mozilla/5.0 (compatible; SemrushBot/7~bl; +http://www.semrush.com/bot.html)" "mantech8.com"
185.191.171.7 - - [02/Jan/2023:09:35:48 -0800] "GET /?camp-fire%2F24696135.html HTTP/1.1" 500 - "-" "Mozilla/5.0 (compatible; SemrushBot/7~bl; +http://www.semrush.com/bot.html)" "mantech8.com"
185.191.171.1 - - [02/Jan/2023:09:36:06 -0800] "GET /?camp-fire%2F16796365.html HTTP/1.1" 500 - "-" "Mozilla/5.0 (compatible; SemrushBot/7~bl; +http://www.semrush.com/bot.html)" "mantech8.com"
185.191.171.5 - - [02/Jan/2023:09:36:15 -0800] "GET /?camp-fire%2F12447309.html HTTP/1.1" 500 - "-" "Mozilla/5.0 (compatible; SemrushBot/7~bl; +http://www.semrush.com/bot.html)" "mantech8.com"
185.191.171.16 - - [02/Jan/2023:09:36:54 -0800] "GET /?camp-fire%2F18107061.html HTTP/1.1" 500 - "-" "Mozilla/5.0 (compatible; SemrushBot/7~bl; +http://www.semrush.com/bot.html)" "mantech8.com"
185.191.171.10 - - [02/Jan/2023:09:37:48 -0800] "GET /?camp-fire%2F15186684.html HTTP/1.1" 500 - "-" "Mozilla/5.0 (compatible; SemrushBot/7~bl; +http://www.semrush.com/bot.html)" "mantech8.com"
185.191.171.42 - - [02/Jan/2023:09:37:51 -0800] "GET /?camp-fire%2F26104182.html HTTP/1.1" 500 - "-" "Mozilla/5.0 (compatible; SemrushBot/7~bl; +http://www.semrush.com/bot.html)" "mantech8.com"
185.191.171.33 - - [02/Jan/2023:09:38:50 -0800] "GET /?camp-fire%2F11373390.html HTTP/1.1" 500 - "-" "Mozilla/5.0 (compatible; SemrushBot/7~bl; +http://www.semrush.com/bot.html)" "mantech8.com"
185.191.171.22 - - [02/Jan/2023:09:38:57 -0800] "GET /?camp-fire%2F10560457.html HTTP/1.1" 500 - "-" "Mozilla/5.0 (compatible; SemrushBot/7~bl; +http://www.semrush.com/bot.html)" "mantech8.com"
185.191.171.36 - - [02/Jan/2023:09:39:19 -0800] "GET /?camp-fire%2F11038785.html HTTP/1.1" 500 - "-" "Mozilla/5.0 (compatible; SemrushBot/7~bl; +http://www.semrush.com/bot.html)" "mantech8.com"
185.191.171.7 - - [02/Jan/2023:09:39:24 -0800] "GET /?camp-fire%2F11187690.html HTTP/1.1" 500 - "-" "Mozilla/5.0 (compatible; SemrushBot/7~bl; +http://www.semrush.com/bot.html)" "mantech8.com"
185.191.171.36 - - [02/Jan/2023:09:39:40 -0800] "GET /?camp-fire%2F28739670.html HTTP/1.1" 500 - "-" "Mozilla/5.0 (compatible; SemrushBot/7~bl; +http://www.semrush.com/bot.html)" "mantech8.com"
185.191.171.26 - - [02/Jan/2023:09:39:41 -0800] "GET /?camp-fire%2F28112947.html HTTP/1.1" 500 - "-" "Mozilla/5.0 (compatible; SemrushBot/7~bl; +http://www.semrush.com/bot.html)" "mantech8.com"
185.191.171.39 - - [02/Jan/2023:09:40:09 -0800] "GET /?camp-fire%2F23592106.html HTTP/1.1" 500 - "-" "Mozilla/5.0 (compatible; SemrushBot/7~bl; +http://www.semrush.com/bot.html)" "mantech8.com"
5.255.253.103 - - [02/Jan/2023:09:41:25 -0800] "GET /robots.txt HTTP/1.1" 200 222 "-" "Mozilla/5.0 (compatible; YandexBot/3.0; +http://yandex.com/bots)" "www.mantech8.com"
5.45.207.107 - - [02/Jan/2023:09:41:28 -0800] "GET / HTTP/1.1" 500 - "-" "Mozilla/5.0 (compatible; YandexBot/3.0; +http://yandex.com/bots) AppleWebKit/537.36 (KHTML, like Gecko) Chrome/81.0.4044.268" "www.mantech8.com"
185.191.171.10 - - [02/Jan/2023:09:42:30 -0800] "GET /robots.txt HTTP/1.1" 200 106 "-" "Mozilla/5.0 (compatible; SemrushBot/7~bl; +http://www.semrush.com/bot.html)" "www.mantech8.com"
185.191.171.25 - - [02/Jan/2023:09:42:31 -0800] "GET /bimages/SliderImage/?C=M%3BO%3DA HTTP/1.1" 200 566 "-" "Mozilla/5.0 (compatible; SemrushBot/7~bl; +http://www.semrush.com/bot.html)" "www.mantech8.com"
185.191.171.40 - - [02/Jan/2023:09:43:19 -0800] "GET /?camp-fire%2F77639183.html HTTP/1.1" 500 - "-" "Mozilla/5.0 (compatible; SemrushBot/7~bl; +http://www.semrush.com/bot.html)" "mantech8.com"
185.191.171.1 - - [02/Jan/2023:09:43:21 -0800] "GET /?camp-fire%2F27972371.html HTTP/1.1" 500 - "-" "Mozilla/5.0 (compatible; SemrushBot/7~bl; +http://www.semrush.com/bot.html)" "mantech8.com"
185.191.171.25 - - [02/Jan/2023:09:43:29 -0800] "GET /?camp-fire%2F16163384.html HTTP/1.1" 500 - "-" "Mozilla/5.0 (compatible; SemrushBot/7~bl; +http://www.semrush.com/bot.html)" "mantech8.com"
185.191.171.40 - - [02/Jan/2023:09:43:53 -0800] "GET /?camp-fire%2F20329732.html HTTP/1.1" 500 - "-" "Mozilla/5.0 (compatible; SemrushBot/7~bl; +http://www.semrush.com/bot.html)" "mantech8.com"
185.191.171.45 - - [02/Jan/2023:09:44:06 -0800] "GET /?camp-fire%2F17225098.html HTTP/1.1" 500 - "-" "Mozilla/5.0 (compatible; SemrushBot/7~bl; +http://www.semrush.com/bot.html)" "mantech8.com"
185.191.171.39 - - [02/Jan/2023:09:44:53 -0800] "GET /?camp-fire%2F17645493.html HTTP/1.1" 500 - "-" "Mozilla/5.0 (compatible; SemrushBot/7~bl; +http://www.semrush.com/bot.html)" "mantech8.com"
185.191.171.25 - - [02/Jan/2023:09:45:27 -0800] "GET /?camp-fire%2F21263400.html HTTP/1.1" 500 - "-" "Mozilla/5.0 (compatible; SemrushBot/7~bl; +http://www.semrush.com/bot.html)" "mantech8.com"
185.191.171.10 - - [02/Jan/2023:09:46:00 -0800] "GET /qualityandsafety.php HTTP/1.1" 200 14453 "-" "Mozilla/5.0 (compatible; SemrushBot/7~bl; +http://www.semrush.com/bot.html)" "mantech8.com"
185.191.171.9 - - [02/Jan/2023:09:47:37 -0800] "GET /bimages/headg/?C=N%3BO%3DD HTTP/1.1" 200 491 "-" "Mozilla/5.0 (compatible; SemrushBot/7~bl; +http://www.semrush.com/bot.html)" "www.mantech8.com"
114.119.128.179 - - [02/Jan/2023:09:47:42 -0800] "GET /interphalangeal.xml HTTP/1.1" 404 88 "-" "Mozilla/5.0 (compatible;PetalBot;+https://webmaster.petalsearch.com/site/petalbot)" "mantech8.com"
185.191.171.18 - - [02/Jan/2023:09:48:05 -0800] "GET /?camp-fire%2F24053061.html HTTP/1.1" 500 - "-" "Mozilla/5.0 (compatible; SemrushBot/7~bl; +http://www.semrush.com/bot.html)" "mantech8.com"
185.191.171.36 - - [02/Jan/2023:09:48:17 -0800] "GET /?camp-fire%2F14501624.html HTTP/1.1" 500 - "-" "Mozilla/5.0 (compatible; SemrushBot/7~bl; +http://www.semrush.com/bot.html)" "mantech8.com"
185.191.171.38 - - [02/Jan/2023:09:48:25 -0800] "GET /?camp-fire%2F24541030.html HTTP/1.1" 500 - "-" "Mozilla/5.0 (compatible; SemrushBot/7~bl; +http://www.semrush.com/bot.html)" "mantech8.com"
185.191.171.25 - - [02/Jan/2023:09:48:40 -0800] "GET /?camp-fire%2F39366389.html HTTP/1.1" 500 - "-" "Mozilla/5.0 (compatible; SemrushBot/7~bl; +http://www.semrush.com/bot.html)" "mantech8.com"
114.119.142.28 - - [02/Jan/2023:09:49:06 -0800] "GET /index.php/sitemap113.xml HTTP/1.1" 200 289294 "-" "Mozilla/5.0 (compatible;PetalBot;+https://webmaster.petalsearch.com/site/petalbot)" "mantech8.com"
185.191.171.1 - - [02/Jan/2023:09:49:36 -0800] "GET /?camp-fire%2F11945276.html HTTP/1.1" 500 - "-" "Mozilla/5.0 (compatible; SemrushBot/7~bl; +http://www.semrush.com/bot.html)" "mantech8.com"
114.119.131.52 - - [02/Jan/2023:09:50:21 -0800] "GET /?larges.xml HTTP/1.1" 200 270571 "-" "Mozilla/5.0 (compatible;PetalBot;+https://webmaster.petalsearch.com/site/petalbot)" "mantech8.com"
185.191.171.40 - - [02/Jan/2023:09:50:45 -0800] "GET /?camp-fire%2F27180265.html HTTP/1.1" 500 - "-" "Mozilla/5.0 (compatible; SemrushBot/7~bl; +http://www.semrush.com/bot.html)" "mantech8.com"
185.191.171.44 - - [02/Jan/2023:09:51:21 -0800] "GET /?camp-fire%2F31620883.html HTTP/1.1" 500 - "-" "Mozilla/5.0 (compatible; SemrushBot/7~bl; +http://www.semrush.com/bot.html)" "mantech8.com"
185.191.171.36 - - [02/Jan/2023:09:51:55 -0800] "GET /?camp-fire%2F15662583.html HTTP/1.1" 500 - "-" "Mozilla/5.0 (compatible; SemrushBot/7~bl; +http://www.semrush.com/bot.html)" "mantech8.com"
185.191.171.25 - - [02/Jan/2023:09:54:46 -0800] "GET /?camp-fire%2F39741809.html HTTP/1.1" 500 - "-" "Mozilla/5.0 (compatible; SemrushBot/7~bl; +http://www.semrush.com/bot.html)" "mantech8.com"
185.191.171.2 - - [02/Jan/2023:09:56:20 -0800] "GET /?camp-fire%2F15445683.html HTTP/1.1" 500 - "-" "Mozilla/5.0 (compatible; SemrushBot/7~bl; +http://www.semrush.com/bot.html)" "mantech8.com"
185.191.171.4 - - [02/Jan/2023:09:56:30 -0800] "GET /paintinggal.php HTTP/1.1" 200 18549 "-" "Mozilla/5.0 (compatible; SemrushBot/7~bl; +http://www.semrush.com/bot.html)" "mantech8.com"
185.191.171.43 - - [02/Jan/2023:09:56:33 -0800] "GET /?camp-fire%2F24252950.html HTTP/1.1" 500 - "-" "Mozilla/5.0 (compatible; SemrushBot/7~bl; +http://www.semrush.com/bot.html)" "mantech8.com"
185.191.171.14 - - [02/Jan/2023:09:56:50 -0800] "GET /?camp-fire%2F28256235.html HTTP/1.1" 500 - "-" "Mozilla/5.0 (compatible; SemrushBot/7~bl; +http://www.semrush.com/bot.html)" "mantech8.com"
185.191.171.14 - - [02/Jan/2023:09:57:01 -0800] "GET /?camp-fire%2F18013965.html HTTP/1.1" 500 - "-" "Mozilla/5.0 (compatible; SemrushBot/7~bl; +http://www.semrush.com/bot.html)" "mantech8.com"
157.55.39.150 - - [02/Jan/2023:09:57:18 -0800] "GET /F2si-4d0befebd-DickW.Ii HTTP/1.1" 404 88 "-" "Mozilla/5.0 (compatible; bingbot/2.0; +http://www.bing.com/bingbot.htm)" "www.mantech8.com"
185.191.171.24 - - [02/Jan/2023:09:57:27 -0800] "GET /?camp-fire%2F23261180.html HTTP/1.1" 500 - "-" "Mozilla/5.0 (compatible; SemrushBot/7~bl; +http://www.semrush.com/bot.html)" "mantech8.com"
185.191.171.42 - - [02/Jan/2023:09:57:54 -0800] "GET /?camp-fire%2F10528757.html HTTP/1.1" 500 - "-" "Mozilla/5.0 (compatible; SemrushBot/7~bl; +http://www.semrush.com/bot.html)" "mantech8.com"
185.191.171.42 - - [02/Jan/2023:09:58:20 -0800] "GET /?camp-fire%2F10734583.html HTTP/1.1" 500 - "-" "Mozilla/5.0 (compatible; SemrushBot/7~bl; +http://www.semrush.com/bot.html)" "mantech8.com"
185.191.171.33 - - [02/Jan/2023:09:58:22 -0800] "GET /?camp-fire%2F24320124.html HTTP/1.1" 500 - "-" "Mozilla/5.0 (compatible; SemrushBot/7~bl; +http://www.semrush.com/bot.html)" "mantech8.com"
185.191.171.12 - - [02/Jan/2023:09:58:56 -0800] "GET /?camp-fire%2F20633265.html HTTP/1.1" 500 - "-" "Mozilla/5.0 (compatible; SemrushBot/7~bl; +http://www.semrush.com/bot.html)" "mantech8.com"
185.191.171.43 - - [02/Jan/2023:09:59:14 -0800] "GET /robots.txt HTTP/1.1" 200 106 "-" "Mozilla/5.0 (compatible; SemrushBot/7~bl; +http://www.semrush.com/bot.html)" "mantech8.com"
185.191.171.4 - - [02/Jan/2023:09:59:14 -0800] "GET /?camp-fire%2F58992282.html HTTP/1.1" 500 - "-" "Mozilla/5.0 (compatible; SemrushBot/7~bl; +http://www.semrush.com/bot.html)" "mantech8.com"
185.191.171.19 - - [02/Jan/2023:09:59:22 -0800] "GET /bimages/video/ HTTP/1.1" 200 550 "-" "Mozilla/5.0 (compatible; SemrushBot/7~bl; +http://www.semrush.com/bot.html)" "www.mantech8.com"
185.191.171.35 - - [02/Jan/2023:09:59:25 -0800] "GET /bimages/scafg/?C=M%3BO%3DA HTTP/1.1" 200 555 "-" "Mozilla/5.0 (compatible; SemrushBot/7~bl; +http://www.semrush.com/bot.html)" "www.mantech8.com"
185.191.171.5 - - [02/Jan/2023:10:00:47 -0800] "GET /?camp-fire%2F25467206.html HTTP/1.1" 500 - "-" "Mozilla/5.0 (compatible; SemrushBot/7~bl; +http://www.semrush.com/bot.html)" "mantech8.com"
185.191.171.40 - - [02/Jan/2023:10:01:01 -0800] "GET /?camp-fire%2F19741951.html HTTP/1.1" 500 - "-" "Mozilla/5.0 (compatible; SemrushBot/7~bl; +http://www.semrush.com/bot.html)" "mantech8.com"
157.55.39.111 - - [02/Jan/2023:10:01:03 -0800] "GET /index.php/s0KV-dc7bacde-oxim5.Ii HTTP/1.1" 200 68223 "-" "Mozilla/5.0 AppleWebKit/537.36 (KHTML, like Gecko; compatible; bingbot/2.0; +http://www.bing.com/bingbot.htm) Chrome/103.0.5060.134 Safari/537.36" "mantech8.com"
45.154.98.161 - - [02/Jan/2023:10:01:50 -0800] "GET /index.php?/index.php?m=content&amp;c=index&amp;a=show&amp;catid=22&amp;id=775 HTTP/1.1" 500 - "https://www.mantech8.com/index.php?/index.php?m=content&amp;c=index&amp;a=show&amp;catid=22&amp;id=775" "Mozilla/5.0 (Windows NT 10.0; WOW64; Rv:50.0) Gecko/20100101 Firefox/50.0" "www.mantech8.com"
45.154.98.161 - - [02/Jan/2023:10:01:50 -0800] "GET /index.php?/index.php?m=content'[0]&amp;c=index&amp;a=show&amp;catid=22&amp;id=775 HTTP/1.1" 500 - "https://www.mantech8.com/index.php?/index.php?m=content'[0]&amp;c=index&amp;a=show&amp;catid=22&amp;id=775" "Mozilla/5.0 (Windows NT 10.0; WOW64; Rv:50.0) Gecko/20100101 Firefox/50.0" "www.mantech8.com"
45.154.98.161 - - [02/Jan/2023:10:01:51 -0800] "GET /index.php?/index.php?m=content&amp;c=index'[0]&amp;a=show&amp;catid=22&amp;id=775 HTTP/1.1" 500 - "https://www.mantech8.com/index.php?/index.php?m=content&amp;c=index'[0]&amp;a=show&amp;catid=22&amp;id=775" "Mozilla/5.0 (Windows NT 10.0; WOW64; Rv:50.0) Gecko/20100101 Firefox/50.0" "www.mantech8.com"
45.154.98.161 - - [02/Jan/2023:10:01:52 -0800] "GET /index.php?/index.php?m=content&amp;c=index&amp;a=show'[0]&amp;catid=22&amp;id=775 HTTP/1.1" 500 - "https://www.mantech8.com/index.php?/index.php?m=content&amp;c=index&amp;a=show'[0]&amp;catid=22&amp;id=775" "Mozilla/5.0 (Windows NT 10.0; WOW64; Rv:50.0) Gecko/20100101 Firefox/50.0" "www.mantech8.com"
45.154.98.161 - - [02/Jan/2023:10:01:53 -0800] "GET /index.php?/index.php?m=content&amp;c=index&amp;a=show&amp;catid=22'[0]&amp;id=775 HTTP/1.1" 500 - "https://www.mantech8.com/index.php?/index.php?m=content&amp;c=index&amp;a=show&amp;catid=22'[0]&amp;id=775" "Mozilla/5.0 (Windows NT 10.0; WOW64; Rv:50.0) Gecko/20100101 Firefox/50.0" "www.mantech8.com"
45.154.98.161 - - [02/Jan/2023:10:01:53 -0800] "GET /index.php?/index.php?m=content&amp;c=index&amp;a=show&amp;catid=22&amp;id=775'[0] HTTP/1.1" 500 - "https://www.mantech8.com/index.php?/index.php?m=content&amp;c=index&amp;a=show&amp;catid=22&amp;id=775'[0]" "Mozilla/5.0 (Windows NT 10.0; WOW64; Rv:50.0) Gecko/20100101 Firefox/50.0" "www.mantech8.com"
185.191.171.41 - - [02/Jan/2023:10:02:00 -0800] "GET /?camp-fire%2F27136472.html HTTP/1.1" 500 - "-" "Mozilla/5.0 (compatible; SemrushBot/7~bl; +http://www.semrush.com/bot.html)" "mantech8.com"
185.191.171.25 - - [02/Jan/2023:10:03:15 -0800] "GET /?camp-fire%2F21685683.html HTTP/1.1" 500 - "-" "Mozilla/5.0 (compatible; SemrushBot/7~bl; +http://www.semrush.com/bot.html)" "mantech8.com"
185.191.171.6 - - [02/Jan/2023:10:04:19 -0800] "GET /?camp-fire%2F21794890.html HTTP/1.1" 500 - "-" "Mozilla/5.0 (compatible; SemrushBot/7~bl; +http://www.semrush.com/bot.html)" "mantech8.com"
185.191.171.17 - - [02/Jan/2023:10:04:53 -0800] "GET /?camp-fire%2F28564964.html HTTP/1.1" 500 - "-" "Mozilla/5.0 (compatible; SemrushBot/7~bl; +http://www.semrush.com/bot.html)" "mantech8.com"
185.191.171.19 - - [02/Jan/2023:10:04:55 -0800] "GET /?camp-fire%2F13013978.html HTTP/1.1" 500 - "-" "Mozilla/5.0 (compatible; SemrushBot/7~bl; +http://www.semrush.com/bot.html)" "mantech8.com"
185.191.171.5 - - [02/Jan/2023:10:05:28 -0800] "GET /?camp-fire%2F24233450.html HTTP/1.1" 500 - "-" "Mozilla/5.0 (compatible; SemrushBot/7~bl; +http://www.semrush.com/bot.html)" "mantech8.com"
185.191.171.11 - - [02/Jan/2023:10:06:08 -0800] "GET /?camp-fire%2F19847678.html HTTP/1.1" 500 - "-" "Mozilla/5.0 (compatible; SemrushBot/7~bl; +http://www.semrush.com/bot.html)" "mantech8.com"
185.191.171.26 - - [02/Jan/2023:10:06:18 -0800] "GET /?camp-fire%2F17613480.html HTTP/1.1" 500 - "-" "Mozilla/5.0 (compatible; SemrushBot/7~bl; +http://www.semrush.com/bot.html)" "mantech8.com"
185.191.171.22 - - [02/Jan/2023:10:06:49 -0800] "GET /?camp-fire%2F27979171.html HTTP/1.1" 500 - "-" "Mozilla/5.0 (compatible; SemrushBot/7~bl; +http://www.semrush.com/bot.html)" "mantech8.com"
114.119.131.92 - - [02/Jan/2023:10:07:20 -0800] "GET /sitemap19609.xml HTTP/1.1" 404 88 "-" "Mozilla/5.0 (compatible;PetalBot;+https://webmaster.petalsearch.com/site/petalbot)" "mantech8.com"
185.191.171.38 - - [02/Jan/2023:10:07:41 -0800] "GET /?camp-fire%2F23625508.html HTTP/1.1" 500 - "-" "Mozilla/5.0 (compatible; SemrushBot/7~bl; +http://www.semrush.com/bot.html)" "mantech8.com"
185.191.171.18 - - [02/Jan/2023:10:08:56 -0800] "GET /?camp-fire%2F19165432.html HTTP/1.1" 500 - "-" "Mozilla/5.0 (compatible; SemrushBot/7~bl; +http://www.semrush.com/bot.html)" "mantech8.com"
100.26.127.17 - - [02/Jan/2023:10:10:24 -0800] "GET /robots.txt HTTP/1.1" 200 106 "-" "Mozilla/5.0 (compatible; Neevabot/1.0; +https://neeva.com/neevabot)" "www.mantech8.com"
100.26.127.17 - - [02/Jan/2023:10:10:41 -0800] "GET /about.php HTTP/1.1" 404 88 "-" "Mozilla/5.0 (compatible; Neevabot/1.0; +https://neeva.com/neevabot)" "www.mantech8.com"
185.191.171.25 - - [02/Jan/2023:10:11:47 -0800] "GET /bimages/certificate/thump/?C=N%3BO%3DD HTTP/1.1" 200 637 "-" "Mozilla/5.0 (compatible; SemrushBot/7~bl; +http://www.semrush.com/bot.html)" "www.mantech8.com"
185.191.171.3 - - [02/Jan/2023:10:11:52 -0800] "GET /?camp-fire%2F23596706.html HTTP/1.1" 500 - "-" "Mozilla/5.0 (compatible; SemrushBot/7~bl; +http://www.semrush.com/bot.html)" "mantech8.com"
185.191.171.17 - - [02/Jan/2023:10:12:34 -0800] "GET /?camp-fire%2F19001132.html HTTP/1.1" 500 - "-" "Mozilla/5.0 (compatible; SemrushBot/7~bl; +http://www.semrush.com/bot.html)" "mantech8.com"
185.191.171.22 - - [02/Jan/2023:10:12:36 -0800] "GET /?camp-fire%2F19389424.html HTTP/1.1" 500 - "-" "Mozilla/5.0 (compatible; SemrushBot/7~bl; +http://www.semrush.com/bot.html)" "mantech8.com"
185.191.171.43 - - [02/Jan/2023:10:13:26 -0800] "GET /?camp-fire%2F27926659.html HTTP/1.1" 500 - "-" "Mozilla/5.0 (compatible; SemrushBot/7~bl; +http://www.semrush.com/bot.html)" "mantech8.com"
185.191.171.40 - - [02/Jan/2023:10:14:10 -0800] "GET /?camp-fire%2F16126790.html HTTP/1.1" 500 - "-" "Mozilla/5.0 (compatible; SemrushBot/7~bl; +http://www.semrush.com/bot.html)" "mantech8.com"
185.191.171.43 - - [02/Jan/2023:10:14:19 -0800] "GET /bimages/dimage/?C=D%3BO%3DA HTTP/1.1" 200 419 "-" "Mozilla/5.0 (compatible; SemrushBot/7~bl; +http://www.semrush.com/bot.html)" "www.mantech8.com"
185.191.171.18 - - [02/Jan/2023:10:14:21 -0800] "GET /?camp-fire%2F21686583.html HTTP/1.1" 500 - "-" "Mozilla/5.0 (compatible; SemrushBot/7~bl; +http://www.semrush.com/bot.html)" "mantech8.com"
185.191.171.25 - - [02/Jan/2023:10:14:54 -0800] "GET /?camp-fire%2F25547730.html HTTP/1.1" 500 - "-" "Mozilla/5.0 (compatible; SemrushBot/7~bl; +http://www.semrush.com/bot.html)" "mantech8.com"
185.191.171.6 - - [02/Jan/2023:10:15:42 -0800] "GET /?camp-fire%2F15101572.html HTTP/1.1" 500 - "-" "Mozilla/5.0 (compatible; SemrushBot/7~bl; +http://www.semrush.com/bot.html)" "mantech8.com"
185.191.171.25 - - [02/Jan/2023:10:16:09 -0800] "GET /?camp-fire%2F17045209.html HTTP/1.1" 500 - "-" "Mozilla/5.0 (compatible; SemrushBot/7~bl; +http://www.semrush.com/bot.html)" "mantech8.com"
185.191.171.14 - - [02/Jan/2023:10:16:26 -0800] "GET /?camp-fire%2F16783565.html HTTP/1.1" 500 - "-" "Mozilla/5.0 (compatible; SemrushBot/7~bl; +http://www.semrush.com/bot.html)" "mantech8.com"
185.191.171.44 - - [02/Jan/2023:10:17:03 -0800] "GET /?camp-fire%2F10733683.html HTTP/1.1" 500 - "-" "Mozilla/5.0 (compatible; SemrushBot/7~bl; +http://www.semrush.com/bot.html)" "mantech8.com"
185.191.171.4 - - [02/Jan/2023:10:17:21 -0800] "GET /?camp-fire%2F13083490.html HTTP/1.1" 500 - "-" "Mozilla/5.0 (compatible; SemrushBot/7~bl; +http://www.semrush.com/bot.html)" "mantech8.com"
185.191.171.19 - - [02/Jan/2023:10:17:33 -0800] "GET /?camp-fire%2F29972550.html HTTP/1.1" 500 - "-" "Mozilla/5.0 (compatible; SemrushBot/7~bl; +http://www.semrush.com/bot.html)" "mantech8.com"
185.191.171.17 - - [02/Jan/2023:10:17:51 -0800] "GET /?camp-fire%2F32529925.html HTTP/1.1" 500 - "-" "Mozilla/5.0 (compatible; SemrushBot/7~bl; +http://www.semrush.com/bot.html)" "mantech8.com"
185.191.171.22 - - [02/Jan/2023:10:18:23 -0800] "GET /?camp-fire%2F26044676.html HTTP/1.1" 500 - "-" "Mozilla/5.0 (compatible; SemrushBot/7~bl; +http://www.semrush.com/bot.html)" "mantech8.com"
185.191.171.34 - - [02/Jan/2023:10:18:43 -0800] "GET /?camp-fire%2F26077451.html HTTP/1.1" 500 - "-" "Mozilla/5.0 (compatible; SemrushBot/7~bl; +http://www.semrush.com/bot.html)" "mantech8.com"
185.191.171.10 - - [02/Jan/2023:10:19:42 -0800] "GET /?camp-fire%2F23566208.html HTTP/1.1" 500 - "-" "Mozilla/5.0 (compatible; SemrushBot/7~bl; +http://www.semrush.com/bot.html)" "mantech8.com"
185.191.171.10 - - [02/Jan/2023:10:19:44 -0800] "GET /?camp-fire%2F22206317.html HTTP/1.1" 500 - "-" "Mozilla/5.0 (compatible; SemrushBot/7~bl; +http://www.semrush.com/bot.html)" "mantech8.com"
185.191.171.26 - - [02/Jan/2023:10:19:58 -0800] "GET /?camp-fire%2F21750135.html HTTP/1.1" 500 - "-" "Mozilla/5.0 (compatible; SemrushBot/7~bl; +http://www.semrush.com/bot.html)" "mantech8.com"
185.191.171.16 - - [02/Jan/2023:10:21:30 -0800] "GET /?camp-fire%2F11147590.html HTTP/1.1" 500 - "-" "Mozilla/5.0 (compatible; SemrushBot/7~bl; +http://www.semrush.com/bot.html)" "mantech8.com"
185.191.171.33 - - [02/Jan/2023:10:22:15 -0800] "GET /bimages/paintg/?C=M%3BO%3DA HTTP/1.1" 200 497 "-" "Mozilla/5.0 (compatible; SemrushBot/7~bl; +http://www.semrush.com/bot.html)" "www.mantech8.com"
185.191.171.10 - - [02/Jan/2023:10:22:32 -0800] "GET /?camp-fire%2F39067472.html HTTP/1.1" 500 - "-" "Mozilla/5.0 (compatible; SemrushBot/7~bl; +http://www.semrush.com/bot.html)" "mantech8.com"
185.191.171.15 - - [02/Jan/2023:10:22:49 -0800] "GET /?camp-fire%2F15384087.html HTTP/1.1" 500 - "-" "Mozilla/5.0 (compatible; SemrushBot/7~bl; +http://www.semrush.com/bot.html)" "mantech8.com"
185.191.171.23 - - [02/Jan/2023:10:24:06 -0800] "GET /?camp-fire%2F25405033.html HTTP/1.1" 500 - "-" "Mozilla/5.0 (compatible; SemrushBot/7~bl; +http://www.semrush.com/bot.html)" "mantech8.com"
185.191.171.34 - - [02/Jan/2023:10:24:21 -0800] "GET /?camp-fire%2F11997476.html HTTP/1.1" 500 - "-" "Mozilla/5.0 (compatible; SemrushBot/7~bl; +http://www.semrush.com/bot.html)" "mantech8.com"
185.191.171.23 - - [02/Jan/2023:10:24:52 -0800] "GET /?camp-fire%2F26182082.html HTTP/1.1" 500 - "-" "Mozilla/5.0 (compatible; SemrushBot/7~bl; +http://www.semrush.com/bot.html)" "mantech8.com"
185.191.171.14 - - [02/Jan/2023:10:25:17 -0800] "GET /?camp-fire%2F17633226.html HTTP/1.1" 500 - "-" "Mozilla/5.0 (compatible; SemrushBot/7~bl; +http://www.semrush.com/bot.html)" "mantech8.com"
185.191.171.12 - - [02/Jan/2023:10:25:19 -0800] "GET /?camp-fire%2F24160333.html HTTP/1.1" 500 - "-" "Mozilla/5.0 (compatible; SemrushBot/7~bl; +http://www.semrush.com/bot.html)" "mantech8.com"
114.119.144.51 - - [02/Jan/2023:10:26:28 -0800] "GET /index.php?sitemap1.xml HTTP/1.1" 200 289369 "-" "Mozilla/5.0 (compatible;PetalBot;+https://webmaster.petalsearch.com/site/petalbot)" "mantech8.com"
185.191.171.16 - - [02/Jan/2023:10:26:34 -0800] "GET /?camp-fire%2F17855365.html HTTP/1.1" 500 - "-" "Mozilla/5.0 (compatible; SemrushBot/7~bl; +http://www.semrush.com/bot.html)" "mantech8.com"
185.191.171.23 - - [02/Jan/2023:10:26:50 -0800] "GET /?camp-fire%2F35145608.html HTTP/1.1" 500 - "-" "Mozilla/5.0 (compatible; SemrushBot/7~bl; +http://www.semrush.com/bot.html)" "mantech8.com"
185.191.171.22 - - [02/Jan/2023:10:27:19 -0800] "GET /?camp-fire%2F16552465.html HTTP/1.1" 500 - "-" "Mozilla/5.0 (compatible; SemrushBot/7~bl; +http://www.semrush.com/bot.html)" "mantech8.com"
185.191.171.5 - - [02/Jan/2023:10:27:25 -0800] "GET /?camp-fire%2F26550372.html HTTP/1.1" 500 - "-" "Mozilla/5.0 (compatible; SemrushBot/7~bl; +http://www.semrush.com/bot.html)" "mantech8.com"
83.218.186.22 - - [02/Jan/2023:10:27:44 -0800] "GET /contact.php HTTP/1.1" 200 29238 "http://mantech8.com/contact.php" "Mozilla/5.0 (Windows NT 6.1; Win64; x64) AppleWebKit/537.36 (KHTML, like Gecko) Chrome/90.0.4430.93 Safari/537.36" "mantech8.com"
185.191.171.9 - - [02/Jan/2023:10:28:25 -0800] "GET /?camp-fire%2F11247500.html HTTP/1.1" 500 - "-" "Mozilla/5.0 (compatible; SemrushBot/7~bl; +http://www.semrush.com/bot.html)" "mantech8.com"
185.191.171.34 - - [02/Jan/2023:10:28:55 -0800] "GET /?camp-fire%2F25705827.html HTTP/1.1" 500 - "-" "Mozilla/5.0 (compatible; SemrushBot/7~bl; +http://www.semrush.com/bot.html)" "mantech8.com"
207.46.13.149 - - [02/Jan/2023:10:29:29 -0800] "GET /images/comingsoon.jpg HTTP/1.1" 200 72363 "-" "Mozilla/5.0 AppleWebKit/537.36 (KHTML, like Gecko; compatible; bingbot/2.0; +http://www.bing.com/bingbot.htm) Chrome/103.0.5060.134 Safari/537.36" "mantech8.com"
185.191.171.24 - - [02/Jan/2023:10:30:26 -0800] "GET /?camp-fire%2F21738290.html HTTP/1.1" 500 - "-" "Mozilla/5.0 (compatible; SemrushBot/7~bl; +http://www.semrush.com/bot.html)" "mantech8.com"
185.191.171.45 - - [02/Jan/2023:10:31:07 -0800] "GET /bimages/hgallery/thump/?C=N%3BO%3DD HTTP/1.1" 200 506 "-" "Mozilla/5.0 (compatible; SemrushBot/7~bl; +http://www.semrush.com/bot.html)" "www.mantech8.com"
157.55.39.150 - - [02/Jan/2023:10:32:11 -0800] "GET /sitemapindeximages.xml HTTP/1.1" 404 88 "-" "Mozilla/5.0 (compatible; bingbot/2.0; +http://www.bing.com/bingbot.htm)" "mantech8.com"
185.191.171.9 - - [02/Jan/2023:10:32:17 -0800] "GET /?camp-fire%2F44343609.html HTTP/1.1" 500 - "-" "Mozilla/5.0 (compatible; SemrushBot/7~bl; +http://www.semrush.com/bot.html)" "mantech8.com"
185.191.171.12 - - [02/Jan/2023:10:32:24 -0800] "GET /?camp-fire%2F28252921.html HTTP/1.1" 500 - "-" "Mozilla/5.0 (compatible; SemrushBot/7~bl; +http://www.semrush.com/bot.html)" "mantech8.com"
185.191.171.17 - - [02/Jan/2023:10:32:37 -0800] "GET /bimages/SliderImage/ HTTP/1.1" 200 566 "-" "Mozilla/5.0 (compatible; SemrushBot/7~bl; +http://www.semrush.com/bot.html)" "www.mantech8.com"
185.191.171.45 - - [02/Jan/2023:10:32:40 -0800] "GET /bimages/cleang/?C=D%3BO%3DA HTTP/1.1" 200 505 "-" "Mozilla/5.0 (compatible; SemrushBot/7~bl; +http://www.semrush.com/bot.html)" "www.mantech8.com"
185.191.171.40 - - [02/Jan/2023:10:33:05 -0800] "GET /?camp-fire%2F23735406.html HTTP/1.1" 500 - "-" "Mozilla/5.0 (compatible; SemrushBot/7~bl; +http://www.semrush.com/bot.html)" "mantech8.com"
185.191.171.2 - - [02/Jan/2023:10:34:01 -0800] "GET /?camp-fire%2F23629683.html HTTP/1.1" 500 - "-" "Mozilla/5.0 (compatible; SemrushBot/7~bl; +http://www.semrush.com/bot.html)" "mantech8.com"
185.191.171.25 - - [02/Jan/2023:10:34:31 -0800] "GET /?camp-fire%2F27672771.html HTTP/1.1" 500 - "-" "Mozilla/5.0 (compatible; SemrushBot/7~bl; +http://www.semrush.com/bot.html)" "mantech8.com"
185.191.171.4 - - [02/Jan/2023:10:34:43 -0800] "GET /?camp-fire%2F29304480.html HTTP/1.1" 500 - "-" "Mozilla/5.0 (compatible; SemrushBot/7~bl; +http://www.semrush.com/bot.html)" "mantech8.com"
185.191.171.41 - - [02/Jan/2023:10:35:22 -0800] "GET /?camp-fire%2F30805965.html HTTP/1.1" 500 - "-" "Mozilla/5.0 (compatible; SemrushBot/7~bl; +http://www.semrush.com/bot.html)" "mantech8.com"
185.191.171.13 - - [02/Jan/2023:10:35:43 -0800] "GET /bimages/gallery/thump/?C=N%3BO%3DD HTTP/1.1" 200 1142 "-" "Mozilla/5.0 (compatible; SemrushBot/7~bl; +http://www.semrush.com/bot.html)" "www.mantech8.com"
185.191.171.22 - - [02/Jan/2023:10:37:21 -0800] "GET /?camp-fire%2F17581280.html HTTP/1.1" 500 - "-" "Mozilla/5.0 (compatible; SemrushBot/7~bl; +http://www.semrush.com/bot.html)" "mantech8.com"
185.191.171.1 - - [02/Jan/2023:10:38:09 -0800] "GET /?camp-fire%2F14975072.html HTTP/1.1" 500 - "-" "Mozilla/5.0 (compatible; SemrushBot/7~bl; +http://www.semrush.com/bot.html)" "mantech8.com"
185.191.171.13 - - [02/Jan/2023:10:38:25 -0800] "GET /?camp-fire%2F11287278.html HTTP/1.1" 500 - "-" "Mozilla/5.0 (compatible; SemrushBot/7~bl; +http://www.semrush.com/bot.html)" "mantech8.com"
185.191.171.45 - - [02/Jan/2023:10:38:45 -0800] "GET /?camp-fire%2F10601457.html HTTP/1.1" 500 - "-" "Mozilla/5.0 (compatible; SemrushBot/7~bl; +http://www.semrush.com/bot.html)" "mantech8.com"
185.191.171.26 - - [02/Jan/2023:10:39:47 -0800] "GET /?camp-fire%2F22446783.html HTTP/1.1" 500 - "-" "Mozilla/5.0 (compatible; SemrushBot/7~bl; +http://www.semrush.com/bot.html)" "mantech8.com"
185.191.171.6 - - [02/Jan/2023:10:40:06 -0800] "GET /?camp-fire%2F27979471.html HTTP/1.1" 500 - "-" "Mozilla/5.0 (compatible; SemrushBot/7~bl; +http://www.semrush.com/bot.html)" "mantech8.com"
185.191.171.40 - - [02/Jan/2023:10:41:26 -0800] "GET /bimages/ele/ HTTP/1.1" 200 426 "-" "Mozilla/5.0 (compatible; SemrushBot/7~bl; +http://www.semrush.com/bot.html)" "www.mantech8.com"
185.191.171.19 - - [02/Jan/2023:10:41:53 -0800] "GET /?camp-fire%2F33906608.html HTTP/1.1" 500 - "-" "Mozilla/5.0 (compatible; SemrushBot/7~bl; +http://www.semrush.com/bot.html)" "mantech8.com"
185.191.171.5 - - [02/Jan/2023:10:42:04 -0800] "GET /?camp-fire%2F11934676.html HTTP/1.1" 500 - "-" "Mozilla/5.0 (compatible; SemrushBot/7~bl; +http://www.semrush.com/bot.html)" "mantech8.com"
114.119.150.56 - - [02/Jan/2023:10:42:23 -0800] "GET /?athermallize.xml HTTP/1.1" 200 270591 "-" "Mozilla/5.0 (compatible;PetalBot;+https://webmaster.petalsearch.com/site/petalbot)" "mantech8.com"
185.191.171.6 - - [02/Jan/2023:10:42:54 -0800] "GET /?camp-fire%2F36870982.html HTTP/1.1" 500 - "-" "Mozilla/5.0 (compatible; SemrushBot/7~bl; +http://www.semrush.com/bot.html)" "mantech8.com"
185.191.171.15 - - [02/Jan/2023:10:43:12 -0800] "GET /robots.txt HTTP/1.1" 200 106 "-" "Mozilla/5.0 (compatible; SemrushBot/7~bl; +http://www.semrush.com/bot.html)" "www.mantech8.com"
185.191.171.17 - - [02/Jan/2023:10:43:12 -0800] "GET /bimages/ework/?C=N%3BO%3DD HTTP/1.1" 200 419 "-" "Mozilla/5.0 (compatible; SemrushBot/7~bl; +http://www.semrush.com/bot.html)" "www.mantech8.com"
185.191.171.15 - - [02/Jan/2023:10:43:25 -0800] "GET /?camp-fire%2F41859376.html HTTP/1.1" 500 - "-" "Mozilla/5.0 (compatible; SemrushBot/7~bl; +http://www.semrush.com/bot.html)" "mantech8.com"
185.191.171.5 - - [02/Jan/2023:10:43:35 -0800] "GET /bimages/hgallery/thump/?C=S%3BO%3DA HTTP/1.1" 200 506 "-" "Mozilla/5.0 (compatible; SemrushBot/7~bl; +http://www.semrush.com/bot.html)" "www.mantech8.com"
185.191.171.9 - - [02/Jan/2023:10:44:35 -0800] "GET /?camp-fire%2F18783680.html HTTP/1.1" 500 - "-" "Mozilla/5.0 (compatible; SemrushBot/7~bl; +http://www.semrush.com/bot.html)" "mantech8.com"
185.191.171.18 - - [02/Jan/2023:10:45:12 -0800] "GET /?camp-fire%2F17569880.html HTTP/1.1" 500 - "-" "Mozilla/5.0 (compatible; SemrushBot/7~bl; +http://www.semrush.com/bot.html)" "mantech8.com"
185.191.171.42 - - [02/Jan/2023:10:45:16 -0800] "GET /?camp-fire%2F22932017.html HTTP/1.1" 500 - "-" "Mozilla/5.0 (compatible; SemrushBot/7~bl; +http://www.semrush.com/bot.html)" "mantech8.com"
185.191.171.22 - - [02/Jan/2023:10:45:26 -0800] "GET /?camp-fire%2F18513180.html HTTP/1.1" 500 - "-" "Mozilla/5.0 (compatible; SemrushBot/7~bl; +http://www.semrush.com/bot.html)" "mantech8.com"
185.191.171.7 - - [02/Jan/2023:10:47:03 -0800] "GET /?camp-fire%2F29842066.html HTTP/1.1" 500 - "-" "Mozilla/5.0 (compatible; SemrushBot/7~bl; +http://www.semrush.com/bot.html)" "mantech8.com"
185.191.171.23 - - [02/Jan/2023:10:47:12 -0800] "GET /?camp-fire%2F23590206.html HTTP/1.1" 500 - "-" "Mozilla/5.0 (compatible; SemrushBot/7~bl; +http://www.semrush.com/bot.html)" "mantech8.com"
185.191.171.8 - - [02/Jan/2023:10:48:45 -0800] "GET /?camp-fire%2F16242257.html HTTP/1.1" 500 - "-" "Mozilla/5.0 (compatible; SemrushBot/7~bl; +http://www.semrush.com/bot.html)" "mantech8.com"
185.191.171.26 - - [02/Jan/2023:10:48:48 -0800] "GET /?camp-fire%2F25035906.html HTTP/1.1" 500 - "-" "Mozilla/5.0 (compatible; SemrushBot/7~bl; +http://www.semrush.com/bot.html)" "mantech8.com"
157.55.39.12 - - [02/Jan/2023:10:48:56 -0800] "GET /index.php?camp-fire/13734845.html HTTP/1.1" 200 72316 "-" "Mozilla/5.0 AppleWebKit/537.36 (KHTML, like Gecko; compatible; bingbot/2.0; +http://www.bing.com/bingbot.htm) Chrome/103.0.5060.134 Safari/537.36" "www.mantech8.com"
185.191.171.5 - - [02/Jan/2023:10:49:27 -0800] "GET /bimages/bus/ HTTP/1.1" 200 452 "-" "Mozilla/5.0 (compatible; SemrushBot/7~bl; +http://www.semrush.com/bot.html)" "www.mantech8.com"
185.191.171.38 - - [02/Jan/2023:10:51:14 -0800] "GET /index.php?camp-fire%2F7886480.html HTTP/1.1" 500 - "-" "Mozilla/5.0 (compatible; SemrushBot/7~bl; +http://www.semrush.com/bot.html)" "mantech8.com"
185.191.171.5 - - [02/Jan/2023:10:51:45 -0800] "GET /?camp-fire%2F22409726.html HTTP/1.1" 500 - "-" "Mozilla/5.0 (compatible; SemrushBot/7~bl; +http://www.semrush.com/bot.html)" "mantech8.com"
185.191.171.15 - - [02/Jan/2023:10:52:04 -0800] "GET /?camp-fire%2F42199949.html HTTP/1.1" 500 - "-" "Mozilla/5.0 (compatible; SemrushBot/7~bl; +http://www.semrush.com/bot.html)" "mantech8.com"
185.191.171.43 - - [02/Jan/2023:10:52:06 -0800] "GET /?camp-fire%2F30196250.html HTTP/1.1" 500 - "-" "Mozilla/5.0 (compatible; SemrushBot/7~bl; +http://www.semrush.com/bot.html)" "mantech8.com"
185.191.171.2 - - [02/Jan/2023:10:52:07 -0800] "GET /bimages/bus/?C=M%3BO%3DA HTTP/1.1" 200 452 "-" "Mozilla/5.0 (compatible; SemrushBot/7~bl; +http://www.semrush.com/bot.html)" "www.mantech8.com"
185.191.171.11 - - [02/Jan/2023:10:52:07 -0800] "GET /?camp-fire%2F28259435.html HTTP/1.1" 500 - "-" "Mozilla/5.0 (compatible; SemrushBot/7~bl; +http://www.semrush.com/bot.html)" "mantech8.com"
185.191.171.34 - - [02/Jan/2023:10:53:19 -0800] "GET /?camp-fire%2F38726703.html HTTP/1.1" 500 - "-" "Mozilla/5.0 (compatible; SemrushBot/7~bl; +http://www.semrush.com/bot.html)" "mantech8.com"
185.191.171.33 - - [02/Jan/2023:10:53:39 -0800] "GET /?camp-fire%2F11985957.html HTTP/1.1" 500 - "-" "Mozilla/5.0 (compatible; SemrushBot/7~bl; +http://www.semrush.com/bot.html)" "mantech8.com"
185.191.171.26 - - [02/Jan/2023:10:53:42 -0800] "GET /bimages/gallery/alfacgiapi/?C=D%3BO%3DA HTTP/1.1" 200 472 "-" "Mozilla/5.0 (compatible; SemrushBot/7~bl; +http://www.semrush.com/bot.html)" "www.mantech8.com"
185.191.171.14 - - [02/Jan/2023:10:54:01 -0800] "GET /?camp-fire%2F35509971.html HTTP/1.1" 500 - "-" "Mozilla/5.0 (compatible; SemrushBot/7~bl; +http://www.semrush.com/bot.html)" "mantech8.com"
185.191.171.7 - - [02/Jan/2023:10:54:23 -0800] "GET /?camp-fire%2F27590446.html HTTP/1.1" 500 - "-" "Mozilla/5.0 (compatible; SemrushBot/7~bl; +http://www.semrush.com/bot.html)" "mantech8.com"
185.191.171.33 - - [02/Jan/2023:10:54:27 -0800] "GET /?camp-fire%2F27717771.html HTTP/1.1" 500 - "-" "Mozilla/5.0 (compatible; SemrushBot/7~bl; +http://www.semrush.com/bot.html)" "mantech8.com"
185.191.171.36 - - [02/Jan/2023:10:54:35 -0800] "GET /bimages/service/thump/?C=S%3BO%3DA HTTP/1.1" 200 539 "-" "Mozilla/5.0 (compatible; SemrushBot/7~bl; +http://www.semrush.com/bot.html)" "www.mantech8.com"
185.191.171.11 - - [02/Jan/2023:10:55:31 -0800] "GET /?camp-fire%2F11562357.html HTTP/1.1" 500 - "-" "Mozilla/5.0 (compatible; SemrushBot/7~bl; +http://www.semrush.com/bot.html)" "mantech8.com"
185.191.171.10 - - [02/Jan/2023:10:55:54 -0800] "GET /?camp-fire%2F28214070.html HTTP/1.1" 500 - "-" "Mozilla/5.0 (compatible; SemrushBot/7~bl; +http://www.semrush.com/bot.html)" "mantech8.com"
185.191.171.39 - - [02/Jan/2023:10:55:58 -0800] "GET /bimages/gallery/thump/kallakisse.php HTTP/1.1" 200 11816 "-" "Mozilla/5.0 (compatible; SemrushBot/7~bl; +http://www.semrush.com/bot.html)" "www.mantech8.com"
185.191.171.12 - - [02/Jan/2023:10:56:54 -0800] "GET /?camp-fire%2F36296525.html HTTP/1.1" 500 - "-" "Mozilla/5.0 (compatible; SemrushBot/7~bl; +http://www.semrush.com/bot.html)" "mantech8.com"
185.191.171.34 - - [02/Jan/2023:10:56:56 -0800] "GET /?camp-fire%2F86080824.html HTTP/1.1" 500 - "-" "Mozilla/5.0 (compatible; SemrushBot/7~bl; +http://www.semrush.com/bot.html)" "mantech8.com"
185.191.171.45 - - [02/Jan/2023:10:57:40 -0800] "GET /?camp-fire%2F25861983.html HTTP/1.1" 500 - "-" "Mozilla/5.0 (compatible; SemrushBot/7~bl; +http://www.semrush.com/bot.html)" "mantech8.com"
185.191.171.8 - - [02/Jan/2023:10:58:47 -0800] "GET /?camp-fire%2F21428265.html HTTP/1.1" 500 - "-" "Mozilla/5.0 (compatible; SemrushBot/7~bl; +http://www.semrush.com/bot.html)" "mantech8.com"
157.55.39.111 - - [02/Jan/2023:11:00:01 -0800] "GET /index.php/VMbP-7828afebcf-uMUHD.Ii HTTP/1.1" 200 70471 "-" "Mozilla/5.0 (compatible; bingbot/2.0; +http://www.bing.com/bingbot.htm)" "mantech8.com"
185.191.171.26 - - [02/Jan/2023:11:00:20 -0800] "GET /robots.txt HTTP/1.1" 200 106 "-" "Mozilla/5.0 (compatible; SemrushBot/7~bl; +http://www.semrush.com/bot.html)" "mantech8.com"
185.191.171.40 - - [02/Jan/2023:11:00:21 -0800] "GET /?camp-fire%2F35581609.html HTTP/1.1" 500 - "-" "Mozilla/5.0 (compatible; SemrushBot/7~bl; +http://www.semrush.com/bot.html)" "mantech8.com"
185.191.171.40 - - [02/Jan/2023:11:00:49 -0800] "GET /?camp-fire%2F26103682.html HTTP/1.1" 500 - "-" "Mozilla/5.0 (compatible; SemrushBot/7~bl; +http://www.semrush.com/bot.html)" "mantech8.com"
