185.191.171.9 - - [01/Jan/2023:16:00:00 -0800] "GET /?camp-fire%2F23783542.html HTTP/1.1" 500 - "-" "Mozilla/5.0 (compatible; SemrushBot/7~bl; +http://www.semrush.com/bot.html)" "mantech8.com"
185.191.171.39 - - [01/Jan/2023:16:00:41 -0800] "GET /?camp-fire%2F30305581.html HTTP/1.1" 500 - "-" "Mozilla/5.0 (compatible; SemrushBot/7~bl; +http://www.semrush.com/bot.html)" "mantech8.com"
185.191.171.44 - - [01/Jan/2023:16:01:23 -0800] "GET /?camp-fire%2F18160585.html HTTP/1.1" 500 - "-" "Mozilla/5.0 (compatible; SemrushBot/7~bl; +http://www.semrush.com/bot.html)" "mantech8.com"
185.191.171.13 - - [01/Jan/2023:16:01:35 -0800] "GET /?camp-fire%2F37846406.html HTTP/1.1" 500 - "-" "Mozilla/5.0 (compatible; SemrushBot/7~bl; +http://www.semrush.com/bot.html)" "mantech8.com"
185.191.171.8 - - [01/Jan/2023:16:01:48 -0800] "GET /?camp-fire%2F19006032.html HTTP/1.1" 500 - "-" "Mozilla/5.0 (compatible; SemrushBot/7~bl; +http://www.semrush.com/bot.html)" "mantech8.com"
185.191.171.3 - - [01/Jan/2023:16:02:18 -0800] "GET /?camp-fire%2F20827735.html HTTP/1.1" 500 - "-" "Mozilla/5.0 (compatible; SemrushBot/7~bl; +http://www.semrush.com/bot.html)" "mantech8.com"
185.191.171.22 - - [01/Jan/2023:16:03:00 -0800] "GET /?camp-fire%2F32970209.html HTTP/1.1" 500 - "-" "Mozilla/5.0 (compatible; SemrushBot/7~bl; +http://www.semrush.com/bot.html)" "mantech8.com"
77.75.79.31 - - [01/Jan/2023:16:03:14 -0800] "GET /robots.txt HTTP/1.1" 200 106 "-" "Mozilla/5.0 (compatible; SeznamBot/4.0-RC1; +http://napoveda.seznam.cz/seznambot-intro/)" "www.mantech8.com"
77.75.79.31 - - [01/Jan/2023:16:03:14 -0800] "GET /bimages/hydrog/ HTTP/1.1" 200 486 "-" "Mozilla/5.0 (compatible; SeznamBot/4.0-RC1; +http://napoveda.seznam.cz/seznambot-intro/)" "www.mantech8.com"
185.191.171.10 - - [01/Jan/2023:16:04:25 -0800] "GET /?camp-fire%2F16090557.html HTTP/1.1" 500 - "-" "Mozilla/5.0 (compatible; SemrushBot/7~bl; +http://www.semrush.com/bot.html)" "mantech8.com"
185.191.171.24 - - [01/Jan/2023:16:04:44 -0800] "GET /?camp-fire%2F17354065.html HTTP/1.1" 500 - "-" "Mozilla/5.0 (compatible; SemrushBot/7~bl; +http://www.semrush.com/bot.html)" "mantech8.com"
185.191.171.11 - - [01/Jan/2023:16:06:02 -0800] "GET /index.php?camp-fire%2F5960385.html HTTP/1.1" 500 - "-" "Mozilla/5.0 (compatible; SemrushBot/7~bl; +http://www.semrush.com/bot.html)" "mantech8.com"
185.191.171.24 - - [01/Jan/2023:16:06:48 -0800] "GET /?camp-fire%2F18699257.html HTTP/1.1" 500 - "-" "Mozilla/5.0 (compatible; SemrushBot/7~bl; +http://www.semrush.com/bot.html)" "mantech8.com"
185.191.171.44 - - [01/Jan/2023:16:07:02 -0800] "GET /?camp-fire%2F27623971.html HTTP/1.1" 500 - "-" "Mozilla/5.0 (compatible; SemrushBot/7~bl; +http://www.semrush.com/bot.html)" "mantech8.com"
185.191.171.2 - - [01/Jan/2023:16:07:04 -0800] "GET /?camp-fire%2F27343970.html HTTP/1.1" 500 - "-" "Mozilla/5.0 (compatible; SemrushBot/7~bl; +http://www.semrush.com/bot.html)" "mantech8.com"
157.55.39.150 - - [01/Jan/2023:16:09:26 -0800] "GET /sitemapindeximages.xml HTTP/1.1" 404 88 "-" "Mozilla/5.0 AppleWebKit/537.36 (KHTML, like Gecko; compatible; bingbot/2.0; +http://www.bing.com/bingbot.htm) Chrome/103.0.5060.134 Safari/537.36" "mantech8.com"
185.191.171.3 - - [01/Jan/2023:16:09:36 -0800] "GET /?camp-fire%2F24226550.html HTTP/1.1" 500 - "-" "Mozilla/5.0 (compatible; SemrushBot/7~bl; +http://www.semrush.com/bot.html)" "mantech8.com"
185.191.171.39 - - [01/Jan/2023:16:09:46 -0800] "GET /?camp-fire%2F25181406.html HTTP/1.1" 500 - "-" "Mozilla/5.0 (compatible; SemrushBot/7~bl; +http://www.semrush.com/bot.html)" "mantech8.com"
185.191.171.43 - - [01/Jan/2023:16:10:27 -0800] "GET /?camp-fire%2F17985081.html HTTP/1.1" 500 - "-" "Mozilla/5.0 (compatible; SemrushBot/7~bl; +http://www.semrush.com/bot.html)" "mantech8.com"
185.191.171.6 - - [01/Jan/2023:16:10:30 -0800] "GET /?camp-fire%2F26225624.html HTTP/1.1" 500 - "-" "Mozilla/5.0 (compatible; SemrushBot/7~bl; +http://www.semrush.com/bot.html)" "mantech8.com"
185.191.171.26 - - [01/Jan/2023:16:10:36 -0800] "GET /?camp-fire%2F33078116.html HTTP/1.1" 500 - "-" "Mozilla/5.0 (compatible; SemrushBot/7~bl; +http://www.semrush.com/bot.html)" "mantech8.com"
185.191.171.6 - - [01/Jan/2023:16:10:43 -0800] "GET /?camp-fire%2F38124160.html HTTP/1.1" 500 - "-" "Mozilla/5.0 (compatible; SemrushBot/7~bl; +http://www.semrush.com/bot.html)" "mantech8.com"
185.191.171.40 - - [01/Jan/2023:16:10:51 -0800] "GET /?camp-fire%2F26480176.html HTTP/1.1" 500 - "-" "Mozilla/5.0 (compatible; SemrushBot/7~bl; +http://www.semrush.com/bot.html)" "mantech8.com"
185.191.171.26 - - [01/Jan/2023:16:11:01 -0800] "GET /?camp-fire%2F19802281.html HTTP/1.1" 500 - "-" "Mozilla/5.0 (compatible; SemrushBot/7~bl; +http://www.semrush.com/bot.html)" "mantech8.com"
185.191.171.44 - - [01/Jan/2023:16:11:02 -0800] "GET /?camp-fire%2F15339865.html HTTP/1.1" 500 - "-" "Mozilla/5.0 (compatible; SemrushBot/7~bl; +http://www.semrush.com/bot.html)" "mantech8.com"
49.7.21.95 - - [01/Jan/2023:16:11:16 -0800] "GET / HTTP/1.1" 500 - "-" "Sogou web spider/4.0(+http://www.sogou.com/docs/help/webmasters.htm#07)" "www.mantech8.com"
185.191.171.5 - - [01/Jan/2023:16:11:17 -0800] "GET /?camp-fire%2F17572580.html HTTP/1.1" 500 - "-" "Mozilla/5.0 (compatible; SemrushBot/7~bl; +http://www.semrush.com/bot.html)" "mantech8.com"
185.191.171.33 - - [01/Jan/2023:16:11:31 -0800] "GET /?camp-fire%2F22406927.html HTTP/1.1" 500 - "-" "Mozilla/5.0 (compatible; SemrushBot/7~bl; +http://www.semrush.com/bot.html)" "mantech8.com"
185.191.171.2 - - [01/Jan/2023:16:11:33 -0800] "GET /?camp-fire%2F19001532.html HTTP/1.1" 500 - "-" "Mozilla/5.0 (compatible; SemrushBot/7~bl; +http://www.semrush.com/bot.html)" "mantech8.com"
185.191.171.7 - - [01/Jan/2023:16:11:56 -0800] "GET /bimages/client/?C=D%3BO%3DA HTTP/1.1" 200 706 "-" "Mozilla/5.0 (compatible; SemrushBot/7~bl; +http://www.semrush.com/bot.html)" "www.mantech8.com"
185.191.171.38 - - [01/Jan/2023:16:12:06 -0800] "GET /?camp-fire%2F28827633.html HTTP/1.1" 500 - "-" "Mozilla/5.0 (compatible; SemrushBot/7~bl; +http://www.semrush.com/bot.html)" "mantech8.com"
185.191.171.14 - - [01/Jan/2023:16:12:24 -0800] "GET /bimages/SliderImage/?C=N%3BO%3DD HTTP/1.1" 200 566 "-" "Mozilla/5.0 (compatible; SemrushBot/7~bl; +http://www.semrush.com/bot.html)" "www.mantech8.com"
185.191.171.19 - - [01/Jan/2023:16:13:22 -0800] "GET /index.php?camp-fire%2F9806383.html HTTP/1.1" 500 - "-" "Mozilla/5.0 (compatible; SemrushBot/7~bl; +http://www.semrush.com/bot.html)" "mantech8.com"
185.191.171.42 - - [01/Jan/2023:16:14:15 -0800] "GET /corevalues.php HTTP/1.1" 200 14806 "-" "Mozilla/5.0 (compatible; SemrushBot/7~bl; +http://www.semrush.com/bot.html)" "mantech8.com"
185.191.171.38 - - [01/Jan/2023:16:14:39 -0800] "GET /bimages/service/?C=S%3BO%3DA HTTP/1.1" 200 591 "-" "Mozilla/5.0 (compatible; SemrushBot/7~bl; +http://www.semrush.com/bot.html)" "www.mantech8.com"
185.191.171.33 - - [01/Jan/2023:16:14:42 -0800] "GET /?camp-fire%2F13356759.html HTTP/1.1" 500 - "-" "Mozilla/5.0 (compatible; SemrushBot/7~bl; +http://www.semrush.com/bot.html)" "mantech8.com"
185.191.171.24 - - [01/Jan/2023:16:14:46 -0800] "GET /?camp-fire%2F21976135.html HTTP/1.1" 500 - "-" "Mozilla/5.0 (compatible; SemrushBot/7~bl; +http://www.semrush.com/bot.html)" "mantech8.com"
216.244.66.241 - - [01/Jan/2023:16:14:47 -0800] "GET /robots.txt HTTP/1.1" 200 222 "-" "Mozilla/5.0 (compatible; DotBot/1.2; +https://opensiteexplorer.org/dotbot; help@moz.com)" "mantech8.com"
216.244.66.241 - - [01/Jan/2023:16:14:47 -0800] "GET /robots.txt HTTP/1.1" 200 222 "-" "Mozilla/5.0 (compatible; DotBot/1.2; +https://opensiteexplorer.org/dotbot; help@moz.com)" "www.mantech8.com"
185.191.171.34 - - [01/Jan/2023:16:15:12 -0800] "GET /?camp-fire%2F22260290.html HTTP/1.1" 500 - "-" "Mozilla/5.0 (compatible; SemrushBot/7~bl; +http://www.semrush.com/bot.html)" "mantech8.com"
185.191.171.21 - - [01/Jan/2023:16:15:47 -0800] "GET /bimages/gallery/alfacgiapi/?C=N%3BO%3DD HTTP/1.1" 200 472 "-" "Mozilla/5.0 (compatible; SemrushBot/7~bl; +http://www.semrush.com/bot.html)" "www.mantech8.com"
185.191.171.35 - - [01/Jan/2023:16:16:33 -0800] "GET /bimages/safety/ HTTP/1.1" 200 465 "-" "Mozilla/5.0 (compatible; SemrushBot/7~bl; +http://www.semrush.com/bot.html)" "www.mantech8.com"
185.191.171.17 - - [01/Jan/2023:16:16:36 -0800] "GET /bimages/dimage/?C=D%3BO%3DA HTTP/1.1" 200 419 "-" "Mozilla/5.0 (compatible; SemrushBot/7~bl; +http://www.semrush.com/bot.html)" "www.mantech8.com"
185.191.171.1 - - [01/Jan/2023:16:17:06 -0800] "GET /bimages/paintg/thump/?C=D%3BO%3DA HTTP/1.1" 200 483 "-" "Mozilla/5.0 (compatible; SemrushBot/7~bl; +http://www.semrush.com/bot.html)" "www.mantech8.com"
185.191.171.4 - - [01/Jan/2023:16:17:08 -0800] "GET /?camp-fire%2F22429924.html HTTP/1.1" 500 - "-" "Mozilla/5.0 (compatible; SemrushBot/7~bl; +http://www.semrush.com/bot.html)" "mantech8.com"
185.191.171.1 - - [01/Jan/2023:16:17:59 -0800] "GET /?camp-fire%2F37289778.html HTTP/1.1" 500 - "-" "Mozilla/5.0 (compatible; SemrushBot/7~bl; +http://www.semrush.com/bot.html)" "mantech8.com"
185.191.171.26 - - [01/Jan/2023:16:18:19 -0800] "GET /bimages/ework/?C=N%3BO%3DD HTTP/1.1" 200 419 "-" "Mozilla/5.0 (compatible; SemrushBot/7~bl; +http://www.semrush.com/bot.html)" "www.mantech8.com"
185.191.171.7 - - [01/Jan/2023:16:18:24 -0800] "GET /index.php/camp-fire/70875790.html HTTP/1.1" 500 - "-" "Mozilla/5.0 (compatible; SemrushBot/7~bl; +http://www.semrush.com/bot.html)" "mantech8.com"
157.55.39.150 - - [01/Jan/2023:16:18:37 -0800] "GET /sitemapindex.xml HTTP/1.1" 404 88 "-" "Mozilla/5.0 (compatible; bingbot/2.0; +http://www.bing.com/bingbot.htm)" "mantech8.com"
185.191.171.18 - - [01/Jan/2023:16:18:56 -0800] "GET /bimages/tank/ HTTP/1.1" 200 411 "-" "Mozilla/5.0 (compatible; SemrushBot/7~bl; +http://www.semrush.com/bot.html)" "www.mantech8.com"
185.191.171.14 - - [01/Jan/2023:16:19:35 -0800] "GET /?camp-fire%2F99472059.html HTTP/1.1" 500 - "-" "Mozilla/5.0 (compatible; SemrushBot/7~bl; +http://www.semrush.com/bot.html)" "mantech8.com"
185.191.171.5 - - [01/Jan/2023:16:20:06 -0800] "GET /?camp-fire%2F17660026.html HTTP/1.1" 500 - "-" "Mozilla/5.0 (compatible; SemrushBot/7~bl; +http://www.semrush.com/bot.html)" "mantech8.com"
185.191.171.25 - - [01/Jan/2023:16:20:23 -0800] "GET /?camp-fire%2F10871874.html HTTP/1.1" 500 - "-" "Mozilla/5.0 (compatible; SemrushBot/7~bl; +http://www.semrush.com/bot.html)" "mantech8.com"
185.191.171.33 - - [01/Jan/2023:16:20:29 -0800] "GET /?camp-fire%2F18238961.html HTTP/1.1" 500 - "-" "Mozilla/5.0 (compatible; SemrushBot/7~bl; +http://www.semrush.com/bot.html)" "mantech8.com"
207.46.13.149 - - [01/Jan/2023:16:20:45 -0800] "GET /F2si-43dd-DkNG4.Ii HTTP/1.1" 404 88 "-" "Mozilla/5.0 AppleWebKit/537.36 (KHTML, like Gecko; compatible; bingbot/2.0; +http://www.bing.com/bingbot.htm) Chrome/103.0.5060.134 Safari/537.36" "www.mantech8.com"
185.191.171.26 - - [01/Jan/2023:16:21:32 -0800] "GET /?camp-fire%2F22941365.html HTTP/1.1" 500 - "-" "Mozilla/5.0 (compatible; SemrushBot/7~bl; +http://www.semrush.com/bot.html)" "mantech8.com"
185.191.171.24 - - [01/Jan/2023:16:21:38 -0800] "GET /?camp-fire%2F25706850.html HTTP/1.1" 500 - "-" "Mozilla/5.0 (compatible; SemrushBot/7~bl; +http://www.semrush.com/bot.html)" "mantech8.com"
185.191.171.26 - - [01/Jan/2023:16:21:46 -0800] "GET /?camp-fire%2F15814985.html HTTP/1.1" 500 - "-" "Mozilla/5.0 (compatible; SemrushBot/7~bl; +http://www.semrush.com/bot.html)" "mantech8.com"
185.191.171.26 - - [01/Jan/2023:16:22:01 -0800] "GET /?camp-fire%2F28392135.html HTTP/1.1" 500 - "-" "Mozilla/5.0 (compatible; SemrushBot/7~bl; +http://www.semrush.com/bot.html)" "mantech8.com"
185.191.171.23 - - [01/Jan/2023:16:22:03 -0800] "GET /?camp-fire%2F33937381.html HTTP/1.1" 500 - "-" "Mozilla/5.0 (compatible; SemrushBot/7~bl; +http://www.semrush.com/bot.html)" "mantech8.com"
185.191.171.26 - - [01/Jan/2023:16:22:53 -0800] "GET /?camp-fire%2F26152951.html HTTP/1.1" 500 - "-" "Mozilla/5.0 (compatible; SemrushBot/7~bl; +http://www.semrush.com/bot.html)" "mantech8.com"
34.73.5.36 - - [01/Jan/2023:16:23:25 -0800] "GET /robots.txt HTTP/1.1" 200 106 "-" "ZoominfoBot (zoominfobot at zoominfo dot com)" "mantech8.com"
34.73.5.36 - - [01/Jan/2023:16:23:25 -0800] "GET / HTTP/1.1" 500 - "-" "ZoominfoBot (zoominfobot at zoominfo dot com)" "mantech8.com"
185.191.171.37 - - [01/Jan/2023:16:23:51 -0800] "GET /?camp-fire%2F13908565.html HTTP/1.1" 500 - "-" "Mozilla/5.0 (compatible; SemrushBot/7~bl; +http://www.semrush.com/bot.html)" "mantech8.com"
185.191.171.5 - - [01/Jan/2023:16:23:52 -0800] "GET /?camp-fire%2F15441383.html HTTP/1.1" 500 - "-" "Mozilla/5.0 (compatible; SemrushBot/7~bl; +http://www.semrush.com/bot.html)" "mantech8.com"
157.55.39.150 - - [01/Jan/2023:16:24:29 -0800] "GET /camp-fire/38095142.html HTTP/1.1" 404 88 "-" "Mozilla/5.0 (compatible; bingbot/2.0; +http://www.bing.com/bingbot.htm)" "www.mantech8.com"
185.191.171.8 - - [01/Jan/2023:16:27:01 -0800] "GET /?camp-fire%2F24232350.html HTTP/1.1" 500 - "-" "Mozilla/5.0 (compatible; SemrushBot/7~bl; +http://www.semrush.com/bot.html)" "mantech8.com"
185.191.171.33 - - [01/Jan/2023:16:27:36 -0800] "GET /?camp-fire%2F15683729.html HTTP/1.1" 500 - "-" "Mozilla/5.0 (compatible; SemrushBot/7~bl; +http://www.semrush.com/bot.html)" "mantech8.com"
185.191.171.35 - - [01/Jan/2023:16:27:43 -0800] "GET /?camp-fire%2F21789235.html HTTP/1.1" 500 - "-" "Mozilla/5.0 (compatible; SemrushBot/7~bl; +http://www.semrush.com/bot.html)" "mantech8.com"
185.191.171.26 - - [01/Jan/2023:16:29:23 -0800] "GET /?camp-fire%2F25627083.html HTTP/1.1" 500 - "-" "Mozilla/5.0 (compatible; SemrushBot/7~bl; +http://www.semrush.com/bot.html)" "mantech8.com"
185.191.171.11 - - [01/Jan/2023:16:29:36 -0800] "GET /?camp-fire%2F27673571.html HTTP/1.1" 500 - "-" "Mozilla/5.0 (compatible; SemrushBot/7~bl; +http://www.semrush.com/bot.html)" "mantech8.com"
185.191.171.23 - - [01/Jan/2023:16:29:50 -0800] "GET /?camp-fire%2F14836572.html HTTP/1.1" 500 - "-" "Mozilla/5.0 (compatible; SemrushBot/7~bl; +http://www.semrush.com/bot.html)" "mantech8.com"
185.191.171.42 - - [01/Jan/2023:16:29:56 -0800] "GET /?camp-fire%2F42789121.html HTTP/1.1" 500 - "-" "Mozilla/5.0 (compatible; SemrushBot/7~bl; +http://www.semrush.com/bot.html)" "mantech8.com"
185.191.171.4 - - [01/Jan/2023:16:30:10 -0800] "GET /?camp-fire%2F21993783.html HTTP/1.1" 500 - "-" "Mozilla/5.0 (compatible; SemrushBot/7~bl; +http://www.semrush.com/bot.html)" "mantech8.com"
185.191.171.18 - - [01/Jan/2023:16:30:24 -0800] "GET /?camp-fire%2F29284165.html HTTP/1.1" 500 - "-" "Mozilla/5.0 (compatible; SemrushBot/7~bl; +http://www.semrush.com/bot.html)" "mantech8.com"
157.55.39.111 - - [01/Jan/2023:16:30:30 -0800] "GET /NAQ6-9bdefeecc-IiNTw.Ii HTTP/1.1" 404 88 "-" "Mozilla/5.0 (compatible; bingbot/2.0; +http://www.bing.com/bingbot.htm)" "www.mantech8.com"
185.191.171.8 - - [01/Jan/2023:16:30:38 -0800] "GET /?camp-fire%2F42147834.html HTTP/1.1" 500 - "-" "Mozilla/5.0 (compatible; SemrushBot/7~bl; +http://www.semrush.com/bot.html)" "mantech8.com"
185.191.171.6 - - [01/Jan/2023:16:30:41 -0800] "GET /?camp-fire%2F12201193.html HTTP/1.1" 500 - "-" "Mozilla/5.0 (compatible; SemrushBot/7~bl; +http://www.semrush.com/bot.html)" "mantech8.com"
185.191.171.20 - - [01/Jan/2023:16:30:49 -0800] "GET /?camp-fire%2F17708480.html HTTP/1.1" 500 - "-" "Mozilla/5.0 (compatible; SemrushBot/7~bl; +http://www.semrush.com/bot.html)" "mantech8.com"
185.191.171.21 - - [01/Jan/2023:16:32:04 -0800] "GET /?camp-fire%2F61836908.html HTTP/1.1" 500 - "-" "Mozilla/5.0 (compatible; SemrushBot/7~bl; +http://www.semrush.com/bot.html)" "mantech8.com"
185.191.171.6 - - [01/Jan/2023:16:32:10 -0800] "GET /?camp-fire%2F14833272.html HTTP/1.1" 500 - "-" "Mozilla/5.0 (compatible; SemrushBot/7~bl; +http://www.semrush.com/bot.html)" "mantech8.com"
185.191.171.2 - - [01/Jan/2023:16:32:36 -0800] "GET /?camp-fire%2F15374176.html HTTP/1.1" 500 - "-" "Mozilla/5.0 (compatible; SemrushBot/7~bl; +http://www.semrush.com/bot.html)" "mantech8.com"
185.191.171.2 - - [01/Jan/2023:16:32:57 -0800] "GET /?camp-fire%2F15765251.html HTTP/1.1" 500 - "-" "Mozilla/5.0 (compatible; SemrushBot/7~bl; +http://www.semrush.com/bot.html)" "mantech8.com"
185.191.171.8 - - [01/Jan/2023:16:33:11 -0800] "GET /?camp-fire%2F34390393.html HTTP/1.1" 500 - "-" "Mozilla/5.0 (compatible; SemrushBot/7~bl; +http://www.semrush.com/bot.html)" "mantech8.com"
66.249.70.180 - - [01/Jan/2023:16:33:51 -0800] "GET /sitemapmobile14916.xml HTTP/1.1" 404 88 "-" "Mozilla/5.0 (compatible; Googlebot/2.1; +http://www.google.com/bot.html)" "mantech8.com"
185.191.171.41 - - [01/Jan/2023:16:34:03 -0800] "GET /robots.txt HTTP/1.1" 200 106 "-" "Mozilla/5.0 (compatible; SemrushBot/7~bl; +http://www.semrush.com/bot.html)" "mantech8.com"
185.191.171.25 - - [01/Jan/2023:16:34:04 -0800] "GET /?camp-fire%2F18535280.html HTTP/1.1" 500 - "-" "Mozilla/5.0 (compatible; SemrushBot/7~bl; +http://www.semrush.com/bot.html)" "mantech8.com"
185.191.171.11 - - [01/Jan/2023:16:35:01 -0800] "GET /?camp-fire%2F17704680.html HTTP/1.1" 500 - "-" "Mozilla/5.0 (compatible; SemrushBot/7~bl; +http://www.semrush.com/bot.html)" "mantech8.com"
185.191.171.41 - - [01/Jan/2023:16:35:07 -0800] "GET /?camp-fire%2F21670317.html HTTP/1.1" 500 - "-" "Mozilla/5.0 (compatible; SemrushBot/7~bl; +http://www.semrush.com/bot.html)" "mantech8.com"
185.191.171.10 - - [01/Jan/2023:16:35:42 -0800] "GET /robots.txt HTTP/1.1" 200 106 "-" "Mozilla/5.0 (compatible; SemrushBot/7~bl; +http://www.semrush.com/bot.html)" "www.mantech8.com"
185.191.171.26 - - [01/Jan/2023:16:35:42 -0800] "GET /bimages/video/?C=N%3BO%3DD HTTP/1.1" 200 550 "-" "Mozilla/5.0 (compatible; SemrushBot/7~bl; +http://www.semrush.com/bot.html)" "www.mantech8.com"
185.191.171.23 - - [01/Jan/2023:16:35:43 -0800] "GET /?camp-fire%2F20887635.html HTTP/1.1" 500 - "-" "Mozilla/5.0 (compatible; SemrushBot/7~bl; +http://www.semrush.com/bot.html)" "mantech8.com"
185.191.171.2 - - [01/Jan/2023:16:36:20 -0800] "GET /bimages/vision/?C=M%3BO%3DA HTTP/1.1" 200 421 "-" "Mozilla/5.0 (compatible; SemrushBot/7~bl; +http://www.semrush.com/bot.html)" "www.mantech8.com"
185.191.171.1 - - [01/Jan/2023:16:36:33 -0800] "GET /bimages/client/?C=N%3BO%3DD HTTP/1.1" 200 706 "-" "Mozilla/5.0 (compatible; SemrushBot/7~bl; +http://www.semrush.com/bot.html)" "www.mantech8.com"
114.119.144.87 - - [01/Jan/2023:16:36:33 -0800] "GET /index.php?guangheng.xml HTTP/1.1" 200 289402 "-" "Mozilla/5.0 (compatible;PetalBot;+https://webmaster.petalsearch.com/site/petalbot)" "mantech8.com"
114.119.133.245 - - [01/Jan/2023:16:37:44 -0800] "GET /index.php/bubba.xml HTTP/1.1" 200 289279 "-" "Mozilla/5.0 (compatible;PetalBot;+https://webmaster.petalsearch.com/site/petalbot)" "mantech8.com"
185.191.171.4 - - [01/Jan/2023:16:37:47 -0800] "GET /bimages/pipeg/thump/ HTTP/1.1" 200 568 "-" "Mozilla/5.0 (compatible; SemrushBot/7~bl; +http://www.semrush.com/bot.html)" "www.mantech8.com"
185.191.171.9 - - [01/Jan/2023:16:37:49 -0800] "GET /?camp-fire%2F95449077.html HTTP/1.1" 500 - "-" "Mozilla/5.0 (compatible; SemrushBot/7~bl; +http://www.semrush.com/bot.html)" "mantech8.com"
185.191.171.5 - - [01/Jan/2023:16:38:35 -0800] "GET /?camp-fire%2F23098027.html HTTP/1.1" 500 - "-" "Mozilla/5.0 (compatible; SemrushBot/7~bl; +http://www.semrush.com/bot.html)" "mantech8.com"
185.191.171.36 - - [01/Jan/2023:16:38:53 -0800] "GET /?camp-fire%2F16662365.html HTTP/1.1" 500 - "-" "Mozilla/5.0 (compatible; SemrushBot/7~bl; +http://www.semrush.com/bot.html)" "mantech8.com"
114.119.137.67 - - [01/Jan/2023:16:39:05 -0800] "GET /bimages/gallery/mini.phP HTTP/1.1" 200 - "http://mantech8.com/bimages/gallery/?C=M%3BO%3DA" "Mozilla/5.0 (Linux; Android 7.0;) AppleWebKit/537.36 (KHTML, like Gecko) Mobile Safari/537.36 (compatible; PetalBot;+https://webmaster.petalsearch.com/site/petalbot)" "mantech8.com"
185.191.171.23 - - [01/Jan/2023:16:39:20 -0800] "GET /?camp-fire%2F15775387.html HTTP/1.1" 500 - "-" "Mozilla/5.0 (compatible; SemrushBot/7~bl; +http://www.semrush.com/bot.html)" "mantech8.com"
185.191.171.22 - - [01/Jan/2023:16:39:25 -0800] "GET /?camp-fire%2F45322246.html HTTP/1.1" 500 - "-" "Mozilla/5.0 (compatible; SemrushBot/7~bl; +http://www.semrush.com/bot.html)" "mantech8.com"
185.191.171.14 - - [01/Jan/2023:16:39:35 -0800] "GET /?camp-fire%2F15320100.html HTTP/1.1" 500 - "-" "Mozilla/5.0 (compatible; SemrushBot/7~bl; +http://www.semrush.com/bot.html)" "mantech8.com"
185.191.171.4 - - [01/Jan/2023:16:39:56 -0800] "GET /?camp-fire%2F15987496.html HTTP/1.1" 500 - "-" "Mozilla/5.0 (compatible; SemrushBot/7~bl; +http://www.semrush.com/bot.html)" "mantech8.com"
185.191.171.8 - - [01/Jan/2023:16:40:10 -0800] "GET /?camp-fire%2F28237235.html HTTP/1.1" 500 - "-" "Mozilla/5.0 (compatible; SemrushBot/7~bl; +http://www.semrush.com/bot.html)" "mantech8.com"
114.119.166.88 - - [01/Jan/2023:16:40:28 -0800] "GET /sitemap5221.xml HTTP/1.1" 404 88 "-" "Mozilla/5.0 (compatible;PetalBot;+https://webmaster.petalsearch.com/site/petalbot)" "mantech8.com"
185.191.171.7 - - [01/Jan/2023:16:41:03 -0800] "GET /?camp-fire%2F16759746.html HTTP/1.1" 500 - "-" "Mozilla/5.0 (compatible; SemrushBot/7~bl; +http://www.semrush.com/bot.html)" "mantech8.com"
185.191.171.20 - - [01/Jan/2023:16:41:07 -0800] "GET /?camp-fire%2F19256998.html HTTP/1.1" 500 - "-" "Mozilla/5.0 (compatible; SemrushBot/7~bl; +http://www.semrush.com/bot.html)" "mantech8.com"
185.191.171.3 - - [01/Jan/2023:16:41:24 -0800] "GET /?camp-fire%2F105472865.html HTTP/1.1" 500 - "-" "Mozilla/5.0 (compatible; SemrushBot/7~bl; +http://www.semrush.com/bot.html)" "mantech8.com"
114.119.136.203 - - [01/Jan/2023:16:41:55 -0800] "GET /index.php/sitemap12189.xml HTTP/1.1" 200 289366 "-" "Mozilla/5.0 (compatible;PetalBot;+https://webmaster.petalsearch.com/site/petalbot)" "mantech8.com"
185.191.171.26 - - [01/Jan/2023:16:42:55 -0800] "GET /bimages/hgallery/ HTTP/1.1" 200 499 "-" "Mozilla/5.0 (compatible; SemrushBot/7~bl; +http://www.semrush.com/bot.html)" "www.mantech8.com"
185.191.171.16 - - [01/Jan/2023:16:43:05 -0800] "GET /?camp-fire%2F26784821.html HTTP/1.1" 500 - "-" "Mozilla/5.0 (compatible; SemrushBot/7~bl; +http://www.semrush.com/bot.html)" "mantech8.com"
185.191.171.23 - - [01/Jan/2023:16:43:08 -0800] "GET /?camp-fire%2F17582765.html HTTP/1.1" 500 - "-" "Mozilla/5.0 (compatible; SemrushBot/7~bl; +http://www.semrush.com/bot.html)" "mantech8.com"
114.119.132.171 - - [01/Jan/2023:16:43:35 -0800] "GET /?sitemap-index-4.xml HTTP/1.1" 200 4265 "-" "Mozilla/5.0 (Linux; Android 7.0;) AppleWebKit/537.36 (KHTML, like Gecko) Mobile Safari/537.36 (compatible; PetalBot;+https://webmaster.petalsearch.com/site/petalbot)" "mantech8.com"
185.191.171.25 - - [01/Jan/2023:16:43:48 -0800] "GET /?camp-fire%2F19154332.html HTTP/1.1" 500 - "-" "Mozilla/5.0 (compatible; SemrushBot/7~bl; +http://www.semrush.com/bot.html)" "mantech8.com"
185.191.171.34 - - [01/Jan/2023:16:44:38 -0800] "GET /?camp-fire%2F38156203.html HTTP/1.1" 500 - "-" "Mozilla/5.0 (compatible; SemrushBot/7~bl; +http://www.semrush.com/bot.html)" "mantech8.com"
185.191.171.18 - - [01/Jan/2023:16:44:40 -0800] "GET /?camp-fire%2F26938121.html HTTP/1.1" 500 - "-" "Mozilla/5.0 (compatible; SemrushBot/7~bl; +http://www.semrush.com/bot.html)" "mantech8.com"
114.119.140.60 - - [01/Jan/2023:16:44:49 -0800] "GET /?leiye.xml HTTP/1.1" 200 270528 "-" "Mozilla/5.0 (compatible;PetalBot;+https://webmaster.petalsearch.com/site/petalbot)" "mantech8.com"
185.191.171.40 - - [01/Jan/2023:16:45:32 -0800] "GET /bimages/client/?C=N%3BO%3DD HTTP/1.1" 200 706 "-" "Mozilla/5.0 (compatible; SemrushBot/7~bl; +http://www.semrush.com/bot.html)" "www.mantech8.com"
185.191.171.44 - - [01/Jan/2023:16:46:19 -0800] "GET /?camp-fire%2F17556365.html HTTP/1.1" 500 - "-" "Mozilla/5.0 (compatible; SemrushBot/7~bl; +http://www.semrush.com/bot.html)" "mantech8.com"
185.191.171.10 - - [01/Jan/2023:16:46:22 -0800] "GET /?camp-fire%2F27440897.html HTTP/1.1" 500 - "-" "Mozilla/5.0 (compatible; SemrushBot/7~bl; +http://www.semrush.com/bot.html)" "mantech8.com"
185.191.171.39 - - [01/Jan/2023:16:46:25 -0800] "GET /?camp-fire%2F17824580.html HTTP/1.1" 500 - "-" "Mozilla/5.0 (compatible; SemrushBot/7~bl; +http://www.semrush.com/bot.html)" "mantech8.com"
185.191.171.1 - - [01/Jan/2023:16:46:38 -0800] "GET /bimages/cleang/?C=S%3BO%3DA HTTP/1.1" 200 505 "-" "Mozilla/5.0 (compatible; SemrushBot/7~bl; +http://www.semrush.com/bot.html)" "www.mantech8.com"
185.191.171.14 - - [01/Jan/2023:16:46:42 -0800] "GET /?camp-fire%2F27915761.html HTTP/1.1" 500 - "-" "Mozilla/5.0 (compatible; SemrushBot/7~bl; +http://www.semrush.com/bot.html)" "mantech8.com"
157.55.39.95 - - [01/Jan/2023:16:47:13 -0800] "GET /bimages/scafg/s10.jpg HTTP/1.1" 200 161684 "-" "Mozilla/5.0 (compatible; bingbot/2.0; +http://www.bing.com/bingbot.htm)" "www.mantech8.com"
185.191.171.19 - - [01/Jan/2023:16:48:00 -0800] "GET /?camp-fire%2F12961776.html HTTP/1.1" 500 - "-" "Mozilla/5.0 (compatible; SemrushBot/7~bl; +http://www.semrush.com/bot.html)" "mantech8.com"
185.191.171.24 - - [01/Jan/2023:16:48:06 -0800] "GET /?camp-fire%2F13285869.html HTTP/1.1" 500 - "-" "Mozilla/5.0 (compatible; SemrushBot/7~bl; +http://www.semrush.com/bot.html)" "mantech8.com"
185.191.171.24 - - [01/Jan/2023:16:48:42 -0800] "GET /bimages/mission/?C=M%3BO%3DA HTTP/1.1" 200 416 "-" "Mozilla/5.0 (compatible; SemrushBot/7~bl; +http://www.semrush.com/bot.html)" "www.mantech8.com"
185.191.171.43 - - [01/Jan/2023:16:49:12 -0800] "GET /?camp-fire%2F39523508.html HTTP/1.1" 500 - "-" "Mozilla/5.0 (compatible; SemrushBot/7~bl; +http://www.semrush.com/bot.html)" "mantech8.com"
185.191.171.33 - - [01/Jan/2023:16:50:18 -0800] "GET /?camp-fire%2F17993581.html HTTP/1.1" 500 - "-" "Mozilla/5.0 (compatible; SemrushBot/7~bl; +http://www.semrush.com/bot.html)" "mantech8.com"
185.191.171.44 - - [01/Jan/2023:16:51:12 -0800] "GET /?camp-fire%2F32925268.html HTTP/1.1" 500 - "-" "Mozilla/5.0 (compatible; SemrushBot/7~bl; +http://www.semrush.com/bot.html)" "mantech8.com"
185.191.171.6 - - [01/Jan/2023:16:51:15 -0800] "GET /?camp-fire%2F19018332.html HTTP/1.1" 500 - "-" "Mozilla/5.0 (compatible; SemrushBot/7~bl; +http://www.semrush.com/bot.html)" "mantech8.com"
185.191.171.22 - - [01/Jan/2023:16:51:45 -0800] "GET /?camp-fire%2F14832859.html HTTP/1.1" 500 - "-" "Mozilla/5.0 (compatible; SemrushBot/7~bl; +http://www.semrush.com/bot.html)" "mantech8.com"
185.191.171.41 - - [01/Jan/2023:16:51:49 -0800] "GET /?camp-fire%2F19696621.html HTTP/1.1" 500 - "-" "Mozilla/5.0 (compatible; SemrushBot/7~bl; +http://www.semrush.com/bot.html)" "mantech8.com"
185.191.171.36 - - [01/Jan/2023:16:52:55 -0800] "GET /?camp-fire%2F14951672.html HTTP/1.1" 500 - "-" "Mozilla/5.0 (compatible; SemrushBot/7~bl; +http://www.semrush.com/bot.html)" "mantech8.com"
185.191.171.25 - - [01/Jan/2023:16:53:11 -0800] "GET /?camp-fire%2F31894130.html HTTP/1.1" 500 - "-" "Mozilla/5.0 (compatible; SemrushBot/7~bl; +http://www.semrush.com/bot.html)" "mantech8.com"
185.191.171.37 - - [01/Jan/2023:16:53:24 -0800] "GET /?camp-fire%2F16141984.html HTTP/1.1" 500 - "-" "Mozilla/5.0 (compatible; SemrushBot/7~bl; +http://www.semrush.com/bot.html)" "mantech8.com"
185.191.171.36 - - [01/Jan/2023:16:54:41 -0800] "GET /piping.php HTTP/1.1" 200 13582 "-" "Mozilla/5.0 (compatible; SemrushBot/7~bl; +http://www.semrush.com/bot.html)" "mantech8.com"
185.191.171.15 - - [01/Jan/2023:16:55:30 -0800] "GET /bimages/ele/?C=M%3BO%3DA HTTP/1.1" 200 426 "-" "Mozilla/5.0 (compatible; SemrushBot/7~bl; +http://www.semrush.com/bot.html)" "www.mantech8.com"
185.191.171.16 - - [01/Jan/2023:16:55:36 -0800] "GET /?camp-fire%2F27244285.html HTTP/1.1" 500 - "-" "Mozilla/5.0 (compatible; SemrushBot/7~bl; +http://www.semrush.com/bot.html)" "mantech8.com"
185.191.171.45 - - [01/Jan/2023:16:56:49 -0800] "GET /?camp-fire%2F10505055.html HTTP/1.1" 500 - "-" "Mozilla/5.0 (compatible; SemrushBot/7~bl; +http://www.semrush.com/bot.html)" "mantech8.com"
185.191.171.43 - - [01/Jan/2023:16:57:23 -0800] "GET /bimages/scafg/?C=N%3BO%3DD HTTP/1.1" 200 555 "-" "Mozilla/5.0 (compatible; SemrushBot/7~bl; +http://www.semrush.com/bot.html)" "www.mantech8.com"
66.249.70.180 - - [01/Jan/2023:16:57:27 -0800] "GET /sitemapnew10090.xml HTTP/1.1" 404 88 "-" "Mozilla/5.0 (compatible; Googlebot/2.1; +http://www.google.com/bot.html)" "mantech8.com"
66.249.70.176 - - [01/Jan/2023:16:57:28 -0800] "GET /sitemapnew10246.xml HTTP/1.1" 404 88 "-" "Mozilla/5.0 (compatible; Googlebot/2.1; +http://www.google.com/bot.html)" "mantech8.com"
66.249.70.180 - - [01/Jan/2023:16:57:29 -0800] "GET /sitemapnew10267.xml HTTP/1.1" 404 88 "-" "Mozilla/5.0 (compatible; Googlebot/2.1; +http://www.google.com/bot.html)" "mantech8.com"
66.249.70.178 - - [01/Jan/2023:16:57:30 -0800] "GET /sitemapnew1050.xml HTTP/1.1" 404 88 "-" "Mozilla/5.0 (compatible; Googlebot/2.1; +http://www.google.com/bot.html)" "mantech8.com"
66.249.70.178 - - [01/Jan/2023:16:57:32 -0800] "GET /sitemapnew10574.xml HTTP/1.1" 404 88 "-" "Mozilla/5.0 (compatible; Googlebot/2.1; +http://www.google.com/bot.html)" "mantech8.com"
185.191.171.38 - - [01/Jan/2023:16:57:32 -0800] "GET /?camp-fire%2F34781366.html HTTP/1.1" 500 - "-" "Mozilla/5.0 (compatible; SemrushBot/7~bl; +http://www.semrush.com/bot.html)" "mantech8.com"
66.249.70.176 - - [01/Jan/2023:16:57:33 -0800] "GET /sitemapnew11041.xml HTTP/1.1" 404 88 "-" "Mozilla/5.0 (compatible; Googlebot/2.1; +http://www.google.com/bot.html)" "mantech8.com"
66.249.70.178 - - [01/Jan/2023:16:57:34 -0800] "GET /sitemapnew111.xml HTTP/1.1" 404 88 "-" "Mozilla/5.0 (compatible; Googlebot/2.1; +http://www.google.com/bot.html)" "mantech8.com"
66.249.70.176 - - [01/Jan/2023:16:57:35 -0800] "GET /sitemapnew11158.xml HTTP/1.1" 404 88 "-" "Mozilla/5.0 (compatible; Googlebot/2.1; +http://www.google.com/bot.html)" "mantech8.com"
66.249.70.176 - - [01/Jan/2023:16:57:36 -0800] "GET /sitemapnew11523.xml HTTP/1.1" 404 88 "-" "Mozilla/5.0 (compatible; Googlebot/2.1; +http://www.google.com/bot.html)" "mantech8.com"
66.249.70.176 - - [01/Jan/2023:16:57:37 -0800] "GET /sitemapnew11901.xml HTTP/1.1" 404 88 "-" "Mozilla/5.0 (compatible; Googlebot/2.1; +http://www.google.com/bot.html)" "mantech8.com"
66.249.70.176 - - [01/Jan/2023:16:57:38 -0800] "GET /sitemapnew12608.xml HTTP/1.1" 404 88 "-" "Mozilla/5.0 (compatible; Googlebot/2.1; +http://www.google.com/bot.html)" "mantech8.com"
66.249.70.176 - - [01/Jan/2023:16:57:39 -0800] "GET /sitemapnew13502.xml HTTP/1.1" 404 88 "-" "Mozilla/5.0 (compatible; Googlebot/2.1; +http://www.google.com/bot.html)" "mantech8.com"
66.249.70.176 - - [01/Jan/2023:16:57:40 -0800] "GET /sitemapnew13536.xml HTTP/1.1" 404 88 "-" "Mozilla/5.0 (compatible; Googlebot/2.1; +http://www.google.com/bot.html)" "mantech8.com"
66.249.70.176 - - [01/Jan/2023:16:57:41 -0800] "GET /sitemapnew1380.xml HTTP/1.1" 404 88 "-" "Mozilla/5.0 (compatible; Googlebot/2.1; +http://www.google.com/bot.html)" "mantech8.com"
66.249.70.176 - - [01/Jan/2023:16:57:42 -0800] "GET /sitemapnew14617.xml HTTP/1.1" 404 88 "-" "Mozilla/5.0 (compatible; Googlebot/2.1; +http://www.google.com/bot.html)" "mantech8.com"
66.249.70.176 - - [01/Jan/2023:16:57:43 -0800] "GET /sitemapnew14809.xml HTTP/1.1" 404 88 "-" "Mozilla/5.0 (compatible; Googlebot/2.1; +http://www.google.com/bot.html)" "mantech8.com"
66.249.70.176 - - [01/Jan/2023:16:57:44 -0800] "GET /sitemapnew14957.xml HTTP/1.1" 404 88 "-" "Mozilla/5.0 (compatible; Googlebot/2.1; +http://www.google.com/bot.html)" "mantech8.com"
66.249.70.176 - - [01/Jan/2023:16:57:45 -0800] "GET /sitemapnew15060.xml HTTP/1.1" 404 88 "-" "Mozilla/5.0 (compatible; Googlebot/2.1; +http://www.google.com/bot.html)" "mantech8.com"
66.249.70.176 - - [01/Jan/2023:16:57:46 -0800] "GET /sitemapnew15318.xml HTTP/1.1" 404 88 "-" "Mozilla/5.0 (compatible; Googlebot/2.1; +http://www.google.com/bot.html)" "mantech8.com"
66.249.70.176 - - [01/Jan/2023:16:57:47 -0800] "GET /sitemapnew15903.xml HTTP/1.1" 404 88 "-" "Mozilla/5.0 (compatible; Googlebot/2.1; +http://www.google.com/bot.html)" "mantech8.com"
66.249.70.176 - - [01/Jan/2023:16:57:48 -0800] "GET /sitemapnew16508.xml HTTP/1.1" 404 88 "-" "Mozilla/5.0 (compatible; Googlebot/2.1; +http://www.google.com/bot.html)" "mantech8.com"
66.249.70.176 - - [01/Jan/2023:16:57:50 -0800] "GET /sitemapnew17060.xml HTTP/1.1" 404 88 "-" "Mozilla/5.0 (compatible; Googlebot/2.1; +http://www.google.com/bot.html)" "mantech8.com"
66.249.70.176 - - [01/Jan/2023:16:57:50 -0800] "GET /sitemapnew17106.xml HTTP/1.1" 404 88 "-" "Mozilla/5.0 (compatible; Googlebot/2.1; +http://www.google.com/bot.html)" "mantech8.com"
66.249.70.176 - - [01/Jan/2023:16:57:51 -0800] "GET /sitemapnew18119.xml HTTP/1.1" 404 88 "-" "Mozilla/5.0 (compatible; Googlebot/2.1; +http://www.google.com/bot.html)" "mantech8.com"
66.249.70.176 - - [01/Jan/2023:16:57:52 -0800] "GET /sitemapimages13139.xml HTTP/1.1" 404 88 "-" "Mozilla/5.0 (compatible; Googlebot/2.1; +http://www.google.com/bot.html)" "mantech8.com"
66.249.70.176 - - [01/Jan/2023:16:57:52 -0800] "GET /sitemapnew18358.xml HTTP/1.1" 404 88 "-" "Mozilla/5.0 (compatible; Googlebot/2.1; +http://www.google.com/bot.html)" "mantech8.com"
66.249.70.176 - - [01/Jan/2023:16:57:53 -0800] "GET /sitemapnew18660.xml HTTP/1.1" 404 88 "-" "Mozilla/5.0 (compatible; Googlebot/2.1; +http://www.google.com/bot.html)" "mantech8.com"
66.249.70.176 - - [01/Jan/2023:16:57:54 -0800] "GET /sitemapnew18842.xml HTTP/1.1" 404 88 "-" "Mozilla/5.0 (compatible; Googlebot/2.1; +http://www.google.com/bot.html)" "mantech8.com"
66.249.70.176 - - [01/Jan/2023:16:57:57 -0800] "GET /sitemapnew19022.xml HTTP/1.1" 404 88 "-" "Mozilla/5.0 (compatible; Googlebot/2.1; +http://www.google.com/bot.html)" "mantech8.com"
66.249.70.176 - - [01/Jan/2023:16:57:58 -0800] "GET /sitemapnew19719.xml HTTP/1.1" 404 88 "-" "Mozilla/5.0 (compatible; Googlebot/2.1; +http://www.google.com/bot.html)" "mantech8.com"
66.249.70.176 - - [01/Jan/2023:16:57:59 -0800] "GET /sitemapnew19804.xml HTTP/1.1" 404 88 "-" "Mozilla/5.0 (compatible; Googlebot/2.1; +http://www.google.com/bot.html)" "mantech8.com"
66.249.70.176 - - [01/Jan/2023:16:58:00 -0800] "GET /sitemapnew20223.xml HTTP/1.1" 404 88 "-" "Mozilla/5.0 (compatible; Googlebot/2.1; +http://www.google.com/bot.html)" "mantech8.com"
66.249.70.176 - - [01/Jan/2023:16:58:01 -0800] "GET /sitemapnew2023.xml HTTP/1.1" 404 88 "-" "Mozilla/5.0 (compatible; Googlebot/2.1; +http://www.google.com/bot.html)" "mantech8.com"
185.191.171.11 - - [01/Jan/2023:16:58:01 -0800] "GET /?camp-fire%2F24670859.html HTTP/1.1" 500 - "-" "Mozilla/5.0 (compatible; SemrushBot/7~bl; +http://www.semrush.com/bot.html)" "mantech8.com"
66.249.70.176 - - [01/Jan/2023:16:58:02 -0800] "GET /sitemapnew20554.xml HTTP/1.1" 404 88 "-" "Mozilla/5.0 (compatible; Googlebot/2.1; +http://www.google.com/bot.html)" "mantech8.com"
66.249.70.176 - - [01/Jan/2023:16:58:03 -0800] "GET /sitemapnew20847.xml HTTP/1.1" 404 88 "-" "Mozilla/5.0 (compatible; Googlebot/2.1; +http://www.google.com/bot.html)" "mantech8.com"
66.249.70.176 - - [01/Jan/2023:16:58:06 -0800] "GET /sitemapnew2153.xml HTTP/1.1" 404 88 "-" "Mozilla/5.0 (compatible; Googlebot/2.1; +http://www.google.com/bot.html)" "mantech8.com"
66.249.70.176 - - [01/Jan/2023:16:58:07 -0800] "GET /sitemapnew2257.xml HTTP/1.1" 404 88 "-" "Mozilla/5.0 (compatible; Googlebot/2.1; +http://www.google.com/bot.html)" "mantech8.com"
66.249.70.176 - - [01/Jan/2023:16:58:08 -0800] "GET /sitemapnew2800.xml HTTP/1.1" 404 88 "-" "Mozilla/5.0 (compatible; Googlebot/2.1; +http://www.google.com/bot.html)" "mantech8.com"
66.249.70.176 - - [01/Jan/2023:16:58:09 -0800] "GET /sitemapnew3289.xml HTTP/1.1" 404 88 "-" "Mozilla/5.0 (compatible; Googlebot/2.1; +http://www.google.com/bot.html)" "mantech8.com"
66.249.70.176 - - [01/Jan/2023:16:58:10 -0800] "GET /sitemapnew3583.xml HTTP/1.1" 404 88 "-" "Mozilla/5.0 (compatible; Googlebot/2.1; +http://www.google.com/bot.html)" "mantech8.com"
66.249.70.176 - - [01/Jan/2023:16:58:11 -0800] "GET /sitemapnew4160.xml HTTP/1.1" 404 88 "-" "Mozilla/5.0 (compatible; Googlebot/2.1; +http://www.google.com/bot.html)" "mantech8.com"
66.249.70.176 - - [01/Jan/2023:16:58:12 -0800] "GET /sitemapnew4554.xml HTTP/1.1" 404 88 "-" "Mozilla/5.0 (compatible; Googlebot/2.1; +http://www.google.com/bot.html)" "mantech8.com"
66.249.70.176 - - [01/Jan/2023:16:58:13 -0800] "GET /sitemapnew4817.xml HTTP/1.1" 404 88 "-" "Mozilla/5.0 (compatible; Googlebot/2.1; +http://www.google.com/bot.html)" "mantech8.com"
66.249.70.176 - - [01/Jan/2023:16:58:14 -0800] "GET /sitemapnew5036.xml HTTP/1.1" 404 88 "-" "Mozilla/5.0 (compatible; Googlebot/2.1; +http://www.google.com/bot.html)" "mantech8.com"
66.249.70.176 - - [01/Jan/2023:16:58:15 -0800] "GET /sitemapnew5404.xml HTTP/1.1" 404 88 "-" "Mozilla/5.0 (compatible; Googlebot/2.1; +http://www.google.com/bot.html)" "mantech8.com"
66.249.70.176 - - [01/Jan/2023:16:58:16 -0800] "GET /sitemapnew6041.xml HTTP/1.1" 404 88 "-" "Mozilla/5.0 (compatible; Googlebot/2.1; +http://www.google.com/bot.html)" "mantech8.com"
66.249.70.176 - - [01/Jan/2023:16:58:17 -0800] "GET /sitemapnew7050.xml HTTP/1.1" 404 88 "-" "Mozilla/5.0 (compatible; Googlebot/2.1; +http://www.google.com/bot.html)" "mantech8.com"
66.249.70.176 - - [01/Jan/2023:16:58:19 -0800] "GET /sitemapnew8060.xml HTTP/1.1" 404 88 "-" "Mozilla/5.0 (compatible; Googlebot/2.1; +http://www.google.com/bot.html)" "mantech8.com"
185.191.171.5 - - [01/Jan/2023:16:58:19 -0800] "GET /?camp-fire%2F16033083.html HTTP/1.1" 500 - "-" "Mozilla/5.0 (compatible; SemrushBot/7~bl; +http://www.semrush.com/bot.html)" "mantech8.com"
66.249.70.176 - - [01/Jan/2023:16:58:20 -0800] "GET /sitemapnew8973.xml HTTP/1.1" 404 88 "-" "Mozilla/5.0 (compatible; Googlebot/2.1; +http://www.google.com/bot.html)" "mantech8.com"
66.249.70.176 - - [01/Jan/2023:16:58:21 -0800] "GET /sitemapnew9013.xml HTTP/1.1" 404 88 "-" "Mozilla/5.0 (compatible; Googlebot/2.1; +http://www.google.com/bot.html)" "mantech8.com"
66.249.70.176 - - [01/Jan/2023:16:58:24 -0800] "GET /sitemapnew9960.xml HTTP/1.1" 404 88 "-" "Mozilla/5.0 (compatible; Googlebot/2.1; +http://www.google.com/bot.html)" "mantech8.com"
185.191.171.41 - - [01/Jan/2023:16:58:33 -0800] "GET /?camp-fire%2F15568346.html HTTP/1.1" 500 - "-" "Mozilla/5.0 (compatible; SemrushBot/7~bl; +http://www.semrush.com/bot.html)" "mantech8.com"
185.191.171.24 - - [01/Jan/2023:16:58:37 -0800] "GET /?camp-fire%2F24238750.html HTTP/1.1" 500 - "-" "Mozilla/5.0 (compatible; SemrushBot/7~bl; +http://www.semrush.com/bot.html)" "mantech8.com"
185.191.171.45 - - [01/Jan/2023:16:59:14 -0800] "GET /?camp-fire%2F25722850.html HTTP/1.1" 500 - "-" "Mozilla/5.0 (compatible; SemrushBot/7~bl; +http://www.semrush.com/bot.html)" "mantech8.com"
185.191.171.2 - - [01/Jan/2023:16:59:25 -0800] "GET /bimages/paintg/thump/?C=N%3BO%3DD HTTP/1.1" 200 483 "-" "Mozilla/5.0 (compatible; SemrushBot/7~bl; +http://www.semrush.com/bot.html)" "www.mantech8.com"
185.191.171.24 - - [01/Jan/2023:16:59:54 -0800] "GET /?camp-fire%2F27129663.html HTTP/1.1" 500 - "-" "Mozilla/5.0 (compatible; SemrushBot/7~bl; +http://www.semrush.com/bot.html)" "mantech8.com"
66.249.70.180 - - [01/Jan/2023:17:00:22 -0800] "GET /sitemapimages6195.xml HTTP/1.1" 404 88 "-" "Mozilla/5.0 (compatible; Googlebot/2.1; +http://www.google.com/bot.html)" "mantech8.com"
185.191.171.41 - - [01/Jan/2023:17:00:28 -0800] "GET /?camp-fire%2F11905676.html HTTP/1.1" 500 - "-" "Mozilla/5.0 (compatible; SemrushBot/7~bl; +http://www.semrush.com/bot.html)" "mantech8.com"
185.191.171.4 - - [01/Jan/2023:17:01:32 -0800] "GET /?camp-fire%2F34773108.html HTTP/1.1" 500 - "-" "Mozilla/5.0 (compatible; SemrushBot/7~bl; +http://www.semrush.com/bot.html)" "mantech8.com"
185.191.171.12 - - [01/Jan/2023:17:01:35 -0800] "GET /?camp-fire%2F28625589.html HTTP/1.1" 500 - "-" "Mozilla/5.0 (compatible; SemrushBot/7~bl; +http://www.semrush.com/bot.html)" "mantech8.com"
185.191.171.26 - - [01/Jan/2023:17:01:39 -0800] "GET /?camp-fire%2F24407259.html HTTP/1.1" 500 - "-" "Mozilla/5.0 (compatible; SemrushBot/7~bl; +http://www.semrush.com/bot.html)" "mantech8.com"
185.191.171.10 - - [01/Jan/2023:17:02:14 -0800] "GET /bimages/ele/?C=N%3BO%3DD HTTP/1.1" 200 426 "-" "Mozilla/5.0 (compatible; SemrushBot/7~bl; +http://www.semrush.com/bot.html)" "www.mantech8.com"
185.191.171.18 - - [01/Jan/2023:17:02:18 -0800] "GET /?camp-fire%2F10105678.html HTTP/1.1" 500 - "-" "Mozilla/5.0 (compatible; SemrushBot/7~bl; +http://www.semrush.com/bot.html)" "mantech8.com"
185.191.171.16 - - [01/Jan/2023:17:02:57 -0800] "GET /?camp-fire%2F23468109.html HTTP/1.1" 500 - "-" "Mozilla/5.0 (compatible; SemrushBot/7~bl; +http://www.semrush.com/bot.html)" "mantech8.com"
185.191.171.11 - - [01/Jan/2023:17:04:20 -0800] "GET /?camp-fire%2F15193056.html HTTP/1.1" 500 - "-" "Mozilla/5.0 (compatible; SemrushBot/7~bl; +http://www.semrush.com/bot.html)" "mantech8.com"
185.191.171.1 - - [01/Jan/2023:17:04:55 -0800] "GET /?camp-fire%2F28702935.html HTTP/1.1" 500 - "-" "Mozilla/5.0 (compatible; SemrushBot/7~bl; +http://www.semrush.com/bot.html)" "mantech8.com"
185.191.171.13 - - [01/Jan/2023:17:06:00 -0800] "GET /?camp-fire%2F13705078.html HTTP/1.1" 500 - "-" "Mozilla/5.0 (compatible; SemrushBot/7~bl; +http://www.semrush.com/bot.html)" "mantech8.com"
185.191.171.7 - - [01/Jan/2023:17:06:43 -0800] "GET /?camp-fire%2F26090835.html HTTP/1.1" 500 - "-" "Mozilla/5.0 (compatible; SemrushBot/7~bl; +http://www.semrush.com/bot.html)" "mantech8.com"
185.191.171.19 - - [01/Jan/2023:17:06:48 -0800] "GET /?camp-fire%2F42063049.html HTTP/1.1" 500 - "-" "Mozilla/5.0 (compatible; SemrushBot/7~bl; +http://www.semrush.com/bot.html)" "mantech8.com"
114.119.137.220 - - [01/Jan/2023:17:06:58 -0800] "GET /index.php?procombination.xml HTTP/1.1" 200 289390 "-" "Mozilla/5.0 (Linux; Android 7.0;) AppleWebKit/537.36 (KHTML, like Gecko) Mobile Safari/537.36 (compatible; PetalBot;+https://webmaster.petalsearch.com/site/petalbot)" "mantech8.com"
185.191.171.35 - - [01/Jan/2023:17:07:03 -0800] "GET /?camp-fire%2F15746472.html HTTP/1.1" 500 - "-" "Mozilla/5.0 (compatible; SemrushBot/7~bl; +http://www.semrush.com/bot.html)" "mantech8.com"
185.191.171.33 - - [01/Jan/2023:17:07:23 -0800] "GET /?camp-fire%2F11498209.html HTTP/1.1" 500 - "-" "Mozilla/5.0 (compatible; SemrushBot/7~bl; +http://www.semrush.com/bot.html)" "mantech8.com"
185.191.171.44 - - [01/Jan/2023:17:08:56 -0800] "GET /?camp-fire%2F26830772.html HTTP/1.1" 500 - "-" "Mozilla/5.0 (compatible; SemrushBot/7~bl; +http://www.semrush.com/bot.html)" "mantech8.com"
216.244.66.241 - - [01/Jan/2023:17:09:29 -0800] "GET /robots.txt HTTP/1.1" 200 222 "-" "Mozilla/5.0 (compatible; DotBot/1.2; +https://opensiteexplorer.org/dotbot; help@moz.com)" "mantech8.com"
216.244.66.241 - - [01/Jan/2023:17:09:29 -0800] "GET /robots.txt HTTP/1.1" 200 222 "-" "Mozilla/5.0 (compatible; DotBot/1.2; +https://opensiteexplorer.org/dotbot; help@moz.com)" "www.mantech8.com"
185.191.171.38 - - [01/Jan/2023:17:09:37 -0800] "GET /?camp-fire%2F27684471.html HTTP/1.1" 500 - "-" "Mozilla/5.0 (compatible; SemrushBot/7~bl; +http://www.semrush.com/bot.html)" "mantech8.com"
185.191.171.42 - - [01/Jan/2023:17:09:45 -0800] "GET /?camp-fire%2F20761135.html HTTP/1.1" 500 - "-" "Mozilla/5.0 (compatible; SemrushBot/7~bl; +http://www.semrush.com/bot.html)" "mantech8.com"
185.191.171.15 - - [01/Jan/2023:17:10:00 -0800] "GET /?camp-fire%2F35331438.html HTTP/1.1" 500 - "-" "Mozilla/5.0 (compatible; SemrushBot/7~bl; +http://www.semrush.com/bot.html)" "mantech8.com"
185.191.171.7 - - [01/Jan/2023:17:10:26 -0800] "GET /?camp-fire%2F29412209.html HTTP/1.1" 500 - "-" "Mozilla/5.0 (compatible; SemrushBot/7~bl; +http://www.semrush.com/bot.html)" "mantech8.com"
66.249.70.178 - - [01/Jan/2023:17:11:32 -0800] "GET /sitemapimages9052.xml HTTP/1.1" 404 88 "-" "Mozilla/5.0 (compatible; Googlebot/2.1; +http://www.google.com/bot.html)" "mantech8.com"
185.191.171.10 - - [01/Jan/2023:17:11:42 -0800] "GET /?camp-fire%2F17506727.html HTTP/1.1" 500 - "-" "Mozilla/5.0 (compatible; SemrushBot/7~bl; +http://www.semrush.com/bot.html)" "mantech8.com"
185.191.171.8 - - [01/Jan/2023:17:12:10 -0800] "GET /?camp-fire%2F24008033.html HTTP/1.1" 500 - "-" "Mozilla/5.0 (compatible; SemrushBot/7~bl; +http://www.semrush.com/bot.html)" "mantech8.com"
185.191.171.20 - - [01/Jan/2023:17:12:53 -0800] "GET /?camp-fire%2F22981787.html HTTP/1.1" 500 - "-" "Mozilla/5.0 (compatible; SemrushBot/7~bl; +http://www.semrush.com/bot.html)" "mantech8.com"
157.55.39.111 - - [01/Jan/2023:17:13:38 -0800] "GET /index.php?camp-fire/1221.html HTTP/1.1" 200 69899 "-" "Mozilla/5.0 AppleWebKit/537.36 (KHTML, like Gecko; compatible; bingbot/2.0; +http://www.bing.com/bingbot.htm) Chrome/103.0.5060.134 Safari/537.36" "www.mantech8.com"
185.191.171.36 - - [01/Jan/2023:17:13:56 -0800] "GET /?camp-fire%2F28261921.html HTTP/1.1" 500 - "-" "Mozilla/5.0 (compatible; SemrushBot/7~bl; +http://www.semrush.com/bot.html)" "mantech8.com"
185.191.171.25 - - [01/Jan/2023:17:14:28 -0800] "GET /?camp-fire%2F23960242.html HTTP/1.1" 500 - "-" "Mozilla/5.0 (compatible; SemrushBot/7~bl; +http://www.semrush.com/bot.html)" "mantech8.com"
185.191.171.9 - - [01/Jan/2023:17:14:30 -0800] "GET /?camp-fire%2F31627365.html HTTP/1.1" 500 - "-" "Mozilla/5.0 (compatible; SemrushBot/7~bl; +http://www.semrush.com/bot.html)" "mantech8.com"
185.191.171.20 - - [01/Jan/2023:17:14:36 -0800] "GET /bimages/headg/ HTTP/1.1" 200 491 "-" "Mozilla/5.0 (compatible; SemrushBot/7~bl; +http://www.semrush.com/bot.html)" "www.mantech8.com"
185.191.171.45 - - [01/Jan/2023:17:14:48 -0800] "GET /?camp-fire%2F15208384.html HTTP/1.1" 500 - "-" "Mozilla/5.0 (compatible; SemrushBot/7~bl; +http://www.semrush.com/bot.html)" "mantech8.com"
207.46.13.149 - - [01/Jan/2023:17:14:51 -0800] "GET /YhFG-4c5ebbbb-pirsQ.Ii HTTP/1.1" 404 88 "-" "Mozilla/5.0 AppleWebKit/537.36 (KHTML, like Gecko; compatible; bingbot/2.0; +http://www.bing.com/bingbot.htm) Chrome/103.0.5060.134 Safari/537.36" "www.mantech8.com"
185.191.171.2 - - [01/Jan/2023:17:15:48 -0800] "GET /?camp-fire%2F5283577.html HTTP/1.1" 500 - "-" "Mozilla/5.0 (compatible; SemrushBot/7~bl; +http://www.semrush.com/bot.html)" "mantech8.com"
185.191.171.38 - - [01/Jan/2023:17:15:51 -0800] "GET /bimages/gallery/thump/pnujbrwtfj.php HTTP/1.1" 200 32 "-" "Mozilla/5.0 (compatible; SemrushBot/7~bl; +http://www.semrush.com/bot.html)" "www.mantech8.com"
185.191.171.3 - - [01/Jan/2023:17:16:03 -0800] "GET /?camp-fire%2F28796772.html HTTP/1.1" 500 - "-" "Mozilla/5.0 (compatible; SemrushBot/7~bl; +http://www.semrush.com/bot.html)" "mantech8.com"
185.191.171.18 - - [01/Jan/2023:17:16:32 -0800] "GET /?camp-fire%2F29220435.html HTTP/1.1" 500 - "-" "Mozilla/5.0 (compatible; SemrushBot/7~bl; +http://www.semrush.com/bot.html)" "mantech8.com"
185.191.171.18 - - [01/Jan/2023:17:17:06 -0800] "GET /?camp-fire%2F32170150.html HTTP/1.1" 500 - "-" "Mozilla/5.0 (compatible; SemrushBot/7~bl; +http://www.semrush.com/bot.html)" "mantech8.com"
185.191.171.11 - - [01/Jan/2023:17:17:22 -0800] "GET /?camp-fire%2F17373065.html HTTP/1.1" 500 - "-" "Mozilla/5.0 (compatible; SemrushBot/7~bl; +http://www.semrush.com/bot.html)" "mantech8.com"
185.191.171.9 - - [01/Jan/2023:17:18:02 -0800] "GET /bimages/scafg/thump/ HTTP/1.1" 200 535 "-" "Mozilla/5.0 (compatible; SemrushBot/7~bl; +http://www.semrush.com/bot.html)" "www.mantech8.com"
185.191.171.41 - - [01/Jan/2023:17:18:47 -0800] "GET /?camp-fire%2F74172659.html HTTP/1.1" 500 - "-" "Mozilla/5.0 (compatible; SemrushBot/7~bl; +http://www.semrush.com/bot.html)" "mantech8.com"
185.191.171.14 - - [01/Jan/2023:17:19:35 -0800] "GET /?camp-fire%2F12960855.html HTTP/1.1" 500 - "-" "Mozilla/5.0 (compatible; SemrushBot/7~bl; +http://www.semrush.com/bot.html)" "mantech8.com"
185.191.171.26 - - [01/Jan/2023:17:19:48 -0800] "GET /bimages/electric/?C=N%3BO%3DD HTTP/1.1" 200 420 "-" "Mozilla/5.0 (compatible; SemrushBot/7~bl; +http://www.semrush.com/bot.html)" "www.mantech8.com"
185.191.171.6 - - [01/Jan/2023:17:19:49 -0800] "GET /?camp-fire%2F30083889.html HTTP/1.1" 500 - "-" "Mozilla/5.0 (compatible; SemrushBot/7~bl; +http://www.semrush.com/bot.html)" "mantech8.com"
185.191.171.19 - - [01/Jan/2023:17:21:06 -0800] "GET /?camp-fire%2F106746570.html HTTP/1.1" 500 - "-" "Mozilla/5.0 (compatible; SemrushBot/7~bl; +http://www.semrush.com/bot.html)" "mantech8.com"
185.191.171.5 - - [01/Jan/2023:17:21:12 -0800] "GET /?camp-fire%2F32838070.html HTTP/1.1" 500 - "-" "Mozilla/5.0 (compatible; SemrushBot/7~bl; +http://www.semrush.com/bot.html)" "mantech8.com"
185.191.171.39 - - [01/Jan/2023:17:21:34 -0800] "GET /?camp-fire%2F11455909.html HTTP/1.1" 500 - "-" "Mozilla/5.0 (compatible; SemrushBot/7~bl; +http://www.semrush.com/bot.html)" "mantech8.com"
185.191.171.10 - - [01/Jan/2023:17:21:58 -0800] "GET /?camp-fire%2F35818938.html HTTP/1.1" 500 - "-" "Mozilla/5.0 (compatible; SemrushBot/7~bl; +http://www.semrush.com/bot.html)" "mantech8.com"
185.191.171.24 - - [01/Jan/2023:17:22:09 -0800] "GET /?camp-fire%2F16117784.html HTTP/1.1" 500 - "-" "Mozilla/5.0 (compatible; SemrushBot/7~bl; +http://www.semrush.com/bot.html)" "mantech8.com"
185.191.171.43 - - [01/Jan/2023:17:22:51 -0800] "GET /?camp-fire%2F11221390.html HTTP/1.1" 500 - "-" "Mozilla/5.0 (compatible; SemrushBot/7~bl; +http://www.semrush.com/bot.html)" "mantech8.com"
185.191.171.24 - - [01/Jan/2023:17:23:29 -0800] "GET /?camp-fire%2F65374268.html HTTP/1.1" 500 - "-" "Mozilla/5.0 (compatible; SemrushBot/7~bl; +http://www.semrush.com/bot.html)" "mantech8.com"
185.191.171.12 - - [01/Jan/2023:17:24:30 -0800] "GET /index.php?camp-fire%2F28486664.html HTTP/1.1" 500 - "-" "Mozilla/5.0 (compatible; SemrushBot/7~bl; +http://www.semrush.com/bot.html)" "mantech8.com"
185.191.171.43 - - [01/Jan/2023:17:25:37 -0800] "GET /?camp-fire%2F25027706.html HTTP/1.1" 500 - "-" "Mozilla/5.0 (compatible; SemrushBot/7~bl; +http://www.semrush.com/bot.html)" "mantech8.com"
185.191.171.44 - - [01/Jan/2023:17:25:58 -0800] "GET /bimages/dimage/?C=N%3BO%3DD HTTP/1.1" 200 419 "-" "Mozilla/5.0 (compatible; SemrushBot/7~bl; +http://www.semrush.com/bot.html)" "www.mantech8.com"
