185.191.171.22 - - [02/Jan/2023:11:01:05 -0800] "GET /?camp-fire%2F25923781.html HTTP/1.1" 500 - "-" "Mozilla/5.0 (compatible; SemrushBot/7~bl; +http://www.semrush.com/bot.html)" "mantech8.com"
185.191.171.5 - - [02/Jan/2023:11:01:22 -0800] "GET /?camp-fire%2F19040555.html HTTP/1.1" 500 - "-" "Mozilla/5.0 (compatible; SemrushBot/7~bl; +http://www.semrush.com/bot.html)" "mantech8.com"
185.191.171.7 - - [02/Jan/2023:11:02:30 -0800] "GET /?camp-fire%2F21406983.html HTTP/1.1" 500 - "-" "Mozilla/5.0 (compatible; SemrushBot/7~bl; +http://www.semrush.com/bot.html)" "mantech8.com"
185.191.171.13 - - [02/Jan/2023:11:02:32 -0800] "GET /?camp-fire%2F24304700.html HTTP/1.1" 500 - "-" "Mozilla/5.0 (compatible; SemrushBot/7~bl; +http://www.semrush.com/bot.html)" "mantech8.com"
185.191.171.20 - - [02/Jan/2023:11:02:35 -0800] "GET /?camp-fire%2F19357961.html HTTP/1.1" 500 - "-" "Mozilla/5.0 (compatible; SemrushBot/7~bl; +http://www.semrush.com/bot.html)" "mantech8.com"
185.191.171.43 - - [02/Jan/2023:11:03:07 -0800] "GET /?camp-fire%2F33172626.html HTTP/1.1" 500 - "-" "Mozilla/5.0 (compatible; SemrushBot/7~bl; +http://www.semrush.com/bot.html)" "mantech8.com"
207.46.13.149 - - [02/Jan/2023:11:03:31 -0800] "GET /images/flag-23-gif.gif HTTP/1.1" 200 20141 "-" "Mozilla/5.0 (compatible; bingbot/2.0; +http://www.bing.com/bingbot.htm)" "mantech8.com"
185.191.171.16 - - [02/Jan/2023:11:04:25 -0800] "GET /bimages/pipeg/thump/?C=N%3BO%3DD HTTP/1.1" 200 568 "-" "Mozilla/5.0 (compatible; SemrushBot/7~bl; +http://www.semrush.com/bot.html)" "www.mantech8.com"
185.191.171.7 - - [02/Jan/2023:11:04:41 -0800] "GET /?camp-fire%2F25919476.html HTTP/1.1" 500 - "-" "Mozilla/5.0 (compatible; SemrushBot/7~bl; +http://www.semrush.com/bot.html)" "mantech8.com"
185.191.171.43 - - [02/Jan/2023:11:05:01 -0800] "GET /?camp-fire%2F21264800.html HTTP/1.1" 500 - "-" "Mozilla/5.0 (compatible; SemrushBot/7~bl; +http://www.semrush.com/bot.html)" "mantech8.com"
114.119.145.150 - - [02/Jan/2023:11:05:57 -0800] "GET /index.php/mekonium.xml HTTP/1.1" 200 289392 "-" "Mozilla/5.0 (compatible;PetalBot;+https://webmaster.petalsearch.com/site/petalbot)" "mantech8.com"
185.191.171.35 - - [02/Jan/2023:11:06:53 -0800] "GET /?camp-fire%2F24468865.html HTTP/1.1" 500 - "-" "Mozilla/5.0 (compatible; SemrushBot/7~bl; +http://www.semrush.com/bot.html)" "mantech8.com"
185.191.171.42 - - [02/Jan/2023:11:08:06 -0800] "GET /?camp-fire%2F26803221.html HTTP/1.1" 500 - "-" "Mozilla/5.0 (compatible; SemrushBot/7~bl; +http://www.semrush.com/bot.html)" "mantech8.com"
185.191.171.42 - - [02/Jan/2023:11:08:12 -0800] "GET /?camp-fire%2F10178177.html HTTP/1.1" 500 - "-" "Mozilla/5.0 (compatible; SemrushBot/7~bl; +http://www.semrush.com/bot.html)" "mantech8.com"
185.191.171.17 - - [02/Jan/2023:11:08:14 -0800] "GET /?camp-fire%2F13286369.html HTTP/1.1" 500 - "-" "Mozilla/5.0 (compatible; SemrushBot/7~bl; +http://www.semrush.com/bot.html)" "mantech8.com"
185.191.171.17 - - [02/Jan/2023:11:09:05 -0800] "GET /?camp-fire%2F16556565.html HTTP/1.1" 500 - "-" "Mozilla/5.0 (compatible; SemrushBot/7~bl; +http://www.semrush.com/bot.html)" "mantech8.com"
185.191.171.22 - - [02/Jan/2023:11:09:37 -0800] "GET /?camp-fire%2F16292472.html HTTP/1.1" 500 - "-" "Mozilla/5.0 (compatible; SemrushBot/7~bl; +http://www.semrush.com/bot.html)" "mantech8.com"
185.108.105.78 - - [02/Jan/2023:11:09:41 -0800] "GET /wikindex.php?f=/bmLUxZLeaiRIek7s/umvUsXN4HVg3BzRf.txt HTTP/1.1" 404 88 "-" "Mozilla/5.0 (Windows NT 10.0; Win64; x64) AppleWebKit/537.36 (KHTML, like Gecko) Chrome/108.0.0.0 Safari/537.36" "www.mantech8.com"
185.108.105.78 - - [02/Jan/2023:11:09:43 -0800] "GET /wp-content/mu-plugins-old/index.php?f=/bmLUxZLeaiRIek7s/umvUsXN4HVg3BzRf.txt HTTP/1.1" 500 - "-" "Mozilla/5.0 (Windows NT 10.0; Win64; x64) AppleWebKit/537.36 (KHTML, like Gecko) Chrome/108.0.0.0 Safari/537.36" "www.mantech8.com"
185.108.105.78 - - [02/Jan/2023:11:09:54 -0800] "GET /3index.php?f=/bmLUxZLeaiRIek7s/umvUsXN4HVg3BzRf.txt HTTP/1.1" 404 88 "-" "Mozilla/5.0 (Windows NT 10.0; Win64; x64) AppleWebKit/537.36 (KHTML, like Gecko) Chrome/108.0.0.0 Safari/537.36" "www.mantech8.com"
185.108.105.78 - - [02/Jan/2023:11:09:55 -0800] "GET /admin.php?f=/bmLUxZLeaiRIek7s/umvUsXN4HVg3BzRf.txt HTTP/1.1" 200 18 "-" "Mozilla/5.0 (Windows NT 10.0; Win64; x64) AppleWebKit/537.36 (KHTML, like Gecko) Chrome/108.0.0.0 Safari/537.36" "www.mantech8.com"
185.108.105.78 - - [02/Jan/2023:11:09:56 -0800] "GET /wp-customize.php HTTP/1.1" 200 123 "-" "Mozilla/5.0 (Windows NT 10.0; Win64; x64) AppleWebKit/537.36 (KHTML, like Gecko) Chrome/108.0.0.0 Safari/537.36" "www.mantech8.com"
185.108.105.78 - - [02/Jan/2023:11:09:56 -0800] "GET /wp-content/languages/index.php HTTP/1.1" 200 123 "-" "Mozilla/5.0 (Windows NT 10.0; Win64; x64) AppleWebKit/537.36 (KHTML, like Gecko) Chrome/108.0.0.0 Safari/537.36" "www.mantech8.com"
185.108.105.78 - - [02/Jan/2023:11:09:57 -0800] "GET /wp-admin.php HTTP/1.1" 500 - "-" "Mozilla/5.0 (Windows NT 10.0; Win64; x64) AppleWebKit/537.36 (KHTML, like Gecko) Chrome/108.0.0.0 Safari/537.36" "www.mantech8.com"
185.108.105.78 - - [02/Jan/2023:11:09:57 -0800] "GET /wp-content/language/index.php HTTP/1.1" 404 88 "-" "Mozilla/5.0 (Windows NT 10.0; Win64; x64) AppleWebKit/537.36 (KHTML, like Gecko) Chrome/108.0.0.0 Safari/537.36" "www.mantech8.com"
185.191.171.42 - - [02/Jan/2023:11:10:00 -0800] "GET /?camp-fire%2F26778647.html HTTP/1.1" 500 - "-" "Mozilla/5.0 (compatible; SemrushBot/7~bl; +http://www.semrush.com/bot.html)" "mantech8.com"
185.191.171.40 - - [02/Jan/2023:11:10:15 -0800] "GET /?camp-fire%2F16917383.html HTTP/1.1" 500 - "-" "Mozilla/5.0 (compatible; SemrushBot/7~bl; +http://www.semrush.com/bot.html)" "mantech8.com"
185.191.171.39 - - [02/Jan/2023:11:10:31 -0800] "GET /?camp-fire%2F15014087.html HTTP/1.1" 500 - "-" "Mozilla/5.0 (compatible; SemrushBot/7~bl; +http://www.semrush.com/bot.html)" "mantech8.com"
185.191.171.37 - - [02/Jan/2023:11:11:04 -0800] "GET /?camp-fire%2F16132356.html HTTP/1.1" 500 - "-" "Mozilla/5.0 (compatible; SemrushBot/7~bl; +http://www.semrush.com/bot.html)" "mantech8.com"
185.191.171.18 - - [02/Jan/2023:11:11:07 -0800] "GET /?camp-fire%2F18539342.html HTTP/1.1" 500 - "-" "Mozilla/5.0 (compatible; SemrushBot/7~bl; +http://www.semrush.com/bot.html)" "mantech8.com"
185.191.171.12 - - [02/Jan/2023:11:12:05 -0800] "GET /?camp-fire%2F21307883.html HTTP/1.1" 500 - "-" "Mozilla/5.0 (compatible; SemrushBot/7~bl; +http://www.semrush.com/bot.html)" "mantech8.com"
185.108.105.78 - - [02/Jan/2023:11:12:33 -0800] "GET /wp-god.Php?sexx=sec HTTP/1.1" 404 88 "-" "Opera/9.80 (Windows NT 6.1; WOW64) Presto/2.12.388 Version/12.18" "www.mantech8.com"
185.108.105.78 - - [02/Jan/2023:11:12:34 -0800] "GET /administrator/modules/javascript/js/wp-lo.Php?sexx=sec HTTP/1.1" 404 88 "-" "Opera/9.80 (Windows NT 6.1; WOW64) Presto/2.12.388 Version/12.18" "www.mantech8.com"
185.108.105.78 - - [02/Jan/2023:11:12:35 -0800] "GET /wp-includes/SimplePie/Decode/wp-logs.php?sexx=sec HTTP/1.1" 404 88 "-" "Opera/9.80 (Windows NT 6.1; WOW64) Presto/2.12.388 Version/12.18" "www.mantech8.com"
185.108.105.78 - - [02/Jan/2023:11:12:37 -0800] "GET /wp-god.php HTTP/1.1" 404 88 "-" "Opera/9.80 (Windows NT 6.1; WOW64) Presto/2.12.388 Version/12.18" "www.mantech8.com"
185.108.105.78 - - [02/Jan/2023:11:12:38 -0800] "GET /administrator/modules/javascript/js/wp-logs.php?sexx=sec HTTP/1.1" 404 88 "-" "Opera/9.80 (Windows NT 6.1; WOW64) Presto/2.12.388 Version/12.18" "www.mantech8.com"
185.108.105.78 - - [02/Jan/2023:11:12:39 -0800] "GET /wp-admin/1index.php?sexx=sec HTTP/1.1" 404 88 "-" "Opera/9.80 (Windows NT 6.1; WOW64) Presto/2.12.388 Version/12.18" "www.mantech8.com"
185.108.105.78 - - [02/Jan/2023:11:12:40 -0800] "GET /wp-content/1index.php?sexx=sec HTTP/1.1" 404 88 "-" "Opera/9.80 (Windows NT 6.1; WOW64) Presto/2.12.388 Version/12.18" "www.mantech8.com"
185.108.105.78 - - [02/Jan/2023:11:12:41 -0800] "GET /wp-includes/images/wlw/javascripts/js/wp-logs.php?sexx=sec HTTP/1.1" 404 88 "-" "Opera/9.80 (Windows NT 6.1; WOW64) Presto/2.12.388 Version/12.18" "www.mantech8.com"
185.108.105.78 - - [02/Jan/2023:11:12:42 -0800] "GET /wp-includes/SimplePie/Decode/HTML/javascripts/js/wp-logs.php?sexx=sec HTTP/1.1" 404 88 "-" "Opera/9.80 (Windows NT 6.1; WOW64) Presto/2.12.388 Version/12.18" "www.mantech8.com"
185.108.105.78 - - [02/Jan/2023:11:12:43 -0800] "GET /administrator/modules/modules.php?sexx=sec HTTP/1.1" 404 88 "-" "Opera/9.80 (Windows NT 6.1; WOW64) Presto/2.12.388 Version/12.18" "www.mantech8.com"
185.108.105.78 - - [02/Jan/2023:11:12:44 -0800] "GET /1index.php?sexx=sec HTTP/1.1" 404 88 "-" "Opera/9.80 (Windows NT 6.1; WOW64) Presto/2.12.388 Version/12.18" "www.mantech8.com"
185.108.105.78 - - [02/Jan/2023:11:12:45 -0800] "GET /wp-includes/SimplePie/wp-logs.php?sexx=sec HTTP/1.1" 404 88 "-" "Opera/9.80 (Windows NT 6.1; WOW64) Presto/2.12.388 Version/12.18" "www.mantech8.com"
185.108.105.78 - - [02/Jan/2023:11:12:46 -0800] "GET /smtphec.php?sexx=sec HTTP/1.1" 404 88 "-" "Opera/9.80 (Windows NT 6.1; WOW64) Presto/2.12.388 Version/12.18" "www.mantech8.com"
185.108.105.78 - - [02/Jan/2023:11:12:47 -0800] "GET /radio.php?sexx=sec HTTP/1.1" 404 88 "-" "Opera/9.80 (Windows NT 6.1; WOW64) Presto/2.12.388 Version/12.18" "www.mantech8.com"
185.108.105.78 - - [02/Jan/2023:11:12:47 -0800] "GET /wp-admin/css/colors/blue/wp-logs.php?sexx=sec HTTP/1.1" 404 88 "-" "Opera/9.80 (Windows NT 6.1; WOW64) Presto/2.12.388 Version/12.18" "www.mantech8.com"
185.108.105.78 - - [02/Jan/2023:11:12:48 -0800] "GET /wp-supports.php?sexx=sec HTTP/1.1" 404 88 "-" "Opera/9.80 (Windows NT 6.1; WOW64) Presto/2.12.388 Version/12.18" "www.mantech8.com"
185.108.105.78 - - [02/Jan/2023:11:12:49 -0800] "GET /wikindex.php?sexx=sec HTTP/1.1" 404 88 "-" "Opera/9.80 (Windows NT 6.1; WOW64) Presto/2.12.388 Version/12.18" "www.mantech8.com"
185.108.105.78 - - [02/Jan/2023:11:12:50 -0800] "GET /wp-includes/images/wlw/javascripts/js/wp-lo.Php?sexx=sec HTTP/1.1" 404 88 "-" "Opera/9.80 (Windows NT 6.1; WOW64) Presto/2.12.388 Version/12.18" "www.mantech8.com"
185.108.105.78 - - [02/Jan/2023:11:12:52 -0800] "GET /wp-activate.php?sexx=sec HTTP/1.1" 404 88 "-" "Opera/9.80 (Windows NT 6.1; WOW64) Presto/2.12.388 Version/12.18" "www.mantech8.com"
185.108.105.78 - - [02/Jan/2023:11:12:52 -0800] "GET /wp-includes/Requests/class-wp.php?sexx=sec HTTP/1.1" 404 88 "-" "Opera/9.80 (Windows NT 6.1; WOW64) Presto/2.12.388 Version/12.18" "www.mantech8.com"
185.108.105.78 - - [02/Jan/2023:11:12:53 -0800] "GET /cgi-bin/1index.php?sexx=sec HTTP/1.1" 404 88 "-" "Opera/9.80 (Windows NT 6.1; WOW64) Presto/2.12.388 Version/12.18" "www.mantech8.com"
185.108.105.78 - - [02/Jan/2023:11:12:54 -0800] "GET /catalog/view/configs.php?sexx=sec HTTP/1.1" 404 88 "-" "Opera/9.80 (Windows NT 6.1; WOW64) Presto/2.12.388 Version/12.18" "www.mantech8.com"
185.108.105.78 - - [02/Jan/2023:11:12:56 -0800] "GET /lyda.php?sexx=sec HTTP/1.1" 404 88 "-" "Opera/9.80 (Windows NT 6.1; WOW64) Presto/2.12.388 Version/12.18" "www.mantech8.com"
185.108.105.78 - - [02/Jan/2023:11:12:57 -0800] "GET /lyda.php?sexx=sec HTTP/1.1" 404 88 "-" "Opera/9.80 (Windows NT 6.1; WOW64) Presto/2.12.388 Version/12.18" "www.mantech8.com"
185.108.105.78 - - [02/Jan/2023:11:12:58 -0800] "GET /lyda.php?sexx=sec HTTP/1.1" 404 88 "-" "Opera/9.80 (Windows NT 6.1; WOW64) Presto/2.12.388 Version/12.18" "www.mantech8.com"
185.108.105.78 - - [02/Jan/2023:11:12:59 -0800] "GET /lyda.php?sexx=sec HTTP/1.1" 404 88 "-" "Opera/9.80 (Windows NT 6.1; WOW64) Presto/2.12.388 Version/12.18" "www.mantech8.com"
185.108.105.78 - - [02/Jan/2023:11:13:00 -0800] "GET /lyda.php?sexx=sec HTTP/1.1" 404 88 "-" "Opera/9.80 (Windows NT 6.1; WOW64) Presto/2.12.388 Version/12.18" "www.mantech8.com"
185.108.105.78 - - [02/Jan/2023:11:13:02 -0800] "GET /lyda.php?sexx=sec HTTP/1.1" 404 88 "-" "Opera/9.80 (Windows NT 6.1; WOW64) Presto/2.12.388 Version/12.18" "www.mantech8.com"
185.108.105.78 - - [02/Jan/2023:11:13:16 -0800] "GET /cgi-bin/indeeex.php?eec=sec HTTP/1.1" 404 88 "-" "Mozilla/5.0 (Windows NT 10.0; Win64; x64) AppleWebKit/537.36 (KHTML, like Gecko) Chrome/108.0.0.0 Safari/537.36 Edg/108.0.1462.54" "www.mantech8.com"
185.108.105.78 - - [02/Jan/2023:11:13:18 -0800] "GET /cgi-bin/?eec=sec HTTP/1.1" 200 366 "-" "Mozilla/5.0 (Windows NT 10.0; Win64; x64) AppleWebKit/537.36 (KHTML, like Gecko) Chrome/108.0.0.0 Safari/537.36 Edg/108.0.1462.54" "www.mantech8.com"
185.191.171.33 - - [02/Jan/2023:11:13:19 -0800] "GET /bimages/safety/?C=N%3BO%3DD HTTP/1.1" 200 465 "-" "Mozilla/5.0 (compatible; SemrushBot/7~bl; +http://www.semrush.com/bot.html)" "www.mantech8.com"
185.108.105.78 - - [02/Jan/2023:11:13:19 -0800] "GET /wp-admin/indeeex.php?eec=sec HTTP/1.1" 404 88 "-" "Mozilla/5.0 (Windows NT 10.0; Win64; x64) AppleWebKit/537.36 (KHTML, like Gecko) Chrome/108.0.0.0 Safari/537.36 Edg/108.0.1462.54" "www.mantech8.com"
185.108.105.78 - - [02/Jan/2023:11:13:21 -0800] "GET /wp-admin/?eec=sec HTTP/1.1" 200 433 "-" "Mozilla/5.0 (Windows NT 10.0; Win64; x64) AppleWebKit/537.36 (KHTML, like Gecko) Chrome/108.0.0.0 Safari/537.36 Edg/108.0.1462.54" "www.mantech8.com"
185.108.105.78 - - [02/Jan/2023:11:13:22 -0800] "GET /wp-content/indeeex.php?eec=sec HTTP/1.1" 404 88 "-" "Mozilla/5.0 (Windows NT 10.0; Win64; x64) AppleWebKit/537.36 (KHTML, like Gecko) Chrome/108.0.0.0 Safari/537.36 Edg/108.0.1462.54" "www.mantech8.com"
185.108.105.78 - - [02/Jan/2023:11:13:24 -0800] "GET /wp-content/?eec=sec HTTP/1.1" 200 390 "-" "Mozilla/5.0 (Windows NT 10.0; Win64; x64) AppleWebKit/537.36 (KHTML, like Gecko) Chrome/108.0.0.0 Safari/537.36 Edg/108.0.1462.54" "www.mantech8.com"
185.108.105.78 - - [02/Jan/2023:11:13:25 -0800] "GET /wp-includes/indeeex.php?eec=sec HTTP/1.1" 404 88 "-" "Mozilla/5.0 (Windows NT 10.0; Win64; x64) AppleWebKit/537.36 (KHTML, like Gecko) Chrome/108.0.0.0 Safari/537.36 Edg/108.0.1462.54" "www.mantech8.com"
185.108.105.78 - - [02/Jan/2023:11:13:27 -0800] "GET /wp-includes/?eec=sec HTTP/1.1" 404 88 "-" "Mozilla/5.0 (Windows NT 10.0; Win64; x64) AppleWebKit/537.36 (KHTML, like Gecko) Chrome/108.0.0.0 Safari/537.36 Edg/108.0.1462.54" "www.mantech8.com"
185.191.171.37 - - [02/Jan/2023:11:13:27 -0800] "GET /?camp-fire%2F12839280.html HTTP/1.1" 500 - "-" "Mozilla/5.0 (compatible; SemrushBot/7~bl; +http://www.semrush.com/bot.html)" "mantech8.com"
185.108.105.78 - - [02/Jan/2023:11:13:41 -0800] "GET /?eec=sec HTTP/1.1" 500 - "-" "Mozilla/5.0 (Windows NT 10.0; Win64; x64) AppleWebKit/537.36 (KHTML, like Gecko) Chrome/108.0.0.0 Safari/537.36 Edg/108.0.1462.54" "www.mantech8.com"
185.108.105.78 - - [02/Jan/2023:11:13:42 -0800] "GET /indeeex.php?eec=sec HTTP/1.1" 404 88 "-" "Mozilla/5.0 (Windows NT 10.0; Win64; x64) AppleWebKit/537.36 (KHTML, like Gecko) Chrome/108.0.0.0 Safari/537.36 Edg/108.0.1462.54" "www.mantech8.com"
185.191.171.39 - - [02/Jan/2023:11:13:54 -0800] "GET /?camp-fire%2F18863227.html HTTP/1.1" 500 - "-" "Mozilla/5.0 (compatible; SemrushBot/7~bl; +http://www.semrush.com/bot.html)" "mantech8.com"
185.191.171.3 - - [02/Jan/2023:11:14:05 -0800] "GET /?camp-fire%2F18692127.html HTTP/1.1" 500 - "-" "Mozilla/5.0 (compatible; SemrushBot/7~bl; +http://www.semrush.com/bot.html)" "mantech8.com"
185.191.171.41 - - [02/Jan/2023:11:14:24 -0800] "GET /?camp-fire%2F23336456.html HTTP/1.1" 500 - "-" "Mozilla/5.0 (compatible; SemrushBot/7~bl; +http://www.semrush.com/bot.html)" "mantech8.com"
185.191.171.9 - - [02/Jan/2023:11:15:20 -0800] "GET /bimages/ele/?C=D%3BO%3DA HTTP/1.1" 200 426 "-" "Mozilla/5.0 (compatible; SemrushBot/7~bl; +http://www.semrush.com/bot.html)" "www.mantech8.com"
185.191.171.19 - - [02/Jan/2023:11:15:40 -0800] "GET /?camp-fire%2F23591606.html HTTP/1.1" 500 - "-" "Mozilla/5.0 (compatible; SemrushBot/7~bl; +http://www.semrush.com/bot.html)" "mantech8.com"
185.108.105.78 - - [02/Jan/2023:11:15:45 -0800] "GET /wp-activate.php?sexx=sec HTTP/1.1" 404 88 "-" "Opera/9.80 (Windows NT 6.1; WOW64) Presto/2.12.388 Version/12.18" "www.mantech8.com"
185.108.105.78 - - [02/Jan/2023:11:15:47 -0800] "GET /wikindex.php?sexx=sec HTTP/1.1" 404 88 "-" "Opera/9.80 (Windows NT 6.1; WOW64) Presto/2.12.388 Version/12.18" "www.mantech8.com"
185.108.105.78 - - [02/Jan/2023:11:15:48 -0800] "GET /1index.php?sexx=sec HTTP/1.1" 404 88 "-" "Opera/9.80 (Windows NT 6.1; WOW64) Presto/2.12.388 Version/12.18" "www.mantech8.com"
185.108.105.78 - - [02/Jan/2023:11:15:50 -0800] "GET /wp-supports.php?sexx=sec HTTP/1.1" 404 88 "-" "Opera/9.80 (Windows NT 6.1; WOW64) Presto/2.12.388 Version/12.18" "www.mantech8.com"
185.108.105.78 - - [02/Jan/2023:11:15:52 -0800] "GET /wp-god.Php?sexx=sec HTTP/1.1" 404 88 "-" "Opera/9.80 (Windows NT 6.1; WOW64) Presto/2.12.388 Version/12.18" "www.mantech8.com"
185.108.105.78 - - [02/Jan/2023:11:15:53 -0800] "GET /smtphec.php?sexx=sec HTTP/1.1" 404 88 "-" "Opera/9.80 (Windows NT 6.1; WOW64) Presto/2.12.388 Version/12.18" "www.mantech8.com"
185.108.105.78 - - [02/Jan/2023:11:15:54 -0800] "GET /wp-includes/SimplePie/Decode/HTML/javascripts/js/wp-logs.php?sexx=sec HTTP/1.1" 404 88 "-" "Opera/9.80 (Windows NT 6.1; WOW64) Presto/2.12.388 Version/12.18" "www.mantech8.com"
185.108.105.78 - - [02/Jan/2023:11:15:56 -0800] "GET /wp-includes/images/wlw/javascripts/js/wp-lo.Php?sexx=sec HTTP/1.1" 404 88 "-" "Opera/9.80 (Windows NT 6.1; WOW64) Presto/2.12.388 Version/12.18" "www.mantech8.com"
185.108.105.78 - - [02/Jan/2023:11:15:56 -0800] "GET /wp-includes/images/wlw/javascripts/js/wp-logs.php?sexx=sec HTTP/1.1" 404 88 "-" "Opera/9.80 (Windows NT 6.1; WOW64) Presto/2.12.388 Version/12.18" "www.mantech8.com"
185.108.105.78 - - [02/Jan/2023:11:15:59 -0800] "GET /wp-admin/css/colors/blue/wp-logs.php?sexx=sec HTTP/1.1" 404 88 "-" "Opera/9.80 (Windows NT 6.1; WOW64) Presto/2.12.388 Version/12.18" "www.mantech8.com"
185.108.105.78 - - [02/Jan/2023:11:16:00 -0800] "GET /wp-includes/SimplePie/wp-logs.php?sexx=sec HTTP/1.1" 404 88 "-" "Opera/9.80 (Windows NT 6.1; WOW64) Presto/2.12.388 Version/12.18" "www.mantech8.com"
185.191.171.7 - - [02/Jan/2023:11:16:05 -0800] "GET /?camp-fire%2F25628906.html HTTP/1.1" 500 - "-" "Mozilla/5.0 (compatible; SemrushBot/7~bl; +http://www.semrush.com/bot.html)" "mantech8.com"
185.108.105.78 - - [02/Jan/2023:11:16:12 -0800] "GET /wp-includes/Requests/class-wp.php?sexx=sec HTTP/1.1" 404 88 "-" "Opera/9.80 (Windows NT 6.1; WOW64) Presto/2.12.388 Version/12.18" "www.mantech8.com"
185.108.105.78 - - [02/Jan/2023:11:16:14 -0800] "GET /administrator/modules/javascript/js/wp-lo.Php?sexx=sec HTTP/1.1" 404 88 "-" "Opera/9.80 (Windows NT 6.1; WOW64) Presto/2.12.388 Version/12.18" "www.mantech8.com"
185.108.105.78 - - [02/Jan/2023:11:16:15 -0800] "GET /administrator/modules/modules.php?sexx=sec HTTP/1.1" 404 88 "-" "Opera/9.80 (Windows NT 6.1; WOW64) Presto/2.12.388 Version/12.18" "www.mantech8.com"
185.108.105.78 - - [02/Jan/2023:11:16:16 -0800] "GET /wp-includes/SimplePie/Decode/wp-logs.php?sexx=sec HTTP/1.1" 404 88 "-" "Opera/9.80 (Windows NT 6.1; WOW64) Presto/2.12.388 Version/12.18" "www.mantech8.com"
185.108.105.78 - - [02/Jan/2023:11:16:18 -0800] "GET /catalog/view/configs.php?sexx=sec HTTP/1.1" 404 88 "-" "Opera/9.80 (Windows NT 6.1; WOW64) Presto/2.12.388 Version/12.18" "www.mantech8.com"
185.108.105.78 - - [02/Jan/2023:11:16:19 -0800] "GET /administrator/modules/javascript/js/wp-logs.php?sexx=sec HTTP/1.1" 404 88 "-" "Opera/9.80 (Windows NT 6.1; WOW64) Presto/2.12.388 Version/12.18" "www.mantech8.com"
185.108.105.78 - - [02/Jan/2023:11:16:20 -0800] "GET /wp-includes/class-query.php?hide=sec HTTP/1.1" 404 88 "-" "Opera/9.80 (Windows NT 6.1; WOW64) Presto/2.12.388 Version/12.18" "www.mantech8.com"
185.108.105.78 - - [02/Jan/2023:11:16:22 -0800] "GET /cgi-bin/wp-supports.php?sexx=sec HTTP/1.1" 404 88 "-" "Opera/9.80 (Windows NT 6.1; WOW64) Presto/2.12.388 Version/12.18" "www.mantech8.com"
185.108.105.78 - - [02/Jan/2023:11:16:23 -0800] "GET /wp-admin/wp-supports.php?sexx=sec HTTP/1.1" 404 88 "-" "Opera/9.80 (Windows NT 6.1; WOW64) Presto/2.12.388 Version/12.18" "www.mantech8.com"
185.191.171.8 - - [02/Jan/2023:11:16:23 -0800] "GET /?camp-fire%2F17348265.html HTTP/1.1" 500 - "-" "Mozilla/5.0 (compatible; SemrushBot/7~bl; +http://www.semrush.com/bot.html)" "mantech8.com"
185.108.105.78 - - [02/Jan/2023:11:16:24 -0800] "GET /wp-content/wp-supports.php?sexx=sec HTTP/1.1" 404 88 "-" "Opera/9.80 (Windows NT 6.1; WOW64) Presto/2.12.388 Version/12.18" "www.mantech8.com"
185.108.105.78 - - [02/Jan/2023:11:16:25 -0800] "GET /radio.php?sexx=sec HTTP/1.1" 404 88 "-" "Opera/9.80 (Windows NT 6.1; WOW64) Presto/2.12.388 Version/12.18" "www.mantech8.com"
185.108.105.78 - - [02/Jan/2023:11:16:26 -0800] "GET /wp-options.php HTTP/1.1" 404 88 "-" "Opera/9.80 (Windows NT 6.1; WOW64) Presto/2.12.388 Version/12.18" "www.mantech8.com"
185.108.105.78 - - [02/Jan/2023:11:16:27 -0800] "GET /lyda.php?sexx=sec HTTP/1.1" 404 88 "-" "Opera/9.80 (Windows NT 6.1; WOW64) Presto/2.12.388 Version/12.18" "www.mantech8.com"
185.108.105.78 - - [02/Jan/2023:11:16:28 -0800] "GET /wp-god.php?sexx=sec HTTP/1.1" 404 88 "-" "Opera/9.80 (Windows NT 6.1; WOW64) Presto/2.12.388 Version/12.18" "www.mantech8.com"
185.108.105.78 - - [02/Jan/2023:11:16:31 -0800] "GET /cgi-bin/1index.php?sexx=sec HTTP/1.1" 404 88 "-" "Opera/9.80 (Windows NT 6.1; WOW64) Presto/2.12.388 Version/12.18" "www.mantech8.com"
185.108.105.78 - - [02/Jan/2023:11:16:32 -0800] "GET /?eec=sec HTTP/1.1" 500 - "-" "Opera/9.80 (Windows NT 6.1; WOW64) Presto/2.12.388 Version/12.18" "www.mantech8.com"
185.191.171.33 - - [02/Jan/2023:11:16:54 -0800] "GET /index.php?camp-fire%2F7341380.html HTTP/1.1" 500 - "-" "Mozilla/5.0 (compatible; SemrushBot/7~bl; +http://www.semrush.com/bot.html)" "mantech8.com"
185.191.171.13 - - [02/Jan/2023:11:17:16 -0800] "GET /?camp-fire%2F23078656.html HTTP/1.1" 500 - "-" "Mozilla/5.0 (compatible; SemrushBot/7~bl; +http://www.semrush.com/bot.html)" "mantech8.com"
185.191.171.25 - - [02/Jan/2023:11:18:30 -0800] "GET /?camp-fire%2F22597317.html HTTP/1.1" 500 - "-" "Mozilla/5.0 (compatible; SemrushBot/7~bl; +http://www.semrush.com/bot.html)" "mantech8.com"
64.124.8.53 - - [02/Jan/2023:11:18:45 -0800] "GET /bimages/gallery/thump/bn1.jpg HTTP/1.1" 200 188809 "-" "Mozilla/5.0 (Macintosh; Intel Mac OS X 10_15_7) AppleWebKit/537.36 (KHTML, like Gecko) Chrome/107.0.0.0 Safari/537.36" "mantech8.com"
64.124.8.53 - - [02/Jan/2023:11:18:45 -0800] "GET /bimages/scafg/s9.jpg HTTP/1.1" 200 165614 "-" "Mozilla/5.0 (Macintosh; Intel Mac OS X 10_15_7) AppleWebKit/537.36 (KHTML, like Gecko) Chrome/107.0.0.0 Safari/537.36" "mantech8.com"
64.124.8.53 - - [02/Jan/2023:11:18:45 -0800] "GET /bimages/certificate/thump/C13.jpg HTTP/1.1" 200 142529 "-" "Mozilla/5.0 (Macintosh; Intel Mac OS X 10_15_7) AppleWebKit/537.36 (KHTML, like Gecko) Chrome/107.0.0.0 Safari/537.36" "mantech8.com"
64.124.8.53 - - [02/Jan/2023:11:18:45 -0800] "GET /bimages/headg/13.jpg HTTP/1.1" 200 148224 "-" "Mozilla/5.0 (Macintosh; Intel Mac OS X 10_15_7) AppleWebKit/537.36 (KHTML, like Gecko) Chrome/107.0.0.0 Safari/537.36" "mantech8.com"
64.124.8.53 - - [02/Jan/2023:11:18:45 -0800] "GET /bimages/certificate/C19.jpg HTTP/1.1" 200 205332 "-" "Mozilla/5.0 (Macintosh; Intel Mac OS X 10_15_7) AppleWebKit/537.36 (KHTML, like Gecko) Chrome/107.0.0.0 Safari/537.36" "mantech8.com"
64.124.8.53 - - [02/Jan/2023:11:18:46 -0800] "GET /bimages/client/wag.png HTTP/1.1" 200 31852 "-" "Mozilla/5.0 (Macintosh; Intel Mac OS X 10_15_7) AppleWebKit/537.36 (KHTML, like Gecko) Chrome/107.0.0.0 Safari/537.36" "mantech8.com"
64.124.8.53 - - [02/Jan/2023:11:18:46 -0800] "GET /bimages/paintg/thump/paint%20b4.jpg HTTP/1.1" 200 142441 "-" "Mozilla/5.0 (Macintosh; Intel Mac OS X 10_15_7) AppleWebKit/537.36 (KHTML, like Gecko) Chrome/107.0.0.0 Safari/537.36" "mantech8.com"
64.124.8.53 - - [02/Jan/2023:11:18:46 -0800] "GET /bimages/video/painting.jpg HTTP/1.1" 200 56219 "-" "Mozilla/5.0 (Macintosh; Intel Mac OS X 10_15_7) AppleWebKit/537.36 (KHTML, like Gecko) Chrome/107.0.0.0 Safari/537.36" "mantech8.com"
64.124.8.53 - - [02/Jan/2023:11:18:46 -0800] "GET /bimages/gallery/p3.jpg HTTP/1.1" 200 70890 "-" "Mozilla/5.0 (Macintosh; Intel Mac OS X 10_15_7) AppleWebKit/537.36 (KHTML, like Gecko) Chrome/107.0.0.0 Safari/537.36" "mantech8.com"
64.124.8.53 - - [02/Jan/2023:11:18:47 -0800] "GET /bimages/service/thump/b555.jpg HTTP/1.1" 200 21936 "-" "Mozilla/5.0 (Macintosh; Intel Mac OS X 10_15_7) AppleWebKit/537.36 (KHTML, like Gecko) Chrome/107.0.0.0 Safari/537.36" "mantech8.com"
185.191.171.33 - - [02/Jan/2023:11:18:55 -0800] "GET /?camp-fire%2F21016535.html HTTP/1.1" 500 - "-" "Mozilla/5.0 (compatible; SemrushBot/7~bl; +http://www.semrush.com/bot.html)" "mantech8.com"
64.124.8.53 - - [02/Jan/2023:11:18:56 -0800] "GET /bimages/client/comingsoon.jpg HTTP/1.1" 200 72363 "-" "Mozilla/5.0 (Macintosh; Intel Mac OS X 10_15_7) AppleWebKit/537.36 (KHTML, like Gecko) Chrome/107.0.0.0 Safari/537.36" "mantech8.com"
185.191.171.13 - - [02/Jan/2023:11:19:11 -0800] "GET /bimages/scafg/thump/?C=S%3BO%3DA HTTP/1.1" 200 535 "-" "Mozilla/5.0 (compatible; SemrushBot/7~bl; +http://www.semrush.com/bot.html)" "www.mantech8.com"
185.191.171.25 - - [02/Jan/2023:11:20:35 -0800] "GET /?camp-fire%2F19715372.html HTTP/1.1" 500 - "-" "Mozilla/5.0 (compatible; SemrushBot/7~bl; +http://www.semrush.com/bot.html)" "mantech8.com"
185.191.171.3 - - [02/Jan/2023:11:20:39 -0800] "GET /?camp-fire%2F14477759.html HTTP/1.1" 500 - "-" "Mozilla/5.0 (compatible; SemrushBot/7~bl; +http://www.semrush.com/bot.html)" "mantech8.com"
185.191.171.2 - - [02/Jan/2023:11:20:55 -0800] "GET /bimages/hydrog/thump/?C=M%3BO%3DA HTTP/1.1" 200 468 "-" "Mozilla/5.0 (compatible; SemrushBot/7~bl; +http://www.semrush.com/bot.html)" "www.mantech8.com"
185.191.171.26 - - [02/Jan/2023:11:21:10 -0800] "GET /?camp-fire%2F25052306.html HTTP/1.1" 500 - "-" "Mozilla/5.0 (compatible; SemrushBot/7~bl; +http://www.semrush.com/bot.html)" "mantech8.com"
185.191.171.2 - - [02/Jan/2023:11:21:16 -0800] "GET /?camp-fire%2F27900759.html HTTP/1.1" 500 - "-" "Mozilla/5.0 (compatible; SemrushBot/7~bl; +http://www.semrush.com/bot.html)" "mantech8.com"
185.191.171.9 - - [02/Jan/2023:11:21:38 -0800] "GET /?camp-fire%2F25637359.html HTTP/1.1" 500 - "-" "Mozilla/5.0 (compatible; SemrushBot/7~bl; +http://www.semrush.com/bot.html)" "mantech8.com"
185.191.171.14 - - [02/Jan/2023:11:22:18 -0800] "GET /?camp-fire%2F23468709.html HTTP/1.1" 500 - "-" "Mozilla/5.0 (compatible; SemrushBot/7~bl; +http://www.semrush.com/bot.html)" "mantech8.com"
185.191.171.18 - - [02/Jan/2023:11:22:27 -0800] "GET /?camp-fire%2F27302870.html HTTP/1.1" 500 - "-" "Mozilla/5.0 (compatible; SemrushBot/7~bl; +http://www.semrush.com/bot.html)" "mantech8.com"
139.59.186.196 - - [02/Jan/2023:11:22:34 -0800] "GET /contact.php HTTP/1.1" 200 29238 "http://mantech8.com/contact.php" "Mozilla/5.0 (Windows NT 6.3) AppleWebKit/537.36 (KHTML, like Gecko) Chrome/90.0.4430.72 Safari/537.36" "mantech8.com"
139.59.186.196 - - [02/Jan/2023:11:22:34 -0800] "POST /mailer.php HTTP/1.1" 500 - "http://mantech8.com/contact.php" "Mozilla/5.0 (Windows NT 6.3) AppleWebKit/537.36 (KHTML, like Gecko) Chrome/90.0.4430.72 Safari/537.36" "mantech8.com"
185.191.171.37 - - [02/Jan/2023:11:23:44 -0800] "GET /index.php?camp-fire%2F7454880.html HTTP/1.1" 500 - "-" "Mozilla/5.0 (compatible; SemrushBot/7~bl; +http://www.semrush.com/bot.html)" "mantech8.com"
216.244.66.241 - - [02/Jan/2023:11:24:39 -0800] "GET /robots.txt HTTP/1.1" 200 222 "-" "Mozilla/5.0 (compatible; DotBot/1.2; +https://opensiteexplorer.org/dotbot; help@moz.com)" "mantech8.com"
216.244.66.241 - - [02/Jan/2023:11:24:39 -0800] "GET /robots.txt HTTP/1.1" 200 222 "-" "Mozilla/5.0 (compatible; DotBot/1.2; +https://opensiteexplorer.org/dotbot; help@moz.com)" "www.mantech8.com"
185.191.171.11 - - [02/Jan/2023:11:25:52 -0800] "GET /?camp-fire%2F27143865.html HTTP/1.1" 500 - "-" "Mozilla/5.0 (compatible; SemrushBot/7~bl; +http://www.semrush.com/bot.html)" "mantech8.com"
185.191.171.38 - - [02/Jan/2023:11:25:59 -0800] "GET /?camp-fire%2F27118276.html HTTP/1.1" 500 - "-" "Mozilla/5.0 (compatible; SemrushBot/7~bl; +http://www.semrush.com/bot.html)" "mantech8.com"
185.191.171.33 - - [02/Jan/2023:11:26:31 -0800] "GET /?camp-fire%2F15041400.html HTTP/1.1" 500 - "-" "Mozilla/5.0 (compatible; SemrushBot/7~bl; +http://www.semrush.com/bot.html)" "mantech8.com"
185.191.171.7 - - [02/Jan/2023:11:27:23 -0800] "GET /index.php?camp-fire%2F27769509.html HTTP/1.1" 500 - "-" "Mozilla/5.0 (compatible; SemrushBot/7~bl; +http://www.semrush.com/bot.html)" "mantech8.com"
185.191.171.45 - - [02/Jan/2023:11:27:39 -0800] "GET /?camp-fire%2F16677165.html HTTP/1.1" 500 - "-" "Mozilla/5.0 (compatible; SemrushBot/7~bl; +http://www.semrush.com/bot.html)" "mantech8.com"
185.191.171.8 - - [02/Jan/2023:11:28:11 -0800] "GET /?camp-fire%2F20896535.html HTTP/1.1" 500 - "-" "Mozilla/5.0 (compatible; SemrushBot/7~bl; +http://www.semrush.com/bot.html)" "mantech8.com"
185.191.171.24 - - [02/Jan/2023:11:28:22 -0800] "GET /?camp-fire%2F19161132.html HTTP/1.1" 500 - "-" "Mozilla/5.0 (compatible; SemrushBot/7~bl; +http://www.semrush.com/bot.html)" "mantech8.com"
114.119.133.56 - - [02/Jan/2023:11:28:45 -0800] "GET /index.php?sitemap743.xml HTTP/1.1" 200 289313 "-" "Mozilla/5.0 (compatible;PetalBot;+https://webmaster.petalsearch.com/site/petalbot)" "mantech8.com"
185.191.171.26 - - [02/Jan/2023:11:29:15 -0800] "GET /?camp-fire%2F15318565.html HTTP/1.1" 500 - "-" "Mozilla/5.0 (compatible; SemrushBot/7~bl; +http://www.semrush.com/bot.html)" "mantech8.com"
34.76.146.130 - - [02/Jan/2023:11:29:47 -0800] "GET / HTTP/1.1" 500 - "-" "Mozilla/5.0 (Windows NT 10.0; Win64; x64) AppleWebKit/537.36 (KHTML, like Gecko) Chrome/84.0.4147.105 Safari/537.36" "www.mantech8.com"
185.191.171.5 - - [02/Jan/2023:11:30:01 -0800] "GET /?camp-fire%2F23928733.html HTTP/1.1" 500 - "-" "Mozilla/5.0 (compatible; SemrushBot/7~bl; +http://www.semrush.com/bot.html)" "mantech8.com"
114.119.137.28 - - [02/Jan/2023:11:30:06 -0800] "GET /?biters.xml HTTP/1.1" 200 270691 "-" "Mozilla/5.0 (compatible;PetalBot;+https://webmaster.petalsearch.com/site/petalbot)" "mantech8.com"
185.191.171.44 - - [02/Jan/2023:11:30:19 -0800] "GET /?camp-fire%2F23940133.html HTTP/1.1" 500 - "-" "Mozilla/5.0 (compatible; SemrushBot/7~bl; +http://www.semrush.com/bot.html)" "mantech8.com"
185.191.171.2 - - [02/Jan/2023:11:30:37 -0800] "GET /?camp-fire%2F35668250.html HTTP/1.1" 500 - "-" "Mozilla/5.0 (compatible; SemrushBot/7~bl; +http://www.semrush.com/bot.html)" "mantech8.com"
185.191.171.18 - - [02/Jan/2023:11:30:56 -0800] "GET /?camp-fire%2F29224935.html HTTP/1.1" 500 - "-" "Mozilla/5.0 (compatible; SemrushBot/7~bl; +http://www.semrush.com/bot.html)" "mantech8.com"
207.46.13.149 - - [02/Jan/2023:11:32:15 -0800] "GET /bimages/service/s777.jpg HTTP/1.1" 200 176536 "-" "Mozilla/5.0 (compatible; bingbot/2.0; +http://www.bing.com/bingbot.htm)" "www.mantech8.com"
185.191.171.1 - - [02/Jan/2023:11:33:16 -0800] "GET /bimages/certificate/thump/?C=D%3BO%3DA HTTP/1.1" 200 637 "-" "Mozilla/5.0 (compatible; SemrushBot/7~bl; +http://www.semrush.com/bot.html)" "www.mantech8.com"
185.191.171.23 - - [02/Jan/2023:11:33:38 -0800] "GET /?camp-fire%2F18083561.html HTTP/1.1" 500 - "-" "Mozilla/5.0 (compatible; SemrushBot/7~bl; +http://www.semrush.com/bot.html)" "mantech8.com"
185.191.171.37 - - [02/Jan/2023:11:34:20 -0800] "GET /?camp-fire%2F19940161.html HTTP/1.1" 500 - "-" "Mozilla/5.0 (compatible; SemrushBot/7~bl; +http://www.semrush.com/bot.html)" "mantech8.com"
185.191.171.16 - - [02/Jan/2023:11:34:35 -0800] "GET /?camp-fire%2F19066932.html HTTP/1.1" 500 - "-" "Mozilla/5.0 (compatible; SemrushBot/7~bl; +http://www.semrush.com/bot.html)" "mantech8.com"
185.191.171.17 - - [02/Jan/2023:11:34:50 -0800] "GET /?camp-fire%2F16982446.html HTTP/1.1" 500 - "-" "Mozilla/5.0 (compatible; SemrushBot/7~bl; +http://www.semrush.com/bot.html)" "mantech8.com"
185.191.171.37 - - [02/Jan/2023:11:35:21 -0800] "GET /?camp-fire%2F19233332.html HTTP/1.1" 500 - "-" "Mozilla/5.0 (compatible; SemrushBot/7~bl; +http://www.semrush.com/bot.html)" "mantech8.com"
185.191.171.15 - - [02/Jan/2023:11:35:48 -0800] "GET /?camp-fire%2F23014172.html HTTP/1.1" 500 - "-" "Mozilla/5.0 (compatible; SemrushBot/7~bl; +http://www.semrush.com/bot.html)" "mantech8.com"
185.191.171.1 - - [02/Jan/2023:11:35:52 -0800] "GET /?camp-fire%2F22050521.html HTTP/1.1" 500 - "-" "Mozilla/5.0 (compatible; SemrushBot/7~bl; +http://www.semrush.com/bot.html)" "mantech8.com"
185.191.171.25 - - [02/Jan/2023:11:36:07 -0800] "GET /?camp-fire%2F26146482.html HTTP/1.1" 500 - "-" "Mozilla/5.0 (compatible; SemrushBot/7~bl; +http://www.semrush.com/bot.html)" "mantech8.com"
185.191.171.33 - - [02/Jan/2023:11:36:56 -0800] "GET /?camp-fire%2F24461850.html HTTP/1.1" 500 - "-" "Mozilla/5.0 (compatible; SemrushBot/7~bl; +http://www.semrush.com/bot.html)" "mantech8.com"
185.191.171.21 - - [02/Jan/2023:11:37:21 -0800] "GET /?camp-fire%2F16653365.html HTTP/1.1" 500 - "-" "Mozilla/5.0 (compatible; SemrushBot/7~bl; +http://www.semrush.com/bot.html)" "mantech8.com"
185.191.171.43 - - [02/Jan/2023:11:38:04 -0800] "GET /?camp-fire%2F21755835.html HTTP/1.1" 500 - "-" "Mozilla/5.0 (compatible; SemrushBot/7~bl; +http://www.semrush.com/bot.html)" "mantech8.com"
185.191.171.2 - - [02/Jan/2023:11:38:11 -0800] "GET /?camp-fire%2F28249783.html HTTP/1.1" 500 - "-" "Mozilla/5.0 (compatible; SemrushBot/7~bl; +http://www.semrush.com/bot.html)" "mantech8.com"
185.191.171.15 - - [02/Jan/2023:11:39:33 -0800] "GET /?camp-fire%2F17078080.html HTTP/1.1" 500 - "-" "Mozilla/5.0 (compatible; SemrushBot/7~bl; +http://www.semrush.com/bot.html)" "mantech8.com"
185.191.171.25 - - [02/Jan/2023:11:40:53 -0800] "GET /?camp-fire%2F19388280.html HTTP/1.1" 500 - "-" "Mozilla/5.0 (compatible; SemrushBot/7~bl; +http://www.semrush.com/bot.html)" "mantech8.com"
185.191.171.24 - - [02/Jan/2023:11:41:20 -0800] "GET /?camp-fire%2F21751142.html HTTP/1.1" 500 - "-" "Mozilla/5.0 (compatible; SemrushBot/7~bl; +http://www.semrush.com/bot.html)" "mantech8.com"
185.191.171.44 - - [02/Jan/2023:11:41:42 -0800] "GET /index.php?camp-fire%2F4517074.html HTTP/1.1" 500 - "-" "Mozilla/5.0 (compatible; SemrushBot/7~bl; +http://www.semrush.com/bot.html)" "mantech8.com"
185.191.171.16 - - [02/Jan/2023:11:42:05 -0800] "GET /?camp-fire%2F35684950.html HTTP/1.1" 500 - "-" "Mozilla/5.0 (compatible; SemrushBot/7~bl; +http://www.semrush.com/bot.html)" "mantech8.com"
185.191.171.1 - - [02/Jan/2023:11:42:06 -0800] "GET /?camp-fire%2F23958133.html HTTP/1.1" 500 - "-" "Mozilla/5.0 (compatible; SemrushBot/7~bl; +http://www.semrush.com/bot.html)" "mantech8.com"
185.191.171.26 - - [02/Jan/2023:11:42:10 -0800] "GET /bimages/hydrog/?C=S%3BO%3DA HTTP/1.1" 200 486 "-" "Mozilla/5.0 (compatible; SemrushBot/7~bl; +http://www.semrush.com/bot.html)" "www.mantech8.com"
185.191.171.21 - - [02/Jan/2023:11:42:16 -0800] "GET /?camp-fire%2F15456524.html HTTP/1.1" 500 - "-" "Mozilla/5.0 (compatible; SemrushBot/7~bl; +http://www.semrush.com/bot.html)" "mantech8.com"
185.191.171.45 - - [02/Jan/2023:11:42:40 -0800] "GET /?camp-fire%2F19917621.html HTTP/1.1" 500 - "-" "Mozilla/5.0 (compatible; SemrushBot/7~bl; +http://www.semrush.com/bot.html)" "mantech8.com"
185.191.171.5 - - [02/Jan/2023:11:43:36 -0800] "GET /robots.txt HTTP/1.1" 200 106 "-" "Mozilla/5.0 (compatible; SemrushBot/7~bl; +http://www.semrush.com/bot.html)" "www.mantech8.com"
185.191.171.34 - - [02/Jan/2023:11:43:36 -0800] "GET /bimages/paintg/?C=D%3BO%3DA HTTP/1.1" 200 497 "-" "Mozilla/5.0 (compatible; SemrushBot/7~bl; +http://www.semrush.com/bot.html)" "www.mantech8.com"
185.191.171.45 - - [02/Jan/2023:11:44:36 -0800] "GET /bimages/himage/?C=S%3BO%3DA HTTP/1.1" 200 443 "-" "Mozilla/5.0 (compatible; SemrushBot/7~bl; +http://www.semrush.com/bot.html)" "www.mantech8.com"
185.191.171.7 - - [02/Jan/2023:11:44:38 -0800] "GET /?camp-fire%2F28733870.html HTTP/1.1" 500 - "-" "Mozilla/5.0 (compatible; SemrushBot/7~bl; +http://www.semrush.com/bot.html)" "mantech8.com"
157.55.39.150 - - [02/Jan/2023:11:45:49 -0800] "GET /index.php?camp-fire/35402502.html HTTP/1.1" 200 77119 "-" "Mozilla/5.0 (compatible; bingbot/2.0; +http://www.bing.com/bingbot.htm)" "www.mantech8.com"
185.191.171.10 - - [02/Jan/2023:11:46:11 -0800] "GET /?camp-fire%2F12977459.html HTTP/1.1" 500 - "-" "Mozilla/5.0 (compatible; SemrushBot/7~bl; +http://www.semrush.com/bot.html)" "mantech8.com"
157.55.39.12 - - [02/Jan/2023:11:46:18 -0800] "GET / HTTP/1.1" 200 64102 "-" "Mozilla/5.0 AppleWebKit/537.36 (KHTML, like Gecko; compatible; bingbot/2.0; +http://www.bing.com/bingbot.htm) Chrome/103.0.5060.134 Safari/537.36" "www.mantech8.com"
157.55.39.111 - - [02/Jan/2023:11:46:41 -0800] "GET /index.php?camp-fire/569.html HTTP/1.1" 200 68036 "-" "Mozilla/5.0 AppleWebKit/537.36 (KHTML, like Gecko; compatible; bingbot/2.0; +http://www.bing.com/bingbot.htm) Chrome/103.0.5060.134 Safari/537.36" "www.mantech8.com"
185.191.171.5 - - [02/Jan/2023:11:48:04 -0800] "GET /?camp-fire%2F24024433.html HTTP/1.1" 500 - "-" "Mozilla/5.0 (compatible; SemrushBot/7~bl; +http://www.semrush.com/bot.html)" "mantech8.com"
185.191.171.6 - - [02/Jan/2023:11:49:03 -0800] "GET /?camp-fire%2F15148656.html HTTP/1.1" 500 - "-" "Mozilla/5.0 (compatible; SemrushBot/7~bl; +http://www.semrush.com/bot.html)" "mantech8.com"
185.191.171.34 - - [02/Jan/2023:11:49:18 -0800] "GET /?camp-fire%2F20763435.html HTTP/1.1" 500 - "-" "Mozilla/5.0 (compatible; SemrushBot/7~bl; +http://www.semrush.com/bot.html)" "mantech8.com"
185.191.171.9 - - [02/Jan/2023:11:49:27 -0800] "GET /?camp-fire%2F23696000.html HTTP/1.1" 500 - "-" "Mozilla/5.0 (compatible; SemrushBot/7~bl; +http://www.semrush.com/bot.html)" "mantech8.com"
185.191.171.23 - - [02/Jan/2023:11:49:31 -0800] "GET /?camp-fire%2F15512883.html HTTP/1.1" 500 - "-" "Mozilla/5.0 (compatible; SemrushBot/7~bl; +http://www.semrush.com/bot.html)" "mantech8.com"
185.191.171.3 - - [02/Jan/2023:11:50:46 -0800] "GET /?camp-fire%2F26669847.html HTTP/1.1" 500 - "-" "Mozilla/5.0 (compatible; SemrushBot/7~bl; +http://www.semrush.com/bot.html)" "mantech8.com"
185.191.171.23 - - [02/Jan/2023:11:52:07 -0800] "GET /?camp-fire%2F110071734.html HTTP/1.1" 500 - "-" "Mozilla/5.0 (compatible; SemrushBot/7~bl; +http://www.semrush.com/bot.html)" "mantech8.com"
114.119.130.61 - - [02/Jan/2023:11:52:11 -0800] "GET /index.php/sitemap3014.xml HTTP/1.1" 200 289415 "-" "Mozilla/5.0 (compatible;PetalBot;+https://webmaster.petalsearch.com/site/petalbot)" "mantech8.com"
185.242.94.222 - - [02/Jan/2023:11:52:48 -0800] "GET / HTTP/1.1" 500 - "-" "Mozilla/5.0 (Windows NT 6.1; WOW64) AppleWebKit/537.36 (KHTML, like Gecko) Chrome/83.0.4103.97 Safari/537.36" "mantech8.com"
157.55.39.150 - - [02/Jan/2023:11:53:00 -0800] "GET /EGy1-5964eece-veu0T.Ii HTTP/1.1" 404 88 "-" "Mozilla/5.0 (compatible; bingbot/2.0; +http://www.bing.com/bingbot.htm)" "www.mantech8.com"
185.191.171.13 - - [02/Jan/2023:11:53:01 -0800] "GET /?camp-fire%2F23082317.html HTTP/1.1" 500 - "-" "Mozilla/5.0 (compatible; SemrushBot/7~bl; +http://www.semrush.com/bot.html)" "mantech8.com"
185.191.171.38 - - [02/Jan/2023:11:53:17 -0800] "GET /?camp-fire%2F27968971.html HTTP/1.1" 500 - "-" "Mozilla/5.0 (compatible; SemrushBot/7~bl; +http://www.semrush.com/bot.html)" "mantech8.com"
114.119.150.127 - - [02/Jan/2023:11:53:18 -0800] "GET /?dejerator.xml HTTP/1.1" 200 270594 "-" "Mozilla/5.0 (compatible;PetalBot;+https://webmaster.petalsearch.com/site/petalbot)" "mantech8.com"
185.191.171.6 - - [02/Jan/2023:11:53:27 -0800] "GET /gallery.php HTTP/1.1" 200 49088 "-" "Mozilla/5.0 (compatible; SemrushBot/7~bl; +http://www.semrush.com/bot.html)" "mantech8.com"
185.191.171.5 - - [02/Jan/2023:11:55:24 -0800] "GET /?camp-fire%2F20140426.html HTTP/1.1" 500 - "-" "Mozilla/5.0 (compatible; SemrushBot/7~bl; +http://www.semrush.com/bot.html)" "mantech8.com"
216.244.66.241 - - [02/Jan/2023:11:55:48 -0800] "GET /images/paint%20b6.jpg HTTP/1.1" 200 92948 "-" "Mozilla/5.0 (compatible; DotBot/1.2; +https://opensiteexplorer.org/dotbot; help@moz.com)" "www.mantech8.com"
216.244.66.241 - - [02/Jan/2023:11:56:17 -0800] "GET /images/pb11.jpg HTTP/1.1" 200 405405 "-" "Mozilla/5.0 (compatible; DotBot/1.2; +https://opensiteexplorer.org/dotbot; help@moz.com)" "www.mantech8.com"
185.191.171.37 - - [02/Jan/2023:11:56:29 -0800] "GET /?camp-fire%2F16789965.html HTTP/1.1" 500 - "-" "Mozilla/5.0 (compatible; SemrushBot/7~bl; +http://www.semrush.com/bot.html)" "mantech8.com"
185.191.171.5 - - [02/Jan/2023:11:57:34 -0800] "GET /?camp-fire%2F10262390.html HTTP/1.1" 500 - "-" "Mozilla/5.0 (compatible; SemrushBot/7~bl; +http://www.semrush.com/bot.html)" "mantech8.com"
185.191.171.22 - - [02/Jan/2023:11:58:01 -0800] "GET /?camp-fire%2F29199489.html HTTP/1.1" 500 - "-" "Mozilla/5.0 (compatible; SemrushBot/7~bl; +http://www.semrush.com/bot.html)" "mantech8.com"
185.191.171.25 - - [02/Jan/2023:11:58:21 -0800] "GET /?camp-fire%2F16685026.html HTTP/1.1" 500 - "-" "Mozilla/5.0 (compatible; SemrushBot/7~bl; +http://www.semrush.com/bot.html)" "mantech8.com"
185.191.171.22 - - [02/Jan/2023:11:58:42 -0800] "GET /?camp-fire%2F98595455.html HTTP/1.1" 500 - "-" "Mozilla/5.0 (compatible; SemrushBot/7~bl; +http://www.semrush.com/bot.html)" "mantech8.com"
185.191.171.41 - - [02/Jan/2023:11:59:17 -0800] "GET /?camp-fire%2F20790735.html HTTP/1.1" 500 - "-" "Mozilla/5.0 (compatible; SemrushBot/7~bl; +http://www.semrush.com/bot.html)" "mantech8.com"
185.191.171.34 - - [02/Jan/2023:11:59:23 -0800] "GET /?camp-fire%2F17348665.html HTTP/1.1" 500 - "-" "Mozilla/5.0 (compatible; SemrushBot/7~bl; +http://www.semrush.com/bot.html)" "mantech8.com"
185.191.171.25 - - [02/Jan/2023:11:59:38 -0800] "GET /?camp-fire%2F32781327.html HTTP/1.1" 500 - "-" "Mozilla/5.0 (compatible; SemrushBot/7~bl; +http://www.semrush.com/bot.html)" "mantech8.com"
185.191.171.2 - - [02/Jan/2023:12:00:03 -0800] "GET /?camp-fire%2F13272509.html HTTP/1.1" 500 - "-" "Mozilla/5.0 (compatible; SemrushBot/7~bl; +http://www.semrush.com/bot.html)" "mantech8.com"
185.191.171.8 - - [02/Jan/2023:12:00:46 -0800] "GET /robots.txt HTTP/1.1" 200 106 "-" "Mozilla/5.0 (compatible; SemrushBot/7~bl; +http://www.semrush.com/bot.html)" "mantech8.com"
185.191.171.11 - - [02/Jan/2023:12:00:46 -0800] "GET /?camp-fire%2F16213598.html HTTP/1.1" 500 - "-" "Mozilla/5.0 (compatible; SemrushBot/7~bl; +http://www.semrush.com/bot.html)" "mantech8.com"
20.241.233.77 - - [02/Jan/2023:12:01:02 -0800] "GET /robots.txt HTTP/1.1" 200 106 "-" "python-requests/2.27.1" "mantech8.com"
20.241.233.77 - - [02/Jan/2023:12:01:08 -0800] "GET /gallery.php HTTP/1.1" 200 49088 "-" "Mozilla/5.0 (Windows NT 10.0; Win64; x64) AppleWebKit/537.36 (KHTML, like Gecko) Chrome/76.0.3809.100 Safari/537.36" "mantech8.com"
185.191.171.38 - - [02/Jan/2023:12:02:04 -0800] "GET /?camp-fire%2F29575982.html HTTP/1.1" 500 - "-" "Mozilla/5.0 (compatible; SemrushBot/7~bl; +http://www.semrush.com/bot.html)" "mantech8.com"
185.191.171.39 - - [02/Jan/2023:12:02:18 -0800] "GET /?camp-fire%2F78232997.html HTTP/1.1" 500 - "-" "Mozilla/5.0 (compatible; SemrushBot/7~bl; +http://www.semrush.com/bot.html)" "mantech8.com"
185.191.171.1 - - [02/Jan/2023:12:02:29 -0800] "GET /?camp-fire%2F14978398.html HTTP/1.1" 500 - "-" "Mozilla/5.0 (compatible; SemrushBot/7~bl; +http://www.semrush.com/bot.html)" "mantech8.com"
185.191.171.3 - - [02/Jan/2023:12:04:31 -0800] "GET /?camp-fire%2F28594465.html HTTP/1.1" 500 - "-" "Mozilla/5.0 (compatible; SemrushBot/7~bl; +http://www.semrush.com/bot.html)" "mantech8.com"
185.191.171.22 - - [02/Jan/2023:12:04:33 -0800] "GET /?camp-fire%2F13551729.html HTTP/1.1" 500 - "-" "Mozilla/5.0 (compatible; SemrushBot/7~bl; +http://www.semrush.com/bot.html)" "mantech8.com"
185.191.171.16 - - [02/Jan/2023:12:04:35 -0800] "GET /?camp-fire%2F37013566.html HTTP/1.1" 500 - "-" "Mozilla/5.0 (compatible; SemrushBot/7~bl; +http://www.semrush.com/bot.html)" "mantech8.com"
185.191.171.25 - - [02/Jan/2023:12:04:40 -0800] "GET /?camp-fire%2F16234265.html HTTP/1.1" 500 - "-" "Mozilla/5.0 (compatible; SemrushBot/7~bl; +http://www.semrush.com/bot.html)" "mantech8.com"
185.191.171.20 - - [02/Jan/2023:12:06:10 -0800] "GET /index.php?camp-fire%2F1233129.html HTTP/1.1" 500 - "-" "Mozilla/5.0 (compatible; SemrushBot/7~bl; +http://www.semrush.com/bot.html)" "mantech8.com"
185.191.171.3 - - [02/Jan/2023:12:06:40 -0800] "GET /?camp-fire%2F25259824.html HTTP/1.1" 500 - "-" "Mozilla/5.0 (compatible; SemrushBot/7~bl; +http://www.semrush.com/bot.html)" "mantech8.com"
185.191.171.20 - - [02/Jan/2023:12:08:04 -0800] "GET /cleaning.php HTTP/1.1" 200 15035 "-" "Mozilla/5.0 (compatible; SemrushBot/7~bl; +http://www.semrush.com/bot.html)" "mantech8.com"
185.191.171.40 - - [02/Jan/2023:12:08:06 -0800] "GET /?camp-fire%2F27322056.html HTTP/1.1" 500 - "-" "Mozilla/5.0 (compatible; SemrushBot/7~bl; +http://www.semrush.com/bot.html)" "mantech8.com"
185.191.171.22 - - [02/Jan/2023:12:08:07 -0800] "GET /?camp-fire%2F23653083.html HTTP/1.1" 500 - "-" "Mozilla/5.0 (compatible; SemrushBot/7~bl; +http://www.semrush.com/bot.html)" "mantech8.com"
185.191.171.9 - - [02/Jan/2023:12:08:27 -0800] "GET /?camp-fire%2F51884638.html HTTP/1.1" 500 - "-" "Mozilla/5.0 (compatible; SemrushBot/7~bl; +http://www.semrush.com/bot.html)" "mantech8.com"
1.1.226.111 - - [02/Jan/2023:12:08:46 -0800] "GET /contact.php HTTP/1.1" 200 29238 "http://mantech8.com/contact.php" "Mozilla/5.0 (Windows NT 6.1; Win64; x64) AppleWebKit/537.36 (KHTML, like Gecko) Chrome/90.0.4430.93 Safari/537.36" "mantech8.com"
1.1.226.111 - - [02/Jan/2023:12:08:50 -0800] "POST /mailer.php HTTP/1.1" 500 - "http://mantech8.com/contact.php" "Mozilla/5.0 (Windows NT 6.1; Win64; x64) AppleWebKit/537.36 (KHTML, like Gecko) Chrome/90.0.4430.93 Safari/537.36" "mantech8.com"
185.191.171.10 - - [02/Jan/2023:12:09:09 -0800] "GET /bimages/cert/ HTTP/1.1" 200 530 "-" "Mozilla/5.0 (compatible; SemrushBot/7~bl; +http://www.semrush.com/bot.html)" "www.mantech8.com"
185.191.171.39 - - [02/Jan/2023:12:09:21 -0800] "GET /index.php?camp-fire%2F4187798.html HTTP/1.1" 500 - "-" "Mozilla/5.0 (compatible; SemrushBot/7~bl; +http://www.semrush.com/bot.html)" "mantech8.com"
185.191.171.36 - - [02/Jan/2023:12:09:45 -0800] "GET /?camp-fire%2F24232150.html HTTP/1.1" 500 - "-" "Mozilla/5.0 (compatible; SemrushBot/7~bl; +http://www.semrush.com/bot.html)" "mantech8.com"
185.191.171.23 - - [02/Jan/2023:12:10:05 -0800] "GET /?camp-fire%2F12865029.html HTTP/1.1" 500 - "-" "Mozilla/5.0 (compatible; SemrushBot/7~bl; +http://www.semrush.com/bot.html)" "mantech8.com"
185.191.171.43 - - [02/Jan/2023:12:11:50 -0800] "GET /index.php?camp-fire%2F1802251.html HTTP/1.1" 500 - "-" "Mozilla/5.0 (compatible; SemrushBot/7~bl; +http://www.semrush.com/bot.html)" "mantech8.com"
185.191.171.16 - - [02/Jan/2023:12:11:55 -0800] "GET /blasting.php HTTP/1.1" 200 13361 "-" "Mozilla/5.0 (compatible; SemrushBot/7~bl; +http://www.semrush.com/bot.html)" "www.mantech8.com"
185.191.171.7 - - [02/Jan/2023:12:12:13 -0800] "GET /?camp-fire%2F19047380.html HTTP/1.1" 500 - "-" "Mozilla/5.0 (compatible; SemrushBot/7~bl; +http://www.semrush.com/bot.html)" "mantech8.com"
185.191.171.26 - - [02/Jan/2023:12:13:30 -0800] "GET /?camp-fire%2F40295450.html HTTP/1.1" 500 - "-" "Mozilla/5.0 (compatible; SemrushBot/7~bl; +http://www.semrush.com/bot.html)" "mantech8.com"
185.191.171.24 - - [02/Jan/2023:12:14:31 -0800] "GET /?camp-fire%2F14509724.html HTTP/1.1" 500 - "-" "Mozilla/5.0 (compatible; SemrushBot/7~bl; +http://www.semrush.com/bot.html)" "mantech8.com"
114.119.137.43 - - [02/Jan/2023:12:14:59 -0800] "GET /sitemap10406.xml HTTP/1.1" 404 88 "-" "Mozilla/5.0 (compatible;PetalBot;+https://webmaster.petalsearch.com/site/petalbot)" "mantech8.com"
185.191.171.12 - - [02/Jan/2023:12:16:08 -0800] "GET /?camp-fire%2F42680134.html HTTP/1.1" 500 - "-" "Mozilla/5.0 (compatible; SemrushBot/7~bl; +http://www.semrush.com/bot.html)" "mantech8.com"
114.119.135.120 - - [02/Jan/2023:12:16:17 -0800] "GET /index.php?mekonium.xml HTTP/1.1" 200 289329 "-" "Mozilla/5.0 (compatible;PetalBot;+https://webmaster.petalsearch.com/site/petalbot)" "mantech8.com"
185.191.171.7 - - [02/Jan/2023:12:16:33 -0800] "GET /?camp-fire%2F27678609.html HTTP/1.1" 500 - "-" "Mozilla/5.0 (compatible; SemrushBot/7~bl; +http://www.semrush.com/bot.html)" "mantech8.com"
157.55.39.150 - - [02/Jan/2023:12:16:50 -0800] "GET /sitemapindex.xml HTTP/1.1" 404 88 "-" "Mozilla/5.0 (compatible; bingbot/2.0; +http://www.bing.com/bingbot.htm)" "mantech8.com"
185.191.171.45 - - [02/Jan/2023:12:16:50 -0800] "GET /?camp-fire%2F15188778.html HTTP/1.1" 500 - "-" "Mozilla/5.0 (compatible; SemrushBot/7~bl; +http://www.semrush.com/bot.html)" "mantech8.com"
114.119.136.14 - - [02/Jan/2023:12:17:33 -0800] "GET /index.php/sitemap71.xml HTTP/1.1" 200 289393 "-" "Mozilla/5.0 (compatible;PetalBot;+https://webmaster.petalsearch.com/site/petalbot)" "mantech8.com"
157.55.39.111 - - [02/Jan/2023:12:17:47 -0800] "GET /index.php?camp-fire/1043.html HTTP/1.1" 200 64396 "-" "Mozilla/5.0 AppleWebKit/537.36 (KHTML, like Gecko; compatible; bingbot/2.0; +http://www.bing.com/bingbot.htm) Chrome/103.0.5060.134 Safari/537.36" "www.mantech8.com"
185.191.171.5 - - [02/Jan/2023:12:17:52 -0800] "GET /?camp-fire%2F38830292.html HTTP/1.1" 500 - "-" "Mozilla/5.0 (compatible; SemrushBot/7~bl; +http://www.semrush.com/bot.html)" "mantech8.com"
185.191.171.6 - - [02/Jan/2023:12:18:12 -0800] "GET /?camp-fire%2F16033583.html HTTP/1.1" 500 - "-" "Mozilla/5.0 (compatible; SemrushBot/7~bl; +http://www.semrush.com/bot.html)" "mantech8.com"
216.244.66.241 - - [02/Jan/2023:12:18:34 -0800] "GET /robots.txt HTTP/1.1" 200 222 "-" "Mozilla/5.0 (compatible; DotBot/1.2; +https://opensiteexplorer.org/dotbot; help@moz.com)" "mantech8.com"
216.244.66.241 - - [02/Jan/2023:12:18:34 -0800] "GET /robots.txt HTTP/1.1" 200 222 "-" "Mozilla/5.0 (compatible; DotBot/1.2; +https://opensiteexplorer.org/dotbot; help@moz.com)" "www.mantech8.com"
185.191.171.1 - - [02/Jan/2023:12:19:02 -0800] "GET /mail.php HTTP/1.1" 200 47 "-" "Mozilla/5.0 (compatible; SemrushBot/7~bl; +http://www.semrush.com/bot.html)" "www.mantech8.com"
