185.190.24.74 - - [31/Dec/2022:05:58:57 -0800] "GET /error.php?phpshells HTTP/1.1" 404 88 "www.bing.com" "wp_is_mobile" "mantech8.com"
185.190.24.74 - - [31/Dec/2022:05:58:58 -0800] "GET /ALFA_DATA HTTP/1.1" 404 88 "www.bing.com" "wp_is_mobile" "mantech8.com"
185.190.24.74 - - [31/Dec/2022:05:58:59 -0800] "GET /alfacgiapi HTTP/1.1" 404 88 "www.bing.com" "wp_is_mobile" "mantech8.com"
185.190.24.74 - - [31/Dec/2022:05:59:00 -0800] "GET /cgialfa HTTP/1.1" 404 88 "www.bing.com" "wp_is_mobile" "mantech8.com"
185.190.24.74 - - [31/Dec/2022:05:59:04 -0800] "GET /wp-content/uploads/ALFA_DATA HTTP/1.1" 404 88 "www.bing.com" "wp_is_mobile" "mantech8.com"
185.190.24.74 - - [31/Dec/2022:05:59:05 -0800] "GET /wp-content/uploads/alfacgiapi HTTP/1.1" 404 88 "www.bing.com" "wp_is_mobile" "mantech8.com"
185.190.24.74 - - [31/Dec/2022:05:59:09 -0800] "GET /wp-content/uploads/cgialfa HTTP/1.1" 404 88 "www.bing.com" "wp_is_mobile" "mantech8.com"
185.190.24.74 - - [31/Dec/2022:05:59:10 -0800] "GET /wp-includes/ALFA_DATA HTTP/1.1" 404 88 "www.bing.com" "wp_is_mobile" "mantech8.com"
185.190.24.74 - - [31/Dec/2022:05:59:11 -0800] "GET /wp-includes/alfacgiapi HTTP/1.1" 404 88 "www.bing.com" "wp_is_mobile" "mantech8.com"
185.190.24.74 - - [31/Dec/2022:05:59:12 -0800] "GET /wp-includes/cgialfa HTTP/1.1" 404 88 "www.bing.com" "wp_is_mobile" "mantech8.com"
185.191.171.8 - - [31/Dec/2022:05:59:11 -0800] "GET /?camp-fire%2F16759965.html HTTP/1.1" 500 - "-" "Mozilla/5.0 (compatible; SemrushBot/7~bl; +http://www.semrush.com/bot.html)" "mantech8.com"
185.190.24.74 - - [31/Dec/2022:05:59:13 -0800] "GET /wp-admin/ALFA_DATA HTTP/1.1" 404 88 "www.bing.com" "wp_is_mobile" "mantech8.com"
185.190.24.74 - - [31/Dec/2022:05:59:14 -0800] "GET /wp-admin/alfacgiapi HTTP/1.1" 404 88 "www.bing.com" "wp_is_mobile" "mantech8.com"
185.190.24.74 - - [31/Dec/2022:05:59:15 -0800] "GET /wp-admin/cgialfa HTTP/1.1" 404 88 "www.bing.com" "wp_is_mobile" "mantech8.com"
185.190.24.74 - - [31/Dec/2022:05:59:16 -0800] "GET /wp-content/ALFA_DATA HTTP/1.1" 404 88 "www.bing.com" "wp_is_mobile" "mantech8.com"
185.190.24.74 - - [31/Dec/2022:05:59:17 -0800] "GET /wp-content/alfacgiapi HTTP/1.1" 404 88 "www.bing.com" "wp_is_mobile" "mantech8.com"
185.190.24.74 - - [31/Dec/2022:05:59:18 -0800] "GET /wp-content/cgialfa HTTP/1.1" 404 88 "www.bing.com" "wp_is_mobile" "mantech8.com"
185.190.24.74 - - [31/Dec/2022:05:59:19 -0800] "GET /templates/beez3/ALFA_DATA HTTP/1.1" 404 88 "www.bing.com" "wp_is_mobile" "mantech8.com"
185.190.24.74 - - [31/Dec/2022:05:59:21 -0800] "GET /templates/beez3/alfacgiapi HTTP/1.1" 404 88 "www.bing.com" "wp_is_mobile" "mantech8.com"
185.190.24.74 - - [31/Dec/2022:05:59:22 -0800] "GET /templates/beez3/cgialfa HTTP/1.1" 404 88 "www.bing.com" "wp_is_mobile" "mantech8.com"
185.190.24.74 - - [31/Dec/2022:05:59:23 -0800] "GET /sites/default/files/ALFA_DATA HTTP/1.1" 404 88 "www.bing.com" "wp_is_mobile" "mantech8.com"
185.190.24.74 - - [31/Dec/2022:05:59:24 -0800] "GET /sites/default/files/alfacgiapi HTTP/1.1" 404 88 "www.bing.com" "wp_is_mobile" "mantech8.com"
185.190.24.74 - - [31/Dec/2022:05:59:25 -0800] "GET /sites/default/files/cgialfa HTTP/1.1" 404 88 "www.bing.com" "wp_is_mobile" "mantech8.com"
185.190.24.74 - - [31/Dec/2022:05:59:26 -0800] "GET /admin/controller/extension/extension/ALFA_DATA HTTP/1.1" 404 88 "www.bing.com" "wp_is_mobile" "mantech8.com"
185.190.24.74 - - [31/Dec/2022:05:59:28 -0800] "GET /admin/controller/extension/extension/alfacgiapi HTTP/1.1" 404 88 "www.bing.com" "wp_is_mobile" "mantech8.com"
185.190.24.74 - - [31/Dec/2022:05:59:29 -0800] "GET /admin/controller/extension/extension/cgialfa HTTP/1.1" 404 88 "www.bing.com" "wp_is_mobile" "mantech8.com"
185.190.24.74 - - [31/Dec/2022:05:59:30 -0800] "GET /wp-content/plugins/ubh/up.php HTTP/1.1" 404 88 "www.bing.com" "wp_is_mobile" "mantech8.com"
185.190.24.74 - - [31/Dec/2022:05:59:31 -0800] "GET /index.php?3x=3x HTTP/1.1" 200 738 "www.bing.com" "wp_is_mobile" "mantech8.com"
185.190.24.74 - - [31/Dec/2022:05:59:32 -0800] "GET /about.php HTTP/1.1" 404 88 "www.bing.com" "wp_is_mobile" "mantech8.com"
185.190.24.74 - - [31/Dec/2022:05:59:33 -0800] "GET /shells.php HTTP/1.1" 404 88 "www.bing.com" "wp_is_mobile" "mantech8.com"
185.190.24.74 - - [31/Dec/2022:05:59:33 -0800] "GET /olux.php HTTP/1.1" 404 88 "www.bing.com" "wp_is_mobile" "mantech8.com"
185.190.24.74 - - [31/Dec/2022:05:59:34 -0800] "GET /xleet.php HTTP/1.1" 404 88 "www.bing.com" "wp_is_mobile" "mantech8.com"
185.190.24.74 - - [31/Dec/2022:05:59:35 -0800] "GET /wso.php HTTP/1.1" 404 88 "www.bing.com" "wp_is_mobile" "mantech8.com"
185.191.171.25 - - [31/Dec/2022:05:59:36 -0800] "GET /?camp-fire%2F17589065.html HTTP/1.1" 500 - "-" "Mozilla/5.0 (compatible; SemrushBot/7~bl; +http://www.semrush.com/bot.html)" "mantech8.com"
185.190.24.74 - - [31/Dec/2022:05:59:36 -0800] "GET /shell.php HTTP/1.1" 404 88 "www.bing.com" "wp_is_mobile" "mantech8.com"
185.190.24.74 - - [31/Dec/2022:05:59:37 -0800] "GET /up.php HTTP/1.1" 404 88 "www.bing.com" "wp_is_mobile" "mantech8.com"
185.190.24.74 - - [31/Dec/2022:05:59:38 -0800] "GET /upload.php HTTP/1.1" 404 88 "www.bing.com" "wp_is_mobile" "mantech8.com"
185.191.171.44 - - [31/Dec/2022:05:59:38 -0800] "GET /?camp-fire%2F33802108.html HTTP/1.1" 500 - "-" "Mozilla/5.0 (compatible; SemrushBot/7~bl; +http://www.semrush.com/bot.html)" "mantech8.com"
185.190.24.74 - - [31/Dec/2022:05:59:39 -0800] "GET /1.php HTTP/1.1" 500 - "www.bing.com" "wp_is_mobile" "mantech8.com"
185.190.24.74 - - [31/Dec/2022:05:59:39 -0800] "GET /x.php HTTP/1.1" 404 88 "www.bing.com" "wp_is_mobile" "mantech8.com"
185.190.24.74 - - [31/Dec/2022:05:59:40 -0800] "GET /z.php HTTP/1.1" 404 88 "www.bing.com" "wp_is_mobile" "mantech8.com"
185.190.24.74 - - [31/Dec/2022:05:59:41 -0800] "GET /a.php HTTP/1.1" 404 88 "www.bing.com" "wp_is_mobile" "mantech8.com"
185.190.24.74 - - [31/Dec/2022:05:59:42 -0800] "GET /test.php HTTP/1.1" 404 88 "www.bing.com" "wp_is_mobile" "mantech8.com"
185.190.24.74 - - [31/Dec/2022:05:59:43 -0800] "GET /wp.php HTTP/1.1" 404 88 "www.bing.com" "wp_is_mobile" "mantech8.com"
185.190.24.74 - - [31/Dec/2022:05:59:44 -0800] "GET /alfa.php HTTP/1.1" 404 88 "www.bing.com" "wp_is_mobile" "mantech8.com"
185.190.24.74 - - [31/Dec/2022:05:59:44 -0800] "GET /config.php HTTP/1.1" 200 - "www.bing.com" "wp_is_mobile" "mantech8.com"
185.190.24.74 - - [31/Dec/2022:05:59:46 -0800] "GET /templates/beez3/index.php HTTP/1.1" 404 88 "www.bing.com" "wp_is_mobile" "mantech8.com"
185.191.171.1 - - [31/Dec/2022:05:59:49 -0800] "GET /?camp-fire%2F7619521.html HTTP/1.1" 500 - "-" "Mozilla/5.0 (compatible; SemrushBot/7~bl; +http://www.semrush.com/bot.html)" "mantech8.com"
207.46.13.149 - - [31/Dec/2022:06:01:29 -0800] "GET /index.php/Pstd-803debdc-iWYPE.Ii HTTP/1.1" 200 62996 "-" "Mozilla/5.0 AppleWebKit/537.36 (KHTML, like Gecko; compatible; bingbot/2.0; +http://www.bing.com/bingbot.htm) Chrome/103.0.5060.134 Safari/537.36" "mantech8.com"
185.191.171.34 - - [31/Dec/2022:06:01:41 -0800] "GET /?camp-fire%2F28600189.html HTTP/1.1" 500 - "-" "Mozilla/5.0 (compatible; SemrushBot/7~bl; +http://www.semrush.com/bot.html)" "mantech8.com"
185.191.171.15 - - [31/Dec/2022:06:02:00 -0800] "GET /index.php?camp-fire%2F24075932.html HTTP/1.1" 500 - "-" "Mozilla/5.0 (compatible; SemrushBot/7~bl; +http://www.semrush.com/bot.html)" "mantech8.com"
185.191.171.37 - - [31/Dec/2022:06:02:01 -0800] "GET /?camp-fire%2F27437726.html HTTP/1.1" 500 - "-" "Mozilla/5.0 (compatible; SemrushBot/7~bl; +http://www.semrush.com/bot.html)" "mantech8.com"
185.191.171.13 - - [31/Dec/2022:06:02:23 -0800] "GET /?camp-fire%2F31040496.html HTTP/1.1" 500 - "-" "Mozilla/5.0 (compatible; SemrushBot/7~bl; +http://www.semrush.com/bot.html)" "mantech8.com"
185.191.171.34 - - [31/Dec/2022:06:02:48 -0800] "GET /?camp-fire%2F26728535.html HTTP/1.1" 500 - "-" "Mozilla/5.0 (compatible; SemrushBot/7~bl; +http://www.semrush.com/bot.html)" "mantech8.com"
185.191.171.12 - - [31/Dec/2022:06:03:14 -0800] "GET /index.php/camp-fire/15590474.html HTTP/1.1" 500 - "-" "Mozilla/5.0 (compatible; SemrushBot/7~bl; +http://www.semrush.com/bot.html)" "mantech8.com"
185.191.171.20 - - [31/Dec/2022:06:03:29 -0800] "GET /index.php?camp-fire%2F16353124.html HTTP/1.1" 500 - "-" "Mozilla/5.0 (compatible; SemrushBot/7~bl; +http://www.semrush.com/bot.html)" "mantech8.com"
185.191.171.11 - - [31/Dec/2022:06:03:55 -0800] "GET /?camp-fire%2F12516209.html HTTP/1.1" 500 - "-" "Mozilla/5.0 (compatible; SemrushBot/7~bl; +http://www.semrush.com/bot.html)" "mantech8.com"
172.104.83.105 - - [31/Dec/2022:06:05:00 -0800] "GET /contact.php HTTP/1.1" 200 29238 "http://mantech8.com/contact.php" "Mozilla/5.0 (Windows NT 6.1) AppleWebKit/537.36 (KHTML, like Gecko) Chrome/90.0.4430.72 Safari/537.36" "mantech8.com"
172.104.83.105 - - [31/Dec/2022:06:05:03 -0800] "POST /mailer.php HTTP/1.1" 500 - "http://mantech8.com/contact.php" "Mozilla/5.0 (Windows NT 6.1) AppleWebKit/537.36 (KHTML, like Gecko) Chrome/90.0.4430.72 Safari/537.36" "mantech8.com"
185.191.171.2 - - [31/Dec/2022:06:06:09 -0800] "GET /?camp-fire%2F26721759.html HTTP/1.1" 500 - "-" "Mozilla/5.0 (compatible; SemrushBot/7~bl; +http://www.semrush.com/bot.html)" "mantech8.com"
157.55.39.75 - - [31/Dec/2022:06:06:20 -0800] "GET /index.php/EGy1-6812bbffce-vsNzJ.Ii HTTP/1.1" 200 66746 "-" "Mozilla/5.0 (compatible; bingbot/2.0; +http://www.bing.com/bingbot.htm)" "mantech8.com"
37.19.221.33 - - [31/Dec/2022:06:06:24 -0800] "GET / HTTP/1.1" 500 - "-" "Mozilla/5.0 (Macintosh; Intel Mac OS X 12_5) AppleWebKit/605.1.15 (KHTML, like Gecko) Version/15.4 Safari/605.1.15" "mantech8.com"
37.19.221.33 - - [31/Dec/2022:06:06:24 -0800] "GET / HTTP/1.1" 500 - "-" "Mozilla/5.0 (Macintosh; Intel Mac OS X 12_5) AppleWebKit/605.1.15 (KHTML, like Gecko) Version/15.4 Safari/605.1.15" "mantech8.com"
37.19.221.33 - - [31/Dec/2022:06:06:24 -0800] "GET / HTTP/1.1" 500 - "-" "Mozilla/5.0 (Macintosh; Intel Mac OS X 12_5) AppleWebKit/605.1.15 (KHTML, like Gecko) Version/15.4 Safari/605.1.15" "mantech8.com"
185.191.171.6 - - [31/Dec/2022:06:06:30 -0800] "GET /?camp-fire%2F17342946.html HTTP/1.1" 500 - "-" "Mozilla/5.0 (compatible; SemrushBot/7~bl; +http://www.semrush.com/bot.html)" "mantech8.com"
185.191.171.24 - - [31/Dec/2022:06:06:32 -0800] "GET /?camp-fire%2F27396976.html HTTP/1.1" 500 - "-" "Mozilla/5.0 (compatible; SemrushBot/7~bl; +http://www.semrush.com/bot.html)" "mantech8.com"
114.119.132.149 - - [31/Dec/2022:06:07:14 -0800] "GET /sitemap5.xml HTTP/1.1" 404 88 "-" "Mozilla/5.0 (compatible;PetalBot;+https://webmaster.petalsearch.com/site/petalbot)" "mantech8.com"
185.191.171.22 - - [31/Dec/2022:06:07:23 -0800] "GET /?camp-fire%2F10953083.html HTTP/1.1" 500 - "-" "Mozilla/5.0 (compatible; SemrushBot/7~bl; +http://www.semrush.com/bot.html)" "mantech8.com"
185.191.171.24 - - [31/Dec/2022:06:07:25 -0800] "GET /?camp-fire%2F17613680.html HTTP/1.1" 500 - "-" "Mozilla/5.0 (compatible; SemrushBot/7~bl; +http://www.semrush.com/bot.html)" "mantech8.com"
185.191.171.44 - - [31/Dec/2022:06:08:24 -0800] "GET /?camp-fire%2F26785821.html HTTP/1.1" 500 - "-" "Mozilla/5.0 (compatible; SemrushBot/7~bl; +http://www.semrush.com/bot.html)" "mantech8.com"
114.119.137.220 - - [31/Dec/2022:06:08:34 -0800] "GET /index.php?camp-fire/86994601.html HTTP/1.1" 500 - "-" "Mozilla/5.0 (Linux; Android 7.0;) AppleWebKit/537.36 (KHTML, like Gecko) Mobile Safari/537.36 (compatible; PetalBot;+https://webmaster.petalsearch.com/site/petalbot)" "www.mantech8.com"
185.191.171.44 - - [31/Dec/2022:06:08:57 -0800] "GET /?camp-fire%2F27238263.html HTTP/1.1" 500 - "-" "Mozilla/5.0 (compatible; SemrushBot/7~bl; +http://www.semrush.com/bot.html)" "mantech8.com"
185.191.171.19 - - [31/Dec/2022:06:09:25 -0800] "GET /index.php?camp-fire%2F26099082.html HTTP/1.1" 500 - "-" "Mozilla/5.0 (compatible; SemrushBot/7~bl; +http://www.semrush.com/bot.html)" "mantech8.com"
216.244.66.241 - - [31/Dec/2022:06:09:31 -0800] "GET /robots.txt HTTP/1.1" 200 222 "-" "Mozilla/5.0 (compatible; DotBot/1.2; +https://opensiteexplorer.org/dotbot; help@moz.com)" "mantech8.com"
216.244.66.241 - - [31/Dec/2022:06:09:31 -0800] "GET /robots.txt HTTP/1.1" 200 222 "-" "Mozilla/5.0 (compatible; DotBot/1.2; +https://opensiteexplorer.org/dotbot; help@moz.com)" "www.mantech8.com"
185.191.171.8 - - [31/Dec/2022:06:09:39 -0800] "GET /?camp-fire%2F26513957.html HTTP/1.1" 500 - "-" "Mozilla/5.0 (compatible; SemrushBot/7~bl; +http://www.semrush.com/bot.html)" "mantech8.com"
185.191.171.4 - - [31/Dec/2022:06:09:45 -0800] "GET /?camp-fire%2F29438364.html HTTP/1.1" 500 - "-" "Mozilla/5.0 (compatible; SemrushBot/7~bl; +http://www.semrush.com/bot.html)" "mantech8.com"
185.191.171.41 - - [31/Dec/2022:06:09:57 -0800] "GET /index.php/camp-fire/15283384.html HTTP/1.1" 500 - "-" "Mozilla/5.0 (compatible; SemrushBot/7~bl; +http://www.semrush.com/bot.html)" "mantech8.com"
114.119.128.208 - - [31/Dec/2022:06:10:14 -0800] "GET /index.php?sitemap-index-4.xml HTTP/1.1" 200 4844 "-" "Mozilla/5.0 (Linux; Android 7.0;) AppleWebKit/537.36 (KHTML, like Gecko) Mobile Safari/537.36 (compatible; PetalBot;+https://webmaster.petalsearch.com/site/petalbot)" "mantech8.com"
185.191.171.33 - - [31/Dec/2022:06:10:37 -0800] "GET /?camp-fire%2F16695726.html HTTP/1.1" 500 - "-" "Mozilla/5.0 (compatible; SemrushBot/7~bl; +http://www.semrush.com/bot.html)" "mantech8.com"
114.119.138.48 - - [31/Dec/2022:06:11:31 -0800] "GET /bimages/paintg/thump/?C=N%3BO%3DD HTTP/1.1" 200 483 "http://mantech8.com/bimages/paintg/thump/?C=D%3BO%3DA" "Mozilla/5.0 (Linux; Android 7.0;) AppleWebKit/537.36 (KHTML, like Gecko) Mobile Safari/537.36 (compatible; PetalBot;+https://webmaster.petalsearch.com/site/petalbot)" "mantech8.com"
185.191.171.18 - - [31/Dec/2022:06:11:54 -0800] "GET /index.php?camp-fire%2F4824555.html HTTP/1.1" 500 - "-" "Mozilla/5.0 (compatible; SemrushBot/7~bl; +http://www.semrush.com/bot.html)" "mantech8.com"
185.191.171.4 - - [31/Dec/2022:06:11:59 -0800] "GET /?camp-fire%2F33477568.html HTTP/1.1" 500 - "-" "Mozilla/5.0 (compatible; SemrushBot/7~bl; +http://www.semrush.com/bot.html)" "mantech8.com"
185.191.171.18 - - [31/Dec/2022:06:12:16 -0800] "GET /?camp-fire%2F19932032.html HTTP/1.1" 500 - "-" "Mozilla/5.0 (compatible; SemrushBot/7~bl; +http://www.semrush.com/bot.html)" "mantech8.com"
185.191.171.3 - - [31/Dec/2022:06:13:40 -0800] "GET /?camp-fire%2F14779287.html HTTP/1.1" 500 - "-" "Mozilla/5.0 (compatible; SemrushBot/7~bl; +http://www.semrush.com/bot.html)" "mantech8.com"
157.55.39.150 - - [31/Dec/2022:06:13:41 -0800] "GET /index.php/nWTf-bad86cdfdb-4Au89.Ii HTTP/1.1" 200 71706 "-" "Mozilla/5.0 AppleWebKit/537.36 (KHTML, like Gecko; compatible; bingbot/2.0; +http://www.bing.com/bingbot.htm) Chrome/103.0.5060.134 Safari/537.36" "mantech8.com"
185.191.171.18 - - [31/Dec/2022:06:13:54 -0800] "GET /?camp-fire%2F31957730.html HTTP/1.1" 500 - "-" "Mozilla/5.0 (compatible; SemrushBot/7~bl; +http://www.semrush.com/bot.html)" "mantech8.com"
185.191.171.33 - - [31/Dec/2022:06:14:16 -0800] "GET /index.php/camp-fire/11942676.html HTTP/1.1" 500 - "-" "Mozilla/5.0 (compatible; SemrushBot/7~bl; +http://www.semrush.com/bot.html)" "mantech8.com"
185.191.171.26 - - [31/Dec/2022:06:14:33 -0800] "GET /?camp-fire%2F28894466.html HTTP/1.1" 500 - "-" "Mozilla/5.0 (compatible; SemrushBot/7~bl; +http://www.semrush.com/bot.html)" "mantech8.com"
185.191.171.6 - - [31/Dec/2022:06:14:35 -0800] "GET /index.php?camp-fire%2F24573533.html HTTP/1.1" 500 - "-" "Mozilla/5.0 (compatible; SemrushBot/7~bl; +http://www.semrush.com/bot.html)" "mantech8.com"
185.191.171.13 - - [31/Dec/2022:06:14:38 -0800] "GET /index.php?camp-fire%2F20504783.html HTTP/1.1" 500 - "-" "Mozilla/5.0 (compatible; SemrushBot/7~bl; +http://www.semrush.com/bot.html)" "mantech8.com"
185.191.171.45 - - [31/Dec/2022:06:15:38 -0800] "GET /?camp-fire%2F26933017.html HTTP/1.1" 500 - "-" "Mozilla/5.0 (compatible; SemrushBot/7~bl; +http://www.semrush.com/bot.html)" "mantech8.com"
66.249.70.178 - - [31/Dec/2022:06:16:00 -0800] "GET /images/favicon.ico HTTP/1.1" 200 241886 "-" "Googlebot-Image/1.0" "mantech8.com"
185.191.171.39 - - [31/Dec/2022:06:16:33 -0800] "GET /?camp-fire%2F25722650.html HTTP/1.1" 500 - "-" "Mozilla/5.0 (compatible; SemrushBot/7~bl; +http://www.semrush.com/bot.html)" "mantech8.com"
185.191.171.9 - - [31/Dec/2022:06:17:14 -0800] "GET /?camp-fire%2F31176759.html HTTP/1.1" 500 - "-" "Mozilla/5.0 (compatible; SemrushBot/7~bl; +http://www.semrush.com/bot.html)" "mantech8.com"
185.191.171.37 - - [31/Dec/2022:06:17:28 -0800] "GET /?camp-fire%2F15367865.html HTTP/1.1" 500 - "-" "Mozilla/5.0 (compatible; SemrushBot/7~bl; +http://www.semrush.com/bot.html)" "mantech8.com"
185.191.171.11 - - [31/Dec/2022:06:17:35 -0800] "GET /?camp-fire%2F34794859.html HTTP/1.1" 500 - "-" "Mozilla/5.0 (compatible; SemrushBot/7~bl; +http://www.semrush.com/bot.html)" "mantech8.com"
185.191.171.39 - - [31/Dec/2022:06:17:45 -0800] "GET /?camp-fire%2F16531783.html HTTP/1.1" 500 - "-" "Mozilla/5.0 (compatible; SemrushBot/7~bl; +http://www.semrush.com/bot.html)" "mantech8.com"
185.191.171.8 - - [31/Dec/2022:06:18:36 -0800] "GET /index.php/camp-fire/22802657.html HTTP/1.1" 500 - "-" "Mozilla/5.0 (compatible; SemrushBot/7~bl; +http://www.semrush.com/bot.html)" "mantech8.com"
185.191.171.10 - - [31/Dec/2022:06:19:39 -0800] "GET /?camp-fire%2F22720955.html HTTP/1.1" 500 - "-" "Mozilla/5.0 (compatible; SemrushBot/7~bl; +http://www.semrush.com/bot.html)" "mantech8.com"
185.191.171.37 - - [31/Dec/2022:06:19:42 -0800] "GET /?camp-fire%2F27645309.html HTTP/1.1" 500 - "-" "Mozilla/5.0 (compatible; SemrushBot/7~bl; +http://www.semrush.com/bot.html)" "mantech8.com"
185.191.171.3 - - [31/Dec/2022:06:20:52 -0800] "GET /index.php?camp-fire%2F17527327.html HTTP/1.1" 500 - "-" "Mozilla/5.0 (compatible; SemrushBot/7~bl; +http://www.semrush.com/bot.html)" "mantech8.com"
185.191.171.3 - - [31/Dec/2022:06:21:53 -0800] "GET /?camp-fire%2F28234235.html HTTP/1.1" 500 - "-" "Mozilla/5.0 (compatible; SemrushBot/7~bl; +http://www.semrush.com/bot.html)" "mantech8.com"
185.191.171.22 - - [31/Dec/2022:06:21:56 -0800] "GET /?camp-fire%2F17579880.html HTTP/1.1" 500 - "-" "Mozilla/5.0 (compatible; SemrushBot/7~bl; +http://www.semrush.com/bot.html)" "mantech8.com"
185.191.171.37 - - [31/Dec/2022:06:22:07 -0800] "GET /index.php?camp-fire%2F24023933.html HTTP/1.1" 500 - "-" "Mozilla/5.0 (compatible; SemrushBot/7~bl; +http://www.semrush.com/bot.html)" "mantech8.com"
114.119.159.210 - - [31/Dec/2022:06:22:17 -0800] "GET /sitemap996.xml HTTP/1.1" 404 88 "-" "Mozilla/5.0 (compatible;PetalBot;+https://webmaster.petalsearch.com/site/petalbot)" "mantech8.com"
185.191.171.44 - - [31/Dec/2022:06:22:22 -0800] "GET /index.php/camp-fire/35727716.html HTTP/1.1" 500 - "-" "Mozilla/5.0 (compatible; SemrushBot/7~bl; +http://www.semrush.com/bot.html)" "mantech8.com"
114.119.133.245 - - [31/Dec/2022:06:23:03 -0800] "GET /bimages/door/?C=S%3BO%3DA HTTP/1.1" 200 447 "http://www.mantech8.com/bimages/door/?C=D%3BO%3DA" "Mozilla/5.0 (Linux; Android 7.0;) AppleWebKit/537.36 (KHTML, like Gecko) Mobile Safari/537.36 (compatible; PetalBot;+https://webmaster.petalsearch.com/site/petalbot)" "www.mantech8.com"
185.191.171.6 - - [31/Dec/2022:06:23:33 -0800] "GET /?camp-fire%2F19074261.html HTTP/1.1" 500 - "-" "Mozilla/5.0 (compatible; SemrushBot/7~bl; +http://www.semrush.com/bot.html)" "mantech8.com"
185.191.171.35 - - [31/Dec/2022:06:23:36 -0800] "GET /robots.txt HTTP/1.1" 200 106 "-" "Mozilla/5.0 (compatible; SemrushBot/7~bl; +http://www.semrush.com/bot.html)" "mantech8.com"
185.191.171.17 - - [31/Dec/2022:06:23:36 -0800] "GET /?camp-fire%2F27525951.html HTTP/1.1" 500 - "-" "Mozilla/5.0 (compatible; SemrushBot/7~bl; +http://www.semrush.com/bot.html)" "mantech8.com"
185.191.171.22 - - [31/Dec/2022:06:23:50 -0800] "GET /?camp-fire%2F15323559.html HTTP/1.1" 500 - "-" "Mozilla/5.0 (compatible; SemrushBot/7~bl; +http://www.semrush.com/bot.html)" "mantech8.com"
185.191.171.14 - - [31/Dec/2022:06:23:57 -0800] "GET /?camp-fire%2F19005432.html HTTP/1.1" 500 - "-" "Mozilla/5.0 (compatible; SemrushBot/7~bl; +http://www.semrush.com/bot.html)" "mantech8.com"
114.119.165.136 - - [31/Dec/2022:06:24:34 -0800] "GET /bimages/SliderImage/orange.PHp HTTP/1.1" 200 1070 "http://www.mantech8.com/bimages/SliderImage/" "Mozilla/5.0 (Linux; Android 7.0;) AppleWebKit/537.36 (KHTML, like Gecko) Mobile Safari/537.36 (compatible; PetalBot;+https://webmaster.petalsearch.com/site/petalbot)" "www.mantech8.com"
185.191.171.5 - - [31/Dec/2022:06:25:14 -0800] "GET /?camp-fire%2F15435883.html HTTP/1.1" 500 - "-" "Mozilla/5.0 (compatible; SemrushBot/7~bl; +http://www.semrush.com/bot.html)" "mantech8.com"
185.191.171.20 - - [31/Dec/2022:06:25:16 -0800] "GET /?camp-fire%2F15814765.html HTTP/1.1" 500 - "-" "Mozilla/5.0 (compatible; SemrushBot/7~bl; +http://www.semrush.com/bot.html)" "mantech8.com"
185.191.171.16 - - [31/Dec/2022:06:26:03 -0800] "GET /?camp-fire%2F28241070.html HTTP/1.1" 500 - "-" "Mozilla/5.0 (compatible; SemrushBot/7~bl; +http://www.semrush.com/bot.html)" "mantech8.com"
185.191.171.7 - - [31/Dec/2022:06:26:40 -0800] "GET /index.php/camp-fire/15203384.html HTTP/1.1" 500 - "-" "Mozilla/5.0 (compatible; SemrushBot/7~bl; +http://www.semrush.com/bot.html)" "mantech8.com"
185.191.171.1 - - [31/Dec/2022:06:27:50 -0800] "GET /?camp-fire%2F26829257.html HTTP/1.1" 500 - "-" "Mozilla/5.0 (compatible; SemrushBot/7~bl; +http://www.semrush.com/bot.html)" "mantech8.com"
185.191.171.43 - - [31/Dec/2022:06:28:08 -0800] "GET /index.php?camp-fire%2F27982921.html HTTP/1.1" 500 - "-" "Mozilla/5.0 (compatible; SemrushBot/7~bl; +http://www.semrush.com/bot.html)" "mantech8.com"
185.191.171.33 - - [31/Dec/2022:06:28:12 -0800] "GET /?camp-fire%2F15159356.html HTTP/1.1" 500 - "-" "Mozilla/5.0 (compatible; SemrushBot/7~bl; +http://www.semrush.com/bot.html)" "mantech8.com"
178.159.37.83 - - [31/Dec/2022:06:28:41 -0800] "GET /contact.php HTTP/1.1" 200 29238 "http://mantech8.com/contact.php" "Mozilla/5.0 (Windows NT 10.0; WOW64) AppleWebKit/537.36 (KHTML, like Gecko) Chrome/90.0.4430.93 Safari/537.36" "mantech8.com"
178.159.37.83 - - [31/Dec/2022:06:28:42 -0800] "GET /verificationimage.php?5655 HTTP/1.1" 200 1394 "http://mantech8.com/contact.php" "Mozilla/5.0 (Windows NT 10.0; WOW64) AppleWebKit/537.36 (KHTML, like Gecko) Chrome/90.0.4430.93 Safari/537.36" "mantech8.com"
178.159.37.83 - - [31/Dec/2022:06:28:43 -0800] "POST /mailer.php HTTP/1.1" 500 - "http://mantech8.com/contact.php" "Mozilla/5.0 (Windows NT 10.0; WOW64) AppleWebKit/537.36 (KHTML, like Gecko) Chrome/90.0.4430.93 Safari/537.36" "mantech8.com"
178.159.37.83 - - [31/Dec/2022:06:28:43 -0800] "GET /contact.php HTTP/1.1" 200 29238 "http://mantech8.com/contact.php" "Mozilla/5.0 (Windows NT 10.0; WOW64) AppleWebKit/537.36 (KHTML, like Gecko) Chrome/90.0.4430.93 Safari/537.36" "mantech8.com"
185.191.171.5 - - [31/Dec/2022:06:29:29 -0800] "GET /index.php?camp-fire%2F2281790.html HTTP/1.1" 500 - "-" "Mozilla/5.0 (compatible; SemrushBot/7~bl; +http://www.semrush.com/bot.html)" "mantech8.com"
185.191.171.13 - - [31/Dec/2022:06:31:40 -0800] "GET /?camp-fire%2F26938321.html HTTP/1.1" 500 - "-" "Mozilla/5.0 (compatible; SemrushBot/7~bl; +http://www.semrush.com/bot.html)" "mantech8.com"
185.191.171.33 - - [31/Dec/2022:06:31:57 -0800] "GET /index.php?camp-fire%2F6614377.html HTTP/1.1" 500 - "-" "Mozilla/5.0 (compatible; SemrushBot/7~bl; +http://www.semrush.com/bot.html)" "mantech8.com"
185.191.171.40 - - [31/Dec/2022:06:32:08 -0800] "GET /?camp-fire%2F16676865.html HTTP/1.1" 500 - "-" "Mozilla/5.0 (compatible; SemrushBot/7~bl; +http://www.semrush.com/bot.html)" "mantech8.com"
185.191.171.21 - - [31/Dec/2022:06:32:37 -0800] "GET /?camp-fire%2F21407383.html HTTP/1.1" 500 - "-" "Mozilla/5.0 (compatible; SemrushBot/7~bl; +http://www.semrush.com/bot.html)" "mantech8.com"
185.191.171.36 - - [31/Dec/2022:06:33:31 -0800] "GET /?camp-fire%2F32957660.html HTTP/1.1" 500 - "-" "Mozilla/5.0 (compatible; SemrushBot/7~bl; +http://www.semrush.com/bot.html)" "mantech8.com"
185.191.171.4 - - [31/Dec/2022:06:34:18 -0800] "GET /index.php?camp-fire%2F11898176.html HTTP/1.1" 500 - "-" "Mozilla/5.0 (compatible; SemrushBot/7~bl; +http://www.semrush.com/bot.html)" "mantech8.com"
185.191.171.37 - - [31/Dec/2022:06:34:25 -0800] "GET /?camp-fire%2F19625108.html HTTP/1.1" 500 - "-" "Mozilla/5.0 (compatible; SemrushBot/7~bl; +http://www.semrush.com/bot.html)" "mantech8.com"
66.249.70.176 - - [31/Dec/2022:06:34:41 -0800] "GET /sitemapimages5674.xml HTTP/1.1" 404 88 "-" "Mozilla/5.0 (compatible; Googlebot/2.1; +http://www.google.com/bot.html)" "mantech8.com"
185.191.171.16 - - [31/Dec/2022:06:35:12 -0800] "GET /?camp-fire%2F27326270.html HTTP/1.1" 500 - "-" "Mozilla/5.0 (compatible; SemrushBot/7~bl; +http://www.semrush.com/bot.html)" "mantech8.com"
185.191.171.4 - - [31/Dec/2022:06:35:40 -0800] "GET /?camp-fire%2F33546268.html HTTP/1.1" 500 - "-" "Mozilla/5.0 (compatible; SemrushBot/7~bl; +http://www.semrush.com/bot.html)" "mantech8.com"
216.244.66.241 - - [31/Dec/2022:06:35:47 -0800] "GET /images/sb5.jpg HTTP/1.1" 200 99183 "-" "Mozilla/5.0 (compatible; DotBot/1.2; +https://opensiteexplorer.org/dotbot; help@moz.com)" "www.mantech8.com"
185.191.171.40 - - [31/Dec/2022:06:36:43 -0800] "GET /?camp-fire%2F31176059.html HTTP/1.1" 500 - "-" "Mozilla/5.0 (compatible; SemrushBot/7~bl; +http://www.semrush.com/bot.html)" "mantech8.com"
185.191.171.21 - - [31/Dec/2022:06:37:09 -0800] "GET /index.php/camp-fire/17651757.html HTTP/1.1" 500 - "-" "Mozilla/5.0 (compatible; SemrushBot/7~bl; +http://www.semrush.com/bot.html)" "mantech8.com"
185.191.171.8 - - [31/Dec/2022:06:37:33 -0800] "GET /?camp-fire%2F32005330.html HTTP/1.1" 500 - "-" "Mozilla/5.0 (compatible; SemrushBot/7~bl; +http://www.semrush.com/bot.html)" "mantech8.com"
185.191.171.26 - - [31/Dec/2022:06:38:07 -0800] "GET /?camp-fire%2F40530750.html HTTP/1.1" 500 - "-" "Mozilla/5.0 (compatible; SemrushBot/7~bl; +http://www.semrush.com/bot.html)" "mantech8.com"
185.191.171.26 - - [31/Dec/2022:06:38:13 -0800] "GET /?camp-fire%2F28625089.html HTTP/1.1" 500 - "-" "Mozilla/5.0 (compatible; SemrushBot/7~bl; +http://www.semrush.com/bot.html)" "mantech8.com"
185.191.171.3 - - [31/Dec/2022:06:38:18 -0800] "GET /?camp-fire%2F20762235.html HTTP/1.1" 500 - "-" "Mozilla/5.0 (compatible; SemrushBot/7~bl; +http://www.semrush.com/bot.html)" "mantech8.com"
185.191.171.11 - - [31/Dec/2022:06:38:30 -0800] "GET /?camp-fire%2F20000465.html HTTP/1.1" 500 - "-" "Mozilla/5.0 (compatible; SemrushBot/7~bl; +http://www.semrush.com/bot.html)" "mantech8.com"
185.191.171.37 - - [31/Dec/2022:06:38:47 -0800] "GET /index.php?camp-fire%2F15558446.html HTTP/1.1" 500 - "-" "Mozilla/5.0 (compatible; SemrushBot/7~bl; +http://www.semrush.com/bot.html)" "mantech8.com"
185.191.171.22 - - [31/Dec/2022:06:39:07 -0800] "GET /index.php?camp-fire%2F9474608.html HTTP/1.1" 500 - "-" "Mozilla/5.0 (compatible; SemrushBot/7~bl; +http://www.semrush.com/bot.html)" "mantech8.com"
185.191.171.42 - - [31/Dec/2022:06:39:32 -0800] "GET /?camp-fire%2F16529665.html HTTP/1.1" 500 - "-" "Mozilla/5.0 (compatible; SemrushBot/7~bl; +http://www.semrush.com/bot.html)" "mantech8.com"
185.191.171.21 - - [31/Dec/2022:06:39:41 -0800] "GET /?camp-fire%2F27521706.html HTTP/1.1" 500 - "-" "Mozilla/5.0 (compatible; SemrushBot/7~bl; +http://www.semrush.com/bot.html)" "mantech8.com"
185.191.171.6 - - [31/Dec/2022:06:40:01 -0800] "GET /?camp-fire%2F17942878.html HTTP/1.1" 500 - "-" "Mozilla/5.0 (compatible; SemrushBot/7~bl; +http://www.semrush.com/bot.html)" "mantech8.com"
185.191.171.42 - - [31/Dec/2022:06:42:22 -0800] "GET /?camp-fire%2F37040606.html HTTP/1.1" 500 - "-" "Mozilla/5.0 (compatible; SemrushBot/7~bl; +http://www.semrush.com/bot.html)" "mantech8.com"
185.191.171.6 - - [31/Dec/2022:06:43:29 -0800] "GET /?camp-fire%2F20791035.html HTTP/1.1" 500 - "-" "Mozilla/5.0 (compatible; SemrushBot/7~bl; +http://www.semrush.com/bot.html)" "mantech8.com"
185.191.171.1 - - [31/Dec/2022:06:43:44 -0800] "GET /?camp-fire%2F19388080.html HTTP/1.1" 500 - "-" "Mozilla/5.0 (compatible; SemrushBot/7~bl; +http://www.semrush.com/bot.html)" "mantech8.com"
185.191.171.11 - - [31/Dec/2022:06:44:01 -0800] "GET /?camp-fire%2F14930987.html HTTP/1.1" 500 - "-" "Mozilla/5.0 (compatible; SemrushBot/7~bl; +http://www.semrush.com/bot.html)" "mantech8.com"
185.191.171.19 - - [31/Dec/2022:06:45:03 -0800] "GET /?camp-fire%2F26893476.html HTTP/1.1" 500 - "-" "Mozilla/5.0 (compatible; SemrushBot/7~bl; +http://www.semrush.com/bot.html)" "mantech8.com"
185.191.171.12 - - [31/Dec/2022:06:45:17 -0800] "GET /index.php?camp-fire%2F9694383.html HTTP/1.1" 500 - "-" "Mozilla/5.0 (compatible; SemrushBot/7~bl; +http://www.semrush.com/bot.html)" "mantech8.com"
103.141.69.137 - - [31/Dec/2022:06:45:19 -0800] "GET /contact.php HTTP/1.1" 200 29238 "http://mantech8.com/contact.php" "Mozilla/5.0 (Windows NT 6.1) AppleWebKit/537.36 (KHTML, like Gecko) Chrome/90.0.4430.93 Safari/537.36" "mantech8.com"
103.141.69.137 - - [31/Dec/2022:06:45:26 -0800] "GET /verificationimage.php?2719 HTTP/1.1" 200 1358 "http://mantech8.com/contact.php" "Mozilla/5.0 (Windows NT 6.1) AppleWebKit/537.36 (KHTML, like Gecko) Chrome/90.0.4430.93 Safari/537.36" "mantech8.com"
103.141.69.137 - - [31/Dec/2022:06:45:31 -0800] "POST /mailer.php HTTP/1.1" 500 - "http://mantech8.com/contact.php" "Mozilla/5.0 (Windows NT 6.1) AppleWebKit/537.36 (KHTML, like Gecko) Chrome/90.0.4430.93 Safari/537.36" "mantech8.com"
185.191.171.44 - - [31/Dec/2022:06:45:46 -0800] "GET /index.php/camp-fire/27929759.html HTTP/1.1" 500 - "-" "Mozilla/5.0 (compatible; SemrushBot/7~bl; +http://www.semrush.com/bot.html)" "mantech8.com"
185.191.171.21 - - [31/Dec/2022:06:46:04 -0800] "GET /?camp-fire%2F16668084.html HTTP/1.1" 500 - "-" "Mozilla/5.0 (compatible; SemrushBot/7~bl; +http://www.semrush.com/bot.html)" "mantech8.com"
185.191.171.33 - - [31/Dec/2022:06:46:12 -0800] "GET /?camp-fire%2F16081656.html HTTP/1.1" 500 - "-" "Mozilla/5.0 (compatible; SemrushBot/7~bl; +http://www.semrush.com/bot.html)" "mantech8.com"
185.191.171.7 - - [31/Dec/2022:06:46:40 -0800] "GET /?camp-fire%2F29137789.html HTTP/1.1" 500 - "-" "Mozilla/5.0 (compatible; SemrushBot/7~bl; +http://www.semrush.com/bot.html)" "mantech8.com"
185.191.171.8 - - [31/Dec/2022:06:46:46 -0800] "GET /?camp-fire%2F14883587.html HTTP/1.1" 500 - "-" "Mozilla/5.0 (compatible; SemrushBot/7~bl; +http://www.semrush.com/bot.html)" "mantech8.com"
185.191.171.43 - - [31/Dec/2022:06:47:59 -0800] "GET /index.php?camp-fire%2F3822893.html HTTP/1.1" 500 - "-" "Mozilla/5.0 (compatible; SemrushBot/7~bl; +http://www.semrush.com/bot.html)" "mantech8.com"
66.249.70.180 - - [31/Dec/2022:06:49:07 -0800] "GET /sitemapmobile16416.xml HTTP/1.1" 404 88 "-" "Mozilla/5.0 (compatible; Googlebot/2.1; +http://www.google.com/bot.html)" "mantech8.com"
185.191.171.9 - - [31/Dec/2022:06:49:14 -0800] "GET /?camp-fire%2F17570180.html HTTP/1.1" 500 - "-" "Mozilla/5.0 (compatible; SemrushBot/7~bl; +http://www.semrush.com/bot.html)" "mantech8.com"
185.191.171.8 - - [31/Dec/2022:06:49:23 -0800] "GET /?camp-fire%2F16701483.html HTTP/1.1" 500 - "-" "Mozilla/5.0 (compatible; SemrushBot/7~bl; +http://www.semrush.com/bot.html)" "mantech8.com"
185.191.171.18 - - [31/Dec/2022:06:50:12 -0800] "GET /index.php/camp-fire/8047508.html HTTP/1.1" 500 - "-" "Mozilla/5.0 (compatible; SemrushBot/7~bl; +http://www.semrush.com/bot.html)" "mantech8.com"
185.191.171.35 - - [31/Dec/2022:06:50:32 -0800] "GET /?camp-fire%2F23931633.html HTTP/1.1" 500 - "-" "Mozilla/5.0 (compatible; SemrushBot/7~bl; +http://www.semrush.com/bot.html)" "mantech8.com"
185.191.171.35 - - [31/Dec/2022:06:51:21 -0800] "GET /?camp-fire%2F22235157.html HTTP/1.1" 500 - "-" "Mozilla/5.0 (compatible; SemrushBot/7~bl; +http://www.semrush.com/bot.html)" "mantech8.com"
185.191.171.33 - - [31/Dec/2022:06:51:36 -0800] "GET /index.php?camp-fire%2F6772377.html HTTP/1.1" 500 - "-" "Mozilla/5.0 (compatible; SemrushBot/7~bl; +http://www.semrush.com/bot.html)" "mantech8.com"
185.191.171.4 - - [31/Dec/2022:06:51:53 -0800] "GET /?camp-fire%2F12036676.html HTTP/1.1" 500 - "-" "Mozilla/5.0 (compatible; SemrushBot/7~bl; +http://www.semrush.com/bot.html)" "mantech8.com"
185.191.171.15 - - [31/Dec/2022:06:51:57 -0800] "GET /?camp-fire%2F24727465.html HTTP/1.1" 500 - "-" "Mozilla/5.0 (compatible; SemrushBot/7~bl; +http://www.semrush.com/bot.html)" "mantech8.com"
185.191.171.19 - - [31/Dec/2022:06:52:41 -0800] "GET /?camp-fire%2F7597121.html HTTP/1.1" 500 - "-" "Mozilla/5.0 (compatible; SemrushBot/7~bl; +http://www.semrush.com/bot.html)" "mantech8.com"
185.191.171.18 - - [31/Dec/2022:06:53:54 -0800] "GET /index.php/camp-fire/5236565.html HTTP/1.1" 500 - "-" "Mozilla/5.0 (compatible; SemrushBot/7~bl; +http://www.semrush.com/bot.html)" "mantech8.com"
185.191.171.34 - - [31/Dec/2022:06:54:16 -0800] "GET /?camp-fire%2F17074172.html HTTP/1.1" 500 - "-" "Mozilla/5.0 (compatible; SemrushBot/7~bl; +http://www.semrush.com/bot.html)" "mantech8.com"
185.191.171.4 - - [31/Dec/2022:06:54:49 -0800] "GET /index.php?camp-fire%2F26114882.html HTTP/1.1" 500 - "-" "Mozilla/5.0 (compatible; SemrushBot/7~bl; +http://www.semrush.com/bot.html)" "mantech8.com"
185.191.171.24 - - [31/Dec/2022:06:55:22 -0800] "GET /?camp-fire%2F18914981.html HTTP/1.1" 500 - "-" "Mozilla/5.0 (compatible; SemrushBot/7~bl; +http://www.semrush.com/bot.html)" "mantech8.com"
185.191.171.36 - - [31/Dec/2022:06:55:44 -0800] "GET /?camp-fire%2F14812287.html HTTP/1.1" 500 - "-" "Mozilla/5.0 (compatible; SemrushBot/7~bl; +http://www.semrush.com/bot.html)" "mantech8.com"
185.191.171.23 - - [31/Dec/2022:06:55:52 -0800] "GET /?camp-fire%2F17981681.html HTTP/1.1" 500 - "-" "Mozilla/5.0 (compatible; SemrushBot/7~bl; +http://www.semrush.com/bot.html)" "mantech8.com"
185.191.171.11 - - [31/Dec/2022:06:56:28 -0800] "GET /?camp-fire%2F23648906.html HTTP/1.1" 500 - "-" "Mozilla/5.0 (compatible; SemrushBot/7~bl; +http://www.semrush.com/bot.html)" "mantech8.com"
185.191.171.21 - - [31/Dec/2022:06:56:51 -0800] "GET /?camp-fire%2F27614247.html HTTP/1.1" 500 - "-" "Mozilla/5.0 (compatible; SemrushBot/7~bl; +http://www.semrush.com/bot.html)" "mantech8.com"
185.191.171.11 - - [31/Dec/2022:06:57:19 -0800] "GET /?camp-fire%2F26169951.html HTTP/1.1" 500 - "-" "Mozilla/5.0 (compatible; SemrushBot/7~bl; +http://www.semrush.com/bot.html)" "mantech8.com"
185.191.171.8 - - [31/Dec/2022:06:58:13 -0800] "GET /index.php/camp-fire/32551125.html HTTP/1.1" 500 - "-" "Mozilla/5.0 (compatible; SemrushBot/7~bl; +http://www.semrush.com/bot.html)" "mantech8.com"
185.191.171.43 - - [31/Dec/2022:06:58:35 -0800] "GET /?camp-fire%2F28961335.html HTTP/1.1" 500 - "-" "Mozilla/5.0 (compatible; SemrushBot/7~bl; +http://www.semrush.com/bot.html)" "mantech8.com"
185.191.171.2 - - [31/Dec/2022:06:58:54 -0800] "GET /index.php?camp-fire%2F21107578.html HTTP/1.1" 500 - "-" "Mozilla/5.0 (compatible; SemrushBot/7~bl; +http://www.semrush.com/bot.html)" "mantech8.com"
185.191.171.37 - - [31/Dec/2022:06:59:14 -0800] "GET /?camp-fire%2F27396776.html HTTP/1.1" 500 - "-" "Mozilla/5.0 (compatible; SemrushBot/7~bl; +http://www.semrush.com/bot.html)" "mantech8.com"
185.191.171.5 - - [31/Dec/2022:06:59:16 -0800] "GET /?camp-fire%2F27651609.html HTTP/1.1" 500 - "-" "Mozilla/5.0 (compatible; SemrushBot/7~bl; +http://www.semrush.com/bot.html)" "mantech8.com"
185.191.171.4 - - [31/Dec/2022:06:59:39 -0800] "GET /?camp-fire%2F26801421.html HTTP/1.1" 500 - "-" "Mozilla/5.0 (compatible; SemrushBot/7~bl; +http://www.semrush.com/bot.html)" "mantech8.com"
185.191.171.20 - - [31/Dec/2022:07:00:20 -0800] "GET /index.php?camp-fire%2F25738130.html HTTP/1.1" 500 - "-" "Mozilla/5.0 (compatible; SemrushBot/7~bl; +http://www.semrush.com/bot.html)" "mantech8.com"
185.191.171.39 - - [31/Dec/2022:07:00:24 -0800] "GET /?camp-fire%2F21636517.html HTTP/1.1" 500 - "-" "Mozilla/5.0 (compatible; SemrushBot/7~bl; +http://www.semrush.com/bot.html)" "mantech8.com"
185.191.171.16 - - [31/Dec/2022:07:01:21 -0800] "GET /?camp-fire%2F31423541.html HTTP/1.1" 500 - "-" "Mozilla/5.0 (compatible; SemrushBot/7~bl; +http://www.semrush.com/bot.html)" "mantech8.com"
185.191.171.18 - - [31/Dec/2022:07:01:36 -0800] "GET /?camp-fire%2F14055159.html HTTP/1.1" 500 - "-" "Mozilla/5.0 (compatible; SemrushBot/7~bl; +http://www.semrush.com/bot.html)" "mantech8.com"
185.191.171.23 - - [31/Dec/2022:07:01:45 -0800] "GET /?camp-fire%2F30414289.html HTTP/1.1" 500 - "-" "Mozilla/5.0 (compatible; SemrushBot/7~bl; +http://www.semrush.com/bot.html)" "mantech8.com"
216.244.66.241 - - [31/Dec/2022:07:02:28 -0800] "GET /robots.txt HTTP/1.1" 200 222 "-" "Mozilla/5.0 (compatible; DotBot/1.2; +https://opensiteexplorer.org/dotbot; help@moz.com)" "mantech8.com"
216.244.66.241 - - [31/Dec/2022:07:02:28 -0800] "GET /robots.txt HTTP/1.1" 200 222 "-" "Mozilla/5.0 (compatible; DotBot/1.2; +https://opensiteexplorer.org/dotbot; help@moz.com)" "www.mantech8.com"
157.55.39.75 - - [31/Dec/2022:07:04:26 -0800] "GET /index.php/31ec HTTP/1.1" 200 82141 "-" "Mozilla/5.0 AppleWebKit/537.36 (KHTML, like Gecko; compatible; bingbot/2.0; +http://www.bing.com/bingbot.htm) Chrome/103.0.5060.134 Safari/537.36" "mantech8.com"
185.191.171.34 - - [31/Dec/2022:07:04:41 -0800] "GET /?camp-fire%2F25568306.html HTTP/1.1" 500 - "-" "Mozilla/5.0 (compatible; SemrushBot/7~bl; +http://www.semrush.com/bot.html)" "mantech8.com"
185.191.171.1 - - [31/Dec/2022:07:05:04 -0800] "GET /index.php/camp-fire/2393993.html HTTP/1.1" 500 - "-" "Mozilla/5.0 (compatible; SemrushBot/7~bl; +http://www.semrush.com/bot.html)" "mantech8.com"
114.119.143.119 - - [31/Dec/2022:07:05:05 -0800] "GET /index.php?sitemap1077.xml HTTP/1.1" 200 289135 "-" "Mozilla/5.0 (compatible;PetalBot;+https://webmaster.petalsearch.com/site/petalbot)" "mantech8.com"
185.191.171.10 - - [31/Dec/2022:07:05:14 -0800] "GET /?camp-fire%2F26119451.html HTTP/1.1" 500 - "-" "Mozilla/5.0 (compatible; SemrushBot/7~bl; +http://www.semrush.com/bot.html)" "mantech8.com"
185.191.171.6 - - [31/Dec/2022:07:05:24 -0800] "GET /?camp-fire%2F15907878.html HTTP/1.1" 500 - "-" "Mozilla/5.0 (compatible; SemrushBot/7~bl; +http://www.semrush.com/bot.html)" "mantech8.com"
185.191.171.25 - - [31/Dec/2022:07:05:54 -0800] "GET /index.php?camp-fire%2F4312978.html HTTP/1.1" 500 - "-" "Mozilla/5.0 (compatible; SemrushBot/7~bl; +http://www.semrush.com/bot.html)" "mantech8.com"
185.191.171.15 - - [31/Dec/2022:07:06:30 -0800] "GET /?camp-fire%2F19299859.html HTTP/1.1" 500 - "-" "Mozilla/5.0 (compatible; SemrushBot/7~bl; +http://www.semrush.com/bot.html)" "mantech8.com"
114.119.141.178 - - [31/Dec/2022:07:06:36 -0800] "GET /index.php?camp-fire/62624823.html HTTP/1.1" 500 - "-" "Mozilla/5.0 (Linux; Android 7.0;) AppleWebKit/537.36 (KHTML, like Gecko) Mobile Safari/537.36 (compatible; PetalBot;+https://webmaster.petalsearch.com/site/petalbot)" "www.mantech8.com"
185.191.171.9 - - [31/Dec/2022:07:06:43 -0800] "GET /?camp-fire%2F21894790.html HTTP/1.1" 500 - "-" "Mozilla/5.0 (compatible; SemrushBot/7~bl; +http://www.semrush.com/bot.html)" "mantech8.com"
157.55.39.95 - - [31/Dec/2022:07:07:22 -0800] "GET /index.php?camp-fire/6632.html HTTP/1.1" 200 68954 "-" "Mozilla/5.0 (compatible; bingbot/2.0; +http://www.bing.com/bingbot.htm)" "www.mantech8.com"
185.191.171.4 - - [31/Dec/2022:07:07:37 -0800] "GET /index.php?camp-fire%2F21649484.html HTTP/1.1" 500 - "-" "Mozilla/5.0 (compatible; SemrushBot/7~bl; +http://www.semrush.com/bot.html)" "mantech8.com"
114.119.131.52 - - [31/Dec/2022:07:08:09 -0800] "GET /index.php?sitemap5.xml HTTP/1.1" 200 289325 "-" "Mozilla/5.0 (Linux; Android 7.0;) AppleWebKit/537.36 (KHTML, like Gecko) Mobile Safari/537.36 (compatible; PetalBot;+https://webmaster.petalsearch.com/site/petalbot)" "mantech8.com"
185.191.171.44 - - [31/Dec/2022:07:08:13 -0800] "GET /?camp-fire%2F36075725.html HTTP/1.1" 500 - "-" "Mozilla/5.0 (compatible; SemrushBot/7~bl; +http://www.semrush.com/bot.html)" "mantech8.com"
185.191.171.4 - - [31/Dec/2022:07:09:32 -0800] "GET /?camp-fire%2F17665827.html HTTP/1.1" 500 - "-" "Mozilla/5.0 (compatible; SemrushBot/7~bl; +http://www.semrush.com/bot.html)" "mantech8.com"
114.119.135.130 - - [31/Dec/2022:07:09:45 -0800] "GET /index.php/sitemap2.xml HTTP/1.1" 200 289457 "-" "Mozilla/5.0 (Linux; Android 7.0;) AppleWebKit/537.36 (KHTML, like Gecko) Mobile Safari/537.36 (compatible; PetalBot;+https://webmaster.petalsearch.com/site/petalbot)" "mantech8.com"
185.191.171.17 - - [31/Dec/2022:07:10:33 -0800] "GET /index.php/camp-fire/34434047.html HTTP/1.1" 500 - "-" "Mozilla/5.0 (compatible; SemrushBot/7~bl; +http://www.semrush.com/bot.html)" "mantech8.com"
114.119.128.62 - - [31/Dec/2022:07:10:48 -0800] "GET /bimages/ework/nwknstkjnx.php HTTP/1.1" 200 32 "http://mantech8.com/bimages/ework/" "Mozilla/5.0 (Linux; Android 7.0;) AppleWebKit/537.36 (KHTML, like Gecko) Mobile Safari/537.36 (compatible; PetalBot;+https://webmaster.petalsearch.com/site/petalbot)" "mantech8.com"
185.191.171.22 - - [31/Dec/2022:07:11:03 -0800] "GET /?camp-fire%2F99821735.html HTTP/1.1" 500 - "-" "Mozilla/5.0 (compatible; SemrushBot/7~bl; +http://www.semrush.com/bot.html)" "mantech8.com"
185.191.171.6 - - [31/Dec/2022:07:11:25 -0800] "GET /?camp-fire%2F38117825.html HTTP/1.1" 500 - "-" "Mozilla/5.0 (compatible; SemrushBot/7~bl; +http://www.semrush.com/bot.html)" "mantech8.com"
185.191.171.40 - - [31/Dec/2022:07:11:32 -0800] "GET /?camp-fire%2F24331032.html HTTP/1.1" 500 - "-" "Mozilla/5.0 (compatible; SemrushBot/7~bl; +http://www.semrush.com/bot.html)" "mantech8.com"
185.191.171.25 - - [31/Dec/2022:07:12:30 -0800] "GET /?camp-fire%2F24842881.html HTTP/1.1" 500 - "-" "Mozilla/5.0 (compatible; SemrushBot/7~bl; +http://www.semrush.com/bot.html)" "mantech8.com"
64.124.8.49 - - [31/Dec/2022:07:12:46 -0800] "GET /bimages/gallery/s14.jpg HTTP/1.1" 200 76149 "-" "Mozilla/5.0 (Macintosh; Intel Mac OS X 10_15_7) AppleWebKit/537.36 (KHTML, like Gecko) Chrome/107.0.0.0 Safari/537.36" "mantech8.com"
185.191.171.16 - - [31/Dec/2022:07:12:49 -0800] "GET /?camp-fire%2F26072951.html HTTP/1.1" 500 - "-" "Mozilla/5.0 (compatible; SemrushBot/7~bl; +http://www.semrush.com/bot.html)" "mantech8.com"
185.191.171.35 - - [31/Dec/2022:07:12:53 -0800] "GET /?camp-fire%2F30478941.html HTTP/1.1" 500 - "-" "Mozilla/5.0 (compatible; SemrushBot/7~bl; +http://www.semrush.com/bot.html)" "mantech8.com"
64.124.8.49 - - [31/Dec/2022:07:12:58 -0800] "GET /bimages/gallery/thump/c4.jpg HTTP/1.1" 200 138287 "-" "Mozilla/5.0 (Macintosh; Intel Mac OS X 10_15_7) AppleWebKit/537.36 (KHTML, like Gecko) Chrome/107.0.0.0 Safari/537.36" "mantech8.com"
185.191.171.4 - - [31/Dec/2022:07:13:07 -0800] "GET /?camp-fire%2F19259900.html HTTP/1.1" 500 - "-" "Mozilla/5.0 (compatible; SemrushBot/7~bl; +http://www.semrush.com/bot.html)" "mantech8.com"
66.249.70.180 - - [31/Dec/2022:07:13:52 -0800] "GET /sitemapimages9867.xml HTTP/1.1" 404 88 "-" "Mozilla/5.0 (compatible; Googlebot/2.1; +http://www.google.com/bot.html)" "mantech8.com"
185.191.171.41 - - [31/Dec/2022:07:14:27 -0800] "GET /?camp-fire%2F23189809.html HTTP/1.1" 500 - "-" "Mozilla/5.0 (compatible; SemrushBot/7~bl; +http://www.semrush.com/bot.html)" "mantech8.com"
185.191.171.2 - - [31/Dec/2022:07:14:30 -0800] "GET /?camp-fire%2F33181416.html HTTP/1.1" 500 - "-" "Mozilla/5.0 (compatible; SemrushBot/7~bl; +http://www.semrush.com/bot.html)" "mantech8.com"
185.191.171.22 - - [31/Dec/2022:07:14:35 -0800] "GET /?camp-fire%2F24868806.html HTTP/1.1" 500 - "-" "Mozilla/5.0 (compatible; SemrushBot/7~bl; +http://www.semrush.com/bot.html)" "mantech8.com"
185.191.171.40 - - [31/Dec/2022:07:14:45 -0800] "GET /?camp-fire%2F17013577.html HTTP/1.1" 500 - "-" "Mozilla/5.0 (compatible; SemrushBot/7~bl; +http://www.semrush.com/bot.html)" "mantech8.com"
185.191.171.15 - - [31/Dec/2022:07:14:53 -0800] "GET /index.php/camp-fire/40748250.html HTTP/1.1" 500 - "-" "Mozilla/5.0 (compatible; SemrushBot/7~bl; +http://www.semrush.com/bot.html)" "mantech8.com"
185.191.171.23 - - [31/Dec/2022:07:15:03 -0800] "GET /index.php?camp-fire%2F21289472.html HTTP/1.1" 500 - "-" "Mozilla/5.0 (compatible; SemrushBot/7~bl; +http://www.semrush.com/bot.html)" "mantech8.com"
185.191.171.12 - - [31/Dec/2022:07:15:08 -0800] "GET /index.php?camp-fire%2F6041285.html HTTP/1.1" 500 - "-" "Mozilla/5.0 (compatible; SemrushBot/7~bl; +http://www.semrush.com/bot.html)" "mantech8.com"
185.191.171.22 - - [31/Dec/2022:07:16:31 -0800] "GET /?camp-fire%2F22410526.html HTTP/1.1" 500 - "-" "Mozilla/5.0 (compatible; SemrushBot/7~bl; +http://www.semrush.com/bot.html)" "mantech8.com"
157.55.39.150 - - [31/Dec/2022:07:17:07 -0800] "GET /sitemapindeximages.xml HTTP/1.1" 404 88 "-" "Mozilla/5.0 (compatible; bingbot/2.0; +http://www.bing.com/bingbot.htm)" "mantech8.com"
157.55.39.150 - - [31/Dec/2022:07:17:07 -0800] "GET /sitemapindex.xml HTTP/1.1" 404 88 "-" "Mozilla/5.0 AppleWebKit/537.36 (KHTML, like Gecko; compatible; bingbot/2.0; +http://www.bing.com/bingbot.htm) Chrome/103.0.5060.134 Safari/537.36" "mantech8.com"
157.55.39.75 - - [31/Dec/2022:07:17:11 -0800] "GET /sitemapnewindex.xml HTTP/1.1" 404 88 "-" "Mozilla/5.0 AppleWebKit/537.36 (KHTML, like Gecko; compatible; bingbot/2.0; +http://www.bing.com/bingbot.htm) Chrome/103.0.5060.134 Safari/537.36" "mantech8.com"
157.55.39.95 - - [31/Dec/2022:07:17:17 -0800] "GET /sitemapmobileindex.xml HTTP/1.1" 404 88 "-" "Mozilla/5.0 (compatible; bingbot/2.0; +http://www.bing.com/bingbot.htm)" "mantech8.com"
185.191.171.38 - - [31/Dec/2022:07:17:36 -0800] "GET /?camp-fire%2F18849780.html HTTP/1.1" 500 - "-" "Mozilla/5.0 (compatible; SemrushBot/7~bl; +http://www.semrush.com/bot.html)" "mantech8.com"
185.191.171.43 - - [31/Dec/2022:07:18:34 -0800] "GET /index.php/camp-fire/34649925.html HTTP/1.1" 500 - "-" "Mozilla/5.0 (compatible; SemrushBot/7~bl; +http://www.semrush.com/bot.html)" "mantech8.com"
185.191.171.43 - - [31/Dec/2022:07:19:29 -0800] "GET /?camp-fire%2F28021359.html HTTP/1.1" 500 - "-" "Mozilla/5.0 (compatible; SemrushBot/7~bl; +http://www.semrush.com/bot.html)" "mantech8.com"
185.191.171.26 - - [31/Dec/2022:07:19:50 -0800] "GET /robots.txt HTTP/1.1" 200 106 "-" "Mozilla/5.0 (compatible; SemrushBot/7~bl; +http://www.semrush.com/bot.html)" "mantech8.com"
185.191.171.3 - - [31/Dec/2022:07:19:51 -0800] "GET /?camp-fire%2F27101551.html HTTP/1.1" 500 - "-" "Mozilla/5.0 (compatible; SemrushBot/7~bl; +http://www.semrush.com/bot.html)" "mantech8.com"
185.191.171.42 - - [31/Dec/2022:07:20:19 -0800] "GET /index.php?camp-fire%2F27122582.html HTTP/1.1" 500 - "-" "Mozilla/5.0 (compatible; SemrushBot/7~bl; +http://www.semrush.com/bot.html)" "mantech8.com"
185.191.171.35 - - [31/Dec/2022:07:20:35 -0800] "GET /?camp-fire%2F15888396.html HTTP/1.1" 500 - "-" "Mozilla/5.0 (compatible; SemrushBot/7~bl; +http://www.semrush.com/bot.html)" "mantech8.com"
185.191.171.26 - - [31/Dec/2022:07:20:50 -0800] "GET /?camp-fire%2F38202382.html HTTP/1.1" 500 - "-" "Mozilla/5.0 (compatible; SemrushBot/7~bl; +http://www.semrush.com/bot.html)" "mantech8.com"
185.191.171.41 - - [31/Dec/2022:07:20:53 -0800] "GET /?camp-fire%2F15297556.html HTTP/1.1" 500 - "-" "Mozilla/5.0 (compatible; SemrushBot/7~bl; +http://www.semrush.com/bot.html)" "mantech8.com"
185.191.171.24 - - [31/Dec/2022:07:21:23 -0800] "GET /?camp-fire%2F78049293.html HTTP/1.1" 500 - "-" "Mozilla/5.0 (compatible; SemrushBot/7~bl; +http://www.semrush.com/bot.html)" "mantech8.com"
185.191.171.34 - - [31/Dec/2022:07:21:25 -0800] "GET /index.php?camp-fire%2F1397000.html HTTP/1.1" 500 - "-" "Mozilla/5.0 (compatible; SemrushBot/7~bl; +http://www.semrush.com/bot.html)" "mantech8.com"
185.191.171.23 - - [31/Dec/2022:07:21:55 -0800] "GET /?camp-fire%2F25045906.html HTTP/1.1" 500 - "-" "Mozilla/5.0 (compatible; SemrushBot/7~bl; +http://www.semrush.com/bot.html)" "mantech8.com"
18.236.137.4 - - [31/Dec/2022:07:22:01 -0800] "GET / HTTP/1.1" 500 - "-" "Mozilla/5.0 (X11; Linux x86_64) AppleWebKit/537.36 (KHTML, like Gecko) Chrome/83.0.4103.97 Safari/537.36" "mantech8.com"
18.237.196.111 - - [31/Dec/2022:07:22:02 -0800] "GET / HTTP/1.1" 500 - "-" "Mozilla/5.0 (X11; Linux x86_64) AppleWebKit/537.36 (KHTML, like Gecko) Chrome/83.0.4103.97 Safari/537.36" "mantech8.com"
114.119.137.190 - - [31/Dec/2022:07:22:10 -0800] "GET /index.php/curlyhead.xml HTTP/1.1" 200 289249 "-" "Mozilla/5.0 (Linux; Android 7.0;) AppleWebKit/537.36 (KHTML, like Gecko) Mobile Safari/537.36 (compatible; PetalBot;+https://webmaster.petalsearch.com/site/petalbot)" "mantech8.com"
185.191.171.7 - - [31/Dec/2022:07:22:25 -0800] "GET /index.php?camp-fire%2F99736126.html HTTP/1.1" 500 - "-" "Mozilla/5.0 (compatible; SemrushBot/7~bl; +http://www.semrush.com/bot.html)" "mantech8.com"
185.191.171.35 - - [31/Dec/2022:07:22:36 -0800] "GET /?camp-fire%2F26041551.html HTTP/1.1" 500 - "-" "Mozilla/5.0 (compatible; SemrushBot/7~bl; +http://www.semrush.com/bot.html)" "mantech8.com"
185.191.171.26 - - [31/Dec/2022:07:22:55 -0800] "GET /index.php/camp-fire/35665033.html HTTP/1.1" 500 - "-" "Mozilla/5.0 (compatible; SemrushBot/7~bl; +http://www.semrush.com/bot.html)" "mantech8.com"
185.191.171.12 - - [31/Dec/2022:07:23:04 -0800] "GET /?camp-fire%2F20794335.html HTTP/1.1" 500 - "-" "Mozilla/5.0 (compatible; SemrushBot/7~bl; +http://www.semrush.com/bot.html)" "mantech8.com"
185.191.171.7 - - [31/Dec/2022:07:24:20 -0800] "GET /?camp-fire%2F31175959.html HTTP/1.1" 500 - "-" "Mozilla/5.0 (compatible; SemrushBot/7~bl; +http://www.semrush.com/bot.html)" "mantech8.com"
185.191.171.36 - - [31/Dec/2022:07:26:12 -0800] "GET /?camp-fire%2F24554106.html HTTP/1.1" 500 - "-" "Mozilla/5.0 (compatible; SemrushBot/7~bl; +http://www.semrush.com/bot.html)" "mantech8.com"
185.191.171.45 - - [31/Dec/2022:07:26:30 -0800] "GET /index.php?camp-fire%2F15179384.html HTTP/1.1" 500 - "-" "Mozilla/5.0 (compatible; SemrushBot/7~bl; +http://www.semrush.com/bot.html)" "mantech8.com"
185.191.171.14 - - [31/Dec/2022:07:26:35 -0800] "GET /?camp-fire%2F13171476.html HTTP/1.1" 500 - "-" "Mozilla/5.0 (compatible; SemrushBot/7~bl; +http://www.semrush.com/bot.html)" "mantech8.com"
