157.55.39.111 - - [29/Dec/2022:06:58:46 -0800] "GET /index.php?/wsfw/ HTTP/1.1" 200 75328 "-" "Mozilla/5.0 AppleWebKit/537.36 (KHTML, like Gecko; compatible; bingbot/2.0; +http://www.bing.com/bingbot.htm) Chrome/103.0.5060.134 Safari/537.36" "mantech8.com"
157.55.39.111 - - [29/Dec/2022:06:58:47 -0800] "GET /index.php?/sjzx/ HTTP/1.1" 200 60291 "-" "Mozilla/5.0 (compatible; bingbot/2.0; +http://www.bing.com/bingbot.htm)" "mantech8.com"
157.55.39.111 - - [29/Dec/2022:06:58:47 -0800] "GET /index.php?/gzdt/ HTTP/1.1" 200 62040 "-" "Mozilla/5.0 (compatible; bingbot/2.0; +http://www.bing.com/bingbot.htm)" "mantech8.com"
157.55.39.111 - - [29/Dec/2022:06:58:48 -0800] "GET /?/col.jsp?id=105 HTTP/1.1" 200 57523 "-" "Mozilla/5.0 AppleWebKit/537.36 (KHTML, like Gecko; compatible; bingbot/2.0; +http://www.bing.com/bingbot.htm) Chrome/103.0.5060.134 Safari/537.36" "mantech8.com"
157.55.39.111 - - [29/Dec/2022:06:58:49 -0800] "GET /?/bank/gj21/ HTTP/1.1" 200 57343 "-" "Mozilla/5.0 (compatible; bingbot/2.0; +http://www.bing.com/bingbot.htm)" "mantech8.com"
157.55.39.111 - - [29/Dec/2022:06:58:49 -0800] "GET /?/bank/gj12/ HTTP/1.1" 200 63891 "-" "Mozilla/5.0 AppleWebKit/537.36 (KHTML, like Gecko; compatible; bingbot/2.0; +http://www.bing.com/bingbot.htm) Chrome/103.0.5060.134 Safari/537.36" "mantech8.com"
157.55.39.111 - - [29/Dec/2022:06:58:50 -0800] "GET /?/katan/ HTTP/1.1" 200 63197 "-" "Mozilla/5.0 (compatible; bingbot/2.0; +http://www.bing.com/bingbot.htm)" "mantech8.com"
157.55.39.111 - - [29/Dec/2022:06:58:50 -0800] "GET /?/law HTTP/1.1" 200 67659 "-" "Mozilla/5.0 AppleWebKit/537.36 (KHTML, like Gecko; compatible; bingbot/2.0; +http://www.bing.com/bingbot.htm) Chrome/103.0.5060.134 Safari/537.36" "mantech8.com"
157.55.39.111 - - [29/Dec/2022:06:58:51 -0800] "GET /?/new/ HTTP/1.1" 200 68628 "-" "Mozilla/5.0 (compatible; bingbot/2.0; +http://www.bing.com/bingbot.htm)" "mantech8.com"
157.55.39.111 - - [29/Dec/2022:06:58:52 -0800] "GET /?/news/24.html HTTP/1.1" 200 58592 "-" "Mozilla/5.0 (compatible; bingbot/2.0; +http://www.bing.com/bingbot.htm)" "mantech8.com"
157.55.39.111 - - [29/Dec/2022:06:58:52 -0800] "GET /?/p/czsmedmpbkz/ HTTP/1.1" 200 60390 "-" "Mozilla/5.0 (compatible; bingbot/2.0; +http://www.bing.com/bingbot.htm)" "mantech8.com"
157.55.39.12 - - [29/Dec/2022:06:58:52 -0800] "GET /ozUN-12cd-ercGj.Ii HTTP/1.1" 404 88 "-" "Mozilla/5.0 (compatible; bingbot/2.0; +http://www.bing.com/bingbot.htm)" "mantech8.com"
157.55.39.111 - - [29/Dec/2022:06:58:53 -0800] "GET /?/xxgk/jmxx/ HTTP/1.1" 200 65268 "-" "Mozilla/5.0 (compatible; bingbot/2.0; +http://www.bing.com/bingbot.htm)" "mantech8.com"
157.55.39.111 - - [29/Dec/2022:06:58:53 -0800] "GET /?/xxdt/xxxb/ HTTP/1.1" 200 63664 "-" "Mozilla/5.0 AppleWebKit/537.36 (KHTML, like Gecko; compatible; bingbot/2.0; +http://www.bing.com/bingbot.htm) Chrome/103.0.5060.134 Safari/537.36" "mantech8.com"
157.55.39.150 - - [29/Dec/2022:06:58:56 -0800] "GET /index.php?/ar HTTP/1.1" 200 62697 "-" "Mozilla/5.0 (compatible; bingbot/2.0; +http://www.bing.com/bingbot.htm)" "mantech8.com"
157.55.39.12 - - [29/Dec/2022:06:58:59 -0800] "GET /?/p/cf8gynppi1j/ HTTP/1.1" 200 65464 "-" "Mozilla/5.0 (compatible; bingbot/2.0; +http://www.bing.com/bingbot.htm)" "mantech8.com"
157.55.39.12 - - [29/Dec/2022:06:59:00 -0800] "GET /?/wlkj/4605.html HTTP/1.1" 200 63604 "-" "Mozilla/5.0 (compatible; bingbot/2.0; +http://www.bing.com/bingbot.htm)" "mantech8.com"
157.55.39.12 - - [29/Dec/2022:06:59:00 -0800] "GET /?/vamps_jpn HTTP/1.1" 200 61891 "-" "Mozilla/5.0 AppleWebKit/537.36 (KHTML, like Gecko; compatible; bingbot/2.0; +http://www.bing.com/bingbot.htm) Chrome/103.0.5060.134 Safari/537.36" "mantech8.com"
157.55.39.12 - - [29/Dec/2022:06:59:01 -0800] "GET /?/szll/ HTTP/1.1" 200 57312 "-" "Mozilla/5.0 AppleWebKit/537.36 (KHTML, like Gecko; compatible; bingbot/2.0; +http://www.bing.com/bingbot.htm) Chrome/103.0.5060.134 Safari/537.36" "mantech8.com"
157.55.39.75 - - [29/Dec/2022:06:59:04 -0800] "GET /index.php?/qnsc/ HTTP/1.1" 200 62260 "-" "Mozilla/5.0 (compatible; bingbot/2.0; +http://www.bing.com/bingbot.htm)" "mantech8.com"
157.55.39.75 - - [29/Dec/2022:06:59:05 -0800] "GET /index.php?/_t29 HTTP/1.1" 200 101732 "-" "Mozilla/5.0 AppleWebKit/537.36 (KHTML, like Gecko; compatible; bingbot/2.0; +http://www.bing.com/bingbot.htm) Chrome/103.0.5060.134 Safari/537.36" "mantech8.com"
157.55.39.75 - - [29/Dec/2022:06:59:06 -0800] "GET /?/design/276/ HTTP/1.1" 200 65637 "-" "Mozilla/5.0 (compatible; bingbot/2.0; +http://www.bing.com/bingbot.htm)" "mantech8.com"
157.55.39.75 - - [29/Dec/2022:06:59:06 -0800] "GET /?/repwd.html HTTP/1.1" 200 64632 "-" "Mozilla/5.0 AppleWebKit/537.36 (KHTML, like Gecko; compatible; bingbot/2.0; +http://www.bing.com/bingbot.htm) Chrome/103.0.5060.134 Safari/537.36" "mantech8.com"
157.55.39.75 - - [29/Dec/2022:06:59:07 -0800] "GET /?/eightribs/ HTTP/1.1" 200 61847 "-" "Mozilla/5.0 (compatible; bingbot/2.0; +http://www.bing.com/bingbot.htm)" "mantech8.com"
157.55.39.75 - - [29/Dec/2022:06:59:07 -0800] "GET /?/kexuexiuxi/ HTTP/1.1" 200 63321 "-" "Mozilla/5.0 (compatible; bingbot/2.0; +http://www.bing.com/bingbot.htm)" "mantech8.com"
157.55.39.75 - - [29/Dec/2022:06:59:08 -0800] "GET /?/products/ HTTP/1.1" 200 62398 "-" "Mozilla/5.0 AppleWebKit/537.36 (KHTML, like Gecko; compatible; bingbot/2.0; +http://www.bing.com/bingbot.htm) Chrome/103.0.5060.134 Safari/537.36" "mantech8.com"
157.55.39.111 - - [29/Dec/2022:06:59:11 -0800] "GET /WtZk-b1b7bddfab-n2JEm.Ii HTTP/1.1" 404 88 "-" "Mozilla/5.0 (compatible; bingbot/2.0; +http://www.bing.com/bingbot.htm)" "mantech8.com"
157.55.39.111 - - [29/Dec/2022:06:59:11 -0800] "GET /zsUZ-bdefe-sK74U.Ii HTTP/1.1" 404 88 "-" "Mozilla/5.0 AppleWebKit/537.36 (KHTML, like Gecko; compatible; bingbot/2.0; +http://www.bing.com/bingbot.htm) Chrome/103.0.5060.134 Safari/537.36" "mantech8.com"
157.55.39.12 - - [29/Dec/2022:06:59:15 -0800] "GET /ozUN-12cd-ercGj.Ii HTTP/1.1" 404 88 "-" "Mozilla/5.0 (compatible; bingbot/2.0; +http://www.bing.com/bingbot.htm)" "mantech8.com"
157.55.39.12 - - [29/Dec/2022:06:59:15 -0800] "GET /WtZk-7bbaf-nLiJc.Ii HTTP/1.1" 404 88 "-" "Mozilla/5.0 AppleWebKit/537.36 (KHTML, like Gecko; compatible; bingbot/2.0; +http://www.bing.com/bingbot.htm) Chrome/103.0.5060.134 Safari/537.36" "mantech8.com"
157.55.39.150 - - [29/Dec/2022:06:59:21 -0800] "GET /?/jump/familia/ HTTP/1.1" 200 61973 "-" "Mozilla/5.0 (compatible; bingbot/2.0; +http://www.bing.com/bingbot.htm)" "mantech8.com"
157.55.39.196 - - [29/Dec/2022:06:59:22 -0800] "GET /WtZk-18bd-nLiJd.Ii HTTP/1.1" 404 88 "-" "Mozilla/5.0 (compatible; bingbot/2.0; +http://www.bing.com/bingbot.htm)" "mantech8.com"
157.55.39.150 - - [29/Dec/2022:06:59:21 -0800] "GET /index.php?/big5 HTTP/1.1" 200 69086 "-" "Mozilla/5.0 (compatible; bingbot/2.0; +http://www.bing.com/bingbot.htm)" "mantech8.com"
157.55.39.150 - - [29/Dec/2022:06:59:22 -0800] "GET /?:6069/default HTTP/1.1" 200 69263 "-" "Mozilla/5.0 (compatible; bingbot/2.0; +http://www.bing.com/bingbot.htm)" "mantech8.com"
157.55.39.111 - - [29/Dec/2022:06:59:35 -0800] "GET /WtZk-b1b7bddfab-n2JEm.Ii HTTP/1.1" 404 88 "-" "Mozilla/5.0 (compatible; bingbot/2.0; +http://www.bing.com/bingbot.htm)" "mantech8.com"
157.55.39.111 - - [29/Dec/2022:06:59:35 -0800] "GET /zsUZ-bdefe-sK74U.Ii HTTP/1.1" 404 88 "-" "Mozilla/5.0 (compatible; bingbot/2.0; +http://www.bing.com/bingbot.htm)" "mantech8.com"
157.55.39.12 - - [29/Dec/2022:06:59:41 -0800] "GET /WtZk-7bbaf-nLiJc.Ii HTTP/1.1" 404 88 "-" "Mozilla/5.0 (compatible; bingbot/2.0; +http://www.bing.com/bingbot.htm)" "mantech8.com"
114.119.142.183 - - [29/Dec/2022:06:59:47 -0800] "GET /?sitemap2998.xml HTTP/1.1" 200 270621 "-" "Mozilla/5.0 (compatible;PetalBot;+https://webmaster.petalsearch.com/site/petalbot)" "mantech8.com"
157.55.39.196 - - [29/Dec/2022:06:59:52 -0800] "GET /WtZk-18bd-nLiJd.Ii HTTP/1.1" 404 88 "-" "Mozilla/5.0 AppleWebKit/537.36 (KHTML, like Gecko; compatible; bingbot/2.0; +http://www.bing.com/bingbot.htm) Chrome/103.0.5060.134 Safari/537.36" "mantech8.com"
185.191.171.15 - - [29/Dec/2022:07:00:16 -0800] "GET /?camp-fire%2F20128278.html HTTP/1.1" 500 - "-" "Mozilla/5.0 (compatible; SemrushBot/7~bl; +http://www.semrush.com/bot.html)" "mantech8.com"
185.191.171.14 - - [29/Dec/2022:07:00:41 -0800] "GET /?camp-fire%2F27445997.html HTTP/1.1" 500 - "-" "Mozilla/5.0 (compatible; SemrushBot/7~bl; +http://www.semrush.com/bot.html)" "mantech8.com"
185.191.171.39 - - [29/Dec/2022:07:01:02 -0800] "GET /?camp-fire%2F30754155.html HTTP/1.1" 500 - "-" "Mozilla/5.0 (compatible; SemrushBot/7~bl; +http://www.semrush.com/bot.html)" "mantech8.com"
185.191.171.9 - - [29/Dec/2022:07:01:12 -0800] "GET /index.php?camp-fire%2F20503509.html HTTP/1.1" 500 - "-" "Mozilla/5.0 (compatible; SemrushBot/7~bl; +http://www.semrush.com/bot.html)" "mantech8.com"
114.119.156.59 - - [29/Dec/2022:07:01:16 -0800] "GET /index.php?camp-fire/57364778.html HTTP/1.1" 500 - "-" "Mozilla/5.0 (Linux; Android 7.0;) AppleWebKit/537.36 (KHTML, like Gecko) Mobile Safari/537.36 (compatible; PetalBot;+https://webmaster.petalsearch.com/site/petalbot)" "www.mantech8.com"
185.191.171.7 - - [29/Dec/2022:07:01:53 -0800] "GET /index.php?camp-fire%2F15584546.html HTTP/1.1" 500 - "-" "Mozilla/5.0 (compatible; SemrushBot/7~bl; +http://www.semrush.com/bot.html)" "mantech8.com"
185.191.171.34 - - [29/Dec/2022:07:01:54 -0800] "GET /index.php/camp-fire/1455259.html HTTP/1.1" 500 - "-" "Mozilla/5.0 (compatible; SemrushBot/7~bl; +http://www.semrush.com/bot.html)" "mantech8.com"
207.46.13.149 - - [29/Dec/2022:07:01:59 -0800] "GET /WtZk-98ed-n3WfG.Ii HTTP/1.1" 404 88 "-" "Mozilla/5.0 (compatible; bingbot/2.0; +http://www.bing.com/bingbot.htm)" "mantech8.com"
207.46.13.149 - - [29/Dec/2022:07:02:00 -0800] "GET /index.php/s0KV-0c02ebbcd-oxUTR.Ii HTTP/1.1" 200 72738 "-" "Mozilla/5.0 AppleWebKit/537.36 (KHTML, like Gecko; compatible; bingbot/2.0; +http://www.bing.com/bingbot.htm) Chrome/103.0.5060.134 Safari/537.36" "mantech8.com"
185.191.171.35 - - [29/Dec/2022:07:02:01 -0800] "GET /index.php?camp-fire%2F27924659.html HTTP/1.1" 500 - "-" "Mozilla/5.0 (compatible; SemrushBot/7~bl; +http://www.semrush.com/bot.html)" "mantech8.com"
185.191.171.37 - - [29/Dec/2022:07:02:17 -0800] "GET /?camp-fire%2F28426664.html HTTP/1.1" 500 - "-" "Mozilla/5.0 (compatible; SemrushBot/7~bl; +http://www.semrush.com/bot.html)" "mantech8.com"
207.46.13.149 - - [29/Dec/2022:07:02:19 -0800] "GET /WtZk-98ed-n3WfG.Ii HTTP/1.1" 404 88 "-" "Mozilla/5.0 AppleWebKit/537.36 (KHTML, like Gecko; compatible; bingbot/2.0; +http://www.bing.com/bingbot.htm) Chrome/103.0.5060.134 Safari/537.36" "mantech8.com"
185.191.171.15 - - [29/Dec/2022:07:03:51 -0800] "GET /?camp-fire%2F21764417.html HTTP/1.1" 500 - "-" "Mozilla/5.0 (compatible; SemrushBot/7~bl; +http://www.semrush.com/bot.html)" "mantech8.com"
185.191.171.33 - - [29/Dec/2022:07:04:08 -0800] "GET /index.php/camp-fire/13195878.html HTTP/1.1" 500 - "-" "Mozilla/5.0 (compatible; SemrushBot/7~bl; +http://www.semrush.com/bot.html)" "mantech8.com"
185.191.171.13 - - [29/Dec/2022:07:04:24 -0800] "GET /index.php?camp-fire%2F9431778.html HTTP/1.1" 500 - "-" "Mozilla/5.0 (compatible; SemrushBot/7~bl; +http://www.semrush.com/bot.html)" "mantech8.com"
185.191.171.3 - - [29/Dec/2022:07:05:30 -0800] "GET /index.php/camp-fire/37068078.html HTTP/1.1" 500 - "-" "Mozilla/5.0 (compatible; SemrushBot/7~bl; +http://www.semrush.com/bot.html)" "mantech8.com"
185.191.171.13 - - [29/Dec/2022:07:05:31 -0800] "GET /?camp-fire%2F19904161.html HTTP/1.1" 500 - "-" "Mozilla/5.0 (compatible; SemrushBot/7~bl; +http://www.semrush.com/bot.html)" "mantech8.com"
185.191.171.42 - - [29/Dec/2022:07:05:38 -0800] "GET /?camp-fire%2F21228880.html HTTP/1.1" 500 - "-" "Mozilla/5.0 (compatible; SemrushBot/7~bl; +http://www.semrush.com/bot.html)" "mantech8.com"
185.191.171.14 - - [29/Dec/2022:07:05:52 -0800] "GET /index.php/camp-fire/3091778.html HTTP/1.1" 500 - "-" "Mozilla/5.0 (compatible; SemrushBot/7~bl; +http://www.semrush.com/bot.html)" "mantech8.com"
185.191.171.13 - - [29/Dec/2022:07:06:27 -0800] "GET /?camp-fire%2F78048293.html HTTP/1.1" 500 - "-" "Mozilla/5.0 (compatible; SemrushBot/7~bl; +http://www.semrush.com/bot.html)" "mantech8.com"
185.191.171.36 - - [29/Dec/2022:07:07:09 -0800] "GET /?camp-fire%2F16193285.html HTTP/1.1" 500 - "-" "Mozilla/5.0 (compatible; SemrushBot/7~bl; +http://www.semrush.com/bot.html)" "mantech8.com"
185.191.171.45 - - [29/Dec/2022:07:07:15 -0800] "GET /?camp-fire%2F30625755.html HTTP/1.1" 500 - "-" "Mozilla/5.0 (compatible; SemrushBot/7~bl; +http://www.semrush.com/bot.html)" "mantech8.com"
185.191.171.12 - - [29/Dec/2022:07:07:16 -0800] "GET /index.php?camp-fire%2F28038971.html HTTP/1.1" 500 - "-" "Mozilla/5.0 (compatible; SemrushBot/7~bl; +http://www.semrush.com/bot.html)" "mantech8.com"
185.191.171.41 - - [29/Dec/2022:07:08:27 -0800] "GET /?camp-fire%2F19968332.html HTTP/1.1" 500 - "-" "Mozilla/5.0 (compatible; SemrushBot/7~bl; +http://www.semrush.com/bot.html)" "mantech8.com"
185.191.171.9 - - [29/Dec/2022:07:08:31 -0800] "GET /?camp-fire%2F95749106.html HTTP/1.1" 500 - "-" "Mozilla/5.0 (compatible; SemrushBot/7~bl; +http://www.semrush.com/bot.html)" "mantech8.com"
185.191.171.10 - - [29/Dec/2022:07:08:35 -0800] "GET /index.php?camp-fire%2F1647159.html HTTP/1.1" 500 - "-" "Mozilla/5.0 (compatible; SemrushBot/7~bl; +http://www.semrush.com/bot.html)" "mantech8.com"
216.244.66.241 - - [29/Dec/2022:07:09:38 -0800] "GET /robots.txt HTTP/1.1" 200 222 "-" "Mozilla/5.0 (compatible; DotBot/1.2; +https://opensiteexplorer.org/dotbot; help@moz.com)" "mantech8.com"
216.244.66.241 - - [29/Dec/2022:07:09:38 -0800] "GET /robots.txt HTTP/1.1" 200 222 "-" "Mozilla/5.0 (compatible; DotBot/1.2; +https://opensiteexplorer.org/dotbot; help@moz.com)" "www.mantech8.com"
185.191.171.3 - - [29/Dec/2022:07:09:54 -0800] "GET /index.php?camp-fire%2F3324200.html HTTP/1.1" 500 - "-" "Mozilla/5.0 (compatible; SemrushBot/7~bl; +http://www.semrush.com/bot.html)" "mantech8.com"
185.191.171.36 - - [29/Dec/2022:07:09:57 -0800] "GET /?camp-fire%2F43583171.html HTTP/1.1" 500 - "-" "Mozilla/5.0 (compatible; SemrushBot/7~bl; +http://www.semrush.com/bot.html)" "mantech8.com"
185.191.171.38 - - [29/Dec/2022:07:09:58 -0800] "GET /?camp-fire%2F39771917.html HTTP/1.1" 500 - "-" "Mozilla/5.0 (compatible; SemrushBot/7~bl; +http://www.semrush.com/bot.html)" "mantech8.com"
114.119.149.71 - - [29/Dec/2022:07:10:49 -0800] "GET /?umbilic.xml HTTP/1.1" 200 270469 "-" "Mozilla/5.0 (compatible;PetalBot;+https://webmaster.petalsearch.com/site/petalbot)" "mantech8.com"
185.191.171.43 - - [29/Dec/2022:07:11:00 -0800] "GET /?camp-fire%2F23536276.html HTTP/1.1" 500 - "-" "Mozilla/5.0 (compatible; SemrushBot/7~bl; +http://www.semrush.com/bot.html)" "mantech8.com"
185.191.171.41 - - [29/Dec/2022:07:12:22 -0800] "GET /index.php/camp-fire/7611708.html HTTP/1.1" 500 - "-" "Mozilla/5.0 (compatible; SemrushBot/7~bl; +http://www.semrush.com/bot.html)" "mantech8.com"
185.191.171.34 - - [29/Dec/2022:07:12:44 -0800] "GET /index.php/camp-fire/47189878.html HTTP/1.1" 500 - "-" "Mozilla/5.0 (compatible; SemrushBot/7~bl; +http://www.semrush.com/bot.html)" "mantech8.com"
185.191.171.8 - - [29/Dec/2022:07:13:16 -0800] "GET /index.php?camp-fire%2F26739693.html HTTP/1.1" 500 - "-" "Mozilla/5.0 (compatible; SemrushBot/7~bl; +http://www.semrush.com/bot.html)" "mantech8.com"
185.191.171.41 - - [29/Dec/2022:07:13:30 -0800] "GET /?camp-fire%2F18172580.html HTTP/1.1" 500 - "-" "Mozilla/5.0 (compatible; SemrushBot/7~bl; +http://www.semrush.com/bot.html)" "mantech8.com"
185.191.171.8 - - [29/Dec/2022:07:13:36 -0800] "GET /index.php?camp-fire%2F5040985.html HTTP/1.1" 500 - "-" "Mozilla/5.0 (compatible; SemrushBot/7~bl; +http://www.semrush.com/bot.html)" "mantech8.com"
185.191.171.10 - - [29/Dec/2022:07:13:55 -0800] "GET /?camp-fire%2F18289272.html HTTP/1.1" 500 - "-" "Mozilla/5.0 (compatible; SemrushBot/7~bl; +http://www.semrush.com/bot.html)" "mantech8.com"
185.191.171.8 - - [29/Dec/2022:07:14:11 -0800] "GET /?camp-fire%2F30637932.html HTTP/1.1" 500 - "-" "Mozilla/5.0 (compatible; SemrushBot/7~bl; +http://www.semrush.com/bot.html)" "mantech8.com"
185.191.171.19 - - [29/Dec/2022:07:15:05 -0800] "GET /?camp-fire%2F14941387.html HTTP/1.1" 500 - "-" "Mozilla/5.0 (compatible; SemrushBot/7~bl; +http://www.semrush.com/bot.html)" "mantech8.com"
185.191.171.13 - - [29/Dec/2022:07:15:41 -0800] "GET /?camp-fire%2F31972741.html HTTP/1.1" 500 - "-" "Mozilla/5.0 (compatible; SemrushBot/7~bl; +http://www.semrush.com/bot.html)" "mantech8.com"
185.191.171.35 - - [29/Dec/2022:07:16:41 -0800] "GET /index.php?camp-fire%2F1636353.html HTTP/1.1" 500 - "-" "Mozilla/5.0 (compatible; SemrushBot/7~bl; +http://www.semrush.com/bot.html)" "mantech8.com"
185.191.171.38 - - [29/Dec/2022:07:16:45 -0800] "GET /?camp-fire%2F25930376.html HTTP/1.1" 500 - "-" "Mozilla/5.0 (compatible; SemrushBot/7~bl; +http://www.semrush.com/bot.html)" "mantech8.com"
185.191.171.44 - - [29/Dec/2022:07:17:08 -0800] "GET /?camp-fire%2F43862276.html HTTP/1.1" 500 - "-" "Mozilla/5.0 (compatible; SemrushBot/7~bl; +http://www.semrush.com/bot.html)" "mantech8.com"
185.191.171.19 - - [29/Dec/2022:07:17:24 -0800] "GET /?camp-fire%2F25569308.html HTTP/1.1" 500 - "-" "Mozilla/5.0 (compatible; SemrushBot/7~bl; +http://www.semrush.com/bot.html)" "mantech8.com"
185.191.171.8 - - [29/Dec/2022:07:18:29 -0800] "GET /index.php/camp-fire/28678289.html HTTP/1.1" 500 - "-" "Mozilla/5.0 (compatible; SemrushBot/7~bl; +http://www.semrush.com/bot.html)" "mantech8.com"
185.191.171.22 - - [29/Dec/2022:07:19:08 -0800] "GET /index.php?camp-fire%2F15138556.html HTTP/1.1" 500 - "-" "Mozilla/5.0 (compatible; SemrushBot/7~bl; +http://www.semrush.com/bot.html)" "mantech8.com"
185.191.171.5 - - [29/Dec/2022:07:19:37 -0800] "GET /?camp-fire%2F39095066.html HTTP/1.1" 500 - "-" "Mozilla/5.0 (compatible; SemrushBot/7~bl; +http://www.semrush.com/bot.html)" "mantech8.com"
185.191.171.5 - - [29/Dec/2022:07:19:49 -0800] "GET /index.php/camp-fire/21124490.html HTTP/1.1" 500 - "-" "Mozilla/5.0 (compatible; SemrushBot/7~bl; +http://www.semrush.com/bot.html)" "mantech8.com"
93.158.161.51 - - [29/Dec/2022:07:19:53 -0800] "GET /robots.txt HTTP/1.1" 200 222 "-" "Mozilla/5.0 (compatible; YandexBot/3.0; +http://yandex.com/bots)" "www.mantech8.com"
93.158.161.30 - - [29/Dec/2022:07:19:56 -0800] "GET / HTTP/1.1" 500 - "-" "Mozilla/5.0 (compatible; YandexBot/3.0; +http://yandex.com/bots)" "www.mantech8.com"
77.88.5.35 - - [29/Dec/2022:07:20:25 -0800] "GET /robots.txt HTTP/1.1" 200 222 "-" "Mozilla/5.0 (compatible; YandexBot/3.0; +http://yandex.com/bots)" "mantech8.com"
77.88.5.34 - - [29/Dec/2022:07:20:29 -0800] "GET / HTTP/1.1" 500 - "-" "Mozilla/5.0 (compatible; YandexBot/3.0; +http://yandex.com/bots)" "mantech8.com"
185.191.171.1 - - [29/Dec/2022:07:20:35 -0800] "GET /?camp-fire%2F26934821.html HTTP/1.1" 500 - "-" "Mozilla/5.0 (compatible; SemrushBot/7~bl; +http://www.semrush.com/bot.html)" "mantech8.com"
185.191.171.37 - - [29/Dec/2022:07:20:54 -0800] "GET /index.php?camp-fire%2F26615476.html HTTP/1.1" 500 - "-" "Mozilla/5.0 (compatible; SemrushBot/7~bl; +http://www.semrush.com/bot.html)" "mantech8.com"
185.191.171.23 - - [29/Dec/2022:07:21:42 -0800] "GET /index.php?camp-fire%2F25665006.html HTTP/1.1" 500 - "-" "Mozilla/5.0 (compatible; SemrushBot/7~bl; +http://www.semrush.com/bot.html)" "mantech8.com"
185.191.171.34 - - [29/Dec/2022:07:22:15 -0800] "GET /?camp-fire%2F26241882.html HTTP/1.1" 500 - "-" "Mozilla/5.0 (compatible; SemrushBot/7~bl; +http://www.semrush.com/bot.html)" "mantech8.com"
185.191.171.42 - - [29/Dec/2022:07:22:17 -0800] "GET /index.php/camp-fire/17861059.html HTTP/1.1" 500 - "-" "Mozilla/5.0 (compatible; SemrushBot/7~bl; +http://www.semrush.com/bot.html)" "mantech8.com"
185.191.171.26 - - [29/Dec/2022:07:22:35 -0800] "GET /?camp-fire%2F33565057.html HTTP/1.1" 500 - "-" "Mozilla/5.0 (compatible; SemrushBot/7~bl; +http://www.semrush.com/bot.html)" "mantech8.com"
185.191.171.43 - - [29/Dec/2022:07:23:16 -0800] "GET /?camp-fire%2F28433964.html HTTP/1.1" 500 - "-" "Mozilla/5.0 (compatible; SemrushBot/7~bl; +http://www.semrush.com/bot.html)" "mantech8.com"
185.191.171.33 - - [29/Dec/2022:07:23:19 -0800] "GET /index.php/camp-fire/18735742.html HTTP/1.1" 500 - "-" "Mozilla/5.0 (compatible; SemrushBot/7~bl; +http://www.semrush.com/bot.html)" "mantech8.com"
185.191.171.33 - - [29/Dec/2022:07:23:54 -0800] "GET /?camp-fire%2F27044982.html HTTP/1.1" 500 - "-" "Mozilla/5.0 (compatible; SemrushBot/7~bl; +http://www.semrush.com/bot.html)" "mantech8.com"
185.191.171.43 - - [29/Dec/2022:07:24:03 -0800] "GET /index.php?camp-fire%2F8384921.html HTTP/1.1" 500 - "-" "Mozilla/5.0 (compatible; SemrushBot/7~bl; +http://www.semrush.com/bot.html)" "mantech8.com"
54.213.229.233 - - [29/Dec/2022:07:24:05 -0800] "GET / HTTP/1.1" 500 - "-" "Mozilla/5.0 (X11; Linux x86_64) AppleWebKit/537.36 (KHTML, like Gecko) Chrome/83.0.4103.97 Safari/537.36" "mantech8.com"
34.217.54.230 - - [29/Dec/2022:07:24:06 -0800] "GET / HTTP/1.1" 500 - "-" "Mozilla/5.0 (X11; Linux x86_64) AppleWebKit/537.36 (KHTML, like Gecko) Chrome/83.0.4103.97 Safari/537.36" "mantech8.com"
157.55.39.75 - - [29/Dec/2022:07:24:43 -0800] "GET /sitemapnewindex.xml HTTP/1.1" 404 88 "-" "Mozilla/5.0 AppleWebKit/537.36 (KHTML, like Gecko; compatible; bingbot/2.0; +http://www.bing.com/bingbot.htm) Chrome/103.0.5060.134 Safari/537.36" "mantech8.com"
185.191.171.21 - - [29/Dec/2022:07:24:45 -0800] "GET /index.php?camp-fire%2F8846593.html HTTP/1.1" 500 - "-" "Mozilla/5.0 (compatible; SemrushBot/7~bl; +http://www.semrush.com/bot.html)" "mantech8.com"
185.191.171.34 - - [29/Dec/2022:07:25:11 -0800] "GET /?camp-fire%2F33719308.html HTTP/1.1" 500 - "-" "Mozilla/5.0 (compatible; SemrushBot/7~bl; +http://www.semrush.com/bot.html)" "mantech8.com"
185.191.171.26 - - [29/Dec/2022:07:25:33 -0800] "GET /index.php?camp-fire%2F27733409.html HTTP/1.1" 500 - "-" "Mozilla/5.0 (compatible; SemrushBot/7~bl; +http://www.semrush.com/bot.html)" "mantech8.com"
157.55.39.111 - - [29/Dec/2022:07:25:39 -0800] "GET /index.php/KJZ2-a4df-hAhva.Ii HTTP/1.1" 200 69187 "-" "Mozilla/5.0 AppleWebKit/537.36 (KHTML, like Gecko; compatible; bingbot/2.0; +http://www.bing.com/bingbot.htm) Chrome/103.0.5060.134 Safari/537.36" "mantech8.com"
185.191.171.6 - - [29/Dec/2022:07:25:45 -0800] "GET /?camp-fire%2F9587742.html HTTP/1.1" 500 - "-" "Mozilla/5.0 (compatible; SemrushBot/7~bl; +http://www.semrush.com/bot.html)" "mantech8.com"
114.119.138.194 - - [29/Dec/2022:07:26:05 -0800] "GET /?sitemap348.xml HTTP/1.1" 200 270459 "-" "Mozilla/5.0 (compatible;PetalBot;+https://webmaster.petalsearch.com/site/petalbot)" "mantech8.com"
157.55.39.111 - - [29/Dec/2022:07:26:07 -0800] "GET /index.php/s0KV-ae4d9bdfef-oxL8L.Ii HTTP/1.1" 200 63708 "-" "Mozilla/5.0 AppleWebKit/537.36 (KHTML, like Gecko; compatible; bingbot/2.0; +http://www.bing.com/bingbot.htm) Chrome/103.0.5060.134 Safari/537.36" "mantech8.com"
185.191.171.8 - - [29/Dec/2022:07:26:15 -0800] "GET /index.php?camp-fire%2F26991221.html HTTP/1.1" 500 - "-" "Mozilla/5.0 (compatible; SemrushBot/7~bl; +http://www.semrush.com/bot.html)" "mantech8.com"
185.191.171.3 - - [29/Dec/2022:07:27:11 -0800] "GET /?camp-fire%2F16531784.html HTTP/1.1" 500 - "-" "Mozilla/5.0 (compatible; SemrushBot/7~bl; +http://www.semrush.com/bot.html)" "mantech8.com"
185.191.171.8 - - [29/Dec/2022:07:27:17 -0800] "GET /?camp-fire%2F28380835.html HTTP/1.1" 500 - "-" "Mozilla/5.0 (compatible; SemrushBot/7~bl; +http://www.semrush.com/bot.html)" "mantech8.com"
185.191.171.8 - - [29/Dec/2022:07:27:26 -0800] "GET /?camp-fire%2F28558571.html HTTP/1.1" 500 - "-" "Mozilla/5.0 (compatible; SemrushBot/7~bl; +http://www.semrush.com/bot.html)" "mantech8.com"
114.119.147.2 - - [29/Dec/2022:07:27:29 -0800] "GET /index.php?curlyhead.xml HTTP/1.1" 200 289194 "-" "Mozilla/5.0 (Linux; Android 7.0;) AppleWebKit/537.36 (KHTML, like Gecko) Mobile Safari/537.36 (compatible; PetalBot;+https://webmaster.petalsearch.com/site/petalbot)" "mantech8.com"
185.191.171.19 - - [29/Dec/2022:07:27:45 -0800] "GET /robots.txt HTTP/1.1" 200 106 "-" "Mozilla/5.0 (compatible; SemrushBot/7~bl; +http://www.semrush.com/bot.html)" "mantech8.com"
185.191.171.43 - - [29/Dec/2022:07:27:45 -0800] "GET /?camp-fire%2F33868960.html HTTP/1.1" 500 - "-" "Mozilla/5.0 (compatible; SemrushBot/7~bl; +http://www.semrush.com/bot.html)" "mantech8.com"
185.191.171.21 - - [29/Dec/2022:07:27:54 -0800] "GET /?camp-fire%2F28812759.html HTTP/1.1" 500 - "-" "Mozilla/5.0 (compatible; SemrushBot/7~bl; +http://www.semrush.com/bot.html)" "mantech8.com"
114.119.162.58 - - [29/Dec/2022:07:29:08 -0800] "GET /bimages/paintg/thump/?C=D%3BO%3DA HTTP/1.1" 200 483 "http://mantech8.com/bimages/paintg/thump/?C=N%3BO%3DD" "Mozilla/5.0 (Linux; Android 7.0;) AppleWebKit/537.36 (KHTML, like Gecko) Mobile Safari/537.36 (compatible; PetalBot;+https://webmaster.petalsearch.com/site/petalbot)" "mantech8.com"
185.191.171.34 - - [29/Dec/2022:07:29:28 -0800] "GET /index.php?camp-fire%2F25173150.html HTTP/1.1" 500 - "-" "Mozilla/5.0 (compatible; SemrushBot/7~bl; +http://www.semrush.com/bot.html)" "mantech8.com"
93.158.161.53 - - [29/Dec/2022:07:29:40 -0800] "GET /robots.txt HTTP/1.1" 200 222 "-" "Mozilla/5.0 (compatible; YandexBot/3.0; +http://yandex.com/bots)" "mantech8.com"
77.88.5.34 - - [29/Dec/2022:07:29:44 -0800] "GET / HTTP/1.1" 500 - "-" "Mozilla/5.0 (compatible; YandexBot/3.0; +http://yandex.com/bots)" "mantech8.com"
185.191.171.42 - - [29/Dec/2022:07:29:59 -0800] "GET /index.php?camp-fire%2F25718433.html HTTP/1.1" 500 - "-" "Mozilla/5.0 (compatible; SemrushBot/7~bl; +http://www.semrush.com/bot.html)" "mantech8.com"
185.191.171.5 - - [29/Dec/2022:07:30:16 -0800] "GET /?camp-fire%2F27823270.html HTTP/1.1" 500 - "-" "Mozilla/5.0 (compatible; SemrushBot/7~bl; +http://www.semrush.com/bot.html)" "mantech8.com"
185.191.171.3 - - [29/Dec/2022:07:30:18 -0800] "GET /index.php/camp-fire/3339000.html HTTP/1.1" 500 - "-" "Mozilla/5.0 (compatible; SemrushBot/7~bl; +http://www.semrush.com/bot.html)" "mantech8.com"
185.191.171.20 - - [29/Dec/2022:07:30:26 -0800] "GET /?camp-fire%2F23723342.html HTTP/1.1" 500 - "-" "Mozilla/5.0 (compatible; SemrushBot/7~bl; +http://www.semrush.com/bot.html)" "mantech8.com"
185.191.171.45 - - [29/Dec/2022:07:30:55 -0800] "GET /?camp-fire%2F22679565.html HTTP/1.1" 500 - "-" "Mozilla/5.0 (compatible; SemrushBot/7~bl; +http://www.semrush.com/bot.html)" "mantech8.com"
114.119.158.204 - - [29/Dec/2022:07:31:11 -0800] "GET /bimages/SliderImage/fvohktjeji.php HTTP/1.1" 200 32 "http://mantech8.com/bimages/SliderImage/?C=D%3BO%3DA" "Mozilla/5.0 (Linux; Android 7.0;) AppleWebKit/537.36 (KHTML, like Gecko) Mobile Safari/537.36 (compatible; PetalBot;+https://webmaster.petalsearch.com/site/petalbot)" "mantech8.com"
185.191.171.19 - - [29/Dec/2022:07:31:13 -0800] "GET /?camp-fire%2F11919676.html HTTP/1.1" 500 - "-" "Mozilla/5.0 (compatible; SemrushBot/7~bl; +http://www.semrush.com/bot.html)" "mantech8.com"
114.119.136.217 - - [29/Dec/2022:07:31:56 -0800] "GET /?sitemap-index-10.xml HTTP/1.1" 200 4264 "-" "Mozilla/5.0 (Linux; Android 7.0;) AppleWebKit/537.36 (KHTML, like Gecko) Mobile Safari/537.36 (compatible; PetalBot;+https://webmaster.petalsearch.com/site/petalbot)" "mantech8.com"
185.191.171.16 - - [29/Dec/2022:07:32:06 -0800] "GET /index.php?camp-fire%2F20918735.html HTTP/1.1" 500 - "-" "Mozilla/5.0 (compatible; SemrushBot/7~bl; +http://www.semrush.com/bot.html)" "mantech8.com"
185.191.171.2 - - [29/Dec/2022:07:33:09 -0800] "GET /?camp-fire%2F39443926.html HTTP/1.1" 500 - "-" "Mozilla/5.0 (compatible; SemrushBot/7~bl; +http://www.semrush.com/bot.html)" "mantech8.com"
185.191.171.15 - - [29/Dec/2022:07:33:21 -0800] "GET /index.php/camp-fire/22528056.html HTTP/1.1" 500 - "-" "Mozilla/5.0 (compatible; SemrushBot/7~bl; +http://www.semrush.com/bot.html)" "mantech8.com"
185.191.171.22 - - [29/Dec/2022:07:33:22 -0800] "GET /index.php/camp-fire/12547278.html HTTP/1.1" 500 - "-" "Mozilla/5.0 (compatible; SemrushBot/7~bl; +http://www.semrush.com/bot.html)" "mantech8.com"
185.191.171.15 - - [29/Dec/2022:07:34:03 -0800] "GET /?camp-fire%2F13561200.html HTTP/1.1" 500 - "-" "Mozilla/5.0 (compatible; SemrushBot/7~bl; +http://www.semrush.com/bot.html)" "mantech8.com"
185.191.171.11 - - [29/Dec/2022:07:34:27 -0800] "GET /?camp-fire%2F10522557.html HTTP/1.1" 500 - "-" "Mozilla/5.0 (compatible; SemrushBot/7~bl; +http://www.semrush.com/bot.html)" "mantech8.com"
185.191.171.37 - - [29/Dec/2022:07:35:16 -0800] "GET /?camp-fire%2F28836266.html HTTP/1.1" 500 - "-" "Mozilla/5.0 (compatible; SemrushBot/7~bl; +http://www.semrush.com/bot.html)" "mantech8.com"
185.191.171.34 - - [29/Dec/2022:07:35:54 -0800] "GET /?camp-fire%2F15938956.html HTTP/1.1" 500 - "-" "Mozilla/5.0 (compatible; SemrushBot/7~bl; +http://www.semrush.com/bot.html)" "mantech8.com"
79.137.71.24 - - [29/Dec/2022:07:36:47 -0800] "GET /contact.php HTTP/1.1" 200 29238 "http://mantech8.com/contact.php" "Mozilla/5.0 (Windows NT 6.1) AppleWebKit/537.36 (KHTML, like Gecko) Chrome/90.0.4430.72 Safari/537.36" "mantech8.com"
79.137.71.24 - - [29/Dec/2022:07:36:48 -0800] "GET /verificationimage.php?7295 HTTP/1.1" 200 1379 "http://mantech8.com/contact.php" "Mozilla/5.0 (Windows NT 6.1) AppleWebKit/537.36 (KHTML, like Gecko) Chrome/90.0.4430.72 Safari/537.36" "mantech8.com"
79.137.71.24 - - [29/Dec/2022:07:36:49 -0800] "POST /mailer.php HTTP/1.1" 500 - "http://mantech8.com/contact.php" "Mozilla/5.0 (Windows NT 6.1) AppleWebKit/537.36 (KHTML, like Gecko) Chrome/90.0.4430.72 Safari/537.36" "mantech8.com"
185.191.171.1 - - [29/Dec/2022:07:36:59 -0800] "GET /index.php?camp-fire%2F26566376.html HTTP/1.1" 500 - "-" "Mozilla/5.0 (compatible; SemrushBot/7~bl; +http://www.semrush.com/bot.html)" "mantech8.com"
114.119.133.158 - - [29/Dec/2022:07:37:00 -0800] "GET /index.php?ambrilidine.xml HTTP/1.1" 200 289343 "-" "Mozilla/5.0 (compatible;PetalBot;+https://webmaster.petalsearch.com/site/petalbot)" "mantech8.com"
185.191.171.3 - - [29/Dec/2022:07:37:02 -0800] "GET /index.php?camp-fire%2F27909470.html HTTP/1.1" 500 - "-" "Mozilla/5.0 (compatible; SemrushBot/7~bl; +http://www.semrush.com/bot.html)" "mantech8.com"
185.191.171.7 - - [29/Dec/2022:07:37:26 -0800] "GET /?camp-fire%2F31940926.html HTTP/1.1" 500 - "-" "Mozilla/5.0 (compatible; SemrushBot/7~bl; +http://www.semrush.com/bot.html)" "mantech8.com"
185.191.171.44 - - [29/Dec/2022:07:38:00 -0800] "GET /?camp-fire%2F23596906.html HTTP/1.1" 500 - "-" "Mozilla/5.0 (compatible; SemrushBot/7~bl; +http://www.semrush.com/bot.html)" "mantech8.com"
185.191.171.23 - - [29/Dec/2022:07:38:19 -0800] "GET /?camp-fire%2F25258730.html HTTP/1.1" 500 - "-" "Mozilla/5.0 (compatible; SemrushBot/7~bl; +http://www.semrush.com/bot.html)" "mantech8.com"
185.191.171.3 - - [29/Dec/2022:07:38:21 -0800] "GET /index.php/camp-fire/45970492.html HTTP/1.1" 500 - "-" "Mozilla/5.0 (compatible; SemrushBot/7~bl; +http://www.semrush.com/bot.html)" "mantech8.com"
185.191.171.3 - - [29/Dec/2022:07:39:23 -0800] "GET /?camp-fire%2F21237824.html HTTP/1.1" 500 - "-" "Mozilla/5.0 (compatible; SemrushBot/7~bl; +http://www.semrush.com/bot.html)" "mantech8.com"
185.191.171.21 - - [29/Dec/2022:07:40:13 -0800] "GET /index.php/camp-fire/35280625.html HTTP/1.1" 500 - "-" "Mozilla/5.0 (compatible; SemrushBot/7~bl; +http://www.semrush.com/bot.html)" "mantech8.com"
185.191.171.9 - - [29/Dec/2022:07:40:57 -0800] "GET /?camp-fire%2F29915659.html HTTP/1.1" 500 - "-" "Mozilla/5.0 (compatible; SemrushBot/7~bl; +http://www.semrush.com/bot.html)" "mantech8.com"
185.191.171.23 - - [29/Dec/2022:07:41:26 -0800] "GET /?camp-fire%2F35109108.html HTTP/1.1" 500 - "-" "Mozilla/5.0 (compatible; SemrushBot/7~bl; +http://www.semrush.com/bot.html)" "mantech8.com"
157.55.39.12 - - [29/Dec/2022:07:41:27 -0800] "GET /index.php?c=product&a=type&tid=78 HTTP/1.1" 200 67751 "-" "Mozilla/5.0 AppleWebKit/537.36 (KHTML, like Gecko; compatible; bingbot/2.0; +http://www.bing.com/bingbot.htm) Chrome/103.0.5060.134 Safari/537.36" "mantech8.com"
185.191.171.12 - - [29/Dec/2022:07:41:41 -0800] "GET /index.php?camp-fire%2F4104965.html HTTP/1.1" 500 - "-" "Mozilla/5.0 (compatible; SemrushBot/7~bl; +http://www.semrush.com/bot.html)" "mantech8.com"
185.191.171.18 - - [29/Dec/2022:07:41:45 -0800] "GET /?camp-fire%2F20368485.html HTTP/1.1" 500 - "-" "Mozilla/5.0 (compatible; SemrushBot/7~bl; +http://www.semrush.com/bot.html)" "mantech8.com"
185.191.171.42 - - [29/Dec/2022:07:42:31 -0800] "GET /index.php?camp-fire%2F20904835.html HTTP/1.1" 500 - "-" "Mozilla/5.0 (compatible; SemrushBot/7~bl; +http://www.semrush.com/bot.html)" "mantech8.com"
185.191.171.24 - - [29/Dec/2022:07:42:51 -0800] "GET /index.php?camp-fire%2F561469.html HTTP/1.1" 500 - "-" "Mozilla/5.0 (compatible; SemrushBot/7~bl; +http://www.semrush.com/bot.html)" "mantech8.com"
185.191.171.40 - - [29/Dec/2022:07:43:13 -0800] "GET /index.php?camp-fire%2F27125863.html HTTP/1.1" 500 - "-" "Mozilla/5.0 (compatible; SemrushBot/7~bl; +http://www.semrush.com/bot.html)" "mantech8.com"
185.191.171.7 - - [29/Dec/2022:07:43:28 -0800] "GET /?camp-fire%2F26038876.html HTTP/1.1" 500 - "-" "Mozilla/5.0 (compatible; SemrushBot/7~bl; +http://www.semrush.com/bot.html)" "mantech8.com"
185.191.171.22 - - [29/Dec/2022:07:43:35 -0800] "GET /?camp-fire%2F27717921.html HTTP/1.1" 500 - "-" "Mozilla/5.0 (compatible; SemrushBot/7~bl; +http://www.semrush.com/bot.html)" "mantech8.com"
185.191.171.12 - - [29/Dec/2022:07:44:28 -0800] "GET /?camp-fire%2F23737006.html HTTP/1.1" 500 - "-" "Mozilla/5.0 (compatible; SemrushBot/7~bl; +http://www.semrush.com/bot.html)" "mantech8.com"
185.191.171.34 - - [29/Dec/2022:07:45:03 -0800] "GET /?camp-fire%2F24534130.html HTTP/1.1" 500 - "-" "Mozilla/5.0 (compatible; SemrushBot/7~bl; +http://www.semrush.com/bot.html)" "mantech8.com"
185.191.171.5 - - [29/Dec/2022:07:45:10 -0800] "GET /?camp-fire%2F30903126.html HTTP/1.1" 500 - "-" "Mozilla/5.0 (compatible; SemrushBot/7~bl; +http://www.semrush.com/bot.html)" "mantech8.com"
185.191.171.5 - - [29/Dec/2022:07:45:23 -0800] "GET /?camp-fire%2F54939930.html HTTP/1.1" 500 - "-" "Mozilla/5.0 (compatible; SemrushBot/7~bl; +http://www.semrush.com/bot.html)" "mantech8.com"
185.191.171.2 - - [29/Dec/2022:07:45:33 -0800] "GET /index.php/camp-fire/28851666.html HTTP/1.1" 500 - "-" "Mozilla/5.0 (compatible; SemrushBot/7~bl; +http://www.semrush.com/bot.html)" "mantech8.com"
185.191.171.44 - - [29/Dec/2022:07:46:20 -0800] "GET /index.php/camp-fire/17527827.html HTTP/1.1" 500 - "-" "Mozilla/5.0 (compatible; SemrushBot/7~bl; +http://www.semrush.com/bot.html)" "mantech8.com"
185.191.171.40 - - [29/Dec/2022:07:46:27 -0800] "GET /?camp-fire%2F45890050.html HTTP/1.1" 500 - "-" "Mozilla/5.0 (compatible; SemrushBot/7~bl; +http://www.semrush.com/bot.html)" "mantech8.com"
185.191.171.45 - - [29/Dec/2022:07:46:49 -0800] "GET /?camp-fire%2F28849359.html HTTP/1.1" 500 - "-" "Mozilla/5.0 (compatible; SemrushBot/7~bl; +http://www.semrush.com/bot.html)" "mantech8.com"
185.191.171.44 - - [29/Dec/2022:07:46:58 -0800] "GET /index.php?camp-fire%2F22137708.html HTTP/1.1" 500 - "-" "Mozilla/5.0 (compatible; SemrushBot/7~bl; +http://www.semrush.com/bot.html)" "mantech8.com"
185.191.171.23 - - [29/Dec/2022:07:47:02 -0800] "GET /?camp-fire%2F33052263.html HTTP/1.1" 500 - "-" "Mozilla/5.0 (compatible; SemrushBot/7~bl; +http://www.semrush.com/bot.html)" "mantech8.com"
185.191.171.34 - - [29/Dec/2022:07:47:54 -0800] "GET /?camp-fire%2F19097932.html HTTP/1.1" 500 - "-" "Mozilla/5.0 (compatible; SemrushBot/7~bl; +http://www.semrush.com/bot.html)" "mantech8.com"
185.191.171.4 - - [29/Dec/2022:07:48:54 -0800] "GET /?camp-fire%2F24414090.html HTTP/1.1" 500 - "-" "Mozilla/5.0 (compatible; SemrushBot/7~bl; +http://www.semrush.com/bot.html)" "mantech8.com"
114.119.140.196 - - [29/Dec/2022:07:49:03 -0800] "GET /images/Mantech.pdf HTTP/1.1" 200 1476415 "http://mantech8.com/about.php" "Mozilla/5.0 (Linux; Android 7.0;) AppleWebKit/537.36 (KHTML, like Gecko) Mobile Safari/537.36 (compatible; PetalBot;+https://webmaster.petalsearch.com/site/petalbot)" "mantech8.com"
185.191.171.34 - - [29/Dec/2022:07:50:22 -0800] "GET /?camp-fire%2F33179116.html HTTP/1.1" 500 - "-" "Mozilla/5.0 (compatible; SemrushBot/7~bl; +http://www.semrush.com/bot.html)" "mantech8.com"
185.191.171.22 - - [29/Dec/2022:07:50:48 -0800] "GET /index.php/camp-fire/41580771.html HTTP/1.1" 500 - "-" "Mozilla/5.0 (compatible; SemrushBot/7~bl; +http://www.semrush.com/bot.html)" "mantech8.com"
185.191.171.39 - - [29/Dec/2022:07:51:22 -0800] "GET /index.php?camp-fire%2F1742300.html HTTP/1.1" 500 - "-" "Mozilla/5.0 (compatible; SemrushBot/7~bl; +http://www.semrush.com/bot.html)" "mantech8.com"
185.191.171.38 - - [29/Dec/2022:07:51:31 -0800] "GET /index.php?camp-fire%2F15561365.html HTTP/1.1" 500 - "-" "Mozilla/5.0 (compatible; SemrushBot/7~bl; +http://www.semrush.com/bot.html)" "mantech8.com"
185.191.171.12 - - [29/Dec/2022:07:51:40 -0800] "GET /?camp-fire%2F27896909.html HTTP/1.1" 500 - "-" "Mozilla/5.0 (compatible; SemrushBot/7~bl; +http://www.semrush.com/bot.html)" "mantech8.com"
185.191.171.34 - - [29/Dec/2022:07:51:51 -0800] "GET /index.php?camp-fire%2F27917959.html HTTP/1.1" 500 - "-" "Mozilla/5.0 (compatible; SemrushBot/7~bl; +http://www.semrush.com/bot.html)" "mantech8.com"
185.191.171.44 - - [29/Dec/2022:07:51:53 -0800] "GET /index.php/camp-fire/42697717.html HTTP/1.1" 500 - "-" "Mozilla/5.0 (compatible; SemrushBot/7~bl; +http://www.semrush.com/bot.html)" "mantech8.com"
185.191.171.15 - - [29/Dec/2022:07:52:34 -0800] "GET /?camp-fire%2F32737483.html HTTP/1.1" 500 - "-" "Mozilla/5.0 (compatible; SemrushBot/7~bl; +http://www.semrush.com/bot.html)" "mantech8.com"
185.191.171.7 - - [29/Dec/2022:07:53:18 -0800] "GET /?camp-fire%2F16706426.html HTTP/1.1" 500 - "-" "Mozilla/5.0 (compatible; SemrushBot/7~bl; +http://www.semrush.com/bot.html)" "mantech8.com"
185.191.171.7 - - [29/Dec/2022:07:54:14 -0800] "GET /?camp-fire%2F28016863.html HTTP/1.1" 500 - "-" "Mozilla/5.0 (compatible; SemrushBot/7~bl; +http://www.semrush.com/bot.html)" "mantech8.com"
185.191.171.21 - - [29/Dec/2022:07:55:20 -0800] "GET /index.php/camp-fire/24232650.html HTTP/1.1" 500 - "-" "Mozilla/5.0 (compatible; SemrushBot/7~bl; +http://www.semrush.com/bot.html)" "mantech8.com"
185.191.171.22 - - [29/Dec/2022:07:55:24 -0800] "GET /?camp-fire%2F30643555.html HTTP/1.1" 500 - "-" "Mozilla/5.0 (compatible; SemrushBot/7~bl; +http://www.semrush.com/bot.html)" "mantech8.com"
185.191.171.24 - - [29/Dec/2022:07:55:37 -0800] "GET /index.php?camp-fire%2F5189874.html HTTP/1.1" 500 - "-" "Mozilla/5.0 (compatible; SemrushBot/7~bl; +http://www.semrush.com/bot.html)" "mantech8.com"
185.191.171.40 - - [29/Dec/2022:07:55:39 -0800] "GET /?camp-fire%2F26650747.html HTTP/1.1" 500 - "-" "Mozilla/5.0 (compatible; SemrushBot/7~bl; +http://www.semrush.com/bot.html)" "mantech8.com"
185.191.171.9 - - [29/Dec/2022:07:56:13 -0800] "GET /?camp-fire%2F27890859.html HTTP/1.1" 500 - "-" "Mozilla/5.0 (compatible; SemrushBot/7~bl; +http://www.semrush.com/bot.html)" "mantech8.com"
185.191.171.11 - - [29/Dec/2022:07:56:41 -0800] "GET /?camp-fire%2F27565126.html HTTP/1.1" 500 - "-" "Mozilla/5.0 (compatible; SemrushBot/7~bl; +http://www.semrush.com/bot.html)" "mantech8.com"
185.191.171.34 - - [29/Dec/2022:07:57:26 -0800] "GET /index.php/camp-fire/26483161.html HTTP/1.1" 500 - "-" "Mozilla/5.0 (compatible; SemrushBot/7~bl; +http://www.semrush.com/bot.html)" "mantech8.com"
185.191.171.5 - - [29/Dec/2022:07:58:25 -0800] "GET /index.php?camp-fire%2F4186665.html HTTP/1.1" 500 - "-" "Mozilla/5.0 (compatible; SemrushBot/7~bl; +http://www.semrush.com/bot.html)" "mantech8.com"
114.119.133.14 - - [29/Dec/2022:07:58:57 -0800] "GET /bimages/cert/ HTTP/1.1" 200 530 "http://mantech8.com/bimages/" "Mozilla/5.0 (Linux; Android 7.0;) AppleWebKit/537.36 (KHTML, like Gecko) Mobile Safari/537.36 (compatible; PetalBot;+https://webmaster.petalsearch.com/site/petalbot)" "mantech8.com"
185.191.171.34 - - [29/Dec/2022:07:59:12 -0800] "GET /index.php?camp-fire%2F8192380.html HTTP/1.1" 500 - "-" "Mozilla/5.0 (compatible; SemrushBot/7~bl; +http://www.semrush.com/bot.html)" "mantech8.com"
185.191.171.5 - - [29/Dec/2022:07:59:29 -0800] "GET /index.php?camp-fire%2F20002532.html HTTP/1.1" 500 - "-" "Mozilla/5.0 (compatible; SemrushBot/7~bl; +http://www.semrush.com/bot.html)" "mantech8.com"
185.191.171.3 - - [29/Dec/2022:08:00:06 -0800] "GET /?camp-fire%2F27456326.html HTTP/1.1" 500 - "-" "Mozilla/5.0 (compatible; SemrushBot/7~bl; +http://www.semrush.com/bot.html)" "mantech8.com"
114.119.157.118 - - [29/Dec/2022:08:00:28 -0800] "GET /?sitemap645.xml HTTP/1.1" 200 270435 "-" "Mozilla/5.0 (Linux; Android 7.0;) AppleWebKit/537.36 (KHTML, like Gecko) Mobile Safari/537.36 (compatible; PetalBot;+https://webmaster.petalsearch.com/site/petalbot)" "mantech8.com"
185.191.171.3 - - [29/Dec/2022:08:00:35 -0800] "GET /?camp-fire%2F25061806.html HTTP/1.1" 500 - "-" "Mozilla/5.0 (compatible; SemrushBot/7~bl; +http://www.semrush.com/bot.html)" "mantech8.com"
157.55.39.12 - - [29/Dec/2022:08:00:39 -0800] "GET /index.php?c=product&a=type&tid=78 HTTP/1.1" 200 73220 "-" "Mozilla/5.0 (compatible; bingbot/2.0; +http://www.bing.com/bingbot.htm)" "www.mantech8.com"
157.55.39.12 - - [29/Dec/2022:08:00:39 -0800] "GET /index.php?/20.html HTTP/1.1" 200 65630 "-" "Mozilla/5.0 AppleWebKit/537.36 (KHTML, like Gecko; compatible; bingbot/2.0; +http://www.bing.com/bingbot.htm) Chrome/103.0.5060.134 Safari/537.36" "www.mantech8.com"
185.191.171.26 - - [29/Dec/2022:08:00:59 -0800] "GET /?camp-fire%2F30835742.html HTTP/1.1" 500 - "-" "Mozilla/5.0 (compatible; SemrushBot/7~bl; +http://www.semrush.com/bot.html)" "mantech8.com"
185.191.171.15 - - [29/Dec/2022:08:01:12 -0800] "GET /index.php/camp-fire/14801387.html HTTP/1.1" 500 - "-" "Mozilla/5.0 (compatible; SemrushBot/7~bl; +http://www.semrush.com/bot.html)" "mantech8.com"
185.191.171.20 - - [29/Dec/2022:08:01:39 -0800] "GET /index.php?camp-fire%2F25379933.html HTTP/1.1" 500 - "-" "Mozilla/5.0 (compatible; SemrushBot/7~bl; +http://www.semrush.com/bot.html)" "mantech8.com"
185.191.171.44 - - [29/Dec/2022:08:01:52 -0800] "GET /index.php/camp-fire/35706538.html HTTP/1.1" 500 - "-" "Mozilla/5.0 (compatible; SemrushBot/7~bl; +http://www.semrush.com/bot.html)" "mantech8.com"
185.191.171.9 - - [29/Dec/2022:08:01:56 -0800] "GET /?camp-fire%2F33624159.html HTTP/1.1" 500 - "-" "Mozilla/5.0 (compatible; SemrushBot/7~bl; +http://www.semrush.com/bot.html)" "mantech8.com"
185.191.171.44 - - [29/Dec/2022:08:02:05 -0800] "GET /index.php?camp-fire%2F16442765.html HTTP/1.1" 500 - "-" "Mozilla/5.0 (compatible; SemrushBot/7~bl; +http://www.semrush.com/bot.html)" "mantech8.com"
185.191.171.3 - - [29/Dec/2022:08:02:45 -0800] "GET /?camp-fire%2F27336527.html HTTP/1.1" 500 - "-" "Mozilla/5.0 (compatible; SemrushBot/7~bl; +http://www.semrush.com/bot.html)" "mantech8.com"
216.244.66.241 - - [29/Dec/2022:08:02:50 -0800] "GET /robots.txt HTTP/1.1" 200 222 "-" "Mozilla/5.0 (compatible; DotBot/1.2; +https://opensiteexplorer.org/dotbot; help@moz.com)" "www.mantech8.com"
216.244.66.241 - - [29/Dec/2022:08:02:50 -0800] "GET /robots.txt HTTP/1.1" 200 222 "-" "Mozilla/5.0 (compatible; DotBot/1.2; +https://opensiteexplorer.org/dotbot; help@moz.com)" "mantech8.com"
185.191.171.10 - - [29/Dec/2022:08:02:53 -0800] "GET /?camp-fire%2F30171966.html HTTP/1.1" 500 - "-" "Mozilla/5.0 (compatible; SemrushBot/7~bl; +http://www.semrush.com/bot.html)" "mantech8.com"
157.55.39.12 - - [29/Dec/2022:08:02:59 -0800] "GET /index.php?camp-fire/65447847.html HTTP/1.1" 200 72050 "-" "Mozilla/5.0 (compatible; bingbot/2.0; +http://www.bing.com/bingbot.htm)" "www.mantech8.com"
185.191.171.15 - - [29/Dec/2022:08:03:00 -0800] "GET /?camp-fire%2F25508430.html HTTP/1.1" 500 - "-" "Mozilla/5.0 (compatible; SemrushBot/7~bl; +http://www.semrush.com/bot.html)" "mantech8.com"
185.191.171.15 - - [29/Dec/2022:08:03:29 -0800] "GET /index.php/camp-fire/20357332.html HTTP/1.1" 500 - "-" "Mozilla/5.0 (compatible; SemrushBot/7~bl; +http://www.semrush.com/bot.html)" "mantech8.com"
185.191.171.37 - - [29/Dec/2022:08:03:54 -0800] "GET /?camp-fire%2F84573871.html HTTP/1.1" 500 - "-" "Mozilla/5.0 (compatible; SemrushBot/7~bl; +http://www.semrush.com/bot.html)" "mantech8.com"
185.191.171.6 - - [29/Dec/2022:08:04:04 -0800] "GET /?camp-fire%2F17723380.html HTTP/1.1" 500 - "-" "Mozilla/5.0 (compatible; SemrushBot/7~bl; +http://www.semrush.com/bot.html)" "mantech8.com"
185.191.171.12 - - [29/Dec/2022:08:04:25 -0800] "GET /?camp-fire%2F33722959.html HTTP/1.1" 500 - "-" "Mozilla/5.0 (compatible; SemrushBot/7~bl; +http://www.semrush.com/bot.html)" "mantech8.com"
185.191.171.45 - - [29/Dec/2022:08:06:01 -0800] "GET /index.php?camp-fire%2F4793755.html HTTP/1.1" 500 - "-" "Mozilla/5.0 (compatible; SemrushBot/7~bl; +http://www.semrush.com/bot.html)" "mantech8.com"
185.191.171.15 - - [29/Dec/2022:08:06:05 -0800] "GET /index.php/camp-fire/24956430.html HTTP/1.1" 500 - "-" "Mozilla/5.0 (compatible; SemrushBot/7~bl; +http://www.semrush.com/bot.html)" "mantech8.com"
185.191.171.10 - - [29/Dec/2022:08:06:12 -0800] "GET /?camp-fire%2F25180106.html HTTP/1.1" 500 - "-" "Mozilla/5.0 (compatible; SemrushBot/7~bl; +http://www.semrush.com/bot.html)" "mantech8.com"
185.191.171.26 - - [29/Dec/2022:08:07:26 -0800] "GET /?camp-fire%2F27097163.html HTTP/1.1" 500 - "-" "Mozilla/5.0 (compatible; SemrushBot/7~bl; +http://www.semrush.com/bot.html)" "mantech8.com"
185.191.171.3 - - [29/Dec/2022:08:07:36 -0800] "GET /index.php/camp-fire/33616059.html HTTP/1.1" 500 - "-" "Mozilla/5.0 (compatible; SemrushBot/7~bl; +http://www.semrush.com/bot.html)" "mantech8.com"
185.191.171.42 - - [29/Dec/2022:08:07:54 -0800] "GET /index.php?camp-fire%2F4484085.html HTTP/1.1" 500 - "-" "Mozilla/5.0 (compatible; SemrushBot/7~bl; +http://www.semrush.com/bot.html)" "mantech8.com"
185.191.171.16 - - [29/Dec/2022:08:08:24 -0800] "GET /?camp-fire%2F10858183.html HTTP/1.1" 500 - "-" "Mozilla/5.0 (compatible; SemrushBot/7~bl; +http://www.semrush.com/bot.html)" "mantech8.com"
185.191.171.8 - - [29/Dec/2022:08:09:32 -0800] "GET /index.php/camp-fire/488469.html HTTP/1.1" 500 - "-" "Mozilla/5.0 (compatible; SemrushBot/7~bl; +http://www.semrush.com/bot.html)" "mantech8.com"
185.191.171.8 - - [29/Dec/2022:08:09:46 -0800] "GET /index.php?camp-fire%2F17634527.html HTTP/1.1" 500 - "-" "Mozilla/5.0 (compatible; SemrushBot/7~bl; +http://www.semrush.com/bot.html)" "mantech8.com"
185.191.171.2 - - [29/Dec/2022:08:10:01 -0800] "GET /?camp-fire%2F28261435.html HTTP/1.1" 500 - "-" "Mozilla/5.0 (compatible; SemrushBot/7~bl; +http://www.semrush.com/bot.html)" "mantech8.com"
185.191.171.40 - - [29/Dec/2022:08:10:06 -0800] "GET /?camp-fire%2F37865706.html HTTP/1.1" 500 - "-" "Mozilla/5.0 (compatible; SemrushBot/7~bl; +http://www.semrush.com/bot.html)" "mantech8.com"
185.191.171.9 - - [29/Dec/2022:08:10:26 -0800] "GET /?camp-fire%2F36243850.html HTTP/1.1" 500 - "-" "Mozilla/5.0 (compatible; SemrushBot/7~bl; +http://www.semrush.com/bot.html)" "mantech8.com"
185.191.171.9 - - [29/Dec/2022:08:10:43 -0800] "GET /index.php?camp-fire%2F16766983.html HTTP/1.1" 500 - "-" "Mozilla/5.0 (compatible; SemrushBot/7~bl; +http://www.semrush.com/bot.html)" "mantech8.com"
185.191.171.45 - - [29/Dec/2022:08:13:20 -0800] "GET /?camp-fire%2F27272770.html HTTP/1.1" 500 - "-" "Mozilla/5.0 (compatible; SemrushBot/7~bl; +http://www.semrush.com/bot.html)" "mantech8.com"
185.191.171.26 - - [29/Dec/2022:08:14:11 -0800] "GET /index.php/camp-fire/26762551.html HTTP/1.1" 500 - "-" "Mozilla/5.0 (compatible; SemrushBot/7~bl; +http://www.semrush.com/bot.html)" "mantech8.com"
185.191.171.20 - - [29/Dec/2022:08:14:30 -0800] "GET /?camp-fire%2F18086581.html HTTP/1.1" 500 - "-" "Mozilla/5.0 (compatible; SemrushBot/7~bl; +http://www.semrush.com/bot.html)" "mantech8.com"
185.191.171.1 - - [29/Dec/2022:08:14:32 -0800] "GET /index.php?camp-fire%2F9387021.html HTTP/1.1" 500 - "-" "Mozilla/5.0 (compatible; SemrushBot/7~bl; +http://www.semrush.com/bot.html)" "mantech8.com"
185.191.171.34 - - [29/Dec/2022:08:14:44 -0800] "GET /?camp-fire%2F16600287.html HTTP/1.1" 500 - "-" "Mozilla/5.0 (compatible; SemrushBot/7~bl; +http://www.semrush.com/bot.html)" "mantech8.com"
185.191.171.8 - - [29/Dec/2022:08:15:31 -0800] "GET /?camp-fire%2F24232550.html HTTP/1.1" 500 - "-" "Mozilla/5.0 (compatible; SemrushBot/7~bl; +http://www.semrush.com/bot.html)" "mantech8.com"
157.55.39.150 - - [29/Dec/2022:08:15:44 -0800] "GET /camp-fire/11051530.html HTTP/1.1" 404 88 "-" "Mozilla/5.0 (compatible; bingbot/2.0; +http://www.bing.com/bingbot.htm)" "www.mantech8.com"
185.191.171.39 - - [29/Dec/2022:08:15:54 -0800] "GET /?camp-fire%2F28920371.html HTTP/1.1" 500 - "-" "Mozilla/5.0 (compatible; SemrushBot/7~bl; +http://www.semrush.com/bot.html)" "mantech8.com"
185.191.171.8 - - [29/Dec/2022:08:15:57 -0800] "GET /index.php/camp-fire/22439424.html HTTP/1.1" 500 - "-" "Mozilla/5.0 (compatible; SemrushBot/7~bl; +http://www.semrush.com/bot.html)" "mantech8.com"
185.191.171.41 - - [29/Dec/2022:08:15:58 -0800] "GET /robots.txt HTTP/1.1" 200 106 "-" "Mozilla/5.0 (compatible; SemrushBot/7~bl; +http://www.semrush.com/bot.html)" "mantech8.com"
185.191.171.4 - - [29/Dec/2022:08:15:59 -0800] "GET /index.php/camp-fire/1277172.html HTTP/1.1" 500 - "-" "Mozilla/5.0 (compatible; SemrushBot/7~bl; +http://www.semrush.com/bot.html)" "mantech8.com"
185.191.171.43 - - [29/Dec/2022:08:16:02 -0800] "GET /?camp-fire%2F34033397.html HTTP/1.1" 500 - "-" "Mozilla/5.0 (compatible; SemrushBot/7~bl; +http://www.semrush.com/bot.html)" "mantech8.com"
185.191.171.7 - - [29/Dec/2022:08:16:37 -0800] "GET /?camp-fire%2F19150832.html HTTP/1.1" 500 - "-" "Mozilla/5.0 (compatible; SemrushBot/7~bl; +http://www.semrush.com/bot.html)" "mantech8.com"
185.191.171.11 - - [29/Dec/2022:08:17:42 -0800] "GET /?camp-fire%2F37977616.html HTTP/1.1" 500 - "-" "Mozilla/5.0 (compatible; SemrushBot/7~bl; +http://www.semrush.com/bot.html)" "mantech8.com"
