191.96.180.36 - - [29/Dec/2022:00:10:38 -0800] "GET /verificationimage.php?2113 HTTP/1.1" 200 1344 "http://mantech8.com/contact.php" "Mozilla/5.0 (Windows NT 6.3) AppleWebKit/537.36 (KHTML, like Gecko) Chrome/90.0.4430.72 Safari/537.36" "mantech8.com"
185.191.171.39 - - [29/Dec/2022:00:11:10 -0800] "GET /index.php?camp-fire%2F7640321.html HTTP/1.1" 500 - "-" "Mozilla/5.0 (compatible; SemrushBot/7~bl; +http://www.semrush.com/bot.html)" "mantech8.com"
185.191.171.13 - - [29/Dec/2022:00:13:41 -0800] "GET /?camp-fire%2F93914265.html HTTP/1.1" 500 - "-" "Mozilla/5.0 (compatible; SemrushBot/7~bl; +http://www.semrush.com/bot.html)" "mantech8.com"
185.191.171.42 - - [29/Dec/2022:00:13:58 -0800] "GET /index.php?camp-fire%2F26768547.html HTTP/1.1" 500 - "-" "Mozilla/5.0 (compatible; SemrushBot/7~bl; +http://www.semrush.com/bot.html)" "mantech8.com"
185.191.171.4 - - [29/Dec/2022:00:14:13 -0800] "GET /?camp-fire%2F35245525.html HTTP/1.1" 500 - "-" "Mozilla/5.0 (compatible; SemrushBot/7~bl; +http://www.semrush.com/bot.html)" "mantech8.com"
185.191.171.3 - - [29/Dec/2022:00:14:14 -0800] "GET /?camp-fire%2F17739727.html HTTP/1.1" 500 - "-" "Mozilla/5.0 (compatible; SemrushBot/7~bl; +http://www.semrush.com/bot.html)" "mantech8.com"
185.191.171.10 - - [29/Dec/2022:00:15:09 -0800] "GET /index.php/camp-fire/15226487.html HTTP/1.1" 500 - "-" "Mozilla/5.0 (compatible; SemrushBot/7~bl; +http://www.semrush.com/bot.html)" "mantech8.com"
185.191.171.4 - - [29/Dec/2022:00:15:18 -0800] "GET /?camp-fire%2F19128074.html HTTP/1.1" 500 - "-" "Mozilla/5.0 (compatible; SemrushBot/7~bl; +http://www.semrush.com/bot.html)" "mantech8.com"
185.191.171.9 - - [29/Dec/2022:00:15:30 -0800] "GET /?camp-fire%2F21738190.html HTTP/1.1" 500 - "-" "Mozilla/5.0 (compatible; SemrushBot/7~bl; +http://www.semrush.com/bot.html)" "mantech8.com"
185.191.171.5 - - [29/Dec/2022:00:15:39 -0800] "GET /?camp-fire%2F24645272.html HTTP/1.1" 500 - "-" "Mozilla/5.0 (compatible; SemrushBot/7~bl; +http://www.semrush.com/bot.html)" "mantech8.com"
185.191.171.44 - - [29/Dec/2022:00:15:40 -0800] "GET /?camp-fire%2F24546930.html HTTP/1.1" 500 - "-" "Mozilla/5.0 (compatible; SemrushBot/7~bl; +http://www.semrush.com/bot.html)" "mantech8.com"
185.191.171.35 - - [29/Dec/2022:00:15:45 -0800] "GET /index.php?camp-fire%2F27091363.html HTTP/1.1" 500 - "-" "Mozilla/5.0 (compatible; SemrushBot/7~bl; +http://www.semrush.com/bot.html)" "mantech8.com"
185.191.171.5 - - [29/Dec/2022:00:16:36 -0800] "GET /index.php/camp-fire/3845398.html HTTP/1.1" 500 - "-" "Mozilla/5.0 (compatible; SemrushBot/7~bl; +http://www.semrush.com/bot.html)" "mantech8.com"
185.191.171.19 - - [29/Dec/2022:00:16:57 -0800] "GET /?camp-fire%2F38205733.html HTTP/1.1" 500 - "-" "Mozilla/5.0 (compatible; SemrushBot/7~bl; +http://www.semrush.com/bot.html)" "mantech8.com"
185.191.171.15 - - [29/Dec/2022:00:17:03 -0800] "GET /?camp-fire%2F30503824.html HTTP/1.1" 500 - "-" "Mozilla/5.0 (compatible; SemrushBot/7~bl; +http://www.semrush.com/bot.html)" "mantech8.com"
185.191.171.15 - - [29/Dec/2022:00:17:45 -0800] "GET /?camp-fire%2F39391193.html HTTP/1.1" 500 - "-" "Mozilla/5.0 (compatible; SemrushBot/7~bl; +http://www.semrush.com/bot.html)" "mantech8.com"
185.191.171.4 - - [29/Dec/2022:00:18:28 -0800] "GET /?camp-fire%2F23740506.html HTTP/1.1" 500 - "-" "Mozilla/5.0 (compatible; SemrushBot/7~bl; +http://www.semrush.com/bot.html)" "mantech8.com"
185.191.171.7 - - [29/Dec/2022:00:18:41 -0800] "GET /?camp-fire%2F83751496.html HTTP/1.1" 500 - "-" "Mozilla/5.0 (compatible; SemrushBot/7~bl; +http://www.semrush.com/bot.html)" "mantech8.com"
185.191.171.1 - - [29/Dec/2022:00:18:44 -0800] "GET /index.php/camp-fire/10527857.html HTTP/1.1" 500 - "-" "Mozilla/5.0 (compatible; SemrushBot/7~bl; +http://www.semrush.com/bot.html)" "mantech8.com"
185.191.171.23 - - [29/Dec/2022:00:19:56 -0800] "GET /index.php?camp-fire%2F7892780.html HTTP/1.1" 500 - "-" "Mozilla/5.0 (compatible; SemrushBot/7~bl; +http://www.semrush.com/bot.html)" "mantech8.com"
114.119.135.37 - - [29/Dec/2022:00:19:59 -0800] "GET /bimages/elect/?C=M%3BO%3DA HTTP/1.1" 200 417 "http://www.mantech8.com/bimages/elect/?C=D%3BO%3DA" "Mozilla/5.0 (Linux; Android 7.0;) AppleWebKit/537.36 (KHTML, like Gecko) Mobile Safari/537.36 (compatible; PetalBot;+https://webmaster.petalsearch.com/site/petalbot)" "www.mantech8.com"
185.191.171.2 - - [29/Dec/2022:00:20:07 -0800] "GET /index.php/camp-fire/44355941.html HTTP/1.1" 500 - "-" "Mozilla/5.0 (compatible; SemrushBot/7~bl; +http://www.semrush.com/bot.html)" "mantech8.com"
185.191.171.2 - - [29/Dec/2022:00:21:08 -0800] "GET /?camp-fire%2F27766909.html HTTP/1.1" 500 - "-" "Mozilla/5.0 (compatible; SemrushBot/7~bl; +http://www.semrush.com/bot.html)" "mantech8.com"
114.119.130.13 - - [29/Dec/2022:00:21:13 -0800] "GET /index.php/sitemap-index-9.xml HTTP/1.1" 200 4853 "-" "Mozilla/5.0 (compatible;PetalBot;+https://webmaster.petalsearch.com/site/petalbot)" "mantech8.com"
185.191.171.33 - - [29/Dec/2022:00:22:08 -0800] "GET /?camp-fire%2F24520930.html HTTP/1.1" 500 - "-" "Mozilla/5.0 (compatible; SemrushBot/7~bl; +http://www.semrush.com/bot.html)" "mantech8.com"
114.119.135.212 - - [29/Dec/2022:00:22:53 -0800] "GET /index.php?umbilic.xml HTTP/1.1" 200 289281 "-" "Mozilla/5.0 (Linux; Android 7.0;) AppleWebKit/537.36 (KHTML, like Gecko) Mobile Safari/537.36 (compatible; PetalBot;+https://webmaster.petalsearch.com/site/petalbot)" "mantech8.com"
207.46.13.149 - - [29/Dec/2022:00:23:37 -0800] "GET /index.php/Wf2o-08fbdfaa-G6CsB.Ii HTTP/1.1" 200 63553 "-" "Mozilla/5.0 AppleWebKit/537.36 (KHTML, like Gecko; compatible; bingbot/2.0; +http://www.bing.com/bingbot.htm) Chrome/103.0.5060.134 Safari/537.36" "mantech8.com"
185.191.171.35 - - [29/Dec/2022:00:24:00 -0800] "GET /?camp-fire%2F35187070.html HTTP/1.1" 500 - "-" "Mozilla/5.0 (compatible; SemrushBot/7~bl; +http://www.semrush.com/bot.html)" "mantech8.com"
185.191.171.8 - - [29/Dec/2022:00:24:09 -0800] "GET /index.php?camp-fire%2F15840346.html HTTP/1.1" 500 - "-" "Mozilla/5.0 (compatible; SemrushBot/7~bl; +http://www.semrush.com/bot.html)" "mantech8.com"
185.191.171.25 - - [29/Dec/2022:00:24:15 -0800] "GET /?camp-fire%2F31114409.html HTTP/1.1" 500 - "-" "Mozilla/5.0 (compatible; SemrushBot/7~bl; +http://www.semrush.com/bot.html)" "mantech8.com"
185.191.171.15 - - [29/Dec/2022:00:24:52 -0800] "GET /index.php?camp-fire%2F921598.html HTTP/1.1" 500 - "-" "Mozilla/5.0 (compatible; SemrushBot/7~bl; +http://www.semrush.com/bot.html)" "mantech8.com"
185.191.171.10 - - [29/Dec/2022:00:25:17 -0800] "GET /?camp-fire%2F28344877.html HTTP/1.1" 500 - "-" "Mozilla/5.0 (compatible; SemrushBot/7~bl; +http://www.semrush.com/bot.html)" "mantech8.com"
185.191.171.34 - - [29/Dec/2022:00:25:18 -0800] "GET /?camp-fire%2F34348930.html HTTP/1.1" 500 - "-" "Mozilla/5.0 (compatible; SemrushBot/7~bl; +http://www.semrush.com/bot.html)" "mantech8.com"
185.191.171.26 - - [29/Dec/2022:00:25:35 -0800] "GET /?camp-fire%2F26045251.html HTTP/1.1" 500 - "-" "Mozilla/5.0 (compatible; SemrushBot/7~bl; +http://www.semrush.com/bot.html)" "mantech8.com"
185.191.171.35 - - [29/Dec/2022:00:25:37 -0800] "GET /index.php?camp-fire%2F4337496.html HTTP/1.1" 500 - "-" "Mozilla/5.0 (compatible; SemrushBot/7~bl; +http://www.semrush.com/bot.html)" "mantech8.com"
185.191.171.6 - - [29/Dec/2022:00:25:39 -0800] "GET /?camp-fire%2F24443953.html HTTP/1.1" 500 - "-" "Mozilla/5.0 (compatible; SemrushBot/7~bl; +http://www.semrush.com/bot.html)" "mantech8.com"
185.191.171.36 - - [29/Dec/2022:00:26:54 -0800] "GET /index.php?camp-fire%2F9221978.html HTTP/1.1" 500 - "-" "Mozilla/5.0 (compatible; SemrushBot/7~bl; +http://www.semrush.com/bot.html)" "mantech8.com"
185.191.171.23 - - [29/Dec/2022:00:27:03 -0800] "GET /?camp-fire%2F94006951.html HTTP/1.1" 500 - "-" "Mozilla/5.0 (compatible; SemrushBot/7~bl; +http://www.semrush.com/bot.html)" "mantech8.com"
185.191.171.41 - - [29/Dec/2022:00:27:49 -0800] "GET /?camp-fire%2F17943678.html HTTP/1.1" 500 - "-" "Mozilla/5.0 (compatible; SemrushBot/7~bl; +http://www.semrush.com/bot.html)" "mantech8.com"
185.191.171.24 - - [29/Dec/2022:00:28:43 -0800] "GET /index.php?camp-fire%2F1254529.html HTTP/1.1" 500 - "-" "Mozilla/5.0 (compatible; SemrushBot/7~bl; +http://www.semrush.com/bot.html)" "mantech8.com"
185.191.171.44 - - [29/Dec/2022:00:29:05 -0800] "GET /?camp-fire%2F17739127.html HTTP/1.1" 500 - "-" "Mozilla/5.0 (compatible; SemrushBot/7~bl; +http://www.semrush.com/bot.html)" "mantech8.com"
185.191.171.42 - - [29/Dec/2022:00:29:35 -0800] "GET /index.php/camp-fire/32556225.html HTTP/1.1" 500 - "-" "Mozilla/5.0 (compatible; SemrushBot/7~bl; +http://www.semrush.com/bot.html)" "mantech8.com"
185.191.171.21 - - [29/Dec/2022:00:29:47 -0800] "GET /index.php?camp-fire%2F1339759.html HTTP/1.1" 500 - "-" "Mozilla/5.0 (compatible; SemrushBot/7~bl; +http://www.semrush.com/bot.html)" "mantech8.com"
185.191.171.10 - - [29/Dec/2022:00:30:19 -0800] "GET /?camp-fire%2F25931676.html HTTP/1.1" 500 - "-" "Mozilla/5.0 (compatible; SemrushBot/7~bl; +http://www.semrush.com/bot.html)" "mantech8.com"
185.191.171.38 - - [29/Dec/2022:00:30:28 -0800] "GET /index.php?camp-fire%2F11582457.html HTTP/1.1" 500 - "-" "Mozilla/5.0 (compatible; SemrushBot/7~bl; +http://www.semrush.com/bot.html)" "mantech8.com"
185.191.171.15 - - [29/Dec/2022:00:31:24 -0800] "GET /?camp-fire%2F28634889.html HTTP/1.1" 500 - "-" "Mozilla/5.0 (compatible; SemrushBot/7~bl; +http://www.semrush.com/bot.html)" "mantech8.com"
185.191.171.36 - - [29/Dec/2022:00:31:34 -0800] "GET /?camp-fire%2F23587806.html HTTP/1.1" 500 - "-" "Mozilla/5.0 (compatible; SemrushBot/7~bl; +http://www.semrush.com/bot.html)" "mantech8.com"
185.191.171.12 - - [29/Dec/2022:00:32:16 -0800] "GET /index.php?camp-fire%2F18293461.html HTTP/1.1" 500 - "-" "Mozilla/5.0 (compatible; SemrushBot/7~bl; +http://www.semrush.com/bot.html)" "mantech8.com"
185.191.171.8 - - [29/Dec/2022:00:32:27 -0800] "GET /?camp-fire%2F28450464.html HTTP/1.1" 500 - "-" "Mozilla/5.0 (compatible; SemrushBot/7~bl; +http://www.semrush.com/bot.html)" "mantech8.com"
40.77.167.4 - - [29/Dec/2022:00:32:56 -0800] "GET /sitemapmobileindex.xml HTTP/1.1" 404 88 "-" "Mozilla/5.0 AppleWebKit/537.36 (KHTML, like Gecko; compatible; bingbot/2.0; +http://www.bing.com/bingbot.htm) Chrome/103.0.5060.134 Safari/537.36" "mantech8.com"
157.55.39.150 - - [29/Dec/2022:00:33:00 -0800] "GET /sitemapindex.xml HTTP/1.1" 404 88 "-" "Mozilla/5.0 (compatible; bingbot/2.0; +http://www.bing.com/bingbot.htm)" "mantech8.com"
157.55.39.150 - - [29/Dec/2022:00:33:00 -0800] "GET /sitemapindeximages.xml HTTP/1.1" 404 88 "-" "Mozilla/5.0 (compatible; bingbot/2.0; +http://www.bing.com/bingbot.htm)" "mantech8.com"
157.55.39.75 - - [29/Dec/2022:00:33:05 -0800] "GET /sitemapnewindex.xml HTTP/1.1" 404 88 "-" "Mozilla/5.0 AppleWebKit/537.36 (KHTML, like Gecko; compatible; bingbot/2.0; +http://www.bing.com/bingbot.htm) Chrome/103.0.5060.134 Safari/537.36" "mantech8.com"
185.191.171.44 - - [29/Dec/2022:00:33:26 -0800] "GET /?camp-fire%2F25059730.html HTTP/1.1" 500 - "-" "Mozilla/5.0 (compatible; SemrushBot/7~bl; +http://www.semrush.com/bot.html)" "mantech8.com"
185.191.171.9 - - [29/Dec/2022:00:33:32 -0800] "GET /?camp-fire%2F27987670.html HTTP/1.1" 500 - "-" "Mozilla/5.0 (compatible; SemrushBot/7~bl; +http://www.semrush.com/bot.html)" "mantech8.com"
185.191.171.1 - - [29/Dec/2022:00:33:47 -0800] "GET /?camp-fire%2F37425125.html HTTP/1.1" 500 - "-" "Mozilla/5.0 (compatible; SemrushBot/7~bl; +http://www.semrush.com/bot.html)" "mantech8.com"
185.191.171.33 - - [29/Dec/2022:00:33:52 -0800] "GET /?camp-fire%2F16795765.html HTTP/1.1" 500 - "-" "Mozilla/5.0 (compatible; SemrushBot/7~bl; +http://www.semrush.com/bot.html)" "mantech8.com"
185.191.171.24 - - [29/Dec/2022:00:34:45 -0800] "GET /index.php?camp-fire%2F20917435.html HTTP/1.1" 500 - "-" "Mozilla/5.0 (compatible; SemrushBot/7~bl; +http://www.semrush.com/bot.html)" "mantech8.com"
185.191.171.5 - - [29/Dec/2022:00:35:14 -0800] "GET /index.php/camp-fire/2227451.html HTTP/1.1" 500 - "-" "Mozilla/5.0 (compatible; SemrushBot/7~bl; +http://www.semrush.com/bot.html)" "mantech8.com"
185.191.171.20 - - [29/Dec/2022:00:35:28 -0800] "GET /?camp-fire%2F33473459.html HTTP/1.1" 500 - "-" "Mozilla/5.0 (compatible; SemrushBot/7~bl; +http://www.semrush.com/bot.html)" "mantech8.com"
185.191.171.45 - - [29/Dec/2022:00:35:36 -0800] "GET /?camp-fire%2F38841617.html HTTP/1.1" 500 - "-" "Mozilla/5.0 (compatible; SemrushBot/7~bl; +http://www.semrush.com/bot.html)" "mantech8.com"
185.191.171.36 - - [29/Dec/2022:00:36:18 -0800] "GET /?camp-fire%2F15308865.html HTTP/1.1" 500 - "-" "Mozilla/5.0 (compatible; SemrushBot/7~bl; +http://www.semrush.com/bot.html)" "mantech8.com"
185.191.171.43 - - [29/Dec/2022:00:36:43 -0800] "GET /index.php?camp-fire%2F11498209.html HTTP/1.1" 500 - "-" "Mozilla/5.0 (compatible; SemrushBot/7~bl; +http://www.semrush.com/bot.html)" "mantech8.com"
185.191.171.33 - - [29/Dec/2022:00:37:42 -0800] "GET /?camp-fire%2F18450027.html HTTP/1.1" 500 - "-" "Mozilla/5.0 (compatible; SemrushBot/7~bl; +http://www.semrush.com/bot.html)" "mantech8.com"
207.46.13.149 - - [29/Dec/2022:00:38:00 -0800] "GET /index.php?camp-fire/43485286.html HTTP/1.1" 200 65394 "-" "Mozilla/5.0 AppleWebKit/537.36 (KHTML, like Gecko; compatible; bingbot/2.0; +http://www.bing.com/bingbot.htm) Chrome/103.0.5060.134 Safari/537.36" "www.mantech8.com"
185.191.171.16 - - [29/Dec/2022:00:38:03 -0800] "GET /index.php?camp-fire%2F26775721.html HTTP/1.1" 500 - "-" "Mozilla/5.0 (compatible; SemrushBot/7~bl; +http://www.semrush.com/bot.html)" "mantech8.com"
185.191.171.43 - - [29/Dec/2022:00:38:40 -0800] "GET /index.php?camp-fire%2F25949176.html HTTP/1.1" 500 - "-" "Mozilla/5.0 (compatible; SemrushBot/7~bl; +http://www.semrush.com/bot.html)" "mantech8.com"
185.191.171.36 - - [29/Dec/2022:00:38:45 -0800] "GET /?camp-fire%2F27656909.html HTTP/1.1" 500 - "-" "Mozilla/5.0 (compatible; SemrushBot/7~bl; +http://www.semrush.com/bot.html)" "mantech8.com"
185.191.171.39 - - [29/Dec/2022:00:38:59 -0800] "GET /?camp-fire%2F36351164.html HTTP/1.1" 500 - "-" "Mozilla/5.0 (compatible; SemrushBot/7~bl; +http://www.semrush.com/bot.html)" "mantech8.com"
185.191.171.17 - - [29/Dec/2022:00:39:05 -0800] "GET /index.php?camp-fire%2F7789542.html HTTP/1.1" 500 - "-" "Mozilla/5.0 (compatible; SemrushBot/7~bl; +http://www.semrush.com/bot.html)" "mantech8.com"
40.77.167.4 - - [29/Dec/2022:00:39:37 -0800] "GET /index.php?/investor/index HTTP/1.1" 200 68706 "-" "Mozilla/5.0 AppleWebKit/537.36 (KHTML, like Gecko; compatible; bingbot/2.0; +http://www.bing.com/bingbot.htm) Chrome/103.0.5060.134 Safari/537.36" "www.mantech8.com"
185.191.171.44 - - [29/Dec/2022:00:40:32 -0800] "GET /?camp-fire%2F40903147.html HTTP/1.1" 500 - "-" "Mozilla/5.0 (compatible; SemrushBot/7~bl; +http://www.semrush.com/bot.html)" "mantech8.com"
185.191.171.37 - - [29/Dec/2022:00:41:23 -0800] "GET /?camp-fire%2F27783909.html HTTP/1.1" 500 - "-" "Mozilla/5.0 (compatible; SemrushBot/7~bl; +http://www.semrush.com/bot.html)" "mantech8.com"
185.191.171.8 - - [29/Dec/2022:00:42:58 -0800] "GET /?camp-fire%2F31859359.html HTTP/1.1" 500 - "-" "Mozilla/5.0 (compatible; SemrushBot/7~bl; +http://www.semrush.com/bot.html)" "mantech8.com"
185.191.171.42 - - [29/Dec/2022:00:43:18 -0800] "GET /?camp-fire%2F25077217.html HTTP/1.1" 500 - "-" "Mozilla/5.0 (compatible; SemrushBot/7~bl; +http://www.semrush.com/bot.html)" "mantech8.com"
185.191.171.22 - - [29/Dec/2022:00:43:19 -0800] "GET /index.php?camp-fire%2F26803621.html HTTP/1.1" 500 - "-" "Mozilla/5.0 (compatible; SemrushBot/7~bl; +http://www.semrush.com/bot.html)" "mantech8.com"
185.191.171.23 - - [29/Dec/2022:00:43:25 -0800] "GET /index.php?camp-fire%2F27081221.html HTTP/1.1" 500 - "-" "Mozilla/5.0 (compatible; SemrushBot/7~bl; +http://www.semrush.com/bot.html)" "mantech8.com"
185.191.171.1 - - [29/Dec/2022:00:43:33 -0800] "GET /index.php?camp-fire%2F8132278.html HTTP/1.1" 500 - "-" "Mozilla/5.0 (compatible; SemrushBot/7~bl; +http://www.semrush.com/bot.html)" "mantech8.com"
185.191.171.38 - - [29/Dec/2022:00:43:54 -0800] "GET /?camp-fire%2F18392678.html HTTP/1.1" 500 - "-" "Mozilla/5.0 (compatible; SemrushBot/7~bl; +http://www.semrush.com/bot.html)" "mantech8.com"
185.191.171.11 - - [29/Dec/2022:00:43:57 -0800] "GET /?camp-fire%2F12962476.html HTTP/1.1" 500 - "-" "Mozilla/5.0 (compatible; SemrushBot/7~bl; +http://www.semrush.com/bot.html)" "mantech8.com"
185.191.171.33 - - [29/Dec/2022:00:45:27 -0800] "GET /?camp-fire%2F28694785.html HTTP/1.1" 500 - "-" "Mozilla/5.0 (compatible; SemrushBot/7~bl; +http://www.semrush.com/bot.html)" "mantech8.com"
185.191.171.21 - - [29/Dec/2022:00:45:45 -0800] "GET /index.php/camp-fire/31905630.html HTTP/1.1" 500 - "-" "Mozilla/5.0 (compatible; SemrushBot/7~bl; +http://www.semrush.com/bot.html)" "mantech8.com"
40.77.167.4 - - [29/Dec/2022:00:45:49 -0800] "GET /F2si-5d7fcadb-Di4X3.Ii HTTP/1.1" 404 88 "-" "Mozilla/5.0 (compatible; bingbot/2.0; +http://www.bing.com/bingbot.htm)" "www.mantech8.com"
185.191.171.19 - - [29/Dec/2022:00:45:54 -0800] "GET /?camp-fire%2F34344025.html HTTP/1.1" 500 - "-" "Mozilla/5.0 (compatible; SemrushBot/7~bl; +http://www.semrush.com/bot.html)" "mantech8.com"
185.191.171.4 - - [29/Dec/2022:00:46:05 -0800] "GET /index.php?camp-fire%2F26811321.html HTTP/1.1" 500 - "-" "Mozilla/5.0 (compatible; SemrushBot/7~bl; +http://www.semrush.com/bot.html)" "mantech8.com"
185.191.171.6 - - [29/Dec/2022:00:46:11 -0800] "GET /?camp-fire%2F33180216.html HTTP/1.1" 500 - "-" "Mozilla/5.0 (compatible; SemrushBot/7~bl; +http://www.semrush.com/bot.html)" "mantech8.com"
185.191.171.6 - - [29/Dec/2022:00:48:55 -0800] "GET /index.php/camp-fire/9812283.html HTTP/1.1" 500 - "-" "Mozilla/5.0 (compatible; SemrushBot/7~bl; +http://www.semrush.com/bot.html)" "mantech8.com"
185.191.171.24 - - [29/Dec/2022:00:48:58 -0800] "GET /?camp-fire%2F31803065.html HTTP/1.1" 500 - "-" "Mozilla/5.0 (compatible; SemrushBot/7~bl; +http://www.semrush.com/bot.html)" "mantech8.com"
185.191.171.39 - - [29/Dec/2022:00:49:08 -0800] "GET /?camp-fire%2F23091217.html HTTP/1.1" 500 - "-" "Mozilla/5.0 (compatible; SemrushBot/7~bl; +http://www.semrush.com/bot.html)" "mantech8.com"
185.191.171.40 - - [29/Dec/2022:00:49:24 -0800] "GET /?camp-fire%2F31176159.html HTTP/1.1" 500 - "-" "Mozilla/5.0 (compatible; SemrushBot/7~bl; +http://www.semrush.com/bot.html)" "mantech8.com"
185.191.171.5 - - [29/Dec/2022:00:49:26 -0800] "GET /?camp-fire%2F25625583.html HTTP/1.1" 500 - "-" "Mozilla/5.0 (compatible; SemrushBot/7~bl; +http://www.semrush.com/bot.html)" "mantech8.com"
185.191.171.10 - - [29/Dec/2022:00:49:28 -0800] "GET /?camp-fire%2F99842483.html HTTP/1.1" 500 - "-" "Mozilla/5.0 (compatible; SemrushBot/7~bl; +http://www.semrush.com/bot.html)" "mantech8.com"
40.77.167.4 - - [29/Dec/2022:00:49:38 -0800] "GET /F2si-6a47aeddc-Diilk.Ii HTTP/1.1" 404 88 "-" "Mozilla/5.0 AppleWebKit/537.36 (KHTML, like Gecko; compatible; bingbot/2.0; +http://www.bing.com/bingbot.htm) Chrome/103.0.5060.134 Safari/537.36" "www.mantech8.com"
185.191.171.39 - - [29/Dec/2022:00:49:38 -0800] "GET /index.php?camp-fire%2F5513985.html HTTP/1.1" 500 - "-" "Mozilla/5.0 (compatible; SemrushBot/7~bl; +http://www.semrush.com/bot.html)" "mantech8.com"
95.163.255.0 - - [29/Dec/2022:00:50:14 -0800] "GET /robots.txt HTTP/1.1" 200 222 "-" "Mozilla/5.0 (compatible; Linux x86_64; Mail.RU_Bot/2.0; +https://help.mail.ru/webmaster/indexing/robots)" "www.mantech8.com"
95.163.255.216 - - [29/Dec/2022:00:50:15 -0800] "GET /career.php HTTP/1.1" 200 19644 "-" "Mozilla/5.0 (compatible; Linux x86_64; Mail.RU_Bot/2.0; +https://help.mail.ru/webmaster/indexing/robots)" "www.mantech8.com"
185.191.171.3 - - [29/Dec/2022:00:50:23 -0800] "GET /?camp-fire%2F34314981.html HTTP/1.1" 500 - "-" "Mozilla/5.0 (compatible; SemrushBot/7~bl; +http://www.semrush.com/bot.html)" "mantech8.com"
185.191.171.18 - - [29/Dec/2022:00:51:06 -0800] "GET /?camp-fire%2F76850376.html HTTP/1.1" 500 - "-" "Mozilla/5.0 (compatible; SemrushBot/7~bl; +http://www.semrush.com/bot.html)" "mantech8.com"
185.191.171.1 - - [29/Dec/2022:00:51:58 -0800] "GET /?camp-fire%2F15177984.html HTTP/1.1" 500 - "-" "Mozilla/5.0 (compatible; SemrushBot/7~bl; +http://www.semrush.com/bot.html)" "mantech8.com"
185.191.171.40 - - [29/Dec/2022:00:52:30 -0800] "GET /?camp-fire%2F25103361.html HTTP/1.1" 500 - "-" "Mozilla/5.0 (compatible; SemrushBot/7~bl; +http://www.semrush.com/bot.html)" "mantech8.com"
114.119.159.233 - - [29/Dec/2022:00:52:49 -0800] "GET /index.php/sitemap6075.xml HTTP/1.1" 200 289354 "-" "Mozilla/5.0 (compatible;PetalBot;+https://webmaster.petalsearch.com/site/petalbot)" "mantech8.com"
185.191.171.15 - - [29/Dec/2022:00:53:18 -0800] "GET /index.php?camp-fire%2F25049706.html HTTP/1.1" 500 - "-" "Mozilla/5.0 (compatible; SemrushBot/7~bl; +http://www.semrush.com/bot.html)" "mantech8.com"
185.191.171.8 - - [29/Dec/2022:00:53:29 -0800] "GET /index.php?camp-fire%2F4214085.html HTTP/1.1" 500 - "-" "Mozilla/5.0 (compatible; SemrushBot/7~bl; +http://www.semrush.com/bot.html)" "mantech8.com"
185.191.171.5 - - [29/Dec/2022:00:54:01 -0800] "GET /index.php/camp-fire/22326217.html HTTP/1.1" 500 - "-" "Mozilla/5.0 (compatible; SemrushBot/7~bl; +http://www.semrush.com/bot.html)" "mantech8.com"
185.191.171.10 - - [29/Dec/2022:00:54:11 -0800] "GET /?camp-fire%2F15339165.html HTTP/1.1" 500 - "-" "Mozilla/5.0 (compatible; SemrushBot/7~bl; +http://www.semrush.com/bot.html)" "mantech8.com"
185.191.171.3 - - [29/Dec/2022:00:55:23 -0800] "GET /?camp-fire%2F28287235.html HTTP/1.1" 500 - "-" "Mozilla/5.0 (compatible; SemrushBot/7~bl; +http://www.semrush.com/bot.html)" "mantech8.com"
185.191.171.6 - - [29/Dec/2022:00:56:20 -0800] "GET /?camp-fire%2F26337930.html HTTP/1.1" 500 - "-" "Mozilla/5.0 (compatible; SemrushBot/7~bl; +http://www.semrush.com/bot.html)" "mantech8.com"
185.191.171.3 - - [29/Dec/2022:00:56:28 -0800] "GET /?camp-fire%2F26878821.html HTTP/1.1" 500 - "-" "Mozilla/5.0 (compatible; SemrushBot/7~bl; +http://www.semrush.com/bot.html)" "mantech8.com"
40.77.167.4 - - [29/Dec/2022:00:56:29 -0800] "GET /index.php?camp-fire/43449401.html HTTP/1.1" 200 74728 "-" "Mozilla/5.0 AppleWebKit/537.36 (KHTML, like Gecko; compatible; bingbot/2.0; +http://www.bing.com/bingbot.htm) Chrome/103.0.5060.134 Safari/537.36" "www.mantech8.com"
185.191.171.25 - - [29/Dec/2022:00:57:07 -0800] "GET /robots.txt HTTP/1.1" 200 106 "-" "Mozilla/5.0 (compatible; SemrushBot/7~bl; +http://www.semrush.com/bot.html)" "mantech8.com"
185.191.171.22 - - [29/Dec/2022:00:57:07 -0800] "GET /index.php/camp-fire/4463500.html HTTP/1.1" 500 - "-" "Mozilla/5.0 (compatible; SemrushBot/7~bl; +http://www.semrush.com/bot.html)" "mantech8.com"
185.191.171.7 - - [29/Dec/2022:00:57:32 -0800] "GET /?camp-fire%2F18949981.html HTTP/1.1" 500 - "-" "Mozilla/5.0 (compatible; SemrushBot/7~bl; +http://www.semrush.com/bot.html)" "mantech8.com"
185.191.171.25 - - [29/Dec/2022:00:59:02 -0800] "GET /index.php/camp-fire/21606417.html HTTP/1.1" 500 - "-" "Mozilla/5.0 (compatible; SemrushBot/7~bl; +http://www.semrush.com/bot.html)" "mantech8.com"
185.191.171.7 - - [29/Dec/2022:00:59:07 -0800] "GET /?camp-fire%2F25063106.html HTTP/1.1" 500 - "-" "Mozilla/5.0 (compatible; SemrushBot/7~bl; +http://www.semrush.com/bot.html)" "mantech8.com"
216.244.66.241 - - [29/Dec/2022:00:59:23 -0800] "GET /robots.txt HTTP/1.1" 200 222 "-" "Mozilla/5.0 (compatible; DotBot/1.2; +https://opensiteexplorer.org/dotbot; help@moz.com)" "mantech8.com"
216.244.66.241 - - [29/Dec/2022:00:59:23 -0800] "GET /robots.txt HTTP/1.1" 200 222 "-" "Mozilla/5.0 (compatible; DotBot/1.2; +https://opensiteexplorer.org/dotbot; help@moz.com)" "www.mantech8.com"
185.191.171.45 - - [29/Dec/2022:00:59:28 -0800] "GET /?camp-fire%2F24257150.html HTTP/1.1" 500 - "-" "Mozilla/5.0 (compatible; SemrushBot/7~bl; +http://www.semrush.com/bot.html)" "mantech8.com"
185.191.171.22 - - [29/Dec/2022:01:00:08 -0800] "GET /index.php/camp-fire/38873717.html HTTP/1.1" 500 - "-" "Mozilla/5.0 (compatible; SemrushBot/7~bl; +http://www.semrush.com/bot.html)" "mantech8.com"
185.191.171.22 - - [29/Dec/2022:01:00:29 -0800] "GET /?camp-fire%2F30656655.html HTTP/1.1" 500 - "-" "Mozilla/5.0 (compatible; SemrushBot/7~bl; +http://www.semrush.com/bot.html)" "mantech8.com"
185.191.171.24 - - [29/Dec/2022:01:00:52 -0800] "GET /index.php?camp-fire%2F26776021.html HTTP/1.1" 500 - "-" "Mozilla/5.0 (compatible; SemrushBot/7~bl; +http://www.semrush.com/bot.html)" "mantech8.com"
185.191.171.8 - - [29/Dec/2022:01:01:12 -0800] "GET /?camp-fire%2F26513757.html HTTP/1.1" 500 - "-" "Mozilla/5.0 (compatible; SemrushBot/7~bl; +http://www.semrush.com/bot.html)" "mantech8.com"
185.191.171.21 - - [29/Dec/2022:01:01:31 -0800] "GET /?camp-fire%2F27802671.html HTTP/1.1" 500 - "-" "Mozilla/5.0 (compatible; SemrushBot/7~bl; +http://www.semrush.com/bot.html)" "mantech8.com"
185.191.171.40 - - [29/Dec/2022:01:01:51 -0800] "GET /index.php?camp-fire%2F16694926.html HTTP/1.1" 500 - "-" "Mozilla/5.0 (compatible; SemrushBot/7~bl; +http://www.semrush.com/bot.html)" "mantech8.com"
185.191.171.9 - - [29/Dec/2022:01:01:53 -0800] "GET /index.php/camp-fire/27318097.html HTTP/1.1" 500 - "-" "Mozilla/5.0 (compatible; SemrushBot/7~bl; +http://www.semrush.com/bot.html)" "mantech8.com"
185.191.171.1 - - [29/Dec/2022:01:02:35 -0800] "GET /?camp-fire%2F21752517.html HTTP/1.1" 500 - "-" "Mozilla/5.0 (compatible; SemrushBot/7~bl; +http://www.semrush.com/bot.html)" "mantech8.com"
185.191.171.25 - - [29/Dec/2022:01:02:47 -0800] "GET /?camp-fire%2F17801480.html HTTP/1.1" 500 - "-" "Mozilla/5.0 (compatible; SemrushBot/7~bl; +http://www.semrush.com/bot.html)" "mantech8.com"
185.191.171.4 - - [29/Dec/2022:01:03:21 -0800] "GET /?camp-fire%2F33582480.html HTTP/1.1" 500 - "-" "Mozilla/5.0 (compatible; SemrushBot/7~bl; +http://www.semrush.com/bot.html)" "mantech8.com"
185.191.171.5 - - [29/Dec/2022:01:03:23 -0800] "GET /?camp-fire%2F30672455.html HTTP/1.1" 500 - "-" "Mozilla/5.0 (compatible; SemrushBot/7~bl; +http://www.semrush.com/bot.html)" "mantech8.com"
185.191.171.45 - - [29/Dec/2022:01:03:43 -0800] "GET /?camp-fire%2F29857776.html HTTP/1.1" 500 - "-" "Mozilla/5.0 (compatible; SemrushBot/7~bl; +http://www.semrush.com/bot.html)" "mantech8.com"
185.191.171.36 - - [29/Dec/2022:01:03:47 -0800] "GET /?camp-fire%2F32673425.html HTTP/1.1" 500 - "-" "Mozilla/5.0 (compatible; SemrushBot/7~bl; +http://www.semrush.com/bot.html)" "mantech8.com"
185.191.171.6 - - [29/Dec/2022:01:04:00 -0800] "GET /?camp-fire%2F36715635.html HTTP/1.1" 500 - "-" "Mozilla/5.0 (compatible; SemrushBot/7~bl; +http://www.semrush.com/bot.html)" "mantech8.com"
185.191.171.12 - - [29/Dec/2022:01:04:16 -0800] "GET /?camp-fire%2F23689506.html HTTP/1.1" 500 - "-" "Mozilla/5.0 (compatible; SemrushBot/7~bl; +http://www.semrush.com/bot.html)" "mantech8.com"
185.191.171.6 - - [29/Dec/2022:01:04:54 -0800] "GET /?camp-fire%2F26261582.html HTTP/1.1" 500 - "-" "Mozilla/5.0 (compatible; SemrushBot/7~bl; +http://www.semrush.com/bot.html)" "mantech8.com"
185.191.171.12 - - [29/Dec/2022:01:05:02 -0800] "GET /?camp-fire%2F28116190.html HTTP/1.1" 500 - "-" "Mozilla/5.0 (compatible; SemrushBot/7~bl; +http://www.semrush.com/bot.html)" "mantech8.com"
185.191.171.45 - - [29/Dec/2022:01:05:29 -0800] "GET /?camp-fire%2F48744850.html HTTP/1.1" 500 - "-" "Mozilla/5.0 (compatible; SemrushBot/7~bl; +http://www.semrush.com/bot.html)" "mantech8.com"
185.191.171.42 - - [29/Dec/2022:01:05:32 -0800] "GET /?camp-fire%2F30630255.html HTTP/1.1" 500 - "-" "Mozilla/5.0 (compatible; SemrushBot/7~bl; +http://www.semrush.com/bot.html)" "mantech8.com"
185.191.171.17 - - [29/Dec/2022:01:07:16 -0800] "GET /?camp-fire%2F35267238.html HTTP/1.1" 500 - "-" "Mozilla/5.0 (compatible; SemrushBot/7~bl; +http://www.semrush.com/bot.html)" "mantech8.com"
185.191.171.15 - - [29/Dec/2022:01:08:03 -0800] "GET /?camp-fire%2F19820224.html HTTP/1.1" 500 - "-" "Mozilla/5.0 (compatible; SemrushBot/7~bl; +http://www.semrush.com/bot.html)" "mantech8.com"
185.191.171.42 - - [29/Dec/2022:01:08:30 -0800] "GET /?camp-fire%2F28370671.html HTTP/1.1" 500 - "-" "Mozilla/5.0 (compatible; SemrushBot/7~bl; +http://www.semrush.com/bot.html)" "mantech8.com"
185.191.171.14 - - [29/Dec/2022:01:08:47 -0800] "GET /index.php?camp-fire%2F16686326.html HTTP/1.1" 500 - "-" "Mozilla/5.0 (compatible; SemrushBot/7~bl; +http://www.semrush.com/bot.html)" "mantech8.com"
185.191.171.22 - - [29/Dec/2022:01:10:20 -0800] "GET /?camp-fire%2F29625864.html HTTP/1.1" 500 - "-" "Mozilla/5.0 (compatible; SemrushBot/7~bl; +http://www.semrush.com/bot.html)" "mantech8.com"
185.191.171.9 - - [29/Dec/2022:01:11:25 -0800] "GET /?camp-fire%2F42690564.html HTTP/1.1" 500 - "-" "Mozilla/5.0 (compatible; SemrushBot/7~bl; +http://www.semrush.com/bot.html)" "mantech8.com"
185.191.171.39 - - [29/Dec/2022:01:11:59 -0800] "GET /index.php/camp-fire/10115383.html HTTP/1.1" 500 - "-" "Mozilla/5.0 (compatible; SemrushBot/7~bl; +http://www.semrush.com/bot.html)" "mantech8.com"
185.191.171.25 - - [29/Dec/2022:01:12:38 -0800] "GET /index.php/camp-fire/60104876.html HTTP/1.1" 500 - "-" "Mozilla/5.0 (compatible; SemrushBot/7~bl; +http://www.semrush.com/bot.html)" "mantech8.com"
185.191.171.4 - - [29/Dec/2022:01:13:03 -0800] "GET /index.php?camp-fire%2F19004632.html HTTP/1.1" 500 - "-" "Mozilla/5.0 (compatible; SemrushBot/7~bl; +http://www.semrush.com/bot.html)" "mantech8.com"
185.191.171.36 - - [29/Dec/2022:01:13:14 -0800] "GET /?camp-fire%2F30494741.html HTTP/1.1" 500 - "-" "Mozilla/5.0 (compatible; SemrushBot/7~bl; +http://www.semrush.com/bot.html)" "mantech8.com"
185.191.171.10 - - [29/Dec/2022:01:13:19 -0800] "GET /?camp-fire%2F23605106.html HTTP/1.1" 500 - "-" "Mozilla/5.0 (compatible; SemrushBot/7~bl; +http://www.semrush.com/bot.html)" "mantech8.com"
185.191.171.24 - - [29/Dec/2022:01:13:38 -0800] "GET /?camp-fire%2F30302266.html HTTP/1.1" 500 - "-" "Mozilla/5.0 (compatible; SemrushBot/7~bl; +http://www.semrush.com/bot.html)" "mantech8.com"
114.119.142.131 - - [29/Dec/2022:01:14:39 -0800] "GET /sitemap-index-8.xml HTTP/1.1" 404 88 "-" "Mozilla/5.0 (compatible;PetalBot;+https://webmaster.petalsearch.com/site/petalbot)" "mantech8.com"
185.191.171.36 - - [29/Dec/2022:01:14:50 -0800] "GET /?camp-fire%2F33588425.html HTTP/1.1" 500 - "-" "Mozilla/5.0 (compatible; SemrushBot/7~bl; +http://www.semrush.com/bot.html)" "mantech8.com"
185.191.171.18 - - [29/Dec/2022:01:15:00 -0800] "GET /?camp-fire%2F27297297.html HTTP/1.1" 500 - "-" "Mozilla/5.0 (compatible; SemrushBot/7~bl; +http://www.semrush.com/bot.html)" "mantech8.com"
185.191.171.4 - - [29/Dec/2022:01:15:56 -0800] "GET /?camp-fire%2F32605025.html HTTP/1.1" 500 - "-" "Mozilla/5.0 (compatible; SemrushBot/7~bl; +http://www.semrush.com/bot.html)" "mantech8.com"
185.191.171.25 - - [29/Dec/2022:01:16:00 -0800] "GET /?camp-fire%2F17253000.html HTTP/1.1" 500 - "-" "Mozilla/5.0 (compatible; SemrushBot/7~bl; +http://www.semrush.com/bot.html)" "mantech8.com"
185.191.171.41 - - [29/Dec/2022:01:16:52 -0800] "GET /index.php/camp-fire/13926859.html HTTP/1.1" 500 - "-" "Mozilla/5.0 (compatible; SemrushBot/7~bl; +http://www.semrush.com/bot.html)" "mantech8.com"
185.191.171.42 - - [29/Dec/2022:01:17:36 -0800] "GET /index.php/camp-fire/24310450.html HTTP/1.1" 500 - "-" "Mozilla/5.0 (compatible; SemrushBot/7~bl; +http://www.semrush.com/bot.html)" "mantech8.com"
185.191.171.8 - - [29/Dec/2022:01:17:54 -0800] "GET /?camp-fire%2F28450064.html HTTP/1.1" 500 - "-" "Mozilla/5.0 (compatible; SemrushBot/7~bl; +http://www.semrush.com/bot.html)" "mantech8.com"
185.191.171.11 - - [29/Dec/2022:01:17:59 -0800] "GET /index.php?camp-fire%2F8203878.html HTTP/1.1" 500 - "-" "Mozilla/5.0 (compatible; SemrushBot/7~bl; +http://www.semrush.com/bot.html)" "mantech8.com"
194.110.203.42 - - [29/Dec/2022:01:18:11 -0800] "GET /database/1.sql HTTP/1.1" 404 73 "-" "Firefox" "mantech8.com"
185.191.171.9 - - [29/Dec/2022:01:18:36 -0800] "GET /index.php?camp-fire%2F5970255.html HTTP/1.1" 500 - "-" "Mozilla/5.0 (compatible; SemrushBot/7~bl; +http://www.semrush.com/bot.html)" "mantech8.com"
185.191.171.36 - - [29/Dec/2022:01:18:47 -0800] "GET /?camp-fire%2F26835221.html HTTP/1.1" 500 - "-" "Mozilla/5.0 (compatible; SemrushBot/7~bl; +http://www.semrush.com/bot.html)" "mantech8.com"
185.191.171.10 - - [29/Dec/2022:01:20:11 -0800] "GET /?camp-fire%2F18499280.html HTTP/1.1" 500 - "-" "Mozilla/5.0 (compatible; SemrushBot/7~bl; +http://www.semrush.com/bot.html)" "mantech8.com"
185.191.171.18 - - [29/Dec/2022:01:20:44 -0800] "GET /?camp-fire%2F28723870.html HTTP/1.1" 500 - "-" "Mozilla/5.0 (compatible; SemrushBot/7~bl; +http://www.semrush.com/bot.html)" "mantech8.com"
185.191.171.6 - - [29/Dec/2022:01:21:20 -0800] "GET /?camp-fire%2F31704635.html HTTP/1.1" 500 - "-" "Mozilla/5.0 (compatible; SemrushBot/7~bl; +http://www.semrush.com/bot.html)" "mantech8.com"
185.191.171.7 - - [29/Dec/2022:01:22:03 -0800] "GET /?camp-fire%2F22474432.html HTTP/1.1" 500 - "-" "Mozilla/5.0 (compatible; SemrushBot/7~bl; +http://www.semrush.com/bot.html)" "mantech8.com"
185.191.171.7 - - [29/Dec/2022:01:22:12 -0800] "GET /?camp-fire%2F36663306.html HTTP/1.1" 500 - "-" "Mozilla/5.0 (compatible; SemrushBot/7~bl; +http://www.semrush.com/bot.html)" "mantech8.com"
185.191.171.42 - - [29/Dec/2022:01:22:19 -0800] "GET /?camp-fire%2F17528080.html HTTP/1.1" 500 - "-" "Mozilla/5.0 (compatible; SemrushBot/7~bl; +http://www.semrush.com/bot.html)" "mantech8.com"
185.191.171.4 - - [29/Dec/2022:01:22:21 -0800] "GET /index.php?camp-fire%2F13921859.html HTTP/1.1" 500 - "-" "Mozilla/5.0 (compatible; SemrushBot/7~bl; +http://www.semrush.com/bot.html)" "mantech8.com"
185.191.171.19 - - [29/Dec/2022:01:23:01 -0800] "GET /index.php/camp-fire/11816490.html HTTP/1.1" 500 - "-" "Mozilla/5.0 (compatible; SemrushBot/7~bl; +http://www.semrush.com/bot.html)" "mantech8.com"
185.191.171.25 - - [29/Dec/2022:01:24:04 -0800] "GET /?camp-fire%2F45059793.html HTTP/1.1" 500 - "-" "Mozilla/5.0 (compatible; SemrushBot/7~bl; +http://www.semrush.com/bot.html)" "mantech8.com"
185.191.171.17 - - [29/Dec/2022:01:24:19 -0800] "GET /?camp-fire%2F18562280.html HTTP/1.1" 500 - "-" "Mozilla/5.0 (compatible; SemrushBot/7~bl; +http://www.semrush.com/bot.html)" "mantech8.com"
185.191.171.18 - - [29/Dec/2022:01:25:05 -0800] "GET /index.php/camp-fire/27222863.html HTTP/1.1" 500 - "-" "Mozilla/5.0 (compatible; SemrushBot/7~bl; +http://www.semrush.com/bot.html)" "mantech8.com"
114.119.137.28 - - [29/Dec/2022:01:25:09 -0800] "GET /sitemap5587.xml HTTP/1.1" 404 88 "-" "Mozilla/5.0 (compatible;PetalBot;+https://webmaster.petalsearch.com/site/petalbot)" "mantech8.com"
185.191.171.9 - - [29/Dec/2022:01:26:11 -0800] "GET /?camp-fire%2F27863497.html HTTP/1.1" 500 - "-" "Mozilla/5.0 (compatible; SemrushBot/7~bl; +http://www.semrush.com/bot.html)" "mantech8.com"
185.191.171.18 - - [29/Dec/2022:01:27:03 -0800] "GET /?camp-fire%2F22136057.html HTTP/1.1" 500 - "-" "Mozilla/5.0 (compatible; SemrushBot/7~bl; +http://www.semrush.com/bot.html)" "mantech8.com"
185.191.171.5 - - [29/Dec/2022:01:27:07 -0800] "GET /?camp-fire%2F21836917.html HTTP/1.1" 500 - "-" "Mozilla/5.0 (compatible; SemrushBot/7~bl; +http://www.semrush.com/bot.html)" "mantech8.com"
185.191.171.16 - - [29/Dec/2022:01:27:15 -0800] "GET /index.php?camp-fire%2F15915951.html HTTP/1.1" 500 - "-" "Mozilla/5.0 (compatible; SemrushBot/7~bl; +http://www.semrush.com/bot.html)" "mantech8.com"
185.191.171.1 - - [29/Dec/2022:01:27:23 -0800] "GET /?camp-fire%2F26103082.html HTTP/1.1" 500 - "-" "Mozilla/5.0 (compatible; SemrushBot/7~bl; +http://www.semrush.com/bot.html)" "mantech8.com"
185.191.171.36 - - [29/Dec/2022:01:27:57 -0800] "GET /?camp-fire%2F11911676.html HTTP/1.1" 500 - "-" "Mozilla/5.0 (compatible; SemrushBot/7~bl; +http://www.semrush.com/bot.html)" "mantech8.com"
185.191.171.1 - - [29/Dec/2022:01:28:01 -0800] "GET /index.php/camp-fire/38394330.html HTTP/1.1" 500 - "-" "Mozilla/5.0 (compatible; SemrushBot/7~bl; +http://www.semrush.com/bot.html)" "mantech8.com"
40.77.167.4 - - [29/Dec/2022:01:29:31 -0800] "GET /sitemapmobileindex.xml HTTP/1.1" 404 88 "-" "Mozilla/5.0 AppleWebKit/537.36 (KHTML, like Gecko; compatible; bingbot/2.0; +http://www.bing.com/bingbot.htm) Chrome/103.0.5060.134 Safari/537.36" "mantech8.com"
185.191.171.25 - - [29/Dec/2022:01:30:25 -0800] "GET /?camp-fire%2F23584806.html HTTP/1.1" 500 - "-" "Mozilla/5.0 (compatible; SemrushBot/7~bl; +http://www.semrush.com/bot.html)" "mantech8.com"
185.191.171.8 - - [29/Dec/2022:01:31:09 -0800] "GET /?camp-fire%2F26678882.html HTTP/1.1" 500 - "-" "Mozilla/5.0 (compatible; SemrushBot/7~bl; +http://www.semrush.com/bot.html)" "mantech8.com"
185.191.171.7 - - [29/Dec/2022:01:31:41 -0800] "GET /index.php/camp-fire/20803365.html HTTP/1.1" 500 - "-" "Mozilla/5.0 (compatible; SemrushBot/7~bl; +http://www.semrush.com/bot.html)" "mantech8.com"
185.191.171.26 - - [29/Dec/2022:01:32:10 -0800] "GET /?camp-fire%2F43977406.html HTTP/1.1" 500 - "-" "Mozilla/5.0 (compatible; SemrushBot/7~bl; +http://www.semrush.com/bot.html)" "mantech8.com"
185.191.171.17 - - [29/Dec/2022:01:32:52 -0800] "GET /?camp-fire%2F16293872.html HTTP/1.1" 500 - "-" "Mozilla/5.0 (compatible; SemrushBot/7~bl; +http://www.semrush.com/bot.html)" "mantech8.com"
185.191.171.8 - - [29/Dec/2022:01:32:57 -0800] "GET /index.php?camp-fire%2F22123021.html HTTP/1.1" 500 - "-" "Mozilla/5.0 (compatible; SemrushBot/7~bl; +http://www.semrush.com/bot.html)" "mantech8.com"
157.55.39.150 - - [29/Dec/2022:01:33:05 -0800] "GET /sitemapindeximages.xml HTTP/1.1" 404 88 "-" "Mozilla/5.0 (compatible; bingbot/2.0; +http://www.bing.com/bingbot.htm)" "mantech8.com"
185.191.171.15 - - [29/Dec/2022:01:33:09 -0800] "GET /index.php?camp-fire%2F1462853.html HTTP/1.1" 500 - "-" "Mozilla/5.0 (compatible; SemrushBot/7~bl; +http://www.semrush.com/bot.html)" "mantech8.com"
185.191.171.38 - - [29/Dec/2022:01:34:11 -0800] "GET /index.php?camp-fire%2F23616706.html HTTP/1.1" 500 - "-" "Mozilla/5.0 (compatible; SemrushBot/7~bl; +http://www.semrush.com/bot.html)" "mantech8.com"
185.191.171.8 - - [29/Dec/2022:01:34:16 -0800] "GET /index.php/camp-fire/10571278.html HTTP/1.1" 500 - "-" "Mozilla/5.0 (compatible; SemrushBot/7~bl; +http://www.semrush.com/bot.html)" "mantech8.com"
185.191.171.11 - - [29/Dec/2022:01:34:53 -0800] "GET /?camp-fire%2F19802181.html HTTP/1.1" 500 - "-" "Mozilla/5.0 (compatible; SemrushBot/7~bl; +http://www.semrush.com/bot.html)" "mantech8.com"
185.191.171.23 - - [29/Dec/2022:01:35:23 -0800] "GET /index.php?camp-fire%2F8418878.html HTTP/1.1" 500 - "-" "Mozilla/5.0 (compatible; SemrushBot/7~bl; +http://www.semrush.com/bot.html)" "mantech8.com"
157.55.39.150 - - [29/Dec/2022:01:35:44 -0800] "GET /sitemapindex.xml HTTP/1.1" 404 88 "-" "Mozilla/5.0 AppleWebKit/537.36 (KHTML, like Gecko; compatible; bingbot/2.0; +http://www.bing.com/bingbot.htm) Chrome/103.0.5060.134 Safari/537.36" "mantech8.com"
185.191.171.10 - - [29/Dec/2022:01:35:48 -0800] "GET /?camp-fire%2F33608609.html HTTP/1.1" 500 - "-" "Mozilla/5.0 (compatible; SemrushBot/7~bl; +http://www.semrush.com/bot.html)" "mantech8.com"
185.191.171.3 - - [29/Dec/2022:01:36:16 -0800] "GET /?camp-fire%2F34879259.html HTTP/1.1" 500 - "-" "Mozilla/5.0 (compatible; SemrushBot/7~bl; +http://www.semrush.com/bot.html)" "mantech8.com"
185.191.171.21 - - [29/Dec/2022:01:36:23 -0800] "GET /?camp-fire%2F26101582.html HTTP/1.1" 500 - "-" "Mozilla/5.0 (compatible; SemrushBot/7~bl; +http://www.semrush.com/bot.html)" "mantech8.com"
185.191.171.24 - - [29/Dec/2022:01:37:18 -0800] "GET /?camp-fire%2F34636959.html HTTP/1.1" 500 - "-" "Mozilla/5.0 (compatible; SemrushBot/7~bl; +http://www.semrush.com/bot.html)" "mantech8.com"
185.191.171.3 - - [29/Dec/2022:01:37:33 -0800] "GET /index.php/camp-fire/56643088.html HTTP/1.1" 500 - "-" "Mozilla/5.0 (compatible; SemrushBot/7~bl; +http://www.semrush.com/bot.html)" "mantech8.com"
185.191.171.22 - - [29/Dec/2022:01:37:43 -0800] "GET /?camp-fire%2F19056580.html HTTP/1.1" 500 - "-" "Mozilla/5.0 (compatible; SemrushBot/7~bl; +http://www.semrush.com/bot.html)" "mantech8.com"
185.191.171.11 - - [29/Dec/2022:01:37:44 -0800] "GET /index.php?camp-fire%2F314098.html HTTP/1.1" 500 - "-" "Mozilla/5.0 (compatible; SemrushBot/7~bl; +http://www.semrush.com/bot.html)" "mantech8.com"
185.191.171.11 - - [29/Dec/2022:01:38:18 -0800] "GET /?camp-fire%2F31876330.html HTTP/1.1" 500 - "-" "Mozilla/5.0 (compatible; SemrushBot/7~bl; +http://www.semrush.com/bot.html)" "mantech8.com"
185.191.171.5 - - [29/Dec/2022:01:38:23 -0800] "GET /?camp-fire%2F39147735.html HTTP/1.1" 500 - "-" "Mozilla/5.0 (compatible; SemrushBot/7~bl; +http://www.semrush.com/bot.html)" "mantech8.com"
185.191.171.37 - - [29/Dec/2022:01:38:29 -0800] "GET /?camp-fire%2F74171959.html HTTP/1.1" 500 - "-" "Mozilla/5.0 (compatible; SemrushBot/7~bl; +http://www.semrush.com/bot.html)" "mantech8.com"
40.77.167.4 - - [29/Dec/2022:01:39:13 -0800] "GET /index.php?/taiya HTTP/1.1" 200 69715 "-" "Mozilla/5.0 AppleWebKit/537.36 (KHTML, like Gecko; compatible; bingbot/2.0; +http://www.bing.com/bingbot.htm) Chrome/103.0.5060.134 Safari/537.36" "www.mantech8.com"
185.191.171.18 - - [29/Dec/2022:01:39:15 -0800] "GET /?camp-fire%2F29179006.html HTTP/1.1" 500 - "-" "Mozilla/5.0 (compatible; SemrushBot/7~bl; +http://www.semrush.com/bot.html)" "mantech8.com"
185.191.171.4 - - [29/Dec/2022:01:39:44 -0800] "GET /?camp-fire%2F38700503.html HTTP/1.1" 500 - "-" "Mozilla/5.0 (compatible; SemrushBot/7~bl; +http://www.semrush.com/bot.html)" "mantech8.com"
185.191.171.34 - - [29/Dec/2022:01:40:26 -0800] "GET /index.php/camp-fire/12826565.html HTTP/1.1" 500 - "-" "Mozilla/5.0 (compatible; SemrushBot/7~bl; +http://www.semrush.com/bot.html)" "mantech8.com"
66.249.70.164 - - [29/Dec/2022:01:41:11 -0800] "GET /ads.txt HTTP/1.1" 404 88 "-" "Mozilla/5.0 (compatible; Googlebot/2.1; +http://www.google.com/bot.html)" "mantech8.com"
114.119.156.110 - - [29/Dec/2022:01:41:12 -0800] "GET /robots.txt HTTP/1.1" 200 106 "-" "Mozilla/5.0 (compatible;PetalBot;+https://webmaster.petalsearch.com/site/petalbot)" "www.mantech8.com"
185.191.171.15 - - [29/Dec/2022:01:42:02 -0800] "GET /?camp-fire%2F29807966.html HTTP/1.1" 500 - "-" "Mozilla/5.0 (compatible; SemrushBot/7~bl; +http://www.semrush.com/bot.html)" "mantech8.com"
185.191.171.1 - - [29/Dec/2022:01:42:09 -0800] "GET /index.php?camp-fire%2F22686017.html HTTP/1.1" 500 - "-" "Mozilla/5.0 (compatible; SemrushBot/7~bl; +http://www.semrush.com/bot.html)" "mantech8.com"
185.191.171.35 - - [29/Dec/2022:01:42:18 -0800] "GET /?camp-fire%2F16165156.html HTTP/1.1" 500 - "-" "Mozilla/5.0 (compatible; SemrushBot/7~bl; +http://www.semrush.com/bot.html)" "mantech8.com"
185.191.171.45 - - [29/Dec/2022:01:43:19 -0800] "GET /index.php/camp-fire/10197790.html HTTP/1.1" 500 - "-" "Mozilla/5.0 (compatible; SemrushBot/7~bl; +http://www.semrush.com/bot.html)" "mantech8.com"
185.191.171.34 - - [29/Dec/2022:01:43:46 -0800] "GET /index.php?camp-fire%2F4763355.html HTTP/1.1" 500 - "-" "Mozilla/5.0 (compatible; SemrushBot/7~bl; +http://www.semrush.com/bot.html)" "mantech8.com"
114.119.132.105 - - [29/Dec/2022:01:43:48 -0800] "GET /unpower.xml HTTP/1.1" 404 88 "-" "Mozilla/5.0 (compatible;PetalBot;+https://webmaster.petalsearch.com/site/petalbot)" "mantech8.com"
185.191.171.45 - - [29/Dec/2022:01:45:07 -0800] "GET /?camp-fire%2F37136178.html HTTP/1.1" 500 - "-" "Mozilla/5.0 (compatible; SemrushBot/7~bl; +http://www.semrush.com/bot.html)" "mantech8.com"
114.119.152.233 - - [29/Dec/2022:01:45:24 -0800] "GET /index.php?sitemap8996.xml HTTP/1.1" 200 289439 "-" "Mozilla/5.0 (compatible;PetalBot;+https://webmaster.petalsearch.com/site/petalbot)" "mantech8.com"
185.191.171.22 - - [29/Dec/2022:01:45:57 -0800] "GET /?camp-fire%2F18059765.html HTTP/1.1" 500 - "-" "Mozilla/5.0 (compatible; SemrushBot/7~bl; +http://www.semrush.com/bot.html)" "mantech8.com"
185.191.171.8 - - [29/Dec/2022:01:46:07 -0800] "GET /?camp-fire%2F17354165.html HTTP/1.1" 500 - "-" "Mozilla/5.0 (compatible; SemrushBot/7~bl; +http://www.semrush.com/bot.html)" "mantech8.com"
185.191.171.34 - - [29/Dec/2022:01:46:14 -0800] "GET /?camp-fire%2F32485268.html HTTP/1.1" 500 - "-" "Mozilla/5.0 (compatible; SemrushBot/7~bl; +http://www.semrush.com/bot.html)" "mantech8.com"
114.119.137.139 - - [29/Dec/2022:01:46:43 -0800] "GET /index.php/sitemap96.xml HTTP/1.1" 200 289436 "-" "Mozilla/5.0 (compatible;PetalBot;+https://webmaster.petalsearch.com/site/petalbot)" "mantech8.com"
185.191.171.38 - - [29/Dec/2022:01:46:45 -0800] "GET /?camp-fire%2F23090209.html HTTP/1.1" 500 - "-" "Mozilla/5.0 (compatible; SemrushBot/7~bl; +http://www.semrush.com/bot.html)" "mantech8.com"
185.191.171.36 - - [29/Dec/2022:01:47:02 -0800] "GET /?camp-fire%2F32587225.html HTTP/1.1" 500 - "-" "Mozilla/5.0 (compatible; SemrushBot/7~bl; +http://www.semrush.com/bot.html)" "mantech8.com"
185.191.171.8 - - [29/Dec/2022:01:47:12 -0800] "GET /?camp-fire%2F17568253.html HTTP/1.1" 500 - "-" "Mozilla/5.0 (compatible; SemrushBot/7~bl; +http://www.semrush.com/bot.html)" "mantech8.com"
185.191.171.23 - - [29/Dec/2022:01:47:24 -0800] "GET /index.php?camp-fire%2F4011274.html HTTP/1.1" 500 - "-" "Mozilla/5.0 (compatible; SemrushBot/7~bl; +http://www.semrush.com/bot.html)" "mantech8.com"
185.191.171.1 - - [29/Dec/2022:01:47:57 -0800] "GET /?camp-fire%2F23588706.html HTTP/1.1" 500 - "-" "Mozilla/5.0 (compatible; SemrushBot/7~bl; +http://www.semrush.com/bot.html)" "mantech8.com"
114.119.129.191 - - [29/Dec/2022:01:48:23 -0800] "GET /?prinker.xml HTTP/1.1" 200 270596 "-" "Mozilla/5.0 (compatible;PetalBot;+https://webmaster.petalsearch.com/site/petalbot)" "mantech8.com"
157.55.39.111 - - [29/Dec/2022:01:48:36 -0800] "GET /index.php/NAQ6-1697aceea-ImIRx.Ii HTTP/1.1" 200 72389 "-" "Mozilla/5.0 (compatible; bingbot/2.0; +http://www.bing.com/bingbot.htm)" "mantech8.com"
185.191.171.7 - - [29/Dec/2022:01:48:52 -0800] "GET /robots.txt HTTP/1.1" 200 106 "-" "Mozilla/5.0 (compatible; SemrushBot/7~bl; +http://www.semrush.com/bot.html)" "mantech8.com"
185.191.171.35 - - [29/Dec/2022:01:48:52 -0800] "GET /?camp-fire%2F14804587.html HTTP/1.1" 500 - "-" "Mozilla/5.0 (compatible; SemrushBot/7~bl; +http://www.semrush.com/bot.html)" "mantech8.com"
114.119.134.155 - - [29/Dec/2022:01:49:41 -0800] "GET /?crewmate.xml HTTP/1.1" 200 270729 "-" "Mozilla/5.0 (compatible;PetalBot;+https://webmaster.petalsearch.com/site/petalbot)" "mantech8.com"
185.191.171.33 - - [29/Dec/2022:01:49:58 -0800] "GET /index.php/camp-fire/12282890.html HTTP/1.1" 500 - "-" "Mozilla/5.0 (compatible; SemrushBot/7~bl; +http://www.semrush.com/bot.html)" "mantech8.com"
185.191.171.36 - - [29/Dec/2022:01:50:52 -0800] "GET /?camp-fire%2F16700026.html HTTP/1.1" 500 - "-" "Mozilla/5.0 (compatible; SemrushBot/7~bl; +http://www.semrush.com/bot.html)" "mantech8.com"
185.191.171.5 - - [29/Dec/2022:01:51:27 -0800] "GET /?camp-fire%2F26639947.html HTTP/1.1" 500 - "-" "Mozilla/5.0 (compatible; SemrushBot/7~bl; +http://www.semrush.com/bot.html)" "mantech8.com"
185.191.171.1 - - [29/Dec/2022:01:51:32 -0800] "GET /?camp-fire%2F27401197.html HTTP/1.1" 500 - "-" "Mozilla/5.0 (compatible; SemrushBot/7~bl; +http://www.semrush.com/bot.html)" "mantech8.com"
185.191.171.36 - - [29/Dec/2022:01:52:19 -0800] "GET /?camp-fire%2F20373587.html HTTP/1.1" 500 - "-" "Mozilla/5.0 (compatible; SemrushBot/7~bl; +http://www.semrush.com/bot.html)" "mantech8.com"
185.191.171.40 - - [29/Dec/2022:01:52:30 -0800] "GET /?camp-fire%2F17243229.html HTTP/1.1" 500 - "-" "Mozilla/5.0 (compatible; SemrushBot/7~bl; +http://www.semrush.com/bot.html)" "mantech8.com"
216.244.66.241 - - [29/Dec/2022:01:52:35 -0800] "GET /robots.txt HTTP/1.1" 200 222 "-" "Mozilla/5.0 (compatible; DotBot/1.2; +https://opensiteexplorer.org/dotbot; help@moz.com)" "mantech8.com"
216.244.66.241 - - [29/Dec/2022:01:52:35 -0800] "GET /robots.txt HTTP/1.1" 200 222 "-" "Mozilla/5.0 (compatible; DotBot/1.2; +https://opensiteexplorer.org/dotbot; help@moz.com)" "www.mantech8.com"
185.191.171.7 - - [29/Dec/2022:01:52:48 -0800] "GET /index.php/camp-fire/36404789.html HTTP/1.1" 500 - "-" "Mozilla/5.0 (compatible; SemrushBot/7~bl; +http://www.semrush.com/bot.html)" "mantech8.com"
185.191.171.45 - - [29/Dec/2022:01:53:10 -0800] "GET /?camp-fire%2F16582965.html HTTP/1.1" 500 - "-" "Mozilla/5.0 (compatible; SemrushBot/7~bl; +http://www.semrush.com/bot.html)" "mantech8.com"
185.191.171.19 - - [29/Dec/2022:01:53:49 -0800] "GET /?camp-fire%2F19197000.html HTTP/1.1" 500 - "-" "Mozilla/5.0 (compatible; SemrushBot/7~bl; +http://www.semrush.com/bot.html)" "mantech8.com"
185.191.171.22 - - [29/Dec/2022:01:54:03 -0800] "GET /?camp-fire%2F26154751.html HTTP/1.1" 500 - "-" "Mozilla/5.0 (compatible; SemrushBot/7~bl; +http://www.semrush.com/bot.html)" "mantech8.com"
185.191.171.16 - - [29/Dec/2022:01:54:55 -0800] "GET /index.php?camp-fire%2F27224896.html HTTP/1.1" 500 - "-" "Mozilla/5.0 (compatible; SemrushBot/7~bl; +http://www.semrush.com/bot.html)" "mantech8.com"
185.191.171.25 - - [29/Dec/2022:01:54:58 -0800] "GET /?camp-fire%2F28853366.html HTTP/1.1" 500 - "-" "Mozilla/5.0 (compatible; SemrushBot/7~bl; +http://www.semrush.com/bot.html)" "mantech8.com"
185.191.171.11 - - [29/Dec/2022:01:55:48 -0800] "GET /?camp-fire%2F16343524.html HTTP/1.1" 500 - "-" "Mozilla/5.0 (compatible; SemrushBot/7~bl; +http://www.semrush.com/bot.html)" "mantech8.com"
185.191.171.21 - - [29/Dec/2022:01:56:54 -0800] "GET /index.php/camp-fire/44090838.html HTTP/1.1" 500 - "-" "Mozilla/5.0 (compatible; SemrushBot/7~bl; +http://www.semrush.com/bot.html)" "mantech8.com"
185.191.171.16 - - [29/Dec/2022:01:56:57 -0800] "GET /?camp-fire%2F33614159.html HTTP/1.1" 500 - "-" "Mozilla/5.0 (compatible; SemrushBot/7~bl; +http://www.semrush.com/bot.html)" "mantech8.com"
185.191.171.14 - - [29/Dec/2022:01:56:58 -0800] "GET /?camp-fire%2F36660138.html HTTP/1.1" 500 - "-" "Mozilla/5.0 (compatible; SemrushBot/7~bl; +http://www.semrush.com/bot.html)" "mantech8.com"
185.191.171.25 - - [29/Dec/2022:01:57:04 -0800] "GET /index.php/camp-fire/23937333.html HTTP/1.1" 500 - "-" "Mozilla/5.0 (compatible; SemrushBot/7~bl; +http://www.semrush.com/bot.html)" "mantech8.com"
