185.191.171.37 - - [26/Dec/2022:05:14:37 -0800] "GET /?camp-fire%2F35126025.html HTTP/1.1" 500 - "-" "Mozilla/5.0 (compatible; SemrushBot/7~bl; +http://www.semrush.com/bot.html)" "mantech8.com"
185.191.171.23 - - [26/Dec/2022:05:14:51 -0800] "GET /?camp-fire%2F71911635.html HTTP/1.1" 500 - "-" "Mozilla/5.0 (compatible; SemrushBot/7~bl; +http://www.semrush.com/bot.html)" "mantech8.com"
185.191.171.44 - - [26/Dec/2022:05:15:23 -0800] "GET /?camp-fire%2F23457617.html HTTP/1.1" 500 - "-" "Mozilla/5.0 (compatible; SemrushBot/7~bl; +http://www.semrush.com/bot.html)" "mantech8.com"
218.93.48.26 - - [26/Dec/2022:05:15:52 -0800] "GET /contact.php HTTP/1.1" 200 29238 "http://mantech8.com/contact.php" "Mozilla/5.0 (Windows NT 6.1; Win64; x64) AppleWebKit/537.36 (KHTML, like Gecko) Chrome/90.0.4430.72 Safari/537.36" "mantech8.com"
218.93.48.26 - - [26/Dec/2022:05:15:57 -0800] "POST /mailer.php HTTP/1.1" 500 - "http://mantech8.com/contact.php" "Mozilla/5.0 (Windows NT 6.1; Win64; x64) AppleWebKit/537.36 (KHTML, like Gecko) Chrome/90.0.4430.72 Safari/537.36" "mantech8.com"
185.191.171.11 - - [26/Dec/2022:05:16:06 -0800] "GET /?camp-fire%2F27350770.html HTTP/1.1" 500 - "-" "Mozilla/5.0 (compatible; SemrushBot/7~bl; +http://www.semrush.com/bot.html)" "mantech8.com"
207.46.13.149 - - [26/Dec/2022:05:16:19 -0800] "GET / HTTP/1.1" 200 64296 "-" "Mozilla/5.0 (compatible; bingbot/2.0; +http://www.bing.com/bingbot.htm)" "www.mantech8.com"
61.147.15.65 - - [26/Dec/2022:05:18:33 -0800] "GET /favicon.ico HTTP/1.1" 404 88 "-" "Dalvik/2.1.0 (Linux; U; Android 9.0; ZTE BA520 Build/MRA58K)" "mantech8.com"
185.191.171.38 - - [26/Dec/2022:05:18:37 -0800] "GET /index.php/camp-fire/9267808.html HTTP/1.1" 500 - "-" "Mozilla/5.0 (compatible; SemrushBot/7~bl; +http://www.semrush.com/bot.html)" "mantech8.com"
61.147.15.65 - - [26/Dec/2022:05:18:38 -0800] "GET / HTTP/1.1" 500 - "-" "Mozilla/5.0 (Linux; U; Android 6.0.1; zh-CN; OPPO R9sk Build/MMB29M) AppleWebKit/537.36 (KHTML, like Gecko) Version/4.0 Chrome/57.0.2987.108 UCBrowser/11.8.8.968 UWS/2.13.1.10 Mobile Safari/537.36 AliApp(TB/7.7.4) UCBS/2.11.1.1 TTID/10001401@taobao_android_7.7.4 WindVane/8.3.0" "mantech8.com"
185.191.171.10 - - [26/Dec/2022:05:18:44 -0800] "GET /?camp-fire%2F32550125.html HTTP/1.1" 500 - "-" "Mozilla/5.0 (compatible; SemrushBot/7~bl; +http://www.semrush.com/bot.html)" "mantech8.com"
61.147.15.65 - - [26/Dec/2022:05:18:48 -0800] "GET /favicon.ico HTTP/1.1" 404 88 "-" "Dalvik/2.1.0 (Linux; U; Android 9.0; ZTE BA520 Build/MRA58K)" "mantech8.com"
185.191.171.22 - - [26/Dec/2022:05:18:52 -0800] "GET /?camp-fire%2F15642346.html HTTP/1.1" 500 - "-" "Mozilla/5.0 (compatible; SemrushBot/7~bl; +http://www.semrush.com/bot.html)" "mantech8.com"
185.191.171.24 - - [26/Dec/2022:05:19:27 -0800] "GET /?camp-fire%2F17507627.html HTTP/1.1" 500 - "-" "Mozilla/5.0 (compatible; SemrushBot/7~bl; +http://www.semrush.com/bot.html)" "mantech8.com"
61.147.15.65 - - [26/Dec/2022:05:19:45 -0800] "GET / HTTP/1.1" 500 - "-" "Mozilla/5.0 (Macintosh; U; PPC Mac OS X; en-us) AppleWebKit/312.8 (KHTML, like Gecko) Safari/312.6" "mantech8.com"
185.191.171.44 - - [26/Dec/2022:05:20:11 -0800] "GET /index.php/camp-fire/8227874.html HTTP/1.1" 500 - "-" "Mozilla/5.0 (compatible; SemrushBot/7~bl; +http://www.semrush.com/bot.html)" "mantech8.com"
185.191.171.7 - - [26/Dec/2022:05:20:26 -0800] "GET /index.php/camp-fire/14648124.html HTTP/1.1" 500 - "-" "Mozilla/5.0 (compatible; SemrushBot/7~bl; +http://www.semrush.com/bot.html)" "mantech8.com"
61.147.15.67 - - [26/Dec/2022:05:21:00 -0800] "GET / HTTP/1.1" 500 - "-" "Mozilla/5.0 (Macintosh; Intel Mac OS X 10_11) AppleWebKit/601.1.27 (KHTML, like Gecko) Chrome/47.0.2526.106 Safari/601.1.27" "mantech8.com"
185.191.171.3 - - [26/Dec/2022:05:21:08 -0800] "GET /?camp-fire%2F15154956.html HTTP/1.1" 500 - "-" "Mozilla/5.0 (compatible; SemrushBot/7~bl; +http://www.semrush.com/bot.html)" "mantech8.com"
61.147.15.67 - - [26/Dec/2022:05:21:15 -0800] "GET / HTTP/1.1" 500 - "-" "Dalvik/2.1.0 (Linux; U; Android 9.0; ZTE BA520 Build/MRA58K)" "mantech8.com"
61.147.15.65 - - [26/Dec/2022:05:21:17 -0800] "GET /statics/assets/apkloading.png HTTP/1.1" 404 88 "-" "Mozilla/5.0 (Macintosh; U; PPC Mac OS X; en-us) AppleWebKit/312.8 (KHTML, like Gecko) Safari/312.6" "mantech8.com"
61.147.15.65 - - [26/Dec/2022:05:21:17 -0800] "GET /jsees HTTP/1.1" 404 88 "-" "Mozilla/5.0 (Macintosh; U; PPC Mac OS X; en-us) AppleWebKit/312.8 (KHTML, like Gecko) Safari/312.6" "mantech8.com"
61.147.15.65 - - [26/Dec/2022:05:21:18 -0800] "GET /static/image/star.png HTTP/1.1" 404 88 "-" "Mozilla/5.0 (Macintosh; U; PPC Mac OS X; en-us) AppleWebKit/312.8 (KHTML, like Gecko) Safari/312.6" "mantech8.com"
61.147.15.65 - - [26/Dec/2022:05:21:18 -0800] "GET /static/js/jquery.qrcode.min.js HTTP/1.1" 404 88 "-" "Mozilla/5.0 (Macintosh; U; PPC Mac OS X; en-us) AppleWebKit/312.8 (KHTML, like Gecko) Safari/312.6" "mantech8.com"
61.147.15.67 - - [26/Dec/2022:05:21:43 -0800] "GET / HTTP/1.1" 500 - "-" "Mozilla/5.0 (Macintosh; Intel Mac OS X 10_11) AppleWebKit/601.1.27 (KHTML, like Gecko) Chrome/47.0.2526.106 Safari/601.1.27" "mantech8.com"
61.147.15.67 - - [26/Dec/2022:05:21:52 -0800] "GET / HTTP/1.1" 500 - "-" "Dalvik/2.1.0 (Linux; U; Android 9.0; ZTE BA520 Build/MRA58K)" "mantech8.com"
185.191.171.18 - - [26/Dec/2022:05:21:53 -0800] "GET /index.php/camp-fire/42971334.html HTTP/1.1" 500 - "-" "Mozilla/5.0 (compatible; SemrushBot/7~bl; +http://www.semrush.com/bot.html)" "mantech8.com"
185.191.171.24 - - [26/Dec/2022:05:22:16 -0800] "GET /?camp-fire%2F32983532.html HTTP/1.1" 500 - "-" "Mozilla/5.0 (compatible; SemrushBot/7~bl; +http://www.semrush.com/bot.html)" "mantech8.com"
185.191.171.19 - - [26/Dec/2022:05:22:28 -0800] "GET /?camp-fire%2F38227203.html HTTP/1.1" 500 - "-" "Mozilla/5.0 (compatible; SemrushBot/7~bl; +http://www.semrush.com/bot.html)" "mantech8.com"
185.191.171.18 - - [26/Dec/2022:05:22:30 -0800] "GET /?camp-fire%2F25045206.html HTTP/1.1" 500 - "-" "Mozilla/5.0 (compatible; SemrushBot/7~bl; +http://www.semrush.com/bot.html)" "mantech8.com"
61.147.15.67 - - [26/Dec/2022:05:23:47 -0800] "GET /static/image/star.png HTTP/1.1" 404 88 "-" "Mozilla/5.0 (Macintosh; Intel Mac OS X 10_11) AppleWebKit/601.1.27 (KHTML, like Gecko) Chrome/47.0.2526.106 Safari/601.1.27" "mantech8.com"
61.147.15.67 - - [26/Dec/2022:05:23:47 -0800] "GET /jsees HTTP/1.1" 404 88 "-" "Mozilla/5.0 (Macintosh; Intel Mac OS X 10_11) AppleWebKit/601.1.27 (KHTML, like Gecko) Chrome/47.0.2526.106 Safari/601.1.27" "mantech8.com"
61.147.15.67 - - [26/Dec/2022:05:23:47 -0800] "GET /static/js/jquery.qrcode.min.js HTTP/1.1" 404 88 "-" "Mozilla/5.0 (Macintosh; Intel Mac OS X 10_11) AppleWebKit/601.1.27 (KHTML, like Gecko) Chrome/47.0.2526.106 Safari/601.1.27" "mantech8.com"
61.147.15.67 - - [26/Dec/2022:05:23:48 -0800] "GET /jsees HTTP/1.1" 404 88 "-" "Dalvik/2.1.0 (Linux; U; Android 9.0; ZTE BA520 Build/MRA58K)" "mantech8.com"
61.147.15.67 - - [26/Dec/2022:05:23:48 -0800] "GET /static/image/star.png HTTP/1.1" 404 88 "-" "Dalvik/2.1.0 (Linux; U; Android 9.0; ZTE BA520 Build/MRA58K)" "mantech8.com"
61.147.15.67 - - [26/Dec/2022:05:23:48 -0800] "GET /statics/assets/apkloading.png HTTP/1.1" 404 88 "-" "Dalvik/2.1.0 (Linux; U; Android 9.0; ZTE BA520 Build/MRA58K)" "mantech8.com"
61.147.15.67 - - [26/Dec/2022:05:23:48 -0800] "GET /static/js/jquery.qrcode.min.js HTTP/1.1" 404 88 "-" "Dalvik/2.1.0 (Linux; U; Android 9.0; ZTE BA520 Build/MRA58K)" "mantech8.com"
61.147.15.67 - - [26/Dec/2022:05:23:48 -0800] "GET /statics/assets/apkloading.png HTTP/1.1" 404 88 "-" "Mozilla/5.0 (Macintosh; Intel Mac OS X 10_11) AppleWebKit/601.1.27 (KHTML, like Gecko) Chrome/47.0.2526.106 Safari/601.1.27" "mantech8.com"
61.147.15.67 - - [26/Dec/2022:05:23:51 -0800] "GET /statics/assets/apkloading.png HTTP/1.1" 404 88 "-" "Mozilla/5.0 (Macintosh; Intel Mac OS X 10_11) AppleWebKit/601.1.27 (KHTML, like Gecko) Chrome/47.0.2526.106 Safari/601.1.27" "mantech8.com"
61.147.15.67 - - [26/Dec/2022:05:23:51 -0800] "GET /static/js/jquery.qrcode.min.js HTTP/1.1" 404 88 "-" "Mozilla/5.0 (Macintosh; Intel Mac OS X 10_11) AppleWebKit/601.1.27 (KHTML, like Gecko) Chrome/47.0.2526.106 Safari/601.1.27" "mantech8.com"
61.147.15.67 - - [26/Dec/2022:05:23:52 -0800] "GET /jsees HTTP/1.1" 404 88 "-" "Mozilla/5.0 (Macintosh; Intel Mac OS X 10_11) AppleWebKit/601.1.27 (KHTML, like Gecko) Chrome/47.0.2526.106 Safari/601.1.27" "mantech8.com"
61.147.15.67 - - [26/Dec/2022:05:23:52 -0800] "GET /static/image/star.png HTTP/1.1" 404 88 "-" "Mozilla/5.0 (Macintosh; Intel Mac OS X 10_11) AppleWebKit/601.1.27 (KHTML, like Gecko) Chrome/47.0.2526.106 Safari/601.1.27" "mantech8.com"
185.191.171.10 - - [26/Dec/2022:05:23:55 -0800] "GET /?camp-fire%2F29140571.html HTTP/1.1" 500 - "-" "Mozilla/5.0 (compatible; SemrushBot/7~bl; +http://www.semrush.com/bot.html)" "mantech8.com"
61.147.15.67 - - [26/Dec/2022:05:23:57 -0800] "GET /static/image/star.png HTTP/1.1" 404 88 "-" "Mozilla/5.0 (Linux; U; Android 6.0.1; zh-CN; OPPO R9sk Build/MMB29M) AppleWebKit/537.36 (KHTML, like Gecko) Version/4.0 Chrome/57.0.2987.108 UCBrowser/11.8.8.968 UWS/2.13.1.10 Mobile Safari/537.36 AliApp(TB/7.7.4) UCBS/2.11.1.1 TTID/10001401@taobao_android_7.7.4 WindVane/8.3.0" "mantech8.com"
61.147.15.67 - - [26/Dec/2022:05:23:58 -0800] "GET /statics/assets/apkloading.png HTTP/1.1" 404 88 "-" "Mozilla/5.0 (Linux; U; Android 6.0.1; zh-CN; OPPO R9sk Build/MMB29M) AppleWebKit/537.36 (KHTML, like Gecko) Version/4.0 Chrome/57.0.2987.108 UCBrowser/11.8.8.968 UWS/2.13.1.10 Mobile Safari/537.36 AliApp(TB/7.7.4) UCBS/2.11.1.1 TTID/10001401@taobao_android_7.7.4 WindVane/8.3.0" "mantech8.com"
61.147.15.67 - - [26/Dec/2022:05:23:58 -0800] "GET /static/js/jquery.qrcode.min.js HTTP/1.1" 404 88 "-" "Mozilla/5.0 (Linux; U; Android 6.0.1; zh-CN; OPPO R9sk Build/MMB29M) AppleWebKit/537.36 (KHTML, like Gecko) Version/4.0 Chrome/57.0.2987.108 UCBrowser/11.8.8.968 UWS/2.13.1.10 Mobile Safari/537.36 AliApp(TB/7.7.4) UCBS/2.11.1.1 TTID/10001401@taobao_android_7.7.4 WindVane/8.3.0" "mantech8.com"
61.147.15.67 - - [26/Dec/2022:05:23:58 -0800] "GET /jsees HTTP/1.1" 404 88 "-" "Mozilla/5.0 (Linux; U; Android 6.0.1; zh-CN; OPPO R9sk Build/MMB29M) AppleWebKit/537.36 (KHTML, like Gecko) Version/4.0 Chrome/57.0.2987.108 UCBrowser/11.8.8.968 UWS/2.13.1.10 Mobile Safari/537.36 AliApp(TB/7.7.4) UCBS/2.11.1.1 TTID/10001401@taobao_android_7.7.4 WindVane/8.3.0" "mantech8.com"
114.119.144.7 - - [26/Dec/2022:05:24:18 -0800] "GET /index.php?sitemap481.xml HTTP/1.1" 200 289339 "-" "Mozilla/5.0 (compatible;PetalBot;+https://webmaster.petalsearch.com/site/petalbot)" "mantech8.com"
216.244.66.241 - - [26/Dec/2022:05:24:45 -0800] "GET /robots.txt HTTP/1.1" 200 222 "-" "Mozilla/5.0 (compatible; DotBot/1.2; +https://opensiteexplorer.org/dotbot; help@moz.com)" "www.mantech8.com"
216.244.66.241 - - [26/Dec/2022:05:24:45 -0800] "GET /robots.txt HTTP/1.1" 200 222 "-" "Mozilla/5.0 (compatible; DotBot/1.2; +https://opensiteexplorer.org/dotbot; help@moz.com)" "mantech8.com"
185.191.171.14 - - [26/Dec/2022:05:24:47 -0800] "GET /?camp-fire%2F36134098.html HTTP/1.1" 500 - "-" "Mozilla/5.0 (compatible; SemrushBot/7~bl; +http://www.semrush.com/bot.html)" "mantech8.com"
157.55.39.75 - - [26/Dec/2022:05:24:58 -0800] "GET /F2si-050d1ebfe-DiJMO.Ii HTTP/1.1" 404 88 "-" "Mozilla/5.0 AppleWebKit/537.36 (KHTML, like Gecko; compatible; bingbot/2.0; +http://www.bing.com/bingbot.htm) Chrome/103.0.5060.134 Safari/537.36" "www.mantech8.com"
185.191.171.13 - - [26/Dec/2022:05:25:11 -0800] "GET /robots.txt HTTP/1.1" 200 106 "-" "Mozilla/5.0 (compatible; SemrushBot/7~bl; +http://www.semrush.com/bot.html)" "mantech8.com"
185.191.171.35 - - [26/Dec/2022:05:25:12 -0800] "GET /?camp-fire%2F75668565.html HTTP/1.1" 500 - "-" "Mozilla/5.0 (compatible; SemrushBot/7~bl; +http://www.semrush.com/bot.html)" "mantech8.com"
185.191.171.10 - - [26/Dec/2022:05:25:21 -0800] "GET /?camp-fire%2F16199156.html HTTP/1.1" 500 - "-" "Mozilla/5.0 (compatible; SemrushBot/7~bl; +http://www.semrush.com/bot.html)" "mantech8.com"
185.191.171.21 - - [26/Dec/2022:05:26:23 -0800] "GET /?camp-fire%2F36686938.html HTTP/1.1" 500 - "-" "Mozilla/5.0 (compatible; SemrushBot/7~bl; +http://www.semrush.com/bot.html)" "mantech8.com"
185.191.171.3 - - [26/Dec/2022:05:26:25 -0800] "GET /index.php/camp-fire/27944581.html HTTP/1.1" 500 - "-" "Mozilla/5.0 (compatible; SemrushBot/7~bl; +http://www.semrush.com/bot.html)" "mantech8.com"
61.147.15.65 - - [26/Dec/2022:05:27:19 -0800] "GET /statics/assets/apkloading.png HTTP/1.1" 404 88 "-" "Dalvik/2.1.0 (Linux; U; Android 9.0; ZTE BA520 Build/MRA58K)" "mantech8.com"
61.147.15.65 - - [26/Dec/2022:05:27:19 -0800] "GET /static/js/jquery.qrcode.min.js HTTP/1.1" 404 88 "-" "Dalvik/2.1.0 (Linux; U; Android 9.0; ZTE BA520 Build/MRA58K)" "mantech8.com"
61.147.15.65 - - [26/Dec/2022:05:27:19 -0800] "GET /jsees HTTP/1.1" 404 88 "-" "Dalvik/2.1.0 (Linux; U; Android 9.0; ZTE BA520 Build/MRA58K)" "mantech8.com"
61.147.15.65 - - [26/Dec/2022:05:27:19 -0800] "GET /static/image/star.png HTTP/1.1" 404 88 "-" "Dalvik/2.1.0 (Linux; U; Android 9.0; ZTE BA520 Build/MRA58K)" "mantech8.com"
185.191.171.3 - - [26/Dec/2022:05:27:34 -0800] "GET /index.php?camp-fire%2F8348080.html HTTP/1.1" 500 - "-" "Mozilla/5.0 (compatible; SemrushBot/7~bl; +http://www.semrush.com/bot.html)" "mantech8.com"
185.191.171.7 - - [26/Dec/2022:05:28:05 -0800] "GET /?camp-fire%2F25965776.html HTTP/1.1" 500 - "-" "Mozilla/5.0 (compatible; SemrushBot/7~bl; +http://www.semrush.com/bot.html)" "mantech8.com"
185.191.171.34 - - [26/Dec/2022:05:29:09 -0800] "GET /index.php/camp-fire/27566626.html HTTP/1.1" 500 - "-" "Mozilla/5.0 (compatible; SemrushBot/7~bl; +http://www.semrush.com/bot.html)" "mantech8.com"
185.191.171.20 - - [26/Dec/2022:05:29:42 -0800] "GET /?camp-fire%2F23565908.html HTTP/1.1" 500 - "-" "Mozilla/5.0 (compatible; SemrushBot/7~bl; +http://www.semrush.com/bot.html)" "mantech8.com"
185.191.171.36 - - [26/Dec/2022:05:30:03 -0800] "GET /?camp-fire%2F29210959.html HTTP/1.1" 500 - "-" "Mozilla/5.0 (compatible; SemrushBot/7~bl; +http://www.semrush.com/bot.html)" "mantech8.com"
185.191.171.19 - - [26/Dec/2022:05:30:06 -0800] "GET /?camp-fire%2F34669759.html HTTP/1.1" 500 - "-" "Mozilla/5.0 (compatible; SemrushBot/7~bl; +http://www.semrush.com/bot.html)" "mantech8.com"
185.191.171.15 - - [26/Dec/2022:05:30:17 -0800] "GET /?camp-fire%2F28753281.html HTTP/1.1" 500 - "-" "Mozilla/5.0 (compatible; SemrushBot/7~bl; +http://www.semrush.com/bot.html)" "mantech8.com"
185.191.171.11 - - [26/Dec/2022:05:30:32 -0800] "GET /?camp-fire%2F28090876.html HTTP/1.1" 500 - "-" "Mozilla/5.0 (compatible; SemrushBot/7~bl; +http://www.semrush.com/bot.html)" "mantech8.com"
185.191.171.14 - - [26/Dec/2022:05:31:01 -0800] "GET /index.php/camp-fire/26729847.html HTTP/1.1" 500 - "-" "Mozilla/5.0 (compatible; SemrushBot/7~bl; +http://www.semrush.com/bot.html)" "mantech8.com"
185.191.171.12 - - [26/Dec/2022:05:31:19 -0800] "GET /index.php/camp-fire/19005765.html HTTP/1.1" 500 - "-" "Mozilla/5.0 (compatible; SemrushBot/7~bl; +http://www.semrush.com/bot.html)" "mantech8.com"
185.191.171.39 - - [26/Dec/2022:05:32:35 -0800] "GET /?camp-fire%2F29719181.html HTTP/1.1" 500 - "-" "Mozilla/5.0 (compatible; SemrushBot/7~bl; +http://www.semrush.com/bot.html)" "mantech8.com"
185.191.171.40 - - [26/Dec/2022:05:32:43 -0800] "GET /?camp-fire%2F18587181.html HTTP/1.1" 500 - "-" "Mozilla/5.0 (compatible; SemrushBot/7~bl; +http://www.semrush.com/bot.html)" "mantech8.com"
185.191.171.33 - - [26/Dec/2022:05:33:23 -0800] "GET /?camp-fire%2F33848859.html HTTP/1.1" 500 - "-" "Mozilla/5.0 (compatible; SemrushBot/7~bl; +http://www.semrush.com/bot.html)" "mantech8.com"
185.191.171.24 - - [26/Dec/2022:05:34:12 -0800] "GET /?camp-fire%2F23735006.html HTTP/1.1" 500 - "-" "Mozilla/5.0 (compatible; SemrushBot/7~bl; +http://www.semrush.com/bot.html)" "mantech8.com"
185.191.171.43 - - [26/Dec/2022:05:34:25 -0800] "GET /?camp-fire%2F38981570.html HTTP/1.1" 500 - "-" "Mozilla/5.0 (compatible; SemrushBot/7~bl; +http://www.semrush.com/bot.html)" "mantech8.com"
185.191.171.22 - - [26/Dec/2022:05:34:56 -0800] "GET /?camp-fire%2F32585568.html HTTP/1.1" 500 - "-" "Mozilla/5.0 (compatible; SemrushBot/7~bl; +http://www.semrush.com/bot.html)" "mantech8.com"
114.119.145.86 - - [26/Dec/2022:05:35:13 -0800] "GET /directorsmessage.php HTTP/1.1" 200 14685 "https://mantech8.com/certificate.php" "Mozilla/5.0 (Linux; Android 7.0;) AppleWebKit/537.36 (KHTML, like Gecko) Mobile Safari/537.36 (compatible; PetalBot;+https://webmaster.petalsearch.com/site/petalbot)" "mantech8.com"
185.191.171.9 - - [26/Dec/2022:05:36:06 -0800] "GET /index.php/camp-fire/17632284.html HTTP/1.1" 500 - "-" "Mozilla/5.0 (compatible; SemrushBot/7~bl; +http://www.semrush.com/bot.html)" "mantech8.com"
114.119.138.188 - - [26/Dec/2022:05:36:40 -0800] "GET /index.php?camp-fire/74882724.html HTTP/1.1" 500 - "-" "Mozilla/5.0 (Linux; Android 7.0;) AppleWebKit/537.36 (KHTML, like Gecko) Mobile Safari/537.36 (compatible; PetalBot;+https://webmaster.petalsearch.com/site/petalbot)" "www.mantech8.com"
185.191.171.42 - - [26/Dec/2022:05:37:11 -0800] "GET /?camp-fire%2F29539989.html HTTP/1.1" 500 - "-" "Mozilla/5.0 (compatible; SemrushBot/7~bl; +http://www.semrush.com/bot.html)" "mantech8.com"
5.178.217.227 - - [26/Dec/2022:05:38:13 -0800] "GET /contact.php HTTP/1.1" 200 29238 "http://mantech8.com/contact.php" "Mozilla/5.0 (Windows NT 10.0; WOW64) AppleWebKit/537.36 (KHTML, like Gecko) Chrome/90.0.4430.72 Safari/537.36" "mantech8.com"
185.191.171.37 - - [26/Dec/2022:05:38:49 -0800] "GET /?camp-fire%2F31705335.html HTTP/1.1" 500 - "-" "Mozilla/5.0 (compatible; SemrushBot/7~bl; +http://www.semrush.com/bot.html)" "mantech8.com"
185.191.171.14 - - [26/Dec/2022:05:38:55 -0800] "GET /?camp-fire%2F36974538.html HTTP/1.1" 500 - "-" "Mozilla/5.0 (compatible; SemrushBot/7~bl; +http://www.semrush.com/bot.html)" "mantech8.com"
114.119.145.137 - - [26/Dec/2022:05:39:14 -0800] "GET /?sitemap8171.xml HTTP/1.1" 200 270484 "-" "Mozilla/5.0 (Linux; Android 7.0;) AppleWebKit/537.36 (KHTML, like Gecko) Mobile Safari/537.36 (compatible; PetalBot;+https://webmaster.petalsearch.com/site/petalbot)" "mantech8.com"
185.191.171.18 - - [26/Dec/2022:05:39:21 -0800] "GET /index.php/camp-fire/47393517.html HTTP/1.1" 500 - "-" "Mozilla/5.0 (compatible; SemrushBot/7~bl; +http://www.semrush.com/bot.html)" "mantech8.com"
114.119.167.18 - - [26/Dec/2022:05:39:29 -0800] "GET /bimages/paintg/?C=M%3BO%3DA HTTP/1.1" 200 497 "http://www.mantech8.com/bimages/paintg/?C=D%3BO%3DA" "Mozilla/5.0 (Linux; Android 7.0;) AppleWebKit/537.36 (KHTML, like Gecko) Mobile Safari/537.36 (compatible; PetalBot;+https://webmaster.petalsearch.com/site/petalbot)" "www.mantech8.com"
185.191.171.45 - - [26/Dec/2022:05:39:33 -0800] "GET /index.php?camp-fire%2F25710633.html HTTP/1.1" 500 - "-" "Mozilla/5.0 (compatible; SemrushBot/7~bl; +http://www.semrush.com/bot.html)" "mantech8.com"
185.191.171.18 - - [26/Dec/2022:05:40:00 -0800] "GET /?camp-fire%2F27165683.html HTTP/1.1" 500 - "-" "Mozilla/5.0 (compatible; SemrushBot/7~bl; +http://www.semrush.com/bot.html)" "mantech8.com"
185.191.171.1 - - [26/Dec/2022:05:40:20 -0800] "GET /?camp-fire%2F29802917.html HTTP/1.1" 500 - "-" "Mozilla/5.0 (compatible; SemrushBot/7~bl; +http://www.semrush.com/bot.html)" "mantech8.com"
1.169.90.129 - - [26/Dec/2022:05:41:06 -0800] "GET /contact.php HTTP/1.1" 200 29238 "http://mantech8.com/contact.php" "Mozilla/5.0 (Windows NT 10.0; Win64; x64) AppleWebKit/537.36 (KHTML, like Gecko) Chrome/90.0.4430.85 Safari/537.36" "mantech8.com"
1.169.90.129 - - [26/Dec/2022:05:41:07 -0800] "GET /verificationimage.php?8498 HTTP/1.1" 200 1345 "http://mantech8.com/contact.php" "Mozilla/5.0 (Windows NT 10.0; Win64; x64) AppleWebKit/537.36 (KHTML, like Gecko) Chrome/90.0.4430.85 Safari/537.36" "mantech8.com"
1.169.90.129 - - [26/Dec/2022:05:41:10 -0800] "POST /mailer.php HTTP/1.1" 500 - "http://mantech8.com/contact.php" "Mozilla/5.0 (Windows NT 10.0; Win64; x64) AppleWebKit/537.36 (KHTML, like Gecko) Chrome/90.0.4430.85 Safari/537.36" "mantech8.com"
185.191.171.23 - - [26/Dec/2022:05:41:31 -0800] "GET /?camp-fire%2F25567806.html HTTP/1.1" 500 - "-" "Mozilla/5.0 (compatible; SemrushBot/7~bl; +http://www.semrush.com/bot.html)" "mantech8.com"
185.191.171.6 - - [26/Dec/2022:05:42:05 -0800] "GET /?camp-fire%2F24481357.html HTTP/1.1" 500 - "-" "Mozilla/5.0 (compatible; SemrushBot/7~bl; +http://www.semrush.com/bot.html)" "mantech8.com"
185.191.171.11 - - [26/Dec/2022:05:42:24 -0800] "GET /index.php?camp-fire%2F3315000.html HTTP/1.1" 500 - "-" "Mozilla/5.0 (compatible; SemrushBot/7~bl; +http://www.semrush.com/bot.html)" "mantech8.com"
185.191.171.37 - - [26/Dec/2022:05:42:35 -0800] "GET /?camp-fire%2F24545030.html HTTP/1.1" 500 - "-" "Mozilla/5.0 (compatible; SemrushBot/7~bl; +http://www.semrush.com/bot.html)" "mantech8.com"
185.191.171.22 - - [26/Dec/2022:05:42:39 -0800] "GET /index.php/camp-fire/14584059.html HTTP/1.1" 500 - "-" "Mozilla/5.0 (compatible; SemrushBot/7~bl; +http://www.semrush.com/bot.html)" "mantech8.com"
185.191.171.21 - - [26/Dec/2022:05:42:55 -0800] "GET /?camp-fire%2F26834676.html HTTP/1.1" 500 - "-" "Mozilla/5.0 (compatible; SemrushBot/7~bl; +http://www.semrush.com/bot.html)" "mantech8.com"
185.191.171.41 - - [26/Dec/2022:05:43:23 -0800] "GET /index.php/camp-fire/57528217.html HTTP/1.1" 500 - "-" "Mozilla/5.0 (compatible; SemrushBot/7~bl; +http://www.semrush.com/bot.html)" "mantech8.com"
185.191.171.20 - - [26/Dec/2022:05:43:33 -0800] "GET /?camp-fire%2F28055771.html HTTP/1.1" 500 - "-" "Mozilla/5.0 (compatible; SemrushBot/7~bl; +http://www.semrush.com/bot.html)" "mantech8.com"
185.191.171.20 - - [26/Dec/2022:05:44:19 -0800] "GET /?camp-fire%2F34104276.html HTTP/1.1" 500 - "-" "Mozilla/5.0 (compatible; SemrushBot/7~bl; +http://www.semrush.com/bot.html)" "mantech8.com"
8.210.45.2 - - [26/Dec/2022:05:44:23 -0800] "GET /contact.php HTTP/1.1" 200 29238 "http://mantech8.com/contact.php" "Mozilla/5.0 (Windows NT 6.1) AppleWebKit/537.36 (KHTML, like Gecko) Chrome/90.0.4430.72 Safari/537.36" "mantech8.com"
8.210.45.2 - - [26/Dec/2022:05:44:25 -0800] "GET /verificationimage.php?7618 HTTP/1.1" 200 1360 "http://mantech8.com/contact.php" "Mozilla/5.0 (Windows NT 6.1) AppleWebKit/537.36 (KHTML, like Gecko) Chrome/90.0.4430.72 Safari/537.36" "mantech8.com"
8.210.45.2 - - [26/Dec/2022:05:44:27 -0800] "POST /mailer.php HTTP/1.1" 500 - "http://mantech8.com/contact.php" "Mozilla/5.0 (Windows NT 6.1) AppleWebKit/537.36 (KHTML, like Gecko) Chrome/90.0.4430.72 Safari/537.36" "mantech8.com"
185.191.171.42 - - [26/Dec/2022:05:45:54 -0800] "GET /?camp-fire%2F35085259.html HTTP/1.1" 500 - "-" "Mozilla/5.0 (compatible; SemrushBot/7~bl; +http://www.semrush.com/bot.html)" "mantech8.com"
23.80.164.171 - - [26/Dec/2022:05:46:33 -0800] "GET /contact.php HTTP/1.1" 200 29237 "-" "Mozilla/5.0 (Macintosh; Intel Mac OS X 12_5) AppleWebKit/537.36 (KHTML, like Gecko) Chrome/103.0.0.0 Safari/537.36" "www.mantech8.com"
23.80.164.171 - - [26/Dec/2022:05:46:33 -0800] "GET /verificationimage.php?670 HTTP/1.1" 200 1319 "http://www.mantech8.com/mailer.php" "Mozilla/5.0 (Macintosh; Intel Mac OS X 12_5) AppleWebKit/537.36 (KHTML, like Gecko) Chrome/103.0.0.0 Safari/537.36" "www.mantech8.com"
23.80.164.171 - - [26/Dec/2022:05:46:33 -0800] "GET /mailer.php?name=Samual+Eason&email=eason.samual12%40msn.com&phone=0392+9112235&message=Want+to+use+this+super+powerful+Artificial+intelligence+bot+that+makes+it+super+fast+%26+easy+to+skyrocket+sales+for+your+website+mantech8.com%3F+This+secret+Artificial+intelligence+software+sends+hundreds+of+thousands+of+super+targeted+clients%2C+for+mantech8.com%2C+in+your+account+on+complete+automation+every+single+day+without+fail....%0D%0A+%0D%0AGet+All+The+Answers+Here+:+50kemailsperday.com%0D%0A+%0D%0Awe+stopped+wasting+so+much+time+%26+money+on+ads...+We+simply+let+the+Artificial+intelligence+tool+generate+sales+for+us.+Now%2C+imagine+for+a+second%2C+never+having+to+create+a+single+Facebook+ad%2C+ever+again%2C+in+your+life.+That%E2%80%99s+what+this+Artificial+intelligence+assistant+will+do+for+you.+%0D%0A+%0D%0AAll+That+And+More+Here:+50kemailsperday.com%0D%0A+%0D%0AKind+regards%0D%0A+%0D%0AP.S:+The+creators+of+this+Artificial+intelligence+software+consulted+with+the+world%E2%80%99s+leading+traffic+generation+and+Direct+Response+Marketing+gurus+to+teach+the+AI+how+to+find+targeted+customers%2C+for+mantech8.com.%0D%0AYou+are+seriously+missing+out+right+now+by+not+using+it%E2%80%A6%0D%0A&verif_box=7007 HTTP/1.1" 500 - "http://www.mantech8.com/contact.php" "Mozilla/5.0 (Macintosh; Intel Mac OS X 12_5) AppleWebKit/537.36 (KHTML, like Gecko) Chrome/103.0.0.0 Safari/537.36" "www.mantech8.com"
185.191.171.11 - - [26/Dec/2022:05:46:37 -0800] "GET /?camp-fire%2F24222176.html HTTP/1.1" 500 - "-" "Mozilla/5.0 (compatible; SemrushBot/7~bl; +http://www.semrush.com/bot.html)" "mantech8.com"
114.119.157.96 - - [26/Dec/2022:05:46:40 -0800] "GET /index.php?camp-fire/30997533.html HTTP/1.1" 500 - "-" "Mozilla/5.0 (Linux; Android 7.0;) AppleWebKit/537.36 (KHTML, like Gecko) Mobile Safari/537.36 (compatible; PetalBot;+https://webmaster.petalsearch.com/site/petalbot)" "www.mantech8.com"
185.191.171.14 - - [26/Dec/2022:05:46:40 -0800] "GET /?camp-fire%2F21824235.html HTTP/1.1" 500 - "-" "Mozilla/5.0 (compatible; SemrushBot/7~bl; +http://www.semrush.com/bot.html)" "mantech8.com"
185.191.171.45 - - [26/Dec/2022:05:47:15 -0800] "GET /?camp-fire%2F28251821.html HTTP/1.1" 500 - "-" "Mozilla/5.0 (compatible; SemrushBot/7~bl; +http://www.semrush.com/bot.html)" "mantech8.com"
185.191.171.26 - - [26/Dec/2022:05:47:16 -0800] "GET /index.php/camp-fire/1921651.html HTTP/1.1" 500 - "-" "Mozilla/5.0 (compatible; SemrushBot/7~bl; +http://www.semrush.com/bot.html)" "mantech8.com"
114.119.151.63 - - [26/Dec/2022:05:47:45 -0800] "GET /index.php/ravenings.xml HTTP/1.1" 200 289228 "-" "Mozilla/5.0 (Linux; Android 7.0;) AppleWebKit/537.36 (KHTML, like Gecko) Mobile Safari/537.36 (compatible; PetalBot;+https://webmaster.petalsearch.com/site/petalbot)" "mantech8.com"
185.191.171.8 - - [26/Dec/2022:05:48:26 -0800] "GET /index.php/camp-fire/7825942.html HTTP/1.1" 500 - "-" "Mozilla/5.0 (compatible; SemrushBot/7~bl; +http://www.semrush.com/bot.html)" "mantech8.com"
83.220.237.150 - - [26/Dec/2022:05:48:58 -0800] "GET /contact.php HTTP/1.1" 200 29238 "http://mantech8.com/contact.php" "Mozilla/5.0 (Windows NT 10.0; WOW64) AppleWebKit/537.36 (KHTML, like Gecko) Chrome/90.0.4430.93 Safari/537.36" "mantech8.com"
83.220.237.150 - - [26/Dec/2022:05:48:59 -0800] "GET /verificationimage.php?9518 HTTP/1.1" 200 1388 "http://mantech8.com/contact.php" "Mozilla/5.0 (Windows NT 10.0; WOW64) AppleWebKit/537.36 (KHTML, like Gecko) Chrome/90.0.4430.93 Safari/537.36" "mantech8.com"
83.220.237.150 - - [26/Dec/2022:05:49:01 -0800] "POST /mailer.php HTTP/1.1" 500 - "http://mantech8.com/contact.php" "Mozilla/5.0 (Windows NT 10.0; WOW64) AppleWebKit/537.36 (KHTML, like Gecko) Chrome/90.0.4430.93 Safari/537.36" "mantech8.com"
83.220.237.150 - - [26/Dec/2022:05:49:01 -0800] "GET /contact.php HTTP/1.1" 200 29238 "http://mantech8.com/contact.php" "Mozilla/5.0 (Windows NT 10.0; WOW64) AppleWebKit/537.36 (KHTML, like Gecko) Chrome/90.0.4430.93 Safari/537.36" "mantech8.com"
185.191.171.34 - - [26/Dec/2022:05:49:23 -0800] "GET /?camp-fire%2F34555816.html HTTP/1.1" 500 - "-" "Mozilla/5.0 (compatible; SemrushBot/7~bl; +http://www.semrush.com/bot.html)" "mantech8.com"
114.119.151.12 - - [26/Dec/2022:05:49:31 -0800] "GET /?sitemap659.xml HTTP/1.1" 200 270654 "-" "Mozilla/5.0 (Linux; Android 7.0;) AppleWebKit/537.36 (KHTML, like Gecko) Mobile Safari/537.36 (compatible; PetalBot;+https://webmaster.petalsearch.com/site/petalbot)" "mantech8.com"
185.191.171.1 - - [26/Dec/2022:05:50:10 -0800] "GET /?camp-fire%2F33735259.html HTTP/1.1" 500 - "-" "Mozilla/5.0 (compatible; SemrushBot/7~bl; +http://www.semrush.com/bot.html)" "mantech8.com"
185.191.171.7 - - [26/Dec/2022:05:50:13 -0800] "GET /index.php/camp-fire/37174278.html HTTP/1.1" 500 - "-" "Mozilla/5.0 (compatible; SemrushBot/7~bl; +http://www.semrush.com/bot.html)" "mantech8.com"
185.191.171.26 - - [26/Dec/2022:05:50:37 -0800] "GET /?camp-fire%2F28563563.html HTTP/1.1" 500 - "-" "Mozilla/5.0 (compatible; SemrushBot/7~bl; +http://www.semrush.com/bot.html)" "mantech8.com"
185.191.171.2 - - [26/Dec/2022:05:51:03 -0800] "GET /?camp-fire%2F14007193.html HTTP/1.1" 500 - "-" "Mozilla/5.0 (compatible; SemrushBot/7~bl; +http://www.semrush.com/bot.html)" "mantech8.com"
114.119.131.2 - - [26/Dec/2022:05:51:07 -0800] "GET /bimages/pipeg/thump/session.php HTTP/1.1" 200 32 "http://www.mantech8.com/bimages/pipeg/thump/?C=M%3BO%3DA" "Mozilla/5.0 (Linux; Android 7.0;) AppleWebKit/537.36 (KHTML, like Gecko) Mobile Safari/537.36 (compatible; PetalBot;+https://webmaster.petalsearch.com/site/petalbot)" "www.mantech8.com"
207.46.13.149 - - [26/Dec/2022:05:52:12 -0800] "GET / HTTP/1.1" 200 64348 "-" "Mozilla/5.0 AppleWebKit/537.36 (KHTML, like Gecko; compatible; bingbot/2.0; +http://www.bing.com/bingbot.htm) Chrome/103.0.5060.134 Safari/537.36" "www.mantech8.com"
185.191.171.11 - - [26/Dec/2022:05:52:15 -0800] "GET /?camp-fire%2F23576081.html HTTP/1.1" 500 - "-" "Mozilla/5.0 (compatible; SemrushBot/7~bl; +http://www.semrush.com/bot.html)" "mantech8.com"
185.191.171.8 - - [26/Dec/2022:05:52:20 -0800] "GET /index.php/camp-fire/2503693.html HTTP/1.1" 500 - "-" "Mozilla/5.0 (compatible; SemrushBot/7~bl; +http://www.semrush.com/bot.html)" "mantech8.com"
185.191.171.4 - - [26/Dec/2022:05:52:36 -0800] "GET /?camp-fire%2F60772559.html HTTP/1.1" 500 - "-" "Mozilla/5.0 (compatible; SemrushBot/7~bl; +http://www.semrush.com/bot.html)" "mantech8.com"
114.119.131.231 - - [26/Dec/2022:05:52:39 -0800] "GET /bimages/ework/?C=D%3BO%3DA HTTP/1.1" 200 419 "http://www.mantech8.com/bimages/ework/?C=N%3BO%3DD" "Mozilla/5.0 (Linux; Android 7.0;) AppleWebKit/537.36 (KHTML, like Gecko) Mobile Safari/537.36 (compatible; PetalBot;+https://webmaster.petalsearch.com/site/petalbot)" "www.mantech8.com"
185.191.171.21 - - [26/Dec/2022:05:52:56 -0800] "GET /index.php/camp-fire/8095642.html HTTP/1.1" 500 - "-" "Mozilla/5.0 (compatible; SemrushBot/7~bl; +http://www.semrush.com/bot.html)" "mantech8.com"
66.249.64.237 - - [26/Dec/2022:05:53:10 -0800] "GET /802911lp_17.jpg HTTP/1.1" 404 88 "-" "Googlebot-Image/1.0" "www.mantech8.com"
185.191.171.43 - - [26/Dec/2022:05:53:52 -0800] "GET /index.php?camp-fire%2F25220081.html HTTP/1.1" 500 - "-" "Mozilla/5.0 (compatible; SemrushBot/7~bl; +http://www.semrush.com/bot.html)" "mantech8.com"
185.191.171.23 - - [26/Dec/2022:05:54:06 -0800] "GET /?camp-fire%2F29539689.html HTTP/1.1" 500 - "-" "Mozilla/5.0 (compatible; SemrushBot/7~bl; +http://www.semrush.com/bot.html)" "mantech8.com"
114.119.156.154 - - [26/Dec/2022:05:54:05 -0800] "GET /?megatheroid.xml HTTP/1.1" 200 270510 "-" "Mozilla/5.0 (Linux; Android 7.0;) AppleWebKit/537.36 (KHTML, like Gecko) Mobile Safari/537.36 (compatible; PetalBot;+https://webmaster.petalsearch.com/site/petalbot)" "mantech8.com"
185.191.171.18 - - [26/Dec/2022:05:55:43 -0800] "GET /?camp-fire%2F16172372.html HTTP/1.1" 500 - "-" "Mozilla/5.0 (compatible; SemrushBot/7~bl; +http://www.semrush.com/bot.html)" "mantech8.com"
185.191.171.20 - - [26/Dec/2022:05:56:03 -0800] "GET /index.php?camp-fire%2F7636908.html HTTP/1.1" 500 - "-" "Mozilla/5.0 (compatible; SemrushBot/7~bl; +http://www.semrush.com/bot.html)" "mantech8.com"
185.191.171.9 - - [26/Dec/2022:05:57:08 -0800] "GET /?camp-fire%2F23188709.html HTTP/1.1" 500 - "-" "Mozilla/5.0 (compatible; SemrushBot/7~bl; +http://www.semrush.com/bot.html)" "mantech8.com"
185.191.171.20 - - [26/Dec/2022:05:57:19 -0800] "GET /?camp-fire%2F28430264.html HTTP/1.1" 500 - "-" "Mozilla/5.0 (compatible; SemrushBot/7~bl; +http://www.semrush.com/bot.html)" "mantech8.com"
185.191.171.14 - - [26/Dec/2022:05:57:20 -0800] "GET /?camp-fire%2F22100359.html HTTP/1.1" 500 - "-" "Mozilla/5.0 (compatible; SemrushBot/7~bl; +http://www.semrush.com/bot.html)" "mantech8.com"
185.191.171.23 - - [26/Dec/2022:05:57:23 -0800] "GET /index.php/camp-fire/285698.html HTTP/1.1" 500 - "-" "Mozilla/5.0 (compatible; SemrushBot/7~bl; +http://www.semrush.com/bot.html)" "mantech8.com"
207.46.13.149 - - [26/Dec/2022:05:57:32 -0800] "GET /index.php/nWTf-994badff-3pHdE.Ii HTTP/1.1" 200 62937 "-" "Mozilla/5.0 AppleWebKit/537.36 (KHTML, like Gecko; compatible; bingbot/2.0; +http://www.bing.com/bingbot.htm) Chrome/103.0.5060.134 Safari/537.36" "mantech8.com"
185.191.171.10 - - [26/Dec/2022:05:58:01 -0800] "GET /?camp-fire%2F14265380.html HTTP/1.1" 500 - "-" "Mozilla/5.0 (compatible; SemrushBot/7~bl; +http://www.semrush.com/bot.html)" "mantech8.com"
207.46.13.149 - - [26/Dec/2022:05:58:02 -0800] "GET /F2si-fdfeed-DiC0A.Ii HTTP/1.1" 404 88 "-" "Mozilla/5.0 AppleWebKit/537.36 (KHTML, like Gecko; compatible; bingbot/2.0; +http://www.bing.com/bingbot.htm) Chrome/103.0.5060.134 Safari/537.36" "www.mantech8.com"
185.191.171.45 - - [26/Dec/2022:05:58:35 -0800] "GET /?camp-fire%2F16309072.html HTTP/1.1" 500 - "-" "Mozilla/5.0 (compatible; SemrushBot/7~bl; +http://www.semrush.com/bot.html)" "mantech8.com"
185.191.171.39 - - [26/Dec/2022:05:58:48 -0800] "GET /index.php?camp-fire%2F22197585.html HTTP/1.1" 500 - "-" "Mozilla/5.0 (compatible; SemrushBot/7~bl; +http://www.semrush.com/bot.html)" "mantech8.com"
185.191.171.41 - - [26/Dec/2022:06:00:23 -0800] "GET /?camp-fire%2F28408964.html HTTP/1.1" 500 - "-" "Mozilla/5.0 (compatible; SemrushBot/7~bl; +http://www.semrush.com/bot.html)" "mantech8.com"
185.191.171.15 - - [26/Dec/2022:06:00:58 -0800] "GET /?camp-fire%2F36721838.html HTTP/1.1" 500 - "-" "Mozilla/5.0 (compatible; SemrushBot/7~bl; +http://www.semrush.com/bot.html)" "mantech8.com"
185.191.171.11 - - [26/Dec/2022:06:01:11 -0800] "GET /index.php?camp-fire%2F27606371.html HTTP/1.1" 500 - "-" "Mozilla/5.0 (compatible; SemrushBot/7~bl; +http://www.semrush.com/bot.html)" "mantech8.com"
185.191.171.38 - - [26/Dec/2022:06:01:28 -0800] "GET /index.php/camp-fire/29540289.html HTTP/1.1" 500 - "-" "Mozilla/5.0 (compatible; SemrushBot/7~bl; +http://www.semrush.com/bot.html)" "mantech8.com"
185.191.171.6 - - [26/Dec/2022:06:01:35 -0800] "GET /index.php?camp-fire%2F24313650.html HTTP/1.1" 500 - "-" "Mozilla/5.0 (compatible; SemrushBot/7~bl; +http://www.semrush.com/bot.html)" "mantech8.com"
185.191.171.37 - - [26/Dec/2022:06:01:44 -0800] "GET /index.php/camp-fire/34327559.html HTTP/1.1" 500 - "-" "Mozilla/5.0 (compatible; SemrushBot/7~bl; +http://www.semrush.com/bot.html)" "mantech8.com"
185.191.171.38 - - [26/Dec/2022:06:02:29 -0800] "GET /?camp-fire%2F29387971.html HTTP/1.1" 500 - "-" "Mozilla/5.0 (compatible; SemrushBot/7~bl; +http://www.semrush.com/bot.html)" "mantech8.com"
185.191.171.37 - - [26/Dec/2022:06:02:48 -0800] "GET /?camp-fire%2F25986706.html HTTP/1.1" 500 - "-" "Mozilla/5.0 (compatible; SemrushBot/7~bl; +http://www.semrush.com/bot.html)" "mantech8.com"
185.191.171.4 - - [26/Dec/2022:06:04:07 -0800] "GET /?camp-fire%2F29014464.html HTTP/1.1" 500 - "-" "Mozilla/5.0 (compatible; SemrushBot/7~bl; +http://www.semrush.com/bot.html)" "mantech8.com"
185.191.171.23 - - [26/Dec/2022:06:04:46 -0800] "GET /index.php?camp-fire%2F304598.html HTTP/1.1" 500 - "-" "Mozilla/5.0 (compatible; SemrushBot/7~bl; +http://www.semrush.com/bot.html)" "mantech8.com"
185.191.171.34 - - [26/Dec/2022:06:06:09 -0800] "GET /index.php/camp-fire/10213390.html HTTP/1.1" 500 - "-" "Mozilla/5.0 (compatible; SemrushBot/7~bl; +http://www.semrush.com/bot.html)" "mantech8.com"
185.191.171.45 - - [26/Dec/2022:06:06:28 -0800] "GET /index.php?camp-fire%2F26129282.html HTTP/1.1" 500 - "-" "Mozilla/5.0 (compatible; SemrushBot/7~bl; +http://www.semrush.com/bot.html)" "mantech8.com"
185.191.171.1 - - [26/Dec/2022:06:07:40 -0800] "GET /index.php?camp-fire%2F26122382.html HTTP/1.1" 500 - "-" "Mozilla/5.0 (compatible; SemrushBot/7~bl; +http://www.semrush.com/bot.html)" "mantech8.com"
185.191.171.1 - - [26/Dec/2022:06:08:26 -0800] "GET /?camp-fire%2F26044476.html HTTP/1.1" 500 - "-" "Mozilla/5.0 (compatible; SemrushBot/7~bl; +http://www.semrush.com/bot.html)" "mantech8.com"
185.191.171.25 - - [26/Dec/2022:06:08:53 -0800] "GET /?camp-fire%2F27270870.html HTTP/1.1" 500 - "-" "Mozilla/5.0 (compatible; SemrushBot/7~bl; +http://www.semrush.com/bot.html)" "mantech8.com"
185.191.171.8 - - [26/Dec/2022:06:09:20 -0800] "GET /?camp-fire%2F29119756.html HTTP/1.1" 500 - "-" "Mozilla/5.0 (compatible; SemrushBot/7~bl; +http://www.semrush.com/bot.html)" "mantech8.com"
185.191.171.4 - - [26/Dec/2022:06:09:31 -0800] "GET /index.php/camp-fire/11702500.html HTTP/1.1" 500 - "-" "Mozilla/5.0 (compatible; SemrushBot/7~bl; +http://www.semrush.com/bot.html)" "mantech8.com"
185.191.171.38 - - [26/Dec/2022:06:09:37 -0800] "GET /?camp-fire%2F29284465.html HTTP/1.1" 500 - "-" "Mozilla/5.0 (compatible; SemrushBot/7~bl; +http://www.semrush.com/bot.html)" "mantech8.com"
185.191.171.23 - - [26/Dec/2022:06:11:06 -0800] "GET /index.php?camp-fire%2F1690769.html HTTP/1.1" 500 - "-" "Mozilla/5.0 (compatible; SemrushBot/7~bl; +http://www.semrush.com/bot.html)" "mantech8.com"
185.191.171.39 - - [26/Dec/2022:06:11:30 -0800] "GET /index.php/camp-fire/26136550.html HTTP/1.1" 500 - "-" "Mozilla/5.0 (compatible; SemrushBot/7~bl; +http://www.semrush.com/bot.html)" "mantech8.com"
185.191.171.25 - - [26/Dec/2022:06:11:56 -0800] "GET /?camp-fire%2F38680772.html HTTP/1.1" 500 - "-" "Mozilla/5.0 (compatible; SemrushBot/7~bl; +http://www.semrush.com/bot.html)" "mantech8.com"
185.191.171.20 - - [26/Dec/2022:06:12:05 -0800] "GET /?camp-fire%2F39301697.html HTTP/1.1" 500 - "-" "Mozilla/5.0 (compatible; SemrushBot/7~bl; +http://www.semrush.com/bot.html)" "mantech8.com"
185.191.171.38 - - [26/Dec/2022:06:12:46 -0800] "GET /?camp-fire%2F26131482.html HTTP/1.1" 500 - "-" "Mozilla/5.0 (compatible; SemrushBot/7~bl; +http://www.semrush.com/bot.html)" "mantech8.com"
185.191.171.2 - - [26/Dec/2022:06:13:16 -0800] "GET /?camp-fire%2F25450730.html HTTP/1.1" 500 - "-" "Mozilla/5.0 (compatible; SemrushBot/7~bl; +http://www.semrush.com/bot.html)" "mantech8.com"
185.191.171.44 - - [26/Dec/2022:06:13:31 -0800] "GET /index.php?camp-fire%2F6190677.html HTTP/1.1" 500 - "-" "Mozilla/5.0 (compatible; SemrushBot/7~bl; +http://www.semrush.com/bot.html)" "mantech8.com"
185.191.171.2 - - [26/Dec/2022:06:14:05 -0800] "GET /?camp-fire%2F20770835.html HTTP/1.1" 500 - "-" "Mozilla/5.0 (compatible; SemrushBot/7~bl; +http://www.semrush.com/bot.html)" "mantech8.com"
185.191.171.7 - - [26/Dec/2022:06:14:09 -0800] "GET /index.php?camp-fire%2F12678809.html HTTP/1.1" 500 - "-" "Mozilla/5.0 (compatible; SemrushBot/7~bl; +http://www.semrush.com/bot.html)" "mantech8.com"
185.191.171.20 - - [26/Dec/2022:06:15:02 -0800] "GET /?camp-fire%2F11019380.html HTTP/1.1" 500 - "-" "Mozilla/5.0 (compatible; SemrushBot/7~bl; +http://www.semrush.com/bot.html)" "mantech8.com"
185.191.171.16 - - [26/Dec/2022:06:15:53 -0800] "GET /index.php/camp-fire/42103734.html HTTP/1.1" 500 - "-" "Mozilla/5.0 (compatible; SemrushBot/7~bl; +http://www.semrush.com/bot.html)" "mantech8.com"
114.119.132.43 - - [26/Dec/2022:06:15:57 -0800] "GET /sitemap12057.xml HTTP/1.1" 404 88 "-" "Mozilla/5.0 (compatible;PetalBot;+https://webmaster.petalsearch.com/site/petalbot)" "mantech8.com"
185.191.171.11 - - [26/Dec/2022:06:16:04 -0800] "GET /index.php/camp-fire/21745417.html HTTP/1.1" 500 - "-" "Mozilla/5.0 (compatible; SemrushBot/7~bl; +http://www.semrush.com/bot.html)" "mantech8.com"
216.244.66.241 - - [26/Dec/2022:06:16:17 -0800] "GET /robots.txt HTTP/1.1" 200 222 "-" "Mozilla/5.0 (compatible; DotBot/1.2; +https://opensiteexplorer.org/dotbot; help@moz.com)" "www.mantech8.com"
216.244.66.241 - - [26/Dec/2022:06:16:17 -0800] "GET /robots.txt HTTP/1.1" 200 222 "-" "Mozilla/5.0 (compatible; DotBot/1.2; +https://opensiteexplorer.org/dotbot; help@moz.com)" "mantech8.com"
114.119.159.39 - - [26/Dec/2022:06:17:14 -0800] "GET /index.php/sitemap-index-5.xml HTTP/1.1" 200 4843 "-" "Mozilla/5.0 (compatible;PetalBot;+https://webmaster.petalsearch.com/site/petalbot)" "mantech8.com"
185.191.171.41 - - [26/Dec/2022:06:17:55 -0800] "GET /?camp-fire%2F22047542.html HTTP/1.1" 500 - "-" "Mozilla/5.0 (compatible; SemrushBot/7~bl; +http://www.semrush.com/bot.html)" "mantech8.com"
185.191.171.25 - - [26/Dec/2022:06:18:19 -0800] "GET /?camp-fire%2F17567880.html HTTP/1.1" 500 - "-" "Mozilla/5.0 (compatible; SemrushBot/7~bl; +http://www.semrush.com/bot.html)" "mantech8.com"
114.119.154.137 - - [26/Dec/2022:06:18:41 -0800] "GET /index.php?camp-fire/32373791.html HTTP/1.1" 500 - "-" "Mozilla/5.0 (Linux; Android 7.0;) AppleWebKit/537.36 (KHTML, like Gecko) Mobile Safari/537.36 (compatible; PetalBot;+https://webmaster.petalsearch.com/site/petalbot)" "www.mantech8.com"
185.191.171.4 - - [26/Dec/2022:06:18:52 -0800] "GET /?camp-fire%2F35684350.html HTTP/1.1" 500 - "-" "Mozilla/5.0 (compatible; SemrushBot/7~bl; +http://www.semrush.com/bot.html)" "mantech8.com"
185.191.171.9 - - [26/Dec/2022:06:19:04 -0800] "GET /?camp-fire%2F15483124.html HTTP/1.1" 500 - "-" "Mozilla/5.0 (compatible; SemrushBot/7~bl; +http://www.semrush.com/bot.html)" "mantech8.com"
185.191.171.12 - - [26/Dec/2022:06:19:10 -0800] "GET /?camp-fire%2F29972650.html HTTP/1.1" 500 - "-" "Mozilla/5.0 (compatible; SemrushBot/7~bl; +http://www.semrush.com/bot.html)" "mantech8.com"
185.191.171.44 - - [26/Dec/2022:06:20:06 -0800] "GET /index.php?camp-fire%2F26032576.html HTTP/1.1" 500 - "-" "Mozilla/5.0 (compatible; SemrushBot/7~bl; +http://www.semrush.com/bot.html)" "mantech8.com"
185.191.171.9 - - [26/Dec/2022:06:20:25 -0800] "GET /?camp-fire%2F32939255.html HTTP/1.1" 500 - "-" "Mozilla/5.0 (compatible; SemrushBot/7~bl; +http://www.semrush.com/bot.html)" "mantech8.com"
185.191.171.39 - - [26/Dec/2022:06:20:28 -0800] "GET /index.php/camp-fire/21845624.html HTTP/1.1" 500 - "-" "Mozilla/5.0 (compatible; SemrushBot/7~bl; +http://www.semrush.com/bot.html)" "mantech8.com"
114.119.143.69 - - [26/Dec/2022:06:20:48 -0800] "GET /bimages/service/qdrjhwzf.php HTTP/1.1" 200 32 "http://www.mantech8.com/bimages/service/?C=N%3BO%3DD" "Mozilla/5.0 (Linux; Android 7.0;) AppleWebKit/537.36 (KHTML, like Gecko) Mobile Safari/537.36 (compatible; PetalBot;+https://webmaster.petalsearch.com/site/petalbot)" "www.mantech8.com"
185.191.171.1 - - [26/Dec/2022:06:21:24 -0800] "GET /index.php/camp-fire/19898072.html HTTP/1.1" 500 - "-" "Mozilla/5.0 (compatible; SemrushBot/7~bl; +http://www.semrush.com/bot.html)" "mantech8.com"
185.191.171.24 - - [26/Dec/2022:06:21:40 -0800] "GET /robots.txt HTTP/1.1" 200 106 "-" "Mozilla/5.0 (compatible; SemrushBot/7~bl; +http://www.semrush.com/bot.html)" "mantech8.com"
185.191.171.17 - - [26/Dec/2022:06:21:40 -0800] "GET /?camp-fire%2F40875235.html HTTP/1.1" 500 - "-" "Mozilla/5.0 (compatible; SemrushBot/7~bl; +http://www.semrush.com/bot.html)" "mantech8.com"
185.220.101.18 - - [26/Dec/2022:06:21:52 -0800] "GET /contact.php HTTP/1.1" 200 29238 "http://mantech8.com/contact.php" "Mozilla/5.0 (Windows NT 6.1; Win64; x64) AppleWebKit/537.36 (KHTML, like Gecko) Chrome/90.0.4430.93 Safari/537.36" "mantech8.com"
185.220.101.18 - - [26/Dec/2022:06:21:53 -0800] "GET /verificationimage.php?2663 HTTP/1.1" 200 1345 "http://mantech8.com/contact.php" "Mozilla/5.0 (Windows NT 6.1; Win64; x64) AppleWebKit/537.36 (KHTML, like Gecko) Chrome/90.0.4430.93 Safari/537.36" "mantech8.com"
185.220.101.18 - - [26/Dec/2022:06:21:54 -0800] "POST /mailer.php HTTP/1.1" 500 - "http://mantech8.com/contact.php" "Mozilla/5.0 (Windows NT 6.1; Win64; x64) AppleWebKit/537.36 (KHTML, like Gecko) Chrome/90.0.4430.93 Safari/537.36" "mantech8.com"
185.220.101.18 - - [26/Dec/2022:06:21:54 -0800] "GET /contact.php HTTP/1.1" 200 29238 "http://mantech8.com/contact.php" "Mozilla/5.0 (Windows NT 6.1; Win64; x64) AppleWebKit/537.36 (KHTML, like Gecko) Chrome/90.0.4430.93 Safari/537.36" "mantech8.com"
114.119.162.33 - - [26/Dec/2022:06:22:05 -0800] "GET /bimages/paintg/thump/db_qbe.php HTTP/1.1" 200 32 "http://www.mantech8.com/bimages/paintg/thump/" "Mozilla/5.0 (Linux; Android 7.0;) AppleWebKit/537.36 (KHTML, like Gecko) Mobile Safari/537.36 (compatible; PetalBot;+https://webmaster.petalsearch.com/site/petalbot)" "www.mantech8.com"
185.191.171.3 - - [26/Dec/2022:06:22:50 -0800] "GET /index.php?camp-fire%2F485969.html HTTP/1.1" 500 - "-" "Mozilla/5.0 (compatible; SemrushBot/7~bl; +http://www.semrush.com/bot.html)" "mantech8.com"
114.119.132.122 - - [26/Dec/2022:06:23:09 -0800] "GET /index.php?sitemap11588.xml HTTP/1.1" 200 289390 "-" "Mozilla/5.0 (Linux; Android 7.0;) AppleWebKit/537.36 (KHTML, like Gecko) Mobile Safari/537.36 (compatible; PetalBot;+https://webmaster.petalsearch.com/site/petalbot)" "mantech8.com"
185.191.171.18 - - [26/Dec/2022:06:23:24 -0800] "GET /index.php/camp-fire/17379565.html HTTP/1.1" 500 - "-" "Mozilla/5.0 (compatible; SemrushBot/7~bl; +http://www.semrush.com/bot.html)" "mantech8.com"
185.191.171.38 - - [26/Dec/2022:06:23:46 -0800] "GET /?camp-fire%2F18776765.html HTTP/1.1" 500 - "-" "Mozilla/5.0 (compatible; SemrushBot/7~bl; +http://www.semrush.com/bot.html)" "mantech8.com"
114.119.133.211 - - [26/Dec/2022:06:25:21 -0800] "GET /index.php/sitemap6270.xml HTTP/1.1" 200 289368 "-" "Mozilla/5.0 (Linux; Android 7.0;) AppleWebKit/537.36 (KHTML, like Gecko) Mobile Safari/537.36 (compatible; PetalBot;+https://webmaster.petalsearch.com/site/petalbot)" "mantech8.com"
185.191.171.45 - - [26/Dec/2022:06:25:32 -0800] "GET /?camp-fire%2F20796435.html HTTP/1.1" 500 - "-" "Mozilla/5.0 (compatible; SemrushBot/7~bl; +http://www.semrush.com/bot.html)" "mantech8.com"
185.191.171.3 - - [26/Dec/2022:06:25:47 -0800] "GET /?camp-fire%2F17602280.html HTTP/1.1" 500 - "-" "Mozilla/5.0 (compatible; SemrushBot/7~bl; +http://www.semrush.com/bot.html)" "mantech8.com"
114.119.159.37 - - [26/Dec/2022:06:26:22 -0800] "GET /?gelsemic.xml HTTP/1.1" 200 270531 "-" "Mozilla/5.0 (Linux; Android 7.0;) AppleWebKit/537.36 (KHTML, like Gecko) Mobile Safari/537.36 (compatible; PetalBot;+https://webmaster.petalsearch.com/site/petalbot)" "mantech8.com"
185.191.171.5 - - [26/Dec/2022:06:26:30 -0800] "GET /?camp-fire%2F27089463.html HTTP/1.1" 500 - "-" "Mozilla/5.0 (compatible; SemrushBot/7~bl; +http://www.semrush.com/bot.html)" "mantech8.com"
185.191.171.1 - - [26/Dec/2022:06:26:50 -0800] "GET /?camp-fire%2F27460526.html HTTP/1.1" 500 - "-" "Mozilla/5.0 (compatible; SemrushBot/7~bl; +http://www.semrush.com/bot.html)" "mantech8.com"
185.191.171.19 - - [26/Dec/2022:06:26:53 -0800] "GET /?camp-fire%2F23775909.html HTTP/1.1" 500 - "-" "Mozilla/5.0 (compatible; SemrushBot/7~bl; +http://www.semrush.com/bot.html)" "mantech8.com"
185.191.171.6 - - [26/Dec/2022:06:27:25 -0800] "GET /?camp-fire%2F27570471.html HTTP/1.1" 500 - "-" "Mozilla/5.0 (compatible; SemrushBot/7~bl; +http://www.semrush.com/bot.html)" "mantech8.com"
185.191.171.21 - - [26/Dec/2022:06:28:19 -0800] "GET /?camp-fire%2F24537230.html HTTP/1.1" 500 - "-" "Mozilla/5.0 (compatible; SemrushBot/7~bl; +http://www.semrush.com/bot.html)" "mantech8.com"
185.191.171.11 - - [26/Dec/2022:06:28:40 -0800] "GET /?camp-fire%2F30583841.html HTTP/1.1" 500 - "-" "Mozilla/5.0 (compatible; SemrushBot/7~bl; +http://www.semrush.com/bot.html)" "mantech8.com"
185.191.171.42 - - [26/Dec/2022:06:28:44 -0800] "GET /?camp-fire%2F27103387.html HTTP/1.1" 500 - "-" "Mozilla/5.0 (compatible; SemrushBot/7~bl; +http://www.semrush.com/bot.html)" "mantech8.com"
185.191.171.22 - - [26/Dec/2022:06:28:53 -0800] "GET /?camp-fire%2F27227647.html HTTP/1.1" 500 - "-" "Mozilla/5.0 (compatible; SemrushBot/7~bl; +http://www.semrush.com/bot.html)" "mantech8.com"
185.191.171.14 - - [26/Dec/2022:06:29:39 -0800] "GET /index.php/camp-fire/9676083.html HTTP/1.1" 500 - "-" "Mozilla/5.0 (compatible; SemrushBot/7~bl; +http://www.semrush.com/bot.html)" "mantech8.com"
185.191.171.42 - - [26/Dec/2022:06:29:45 -0800] "GET /?camp-fire%2F36369325.html HTTP/1.1" 500 - "-" "Mozilla/5.0 (compatible; SemrushBot/7~bl; +http://www.semrush.com/bot.html)" "mantech8.com"
185.191.171.26 - - [26/Dec/2022:06:30:18 -0800] "GET /?camp-fire%2F32494868.html HTTP/1.1" 500 - "-" "Mozilla/5.0 (compatible; SemrushBot/7~bl; +http://www.semrush.com/bot.html)" "mantech8.com"
157.55.39.150 - - [26/Dec/2022:06:30:32 -0800] "GET /index.php/nWTf-704d5babb-3lNCr.Ii HTTP/1.1" 200 70127 "-" "Mozilla/5.0 AppleWebKit/537.36 (KHTML, like Gecko; compatible; bingbot/2.0; +http://www.bing.com/bingbot.htm) Chrome/103.0.5060.134 Safari/537.36" "mantech8.com"
185.191.171.6 - - [26/Dec/2022:06:31:30 -0800] "GET /index.php/camp-fire/32547368.html HTTP/1.1" 500 - "-" "Mozilla/5.0 (compatible; SemrushBot/7~bl; +http://www.semrush.com/bot.html)" "mantech8.com"
185.191.171.42 - - [26/Dec/2022:06:31:33 -0800] "GET /?camp-fire%2F28921826.html HTTP/1.1" 500 - "-" "Mozilla/5.0 (compatible; SemrushBot/7~bl; +http://www.semrush.com/bot.html)" "mantech8.com"
185.191.171.2 - - [26/Dec/2022:06:31:43 -0800] "GET /?camp-fire%2F16087372.html HTTP/1.1" 500 - "-" "Mozilla/5.0 (compatible; SemrushBot/7~bl; +http://www.semrush.com/bot.html)" "mantech8.com"
185.191.171.7 - - [26/Dec/2022:06:32:27 -0800] "GET /?camp-fire%2F35192032.html HTTP/1.1" 500 - "-" "Mozilla/5.0 (compatible; SemrushBot/7~bl; +http://www.semrush.com/bot.html)" "mantech8.com"
185.191.171.41 - - [26/Dec/2022:06:33:17 -0800] "GET /?camp-fire%2F32518668.html HTTP/1.1" 500 - "-" "Mozilla/5.0 (compatible; SemrushBot/7~bl; +http://www.semrush.com/bot.html)" "mantech8.com"
185.191.171.45 - - [26/Dec/2022:06:33:57 -0800] "GET /?camp-fire%2F24233750.html HTTP/1.1" 500 - "-" "Mozilla/5.0 (compatible; SemrushBot/7~bl; +http://www.semrush.com/bot.html)" "mantech8.com"
185.191.171.42 - - [26/Dec/2022:06:34:51 -0800] "GET /?camp-fire%2F21707917.html HTTP/1.1" 500 - "-" "Mozilla/5.0 (compatible; SemrushBot/7~bl; +http://www.semrush.com/bot.html)" "mantech8.com"
194.110.203.42 - - [26/Dec/2022:06:35:25 -0800] "GET /db/database.rar HTTP/1.1" 404 73 "-" "Firefox" "mantech8.com"
