185.191.171.2 - - [18/Dec/2022:20:31:47 -0800] "GET /?camp-fire%2F34291016.html HTTP/1.1" 500 - "-" "Mozilla/5.0 (compatible; SemrushBot/7~bl; +http://www.semrush.com/bot.html)" "mantech8.com"
40.77.167.18 - - [18/Dec/2022:20:32:07 -0800] "GET /Pstd-209eedfd-iS0Yk.Ii HTTP/1.1" 404 88 "-" "Mozilla/5.0 AppleWebKit/537.36 (KHTML, like Gecko; compatible; bingbot/2.0; +http://www.bing.com/bingbot.htm) Chrome/103.0.5060.134 Safari/537.36" "www.mantech8.com"
185.191.171.5 - - [18/Dec/2022:20:32:18 -0800] "GET /?camp-fire%2F37847187.html HTTP/1.1" 500 - "-" "Mozilla/5.0 (compatible; SemrushBot/7~bl; +http://www.semrush.com/bot.html)" "mantech8.com"
185.191.171.21 - - [18/Dec/2022:20:32:21 -0800] "GET /?camp-fire%2F35262338.html HTTP/1.1" 500 - "-" "Mozilla/5.0 (compatible; SemrushBot/7~bl; +http://www.semrush.com/bot.html)" "mantech8.com"
185.191.171.22 - - [18/Dec/2022:20:32:59 -0800] "GET /index.php/camp-fire/17113065.html HTTP/1.1" 500 - "-" "Mozilla/5.0 (compatible; SemrushBot/7~bl; +http://www.semrush.com/bot.html)" "mantech8.com"
207.46.13.100 - - [18/Dec/2022:20:33:07 -0800] "GET /APS-42cbcd-OkdKO.Ii HTTP/1.1" 404 88 "-" "Mozilla/5.0 AppleWebKit/537.36 (KHTML, like Gecko; compatible; bingbot/2.0; +http://www.bing.com/bingbot.htm) Chrome/103.0.5060.134 Safari/537.36" "www.mantech8.com"
174.139.156.223 - - [18/Dec/2022:20:34:20 -0800] "GET /index.php?link_url=l2022 HTTP/1.1" 200 206 "-" "Mozilla/5.0 (compatible; MSIE 9.0; Windows NT 6.1; WOW64; Trident/5.0)" "mantech8.com"
174.139.156.223 - - [18/Dec/2022:20:34:21 -0800] "GET /index.php HTTP/1.1" 200 811 "https://www.google.co.jp/" "Mozilla/5.0 (compatible; MSIE 9.0; Windows NT 6.1; WOW64; Trident/5.0)" "mantech8.com"
185.191.171.39 - - [18/Dec/2022:20:34:56 -0800] "GET /?camp-fire%2F16700783.html HTTP/1.1" 500 - "-" "Mozilla/5.0 (compatible; SemrushBot/7~bl; +http://www.semrush.com/bot.html)" "mantech8.com"
185.191.171.43 - - [18/Dec/2022:20:35:10 -0800] "GET /?camp-fire%2F27836921.html HTTP/1.1" 500 - "-" "Mozilla/5.0 (compatible; SemrushBot/7~bl; +http://www.semrush.com/bot.html)" "mantech8.com"
185.191.171.6 - - [18/Dec/2022:20:35:28 -0800] "GET /?camp-fire%2F15171656.html HTTP/1.1" 500 - "-" "Mozilla/5.0 (compatible; SemrushBot/7~bl; +http://www.semrush.com/bot.html)" "mantech8.com"
185.191.171.2 - - [18/Dec/2022:20:35:39 -0800] "GET /?camp-fire%2F8979465.html HTTP/1.1" 500 - "-" "Mozilla/5.0 (compatible; SemrushBot/7~bl; +http://www.semrush.com/bot.html)" "mantech8.com"
185.191.171.6 - - [18/Dec/2022:20:37:21 -0800] "GET /index.php/camp-fire/5400377.html HTTP/1.1" 500 - "-" "Mozilla/5.0 (compatible; SemrushBot/7~bl; +http://www.semrush.com/bot.html)" "mantech8.com"
185.191.171.1 - - [18/Dec/2022:20:38:47 -0800] "GET /?camp-fire%2F34185559.html HTTP/1.1" 500 - "-" "Mozilla/5.0 (compatible; SemrushBot/7~bl; +http://www.semrush.com/bot.html)" "mantech8.com"
40.77.167.18 - - [18/Dec/2022:20:38:48 -0800] "GET /index.php/bi_member_login/loginaction.do HTTP/1.1" 200 68887 "-" "Mozilla/5.0 AppleWebKit/537.36 (KHTML, like Gecko; compatible; bingbot/2.0; +http://www.bing.com/bingbot.htm) Chrome/103.0.5060.134 Safari/537.36" "mantech8.com"
185.191.171.2 - - [18/Dec/2022:20:38:49 -0800] "GET /?camp-fire%2F37117397.html HTTP/1.1" 500 - "-" "Mozilla/5.0 (compatible; SemrushBot/7~bl; +http://www.semrush.com/bot.html)" "mantech8.com"
185.191.171.15 - - [18/Dec/2022:20:39:46 -0800] "GET /?camp-fire%2F39750192.html HTTP/1.1" 500 - "-" "Mozilla/5.0 (compatible; SemrushBot/7~bl; +http://www.semrush.com/bot.html)" "mantech8.com"
194.110.203.42 - - [18/Dec/2022:20:39:50 -0800] "GET /db/localhost_database.sql.tar HTTP/1.1" 404 73 "-" "Firefox" "mantech8.com"
185.191.171.16 - - [18/Dec/2022:20:40:13 -0800] "GET /?camp-fire%2F24370050.html HTTP/1.1" 500 - "-" "Mozilla/5.0 (compatible; SemrushBot/7~bl; +http://www.semrush.com/bot.html)" "mantech8.com"
185.191.171.24 - - [18/Dec/2022:20:40:44 -0800] "GET /?camp-fire%2F28249583.html HTTP/1.1" 500 - "-" "Mozilla/5.0 (compatible; SemrushBot/7~bl; +http://www.semrush.com/bot.html)" "mantech8.com"
185.191.171.4 - - [18/Dec/2022:20:40:58 -0800] "GET /?camp-fire%2F37896427.html HTTP/1.1" 500 - "-" "Mozilla/5.0 (compatible; SemrushBot/7~bl; +http://www.semrush.com/bot.html)" "mantech8.com"
185.191.171.25 - - [18/Dec/2022:20:41:01 -0800] "GET /index.php/camp-fire/47855726.html HTTP/1.1" 500 - "-" "Mozilla/5.0 (compatible; SemrushBot/7~bl; +http://www.semrush.com/bot.html)" "mantech8.com"
186.159.3.193 - - [18/Dec/2022:20:41:38 -0800] "GET /contact.php HTTP/1.1" 200 29238 "http://mantech8.com/contact.php" "Mozilla/5.0 (Windows NT 10.0) AppleWebKit/537.36 (KHTML, like Gecko) Chrome/90.0.4430.85 Safari/537.36 Edg/90.0.818.46" "mantech8.com"
186.159.3.193 - - [18/Dec/2022:20:41:52 -0800] "POST /mailer.php HTTP/1.1" 500 - "http://mantech8.com/contact.php" "Mozilla/5.0 (Windows NT 10.0) AppleWebKit/537.36 (KHTML, like Gecko) Chrome/90.0.4430.85 Safari/537.36 Edg/90.0.818.46" "mantech8.com"
185.191.171.43 - - [18/Dec/2022:20:42:55 -0800] "GET /?camp-fire%2F40634880.html HTTP/1.1" 500 - "-" "Mozilla/5.0 (compatible; SemrushBot/7~bl; +http://www.semrush.com/bot.html)" "mantech8.com"
185.191.171.37 - - [18/Dec/2022:20:43:01 -0800] "GET /?camp-fire%2F38924417.html HTTP/1.1" 500 - "-" "Mozilla/5.0 (compatible; SemrushBot/7~bl; +http://www.semrush.com/bot.html)" "mantech8.com"
185.191.171.2 - - [18/Dec/2022:20:44:01 -0800] "GET /?camp-fire%2F54465359.html HTTP/1.1" 500 - "-" "Mozilla/5.0 (compatible; SemrushBot/7~bl; +http://www.semrush.com/bot.html)" "mantech8.com"
185.191.171.22 - - [18/Dec/2022:20:44:46 -0800] "GET /?camp-fire%2F25548865.html HTTP/1.1" 500 - "-" "Mozilla/5.0 (compatible; SemrushBot/7~bl; +http://www.semrush.com/bot.html)" "mantech8.com"
185.191.171.9 - - [18/Dec/2022:20:45:12 -0800] "GET /?camp-fire%2F28960135.html HTTP/1.1" 500 - "-" "Mozilla/5.0 (compatible; SemrushBot/7~bl; +http://www.semrush.com/bot.html)" "mantech8.com"
185.191.171.3 - - [18/Dec/2022:20:46:08 -0800] "GET /index.php/camp-fire/28833266.html HTTP/1.1" 500 - "-" "Mozilla/5.0 (compatible; SemrushBot/7~bl; +http://www.semrush.com/bot.html)" "mantech8.com"
185.191.171.19 - - [18/Dec/2022:20:46:16 -0800] "GET /?camp-fire%2F70469265.html HTTP/1.1" 500 - "-" "Mozilla/5.0 (compatible; SemrushBot/7~bl; +http://www.semrush.com/bot.html)" "mantech8.com"
185.191.171.16 - - [18/Dec/2022:20:46:18 -0800] "GET /?camp-fire%2F40238188.html HTTP/1.1" 500 - "-" "Mozilla/5.0 (compatible; SemrushBot/7~bl; +http://www.semrush.com/bot.html)" "mantech8.com"
216.244.66.241 - - [18/Dec/2022:20:47:02 -0800] "GET /robots.txt HTTP/1.1" 200 222 "-" "Mozilla/5.0 (compatible; DotBot/1.2; +https://opensiteexplorer.org/dotbot; help@moz.com)" "mantech8.com"
216.244.66.241 - - [18/Dec/2022:20:47:02 -0800] "GET /robots.txt HTTP/1.1" 200 222 "-" "Mozilla/5.0 (compatible; DotBot/1.2; +https://opensiteexplorer.org/dotbot; help@moz.com)" "www.mantech8.com"
185.191.171.37 - - [18/Dec/2022:20:47:10 -0800] "GET /?camp-fire%2F28557971.html HTTP/1.1" 500 - "-" "Mozilla/5.0 (compatible; SemrushBot/7~bl; +http://www.semrush.com/bot.html)" "mantech8.com"
185.191.171.9 - - [18/Dec/2022:20:48:20 -0800] "GET /?camp-fire%2F33446146.html HTTP/1.1" 500 - "-" "Mozilla/5.0 (compatible; SemrushBot/7~bl; +http://www.semrush.com/bot.html)" "mantech8.com"
185.191.171.34 - - [18/Dec/2022:20:48:33 -0800] "GET /?camp-fire%2F31549780.html HTTP/1.1" 500 - "-" "Mozilla/5.0 (compatible; SemrushBot/7~bl; +http://www.semrush.com/bot.html)" "mantech8.com"
185.191.171.36 - - [18/Dec/2022:20:48:48 -0800] "GET /?camp-fire%2F15626490.html HTTP/1.1" 500 - "-" "Mozilla/5.0 (compatible; SemrushBot/7~bl; +http://www.semrush.com/bot.html)" "mantech8.com"
185.191.171.14 - - [18/Dec/2022:20:49:28 -0800] "GET /?camp-fire%2F35415738.html HTTP/1.1" 500 - "-" "Mozilla/5.0 (compatible; SemrushBot/7~bl; +http://www.semrush.com/bot.html)" "mantech8.com"
185.191.171.22 - - [18/Dec/2022:20:50:56 -0800] "GET /robots.txt HTTP/1.1" 200 106 "-" "Mozilla/5.0 (compatible; SemrushBot/7~bl; +http://www.semrush.com/bot.html)" "mantech8.com"
185.191.171.22 - - [18/Dec/2022:20:50:57 -0800] "GET /index.php/camp-fire/41860388.html HTTP/1.1" 500 - "-" "Mozilla/5.0 (compatible; SemrushBot/7~bl; +http://www.semrush.com/bot.html)" "mantech8.com"
185.191.171.26 - - [18/Dec/2022:20:51:18 -0800] "GET /?camp-fire%2F36755838.html HTTP/1.1" 500 - "-" "Mozilla/5.0 (compatible; SemrushBot/7~bl; +http://www.semrush.com/bot.html)" "mantech8.com"
40.77.167.17 - - [18/Dec/2022:20:51:34 -0800] "GET /index.php/Wf2o-93cd-G6Jm0.Ii HTTP/1.1" 200 65914 "-" "Mozilla/5.0 (compatible; bingbot/2.0; +http://www.bing.com/bingbot.htm)" "mantech8.com"
66.249.66.66 - - [18/Dec/2022:20:51:43 -0800] "GET /venner964.xml HTTP/1.1" 404 88 "-" "Mozilla/5.0 (compatible; Googlebot/2.1; +http://www.google.com/bot.html)" "mantech8.com"
185.191.171.10 - - [18/Dec/2022:20:53:42 -0800] "GET /?camp-fire%2F33743859.html HTTP/1.1" 500 - "-" "Mozilla/5.0 (compatible; SemrushBot/7~bl; +http://www.semrush.com/bot.html)" "mantech8.com"
185.191.171.39 - - [18/Dec/2022:20:54:02 -0800] "GET /?camp-fire%2F33423693.html HTTP/1.1" 500 - "-" "Mozilla/5.0 (compatible; SemrushBot/7~bl; +http://www.semrush.com/bot.html)" "mantech8.com"
185.191.171.41 - - [18/Dec/2022:20:54:19 -0800] "GET /?camp-fire%2F28177670.html HTTP/1.1" 500 - "-" "Mozilla/5.0 (compatible; SemrushBot/7~bl; +http://www.semrush.com/bot.html)" "mantech8.com"
185.191.171.15 - - [18/Dec/2022:20:54:22 -0800] "GET /?camp-fire%2F33029697.html HTTP/1.1" 500 - "-" "Mozilla/5.0 (compatible; SemrushBot/7~bl; +http://www.semrush.com/bot.html)" "mantech8.com"
185.191.171.20 - - [18/Dec/2022:20:54:41 -0800] "GET /?camp-fire%2F35170887.html HTTP/1.1" 500 - "-" "Mozilla/5.0 (compatible; SemrushBot/7~bl; +http://www.semrush.com/bot.html)" "mantech8.com"
185.191.171.20 - - [18/Dec/2022:20:55:00 -0800] "GET /?camp-fire%2F18281065.html HTTP/1.1" 500 - "-" "Mozilla/5.0 (compatible; SemrushBot/7~bl; +http://www.semrush.com/bot.html)" "mantech8.com"
185.191.171.40 - - [18/Dec/2022:20:55:25 -0800] "GET /index.php/camp-fire/11417300.html HTTP/1.1" 500 - "-" "Mozilla/5.0 (compatible; SemrushBot/7~bl; +http://www.semrush.com/bot.html)" "mantech8.com"
40.77.167.18 - - [18/Dec/2022:20:56:30 -0800] "GET / HTTP/1.1" 200 64473 "-" "Mozilla/5.0 AppleWebKit/537.36 (KHTML, like Gecko; compatible; bingbot/2.0; +http://www.bing.com/bingbot.htm) Chrome/103.0.5060.134 Safari/537.36" "www.mantech8.com"
185.191.171.8 - - [18/Dec/2022:20:57:13 -0800] "GET /?camp-fire%2F34103476.html HTTP/1.1" 500 - "-" "Mozilla/5.0 (compatible; SemrushBot/7~bl; +http://www.semrush.com/bot.html)" "mantech8.com"
185.191.171.10 - - [18/Dec/2022:20:58:05 -0800] "GET /?camp-fire%2F38823392.html HTTP/1.1" 500 - "-" "Mozilla/5.0 (compatible; SemrushBot/7~bl; +http://www.semrush.com/bot.html)" "mantech8.com"
185.191.171.1 - - [18/Dec/2022:20:58:07 -0800] "GET /?camp-fire%2F63258593.html HTTP/1.1" 500 - "-" "Mozilla/5.0 (compatible; SemrushBot/7~bl; +http://www.semrush.com/bot.html)" "mantech8.com"
185.191.171.15 - - [18/Dec/2022:20:58:40 -0800] "GET /?camp-fire%2F92344226.html HTTP/1.1" 500 - "-" "Mozilla/5.0 (compatible; SemrushBot/7~bl; +http://www.semrush.com/bot.html)" "mantech8.com"
185.191.171.34 - - [18/Dec/2022:20:58:51 -0800] "GET /?camp-fire%2F16126456.html HTTP/1.1" 500 - "-" "Mozilla/5.0 (compatible; SemrushBot/7~bl; +http://www.semrush.com/bot.html)" "mantech8.com"
185.191.171.21 - - [18/Dec/2022:20:58:57 -0800] "GET /?camp-fire%2F26513806.html HTTP/1.1" 500 - "-" "Mozilla/5.0 (compatible; SemrushBot/7~bl; +http://www.semrush.com/bot.html)" "mantech8.com"
185.191.171.16 - - [18/Dec/2022:20:59:06 -0800] "GET /?camp-fire%2F31091656.html HTTP/1.1" 500 - "-" "Mozilla/5.0 (compatible; SemrushBot/7~bl; +http://www.semrush.com/bot.html)" "mantech8.com"
185.191.171.42 - - [18/Dec/2022:20:59:50 -0800] "GET /index.php/camp-fire/1266729.html HTTP/1.1" 500 - "-" "Mozilla/5.0 (compatible; SemrushBot/7~bl; +http://www.semrush.com/bot.html)" "mantech8.com"
114.119.134.195 - - [18/Dec/2022:21:00:10 -0800] "GET /index.php?sitemap888.xml HTTP/1.1" 200 289363 "-" "Mozilla/5.0 (compatible;PetalBot;+https://webmaster.petalsearch.com/site/petalbot)" "mantech8.com"
185.191.171.5 - - [18/Dec/2022:21:00:54 -0800] "GET /?camp-fire%2F33427168.html HTTP/1.1" 500 - "-" "Mozilla/5.0 (compatible; SemrushBot/7~bl; +http://www.semrush.com/bot.html)" "mantech8.com"
185.191.171.2 - - [18/Dec/2022:21:01:07 -0800] "GET /?camp-fire%2F27582126.html HTTP/1.1" 500 - "-" "Mozilla/5.0 (compatible; SemrushBot/7~bl; +http://www.semrush.com/bot.html)" "mantech8.com"
185.191.171.40 - - [18/Dec/2022:21:01:37 -0800] "GET /?camp-fire%2F38261147.html HTTP/1.1" 500 - "-" "Mozilla/5.0 (compatible; SemrushBot/7~bl; +http://www.semrush.com/bot.html)" "mantech8.com"
185.191.171.21 - - [18/Dec/2022:21:01:39 -0800] "GET /?camp-fire%2F33355169.html HTTP/1.1" 500 - "-" "Mozilla/5.0 (compatible; SemrushBot/7~bl; +http://www.semrush.com/bot.html)" "mantech8.com"
114.119.141.116 - - [18/Dec/2022:21:01:40 -0800] "GET /?murium.xml HTTP/1.1" 200 270425 "-" "Mozilla/5.0 (compatible;PetalBot;+https://webmaster.petalsearch.com/site/petalbot)" "mantech8.com"
40.77.167.17 - - [18/Dec/2022:21:01:57 -0800] "GET / HTTP/1.1" 200 64519 "-" "Mozilla/5.0 AppleWebKit/537.36 (KHTML, like Gecko; compatible; bingbot/2.0; +http://www.bing.com/bingbot.htm) Chrome/103.0.5060.134 Safari/537.36" "www.mantech8.com"
185.191.171.22 - - [18/Dec/2022:21:02:35 -0800] "GET /?camp-fire%2F15776272.html HTTP/1.1" 500 - "-" "Mozilla/5.0 (compatible; SemrushBot/7~bl; +http://www.semrush.com/bot.html)" "mantech8.com"
171.6.3.72 - - [18/Dec/2022:21:02:35 -0800] "GET /contact.php HTTP/1.1" 200 29238 "http://mantech8.com/contact.php" "Mozilla/5.0 (Windows NT 6.1) AppleWebKit/537.36 (KHTML, like Gecko) Chrome/90.0.4430.85 Safari/537.36" "mantech8.com"
171.6.3.72 - - [18/Dec/2022:21:02:38 -0800] "POST /mailer.php HTTP/1.1" 500 - "http://mantech8.com/contact.php" "Mozilla/5.0 (Windows NT 6.1) AppleWebKit/537.36 (KHTML, like Gecko) Chrome/90.0.4430.85 Safari/537.36" "mantech8.com"
114.119.145.116 - - [18/Dec/2022:21:03:11 -0800] "GET /bimages/client/black2llleaf.php HTTP/1.1" 500 - "http://www.mantech8.com/bimages/client/?C=S%3BO%3DA" "Mozilla/5.0 (Linux; Android 7.0;) AppleWebKit/537.36 (KHTML, like Gecko) Mobile Safari/537.36 (compatible; PetalBot;+https://webmaster.petalsearch.com/site/petalbot)" "www.mantech8.com"
207.46.13.100 - - [18/Dec/2022:21:03:30 -0800] "GET /F2si-df6efbbc-DioNB.Ii HTTP/1.1" 404 88 "-" "Mozilla/5.0 AppleWebKit/537.36 (KHTML, like Gecko; compatible; bingbot/2.0; +http://www.bing.com/bingbot.htm) Chrome/103.0.5060.134 Safari/537.36" "www.mantech8.com"
185.191.171.24 - - [18/Dec/2022:21:04:11 -0800] "GET /?camp-fire%2F28370174.html HTTP/1.1" 500 - "-" "Mozilla/5.0 (compatible; SemrushBot/7~bl; +http://www.semrush.com/bot.html)" "mantech8.com"
185.191.171.10 - - [18/Dec/2022:21:04:18 -0800] "GET /?camp-fire%2F32505768.html HTTP/1.1" 500 - "-" "Mozilla/5.0 (compatible; SemrushBot/7~bl; +http://www.semrush.com/bot.html)" "mantech8.com"
185.191.171.43 - - [18/Dec/2022:21:04:36 -0800] "GET /index.php/camp-fire/23375532.html HTTP/1.1" 500 - "-" "Mozilla/5.0 (compatible; SemrushBot/7~bl; +http://www.semrush.com/bot.html)" "mantech8.com"
185.191.171.1 - - [18/Dec/2022:21:05:01 -0800] "GET /?camp-fire%2F96438935.html HTTP/1.1" 500 - "-" "Mozilla/5.0 (compatible; SemrushBot/7~bl; +http://www.semrush.com/bot.html)" "mantech8.com"
207.46.13.100 - - [18/Dec/2022:21:05:51 -0800] "GET /index.php/Mcko-266fdeeb-Vg8iU.Ii HTTP/1.1" 200 65437 "-" "Mozilla/5.0 AppleWebKit/537.36 (KHTML, like Gecko; compatible; bingbot/2.0; +http://www.bing.com/bingbot.htm) Chrome/103.0.5060.134 Safari/537.36" "mantech8.com"
40.77.167.17 - - [18/Dec/2022:21:08:56 -0800] "GET /F2si-e44ecbae-DiRhu.Ii HTTP/1.1" 404 88 "-" "Mozilla/5.0 AppleWebKit/537.36 (KHTML, like Gecko; compatible; bingbot/2.0; +http://www.bing.com/bingbot.htm) Chrome/103.0.5060.134 Safari/537.36" "www.mantech8.com"
40.77.167.17 - - [18/Dec/2022:21:09:17 -0800] "GET /F2si-e44ecbae-DiRhu.Ii HTTP/1.1" 404 88 "-" "Mozilla/5.0 AppleWebKit/537.36 (KHTML, like Gecko; compatible; bingbot/2.0; +http://www.bing.com/bingbot.htm) Chrome/103.0.5060.134 Safari/537.36" "www.mantech8.com"
185.191.171.5 - - [18/Dec/2022:21:09:39 -0800] "GET /?camp-fire%2F30770172.html HTTP/1.1" 500 - "-" "Mozilla/5.0 (compatible; SemrushBot/7~bl; +http://www.semrush.com/bot.html)" "mantech8.com"
185.191.171.42 - - [18/Dec/2022:21:10:13 -0800] "GET /index.php/camp-fire/43744417.html HTTP/1.1" 500 - "-" "Mozilla/5.0 (compatible; SemrushBot/7~bl; +http://www.semrush.com/bot.html)" "mantech8.com"
185.191.171.1 - - [18/Dec/2022:21:10:23 -0800] "GET /?camp-fire%2F30485330.html HTTP/1.1" 500 - "-" "Mozilla/5.0 (compatible; SemrushBot/7~bl; +http://www.semrush.com/bot.html)" "mantech8.com"
185.191.171.6 - - [18/Dec/2022:21:10:39 -0800] "GET /?camp-fire%2F32758525.html HTTP/1.1" 500 - "-" "Mozilla/5.0 (compatible; SemrushBot/7~bl; +http://www.semrush.com/bot.html)" "mantech8.com"
185.191.171.21 - - [18/Dec/2022:21:10:48 -0800] "GET /?camp-fire%2F30388280.html HTTP/1.1" 500 - "-" "Mozilla/5.0 (compatible; SemrushBot/7~bl; +http://www.semrush.com/bot.html)" "mantech8.com"
185.191.171.42 - - [18/Dec/2022:21:11:42 -0800] "GET /?camp-fire%2F4096265.html HTTP/1.1" 500 - "-" "Mozilla/5.0 (compatible; SemrushBot/7~bl; +http://www.semrush.com/bot.html)" "mantech8.com"
82.156.36.132 - - [18/Dec/2022:21:11:55 -0800] "GET /contact.php HTTP/1.1" 200 29238 "http://mantech8.com/contact.php" "Mozilla/5.0 (Windows NT 6.3; Win64; x64) AppleWebKit/537.36 (KHTML, like Gecko) Chrome/90.0.4430.93 Safari/537.36" "mantech8.com"
185.191.171.3 - - [18/Dec/2022:21:11:56 -0800] "GET /?camp-fire%2F28985465.html HTTP/1.1" 500 - "-" "Mozilla/5.0 (compatible; SemrushBot/7~bl; +http://www.semrush.com/bot.html)" "mantech8.com"
103.82.24.123 - - [18/Dec/2022:21:12:17 -0800] "GET /contact.php HTTP/1.1" 200 29238 "http://mantech8.com/contact.php" "Mozilla/5.0 (Windows NT 6.3; Win64; x64) AppleWebKit/537.36 (KHTML, like Gecko) Chrome/90.0.4430.93 Safari/537.36" "mantech8.com"
103.82.24.123 - - [18/Dec/2022:21:12:42 -0800] "GET / HTTP/1.1" 500 - "http://mantech8.com/" "Mozilla/5.0 (Windows NT 6.3; Win64; x64) AppleWebKit/537.36 (KHTML, like Gecko) Chrome/90.0.4430.93 Safari/537.36" "mantech8.com"
185.191.171.4 - - [18/Dec/2022:21:12:52 -0800] "GET /?camp-fire%2F27613747.html HTTP/1.1" 500 - "-" "Mozilla/5.0 (compatible; SemrushBot/7~bl; +http://www.semrush.com/bot.html)" "mantech8.com"
185.191.171.34 - - [18/Dec/2022:21:13:17 -0800] "GET /?camp-fire%2F34102463.html HTTP/1.1" 500 - "-" "Mozilla/5.0 (compatible; SemrushBot/7~bl; +http://www.semrush.com/bot.html)" "mantech8.com"
113.172.38.91 - - [18/Dec/2022:21:13:25 -0800] "GET /contact.php HTTP/1.1" 200 29238 "http://mantech8.com/contact.php" "Mozilla/5.0 (Windows NT 6.3; Win64; x64) AppleWebKit/537.36 (KHTML, like Gecko) Chrome/90.0.4430.93 Safari/537.36" "mantech8.com"
185.191.171.44 - - [18/Dec/2022:21:13:26 -0800] "GET /?camp-fire%2F36081059.html HTTP/1.1" 500 - "-" "Mozilla/5.0 (compatible; SemrushBot/7~bl; +http://www.semrush.com/bot.html)" "mantech8.com"
113.172.38.91 - - [18/Dec/2022:21:13:33 -0800] "POST /mailer.php HTTP/1.1" 500 - "http://mantech8.com/contact.php" "Mozilla/5.0 (Windows NT 6.3; Win64; x64) AppleWebKit/537.36 (KHTML, like Gecko) Chrome/90.0.4430.93 Safari/537.36" "mantech8.com"
185.191.171.24 - - [18/Dec/2022:21:14:29 -0800] "GET /?camp-fire%2F33375660.html HTTP/1.1" 500 - "-" "Mozilla/5.0 (compatible; SemrushBot/7~bl; +http://www.semrush.com/bot.html)" "mantech8.com"
185.191.171.14 - - [18/Dec/2022:21:14:44 -0800] "GET /?camp-fire%2F26039951.html HTTP/1.1" 500 - "-" "Mozilla/5.0 (compatible; SemrushBot/7~bl; +http://www.semrush.com/bot.html)" "mantech8.com"
185.191.171.24 - - [18/Dec/2022:21:14:56 -0800] "GET /?camp-fire%2F58116834.html HTTP/1.1" 500 - "-" "Mozilla/5.0 (compatible; SemrushBot/7~bl; +http://www.semrush.com/bot.html)" "mantech8.com"
185.191.171.21 - - [18/Dec/2022:21:15:00 -0800] "GET /?camp-fire%2F38410921.html HTTP/1.1" 500 - "-" "Mozilla/5.0 (compatible; SemrushBot/7~bl; +http://www.semrush.com/bot.html)" "mantech8.com"
185.191.171.34 - - [18/Dec/2022:21:15:33 -0800] "GET /index.php/camp-fire/55678738.html HTTP/1.1" 500 - "-" "Mozilla/5.0 (compatible; SemrushBot/7~bl; +http://www.semrush.com/bot.html)" "mantech8.com"
185.191.171.10 - - [18/Dec/2022:21:15:54 -0800] "GET /?camp-fire%2F23275365.html HTTP/1.1" 500 - "-" "Mozilla/5.0 (compatible; SemrushBot/7~bl; +http://www.semrush.com/bot.html)" "mantech8.com"
185.191.171.25 - - [18/Dec/2022:21:16:06 -0800] "GET /?camp-fire%2F34173981.html HTTP/1.1" 500 - "-" "Mozilla/5.0 (compatible; SemrushBot/7~bl; +http://www.semrush.com/bot.html)" "mantech8.com"
185.191.171.34 - - [18/Dec/2022:21:16:08 -0800] "GET /?camp-fire%2F37551908.html HTTP/1.1" 500 - "-" "Mozilla/5.0 (compatible; SemrushBot/7~bl; +http://www.semrush.com/bot.html)" "mantech8.com"
185.191.171.24 - - [18/Dec/2022:21:16:40 -0800] "GET /?camp-fire%2F29198889.html HTTP/1.1" 500 - "-" "Mozilla/5.0 (compatible; SemrushBot/7~bl; +http://www.semrush.com/bot.html)" "mantech8.com"
185.191.171.19 - - [18/Dec/2022:21:18:01 -0800] "GET /?camp-fire%2F35454725.html HTTP/1.1" 500 - "-" "Mozilla/5.0 (compatible; SemrushBot/7~bl; +http://www.semrush.com/bot.html)" "mantech8.com"
185.191.171.40 - - [18/Dec/2022:21:18:11 -0800] "GET /index.php/camp-fire/23922624.html HTTP/1.1" 500 - "-" "Mozilla/5.0 (compatible; SemrushBot/7~bl; +http://www.semrush.com/bot.html)" "mantech8.com"
185.191.171.25 - - [18/Dec/2022:21:20:00 -0800] "GET /?camp-fire%2F35288230.html HTTP/1.1" 500 - "-" "Mozilla/5.0 (compatible; SemrushBot/7~bl; +http://www.semrush.com/bot.html)" "mantech8.com"
40.77.167.76 - - [18/Dec/2022:21:20:47 -0800] "GET /index.php?camp-fire/39894278.html HTTP/1.1" 200 67915 "-" "Mozilla/5.0 (compatible; bingbot/2.0; +http://www.bing.com/bingbot.htm)" "www.mantech8.com"
40.77.167.76 - - [18/Dec/2022:21:20:47 -0800] "GET /index.php?/e-1/ HTTP/1.1" 200 70505 "-" "Mozilla/5.0 AppleWebKit/537.36 (KHTML, like Gecko; compatible; bingbot/2.0; +http://www.bing.com/bingbot.htm) Chrome/103.0.5060.134 Safari/537.36" "www.mantech8.com"
40.77.167.4 - - [18/Dec/2022:21:20:49 -0800] "GET /index.php?:8000/ HTTP/1.1" 200 66157 "-" "Mozilla/5.0 (compatible; bingbot/2.0; +http://www.bing.com/bingbot.htm)" "www.mantech8.com"
40.77.167.17 - - [18/Dec/2022:21:20:51 -0800] "GET /index.php?/survey/ HTTP/1.1" 200 69556 "-" "Mozilla/5.0 (compatible; bingbot/2.0; +http://www.bing.com/bingbot.htm)" "www.mantech8.com"
40.77.167.17 - - [18/Dec/2022:21:20:52 -0800] "GET /index.php?/post-39/ HTTP/1.1" 200 71248 "-" "Mozilla/5.0 (compatible; bingbot/2.0; +http://www.bing.com/bingbot.htm)" "www.mantech8.com"
207.46.13.100 - - [18/Dec/2022:21:20:52 -0800] "GET /index.php?/post-93/ HTTP/1.1" 200 69320 "-" "Mozilla/5.0 AppleWebKit/537.36 (KHTML, like Gecko; compatible; bingbot/2.0; +http://www.bing.com/bingbot.htm) Chrome/103.0.5060.134 Safari/537.36" "www.mantech8.com"
207.46.13.15 - - [18/Dec/2022:21:20:57 -0800] "GET /index.php?/flow_g/ HTTP/1.1" 200 68111 "-" "Mozilla/5.0 (compatible; bingbot/2.0; +http://www.bing.com/bingbot.htm)" "www.mantech8.com"
207.46.13.15 - - [18/Dec/2022:21:20:57 -0800] "GET /index.php?/takizawa_it HTTP/1.1" 200 68051 "-" "Mozilla/5.0 (compatible; bingbot/2.0; +http://www.bing.com/bingbot.htm)" "www.mantech8.com"
207.46.13.15 - - [18/Dec/2022:21:20:58 -0800] "GET /index.php/ee580edf HTTP/1.1" 200 62106 "-" "Mozilla/5.0 AppleWebKit/537.36 (KHTML, like Gecko; compatible; bingbot/2.0; +http://www.bing.com/bingbot.htm) Chrome/103.0.5060.134 Safari/537.36" "www.mantech8.com"
207.46.13.15 - - [18/Dec/2022:21:20:58 -0800] "GET /index.php?/freenance/ HTTP/1.1" 200 67645 "-" "Mozilla/5.0 AppleWebKit/537.36 (KHTML, like Gecko; compatible; bingbot/2.0; +http://www.bing.com/bingbot.htm) Chrome/103.0.5060.134 Safari/537.36" "www.mantech8.com"
207.46.13.100 - - [18/Dec/2022:21:21:02 -0800] "GET /F2si-e2bff-Dif7u.Ii HTTP/1.1" 404 88 "-" "Mozilla/5.0 (compatible; bingbot/2.0; +http://www.bing.com/bingbot.htm)" "www.mantech8.com"
40.77.167.18 - - [18/Dec/2022:21:21:11 -0800] "GET /index.php/Wf2o-9c6ffaedc-G5RPl.Ii HTTP/1.1" 200 72284 "-" "Mozilla/5.0 (compatible; bingbot/2.0; +http://www.bing.com/bingbot.htm)" "www.mantech8.com"
114.119.156.209 - - [18/Dec/2022:21:21:39 -0800] "GET /?sitemap39038.xml HTTP/1.1" 200 270495 "-" "Mozilla/5.0 (compatible;PetalBot;+https://webmaster.petalsearch.com/site/petalbot)" "mantech8.com"
185.191.171.17 - - [18/Dec/2022:21:22:10 -0800] "GET /?camp-fire%2F35758338.html HTTP/1.1" 500 - "-" "Mozilla/5.0 (compatible; SemrushBot/7~bl; +http://www.semrush.com/bot.html)" "mantech8.com"
185.191.171.16 - - [18/Dec/2022:21:22:49 -0800] "GET /?camp-fire%2F31873330.html HTTP/1.1" 500 - "-" "Mozilla/5.0 (compatible; SemrushBot/7~bl; +http://www.semrush.com/bot.html)" "mantech8.com"
185.191.171.22 - - [18/Dec/2022:21:23:23 -0800] "GET /?camp-fire%2F8623721.html HTTP/1.1" 500 - "-" "Mozilla/5.0 (compatible; SemrushBot/7~bl; +http://www.semrush.com/bot.html)" "mantech8.com"
185.107.242.42 - - [18/Dec/2022:21:24:22 -0800] "GET /contact.php HTTP/1.1" 200 29238 "-" "Mozilla/5.0 (X11; Linux x86_64) AppleWebKit/537.36 (KHTML, like Gecko) Chrome/103.0.0.0 Safari/537.36" "mantech8.com"
185.107.242.42 - - [18/Dec/2022:21:24:23 -0800] "GET /verificationimage.php?3292 HTTP/1.1" 200 1339 "http://mantech8.com/mailer.php" "Mozilla/5.0 (X11; Linux x86_64) AppleWebKit/537.36 (KHTML, like Gecko) Chrome/103.0.0.0 Safari/537.36" "mantech8.com"
185.107.242.42 - - [18/Dec/2022:21:24:24 -0800] "GET /mailer.php?name=QGWNQXC06GIJC6SWXF+++www.yahoo.com+Fregoso&email=starovoytitskiy%40mail.ru&phone=636-405-9922&message=Hi%21+Please+tell+me+the+number+of+your+office%2C+I+will+come+to+you+tomorrow.+++QGWNQXC06GIJC6SWXF+++www.yahoo.com&verif_box=2136 HTTP/1.1" 500 - "http://mantech8.com/contact.php" "Mozilla/5.0 (X11; Linux x86_64) AppleWebKit/537.36 (KHTML, like Gecko) Chrome/103.0.0.0 Safari/537.36" "mantech8.com"
185.191.171.8 - - [18/Dec/2022:21:24:31 -0800] "GET /?camp-fire%2F33925317.html HTTP/1.1" 500 - "-" "Mozilla/5.0 (compatible; SemrushBot/7~bl; +http://www.semrush.com/bot.html)" "mantech8.com"
185.191.171.16 - - [18/Dec/2022:21:24:37 -0800] "GET /?camp-fire%2F37170438.html HTTP/1.1" 500 - "-" "Mozilla/5.0 (compatible; SemrushBot/7~bl; +http://www.semrush.com/bot.html)" "mantech8.com"
185.191.171.15 - - [18/Dec/2022:21:25:20 -0800] "GET /?camp-fire%2F33132984.html HTTP/1.1" 500 - "-" "Mozilla/5.0 (compatible; SemrushBot/7~bl; +http://www.semrush.com/bot.html)" "mantech8.com"
185.191.171.14 - - [18/Dec/2022:21:25:42 -0800] "GET /index.php/camp-fire/29040489.html HTTP/1.1" 500 - "-" "Mozilla/5.0 (compatible; SemrushBot/7~bl; +http://www.semrush.com/bot.html)" "mantech8.com"
185.191.171.9 - - [18/Dec/2022:21:25:59 -0800] "GET /?camp-fire%2F30606441.html HTTP/1.1" 500 - "-" "Mozilla/5.0 (compatible; SemrushBot/7~bl; +http://www.semrush.com/bot.html)" "mantech8.com"
185.191.171.12 - - [18/Dec/2022:21:26:03 -0800] "GET /?camp-fire%2F37126350.html HTTP/1.1" 500 - "-" "Mozilla/5.0 (compatible; SemrushBot/7~bl; +http://www.semrush.com/bot.html)" "mantech8.com"
185.191.171.22 - - [18/Dec/2022:21:27:22 -0800] "GET /?camp-fire%2F31764080.html HTTP/1.1" 500 - "-" "Mozilla/5.0 (compatible; SemrushBot/7~bl; +http://www.semrush.com/bot.html)" "mantech8.com"
185.191.171.3 - - [18/Dec/2022:21:27:30 -0800] "GET /?camp-fire%2F40859802.html HTTP/1.1" 500 - "-" "Mozilla/5.0 (compatible; SemrushBot/7~bl; +http://www.semrush.com/bot.html)" "mantech8.com"
185.191.171.21 - - [18/Dec/2022:21:28:05 -0800] "GET /?camp-fire%2F34302468.html HTTP/1.1" 500 - "-" "Mozilla/5.0 (compatible; SemrushBot/7~bl; +http://www.semrush.com/bot.html)" "mantech8.com"
185.191.171.5 - - [18/Dec/2022:21:28:12 -0800] "GET /?camp-fire%2F15452283.html HTTP/1.1" 500 - "-" "Mozilla/5.0 (compatible; SemrushBot/7~bl; +http://www.semrush.com/bot.html)" "mantech8.com"
185.191.171.26 - - [18/Dec/2022:21:28:38 -0800] "GET /?camp-fire%2F33913565.html HTTP/1.1" 500 - "-" "Mozilla/5.0 (compatible; SemrushBot/7~bl; +http://www.semrush.com/bot.html)" "mantech8.com"
185.191.171.15 - - [18/Dec/2022:21:29:00 -0800] "GET /?camp-fire%2F32468971.html HTTP/1.1" 500 - "-" "Mozilla/5.0 (compatible; SemrushBot/7~bl; +http://www.semrush.com/bot.html)" "mantech8.com"
185.191.171.26 - - [18/Dec/2022:21:29:17 -0800] "GET /?camp-fire%2F27729171.html HTTP/1.1" 500 - "-" "Mozilla/5.0 (compatible; SemrushBot/7~bl; +http://www.semrush.com/bot.html)" "mantech8.com"
185.191.171.14 - - [18/Dec/2022:21:30:28 -0800] "GET /?camp-fire%2F28598771.html HTTP/1.1" 500 - "-" "Mozilla/5.0 (compatible; SemrushBot/7~bl; +http://www.semrush.com/bot.html)" "mantech8.com"
80.13.32.31 - - [18/Dec/2022:21:30:39 -0800] "GET /contact.php HTTP/1.1" 200 29238 "http://mantech8.com/contact.php" "Mozilla/5.0 (Windows NT 6.2; Win64; x64) AppleWebKit/537.36 (KHTML, like Gecko) Chrome/90.0.4430.72 Safari/537.36" "mantech8.com"
80.13.32.31 - - [18/Dec/2022:21:30:40 -0800] "POST /mailer.php HTTP/1.1" 500 - "http://mantech8.com/contact.php" "Mozilla/5.0 (Windows NT 6.2; Win64; x64) AppleWebKit/537.36 (KHTML, like Gecko) Chrome/90.0.4430.72 Safari/537.36" "mantech8.com"
185.191.171.21 - - [18/Dec/2022:21:31:58 -0800] "GET /?camp-fire%2F94023874.html HTTP/1.1" 500 - "-" "Mozilla/5.0 (compatible; SemrushBot/7~bl; +http://www.semrush.com/bot.html)" "mantech8.com"
185.191.171.38 - - [18/Dec/2022:21:32:00 -0800] "GET /?camp-fire%2F64661300.html HTTP/1.1" 500 - "-" "Mozilla/5.0 (compatible; SemrushBot/7~bl; +http://www.semrush.com/bot.html)" "mantech8.com"
185.191.171.37 - - [18/Dec/2022:21:32:12 -0800] "GET /index.php/camp-fire/7798142.html HTTP/1.1" 500 - "-" "Mozilla/5.0 (compatible; SemrushBot/7~bl; +http://www.semrush.com/bot.html)" "mantech8.com"
185.191.171.12 - - [18/Dec/2022:21:32:26 -0800] "GET /?camp-fire%2F35015257.html HTTP/1.1" 500 - "-" "Mozilla/5.0 (compatible; SemrushBot/7~bl; +http://www.semrush.com/bot.html)" "mantech8.com"
165.225.230.123 - - [18/Dec/2022:21:32:35 -0800] "GET / HTTP/1.1" 500 - "https://www.google.com.sg/" "Mozilla/5.0 (Windows NT 10.0; Win64; x64) AppleWebKit/537.36 (KHTML, like Gecko) Chrome/108.0.0.0 Safari/537.36 Edg/108.0.1462.54" "www.mantech8.com"
185.191.171.20 - - [18/Dec/2022:21:33:18 -0800] "GET /?camp-fire%2F21469577.html HTTP/1.1" 500 - "-" "Mozilla/5.0 (compatible; SemrushBot/7~bl; +http://www.semrush.com/bot.html)" "mantech8.com"
40.77.167.4 - - [18/Dec/2022:21:33:20 -0800] "GET /index.php?c=product&a=type&tid=25 HTTP/1.1" 200 65402 "-" "Mozilla/5.0 AppleWebKit/537.36 (KHTML, like Gecko; compatible; bingbot/2.0; +http://www.bing.com/bingbot.htm) Chrome/103.0.5060.134 Safari/537.36" "www.mantech8.com"
207.46.13.100 - - [18/Dec/2022:21:33:26 -0800] "GET /index.php/html/page11.html HTTP/1.1" 200 65949 "-" "Mozilla/5.0 (compatible; bingbot/2.0; +http://www.bing.com/bingbot.htm)" "www.mantech8.com"
165.225.230.123 - - [18/Dec/2022:21:33:41 -0800] "GET / HTTP/1.1" 500 - "https://www.google.com.sg/" "Mozilla/5.0 (Windows NT 10.0; Win64; x64) AppleWebKit/537.36 (KHTML, like Gecko) Chrome/108.0.0.0 Safari/537.36 Edg/108.0.1462.54" "www.mantech8.com"
165.225.230.123 - - [18/Dec/2022:21:33:44 -0800] "GET / HTTP/1.1" 500 - "-" "Mozilla/5.0 (Windows NT 10.0; Win64; x64) AppleWebKit/537.36 (KHTML, like Gecko) Chrome/108.0.0.0 Safari/537.36 Edg/108.0.1462.54" "www.mantech8.com"
165.225.230.123 - - [18/Dec/2022:21:33:46 -0800] "GET / HTTP/1.1" 500 - "-" "Mozilla/5.0 (Windows NT 10.0; Win64; x64) AppleWebKit/537.36 (KHTML, like Gecko) Chrome/108.0.0.0 Safari/537.36 Edg/108.0.1462.54" "www.mantech8.com"
114.119.142.179 - - [18/Dec/2022:21:33:54 -0800] "GET /bimages/hydrog/?C=N%3BO%3DD HTTP/1.1" 200 486 "http://www.mantech8.com/bimages/hydrog/" "Mozilla/5.0 (Linux; Android 7.0;) AppleWebKit/537.36 (KHTML, like Gecko) Mobile Safari/537.36 (compatible; PetalBot;+https://webmaster.petalsearch.com/site/petalbot)" "www.mantech8.com"
40.77.167.18 - - [18/Dec/2022:21:34:13 -0800] "GET /MhxM-b2eaf-jbEhT.Ii HTTP/1.1" 404 88 "-" "Mozilla/5.0 AppleWebKit/537.36 (KHTML, like Gecko; compatible; bingbot/2.0; +http://www.bing.com/bingbot.htm) Chrome/103.0.5060.134 Safari/537.36" "mantech8.com"
185.191.171.10 - - [18/Dec/2022:21:35:07 -0800] "GET /?camp-fire%2F32863435.html HTTP/1.1" 500 - "-" "Mozilla/5.0 (compatible; SemrushBot/7~bl; +http://www.semrush.com/bot.html)" "mantech8.com"
185.191.171.40 - - [18/Dec/2022:21:35:27 -0800] "GET /?camp-fire%2F31912730.html HTTP/1.1" 500 - "-" "Mozilla/5.0 (compatible; SemrushBot/7~bl; +http://www.semrush.com/bot.html)" "mantech8.com"
92.118.39.18 - - [18/Dec/2022:21:35:43 -0800] "GET / HTTP/1.1" 500 - "-" "Mozilla/5.0 (Macintosh; Intel Mac OS X 10_11_2) AppleWebKit/601.3.9 (KHTML, like Gecko) Version/9.0.2 Safari/601.3.9" "mantech8.com"
92.118.39.18 - - [18/Dec/2022:21:35:43 -0800] "GET /favicon.ico HTTP/1.1" 404 88 "-" "Mozilla/5.0 (Macintosh; Intel Mac OS X 10_11_2) AppleWebKit/601.3.9 (KHTML, like Gecko) Version/9.0.2 Safari/601.3.9" "mantech8.com"
92.118.39.18 - - [18/Dec/2022:21:35:44 -0800] "GET / HTTP/1.1" 500 - "-" "Mozilla/5.0 (Windows NT 6.1; WOW64) AppleWebKit/537.36 (KHTML, like Gecko) Chrome/47.0.2526.111 Safari/537.36" "mantech8.com"
92.118.39.18 - - [18/Dec/2022:21:35:44 -0800] "GET /favicon.ico HTTP/1.1" 404 88 "-" "Mozilla/5.0 (Windows NT 6.1; WOW64) AppleWebKit/537.36 (KHTML, like Gecko) Chrome/47.0.2526.111 Safari/537.36" "mantech8.com"
185.191.171.12 - - [18/Dec/2022:21:35:47 -0800] "GET /?camp-fire%2F31873830.html HTTP/1.1" 500 - "-" "Mozilla/5.0 (compatible; SemrushBot/7~bl; +http://www.semrush.com/bot.html)" "mantech8.com"
185.191.171.26 - - [18/Dec/2022:21:37:35 -0800] "GET /?camp-fire%2F33635221.html HTTP/1.1" 500 - "-" "Mozilla/5.0 (compatible; SemrushBot/7~bl; +http://www.semrush.com/bot.html)" "mantech8.com"
185.191.171.43 - - [18/Dec/2022:21:37:41 -0800] "GET /?camp-fire%2F33806425.html HTTP/1.1" 500 - "-" "Mozilla/5.0 (compatible; SemrushBot/7~bl; +http://www.semrush.com/bot.html)" "mantech8.com"
114.119.141.93 - - [18/Dec/2022:21:38:19 -0800] "GET /robots.txt HTTP/1.1" 200 106 "-" "Mozilla/5.0 (compatible;PetalBot;+https://webmaster.petalsearch.com/site/petalbot)" "mantech8.com"
185.191.171.12 - - [18/Dec/2022:21:38:59 -0800] "GET /?camp-fire%2F99842430.html HTTP/1.1" 500 - "-" "Mozilla/5.0 (compatible; SemrushBot/7~bl; +http://www.semrush.com/bot.html)" "mantech8.com"
185.191.171.7 - - [18/Dec/2022:21:39:15 -0800] "GET /?camp-fire%2F40732864.html HTTP/1.1" 500 - "-" "Mozilla/5.0 (compatible; SemrushBot/7~bl; +http://www.semrush.com/bot.html)" "mantech8.com"
185.191.171.22 - - [18/Dec/2022:21:39:28 -0800] "GET /?camp-fire%2F88996609.html HTTP/1.1" 500 - "-" "Mozilla/5.0 (compatible; SemrushBot/7~bl; +http://www.semrush.com/bot.html)" "mantech8.com"
185.191.171.34 - - [18/Dec/2022:21:39:47 -0800] "GET /?camp-fire%2F28163965.html HTTP/1.1" 500 - "-" "Mozilla/5.0 (compatible; SemrushBot/7~bl; +http://www.semrush.com/bot.html)" "mantech8.com"
185.191.171.45 - - [18/Dec/2022:21:40:18 -0800] "GET /?camp-fire%2F42111549.html HTTP/1.1" 500 - "-" "Mozilla/5.0 (compatible; SemrushBot/7~bl; +http://www.semrush.com/bot.html)" "mantech8.com"
185.191.171.11 - - [18/Dec/2022:21:40:34 -0800] "GET /index.php/camp-fire/1202098.html HTTP/1.1" 500 - "-" "Mozilla/5.0 (compatible; SemrushBot/7~bl; +http://www.semrush.com/bot.html)" "mantech8.com"
185.191.171.19 - - [18/Dec/2022:21:41:13 -0800] "GET /?camp-fire%2F37287557.html HTTP/1.1" 500 - "-" "Mozilla/5.0 (compatible; SemrushBot/7~bl; +http://www.semrush.com/bot.html)" "mantech8.com"
207.46.13.100 - - [18/Dec/2022:21:41:44 -0800] "GET /index.php?camp-fire/76611670.html HTTP/1.1" 200 71745 "-" "Mozilla/5.0 AppleWebKit/537.36 (KHTML, like Gecko; compatible; bingbot/2.0; +http://www.bing.com/bingbot.htm) Chrome/103.0.5060.134 Safari/537.36" "mantech8.com"
185.191.171.4 - - [18/Dec/2022:21:43:12 -0800] "GET /?camp-fire%2F51437317.html HTTP/1.1" 500 - "-" "Mozilla/5.0 (compatible; SemrushBot/7~bl; +http://www.semrush.com/bot.html)" "mantech8.com"
40.77.167.18 - - [18/Dec/2022:21:43:23 -0800] "GET / HTTP/1.1" 200 64618 "-" "Mozilla/5.0 (compatible; bingbot/2.0; +http://www.bing.com/bingbot.htm)" "www.mantech8.com"
185.191.171.13 - - [18/Dec/2022:21:43:45 -0800] "GET /?camp-fire%2F26982851.html HTTP/1.1" 500 - "-" "Mozilla/5.0 (compatible; SemrushBot/7~bl; +http://www.semrush.com/bot.html)" "mantech8.com"
185.191.171.18 - - [18/Dec/2022:21:44:14 -0800] "GET /?camp-fire%2F38241872.html HTTP/1.1" 500 - "-" "Mozilla/5.0 (compatible; SemrushBot/7~bl; +http://www.semrush.com/bot.html)" "mantech8.com"
207.46.13.15 - - [18/Dec/2022:21:44:27 -0800] "GET /sitemapnewindex.xml HTTP/1.1" 404 88 "-" "Mozilla/5.0 (compatible; bingbot/2.0; +http://www.bing.com/bingbot.htm)" "mantech8.com"
40.77.167.4 - - [18/Dec/2022:21:44:31 -0800] "GET /sitemapmobileindex.xml HTTP/1.1" 404 88 "-" "Mozilla/5.0 AppleWebKit/537.36 (KHTML, like Gecko; compatible; bingbot/2.0; +http://www.bing.com/bingbot.htm) Chrome/103.0.5060.134 Safari/537.36" "mantech8.com"
207.46.13.100 - - [18/Dec/2022:21:44:36 -0800] "GET /sitemapindeximages.xml HTTP/1.1" 404 88 "-" "Mozilla/5.0 AppleWebKit/537.36 (KHTML, like Gecko; compatible; bingbot/2.0; +http://www.bing.com/bingbot.htm) Chrome/103.0.5060.134 Safari/537.36" "mantech8.com"
207.46.13.100 - - [18/Dec/2022:21:44:36 -0800] "GET /sitemapindex.xml HTTP/1.1" 404 88 "-" "Mozilla/5.0 (compatible; bingbot/2.0; +http://www.bing.com/bingbot.htm)" "mantech8.com"
185.191.171.38 - - [18/Dec/2022:21:45:01 -0800] "GET /index.php?camp-fire%2F14509024.html HTTP/1.1" 500 - "-" "Mozilla/5.0 (compatible; SemrushBot/7~bl; +http://www.semrush.com/bot.html)" "mantech8.com"
114.119.138.188 - - [18/Dec/2022:21:46:22 -0800] "GET /?sitemap18280.xml HTTP/1.1" 200 270501 "-" "Mozilla/5.0 (compatible;PetalBot;+https://webmaster.petalsearch.com/site/petalbot)" "mantech8.com"
103.131.71.101 - - [18/Dec/2022:21:46:26 -0800] "GET /robots.txt HTTP/1.1" 200 106 "-" "Mozilla/5.0 (compatible; coccocbot-web/1.0; +http://help.coccoc.com/searchengine)" "mantech8.com"
185.191.171.37 - - [18/Dec/2022:21:47:19 -0800] "GET /?camp-fire%2F28600589.html HTTP/1.1" 500 - "-" "Mozilla/5.0 (compatible; SemrushBot/7~bl; +http://www.semrush.com/bot.html)" "mantech8.com"
185.191.171.21 - - [18/Dec/2022:21:47:48 -0800] "GET /?camp-fire%2F33634359.html HTTP/1.1" 500 - "-" "Mozilla/5.0 (compatible; SemrushBot/7~bl; +http://www.semrush.com/bot.html)" "mantech8.com"
185.191.171.40 - - [18/Dec/2022:21:48:13 -0800] "GET /?camp-fire%2F39689271.html HTTP/1.1" 500 - "-" "Mozilla/5.0 (compatible; SemrushBot/7~bl; +http://www.semrush.com/bot.html)" "mantech8.com"
185.191.171.18 - - [18/Dec/2022:21:48:50 -0800] "GET /index.php/camp-fire/24951950.html HTTP/1.1" 500 - "-" "Mozilla/5.0 (compatible; SemrushBot/7~bl; +http://www.semrush.com/bot.html)" "mantech8.com"
185.191.171.33 - - [18/Dec/2022:21:49:01 -0800] "GET /?camp-fire%2F22665417.html HTTP/1.1" 500 - "-" "Mozilla/5.0 (compatible; SemrushBot/7~bl; +http://www.semrush.com/bot.html)" "mantech8.com"
40.77.167.17 - - [18/Dec/2022:21:49:02 -0800] "GET / HTTP/1.1" 200 64529 "-" "Mozilla/5.0 AppleWebKit/537.36 (KHTML, like Gecko; compatible; bingbot/2.0; +http://www.bing.com/bingbot.htm) Chrome/103.0.5060.134 Safari/537.36" "www.mantech8.com"
185.191.171.12 - - [18/Dec/2022:21:49:13 -0800] "GET /?camp-fire%2F78754406.html HTTP/1.1" 500 - "-" "Mozilla/5.0 (compatible; SemrushBot/7~bl; +http://www.semrush.com/bot.html)" "mantech8.com"
185.191.171.24 - - [18/Dec/2022:21:49:44 -0800] "GET /?camp-fire%2F16796626.html HTTP/1.1" 500 - "-" "Mozilla/5.0 (compatible; SemrushBot/7~bl; +http://www.semrush.com/bot.html)" "mantech8.com"
171.8.172.246 - - [18/Dec/2022:21:49:56 -0800] "GET /robots.txt HTTP/1.1" 200 106 "-" "Mozilla/5.0 (Windows NT 10.0; Win64; x64) AppleWebKit/537.36 (KHTML, like Gecko) Chrome/92.0.4515.159 Safari/537.36" "www.mantech8.com"
185.191.171.37 - - [18/Dec/2022:21:50:41 -0800] "GET /?camp-fire%2F17985481.html HTTP/1.1" 500 - "-" "Mozilla/5.0 (compatible; SemrushBot/7~bl; +http://www.semrush.com/bot.html)" "mantech8.com"
185.191.171.34 - - [18/Dec/2022:21:50:58 -0800] "GET /robots.txt HTTP/1.1" 200 106 "-" "Mozilla/5.0 (compatible; SemrushBot/7~bl; +http://www.semrush.com/bot.html)" "mantech8.com"
185.191.171.38 - - [18/Dec/2022:21:50:58 -0800] "GET /?camp-fire%2F28022759.html HTTP/1.1" 500 - "-" "Mozilla/5.0 (compatible; SemrushBot/7~bl; +http://www.semrush.com/bot.html)" "mantech8.com"
185.191.171.6 - - [18/Dec/2022:21:51:28 -0800] "GET /?camp-fire%2F28235970.html HTTP/1.1" 500 - "-" "Mozilla/5.0 (compatible; SemrushBot/7~bl; +http://www.semrush.com/bot.html)" "mantech8.com"
185.191.171.38 - - [18/Dec/2022:21:51:48 -0800] "GET /?camp-fire%2F28693785.html HTTP/1.1" 500 - "-" "Mozilla/5.0 (compatible; SemrushBot/7~bl; +http://www.semrush.com/bot.html)" "mantech8.com"
185.191.171.2 - - [18/Dec/2022:21:52:07 -0800] "GET /?camp-fire%2F27083663.html HTTP/1.1" 500 - "-" "Mozilla/5.0 (compatible; SemrushBot/7~bl; +http://www.semrush.com/bot.html)" "mantech8.com"
185.191.171.13 - - [18/Dec/2022:21:52:08 -0800] "GET /?camp-fire%2F28508364.html HTTP/1.1" 500 - "-" "Mozilla/5.0 (compatible; SemrushBot/7~bl; +http://www.semrush.com/bot.html)" "mantech8.com"
185.191.171.4 - - [18/Dec/2022:21:52:27 -0800] "GET /?camp-fire%2F28104021.html HTTP/1.1" 500 - "-" "Mozilla/5.0 (compatible; SemrushBot/7~bl; +http://www.semrush.com/bot.html)" "mantech8.com"
185.191.171.1 - - [18/Dec/2022:21:52:58 -0800] "GET /?camp-fire%2F31542341.html HTTP/1.1" 500 - "-" "Mozilla/5.0 (compatible; SemrushBot/7~bl; +http://www.semrush.com/bot.html)" "mantech8.com"
185.191.171.1 - - [18/Dec/2022:21:53:22 -0800] "GET /?camp-fire%2F37551208.html HTTP/1.1" 500 - "-" "Mozilla/5.0 (compatible; SemrushBot/7~bl; +http://www.semrush.com/bot.html)" "mantech8.com"
216.244.66.241 - - [18/Dec/2022:21:53:38 -0800] "GET /robots.txt HTTP/1.1" 200 222 "-" "Mozilla/5.0 (compatible; DotBot/1.2; +https://opensiteexplorer.org/dotbot; help@moz.com)" "mantech8.com"
216.244.66.241 - - [18/Dec/2022:21:53:38 -0800] "GET /robots.txt HTTP/1.1" 200 222 "-" "Mozilla/5.0 (compatible; DotBot/1.2; +https://opensiteexplorer.org/dotbot; help@moz.com)" "www.mantech8.com"
185.191.171.14 - - [18/Dec/2022:21:54:13 -0800] "GET /index.php/camp-fire/15075624.html HTTP/1.1" 500 - "-" "Mozilla/5.0 (compatible; SemrushBot/7~bl; +http://www.semrush.com/bot.html)" "mantech8.com"
185.191.171.9 - - [18/Dec/2022:21:55:04 -0800] "GET /?camp-fire%2F37038678.html HTTP/1.1" 500 - "-" "Mozilla/5.0 (compatible; SemrushBot/7~bl; +http://www.semrush.com/bot.html)" "mantech8.com"
185.191.171.6 - - [18/Dec/2022:21:55:30 -0800] "GET /?camp-fire%2F35672450.html HTTP/1.1" 500 - "-" "Mozilla/5.0 (compatible; SemrushBot/7~bl; +http://www.semrush.com/bot.html)" "mantech8.com"
185.191.171.24 - - [18/Dec/2022:21:57:23 -0800] "GET /?camp-fire%2F31954730.html HTTP/1.1" 500 - "-" "Mozilla/5.0 (compatible; SemrushBot/7~bl; +http://www.semrush.com/bot.html)" "mantech8.com"
185.191.171.10 - - [18/Dec/2022:21:58:00 -0800] "GET /?camp-fire%2F32120455.html HTTP/1.1" 500 - "-" "Mozilla/5.0 (compatible; SemrushBot/7~bl; +http://www.semrush.com/bot.html)" "mantech8.com"
185.191.171.23 - - [18/Dec/2022:21:58:02 -0800] "GET /?camp-fire%2F29926006.html HTTP/1.1" 500 - "-" "Mozilla/5.0 (compatible; SemrushBot/7~bl; +http://www.semrush.com/bot.html)" "mantech8.com"
185.191.171.7 - - [18/Dec/2022:21:59:15 -0800] "GET /?camp-fire%2F40123676.html HTTP/1.1" 500 - "-" "Mozilla/5.0 (compatible; SemrushBot/7~bl; +http://www.semrush.com/bot.html)" "mantech8.com"
185.191.171.1 - - [18/Dec/2022:21:59:46 -0800] "GET /?camp-fire%2F39880892.html HTTP/1.1" 500 - "-" "Mozilla/5.0 (compatible; SemrushBot/7~bl; +http://www.semrush.com/bot.html)" "mantech8.com"
185.191.171.14 - - [18/Dec/2022:22:00:08 -0800] "GET /index.php/camp-fire/28863989.html HTTP/1.1" 500 - "-" "Mozilla/5.0 (compatible; SemrushBot/7~bl; +http://www.semrush.com/bot.html)" "mantech8.com"
185.191.171.3 - - [18/Dec/2022:22:00:17 -0800] "GET /?camp-fire%2F41002778.html HTTP/1.1" 500 - "-" "Mozilla/5.0 (compatible; SemrushBot/7~bl; +http://www.semrush.com/bot.html)" "mantech8.com"
185.191.171.2 - - [18/Dec/2022:22:00:33 -0800] "GET /?camp-fire%2F27286397.html HTTP/1.1" 500 - "-" "Mozilla/5.0 (compatible; SemrushBot/7~bl; +http://www.semrush.com/bot.html)" "mantech8.com"
185.191.171.33 - - [18/Dec/2022:22:01:07 -0800] "GET /?camp-fire%2F36965238.html HTTP/1.1" 500 - "-" "Mozilla/5.0 (compatible; SemrushBot/7~bl; +http://www.semrush.com/bot.html)" "mantech8.com"
114.119.155.81 - - [18/Dec/2022:22:01:32 -0800] "GET /?sitemap19398.xml HTTP/1.1" 200 270521 "-" "Mozilla/5.0 (compatible;PetalBot;+https://webmaster.petalsearch.com/site/petalbot)" "mantech8.com"
185.191.171.7 - - [18/Dec/2022:22:04:59 -0800] "GET /?camp-fire%2F29718781.html HTTP/1.1" 500 - "-" "Mozilla/5.0 (compatible; SemrushBot/7~bl; +http://www.semrush.com/bot.html)" "mantech8.com"
185.191.171.34 - - [18/Dec/2022:22:05:10 -0800] "GET /?camp-fire%2F36863250.html HTTP/1.1" 500 - "-" "Mozilla/5.0 (compatible; SemrushBot/7~bl; +http://www.semrush.com/bot.html)" "mantech8.com"
185.191.171.25 - - [18/Dec/2022:22:05:16 -0800] "GET /index.php/camp-fire/26763847.html HTTP/1.1" 500 - "-" "Mozilla/5.0 (compatible; SemrushBot/7~bl; +http://www.semrush.com/bot.html)" "mantech8.com"
185.191.171.45 - - [18/Dec/2022:22:05:50 -0800] "GET /?camp-fire%2F19808874.html HTTP/1.1" 500 - "-" "Mozilla/5.0 (compatible; SemrushBot/7~bl; +http://www.semrush.com/bot.html)" "mantech8.com"
185.191.171.13 - - [18/Dec/2022:22:06:21 -0800] "GET /?camp-fire%2F21284165.html HTTP/1.1" 500 - "-" "Mozilla/5.0 (compatible; SemrushBot/7~bl; +http://www.semrush.com/bot.html)" "mantech8.com"
185.191.171.7 - - [18/Dec/2022:22:06:26 -0800] "GET /?camp-fire%2F35257708.html HTTP/1.1" 500 - "-" "Mozilla/5.0 (compatible; SemrushBot/7~bl; +http://www.semrush.com/bot.html)" "mantech8.com"
185.191.171.19 - - [18/Dec/2022:22:07:01 -0800] "GET /?camp-fire%2F38972330.html HTTP/1.1" 500 - "-" "Mozilla/5.0 (compatible; SemrushBot/7~bl; +http://www.semrush.com/bot.html)" "mantech8.com"
185.191.171.4 - - [18/Dec/2022:22:07:12 -0800] "GET /?camp-fire%2F76917900.html HTTP/1.1" 500 - "-" "Mozilla/5.0 (compatible; SemrushBot/7~bl; +http://www.semrush.com/bot.html)" "mantech8.com"
185.191.171.15 - - [18/Dec/2022:22:07:45 -0800] "GET /?camp-fire%2F52184400.html HTTP/1.1" 500 - "-" "Mozilla/5.0 (compatible; SemrushBot/7~bl; +http://www.semrush.com/bot.html)" "mantech8.com"
185.191.171.7 - - [18/Dec/2022:22:07:54 -0800] "GET /?camp-fire%2F15828857.html HTTP/1.1" 500 - "-" "Mozilla/5.0 (compatible; SemrushBot/7~bl; +http://www.semrush.com/bot.html)" "mantech8.com"
185.191.171.17 - - [18/Dec/2022:22:08:43 -0800] "GET /?camp-fire%2F87458182.html HTTP/1.1" 500 - "-" "Mozilla/5.0 (compatible; SemrushBot/7~bl; +http://www.semrush.com/bot.html)" "mantech8.com"
141.164.62.97 - - [18/Dec/2022:22:09:12 -0800] "GET /contact.php HTTP/1.1" 200 29238 "http://mantech8.com/contact.php" "Mozilla/5.0 (Windows NT 10.0) AppleWebKit/537.36 (KHTML, like Gecko) Chrome/90.0.4430.93 Safari/537.36" "mantech8.com"
141.164.62.97 - - [18/Dec/2022:22:09:14 -0800] "POST /mailer.php HTTP/1.1" 500 - "http://mantech8.com/contact.php" "Mozilla/5.0 (Windows NT 10.0) AppleWebKit/537.36 (KHTML, like Gecko) Chrome/90.0.4430.93 Safari/537.36" "mantech8.com"
185.191.171.19 - - [18/Dec/2022:22:09:41 -0800] "GET /index.php/camp-fire/27930270.html HTTP/1.1" 500 - "-" "Mozilla/5.0 (compatible; SemrushBot/7~bl; +http://www.semrush.com/bot.html)" "mantech8.com"
185.191.171.16 - - [18/Dec/2022:22:09:45 -0800] "GET /?camp-fire%2F22250565.html HTTP/1.1" 500 - "-" "Mozilla/5.0 (compatible; SemrushBot/7~bl; +http://www.semrush.com/bot.html)" "mantech8.com"
185.191.171.20 - - [18/Dec/2022:22:09:57 -0800] "GET /?camp-fire%2F41781103.html HTTP/1.1" 500 - "-" "Mozilla/5.0 (compatible; SemrushBot/7~bl; +http://www.semrush.com/bot.html)" "mantech8.com"
185.191.171.4 - - [18/Dec/2022:22:10:24 -0800] "GET /?camp-fire%2F35678150.html HTTP/1.1" 500 - "-" "Mozilla/5.0 (compatible; SemrushBot/7~bl; +http://www.semrush.com/bot.html)" "mantech8.com"
185.191.171.11 - - [18/Dec/2022:22:10:50 -0800] "GET /?camp-fire%2F28012559.html HTTP/1.1" 500 - "-" "Mozilla/5.0 (compatible; SemrushBot/7~bl; +http://www.semrush.com/bot.html)" "mantech8.com"
185.191.171.41 - - [18/Dec/2022:22:11:19 -0800] "GET /?camp-fire%2F38310472.html HTTP/1.1" 500 - "-" "Mozilla/5.0 (compatible; SemrushBot/7~bl; +http://www.semrush.com/bot.html)" "mantech8.com"
185.191.171.12 - - [18/Dec/2022:22:11:59 -0800] "GET /?camp-fire%2F33435093.html HTTP/1.1" 500 - "-" "Mozilla/5.0 (compatible; SemrushBot/7~bl; +http://www.semrush.com/bot.html)" "mantech8.com"
185.191.171.19 - - [18/Dec/2022:22:12:54 -0800] "GET /?camp-fire%2F27858751.html HTTP/1.1" 500 - "-" "Mozilla/5.0 (compatible; SemrushBot/7~bl; +http://www.semrush.com/bot.html)" "mantech8.com"
185.191.171.7 - - [18/Dec/2022:22:14:33 -0800] "GET /?camp-fire%2F33427368.html HTTP/1.1" 500 - "-" "Mozilla/5.0 (compatible; SemrushBot/7~bl; +http://www.semrush.com/bot.html)" "mantech8.com"
185.191.171.14 - - [18/Dec/2022:22:14:46 -0800] "GET /?camp-fire%2F16916383.html HTTP/1.1" 500 - "-" "Mozilla/5.0 (compatible; SemrushBot/7~bl; +http://www.semrush.com/bot.html)" "mantech8.com"
185.191.171.26 - - [18/Dec/2022:22:15:23 -0800] "GET /?camp-fire%2F38178603.html HTTP/1.1" 500 - "-" "Mozilla/5.0 (compatible; SemrushBot/7~bl; +http://www.semrush.com/bot.html)" "mantech8.com"
185.191.171.36 - - [18/Dec/2022:22:15:59 -0800] "GET /?camp-fire%2F58069627.html HTTP/1.1" 500 - "-" "Mozilla/5.0 (compatible; SemrushBot/7~bl; +http://www.semrush.com/bot.html)" "mantech8.com"
185.191.171.5 - - [18/Dec/2022:22:17:00 -0800] "GET /?camp-fire%2F27980371.html HTTP/1.1" 500 - "-" "Mozilla/5.0 (compatible; SemrushBot/7~bl; +http://www.semrush.com/bot.html)" "mantech8.com"
