185.191.171.22 - - [16/Dec/2022:16:01:17 -0800] "GET /?camp-fire%2F37847006.html HTTP/1.1" 500 - "-" "Mozilla/5.0 (compatible; SemrushBot/7~bl; +http://www.semrush.com/bot.html)" "mantech8.com"
185.191.171.4 - - [16/Dec/2022:16:01:55 -0800] "GET /?camp-fire%2F37430921.html HTTP/1.1" 500 - "-" "Mozilla/5.0 (compatible; SemrushBot/7~bl; +http://www.semrush.com/bot.html)" "mantech8.com"
185.191.171.40 - - [16/Dec/2022:16:02:40 -0800] "GET /index.php/camp-fire/19585932.html HTTP/1.1" 500 - "-" "Mozilla/5.0 (compatible; SemrushBot/7~bl; +http://www.semrush.com/bot.html)" "mantech8.com"
185.191.171.1 - - [16/Dec/2022:16:02:45 -0800] "GET /?camp-fire%2F31653759.html HTTP/1.1" 500 - "-" "Mozilla/5.0 (compatible; SemrushBot/7~bl; +http://www.semrush.com/bot.html)" "mantech8.com"
185.191.171.41 - - [16/Dec/2022:16:03:12 -0800] "GET /?camp-fire%2F17627926.html HTTP/1.1" 500 - "-" "Mozilla/5.0 (compatible; SemrushBot/7~bl; +http://www.semrush.com/bot.html)" "mantech8.com"
185.191.171.5 - - [16/Dec/2022:16:03:14 -0800] "GET /?camp-fire%2F35964550.html HTTP/1.1" 500 - "-" "Mozilla/5.0 (compatible; SemrushBot/7~bl; +http://www.semrush.com/bot.html)" "mantech8.com"
185.191.171.3 - - [16/Dec/2022:16:04:48 -0800] "GET /index.php?camp-fire%2F22516217.html HTTP/1.1" 500 - "-" "Mozilla/5.0 (compatible; SemrushBot/7~bl; +http://www.semrush.com/bot.html)" "mantech8.com"
185.191.171.22 - - [16/Dec/2022:16:04:52 -0800] "GET /?camp-fire%2F40048064.html HTTP/1.1" 500 - "-" "Mozilla/5.0 (compatible; SemrushBot/7~bl; +http://www.semrush.com/bot.html)" "mantech8.com"
185.191.171.1 - - [16/Dec/2022:16:05:05 -0800] "GET /?camp-fire%2F75090161.html HTTP/1.1" 500 - "-" "Mozilla/5.0 (compatible; SemrushBot/7~bl; +http://www.semrush.com/bot.html)" "mantech8.com"
185.191.171.3 - - [16/Dec/2022:16:05:29 -0800] "GET /?camp-fire%2F32510068.html HTTP/1.1" 500 - "-" "Mozilla/5.0 (compatible; SemrushBot/7~bl; +http://www.semrush.com/bot.html)" "mantech8.com"
185.191.171.3 - - [16/Dec/2022:16:06:00 -0800] "GET /?camp-fire%2F17761527.html HTTP/1.1" 500 - "-" "Mozilla/5.0 (compatible; SemrushBot/7~bl; +http://www.semrush.com/bot.html)" "mantech8.com"
185.191.171.5 - - [16/Dec/2022:16:06:08 -0800] "GET /?camp-fire%2F26078351.html HTTP/1.1" 500 - "-" "Mozilla/5.0 (compatible; SemrushBot/7~bl; +http://www.semrush.com/bot.html)" "mantech8.com"
185.191.171.45 - - [16/Dec/2022:16:06:10 -0800] "GET /index.php/camp-fire/107681208.html HTTP/1.1" 500 - "-" "Mozilla/5.0 (compatible; SemrushBot/7~bl; +http://www.semrush.com/bot.html)" "mantech8.com"
185.191.171.35 - - [16/Dec/2022:16:07:27 -0800] "GET /?camp-fire%2F38822717.html HTTP/1.1" 500 - "-" "Mozilla/5.0 (compatible; SemrushBot/7~bl; +http://www.semrush.com/bot.html)" "mantech8.com"
185.191.171.25 - - [16/Dec/2022:16:08:07 -0800] "GET /index.php/camp-fire/34256608.html HTTP/1.1" 500 - "-" "Mozilla/5.0 (compatible; SemrushBot/7~bl; +http://www.semrush.com/bot.html)" "mantech8.com"
185.191.171.43 - - [16/Dec/2022:16:08:24 -0800] "GET /?camp-fire%2F40149288.html HTTP/1.1" 500 - "-" "Mozilla/5.0 (compatible; SemrushBot/7~bl; +http://www.semrush.com/bot.html)" "mantech8.com"
207.46.13.163 - - [16/Dec/2022:16:09:13 -0800] "GET /sitemapmobileindex.xml HTTP/1.1" 404 88 "-" "Mozilla/5.0 AppleWebKit/537.36 (KHTML, like Gecko; compatible; bingbot/2.0; +http://www.bing.com/bingbot.htm) Chrome/103.0.5060.134 Safari/537.36" "mantech8.com"
207.46.13.100 - - [16/Dec/2022:16:09:20 -0800] "GET /sitemapindeximages.xml HTTP/1.1" 404 88 "-" "Mozilla/5.0 (compatible; bingbot/2.0; +http://www.bing.com/bingbot.htm)" "mantech8.com"
207.46.13.100 - - [16/Dec/2022:16:09:20 -0800] "GET /sitemapindex.xml HTTP/1.1" 404 88 "-" "Mozilla/5.0 (compatible; bingbot/2.0; +http://www.bing.com/bingbot.htm)" "mantech8.com"
207.46.13.125 - - [16/Dec/2022:16:09:23 -0800] "GET /sitemapnewindex.xml HTTP/1.1" 404 88 "-" "Mozilla/5.0 AppleWebKit/537.36 (KHTML, like Gecko; compatible; bingbot/2.0; +http://www.bing.com/bingbot.htm) Chrome/103.0.5060.134 Safari/537.36" "mantech8.com"
185.191.171.25 - - [16/Dec/2022:16:09:23 -0800] "GET /?camp-fire%2F36608750.html HTTP/1.1" 500 - "-" "Mozilla/5.0 (compatible; SemrushBot/7~bl; +http://www.semrush.com/bot.html)" "mantech8.com"
125.41.182.61 - - [16/Dec/2022:16:09:46 -0800] "GET /robots.txt HTTP/1.1" 200 106 "-" "Mozilla/5.0 (Windows NT 10.0; Win64; x64) AppleWebKit/537.36 (KHTML, like Gecko) Chrome/92.0.4515.159 Safari/537.36" "www.mantech8.com"
185.191.171.39 - - [16/Dec/2022:16:10:27 -0800] "GET /?camp-fire%2F45683727.html HTTP/1.1" 500 - "-" "Mozilla/5.0 (compatible; SemrushBot/7~bl; +http://www.semrush.com/bot.html)" "mantech8.com"
157.55.39.138 - - [16/Dec/2022:16:10:27 -0800] "GET / HTTP/1.1" 200 64180 "-" "Mozilla/5.0 (compatible; bingbot/2.0; +http://www.bing.com/bingbot.htm)" "www.mantech8.com"
185.191.171.6 - - [16/Dec/2022:16:10:33 -0800] "GET /?camp-fire%2F41911890.html HTTP/1.1" 500 - "-" "Mozilla/5.0 (compatible; SemrushBot/7~bl; +http://www.semrush.com/bot.html)" "mantech8.com"
185.191.171.39 - - [16/Dec/2022:16:11:07 -0800] "GET /index.php/camp-fire/6435577.html HTTP/1.1" 500 - "-" "Mozilla/5.0 (compatible; SemrushBot/7~bl; +http://www.semrush.com/bot.html)" "mantech8.com"
185.191.171.6 - - [16/Dec/2022:16:11:24 -0800] "GET /?camp-fire%2F32538668.html HTTP/1.1" 500 - "-" "Mozilla/5.0 (compatible; SemrushBot/7~bl; +http://www.semrush.com/bot.html)" "mantech8.com"
185.191.171.26 - - [16/Dec/2022:16:12:06 -0800] "GET /?camp-fire%2F38411109.html HTTP/1.1" 500 - "-" "Mozilla/5.0 (compatible; SemrushBot/7~bl; +http://www.semrush.com/bot.html)" "mantech8.com"
185.191.171.40 - - [16/Dec/2022:16:12:18 -0800] "GET /?camp-fire%2F35249838.html HTTP/1.1" 500 - "-" "Mozilla/5.0 (compatible; SemrushBot/7~bl; +http://www.semrush.com/bot.html)" "mantech8.com"
185.191.171.21 - - [16/Dec/2022:16:12:31 -0800] "GET /?camp-fire%2F35806638.html HTTP/1.1" 500 - "-" "Mozilla/5.0 (compatible; SemrushBot/7~bl; +http://www.semrush.com/bot.html)" "mantech8.com"
185.191.171.44 - - [16/Dec/2022:16:12:50 -0800] "GET /?camp-fire%2F48091806.html HTTP/1.1" 500 - "-" "Mozilla/5.0 (compatible; SemrushBot/7~bl; +http://www.semrush.com/bot.html)" "mantech8.com"
185.191.171.12 - - [16/Dec/2022:16:13:13 -0800] "GET /index.php/camp-fire/31572055.html HTTP/1.1" 500 - "-" "Mozilla/5.0 (compatible; SemrushBot/7~bl; +http://www.semrush.com/bot.html)" "mantech8.com"
207.46.13.51 - - [16/Dec/2022:16:13:21 -0800] "GET / HTTP/1.1" 200 64585 "-" "Mozilla/5.0 AppleWebKit/537.36 (KHTML, like Gecko; compatible; bingbot/2.0; +http://www.bing.com/bingbot.htm) Chrome/103.0.5060.134 Safari/537.36" "www.mantech8.com"
114.119.142.204 - - [16/Dec/2022:16:13:43 -0800] "GET /index.php?nobeliums.xml HTTP/1.1" 200 289298 "-" "Mozilla/5.0 (compatible;PetalBot;+https://webmaster.petalsearch.com/site/petalbot)" "mantech8.com"
123.183.224.14 - - [16/Dec/2022:16:13:59 -0800] "GET / HTTP/1.1" 500 - "-" "Sogou web spider/4.0(+http://www.sogou.com/docs/help/webmasters.htm#07)" "www.mantech8.com"
114.119.154.161 - - [16/Dec/2022:16:14:26 -0800] "GET /cleaninggal.php HTTP/1.1" 200 17906 "http://www.mantech8.com/scaffoldinggal.php" "Mozilla/5.0 (Linux; Android 7.0;) AppleWebKit/537.36 (KHTML, like Gecko) Mobile Safari/537.36 (compatible; PetalBot;+https://webmaster.petalsearch.com/site/petalbot)" "www.mantech8.com"
185.191.171.42 - - [16/Dec/2022:16:14:33 -0800] "GET /?camp-fire%2F35683450.html HTTP/1.1" 500 - "-" "Mozilla/5.0 (compatible; SemrushBot/7~bl; +http://www.semrush.com/bot.html)" "mantech8.com"
185.191.171.9 - - [16/Dec/2022:16:15:33 -0800] "GET /index.php/camp-fire/42811372.html HTTP/1.1" 500 - "-" "Mozilla/5.0 (compatible; SemrushBot/7~bl; +http://www.semrush.com/bot.html)" "mantech8.com"
185.191.171.4 - - [16/Dec/2022:16:16:08 -0800] "GET /?camp-fire%2F18495427.html HTTP/1.1" 500 - "-" "Mozilla/5.0 (compatible; SemrushBot/7~bl; +http://www.semrush.com/bot.html)" "mantech8.com"
185.191.171.33 - - [16/Dec/2022:16:16:11 -0800] "GET /?camp-fire%2F35822859.html HTTP/1.1" 500 - "-" "Mozilla/5.0 (compatible; SemrushBot/7~bl; +http://www.semrush.com/bot.html)" "mantech8.com"
185.191.171.12 - - [16/Dec/2022:16:16:35 -0800] "GET /?camp-fire%2F42984106.html HTTP/1.1" 500 - "-" "Mozilla/5.0 (compatible; SemrushBot/7~bl; +http://www.semrush.com/bot.html)" "mantech8.com"
185.191.171.5 - - [16/Dec/2022:16:16:36 -0800] "GET /?camp-fire%2F30707155.html HTTP/1.1" 500 - "-" "Mozilla/5.0 (compatible; SemrushBot/7~bl; +http://www.semrush.com/bot.html)" "mantech8.com"
185.191.171.34 - - [16/Dec/2022:16:18:00 -0800] "GET /index.php/camp-fire/9997383.html HTTP/1.1" 500 - "-" "Mozilla/5.0 (compatible; SemrushBot/7~bl; +http://www.semrush.com/bot.html)" "mantech8.com"
157.55.39.138 - - [16/Dec/2022:16:18:27 -0800] "GET /WtZk-1eaa-n1cMa.Ii HTTP/1.1" 404 88 "-" "Mozilla/5.0 (compatible; bingbot/2.0; +http://www.bing.com/bingbot.htm)" "www.mantech8.com"
185.191.171.24 - - [16/Dec/2022:16:18:27 -0800] "GET /?camp-fire%2F37976816.html HTTP/1.1" 500 - "-" "Mozilla/5.0 (compatible; SemrushBot/7~bl; +http://www.semrush.com/bot.html)" "mantech8.com"
185.191.171.8 - - [16/Dec/2022:16:18:44 -0800] "GET /?camp-fire%2F39778106.html HTTP/1.1" 500 - "-" "Mozilla/5.0 (compatible; SemrushBot/7~bl; +http://www.semrush.com/bot.html)" "mantech8.com"
185.191.171.22 - - [16/Dec/2022:16:18:55 -0800] "GET /?camp-fire%2F39927202.html HTTP/1.1" 500 - "-" "Mozilla/5.0 (compatible; SemrushBot/7~bl; +http://www.semrush.com/bot.html)" "mantech8.com"
185.191.171.22 - - [16/Dec/2022:16:19:15 -0800] "GET /?camp-fire%2F38520378.html HTTP/1.1" 500 - "-" "Mozilla/5.0 (compatible; SemrushBot/7~bl; +http://www.semrush.com/bot.html)" "mantech8.com"
207.46.13.100 - - [16/Dec/2022:16:20:04 -0800] "GET /s0KV-42ca-owbUD.Ii HTTP/1.1" 404 88 "-" "Mozilla/5.0 AppleWebKit/537.36 (KHTML, like Gecko; compatible; bingbot/2.0; +http://www.bing.com/bingbot.htm) Chrome/103.0.5060.134 Safari/537.36" "www.mantech8.com"
207.46.13.100 - - [16/Dec/2022:16:20:24 -0800] "GET /s0KV-42ca-owbUD.Ii HTTP/1.1" 404 88 "-" "Mozilla/5.0 (compatible; bingbot/2.0; +http://www.bing.com/bingbot.htm)" "www.mantech8.com"
185.191.171.4 - - [16/Dec/2022:16:20:32 -0800] "GET /index.php/camp-fire/36016008.html HTTP/1.1" 500 - "-" "Mozilla/5.0 (compatible; SemrushBot/7~bl; +http://www.semrush.com/bot.html)" "mantech8.com"
185.191.171.26 - - [16/Dec/2022:16:20:52 -0800] "GET /?camp-fire%2F29417466.html HTTP/1.1" 500 - "-" "Mozilla/5.0 (compatible; SemrushBot/7~bl; +http://www.semrush.com/bot.html)" "mantech8.com"
207.46.13.125 - - [16/Dec/2022:16:21:48 -0800] "GET /bimages/hgallery/thump/latest3%20big.jpg HTTP/1.1" 200 65629 "-" "Mozilla/5.0 (compatible; bingbot/2.0; +http://www.bing.com/bingbot.htm)" "mantech8.com"
185.191.171.24 - - [16/Dec/2022:16:21:51 -0800] "GET /index.php?camp-fire%2F20816535.html HTTP/1.1" 500 - "-" "Mozilla/5.0 (compatible; SemrushBot/7~bl; +http://www.semrush.com/bot.html)" "mantech8.com"
185.191.171.44 - - [16/Dec/2022:16:21:54 -0800] "GET /?camp-fire%2F35633508.html HTTP/1.1" 500 - "-" "Mozilla/5.0 (compatible; SemrushBot/7~bl; +http://www.semrush.com/bot.html)" "mantech8.com"
185.191.171.22 - - [16/Dec/2022:16:22:57 -0800] "GET /?camp-fire%2F65966816.html HTTP/1.1" 500 - "-" "Mozilla/5.0 (compatible; SemrushBot/7~bl; +http://www.semrush.com/bot.html)" "mantech8.com"
185.191.171.34 - - [16/Dec/2022:16:23:04 -0800] "GET /?camp-fire%2F45004966.html HTTP/1.1" 500 - "-" "Mozilla/5.0 (compatible; SemrushBot/7~bl; +http://www.semrush.com/bot.html)" "mantech8.com"
185.191.171.35 - - [16/Dec/2022:16:23:22 -0800] "GET /robots.txt HTTP/1.1" 200 106 "-" "Mozilla/5.0 (compatible; SemrushBot/7~bl; +http://www.semrush.com/bot.html)" "mantech8.com"
185.191.171.22 - - [16/Dec/2022:16:23:22 -0800] "GET /?camp-fire%2F40250488.html HTTP/1.1" 500 - "-" "Mozilla/5.0 (compatible; SemrushBot/7~bl; +http://www.semrush.com/bot.html)" "mantech8.com"
185.191.171.14 - - [16/Dec/2022:16:23:28 -0800] "GET /?camp-fire%2F28230776.html HTTP/1.1" 500 - "-" "Mozilla/5.0 (compatible; SemrushBot/7~bl; +http://www.semrush.com/bot.html)" "mantech8.com"
185.191.171.15 - - [16/Dec/2022:16:23:47 -0800] "GET /?camp-fire%2F40501608.html HTTP/1.1" 500 - "-" "Mozilla/5.0 (compatible; SemrushBot/7~bl; +http://www.semrush.com/bot.html)" "mantech8.com"
185.191.171.40 - - [16/Dec/2022:16:23:49 -0800] "GET /?camp-fire%2F36284425.html HTTP/1.1" 500 - "-" "Mozilla/5.0 (compatible; SemrushBot/7~bl; +http://www.semrush.com/bot.html)" "mantech8.com"
185.191.171.24 - - [16/Dec/2022:16:24:15 -0800] "GET /index.php/camp-fire/17398465.html HTTP/1.1" 500 - "-" "Mozilla/5.0 (compatible; SemrushBot/7~bl; +http://www.semrush.com/bot.html)" "mantech8.com"
185.191.171.2 - - [16/Dec/2022:16:24:33 -0800] "GET /?camp-fire%2F35405738.html HTTP/1.1" 500 - "-" "Mozilla/5.0 (compatible; SemrushBot/7~bl; +http://www.semrush.com/bot.html)" "mantech8.com"
185.191.171.35 - - [16/Dec/2022:16:26:02 -0800] "GET /?camp-fire%2F17504827.html HTTP/1.1" 500 - "-" "Mozilla/5.0 (compatible; SemrushBot/7~bl; +http://www.semrush.com/bot.html)" "mantech8.com"
185.191.171.10 - - [16/Dec/2022:16:27:05 -0800] "GET /?camp-fire%2F36297038.html HTTP/1.1" 500 - "-" "Mozilla/5.0 (compatible; SemrushBot/7~bl; +http://www.semrush.com/bot.html)" "mantech8.com"
185.191.171.38 - - [16/Dec/2022:16:27:11 -0800] "GET /?camp-fire%2F29952289.html HTTP/1.1" 500 - "-" "Mozilla/5.0 (compatible; SemrushBot/7~bl; +http://www.semrush.com/bot.html)" "mantech8.com"
185.191.171.24 - - [16/Dec/2022:16:27:59 -0800] "GET /?camp-fire%2F42137934.html HTTP/1.1" 500 - "-" "Mozilla/5.0 (compatible; SemrushBot/7~bl; +http://www.semrush.com/bot.html)" "mantech8.com"
185.191.171.20 - - [16/Dec/2022:16:28:55 -0800] "GET /?camp-fire%2F39853202.html HTTP/1.1" 500 - "-" "Mozilla/5.0 (compatible; SemrushBot/7~bl; +http://www.semrush.com/bot.html)" "mantech8.com"
185.191.171.42 - - [16/Dec/2022:16:29:07 -0800] "GET /?camp-fire%2F33860408.html HTTP/1.1" 500 - "-" "Mozilla/5.0 (compatible; SemrushBot/7~bl; +http://www.semrush.com/bot.html)" "mantech8.com"
185.191.171.7 - - [16/Dec/2022:16:29:10 -0800] "GET /index.php/camp-fire/10168590.html HTTP/1.1" 500 - "-" "Mozilla/5.0 (compatible; SemrushBot/7~bl; +http://www.semrush.com/bot.html)" "mantech8.com"
185.191.171.18 - - [16/Dec/2022:16:31:21 -0800] "GET /index.php?camp-fire%2F13374565.html HTTP/1.1" 500 - "-" "Mozilla/5.0 (compatible; SemrushBot/7~bl; +http://www.semrush.com/bot.html)" "mantech8.com"
185.191.171.38 - - [16/Dec/2022:16:32:48 -0800] "GET /?camp-fire%2F82609049.html HTTP/1.1" 500 - "-" "Mozilla/5.0 (compatible; SemrushBot/7~bl; +http://www.semrush.com/bot.html)" "mantech8.com"
185.191.171.8 - - [16/Dec/2022:16:33:11 -0800] "GET /?camp-fire%2F35307438.html HTTP/1.1" 500 - "-" "Mozilla/5.0 (compatible; SemrushBot/7~bl; +http://www.semrush.com/bot.html)" "mantech8.com"
185.191.171.24 - - [16/Dec/2022:16:33:31 -0800] "GET /index.php/camp-fire/34552659.html HTTP/1.1" 500 - "-" "Mozilla/5.0 (compatible; SemrushBot/7~bl; +http://www.semrush.com/bot.html)" "mantech8.com"
66.249.70.178 - - [16/Dec/2022:16:33:37 -0800] "GET /28.xml HTTP/1.1" 404 88 "-" "Mozilla/5.0 (compatible; Googlebot/2.1; +http://www.google.com/bot.html)" "mantech8.com"
185.191.171.39 - - [16/Dec/2022:16:33:43 -0800] "GET /?camp-fire%2F32034230.html HTTP/1.1" 500 - "-" "Mozilla/5.0 (compatible; SemrushBot/7~bl; +http://www.semrush.com/bot.html)" "mantech8.com"
185.191.171.20 - - [16/Dec/2022:16:34:00 -0800] "GET /?camp-fire%2F96165926.html HTTP/1.1" 500 - "-" "Mozilla/5.0 (compatible; SemrushBot/7~bl; +http://www.semrush.com/bot.html)" "mantech8.com"
185.191.171.7 - - [16/Dec/2022:16:34:17 -0800] "GET /?camp-fire%2F38213872.html HTTP/1.1" 500 - "-" "Mozilla/5.0 (compatible; SemrushBot/7~bl; +http://www.semrush.com/bot.html)" "mantech8.com"
66.249.70.180 - - [16/Dec/2022:16:34:20 -0800] "GET /venner964.xml HTTP/1.1" 404 88 "-" "Mozilla/5.0 (compatible; Googlebot/2.1; +http://www.google.com/bot.html)" "mantech8.com"
185.191.171.24 - - [16/Dec/2022:16:35:08 -0800] "GET /?camp-fire%2F40292835.html HTTP/1.1" 500 - "-" "Mozilla/5.0 (compatible; SemrushBot/7~bl; +http://www.semrush.com/bot.html)" "mantech8.com"
185.191.171.15 - - [16/Dec/2022:16:35:20 -0800] "GET /?camp-fire%2F27897459.html HTTP/1.1" 500 - "-" "Mozilla/5.0 (compatible; SemrushBot/7~bl; +http://www.semrush.com/bot.html)" "mantech8.com"
185.191.171.36 - - [16/Dec/2022:16:35:46 -0800] "GET /?camp-fire%2F22756572.html HTTP/1.1" 500 - "-" "Mozilla/5.0 (compatible; SemrushBot/7~bl; +http://www.semrush.com/bot.html)" "mantech8.com"
185.191.171.2 - - [16/Dec/2022:16:35:52 -0800] "GET /index.php?camp-fire%2F12612176.html HTTP/1.1" 500 - "-" "Mozilla/5.0 (compatible; SemrushBot/7~bl; +http://www.semrush.com/bot.html)" "mantech8.com"
185.191.171.24 - - [16/Dec/2022:16:35:53 -0800] "GET /?camp-fire%2F33429593.html HTTP/1.1" 500 - "-" "Mozilla/5.0 (compatible; SemrushBot/7~bl; +http://www.semrush.com/bot.html)" "mantech8.com"
185.191.171.24 - - [16/Dec/2022:16:35:54 -0800] "GET /?camp-fire%2F19257098.html HTTP/1.1" 500 - "-" "Mozilla/5.0 (compatible; SemrushBot/7~bl; +http://www.semrush.com/bot.html)" "mantech8.com"
185.191.171.26 - - [16/Dec/2022:16:36:09 -0800] "GET /index.php/camp-fire/34679663.html HTTP/1.1" 500 - "-" "Mozilla/5.0 (compatible; SemrushBot/7~bl; +http://www.semrush.com/bot.html)" "mantech8.com"
185.191.171.43 - - [16/Dec/2022:16:37:17 -0800] "GET /?camp-fire%2F38180572.html HTTP/1.1" 500 - "-" "Mozilla/5.0 (compatible; SemrushBot/7~bl; +http://www.semrush.com/bot.html)" "mantech8.com"
185.191.171.10 - - [16/Dec/2022:16:37:45 -0800] "GET /?camp-fire%2F30890057.html HTTP/1.1" 500 - "-" "Mozilla/5.0 (compatible; SemrushBot/7~bl; +http://www.semrush.com/bot.html)" "mantech8.com"
185.191.171.37 - - [16/Dec/2022:16:38:01 -0800] "GET /?camp-fire%2F31821132.html HTTP/1.1" 500 - "-" "Mozilla/5.0 (compatible; SemrushBot/7~bl; +http://www.semrush.com/bot.html)" "mantech8.com"
185.191.171.36 - - [16/Dec/2022:16:38:37 -0800] "GET /?camp-fire%2F40312092.html HTTP/1.1" 500 - "-" "Mozilla/5.0 (compatible; SemrushBot/7~bl; +http://www.semrush.com/bot.html)" "mantech8.com"
185.191.171.20 - - [16/Dec/2022:16:39:35 -0800] "GET /?camp-fire%2F97806663.html HTTP/1.1" 500 - "-" "Mozilla/5.0 (compatible; SemrushBot/7~bl; +http://www.semrush.com/bot.html)" "mantech8.com"
185.191.171.44 - - [16/Dec/2022:16:39:46 -0800] "GET /index.php?camp-fire%2F24003633.html HTTP/1.1" 500 - "-" "Mozilla/5.0 (compatible; SemrushBot/7~bl; +http://www.semrush.com/bot.html)" "mantech8.com"
185.191.171.20 - - [16/Dec/2022:16:41:20 -0800] "GET /?camp-fire%2F34674490.html HTTP/1.1" 500 - "-" "Mozilla/5.0 (compatible; SemrushBot/7~bl; +http://www.semrush.com/bot.html)" "mantech8.com"
185.191.171.24 - - [16/Dec/2022:16:42:43 -0800] "GET /?camp-fire%2F41539563.html HTTP/1.1" 500 - "-" "Mozilla/5.0 (compatible; SemrushBot/7~bl; +http://www.semrush.com/bot.html)" "mantech8.com"
185.191.171.25 - - [16/Dec/2022:16:43:26 -0800] "GET /?camp-fire%2F74679378.html HTTP/1.1" 500 - "-" "Mozilla/5.0 (compatible; SemrushBot/7~bl; +http://www.semrush.com/bot.html)" "mantech8.com"
185.191.171.6 - - [16/Dec/2022:16:45:02 -0800] "GET /?camp-fire%2F40303817.html HTTP/1.1" 500 - "-" "Mozilla/5.0 (compatible; SemrushBot/7~bl; +http://www.semrush.com/bot.html)" "mantech8.com"
207.46.13.51 - - [16/Dec/2022:16:45:33 -0800] "GET /index.php/VMbP-825cadaed-uMWoo.Ii HTTP/1.1" 200 64810 "-" "Mozilla/5.0 AppleWebKit/537.36 (KHTML, like Gecko; compatible; bingbot/2.0; +http://www.bing.com/bingbot.htm) Chrome/103.0.5060.134 Safari/537.36" "mantech8.com"
185.191.171.5 - - [16/Dec/2022:16:46:47 -0800] "GET /?camp-fire%2F35854660.html HTTP/1.1" 500 - "-" "Mozilla/5.0 (compatible; SemrushBot/7~bl; +http://www.semrush.com/bot.html)" "mantech8.com"
185.191.171.5 - - [16/Dec/2022:16:46:55 -0800] "GET /?camp-fire%2F35789238.html HTTP/1.1" 500 - "-" "Mozilla/5.0 (compatible; SemrushBot/7~bl; +http://www.semrush.com/bot.html)" "mantech8.com"
185.191.171.14 - - [16/Dec/2022:16:47:01 -0800] "GET /?camp-fire%2F19279278.html HTTP/1.1" 500 - "-" "Mozilla/5.0 (compatible; SemrushBot/7~bl; +http://www.semrush.com/bot.html)" "mantech8.com"
185.191.171.12 - - [16/Dec/2022:16:47:48 -0800] "GET /index.php?camp-fire%2F19934432.html HTTP/1.1" 500 - "-" "Mozilla/5.0 (compatible; SemrushBot/7~bl; +http://www.semrush.com/bot.html)" "mantech8.com"
185.191.171.9 - - [16/Dec/2022:16:47:50 -0800] "GET /?camp-fire%2F26371200.html HTTP/1.1" 500 - "-" "Mozilla/5.0 (compatible; SemrushBot/7~bl; +http://www.semrush.com/bot.html)" "mantech8.com"
114.119.154.211 - - [16/Dec/2022:16:47:54 -0800] "GET /bimages/video/thump/?C=D%3BO%3DA HTTP/1.1" 200 432 "http://www.mantech8.com/bimages/video/thump/?C=M%3BO%3DA" "Mozilla/5.0 (Linux; Android 7.0;) AppleWebKit/537.36 (KHTML, like Gecko) Mobile Safari/537.36 (compatible; PetalBot;+https://webmaster.petalsearch.com/site/petalbot)" "www.mantech8.com"
185.191.171.4 - - [16/Dec/2022:16:48:22 -0800] "GET /index.php/camp-fire/22419009.html HTTP/1.1" 500 - "-" "Mozilla/5.0 (compatible; SemrushBot/7~bl; +http://www.semrush.com/bot.html)" "mantech8.com"
185.191.171.25 - - [16/Dec/2022:16:48:55 -0800] "GET /?camp-fire%2F31588755.html HTTP/1.1" 500 - "-" "Mozilla/5.0 (compatible; SemrushBot/7~bl; +http://www.semrush.com/bot.html)" "mantech8.com"
185.191.171.42 - - [16/Dec/2022:16:49:26 -0800] "GET /?camp-fire%2F35263538.html HTTP/1.1" 500 - "-" "Mozilla/5.0 (compatible; SemrushBot/7~bl; +http://www.semrush.com/bot.html)" "mantech8.com"
185.191.171.37 - - [16/Dec/2022:16:50:08 -0800] "GET /?camp-fire%2F87577876.html HTTP/1.1" 500 - "-" "Mozilla/5.0 (compatible; SemrushBot/7~bl; +http://www.semrush.com/bot.html)" "mantech8.com"
185.191.171.1 - - [16/Dec/2022:16:50:12 -0800] "GET /?camp-fire%2F76212350.html HTTP/1.1" 500 - "-" "Mozilla/5.0 (compatible; SemrushBot/7~bl; +http://www.semrush.com/bot.html)" "mantech8.com"
185.191.171.3 - - [16/Dec/2022:16:50:59 -0800] "GET /?camp-fire%2F27811547.html HTTP/1.1" 500 - "-" "Mozilla/5.0 (compatible; SemrushBot/7~bl; +http://www.semrush.com/bot.html)" "mantech8.com"
185.191.171.8 - - [16/Dec/2022:16:51:18 -0800] "GET /?camp-fire%2F38965717.html HTTP/1.1" 500 - "-" "Mozilla/5.0 (compatible; SemrushBot/7~bl; +http://www.semrush.com/bot.html)" "mantech8.com"
185.191.171.7 - - [16/Dec/2022:16:51:28 -0800] "GET /?camp-fire%2F34570516.html HTTP/1.1" 500 - "-" "Mozilla/5.0 (compatible; SemrushBot/7~bl; +http://www.semrush.com/bot.html)" "mantech8.com"
185.191.171.11 - - [16/Dec/2022:16:51:52 -0800] "GET /?camp-fire%2F39964935.html HTTP/1.1" 500 - "-" "Mozilla/5.0 (compatible; SemrushBot/7~bl; +http://www.semrush.com/bot.html)" "mantech8.com"
185.191.171.2 - - [16/Dec/2022:16:52:07 -0800] "GET /?camp-fire%2F35649750.html HTTP/1.1" 500 - "-" "Mozilla/5.0 (compatible; SemrushBot/7~bl; +http://www.semrush.com/bot.html)" "mantech8.com"
185.191.171.34 - - [16/Dec/2022:16:52:13 -0800] "GET /?camp-fire%2F27998171.html HTTP/1.1" 500 - "-" "Mozilla/5.0 (compatible; SemrushBot/7~bl; +http://www.semrush.com/bot.html)" "mantech8.com"
185.191.171.3 - - [16/Dec/2022:16:53:46 -0800] "GET /?camp-fire%2F36675150.html HTTP/1.1" 500 - "-" "Mozilla/5.0 (compatible; SemrushBot/7~bl; +http://www.semrush.com/bot.html)" "mantech8.com"
185.191.171.18 - - [16/Dec/2022:16:55:22 -0800] "GET /?camp-fire%2F40203088.html HTTP/1.1" 500 - "-" "Mozilla/5.0 (compatible; SemrushBot/7~bl; +http://www.semrush.com/bot.html)" "mantech8.com"
185.191.171.40 - - [16/Dec/2022:16:55:37 -0800] "GET /?camp-fire%2F33760208.html HTTP/1.1" 500 - "-" "Mozilla/5.0 (compatible; SemrushBot/7~bl; +http://www.semrush.com/bot.html)" "mantech8.com"
40.121.160.96 - - [16/Dec/2022:16:55:48 -0800] "GET /bimages/client/client7.png HTTP/1.1" 200 34665 "-" "Mozilla/5.0 (X11; Ubuntu; Linux x86_64; rv:72.0) Gecko/20100101 Firefox/72.0" "mantech8.com"
185.191.171.2 - - [16/Dec/2022:16:56:45 -0800] "GET /?camp-fire%2F18129961.html HTTP/1.1" 500 - "-" "Mozilla/5.0 (compatible; SemrushBot/7~bl; +http://www.semrush.com/bot.html)" "mantech8.com"
185.191.171.39 - - [16/Dec/2022:16:57:04 -0800] "GET /?camp-fire%2F35796338.html HTTP/1.1" 500 - "-" "Mozilla/5.0 (compatible; SemrushBot/7~bl; +http://www.semrush.com/bot.html)" "mantech8.com"
185.191.171.26 - - [16/Dec/2022:16:57:31 -0800] "GET /?camp-fire%2F29293635.html HTTP/1.1" 500 - "-" "Mozilla/5.0 (compatible; SemrushBot/7~bl; +http://www.semrush.com/bot.html)" "mantech8.com"
185.191.171.9 - - [16/Dec/2022:16:57:33 -0800] "GET /?camp-fire%2F13443078.html HTTP/1.1" 500 - "-" "Mozilla/5.0 (compatible; SemrushBot/7~bl; +http://www.semrush.com/bot.html)" "mantech8.com"
157.55.39.138 - - [16/Dec/2022:16:57:40 -0800] "GET / HTTP/1.1" 200 64371 "-" "Mozilla/5.0 (compatible; bingbot/2.0; +http://www.bing.com/bingbot.htm)" "www.mantech8.com"
185.191.171.2 - - [16/Dec/2022:16:59:36 -0800] "GET /?camp-fire%2F39747808.html HTTP/1.1" 500 - "-" "Mozilla/5.0 (compatible; SemrushBot/7~bl; +http://www.semrush.com/bot.html)" "mantech8.com"
185.191.171.5 - - [16/Dec/2022:16:59:47 -0800] "GET /?camp-fire%2F41066863.html HTTP/1.1" 500 - "-" "Mozilla/5.0 (compatible; SemrushBot/7~bl; +http://www.semrush.com/bot.html)" "mantech8.com"
157.55.39.138 - - [16/Dec/2022:16:59:49 -0800] "GET /F2si-8ded-DiPhN.Ii HTTP/1.1" 404 88 "-" "Mozilla/5.0 (compatible; bingbot/2.0; +http://www.bing.com/bingbot.htm)" "www.mantech8.com"
185.191.171.9 - - [16/Dec/2022:16:59:51 -0800] "GET /?camp-fire%2F72219396.html HTTP/1.1" 500 - "-" "Mozilla/5.0 (compatible; SemrushBot/7~bl; +http://www.semrush.com/bot.html)" "mantech8.com"
185.191.171.7 - - [16/Dec/2022:17:00:08 -0800] "GET /index.php/camp-fire/24435133.html HTTP/1.1" 500 - "-" "Mozilla/5.0 (compatible; SemrushBot/7~bl; +http://www.semrush.com/bot.html)" "mantech8.com"
157.55.39.138 - - [16/Dec/2022:17:00:10 -0800] "GET /F2si-8ded-DiPhN.Ii HTTP/1.1" 404 88 "-" "Mozilla/5.0 AppleWebKit/537.36 (KHTML, like Gecko; compatible; bingbot/2.0; +http://www.bing.com/bingbot.htm) Chrome/103.0.5060.134 Safari/537.36" "www.mantech8.com"
185.191.171.12 - - [16/Dec/2022:17:00:39 -0800] "GET /?camp-fire%2F40298350.html HTTP/1.1" 500 - "-" "Mozilla/5.0 (compatible; SemrushBot/7~bl; +http://www.semrush.com/bot.html)" "mantech8.com"
185.191.171.19 - - [16/Dec/2022:17:00:55 -0800] "GET /?camp-fire%2F31493165.html HTTP/1.1" 500 - "-" "Mozilla/5.0 (compatible; SemrushBot/7~bl; +http://www.semrush.com/bot.html)" "mantech8.com"
185.191.171.38 - - [16/Dec/2022:17:01:18 -0800] "GET /?camp-fire%2F41385971.html HTTP/1.1" 500 - "-" "Mozilla/5.0 (compatible; SemrushBot/7~bl; +http://www.semrush.com/bot.html)" "mantech8.com"
157.55.39.138 - - [16/Dec/2022:17:02:50 -0800] "GET /bimages/service/s111.jpg HTTP/1.1" 200 136831 "-" "Mozilla/5.0 AppleWebKit/537.36 (KHTML, like Gecko; compatible; bingbot/2.0; +http://www.bing.com/bingbot.htm) Chrome/103.0.5060.134 Safari/537.36" "www.mantech8.com"
185.191.171.12 - - [16/Dec/2022:17:03:29 -0800] "GET /?camp-fire%2F33279632.html HTTP/1.1" 500 - "-" "Mozilla/5.0 (compatible; SemrushBot/7~bl; +http://www.semrush.com/bot.html)" "mantech8.com"
185.191.171.44 - - [16/Dec/2022:17:03:51 -0800] "GET /index.php?camp-fire%2F16655565.html HTTP/1.1" 500 - "-" "Mozilla/5.0 (compatible; SemrushBot/7~bl; +http://www.semrush.com/bot.html)" "mantech8.com"
185.191.171.44 - - [16/Dec/2022:17:05:03 -0800] "GET /?camp-fire%2F42487149.html HTTP/1.1" 500 - "-" "Mozilla/5.0 (compatible; SemrushBot/7~bl; +http://www.semrush.com/bot.html)" "mantech8.com"
185.191.171.45 - - [16/Dec/2022:17:06:10 -0800] "GET /?camp-fire%2F33428093.html HTTP/1.1" 500 - "-" "Mozilla/5.0 (compatible; SemrushBot/7~bl; +http://www.semrush.com/bot.html)" "mantech8.com"
185.191.171.9 - - [16/Dec/2022:17:06:14 -0800] "GET /index.php/camp-fire/4003074.html HTTP/1.1" 500 - "-" "Mozilla/5.0 (compatible; SemrushBot/7~bl; +http://www.semrush.com/bot.html)" "mantech8.com"
185.191.171.8 - - [16/Dec/2022:17:06:22 -0800] "GET /index.php?camp-fire%2F20504283.html HTTP/1.1" 500 - "-" "Mozilla/5.0 (compatible; SemrushBot/7~bl; +http://www.semrush.com/bot.html)" "mantech8.com"
185.191.171.11 - - [16/Dec/2022:17:06:41 -0800] "GET /?camp-fire%2F27578882.html HTTP/1.1" 500 - "-" "Mozilla/5.0 (compatible; SemrushBot/7~bl; +http://www.semrush.com/bot.html)" "mantech8.com"
216.244.66.241 - - [16/Dec/2022:17:06:56 -0800] "GET /robots.txt HTTP/1.1" 200 222 "-" "Mozilla/5.0 (compatible; DotBot/1.2; +https://opensiteexplorer.org/dotbot; help@moz.com)" "mantech8.com"
216.244.66.241 - - [16/Dec/2022:17:06:56 -0800] "GET /robots.txt HTTP/1.1" 200 222 "-" "Mozilla/5.0 (compatible; DotBot/1.2; +https://opensiteexplorer.org/dotbot; help@moz.com)" "www.mantech8.com"
185.191.171.13 - - [16/Dec/2022:17:07:26 -0800] "GET /?camp-fire%2F40839850.html HTTP/1.1" 500 - "-" "Mozilla/5.0 (compatible; SemrushBot/7~bl; +http://www.semrush.com/bot.html)" "mantech8.com"
185.191.171.34 - - [16/Dec/2022:17:08:03 -0800] "GET /?camp-fire%2F40225388.html HTTP/1.1" 500 - "-" "Mozilla/5.0 (compatible; SemrushBot/7~bl; +http://www.semrush.com/bot.html)" "mantech8.com"
185.191.171.25 - - [16/Dec/2022:17:08:15 -0800] "GET /?camp-fire%2F38893517.html HTTP/1.1" 500 - "-" "Mozilla/5.0 (compatible; SemrushBot/7~bl; +http://www.semrush.com/bot.html)" "mantech8.com"
185.169.233.252 - - [16/Dec/2022:17:08:42 -0800] "GET /contact.php HTTP/1.1" 200 29238 "http://mantech8.com/contact.php" "Mozilla/5.0 (Windows NT 10.0) AppleWebKit/537.36 (KHTML, like Gecko) Chrome/90.0.4430.85 Safari/537.36 Edg/90.0.818.46" "mantech8.com"
185.169.233.252 - - [16/Dec/2022:17:08:48 -0800] "POST /mailer.php HTTP/1.1" 500 - "http://mantech8.com/verificationimage.php?9828" "Mozilla/5.0 (Windows NT 10.0) AppleWebKit/537.36 (KHTML, like Gecko) Chrome/90.0.4430.85 Safari/537.36 Edg/90.0.818.46" "mantech8.com"
185.191.171.34 - - [16/Dec/2022:17:10:28 -0800] "GET /?camp-fire%2F59735703.html HTTP/1.1" 500 - "-" "Mozilla/5.0 (compatible; SemrushBot/7~bl; +http://www.semrush.com/bot.html)" "mantech8.com"
185.191.171.4 - - [16/Dec/2022:17:10:41 -0800] "GET /index.php?camp-fire%2F18958627.html HTTP/1.1" 500 - "-" "Mozilla/5.0 (compatible; SemrushBot/7~bl; +http://www.semrush.com/bot.html)" "mantech8.com"
185.191.171.3 - - [16/Dec/2022:17:10:59 -0800] "GET /?camp-fire%2F96607938.html HTTP/1.1" 500 - "-" "Mozilla/5.0 (compatible; SemrushBot/7~bl; +http://www.semrush.com/bot.html)" "mantech8.com"
185.191.171.24 - - [16/Dec/2022:17:11:24 -0800] "GET /index.php?camp-fire%2F19951221.html HTTP/1.1" 500 - "-" "Mozilla/5.0 (compatible; SemrushBot/7~bl; +http://www.semrush.com/bot.html)" "mantech8.com"
185.191.171.8 - - [16/Dec/2022:17:11:56 -0800] "GET /?camp-fire%2F39807592.html HTTP/1.1" 500 - "-" "Mozilla/5.0 (compatible; SemrushBot/7~bl; +http://www.semrush.com/bot.html)" "mantech8.com"
185.191.171.45 - - [16/Dec/2022:17:13:04 -0800] "GET /?camp-fire%2F27636072.html HTTP/1.1" 500 - "-" "Mozilla/5.0 (compatible; SemrushBot/7~bl; +http://www.semrush.com/bot.html)" "mantech8.com"
185.191.171.14 - - [16/Dec/2022:17:13:29 -0800] "GET /?camp-fire%2F39795202.html HTTP/1.1" 500 - "-" "Mozilla/5.0 (compatible; SemrushBot/7~bl; +http://www.semrush.com/bot.html)" "mantech8.com"
185.191.171.20 - - [16/Dec/2022:17:13:43 -0800] "GET /index.php/camp-fire/5784277.html HTTP/1.1" 500 - "-" "Mozilla/5.0 (compatible; SemrushBot/7~bl; +http://www.semrush.com/bot.html)" "mantech8.com"
185.191.171.9 - - [16/Dec/2022:17:14:37 -0800] "GET /?camp-fire%2F84097655.html HTTP/1.1" 500 - "-" "Mozilla/5.0 (compatible; SemrushBot/7~bl; +http://www.semrush.com/bot.html)" "mantech8.com"
185.191.171.42 - - [16/Dec/2022:17:14:44 -0800] "GET /?camp-fire%2F32484668.html HTTP/1.1" 500 - "-" "Mozilla/5.0 (compatible; SemrushBot/7~bl; +http://www.semrush.com/bot.html)" "mantech8.com"
185.191.171.1 - - [16/Dec/2022:17:14:57 -0800] "GET /?camp-fire%2F39071972.html HTTP/1.1" 500 - "-" "Mozilla/5.0 (compatible; SemrushBot/7~bl; +http://www.semrush.com/bot.html)" "mantech8.com"
185.191.171.22 - - [16/Dec/2022:17:15:59 -0800] "GET /index.php?camp-fire%2F17827980.html HTTP/1.1" 500 - "-" "Mozilla/5.0 (compatible; SemrushBot/7~bl; +http://www.semrush.com/bot.html)" "mantech8.com"
185.191.171.15 - - [16/Dec/2022:17:16:19 -0800] "GET /?camp-fire%2F39872317.html HTTP/1.1" 500 - "-" "Mozilla/5.0 (compatible; SemrushBot/7~bl; +http://www.semrush.com/bot.html)" "mantech8.com"
185.191.171.14 - - [16/Dec/2022:17:16:48 -0800] "GET /?camp-fire%2F31527706.html HTTP/1.1" 500 - "-" "Mozilla/5.0 (compatible; SemrushBot/7~bl; +http://www.semrush.com/bot.html)" "mantech8.com"
185.191.171.21 - - [16/Dec/2022:17:16:59 -0800] "GET /?camp-fire%2F36715135.html HTTP/1.1" 500 - "-" "Mozilla/5.0 (compatible; SemrushBot/7~bl; +http://www.semrush.com/bot.html)" "mantech8.com"
185.191.171.2 - - [16/Dec/2022:17:17:12 -0800] "GET /?camp-fire%2F17628126.html HTTP/1.1" 500 - "-" "Mozilla/5.0 (compatible; SemrushBot/7~bl; +http://www.semrush.com/bot.html)" "mantech8.com"
185.191.171.8 - - [16/Dec/2022:17:17:30 -0800] "GET /?camp-fire%2F90814076.html HTTP/1.1" 500 - "-" "Mozilla/5.0 (compatible; SemrushBot/7~bl; +http://www.semrush.com/bot.html)" "mantech8.com"
207.46.13.51 - - [16/Dec/2022:17:17:47 -0800] "GET /index.php/hFdr-74e2deadfe-IoKZY.Ii HTTP/1.1" 200 74689 "-" "Mozilla/5.0 AppleWebKit/537.36 (KHTML, like Gecko; compatible; bingbot/2.0; +http://www.bing.com/bingbot.htm) Chrome/103.0.5060.134 Safari/537.36" "mantech8.com"
176.97.210.106 - - [16/Dec/2022:17:18:08 -0800] "GET /index.php?camp-fire%2f54091412.html HTTP/1.1" 500 - "-" "Mozilla/5.0 (Windows NT 10.0; Win64; x64) AppleWebKit/537.36 (KHTML, like Gecko) Chrome/80.0.3987.163 Safari/537.36" "www.mantech8.com"
185.191.171.41 - - [16/Dec/2022:17:18:33 -0800] "GET /index.php?camp-fire%2F21867035.html HTTP/1.1" 500 - "-" "Mozilla/5.0 (compatible; SemrushBot/7~bl; +http://www.semrush.com/bot.html)" "mantech8.com"
185.191.171.7 - - [16/Dec/2022:17:18:35 -0800] "GET /?camp-fire%2F91896733.html HTTP/1.1" 500 - "-" "Mozilla/5.0 (compatible; SemrushBot/7~bl; +http://www.semrush.com/bot.html)" "mantech8.com"
185.191.171.25 - - [16/Dec/2022:17:19:31 -0800] "GET /?camp-fire%2F100794350.html HTTP/1.1" 500 - "-" "Mozilla/5.0 (compatible; SemrushBot/7~bl; +http://www.semrush.com/bot.html)" "mantech8.com"
185.191.171.38 - - [16/Dec/2022:17:19:58 -0800] "GET /index.php/camp-fire/30765955.html HTTP/1.1" 500 - "-" "Mozilla/5.0 (compatible; SemrushBot/7~bl; +http://www.semrush.com/bot.html)" "mantech8.com"
185.191.171.8 - - [16/Dec/2022:17:21:00 -0800] "GET /?camp-fire%2F75769785.html HTTP/1.1" 500 - "-" "Mozilla/5.0 (compatible; SemrushBot/7~bl; +http://www.semrush.com/bot.html)" "mantech8.com"
185.191.171.2 - - [16/Dec/2022:17:21:20 -0800] "GET /index.php?camp-fire%2F20453732.html HTTP/1.1" 500 - "-" "Mozilla/5.0 (compatible; SemrushBot/7~bl; +http://www.semrush.com/bot.html)" "mantech8.com"
185.191.171.14 - - [16/Dec/2022:17:22:32 -0800] "GET /?camp-fire%2F40243150.html HTTP/1.1" 500 - "-" "Mozilla/5.0 (compatible; SemrushBot/7~bl; +http://www.semrush.com/bot.html)" "mantech8.com"
185.191.171.9 - - [16/Dec/2022:17:23:58 -0800] "GET /robots.txt HTTP/1.1" 200 106 "-" "Mozilla/5.0 (compatible; SemrushBot/7~bl; +http://www.semrush.com/bot.html)" "mantech8.com"
185.191.171.20 - - [16/Dec/2022:17:23:58 -0800] "GET /?camp-fire%2F35735076.html HTTP/1.1" 500 - "-" "Mozilla/5.0 (compatible; SemrushBot/7~bl; +http://www.semrush.com/bot.html)" "mantech8.com"
185.191.171.33 - - [16/Dec/2022:17:24:05 -0800] "GET /?camp-fire%2F8553978.html HTTP/1.1" 500 - "-" "Mozilla/5.0 (compatible; SemrushBot/7~bl; +http://www.semrush.com/bot.html)" "mantech8.com"
185.191.171.35 - - [16/Dec/2022:17:24:14 -0800] "GET /index.php/camp-fire/94047030.html HTTP/1.1" 500 - "-" "Mozilla/5.0 (compatible; SemrushBot/7~bl; +http://www.semrush.com/bot.html)" "mantech8.com"
185.191.171.42 - - [16/Dec/2022:17:24:35 -0800] "GET /?camp-fire%2F22430224.html HTTP/1.1" 500 - "-" "Mozilla/5.0 (compatible; SemrushBot/7~bl; +http://www.semrush.com/bot.html)" "mantech8.com"
114.119.155.232 - - [16/Dec/2022:17:26:13 -0800] "GET /sitemap3704.xml HTTP/1.1" 404 88 "-" "Mozilla/5.0 (compatible;PetalBot;+https://webmaster.petalsearch.com/site/petalbot)" "mantech8.com"
185.191.171.35 - - [16/Dec/2022:17:26:16 -0800] "GET /?camp-fire%2F35750950.html HTTP/1.1" 500 - "-" "Mozilla/5.0 (compatible; SemrushBot/7~bl; +http://www.semrush.com/bot.html)" "mantech8.com"
185.191.171.15 - - [16/Dec/2022:17:26:43 -0800] "GET /index.php/camp-fire/96302321.html HTTP/1.1" 500 - "-" "Mozilla/5.0 (compatible; SemrushBot/7~bl; +http://www.semrush.com/bot.html)" "mantech8.com"
185.191.171.25 - - [16/Dec/2022:17:27:06 -0800] "GET /?camp-fire%2F38121403.html HTTP/1.1" 500 - "-" "Mozilla/5.0 (compatible; SemrushBot/7~bl; +http://www.semrush.com/bot.html)" "mantech8.com"
185.191.171.10 - - [16/Dec/2022:17:27:59 -0800] "GET /?camp-fire%2F30628655.html HTTP/1.1" 500 - "-" "Mozilla/5.0 (compatible; SemrushBot/7~bl; +http://www.semrush.com/bot.html)" "mantech8.com"
114.119.146.16 - - [16/Dec/2022:17:28:02 -0800] "GET /?sitemap13.xml HTTP/1.1" 200 270602 "-" "Mozilla/5.0 (compatible;PetalBot;+https://webmaster.petalsearch.com/site/petalbot)" "mantech8.com"
185.191.171.23 - - [16/Dec/2022:17:28:13 -0800] "GET /?camp-fire%2F27595271.html HTTP/1.1" 500 - "-" "Mozilla/5.0 (compatible; SemrushBot/7~bl; +http://www.semrush.com/bot.html)" "mantech8.com"
185.191.171.7 - - [16/Dec/2022:17:28:17 -0800] "GET /index.php?camp-fire%2F3160393.html HTTP/1.1" 500 - "-" "Mozilla/5.0 (compatible; SemrushBot/7~bl; +http://www.semrush.com/bot.html)" "mantech8.com"
185.191.171.44 - - [16/Dec/2022:17:29:02 -0800] "GET /index.php/camp-fire/26064751.html HTTP/1.1" 500 - "-" "Mozilla/5.0 (compatible; SemrushBot/7~bl; +http://www.semrush.com/bot.html)" "mantech8.com"
185.191.171.1 - - [16/Dec/2022:17:29:04 -0800] "GET /?camp-fire%2F29460009.html HTTP/1.1" 500 - "-" "Mozilla/5.0 (compatible; SemrushBot/7~bl; +http://www.semrush.com/bot.html)" "mantech8.com"
185.191.171.42 - - [16/Dec/2022:17:29:31 -0800] "GET /index.php?camp-fire%2F20837035.html HTTP/1.1" 500 - "-" "Mozilla/5.0 (compatible; SemrushBot/7~bl; +http://www.semrush.com/bot.html)" "mantech8.com"
66.249.70.180 - - [16/Dec/2022:17:29:43 -0800] "GET /nonsuspended.xml HTTP/1.1" 404 88 "-" "Mozilla/5.0 (compatible; Googlebot/2.1; +http://www.google.com/bot.html)" "mantech8.com"
114.119.130.116 - - [16/Dec/2022:17:29:52 -0800] "GET /?sitemap-index-8.xml HTTP/1.1" 200 4269 "-" "Mozilla/5.0 (compatible;PetalBot;+https://webmaster.petalsearch.com/site/petalbot)" "mantech8.com"
185.191.171.22 - - [16/Dec/2022:17:30:16 -0800] "GET /?camp-fire%2F35718138.html HTTP/1.1" 500 - "-" "Mozilla/5.0 (compatible; SemrushBot/7~bl; +http://www.semrush.com/bot.html)" "mantech8.com"
185.191.171.35 - - [16/Dec/2022:17:30:30 -0800] "GET /?camp-fire%2F33192216.html HTTP/1.1" 500 - "-" "Mozilla/5.0 (compatible; SemrushBot/7~bl; +http://www.semrush.com/bot.html)" "mantech8.com"
185.191.171.2 - - [16/Dec/2022:17:31:03 -0800] "GET /?camp-fire%2F38311272.html HTTP/1.1" 500 - "-" "Mozilla/5.0 (compatible; SemrushBot/7~bl; +http://www.semrush.com/bot.html)" "mantech8.com"
185.191.171.17 - - [16/Dec/2022:17:31:47 -0800] "GET /?camp-fire%2F41842703.html HTTP/1.1" 500 - "-" "Mozilla/5.0 (compatible; SemrushBot/7~bl; +http://www.semrush.com/bot.html)" "mantech8.com"
185.191.171.7 - - [16/Dec/2022:17:32:14 -0800] "GET /?camp-fire%2F40284388.html HTTP/1.1" 500 - "-" "Mozilla/5.0 (compatible; SemrushBot/7~bl; +http://www.semrush.com/bot.html)" "mantech8.com"
185.191.171.17 - - [16/Dec/2022:17:32:25 -0800] "GET /index.php?camp-fire%2F1647759.html HTTP/1.1" 500 - "-" "Mozilla/5.0 (compatible; SemrushBot/7~bl; +http://www.semrush.com/bot.html)" "mantech8.com"
185.191.171.43 - - [16/Dec/2022:17:33:20 -0800] "GET /?camp-fire%2F32387060.html HTTP/1.1" 500 - "-" "Mozilla/5.0 (compatible; SemrushBot/7~bl; +http://www.semrush.com/bot.html)" "mantech8.com"
185.191.171.3 - - [16/Dec/2022:17:34:02 -0800] "GET /?camp-fire%2F44550889.html HTTP/1.1" 500 - "-" "Mozilla/5.0 (compatible; SemrushBot/7~bl; +http://www.semrush.com/bot.html)" "mantech8.com"
185.191.171.11 - - [16/Dec/2022:17:35:39 -0800] "GET /?camp-fire%2F35378438.html HTTP/1.1" 500 - "-" "Mozilla/5.0 (compatible; SemrushBot/7~bl; +http://www.semrush.com/bot.html)" "mantech8.com"
74.208.2.212 - - [16/Dec/2022:17:35:50 -0800] "GET /robots.txt HTTP/1.1" 200 106 "-" "IonCrawl (https://www.ionos.de/terms-gtc/faq-crawler-en/)" "mantech8.com"
185.191.171.21 - - [16/Dec/2022:17:35:58 -0800] "GET /?camp-fire%2F27391576.html HTTP/1.1" 500 - "-" "Mozilla/5.0 (compatible; SemrushBot/7~bl; +http://www.semrush.com/bot.html)" "mantech8.com"
185.191.171.44 - - [16/Dec/2022:17:36:33 -0800] "GET /index.php/camp-fire/23596106.html HTTP/1.1" 500 - "-" "Mozilla/5.0 (compatible; SemrushBot/7~bl; +http://www.semrush.com/bot.html)" "mantech8.com"
185.191.171.3 - - [16/Dec/2022:17:37:26 -0800] "GET /index.php?camp-fire%2F1927951.html HTTP/1.1" 500 - "-" "Mozilla/5.0 (compatible; SemrushBot/7~bl; +http://www.semrush.com/bot.html)" "mantech8.com"
114.119.156.132 - - [16/Dec/2022:17:37:29 -0800] "GET /&sa=U&ved=0ahUKEwi5iaDl8PP7AhX-SmwGHQKtBlYQ61gIPSgN&usg=AOvVaw0qH2YjOJbnd9Cf0EawaRBh HTTP/1.1" 404 88 "https://www.google.com.br/maps/search/Mantec-" "Mozilla/5.0 (Linux; Android 7.0;) AppleWebKit/537.36 (KHTML, like Gecko) Mobile Safari/537.36 (compatible; PetalBot;+https://webmaster.petalsearch.com/site/petalbot)" "www.mantech8.com"
185.191.171.4 - - [16/Dec/2022:17:37:43 -0800] "GET /?camp-fire%2F23950933.html HTTP/1.1" 500 - "-" "Mozilla/5.0 (compatible; SemrushBot/7~bl; +http://www.semrush.com/bot.html)" "mantech8.com"
185.191.171.24 - - [16/Dec/2022:17:38:19 -0800] "GET /?camp-fire%2F37348506.html HTTP/1.1" 500 - "-" "Mozilla/5.0 (compatible; SemrushBot/7~bl; +http://www.semrush.com/bot.html)" "mantech8.com"
185.191.171.35 - - [16/Dec/2022:17:39:28 -0800] "GET /?camp-fire%2F36415776.html HTTP/1.1" 500 - "-" "Mozilla/5.0 (compatible; SemrushBot/7~bl; +http://www.semrush.com/bot.html)" "mantech8.com"
114.119.150.49 - - [16/Dec/2022:17:39:42 -0800] "GET /bimages/paintg/thump/?C=D%3BO%3DA HTTP/1.1" 200 483 "http://www.mantech8.com/bimages/paintg/thump/" "Mozilla/5.0 (Linux; Android 7.0;) AppleWebKit/537.36 (KHTML, like Gecko) Mobile Safari/537.36 (compatible; PetalBot;+https://webmaster.petalsearch.com/site/petalbot)" "www.mantech8.com"
74.208.2.182 - - [16/Dec/2022:17:39:49 -0800] "GET /sitemapindex.xml HTTP/1.1" 404 88 "-" "IonCrawl (https://www.ionos.de/terms-gtc/faq-crawler-en/)" "mantech8.com"
74.208.2.182 - - [16/Dec/2022:17:39:50 -0800] "GET / HTTP/1.1" 500 - "-" "IonCrawl (https://www.ionos.de/terms-gtc/faq-crawler-en/)" "mantech8.com"
74.208.2.182 - - [16/Dec/2022:17:39:52 -0800] "GET /wp-admin/admin-ajax.php HTTP/1.1" 404 88 "-" "IonCrawl (https://www.ionos.de/terms-gtc/faq-crawler-en/)" "mantech8.com"
185.191.171.20 - - [16/Dec/2022:17:40:25 -0800] "GET /?camp-fire%2F32677163.html HTTP/1.1" 500 - "-" "Mozilla/5.0 (compatible; SemrushBot/7~bl; +http://www.semrush.com/bot.html)" "mantech8.com"
185.191.171.42 - - [16/Dec/2022:17:40:48 -0800] "GET /?camp-fire%2F28462935.html HTTP/1.1" 500 - "-" "Mozilla/5.0 (compatible; SemrushBot/7~bl; +http://www.semrush.com/bot.html)" "mantech8.com"
185.191.171.41 - - [16/Dec/2022:17:41:18 -0800] "GET /?camp-fire%2F29590289.html HTTP/1.1" 500 - "-" "Mozilla/5.0 (compatible; SemrushBot/7~bl; +http://www.semrush.com/bot.html)" "mantech8.com"
114.119.140.219 - - [16/Dec/2022:17:41:22 -0800] "GET /bimages/elect/tsiloevzaj.php HTTP/1.1" 200 32 "http://mantech8.com/bimages/elect/" "Mozilla/5.0 (Linux; Android 7.0;) AppleWebKit/537.36 (KHTML, like Gecko) Mobile Safari/537.36 (compatible; PetalBot;+https://webmaster.petalsearch.com/site/petalbot)" "mantech8.com"
185.191.171.12 - - [16/Dec/2022:17:41:23 -0800] "GET /?camp-fire%2F35752250.html HTTP/1.1" 500 - "-" "Mozilla/5.0 (compatible; SemrushBot/7~bl; +http://www.semrush.com/bot.html)" "mantech8.com"
185.191.171.37 - - [16/Dec/2022:17:42:33 -0800] "GET /?camp-fire%2F38569155.html HTTP/1.1" 500 - "-" "Mozilla/5.0 (compatible; SemrushBot/7~bl; +http://www.semrush.com/bot.html)" "mantech8.com"
185.191.171.16 - - [16/Dec/2022:17:42:44 -0800] "GET /?camp-fire%2F33304165.html HTTP/1.1" 500 - "-" "Mozilla/5.0 (compatible; SemrushBot/7~bl; +http://www.semrush.com/bot.html)" "mantech8.com"
185.191.171.13 - - [16/Dec/2022:17:43:03 -0800] "GET /?camp-fire%2F39966735.html HTTP/1.1" 500 - "-" "Mozilla/5.0 (compatible; SemrushBot/7~bl; +http://www.semrush.com/bot.html)" "mantech8.com"
157.55.39.138 - - [16/Dec/2022:17:43:04 -0800] "GET /F2si-66beb-DkYqe.Ii HTTP/1.1" 404 88 "-" "Mozilla/5.0 AppleWebKit/537.36 (KHTML, like Gecko; compatible; bingbot/2.0; +http://www.bing.com/bingbot.htm) Chrome/103.0.5060.134 Safari/537.36" "www.mantech8.com"
185.191.171.17 - - [16/Dec/2022:17:43:16 -0800] "GET /?camp-fire%2F44858971.html HTTP/1.1" 500 - "-" "Mozilla/5.0 (compatible; SemrushBot/7~bl; +http://www.semrush.com/bot.html)" "mantech8.com"
157.55.39.138 - - [16/Dec/2022:17:43:25 -0800] "GET /F2si-66beb-DkYqe.Ii HTTP/1.1" 404 88 "-" "Mozilla/5.0 AppleWebKit/537.36 (KHTML, like Gecko; compatible; bingbot/2.0; +http://www.bing.com/bingbot.htm) Chrome/103.0.5060.134 Safari/537.36" "www.mantech8.com"
185.191.171.6 - - [16/Dec/2022:17:43:35 -0800] "GET /?camp-fire%2F39047235.html HTTP/1.1" 500 - "-" "Mozilla/5.0 (compatible; SemrushBot/7~bl; +http://www.semrush.com/bot.html)" "mantech8.com"
185.191.171.16 - - [16/Dec/2022:17:43:47 -0800] "GET /?camp-fire%2F36917865.html HTTP/1.1" 500 - "-" "Mozilla/5.0 (compatible; SemrushBot/7~bl; +http://www.semrush.com/bot.html)" "mantech8.com"
185.191.171.3 - - [16/Dec/2022:17:43:54 -0800] "GET /index.php/camp-fire/2121969.html HTTP/1.1" 500 - "-" "Mozilla/5.0 (compatible; SemrushBot/7~bl; +http://www.semrush.com/bot.html)" "mantech8.com"
185.191.171.36 - - [16/Dec/2022:17:44:45 -0800] "GET /?camp-fire%2F35484938.html HTTP/1.1" 500 - "-" "Mozilla/5.0 (compatible; SemrushBot/7~bl; +http://www.semrush.com/bot.html)" "mantech8.com"
157.55.39.138 - - [16/Dec/2022:17:45:26 -0800] "GET / HTTP/1.1" 200 64504 "-" "Mozilla/5.0 AppleWebKit/537.36 (KHTML, like Gecko; compatible; bingbot/2.0; +http://www.bing.com/bingbot.htm) Chrome/103.0.5060.134 Safari/537.36" "www.mantech8.com"
185.191.171.36 - - [16/Dec/2022:17:45:36 -0800] "GET /?camp-fire%2F33882925.html HTTP/1.1" 500 - "-" "Mozilla/5.0 (compatible; SemrushBot/7~bl; +http://www.semrush.com/bot.html)" "mantech8.com"
185.191.171.36 - - [16/Dec/2022:17:45:48 -0800] "GET /?camp-fire%2F34974721.html HTTP/1.1" 500 - "-" "Mozilla/5.0 (compatible; SemrushBot/7~bl; +http://www.semrush.com/bot.html)" "mantech8.com"
185.191.171.42 - - [16/Dec/2022:17:46:18 -0800] "GET /index.php?camp-fire%2F9113978.html HTTP/1.1" 500 - "-" "Mozilla/5.0 (compatible; SemrushBot/7~bl; +http://www.semrush.com/bot.html)" "mantech8.com"
185.191.171.18 - - [16/Dec/2022:17:47:44 -0800] "GET /?camp-fire%2F42602061.html HTTP/1.1" 500 - "-" "Mozilla/5.0 (compatible; SemrushBot/7~bl; +http://www.semrush.com/bot.html)" "mantech8.com"
157.55.39.192 - - [16/Dec/2022:17:47:54 -0800] "GET /MKJW-a4bf-BYdza.Ii HTTP/1.1" 404 88 "-" "Mozilla/5.0 AppleWebKit/537.36 (KHTML, like Gecko; compatible; bingbot/2.0; +http://www.bing.com/bingbot.htm) Chrome/103.0.5060.134 Safari/537.36" "www.mantech8.com"
207.46.13.163 - - [16/Dec/2022:17:48:03 -0800] "GET /WsuM-33e7afebfe-eLnIa.Ii HTTP/1.1" 404 88 "-" "Mozilla/5.0 (compatible; bingbot/2.0; +http://www.bing.com/bingbot.htm)" "www.mantech8.com"
207.46.13.163 - - [16/Dec/2022:17:48:23 -0800] "GET /WsuM-33e7afebfe-eLnIa.Ii HTTP/1.1" 404 88 "-" "Mozilla/5.0 AppleWebKit/537.36 (KHTML, like Gecko; compatible; bingbot/2.0; +http://www.bing.com/bingbot.htm) Chrome/103.0.5060.134 Safari/537.36" "www.mantech8.com"
185.191.171.6 - - [16/Dec/2022:17:49:16 -0800] "GET /?camp-fire%2F91867865.html HTTP/1.1" 500 - "-" "Mozilla/5.0 (compatible; SemrushBot/7~bl; +http://www.semrush.com/bot.html)" "mantech8.com"
185.191.171.43 - - [16/Dec/2022:17:49:24 -0800] "GET /index.php/camp-fire/51541371.html HTTP/1.1" 500 - "-" "Mozilla/5.0 (compatible; SemrushBot/7~bl; +http://www.semrush.com/bot.html)" "mantech8.com"
185.191.171.5 - - [16/Dec/2022:17:49:29 -0800] "GET /?camp-fire%2F89170983.html HTTP/1.1" 500 - "-" "Mozilla/5.0 (compatible; SemrushBot/7~bl; +http://www.semrush.com/bot.html)" "mantech8.com"
185.191.171.26 - - [16/Dec/2022:17:49:37 -0800] "GET /?camp-fire%2F33778208.html HTTP/1.1" 500 - "-" "Mozilla/5.0 (compatible; SemrushBot/7~bl; +http://www.semrush.com/bot.html)" "mantech8.com"
114.119.139.94 - - [16/Dec/2022:17:50:42 -0800] "GET /?manlundang.xml HTTP/1.1" 200 270630 "-" "Mozilla/5.0 (Linux; Android 7.0;) AppleWebKit/537.36 (KHTML, like Gecko) Mobile Safari/537.36 (compatible; PetalBot;+https://webmaster.petalsearch.com/site/petalbot)" "mantech8.com"
185.191.171.1 - - [16/Dec/2022:17:51:11 -0800] "GET /?camp-fire%2F38679808.html HTTP/1.1" 500 - "-" "Mozilla/5.0 (compatible; SemrushBot/7~bl; +http://www.semrush.com/bot.html)" "mantech8.com"
185.191.171.16 - - [16/Dec/2022:17:52:36 -0800] "GET /?camp-fire%2F38420541.html HTTP/1.1" 500 - "-" "Mozilla/5.0 (compatible; SemrushBot/7~bl; +http://www.semrush.com/bot.html)" "mantech8.com"
185.191.171.21 - - [16/Dec/2022:17:53:08 -0800] "GET /index.php?camp-fire%2F24517730.html HTTP/1.1" 500 - "-" "Mozilla/5.0 (compatible; SemrushBot/7~bl; +http://www.semrush.com/bot.html)" "mantech8.com"
185.191.171.11 - - [16/Dec/2022:17:53:25 -0800] "GET /index.php?camp-fire%2F18080381.html HTTP/1.1" 500 - "-" "Mozilla/5.0 (compatible; SemrushBot/7~bl; +http://www.semrush.com/bot.html)" "mantech8.com"
185.191.171.38 - - [16/Dec/2022:17:53:35 -0800] "GET /?camp-fire%2F39371408.html HTTP/1.1" 500 - "-" "Mozilla/5.0 (compatible; SemrushBot/7~bl; +http://www.semrush.com/bot.html)" "mantech8.com"
194.88.152.40 - - [16/Dec/2022:17:53:36 -0800] "GET /contact.php HTTP/1.1" 200 29237 "http://mantech8.com/contact.php" "Mozilla/5.0 (Windows NT 10.0; WOW64) AppleWebKit/537.36 (KHTML, like Gecko) Chrome/90.0.4430.93 Safari/537.36" "mantech8.com"
