185.191.171.35 - - [17/Dec/2022:10:55:52 -0800] "GET /?camp-fire%2F34038916.html HTTP/1.1" 500 - "-" "Mozilla/5.0 (compatible; SemrushBot/7~bl; +http://www.semrush.com/bot.html)" "mantech8.com"
185.191.171.40 - - [17/Dec/2022:10:56:04 -0800] "GET /?camp-fire%2F24679030.html HTTP/1.1" 500 - "-" "Mozilla/5.0 (compatible; SemrushBot/7~bl; +http://www.semrush.com/bot.html)" "mantech8.com"
185.191.171.42 - - [17/Dec/2022:10:56:13 -0800] "GET /?camp-fire%2F23666606.html HTTP/1.1" 500 - "-" "Mozilla/5.0 (compatible; SemrushBot/7~bl; +http://www.semrush.com/bot.html)" "mantech8.com"
185.191.171.19 - - [17/Dec/2022:10:56:29 -0800] "GET /?camp-fire%2F102924070.html HTTP/1.1" 500 - "-" "Mozilla/5.0 (compatible; SemrushBot/7~bl; +http://www.semrush.com/bot.html)" "mantech8.com"
185.191.171.19 - - [17/Dec/2022:10:57:01 -0800] "GET /?camp-fire%2F38718935.html HTTP/1.1" 500 - "-" "Mozilla/5.0 (compatible; SemrushBot/7~bl; +http://www.semrush.com/bot.html)" "mantech8.com"
185.191.171.7 - - [17/Dec/2022:10:57:20 -0800] "GET /?camp-fire%2F22136185.html HTTP/1.1" 500 - "-" "Mozilla/5.0 (compatible; SemrushBot/7~bl; +http://www.semrush.com/bot.html)" "mantech8.com"
216.244.66.241 - - [17/Dec/2022:10:57:31 -0800] "GET /robots.txt HTTP/1.1" 200 222 "-" "Mozilla/5.0 (compatible; DotBot/1.2; +https://opensiteexplorer.org/dotbot; help@moz.com)" "mantech8.com"
216.244.66.241 - - [17/Dec/2022:10:57:31 -0800] "GET /robots.txt HTTP/1.1" 200 222 "-" "Mozilla/5.0 (compatible; DotBot/1.2; +https://opensiteexplorer.org/dotbot; help@moz.com)" "www.mantech8.com"
185.191.171.24 - - [17/Dec/2022:10:57:44 -0800] "GET /index.php/camp-fire/18906690.html HTTP/1.1" 500 - "-" "Mozilla/5.0 (compatible; SemrushBot/7~bl; +http://www.semrush.com/bot.html)" "mantech8.com"
185.191.171.44 - - [17/Dec/2022:10:58:02 -0800] "GET /?camp-fire%2F28358035.html HTTP/1.1" 500 - "-" "Mozilla/5.0 (compatible; SemrushBot/7~bl; +http://www.semrush.com/bot.html)" "mantech8.com"
185.191.171.14 - - [17/Dec/2022:11:00:11 -0800] "GET /index.php/camp-fire/32944925.html HTTP/1.1" 500 - "-" "Mozilla/5.0 (compatible; SemrushBot/7~bl; +http://www.semrush.com/bot.html)" "mantech8.com"
91.239.130.203 - - [17/Dec/2022:11:01:16 -0800] "GET /wp-activate.php?h3ct0r=sec HTTP/1.1" 404 88 "-" "Mozilla/5.0 (Windows NT 10.0; Win64; x64) AppleWebKit/537.36 (KHTML, like Gecko) Chrome/90.0.4430.85 Safari/537.36" "www.mantech8.com"
185.191.171.18 - - [17/Dec/2022:11:01:58 -0800] "GET /robots.txt HTTP/1.1" 200 106 "-" "Mozilla/5.0 (compatible; SemrushBot/7~bl; +http://www.semrush.com/bot.html)" "mantech8.com"
185.191.171.2 - - [17/Dec/2022:11:01:58 -0800] "GET /?camp-fire%2F35139225.html HTTP/1.1" 500 - "-" "Mozilla/5.0 (compatible; SemrushBot/7~bl; +http://www.semrush.com/bot.html)" "mantech8.com"
91.239.130.203 - - [17/Dec/2022:11:02:15 -0800] "GET /cgi-bin/wp-supports.php?h3ct0r=sec HTTP/1.1" 404 88 "-" "Mozilla/5.0 (Windows NT 10.0; Win64; x64) AppleWebKit/537.36 (KHTML, like Gecko) Chrome/90.0.4430.85 Safari/537.36" "www.mantech8.com"
192.29.97.49 - - [17/Dec/2022:11:02:39 -0800] "HEAD /robots.txt HTTP/1.1" 200 - "-" "DF Bot 1.0" "www.mantech8.com"
192.29.97.49 - - [17/Dec/2022:11:02:39 -0800] "GET /robots.txt HTTP/1.1" 200 222 "-" "DF Bot 1.0" "www.mantech8.com"
192.29.97.49 - - [17/Dec/2022:11:02:40 -0800] "GET / HTTP/1.1" 500 - "-" "DF Bot 1.0" "www.mantech8.com"
91.239.130.203 - - [17/Dec/2022:11:03:43 -0800] "GET /wp-secure.php HTTP/1.1" 404 88 "-" "Mozilla/5.0 (Windows NT 10.0; Win64; x64) AppleWebKit/537.36 (KHTML, like Gecko) Chrome/90.0.4430.85 Safari/537.36" "www.mantech8.com"
185.191.171.42 - - [17/Dec/2022:11:04:51 -0800] "GET /?camp-fire%2F36919450.html HTTP/1.1" 500 - "-" "Mozilla/5.0 (compatible; SemrushBot/7~bl; +http://www.semrush.com/bot.html)" "mantech8.com"
91.239.130.203 - - [17/Dec/2022:11:05:04 -0800] "GET /wp-secure.php HTTP/1.1" 404 88 "-" "Mozilla/5.0 (Windows NT 10.0; Win64; x64) AppleWebKit/537.36 (KHTML, like Gecko) Chrome/90.0.4430.85 Safari/537.36" "www.mantech8.com"
91.239.130.203 - - [17/Dec/2022:11:05:18 -0800] "GET /wikindex.php?h3ct0r=sec HTTP/1.1" 404 88 "-" "Mozilla/5.0 (Windows NT 10.0; Win64; x64) AppleWebKit/537.36 (KHTML, like Gecko) Chrome/90.0.4430.85 Safari/537.36" "www.mantech8.com"
185.191.171.43 - - [17/Dec/2022:11:05:44 -0800] "GET /?camp-fire%2F34954732.html HTTP/1.1" 500 - "-" "Mozilla/5.0 (compatible; SemrushBot/7~bl; +http://www.semrush.com/bot.html)" "mantech8.com"
207.46.13.51 - - [17/Dec/2022:11:05:50 -0800] "GET /index.php/s0KV-aced-osOLj.Ii HTTP/1.1" 200 70487 "-" "Mozilla/5.0 AppleWebKit/537.36 (KHTML, like Gecko; compatible; bingbot/2.0; +http://www.bing.com/bingbot.htm) Chrome/103.0.5060.134 Safari/537.36" "mantech8.com"
185.191.171.4 - - [17/Dec/2022:11:05:54 -0800] "GET /?camp-fire%2F27640709.html HTTP/1.1" 500 - "-" "Mozilla/5.0 (compatible; SemrushBot/7~bl; +http://www.semrush.com/bot.html)" "mantech8.com"
185.191.171.26 - - [17/Dec/2022:11:05:55 -0800] "GET /?camp-fire%2F22495265.html HTTP/1.1" 500 - "-" "Mozilla/5.0 (compatible; SemrushBot/7~bl; +http://www.semrush.com/bot.html)" "mantech8.com"
185.191.171.3 - - [17/Dec/2022:11:06:18 -0800] "GET /?camp-fire%2F40310741.html HTTP/1.1" 500 - "-" "Mozilla/5.0 (compatible; SemrushBot/7~bl; +http://www.semrush.com/bot.html)" "mantech8.com"
91.239.130.203 - - [17/Dec/2022:11:06:18 -0800] "GET /wp-content/wp-supports.php?h3ct0r=sec HTTP/1.1" 404 88 "-" "Mozilla/5.0 (Windows NT 10.0; Win64; x64) AppleWebKit/537.36 (KHTML, like Gecko) Chrome/90.0.4430.85 Safari/537.36" "www.mantech8.com"
185.191.171.26 - - [17/Dec/2022:11:06:19 -0800] "GET /index.php/camp-fire/45334866.html HTTP/1.1" 500 - "-" "Mozilla/5.0 (compatible; SemrushBot/7~bl; +http://www.semrush.com/bot.html)" "mantech8.com"
185.191.171.26 - - [17/Dec/2022:11:06:41 -0800] "GET /?camp-fire%2F33024968.html HTTP/1.1" 500 - "-" "Mozilla/5.0 (compatible; SemrushBot/7~bl; +http://www.semrush.com/bot.html)" "mantech8.com"
114.119.138.185 - - [17/Dec/2022:11:06:52 -0800] "GET /index.php?megatheroid.xml HTTP/1.1" 200 289343 "-" "Mozilla/5.0 (compatible;PetalBot;+https://webmaster.petalsearch.com/site/petalbot)" "mantech8.com"
185.191.171.4 - - [17/Dec/2022:11:08:07 -0800] "GET /?camp-fire%2F26135651.html HTTP/1.1" 500 - "-" "Mozilla/5.0 (compatible; SemrushBot/7~bl; +http://www.semrush.com/bot.html)" "mantech8.com"
185.191.171.2 - - [17/Dec/2022:11:08:36 -0800] "GET /?camp-fire%2F27942459.html HTTP/1.1" 500 - "-" "Mozilla/5.0 (compatible; SemrushBot/7~bl; +http://www.semrush.com/bot.html)" "mantech8.com"
185.191.171.25 - - [17/Dec/2022:11:08:45 -0800] "GET /?camp-fire%2F48572160.html HTTP/1.1" 500 - "-" "Mozilla/5.0 (compatible; SemrushBot/7~bl; +http://www.semrush.com/bot.html)" "mantech8.com"
185.191.171.22 - - [17/Dec/2022:11:09:34 -0800] "GET /?camp-fire%2F35109508.html HTTP/1.1" 500 - "-" "Mozilla/5.0 (compatible; SemrushBot/7~bl; +http://www.semrush.com/bot.html)" "mantech8.com"
185.191.171.18 - - [17/Dec/2022:11:09:40 -0800] "GET /?camp-fire%2F35788508.html HTTP/1.1" 500 - "-" "Mozilla/5.0 (compatible; SemrushBot/7~bl; +http://www.semrush.com/bot.html)" "mantech8.com"
185.191.171.15 - - [17/Dec/2022:11:10:28 -0800] "GET /?camp-fire%2F29047266.html HTTP/1.1" 500 - "-" "Mozilla/5.0 (compatible; SemrushBot/7~bl; +http://www.semrush.com/bot.html)" "mantech8.com"
185.191.171.15 - - [17/Dec/2022:11:11:24 -0800] "GET /?camp-fire%2F39066035.html HTTP/1.1" 500 - "-" "Mozilla/5.0 (compatible; SemrushBot/7~bl; +http://www.semrush.com/bot.html)" "mantech8.com"
185.191.171.15 - - [17/Dec/2022:11:11:32 -0800] "GET /?camp-fire%2F32541665.html HTTP/1.1" 500 - "-" "Mozilla/5.0 (compatible; SemrushBot/7~bl; +http://www.semrush.com/bot.html)" "mantech8.com"
185.191.171.24 - - [17/Dec/2022:11:11:53 -0800] "GET /index.php/camp-fire/14234465.html HTTP/1.1" 500 - "-" "Mozilla/5.0 (compatible; SemrushBot/7~bl; +http://www.semrush.com/bot.html)" "mantech8.com"
185.191.171.44 - - [17/Dec/2022:11:12:23 -0800] "GET /?camp-fire%2F35853438.html HTTP/1.1" 500 - "-" "Mozilla/5.0 (compatible; SemrushBot/7~bl; +http://www.semrush.com/bot.html)" "mantech8.com"
185.191.171.9 - - [17/Dec/2022:11:12:24 -0800] "GET /?camp-fire%2F21766917.html HTTP/1.1" 500 - "-" "Mozilla/5.0 (compatible; SemrushBot/7~bl; +http://www.semrush.com/bot.html)" "mantech8.com"
185.191.171.45 - - [17/Dec/2022:11:13:40 -0800] "GET /?camp-fire%2F37227541.html HTTP/1.1" 500 - "-" "Mozilla/5.0 (compatible; SemrushBot/7~bl; +http://www.semrush.com/bot.html)" "mantech8.com"
185.191.171.16 - - [17/Dec/2022:11:14:02 -0800] "GET /?camp-fire%2F32818530.html HTTP/1.1" 500 - "-" "Mozilla/5.0 (compatible; SemrushBot/7~bl; +http://www.semrush.com/bot.html)" "mantech8.com"
185.191.171.9 - - [17/Dec/2022:11:14:44 -0800] "GET /?camp-fire%2F41792403.html HTTP/1.1" 500 - "-" "Mozilla/5.0 (compatible; SemrushBot/7~bl; +http://www.semrush.com/bot.html)" "mantech8.com"
185.191.171.35 - - [17/Dec/2022:11:15:00 -0800] "GET /?camp-fire%2F38135903.html HTTP/1.1" 500 - "-" "Mozilla/5.0 (compatible; SemrushBot/7~bl; +http://www.semrush.com/bot.html)" "mantech8.com"
172.241.38.75 - - [17/Dec/2022:11:15:34 -0800] "GET /contact.php HTTP/1.1" 200 29238 "-" "Mozilla/5.0 (X11; Linux i686) AppleWebKit/537.36 (KHTML, like Gecko) Chrome/103.0.0.0 Safari/537.36 Vivaldi/5.3.2679.68" "www.mantech8.com"
172.241.38.75 - - [17/Dec/2022:11:15:35 -0800] "GET /verificationimage.php?2999 HTTP/1.1" 200 1426 "http://www.mantech8.com/mailer.php" "Mozilla/5.0 (X11; Linux i686) AppleWebKit/537.36 (KHTML, like Gecko) Chrome/103.0.0.0 Safari/537.36 Vivaldi/5.3.2679.68" "www.mantech8.com"
172.241.38.75 - - [17/Dec/2022:11:15:36 -0800] "GET /mailer.php?name=Elton+Geoghegan&email=elton.geoghegan%40gmail.com&phone=0344+6180824&message=Hey%2C%0D%0A%0D%0AAre+you+looking+for+a+way+to+get+more+traffic+and+leads+for+your+business%3F+One+of+the+best+ways+to+do+it+is+through+search+engine+optimization+(SEO).+And+one+of+the+most+important+factors+in+SEO+is+backlinks.%0D%0A%0D%0AClick+here+to+get+the+offer+%3E%3E%3E+https://warriorplus.com/o2/a/zplwq4/0%0D%0A%0D%0A%0D%0AThat%27s+where+BacklinkMaker+With+Exclusive+Bonuses+Now+comes+in.+Our+software+makes+it+easy+to+find+and+secure+high-quality+backlinks+from+relevant+websites.+These+backlinks+can+help+your+website+rank+higher+in+search+results%2C+which+means+more+traffic+and+leads+for+you.%0D%0A%0D%0AWith+Thanks+to+the+brand+new+AI-powered+software+BacklinkMaker+you%E2%80%99ll+get+Unlimited+Backlinks+%26+Real+Human+Traffic+to+your+website+%26+Youtube+channels%2C+%0D%0A%0D%0Ayou+can:%0D%0AFind+and+secure+backlinks+from+authority+websites%0D%0AMonitor+and+track+your+backlinks+to+ensure+they+are+still+active%0D%0AGet+a+detailed+report+of+your+backlink+profile+to+see+how+it%27s+helping+your+rankings%0D%0A%0D%0A%3D%3E+Get+Your+BacklinkMaker+Lifetime+Account+%2B+Commercial++Licence+at+a+One-Time+Price+%3E%3E%3E+https://warriorplus.com/o2/a/zplwq4/0%0D%0A%0D%0A%0D%0A%0D%0ADon%27t+miss+out+on+this+opportunity+to+improve+your+SEO+and+get+more+traffic+and+leads.+Try+AI-powered+software+BacklinkMaker+today+and+see+the+difference+it+can+make+for+your+business.%0D%0A%0D%0ABest+Regards&verif_box=4709 HTTP/1.1" 500 - "http://www.mantech8.com/contact.php" "Mozilla/5.0 (X11; Linux i686) AppleWebKit/537.36 (KHTML, like Gecko) Chrome/103.0.0.0 Safari/537.36 Vivaldi/5.3.2679.68" "www.mantech8.com"
185.191.171.9 - - [17/Dec/2022:11:15:36 -0800] "GET /?camp-fire%2F28418526.html HTTP/1.1" 500 - "-" "Mozilla/5.0 (compatible; SemrushBot/7~bl; +http://www.semrush.com/bot.html)" "mantech8.com"
185.191.171.6 - - [17/Dec/2022:11:16:50 -0800] "GET /?camp-fire%2F28408164.html HTTP/1.1" 500 - "-" "Mozilla/5.0 (compatible; SemrushBot/7~bl; +http://www.semrush.com/bot.html)" "mantech8.com"
185.191.171.38 - - [17/Dec/2022:11:16:56 -0800] "GET /?camp-fire%2F65976063.html HTTP/1.1" 500 - "-" "Mozilla/5.0 (compatible; SemrushBot/7~bl; +http://www.semrush.com/bot.html)" "mantech8.com"
185.191.171.24 - - [17/Dec/2022:11:18:08 -0800] "GET /?camp-fire%2F34399908.html HTTP/1.1" 500 - "-" "Mozilla/5.0 (compatible; SemrushBot/7~bl; +http://www.semrush.com/bot.html)" "mantech8.com"
185.191.171.15 - - [17/Dec/2022:11:18:36 -0800] "GET /?camp-fire%2F38233571.html HTTP/1.1" 500 - "-" "Mozilla/5.0 (compatible; SemrushBot/7~bl; +http://www.semrush.com/bot.html)" "mantech8.com"
185.191.171.4 - - [17/Dec/2022:11:19:01 -0800] "GET /?camp-fire%2F32216747.html HTTP/1.1" 500 - "-" "Mozilla/5.0 (compatible; SemrushBot/7~bl; +http://www.semrush.com/bot.html)" "mantech8.com"
66.249.70.178 - - [17/Dec/2022:11:20:40 -0800] "GET /athermallize.xml HTTP/1.1" 404 88 "-" "Mozilla/5.0 (compatible; Googlebot/2.1; +http://www.google.com/bot.html)" "mantech8.com"
185.191.171.9 - - [17/Dec/2022:11:21:25 -0800] "GET /?camp-fire%2F30643174.html HTTP/1.1" 500 - "-" "Mozilla/5.0 (compatible; SemrushBot/7~bl; +http://www.semrush.com/bot.html)" "mantech8.com"
185.191.171.3 - - [17/Dec/2022:11:21:47 -0800] "GET /?camp-fire%2F24244150.html HTTP/1.1" 500 - "-" "Mozilla/5.0 (compatible; SemrushBot/7~bl; +http://www.semrush.com/bot.html)" "mantech8.com"
185.191.171.21 - - [17/Dec/2022:11:22:27 -0800] "GET /?camp-fire%2F34822659.html HTTP/1.1" 500 - "-" "Mozilla/5.0 (compatible; SemrushBot/7~bl; +http://www.semrush.com/bot.html)" "mantech8.com"
185.191.171.2 - - [17/Dec/2022:11:23:16 -0800] "GET /?camp-fire%2F25509380.html HTTP/1.1" 500 - "-" "Mozilla/5.0 (compatible; SemrushBot/7~bl; +http://www.semrush.com/bot.html)" "mantech8.com"
185.191.171.1 - - [17/Dec/2022:11:23:42 -0800] "GET /?camp-fire%2F27763621.html HTTP/1.1" 500 - "-" "Mozilla/5.0 (compatible; SemrushBot/7~bl; +http://www.semrush.com/bot.html)" "mantech8.com"
40.77.167.48 - - [17/Dec/2022:11:23:58 -0800] "GET / HTTP/1.1" 200 64452 "-" "Mozilla/5.0 (compatible; bingbot/2.0; +http://www.bing.com/bingbot.htm)" "www.mantech8.com"
185.191.171.16 - - [17/Dec/2022:11:24:27 -0800] "GET /?camp-fire%2F30082689.html HTTP/1.1" 500 - "-" "Mozilla/5.0 (compatible; SemrushBot/7~bl; +http://www.semrush.com/bot.html)" "mantech8.com"
207.46.13.51 - - [17/Dec/2022:11:24:42 -0800] "GET /9hDJ-aa4ddecdc-BomeR.Ii HTTP/1.1" 404 88 "-" "Mozilla/5.0 (compatible; bingbot/2.0; +http://www.bing.com/bingbot.htm)" "www.mantech8.com"
185.191.171.4 - - [17/Dec/2022:11:24:56 -0800] "GET /?camp-fire%2F24968732.html HTTP/1.1" 500 - "-" "Mozilla/5.0 (compatible; SemrushBot/7~bl; +http://www.semrush.com/bot.html)" "mantech8.com"
207.46.13.51 - - [17/Dec/2022:11:25:02 -0800] "GET /9hDJ-aa4ddecdc-BomeR.Ii HTTP/1.1" 404 88 "-" "Mozilla/5.0 (compatible; bingbot/2.0; +http://www.bing.com/bingbot.htm)" "www.mantech8.com"
185.191.171.37 - - [17/Dec/2022:11:25:52 -0800] "GET /?camp-fire%2F36152160.html HTTP/1.1" 500 - "-" "Mozilla/5.0 (compatible; SemrushBot/7~bl; +http://www.semrush.com/bot.html)" "mantech8.com"
207.46.13.15 - - [17/Dec/2022:11:26:05 -0800] "GET /index.php?camp-fire/487.html HTTP/1.1" 200 68313 "-" "Mozilla/5.0 (compatible; bingbot/2.0; +http://www.bing.com/bingbot.htm)" "www.mantech8.com"
185.191.171.41 - - [17/Dec/2022:11:27:07 -0800] "GET /?camp-fire%2F44351135.html HTTP/1.1" 500 - "-" "Mozilla/5.0 (compatible; SemrushBot/7~bl; +http://www.semrush.com/bot.html)" "mantech8.com"
91.239.130.203 - - [17/Dec/2022:11:28:28 -0800] "GET /smtphec.php?66=sec HTTP/1.1" 404 88 "-" "Mozilla/5.0 (Windows NT 10.0; Win64; x64) AppleWebKit/537.36 (KHTML, like Gecko) Chrome/90.0.4430.85 Safari/537.36" "www.mantech8.com"
185.191.171.44 - - [17/Dec/2022:11:28:28 -0800] "GET /?camp-fire%2F42823634.html HTTP/1.1" 500 - "-" "Mozilla/5.0 (compatible; SemrushBot/7~bl; +http://www.semrush.com/bot.html)" "mantech8.com"
185.191.171.23 - - [17/Dec/2022:11:28:45 -0800] "GET /?camp-fire%2F35646050.html HTTP/1.1" 500 - "-" "Mozilla/5.0 (compatible; SemrushBot/7~bl; +http://www.semrush.com/bot.html)" "mantech8.com"
157.55.39.192 - - [17/Dec/2022:11:29:08 -0800] "GET /index.php?camp-fire/90955659.html HTTP/1.1" 200 62891 "-" "Mozilla/5.0 (compatible; bingbot/2.0; +http://www.bing.com/bingbot.htm)" "mantech8.com"
91.239.130.203 - - [17/Dec/2022:11:29:57 -0800] "GET /wp-supports.php?h3ct0r=sec HTTP/1.1" 404 88 "-" "Mozilla/5.0 (Windows NT 10.0; Win64; x64) AppleWebKit/537.36 (KHTML, like Gecko) Chrome/90.0.4430.85 Safari/537.36" "www.mantech8.com"
185.191.171.14 - - [17/Dec/2022:11:29:58 -0800] "GET /?camp-fire%2F28722189.html HTTP/1.1" 500 - "-" "Mozilla/5.0 (compatible; SemrushBot/7~bl; +http://www.semrush.com/bot.html)" "mantech8.com"
185.191.171.38 - - [17/Dec/2022:11:30:15 -0800] "GET /?camp-fire%2F34647708.html HTTP/1.1" 500 - "-" "Mozilla/5.0 (compatible; SemrushBot/7~bl; +http://www.semrush.com/bot.html)" "mantech8.com"
185.191.171.26 - - [17/Dec/2022:11:30:30 -0800] "GET /?camp-fire%2F40236488.html HTTP/1.1" 500 - "-" "Mozilla/5.0 (compatible; SemrushBot/7~bl; +http://www.semrush.com/bot.html)" "mantech8.com"
185.191.171.16 - - [17/Dec/2022:11:31:00 -0800] "GET /?camp-fire%2F65082330.html HTTP/1.1" 500 - "-" "Mozilla/5.0 (compatible; SemrushBot/7~bl; +http://www.semrush.com/bot.html)" "mantech8.com"
185.191.171.22 - - [17/Dec/2022:11:31:05 -0800] "GET /?camp-fire%2F23473427.html HTTP/1.1" 500 - "-" "Mozilla/5.0 (compatible; SemrushBot/7~bl; +http://www.semrush.com/bot.html)" "mantech8.com"
185.191.171.38 - - [17/Dec/2022:11:31:52 -0800] "GET /?camp-fire%2F51839250.html HTTP/1.1" 500 - "-" "Mozilla/5.0 (compatible; SemrushBot/7~bl; +http://www.semrush.com/bot.html)" "mantech8.com"
185.191.171.4 - - [17/Dec/2022:11:32:14 -0800] "GET /?camp-fire%2F76850076.html HTTP/1.1" 500 - "-" "Mozilla/5.0 (compatible; SemrushBot/7~bl; +http://www.semrush.com/bot.html)" "mantech8.com"
91.239.130.203 - - [17/Dec/2022:11:33:04 -0800] "GET /wp-admin/wp-supports.php?h3ct0r=sec HTTP/1.1" 404 88 "-" "Mozilla/5.0 (Windows NT 10.0; Win64; x64) AppleWebKit/537.36 (KHTML, like Gecko) Chrome/90.0.4430.85 Safari/537.36" "www.mantech8.com"
185.191.171.36 - - [17/Dec/2022:11:33:06 -0800] "GET /?camp-fire%2F31213053.html HTTP/1.1" 500 - "-" "Mozilla/5.0 (compatible; SemrushBot/7~bl; +http://www.semrush.com/bot.html)" "mantech8.com"
185.191.171.7 - - [17/Dec/2022:11:33:29 -0800] "GET /?camp-fire%2F32446860.html HTTP/1.1" 500 - "-" "Mozilla/5.0 (compatible; SemrushBot/7~bl; +http://www.semrush.com/bot.html)" "mantech8.com"
185.191.171.7 - - [17/Dec/2022:11:34:26 -0800] "GET /?camp-fire%2F33489193.html HTTP/1.1" 500 - "-" "Mozilla/5.0 (compatible; SemrushBot/7~bl; +http://www.semrush.com/bot.html)" "mantech8.com"
185.191.171.37 - - [17/Dec/2022:11:34:37 -0800] "GET /?camp-fire%2F25064706.html HTTP/1.1" 500 - "-" "Mozilla/5.0 (compatible; SemrushBot/7~bl; +http://www.semrush.com/bot.html)" "mantech8.com"
185.191.171.13 - - [17/Dec/2022:11:34:38 -0800] "GET /?camp-fire%2F69601534.html HTTP/1.1" 500 - "-" "Mozilla/5.0 (compatible; SemrushBot/7~bl; +http://www.semrush.com/bot.html)" "mantech8.com"
185.191.171.33 - - [17/Dec/2022:11:35:51 -0800] "GET /?camp-fire%2F66548808.html HTTP/1.1" 500 - "-" "Mozilla/5.0 (compatible; SemrushBot/7~bl; +http://www.semrush.com/bot.html)" "mantech8.com"
185.191.171.36 - - [17/Dec/2022:11:35:54 -0800] "GET /?camp-fire%2F32383060.html HTTP/1.1" 500 - "-" "Mozilla/5.0 (compatible; SemrushBot/7~bl; +http://www.semrush.com/bot.html)" "mantech8.com"
40.77.167.48 - - [17/Dec/2022:11:36:50 -0800] "GET /YhFG-67f5eaaefe-ppIfj.Ii HTTP/1.1" 404 88 "-" "Mozilla/5.0 (compatible; bingbot/2.0; +http://www.bing.com/bingbot.htm)" "www.mantech8.com"
185.191.171.10 - - [17/Dec/2022:11:37:41 -0800] "GET /?camp-fire%2F35947542.html HTTP/1.1" 500 - "-" "Mozilla/5.0 (compatible; SemrushBot/7~bl; +http://www.semrush.com/bot.html)" "mantech8.com"
185.191.171.35 - - [17/Dec/2022:11:37:56 -0800] "GET /?camp-fire%2F28948271.html HTTP/1.1" 500 - "-" "Mozilla/5.0 (compatible; SemrushBot/7~bl; +http://www.semrush.com/bot.html)" "mantech8.com"
185.191.171.39 - - [17/Dec/2022:11:40:16 -0800] "GET /?camp-fire%2F35014908.html HTTP/1.1" 500 - "-" "Mozilla/5.0 (compatible; SemrushBot/7~bl; +http://www.semrush.com/bot.html)" "mantech8.com"
114.119.150.154 - - [17/Dec/2022:11:40:32 -0800] "GET /sitemap99.xml HTTP/1.1" 404 88 "-" "Mozilla/5.0 (compatible;PetalBot;+https://webmaster.petalsearch.com/site/petalbot)" "mantech8.com"
185.191.171.12 - - [17/Dec/2022:11:40:38 -0800] "GET /?camp-fire%2F39873217.html HTTP/1.1" 500 - "-" "Mozilla/5.0 (compatible; SemrushBot/7~bl; +http://www.semrush.com/bot.html)" "mantech8.com"
185.191.171.26 - - [17/Dec/2022:11:41:13 -0800] "GET /?camp-fire%2F23324798.html HTTP/1.1" 500 - "-" "Mozilla/5.0 (compatible; SemrushBot/7~bl; +http://www.semrush.com/bot.html)" "mantech8.com"
185.191.171.6 - - [17/Dec/2022:11:41:32 -0800] "GET /?camp-fire%2F36342325.html HTTP/1.1" 500 - "-" "Mozilla/5.0 (compatible; SemrushBot/7~bl; +http://www.semrush.com/bot.html)" "mantech8.com"
114.119.131.33 - - [17/Dec/2022:11:42:00 -0800] "GET /index.php?kiger.xml HTTP/1.1" 200 289404 "-" "Mozilla/5.0 (compatible;PetalBot;+https://webmaster.petalsearch.com/site/petalbot)" "mantech8.com"
185.191.171.9 - - [17/Dec/2022:11:42:09 -0800] "GET /?camp-fire%2F21605517.html HTTP/1.1" 500 - "-" "Mozilla/5.0 (compatible; SemrushBot/7~bl; +http://www.semrush.com/bot.html)" "mantech8.com"
40.77.167.48 - - [17/Dec/2022:11:42:40 -0800] "GET /bimages/vision/group.jpg HTTP/1.1" 200 104594 "-" "Mozilla/5.0 (compatible; bingbot/2.0; +http://www.bing.com/bingbot.htm)" "www.mantech8.com"
185.191.171.37 - - [17/Dec/2022:11:44:16 -0800] "GET /?camp-fire%2F48512638.html HTTP/1.1" 500 - "-" "Mozilla/5.0 (compatible; SemrushBot/7~bl; +http://www.semrush.com/bot.html)" "mantech8.com"
185.191.171.5 - - [17/Dec/2022:11:44:22 -0800] "GET /?camp-fire%2F22119665.html HTTP/1.1" 500 - "-" "Mozilla/5.0 (compatible; SemrushBot/7~bl; +http://www.semrush.com/bot.html)" "mantech8.com"
207.46.13.100 - - [17/Dec/2022:11:44:36 -0800] "GET /sitemapindeximages.xml HTTP/1.1" 404 88 "-" "Mozilla/5.0 AppleWebKit/537.36 (KHTML, like Gecko; compatible; bingbot/2.0; +http://www.bing.com/bingbot.htm) Chrome/103.0.5060.134 Safari/537.36" "mantech8.com"
207.46.13.100 - - [17/Dec/2022:11:44:36 -0800] "GET /sitemapindex.xml HTTP/1.1" 404 88 "-" "Mozilla/5.0 (compatible; bingbot/2.0; +http://www.bing.com/bingbot.htm)" "mantech8.com"
207.46.13.163 - - [17/Dec/2022:11:44:40 -0800] "GET /sitemapmobileindex.xml HTTP/1.1" 404 88 "-" "Mozilla/5.0 AppleWebKit/537.36 (KHTML, like Gecko; compatible; bingbot/2.0; +http://www.bing.com/bingbot.htm) Chrome/103.0.5060.134 Safari/537.36" "mantech8.com"
207.46.13.15 - - [17/Dec/2022:11:44:45 -0800] "GET /sitemapnewindex.xml HTTP/1.1" 404 88 "-" "Mozilla/5.0 AppleWebKit/537.36 (KHTML, like Gecko; compatible; bingbot/2.0; +http://www.bing.com/bingbot.htm) Chrome/103.0.5060.134 Safari/537.36" "mantech8.com"
198.98.59.120 - - [17/Dec/2022:11:45:07 -0800] "GET /contact.php HTTP/1.1" 200 29238 "http://mantech8.com/contact.php" "Mozilla/5.0 (Windows NT 6.3; Win64; x64) AppleWebKit/537.36 (KHTML, like Gecko) Chrome/90.0.4430.85 Safari/537.36" "mantech8.com"
198.98.59.120 - - [17/Dec/2022:11:45:09 -0800] "GET /verificationimage.php?2516 HTTP/1.1" 200 1359 "http://mantech8.com/contact.php" "Mozilla/5.0 (Windows NT 6.3; Win64; x64) AppleWebKit/537.36 (KHTML, like Gecko) Chrome/90.0.4430.85 Safari/537.36" "mantech8.com"
198.98.59.120 - - [17/Dec/2022:11:45:10 -0800] "POST /mailer.php HTTP/1.1" 500 - "http://mantech8.com/contact.php" "Mozilla/5.0 (Windows NT 6.3; Win64; x64) AppleWebKit/537.36 (KHTML, like Gecko) Chrome/90.0.4430.85 Safari/537.36" "mantech8.com"
185.191.171.15 - - [17/Dec/2022:11:45:11 -0800] "GET /?camp-fire%2F15418872.html HTTP/1.1" 500 - "-" "Mozilla/5.0 (compatible; SemrushBot/7~bl; +http://www.semrush.com/bot.html)" "mantech8.com"
198.98.59.120 - - [17/Dec/2022:11:45:11 -0800] "GET /contact.php HTTP/1.1" 200 29238 "http://mantech8.com/contact.php" "Mozilla/5.0 (Windows NT 6.3; Win64; x64) AppleWebKit/537.36 (KHTML, like Gecko) Chrome/90.0.4430.85 Safari/537.36" "mantech8.com"
216.244.66.241 - - [17/Dec/2022:11:45:20 -0800] "GET /robots.txt HTTP/1.1" 200 222 "-" "Mozilla/5.0 (compatible; DotBot/1.2; +https://opensiteexplorer.org/dotbot; help@moz.com)" "www.mantech8.com"
216.244.66.241 - - [17/Dec/2022:11:45:20 -0800] "GET /robots.txt HTTP/1.1" 200 222 "-" "Mozilla/5.0 (compatible; DotBot/1.2; +https://opensiteexplorer.org/dotbot; help@moz.com)" "mantech8.com"
185.191.171.37 - - [17/Dec/2022:11:45:39 -0800] "GET /?camp-fire%2F26122451.html HTTP/1.1" 500 - "-" "Mozilla/5.0 (compatible; SemrushBot/7~bl; +http://www.semrush.com/bot.html)" "mantech8.com"
185.191.171.33 - - [17/Dec/2022:11:45:47 -0800] "GET /?camp-fire%2F29142727.html HTTP/1.1" 500 - "-" "Mozilla/5.0 (compatible; SemrushBot/7~bl; +http://www.semrush.com/bot.html)" "mantech8.com"
185.191.171.33 - - [17/Dec/2022:11:46:39 -0800] "GET /?camp-fire%2F30803976.html HTTP/1.1" 500 - "-" "Mozilla/5.0 (compatible; SemrushBot/7~bl; +http://www.semrush.com/bot.html)" "mantech8.com"
185.191.171.24 - - [17/Dec/2022:11:46:58 -0800] "GET /?camp-fire%2F35253438.html HTTP/1.1" 500 - "-" "Mozilla/5.0 (compatible; SemrushBot/7~bl; +http://www.semrush.com/bot.html)" "mantech8.com"
185.191.171.17 - - [17/Dec/2022:11:48:36 -0800] "GET /?camp-fire%2F28898166.html HTTP/1.1" 500 - "-" "Mozilla/5.0 (compatible; SemrushBot/7~bl; +http://www.semrush.com/bot.html)" "mantech8.com"
185.191.171.17 - - [17/Dec/2022:11:49:06 -0800] "GET /?camp-fire%2F34880359.html HTTP/1.1" 500 - "-" "Mozilla/5.0 (compatible; SemrushBot/7~bl; +http://www.semrush.com/bot.html)" "mantech8.com"
207.46.13.51 - - [17/Dec/2022:11:49:15 -0800] "GET /index.php/vrEL-c6ec6eee-zN6xL.Ii HTTP/1.1" 200 68383 "-" "Mozilla/5.0 AppleWebKit/537.36 (KHTML, like Gecko; compatible; bingbot/2.0; +http://www.bing.com/bingbot.htm) Chrome/103.0.5060.134 Safari/537.36" "mantech8.com"
185.191.171.38 - - [17/Dec/2022:11:49:28 -0800] "GET /?camp-fire%2F39847892.html HTTP/1.1" 500 - "-" "Mozilla/5.0 (compatible; SemrushBot/7~bl; +http://www.semrush.com/bot.html)" "mantech8.com"
185.191.171.44 - - [17/Dec/2022:11:50:44 -0800] "GET /?camp-fire%2F30681524.html HTTP/1.1" 500 - "-" "Mozilla/5.0 (compatible; SemrushBot/7~bl; +http://www.semrush.com/bot.html)" "mantech8.com"
185.191.171.38 - - [17/Dec/2022:11:51:13 -0800] "GET /?camp-fire%2F31622455.html HTTP/1.1" 500 - "-" "Mozilla/5.0 (compatible; SemrushBot/7~bl; +http://www.semrush.com/bot.html)" "mantech8.com"
185.191.171.13 - - [17/Dec/2022:11:51:16 -0800] "GET /?camp-fire%2F31759883.html HTTP/1.1" 500 - "-" "Mozilla/5.0 (compatible; SemrushBot/7~bl; +http://www.semrush.com/bot.html)" "mantech8.com"
185.191.171.21 - - [17/Dec/2022:11:51:22 -0800] "GET /?camp-fire%2F34563189.html HTTP/1.1" 500 - "-" "Mozilla/5.0 (compatible; SemrushBot/7~bl; +http://www.semrush.com/bot.html)" "mantech8.com"
185.191.171.23 - - [17/Dec/2022:11:51:57 -0800] "GET /?camp-fire%2F28917466.html HTTP/1.1" 500 - "-" "Mozilla/5.0 (compatible; SemrushBot/7~bl; +http://www.semrush.com/bot.html)" "mantech8.com"
185.191.171.10 - - [17/Dec/2022:11:52:03 -0800] "GET /?camp-fire%2F28422964.html HTTP/1.1" 500 - "-" "Mozilla/5.0 (compatible; SemrushBot/7~bl; +http://www.semrush.com/bot.html)" "mantech8.com"
185.191.171.10 - - [17/Dec/2022:11:52:25 -0800] "GET /?camp-fire%2F37347606.html HTTP/1.1" 500 - "-" "Mozilla/5.0 (compatible; SemrushBot/7~bl; +http://www.semrush.com/bot.html)" "mantech8.com"
185.191.171.44 - - [17/Dec/2022:11:53:17 -0800] "GET /?camp-fire%2F35242393.html HTTP/1.1" 500 - "-" "Mozilla/5.0 (compatible; SemrushBot/7~bl; +http://www.semrush.com/bot.html)" "mantech8.com"
185.191.171.7 - - [17/Dec/2022:11:56:03 -0800] "GET /?camp-fire%2F32647868.html HTTP/1.1" 500 - "-" "Mozilla/5.0 (compatible; SemrushBot/7~bl; +http://www.semrush.com/bot.html)" "mantech8.com"
185.191.171.3 - - [17/Dec/2022:11:57:27 -0800] "GET /?camp-fire%2F28356835.html HTTP/1.1" 500 - "-" "Mozilla/5.0 (compatible; SemrushBot/7~bl; +http://www.semrush.com/bot.html)" "mantech8.com"
185.191.171.22 - - [17/Dec/2022:11:57:54 -0800] "GET /?camp-fire%2F91701656.html HTTP/1.1" 500 - "-" "Mozilla/5.0 (compatible; SemrushBot/7~bl; +http://www.semrush.com/bot.html)" "mantech8.com"
185.191.171.15 - - [17/Dec/2022:11:58:16 -0800] "GET /?camp-fire%2F38821063.html HTTP/1.1" 500 - "-" "Mozilla/5.0 (compatible; SemrushBot/7~bl; +http://www.semrush.com/bot.html)" "mantech8.com"
185.191.171.14 - - [17/Dec/2022:11:58:32 -0800] "GET /?camp-fire%2F35748938.html HTTP/1.1" 500 - "-" "Mozilla/5.0 (compatible; SemrushBot/7~bl; +http://www.semrush.com/bot.html)" "mantech8.com"
207.46.13.100 - - [17/Dec/2022:11:59:18 -0800] "GET /sitemapindeximages.xml HTTP/1.1" 404 88 "-" "Mozilla/5.0 (compatible; bingbot/2.0; +http://www.bing.com/bingbot.htm)" "mantech8.com"
185.191.171.4 - - [17/Dec/2022:12:00:01 -0800] "GET /?camp-fire%2F32403860.html HTTP/1.1" 500 - "-" "Mozilla/5.0 (compatible; SemrushBot/7~bl; +http://www.semrush.com/bot.html)" "mantech8.com"
185.191.171.34 - - [17/Dec/2022:12:00:11 -0800] "GET /?camp-fire%2F41775303.html HTTP/1.1" 500 - "-" "Mozilla/5.0 (compatible; SemrushBot/7~bl; +http://www.semrush.com/bot.html)" "mantech8.com"
185.191.171.38 - - [17/Dec/2022:12:00:40 -0800] "GET /?camp-fire%2F28456757.html HTTP/1.1" 500 - "-" "Mozilla/5.0 (compatible; SemrushBot/7~bl; +http://www.semrush.com/bot.html)" "mantech8.com"
185.191.171.42 - - [17/Dec/2022:12:01:01 -0800] "GET /?camp-fire%2F37078278.html HTTP/1.1" 500 - "-" "Mozilla/5.0 (compatible; SemrushBot/7~bl; +http://www.semrush.com/bot.html)" "mantech8.com"
185.191.171.33 - - [17/Dec/2022:12:01:13 -0800] "GET /?camp-fire%2F27801909.html HTTP/1.1" 500 - "-" "Mozilla/5.0 (compatible; SemrushBot/7~bl; +http://www.semrush.com/bot.html)" "mantech8.com"
207.46.13.100 - - [17/Dec/2022:12:01:27 -0800] "GET /sitemapindex.xml HTTP/1.1" 404 88 "-" "Mozilla/5.0 (compatible; bingbot/2.0; +http://www.bing.com/bingbot.htm)" "mantech8.com"
185.191.171.18 - - [17/Dec/2022:12:02:38 -0800] "GET /robots.txt HTTP/1.1" 200 106 "-" "Mozilla/5.0 (compatible; SemrushBot/7~bl; +http://www.semrush.com/bot.html)" "mantech8.com"
185.191.171.42 - - [17/Dec/2022:12:02:38 -0800] "GET /?camp-fire%2F35307965.html HTTP/1.1" 500 - "-" "Mozilla/5.0 (compatible; SemrushBot/7~bl; +http://www.semrush.com/bot.html)" "mantech8.com"
185.191.171.15 - - [17/Dec/2022:12:02:44 -0800] "GET /?camp-fire%2F40160188.html HTTP/1.1" 500 - "-" "Mozilla/5.0 (compatible; SemrushBot/7~bl; +http://www.semrush.com/bot.html)" "mantech8.com"
207.46.13.15 - - [17/Dec/2022:12:04:27 -0800] "GET /sitemapnewindex.xml HTTP/1.1" 404 88 "-" "Mozilla/5.0 AppleWebKit/537.36 (KHTML, like Gecko; compatible; bingbot/2.0; +http://www.bing.com/bingbot.htm) Chrome/103.0.5060.134 Safari/537.36" "mantech8.com"
185.191.171.8 - - [17/Dec/2022:12:04:57 -0800] "GET /?camp-fire%2F31819646.html HTTP/1.1" 500 - "-" "Mozilla/5.0 (compatible; SemrushBot/7~bl; +http://www.semrush.com/bot.html)" "mantech8.com"
185.191.171.10 - - [17/Dec/2022:12:05:38 -0800] "GET /?camp-fire%2F29658389.html HTTP/1.1" 500 - "-" "Mozilla/5.0 (compatible; SemrushBot/7~bl; +http://www.semrush.com/bot.html)" "mantech8.com"
185.191.171.4 - - [17/Dec/2022:12:06:07 -0800] "GET /?camp-fire%2F25449130.html HTTP/1.1" 500 - "-" "Mozilla/5.0 (compatible; SemrushBot/7~bl; +http://www.semrush.com/bot.html)" "mantech8.com"
185.191.171.37 - - [17/Dec/2022:12:06:13 -0800] "GET /?camp-fire%2F27965271.html HTTP/1.1" 500 - "-" "Mozilla/5.0 (compatible; SemrushBot/7~bl; +http://www.semrush.com/bot.html)" "mantech8.com"
185.191.171.2 - - [17/Dec/2022:12:06:22 -0800] "GET /?camp-fire%2F36958632.html HTTP/1.1" 500 - "-" "Mozilla/5.0 (compatible; SemrushBot/7~bl; +http://www.semrush.com/bot.html)" "mantech8.com"
185.191.171.35 - - [17/Dec/2022:12:07:06 -0800] "GET /?camp-fire%2F34234508.html HTTP/1.1" 500 - "-" "Mozilla/5.0 (compatible; SemrushBot/7~bl; +http://www.semrush.com/bot.html)" "mantech8.com"
185.191.171.17 - - [17/Dec/2022:12:07:08 -0800] "GET /?camp-fire%2F22565017.html HTTP/1.1" 500 - "-" "Mozilla/5.0 (compatible; SemrushBot/7~bl; +http://www.semrush.com/bot.html)" "mantech8.com"
185.191.171.19 - - [17/Dec/2022:12:07:28 -0800] "GET /?camp-fire%2F32786751.html HTTP/1.1" 500 - "-" "Mozilla/5.0 (compatible; SemrushBot/7~bl; +http://www.semrush.com/bot.html)" "mantech8.com"
66.249.64.226 - - [17/Dec/2022:12:07:37 -0800] "GET /bimages/gallery/thump/c2.jpg HTTP/1.1" 304 - "-" "Googlebot-Image/1.0" "www.mantech8.com"
185.191.171.2 - - [17/Dec/2022:12:07:51 -0800] "GET /?camp-fire%2F32499868.html HTTP/1.1" 500 - "-" "Mozilla/5.0 (compatible; SemrushBot/7~bl; +http://www.semrush.com/bot.html)" "mantech8.com"
185.191.171.2 - - [17/Dec/2022:12:08:35 -0800] "GET /?camp-fire%2F28287135.html HTTP/1.1" 500 - "-" "Mozilla/5.0 (compatible; SemrushBot/7~bl; +http://www.semrush.com/bot.html)" "mantech8.com"
185.191.171.41 - - [17/Dec/2022:12:08:40 -0800] "GET /?camp-fire%2F29359959.html HTTP/1.1" 500 - "-" "Mozilla/5.0 (compatible; SemrushBot/7~bl; +http://www.semrush.com/bot.html)" "mantech8.com"
185.191.171.11 - - [17/Dec/2022:12:09:38 -0800] "GET /?camp-fire%2F25450230.html HTTP/1.1" 500 - "-" "Mozilla/5.0 (compatible; SemrushBot/7~bl; +http://www.semrush.com/bot.html)" "mantech8.com"
185.191.171.23 - - [17/Dec/2022:12:11:16 -0800] "GET /?camp-fire%2F27810046.html HTTP/1.1" 500 - "-" "Mozilla/5.0 (compatible; SemrushBot/7~bl; +http://www.semrush.com/bot.html)" "mantech8.com"
185.191.171.24 - - [17/Dec/2022:12:12:33 -0800] "GET /?camp-fire%2F24672059.html HTTP/1.1" 500 - "-" "Mozilla/5.0 (compatible; SemrushBot/7~bl; +http://www.semrush.com/bot.html)" "mantech8.com"
185.191.171.7 - - [17/Dec/2022:12:13:06 -0800] "GET /?camp-fire%2F25908476.html HTTP/1.1" 500 - "-" "Mozilla/5.0 (compatible; SemrushBot/7~bl; +http://www.semrush.com/bot.html)" "mantech8.com"
185.191.171.15 - - [17/Dec/2022:12:13:58 -0800] "GET /?camp-fire%2F33945363.html HTTP/1.1" 500 - "-" "Mozilla/5.0 (compatible; SemrushBot/7~bl; +http://www.semrush.com/bot.html)" "mantech8.com"
185.191.171.19 - - [17/Dec/2022:12:14:33 -0800] "GET /?camp-fire%2F24333150.html HTTP/1.1" 500 - "-" "Mozilla/5.0 (compatible; SemrushBot/7~bl; +http://www.semrush.com/bot.html)" "mantech8.com"
185.191.171.7 - - [17/Dec/2022:12:15:39 -0800] "GET /?camp-fire%2F32373717.html HTTP/1.1" 500 - "-" "Mozilla/5.0 (compatible; SemrushBot/7~bl; +http://www.semrush.com/bot.html)" "mantech8.com"
185.191.171.38 - - [17/Dec/2022:12:15:47 -0800] "GET /?camp-fire%2F33611859.html HTTP/1.1" 500 - "-" "Mozilla/5.0 (compatible; SemrushBot/7~bl; +http://www.semrush.com/bot.html)" "mantech8.com"
185.191.171.4 - - [17/Dec/2022:12:17:22 -0800] "GET /?camp-fire%2F38109472.html HTTP/1.1" 500 - "-" "Mozilla/5.0 (compatible; SemrushBot/7~bl; +http://www.semrush.com/bot.html)" "mantech8.com"
185.191.171.3 - - [17/Dec/2022:12:17:57 -0800] "GET /?camp-fire%2F34234908.html HTTP/1.1" 500 - "-" "Mozilla/5.0 (compatible; SemrushBot/7~bl; +http://www.semrush.com/bot.html)" "mantech8.com"
185.191.171.33 - - [17/Dec/2022:12:18:24 -0800] "GET /?camp-fire%2F33755968.html HTTP/1.1" 500 - "-" "Mozilla/5.0 (compatible; SemrushBot/7~bl; +http://www.semrush.com/bot.html)" "mantech8.com"
185.191.171.15 - - [17/Dec/2022:12:18:29 -0800] "GET /?camp-fire%2F35172825.html HTTP/1.1" 500 - "-" "Mozilla/5.0 (compatible; SemrushBot/7~bl; +http://www.semrush.com/bot.html)" "mantech8.com"
185.191.171.39 - - [17/Dec/2022:12:18:34 -0800] "GET /?camp-fire%2F30940851.html HTTP/1.1" 500 - "-" "Mozilla/5.0 (compatible; SemrushBot/7~bl; +http://www.semrush.com/bot.html)" "mantech8.com"
185.191.171.3 - - [17/Dec/2022:12:18:46 -0800] "GET /?camp-fire%2F35776538.html HTTP/1.1" 500 - "-" "Mozilla/5.0 (compatible; SemrushBot/7~bl; +http://www.semrush.com/bot.html)" "mantech8.com"
185.191.171.34 - - [17/Dec/2022:12:19:34 -0800] "GET /?camp-fire%2F27320751.html HTTP/1.1" 500 - "-" "Mozilla/5.0 (compatible; SemrushBot/7~bl; +http://www.semrush.com/bot.html)" "mantech8.com"
185.191.171.23 - - [17/Dec/2022:12:19:45 -0800] "GET /?camp-fire%2F25931976.html HTTP/1.1" 500 - "-" "Mozilla/5.0 (compatible; SemrushBot/7~bl; +http://www.semrush.com/bot.html)" "mantech8.com"
185.191.171.45 - - [17/Dec/2022:12:19:46 -0800] "GET /?camp-fire%2F31869333.html HTTP/1.1" 500 - "-" "Mozilla/5.0 (compatible; SemrushBot/7~bl; +http://www.semrush.com/bot.html)" "mantech8.com"
185.191.171.7 - - [17/Dec/2022:12:21:53 -0800] "GET /?camp-fire%2F32459230.html HTTP/1.1" 500 - "-" "Mozilla/5.0 (compatible; SemrushBot/7~bl; +http://www.semrush.com/bot.html)" "mantech8.com"
185.191.171.17 - - [17/Dec/2022:12:22:18 -0800] "GET /?camp-fire%2F37737582.html HTTP/1.1" 500 - "-" "Mozilla/5.0 (compatible; SemrushBot/7~bl; +http://www.semrush.com/bot.html)" "mantech8.com"
185.191.171.19 - - [17/Dec/2022:12:23:13 -0800] "GET /?camp-fire%2F13905259.html HTTP/1.1" 500 - "-" "Mozilla/5.0 (compatible; SemrushBot/7~bl; +http://www.semrush.com/bot.html)" "mantech8.com"
142.132.151.75 - - [17/Dec/2022:12:23:17 -0800] "GET /contact.php HTTP/1.1" 200 29238 "http://mantech8.com/contact.php" "Mozilla/5.0 (Windows NT 6.3) AppleWebKit/537.36 (KHTML, like Gecko) Chrome/90.0.4430.72 Safari/537.36" "mantech8.com"
142.132.151.75 - - [17/Dec/2022:12:23:17 -0800] "GET /verificationimage.php?2946 HTTP/1.1" 200 1332 "http://mantech8.com/contact.php" "Mozilla/5.0 (Windows NT 6.3) AppleWebKit/537.36 (KHTML, like Gecko) Chrome/90.0.4430.72 Safari/537.36" "mantech8.com"
142.132.151.75 - - [17/Dec/2022:12:23:17 -0800] "POST /mailer.php HTTP/1.1" 500 - "http://mantech8.com/contact.php" "Mozilla/5.0 (Windows NT 6.3) AppleWebKit/537.36 (KHTML, like Gecko) Chrome/90.0.4430.72 Safari/537.36" "mantech8.com"
185.191.171.2 - - [17/Dec/2022:12:23:36 -0800] "GET /?camp-fire%2F35692250.html HTTP/1.1" 500 - "-" "Mozilla/5.0 (compatible; SemrushBot/7~bl; +http://www.semrush.com/bot.html)" "mantech8.com"
185.191.171.41 - - [17/Dec/2022:12:23:39 -0800] "GET /?camp-fire%2F32529225.html HTTP/1.1" 500 - "-" "Mozilla/5.0 (compatible; SemrushBot/7~bl; +http://www.semrush.com/bot.html)" "mantech8.com"
40.77.167.48 - - [17/Dec/2022:12:23:44 -0800] "GET /bimages/client/sig.png HTTP/1.1" 200 43251 "-" "Mozilla/5.0 AppleWebKit/537.36 (KHTML, like Gecko; compatible; bingbot/2.0; +http://www.bing.com/bingbot.htm) Chrome/103.0.5060.134 Safari/537.36" "www.mantech8.com"
207.46.13.51 - - [17/Dec/2022:12:23:49 -0800] "GET /F2si-0ecd-DkWXx.Ii HTTP/1.1" 404 88 "-" "Mozilla/5.0 AppleWebKit/537.36 (KHTML, like Gecko; compatible; bingbot/2.0; +http://www.bing.com/bingbot.htm) Chrome/103.0.5060.134 Safari/537.36" "www.mantech8.com"
185.191.171.17 - - [17/Dec/2022:12:24:29 -0800] "GET /?camp-fire%2F28572463.html HTTP/1.1" 500 - "-" "Mozilla/5.0 (compatible; SemrushBot/7~bl; +http://www.semrush.com/bot.html)" "mantech8.com"
185.191.171.15 - - [17/Dec/2022:12:24:55 -0800] "GET /index.php?camp-fire%2F11944576.html HTTP/1.1" 500 - "-" "Mozilla/5.0 (compatible; SemrushBot/7~bl; +http://www.semrush.com/bot.html)" "mantech8.com"
185.191.171.38 - - [17/Dec/2022:12:25:39 -0800] "GET /?camp-fire%2F41420671.html HTTP/1.1" 500 - "-" "Mozilla/5.0 (compatible; SemrushBot/7~bl; +http://www.semrush.com/bot.html)" "mantech8.com"
103.131.71.187 - - [17/Dec/2022:12:25:50 -0800] "GET /robots.txt HTTP/1.1" 200 106 "-" "Mozilla/5.0 (compatible; coccocbot-web/1.0; +http://help.coccoc.com/searchengine)" "mantech8.com"
185.191.171.20 - - [17/Dec/2022:12:26:03 -0800] "GET /?camp-fire%2F83327260.html HTTP/1.1" 500 - "-" "Mozilla/5.0 (compatible; SemrushBot/7~bl; +http://www.semrush.com/bot.html)" "mantech8.com"
185.191.171.10 - - [17/Dec/2022:12:26:49 -0800] "GET /index.php/camp-fire/33089159.html HTTP/1.1" 500 - "-" "Mozilla/5.0 (compatible; SemrushBot/7~bl; +http://www.semrush.com/bot.html)" "mantech8.com"
185.191.171.13 - - [17/Dec/2022:12:27:20 -0800] "GET /?camp-fire%2F25121330.html HTTP/1.1" 500 - "-" "Mozilla/5.0 (compatible; SemrushBot/7~bl; +http://www.semrush.com/bot.html)" "mantech8.com"
114.119.147.6 - - [17/Dec/2022:12:29:06 -0800] "GET /index.php/venatically.xml HTTP/1.1" 200 289289 "-" "Mozilla/5.0 (compatible;PetalBot;+https://webmaster.petalsearch.com/site/petalbot)" "mantech8.com"
185.191.171.44 - - [17/Dec/2022:12:29:19 -0800] "GET /index.php/camp-fire/42235088.html HTTP/1.1" 500 - "-" "Mozilla/5.0 (compatible; SemrushBot/7~bl; +http://www.semrush.com/bot.html)" "mantech8.com"
114.119.132.6 - - [17/Dec/2022:12:29:49 -0800] "GET /index.php/sitemap827.xml HTTP/1.1" 200 289468 "-" "Mozilla/5.0 (compatible;PetalBot;+https://webmaster.petalsearch.com/site/petalbot)" "mantech8.com"
185.191.171.23 - - [17/Dec/2022:12:30:17 -0800] "GET /?camp-fire%2F27589526.html HTTP/1.1" 500 - "-" "Mozilla/5.0 (compatible; SemrushBot/7~bl; +http://www.semrush.com/bot.html)" "mantech8.com"
185.191.171.26 - - [17/Dec/2022:12:30:22 -0800] "GET /?camp-fire%2F38248878.html HTTP/1.1" 500 - "-" "Mozilla/5.0 (compatible; SemrushBot/7~bl; +http://www.semrush.com/bot.html)" "mantech8.com"
185.191.171.24 - - [17/Dec/2022:12:30:24 -0800] "GET /?camp-fire%2F37062778.html HTTP/1.1" 500 - "-" "Mozilla/5.0 (compatible; SemrushBot/7~bl; +http://www.semrush.com/bot.html)" "mantech8.com"
185.191.171.44 - - [17/Dec/2022:12:30:30 -0800] "GET /?camp-fire%2F28541965.html HTTP/1.1" 500 - "-" "Mozilla/5.0 (compatible; SemrushBot/7~bl; +http://www.semrush.com/bot.html)" "mantech8.com"
185.191.171.33 - - [17/Dec/2022:12:30:58 -0800] "GET /?camp-fire%2F26098982.html HTTP/1.1" 500 - "-" "Mozilla/5.0 (compatible; SemrushBot/7~bl; +http://www.semrush.com/bot.html)" "mantech8.com"
185.191.171.35 - - [17/Dec/2022:12:31:35 -0800] "GET /index.php/camp-fire/19040532.html HTTP/1.1" 500 - "-" "Mozilla/5.0 (compatible; SemrushBot/7~bl; +http://www.semrush.com/bot.html)" "mantech8.com"
185.191.171.40 - - [17/Dec/2022:12:31:47 -0800] "GET /?camp-fire%2F31146372.html HTTP/1.1" 500 - "-" "Mozilla/5.0 (compatible; SemrushBot/7~bl; +http://www.semrush.com/bot.html)" "mantech8.com"
185.191.171.10 - - [17/Dec/2022:12:34:06 -0800] "GET /?camp-fire%2F35391538.html HTTP/1.1" 500 - "-" "Mozilla/5.0 (compatible; SemrushBot/7~bl; +http://www.semrush.com/bot.html)" "mantech8.com"
207.46.13.100 - - [17/Dec/2022:12:34:21 -0800] "GET /bimages/gallery/p14.jpg HTTP/1.1" 200 82978 "-" "Mozilla/5.0 (compatible; bingbot/2.0; +http://www.bing.com/bingbot.htm)" "mantech8.com"
185.191.171.44 - - [17/Dec/2022:12:34:46 -0800] "GET /?camp-fire%2F39305671.html HTTP/1.1" 500 - "-" "Mozilla/5.0 (compatible; SemrushBot/7~bl; +http://www.semrush.com/bot.html)" "mantech8.com"
185.191.171.10 - - [17/Dec/2022:12:34:48 -0800] "GET /index.php/camp-fire/42160234.html HTTP/1.1" 500 - "-" "Mozilla/5.0 (compatible; SemrushBot/7~bl; +http://www.semrush.com/bot.html)" "mantech8.com"
185.191.171.11 - - [17/Dec/2022:12:35:31 -0800] "GET /?camp-fire%2F28045959.html HTTP/1.1" 500 - "-" "Mozilla/5.0 (compatible; SemrushBot/7~bl; +http://www.semrush.com/bot.html)" "mantech8.com"
185.191.171.15 - - [17/Dec/2022:12:35:45 -0800] "GET /?camp-fire%2F35991738.html HTTP/1.1" 500 - "-" "Mozilla/5.0 (compatible; SemrushBot/7~bl; +http://www.semrush.com/bot.html)" "mantech8.com"
216.244.66.241 - - [17/Dec/2022:12:36:00 -0800] "GET /robots.txt HTTP/1.1" 200 222 "-" "Mozilla/5.0 (compatible; DotBot/1.2; +https://opensiteexplorer.org/dotbot; help@moz.com)" "www.mantech8.com"
216.244.66.241 - - [17/Dec/2022:12:36:00 -0800] "GET /robots.txt HTTP/1.1" 200 222 "-" "Mozilla/5.0 (compatible; DotBot/1.2; +https://opensiteexplorer.org/dotbot; help@moz.com)" "mantech8.com"
207.46.13.15 - - [17/Dec/2022:12:36:09 -0800] "GET /bimages/gallery/thump/IDN%20B6.jpg HTTP/1.1" 200 592494 "-" "Mozilla/5.0 AppleWebKit/537.36 (KHTML, like Gecko; compatible; bingbot/2.0; +http://www.bing.com/bingbot.htm) Chrome/103.0.5060.134 Safari/537.36" "www.mantech8.com"
185.191.171.45 - - [17/Dec/2022:12:37:44 -0800] "GET /?camp-fire%2F30559241.html HTTP/1.1" 500 - "-" "Mozilla/5.0 (compatible; SemrushBot/7~bl; +http://www.semrush.com/bot.html)" "mantech8.com"
84.17.62.180 - - [17/Dec/2022:12:38:12 -0800] "GET /wp-secure.php?v=sec8 HTTP/1.1" 404 88 "-" "Mozilla/5.0 (Windows NT 10.0; Win64; x64) AppleWebKit/537.36 (KHTML, like Gecko) Chrome/90.0.4430.85 Safari/537.36" "www.mantech8.com"
185.191.171.8 - - [17/Dec/2022:12:38:37 -0800] "GET /?camp-fire%2F35057425.html HTTP/1.1" 500 - "-" "Mozilla/5.0 (compatible; SemrushBot/7~bl; +http://www.semrush.com/bot.html)" "mantech8.com"
185.191.171.14 - - [17/Dec/2022:12:38:39 -0800] "GET /?camp-fire%2F31820832.html HTTP/1.1" 500 - "-" "Mozilla/5.0 (compatible; SemrushBot/7~bl; +http://www.semrush.com/bot.html)" "mantech8.com"
185.191.171.24 - - [17/Dec/2022:12:38:53 -0800] "GET /?camp-fire%2F30953872.html HTTP/1.1" 500 - "-" "Mozilla/5.0 (compatible; SemrushBot/7~bl; +http://www.semrush.com/bot.html)" "mantech8.com"
185.191.171.45 - - [17/Dec/2022:12:39:06 -0800] "GET /index.php/camp-fire/34146093.html HTTP/1.1" 500 - "-" "Mozilla/5.0 (compatible; SemrushBot/7~bl; +http://www.semrush.com/bot.html)" "mantech8.com"
185.191.171.38 - - [17/Dec/2022:12:39:16 -0800] "GET /?camp-fire%2F32380160.html HTTP/1.1" 500 - "-" "Mozilla/5.0 (compatible; SemrushBot/7~bl; +http://www.semrush.com/bot.html)" "mantech8.com"
185.191.171.14 - - [17/Dec/2022:12:39:17 -0800] "GET /?camp-fire%2F27854876.html HTTP/1.1" 500 - "-" "Mozilla/5.0 (compatible; SemrushBot/7~bl; +http://www.semrush.com/bot.html)" "mantech8.com"
114.119.148.127 - - [17/Dec/2022:12:40:01 -0800] "GET /bimages/gallery/thump/ HTTP/1.1" 200 1142 "http://www.mantech8.com/bimages/gallery/" "Mozilla/5.0 (Linux; Android 7.0;) AppleWebKit/537.36 (KHTML, like Gecko) Mobile Safari/537.36 (compatible; PetalBot;+https://webmaster.petalsearch.com/site/petalbot)" "www.mantech8.com"
185.191.171.45 - - [17/Dec/2022:12:40:39 -0800] "GET /?camp-fire%2F26102182.html HTTP/1.1" 500 - "-" "Mozilla/5.0 (compatible; SemrushBot/7~bl; +http://www.semrush.com/bot.html)" "mantech8.com"
114.119.147.32 - - [17/Dec/2022:12:41:47 -0800] "GET /bimages/certificate/thump/editprojects.php HTTP/1.1" 200 32 "http://mantech8.com/bimages/certificate/thump/?C=M%3BO%3DA" "Mozilla/5.0 (Linux; Android 7.0;) AppleWebKit/537.36 (KHTML, like Gecko) Mobile Safari/537.36 (compatible; PetalBot;+https://webmaster.petalsearch.com/site/petalbot)" "mantech8.com"
185.191.171.6 - - [17/Dec/2022:12:42:00 -0800] "GET /?camp-fire%2F63191325.html HTTP/1.1" 500 - "-" "Mozilla/5.0 (compatible; SemrushBot/7~bl; +http://www.semrush.com/bot.html)" "mantech8.com"
185.191.171.25 - - [17/Dec/2022:12:42:07 -0800] "GET /?camp-fire%2F31899655.html HTTP/1.1" 500 - "-" "Mozilla/5.0 (compatible; SemrushBot/7~bl; +http://www.semrush.com/bot.html)" "mantech8.com"
185.191.171.44 - - [17/Dec/2022:12:42:27 -0800] "GET /?camp-fire%2F67502757.html HTTP/1.1" 500 - "-" "Mozilla/5.0 (compatible; SemrushBot/7~bl; +http://www.semrush.com/bot.html)" "mantech8.com"
185.191.171.1 - - [17/Dec/2022:12:43:29 -0800] "GET /?camp-fire%2F42104034.html HTTP/1.1" 500 - "-" "Mozilla/5.0 (compatible; SemrushBot/7~bl; +http://www.semrush.com/bot.html)" "mantech8.com"
185.191.171.19 - - [17/Dec/2022:12:44:02 -0800] "GET /?camp-fire%2F13307509.html HTTP/1.1" 500 - "-" "Mozilla/5.0 (compatible; SemrushBot/7~bl; +http://www.semrush.com/bot.html)" "mantech8.com"
185.191.171.18 - - [17/Dec/2022:12:44:03 -0800] "GET /index.php/camp-fire/7619621.html HTTP/1.1" 500 - "-" "Mozilla/5.0 (compatible; SemrushBot/7~bl; +http://www.semrush.com/bot.html)" "mantech8.com"
185.191.171.26 - - [17/Dec/2022:12:44:10 -0800] "GET /?camp-fire%2F37040506.html HTTP/1.1" 500 - "-" "Mozilla/5.0 (compatible; SemrushBot/7~bl; +http://www.semrush.com/bot.html)" "mantech8.com"
114.119.149.3 - - [17/Dec/2022:12:44:44 -0800] "GET /?sitemap24613.xml HTTP/1.1" 200 270664 "-" "Mozilla/5.0 (compatible;PetalBot;+https://webmaster.petalsearch.com/site/petalbot)" "mantech8.com"
185.191.171.4 - - [17/Dec/2022:12:45:13 -0800] "GET /?camp-fire%2F36454847.html HTTP/1.1" 500 - "-" "Mozilla/5.0 (compatible; SemrushBot/7~bl; +http://www.semrush.com/bot.html)" "mantech8.com"
185.191.171.5 - - [17/Dec/2022:12:46:35 -0800] "GET /index.php/camp-fire/8216978.html HTTP/1.1" 500 - "-" "Mozilla/5.0 (compatible; SemrushBot/7~bl; +http://www.semrush.com/bot.html)" "mantech8.com"
185.191.171.20 - - [17/Dec/2022:12:46:44 -0800] "GET /?camp-fire%2F33710660.html HTTP/1.1" 500 - "-" "Mozilla/5.0 (compatible; SemrushBot/7~bl; +http://www.semrush.com/bot.html)" "mantech8.com"
185.191.171.24 - - [17/Dec/2022:12:46:47 -0800] "GET /?camp-fire%2F31954647.html HTTP/1.1" 500 - "-" "Mozilla/5.0 (compatible; SemrushBot/7~bl; +http://www.semrush.com/bot.html)" "mantech8.com"
207.46.13.100 - - [17/Dec/2022:12:48:22 -0800] "GET /index.php?camp-fire/17308639.html HTTP/1.1" 200 63928 "-" "Mozilla/5.0 (compatible; bingbot/2.0; +http://www.bing.com/bingbot.htm)" "www.mantech8.com"
84.17.62.180 - - [17/Dec/2022:12:49:05 -0800] "GET /wp-admin/wp-secure.php?v=sec3 HTTP/1.1" 404 88 "-" "Mozilla/5.0 (Windows NT 10.0; Win64; x64) AppleWebKit/537.36 (KHTML, like Gecko) Chrome/90.0.4430.85 Safari/537.36" "www.mantech8.com"
84.17.62.180 - - [17/Dec/2022:12:49:05 -0800] "GET /cgi-bin/wp-secure.php?v=sec1 HTTP/1.1" 404 88 "-" "Mozilla/5.0 (Windows NT 10.0; Win64; x64) AppleWebKit/537.36 (KHTML, like Gecko) Chrome/90.0.4430.85 Safari/537.36" "www.mantech8.com"
185.191.171.4 - - [17/Dec/2022:12:50:07 -0800] "GET /?camp-fire%2F24657930.html HTTP/1.1" 500 - "-" "Mozilla/5.0 (compatible; SemrushBot/7~bl; +http://www.semrush.com/bot.html)" "mantech8.com"
84.17.62.180 - - [17/Dec/2022:12:50:33 -0800] "GET /wp-content/wp-secure.php?v=sec2 HTTP/1.1" 404 88 "-" "Mozilla/5.0 (Windows NT 10.0; Win64; x64) AppleWebKit/537.36 (KHTML, like Gecko) Chrome/90.0.4430.85 Safari/537.36" "www.mantech8.com"
185.191.171.2 - - [17/Dec/2022:12:50:41 -0800] "GET /?camp-fire%2F39785092.html HTTP/1.1" 500 - "-" "Mozilla/5.0 (compatible; SemrushBot/7~bl; +http://www.semrush.com/bot.html)" "mantech8.com"
207.46.13.100 - - [17/Dec/2022:12:50:44 -0800] "GET /index.php/20ceb HTTP/1.1" 200 93369 "-" "Mozilla/5.0 AppleWebKit/537.36 (KHTML, like Gecko; compatible; bingbot/2.0; +http://www.bing.com/bingbot.htm) Chrome/103.0.5060.134 Safari/537.36" "www.mantech8.com"
