194.88.152.40 - - [16/Dec/2022:17:53:36 -0800] "GET /verificationimage.php?222 HTTP/1.1" 200 1339 "http://mantech8.com/contact.php" "Mozilla/5.0 (Windows NT 10.0; WOW64) AppleWebKit/537.36 (KHTML, like Gecko) Chrome/90.0.4430.93 Safari/537.36" "mantech8.com"
194.88.152.40 - - [16/Dec/2022:17:53:38 -0800] "POST /mailer.php HTTP/1.1" 500 - "http://mantech8.com/contact.php" "Mozilla/5.0 (Windows NT 10.0; WOW64) AppleWebKit/537.36 (KHTML, like Gecko) Chrome/90.0.4430.93 Safari/537.36" "mantech8.com"
185.191.171.14 - - [16/Dec/2022:17:53:49 -0800] "GET /?camp-fire%2F58767934.html HTTP/1.1" 500 - "-" "Mozilla/5.0 (compatible; SemrushBot/7~bl; +http://www.semrush.com/bot.html)" "mantech8.com"
185.191.171.45 - - [16/Dec/2022:17:54:22 -0800] "GET /?camp-fire%2F40791502.html HTTP/1.1" 500 - "-" "Mozilla/5.0 (compatible; SemrushBot/7~bl; +http://www.semrush.com/bot.html)" "mantech8.com"
185.191.171.23 - - [16/Dec/2022:17:54:33 -0800] "GET /?camp-fire%2F14009085.html HTTP/1.1" 500 - "-" "Mozilla/5.0 (compatible; SemrushBot/7~bl; +http://www.semrush.com/bot.html)" "mantech8.com"
185.191.171.2 - - [16/Dec/2022:17:55:12 -0800] "GET /index.php/camp-fire/30676955.html HTTP/1.1" 500 - "-" "Mozilla/5.0 (compatible; SemrushBot/7~bl; +http://www.semrush.com/bot.html)" "mantech8.com"
185.191.171.38 - - [16/Dec/2022:17:56:08 -0800] "GET /?camp-fire%2F26705676.html HTTP/1.1" 500 - "-" "Mozilla/5.0 (compatible; SemrushBot/7~bl; +http://www.semrush.com/bot.html)" "mantech8.com"
207.46.13.51 - - [16/Dec/2022:17:56:20 -0800] "GET /index.php/nWTf-82aca-3p0cE.Ii HTTP/1.1" 200 70116 "-" "Mozilla/5.0 (compatible; bingbot/2.0; +http://www.bing.com/bingbot.htm)" "mantech8.com"
185.191.171.22 - - [16/Dec/2022:17:56:23 -0800] "GET /?camp-fire%2F27669809.html HTTP/1.1" 500 - "-" "Mozilla/5.0 (compatible; SemrushBot/7~bl; +http://www.semrush.com/bot.html)" "mantech8.com"
42.200.228.33 - - [16/Dec/2022:17:57:09 -0800] "GET /robots.txt HTTP/1.1" 200 222 "-" "Mozilla/5.0 (compatible; MJ12bot/v1.4.8; http://mj12bot.com/)" "www.mantech8.com"
42.200.228.33 - - [16/Dec/2022:17:57:10 -0800] "GET /bimages/SliderImage/?C=D;O=A HTTP/1.1" 200 566 "-" "Mozilla/5.0 (compatible; MJ12bot/v1.4.8; http://mj12bot.com/)" "www.mantech8.com"
42.200.228.33 - - [16/Dec/2022:17:57:13 -0800] "GET /bimages/SliderImage/?C=M;O=A HTTP/1.1" 200 562 "-" "Mozilla/5.0 (compatible; MJ12bot/v1.4.8; http://mj12bot.com/)" "www.mantech8.com"
42.200.228.33 - - [16/Dec/2022:17:57:15 -0800] "GET /bimages/SliderImage/?C=N;O=D HTTP/1.1" 200 559 "-" "Mozilla/5.0 (compatible; MJ12bot/v1.4.8; http://mj12bot.com/)" "www.mantech8.com"
42.200.228.33 - - [16/Dec/2022:17:57:17 -0800] "GET /bimages/SliderImage/?C=S;O=A HTTP/1.1" 200 554 "-" "Mozilla/5.0 (compatible; MJ12bot/v1.4.8; http://mj12bot.com/)" "www.mantech8.com"
42.200.228.33 - - [16/Dec/2022:17:57:19 -0800] "GET /bimages/SliderImage/orange.PHp HTTP/1.1" 200 1070 "-" "Mozilla/5.0 (compatible; MJ12bot/v1.4.8; http://mj12bot.com/)" "www.mantech8.com"
42.200.228.33 - - [16/Dec/2022:17:57:22 -0800] "GET /bimages/bus/?C=D;O=A HTTP/1.1" 200 452 "-" "Mozilla/5.0 (compatible; MJ12bot/v1.4.8; http://mj12bot.com/)" "www.mantech8.com"
42.200.228.33 - - [16/Dec/2022:17:57:25 -0800] "GET /bimages/bus/?C=M;O=A HTTP/1.1" 200 451 "-" "Mozilla/5.0 (compatible; MJ12bot/v1.4.8; http://mj12bot.com/)" "www.mantech8.com"
42.200.228.33 - - [16/Dec/2022:17:57:27 -0800] "GET /bimages/bus/?C=N;O=D HTTP/1.1" 200 450 "-" "Mozilla/5.0 (compatible; MJ12bot/v1.4.8; http://mj12bot.com/)" "www.mantech8.com"
42.200.228.33 - - [16/Dec/2022:17:57:29 -0800] "GET /bimages/bus/?C=S;O=A HTTP/1.1" 200 453 "-" "Mozilla/5.0 (compatible; MJ12bot/v1.4.8; http://mj12bot.com/)" "www.mantech8.com"
42.200.228.33 - - [16/Dec/2022:17:57:32 -0800] "GET /bimages/cert/?C=D;O=A HTTP/1.1" 200 530 "-" "Mozilla/5.0 (compatible; MJ12bot/v1.4.8; http://mj12bot.com/)" "www.mantech8.com"
42.200.228.33 - - [16/Dec/2022:17:57:35 -0800] "GET /bimages/cert/?C=M;O=A HTTP/1.1" 200 530 "-" "Mozilla/5.0 (compatible; MJ12bot/v1.4.8; http://mj12bot.com/)" "www.mantech8.com"
42.200.228.33 - - [16/Dec/2022:17:57:37 -0800] "GET /bimages/cert/?C=N;O=D HTTP/1.1" 200 525 "-" "Mozilla/5.0 (compatible; MJ12bot/v1.4.8; http://mj12bot.com/)" "www.mantech8.com"
42.200.228.33 - - [16/Dec/2022:17:57:39 -0800] "GET /bimages/cert/?C=S;O=A HTTP/1.1" 200 530 "-" "Mozilla/5.0 (compatible; MJ12bot/v1.4.8; http://mj12bot.com/)" "www.mantech8.com"
42.200.228.33 - - [16/Dec/2022:17:57:42 -0800] "GET /bimages/certificate/?C=D;O=A HTTP/1.1" 200 651 "-" "Mozilla/5.0 (compatible; MJ12bot/v1.4.8; http://mj12bot.com/)" "www.mantech8.com"
42.200.228.33 - - [16/Dec/2022:17:57:44 -0800] "GET /bimages/certificate/?C=M;O=A HTTP/1.1" 200 657 "-" "Mozilla/5.0 (compatible; MJ12bot/v1.4.8; http://mj12bot.com/)" "www.mantech8.com"
42.200.228.33 - - [16/Dec/2022:17:57:47 -0800] "GET /bimages/certificate/?C=N;O=D HTTP/1.1" 200 645 "-" "Mozilla/5.0 (compatible; MJ12bot/v1.4.8; http://mj12bot.com/)" "www.mantech8.com"
42.200.228.33 - - [16/Dec/2022:17:57:50 -0800] "GET /bimages/certificate/?C=S;O=A HTTP/1.1" 200 658 "-" "Mozilla/5.0 (compatible; MJ12bot/v1.4.8; http://mj12bot.com/)" "www.mantech8.com"
42.200.228.33 - - [16/Dec/2022:17:57:53 -0800] "GET /bimages/certificate/thump/ HTTP/1.1" 200 637 "-" "Mozilla/5.0 (compatible; MJ12bot/v1.4.8; http://mj12bot.com/)" "www.mantech8.com"
42.200.228.33 - - [16/Dec/2022:17:57:56 -0800] "GET /bimages/certificate/thump/?C=D;O=D HTTP/1.1" 200 634 "-" "Mozilla/5.0 (compatible; MJ12bot/v1.4.8; http://mj12bot.com/)" "www.mantech8.com"
42.200.228.33 - - [16/Dec/2022:17:58:00 -0800] "GET /bimages/certificate/thump/?C=M;O=D HTTP/1.1" 200 640 "-" "Mozilla/5.0 (compatible; MJ12bot/v1.4.8; http://mj12bot.com/)" "www.mantech8.com"
42.200.228.33 - - [16/Dec/2022:17:58:02 -0800] "GET /bimages/certificate/thump/?C=N;O=A HTTP/1.1" 200 637 "-" "Mozilla/5.0 (compatible; MJ12bot/v1.4.8; http://mj12bot.com/)" "www.mantech8.com"
42.200.228.33 - - [16/Dec/2022:17:58:05 -0800] "GET /bimages/certificate/thump/?C=S;O=D HTTP/1.1" 200 648 "-" "Mozilla/5.0 (compatible; MJ12bot/v1.4.8; http://mj12bot.com/)" "www.mantech8.com"
42.200.228.33 - - [16/Dec/2022:17:58:09 -0800] "GET /bimages/cleang/?C=D;O=A HTTP/1.1" 200 505 "-" "Mozilla/5.0 (compatible; MJ12bot/v1.4.8; http://mj12bot.com/)" "www.mantech8.com"
42.200.228.33 - - [16/Dec/2022:17:58:12 -0800] "GET /bimages/cleang/?C=M;O=A HTTP/1.1" 200 505 "-" "Mozilla/5.0 (compatible; MJ12bot/v1.4.8; http://mj12bot.com/)" "www.mantech8.com"
42.200.228.33 - - [16/Dec/2022:17:58:15 -0800] "GET /bimages/cleang/?C=N;O=D HTTP/1.1" 200 499 "-" "Mozilla/5.0 (compatible; MJ12bot/v1.4.8; http://mj12bot.com/)" "www.mantech8.com"
42.200.228.33 - - [16/Dec/2022:17:58:18 -0800] "GET /bimages/cleang/?C=S;O=A HTTP/1.1" 200 502 "-" "Mozilla/5.0 (compatible; MJ12bot/v1.4.8; http://mj12bot.com/)" "www.mantech8.com"
216.244.66.241 - - [16/Dec/2022:17:58:20 -0800] "GET /robots.txt HTTP/1.1" 200 222 "-" "Mozilla/5.0 (compatible; DotBot/1.2; +https://opensiteexplorer.org/dotbot; help@moz.com)" "mantech8.com"
216.244.66.241 - - [16/Dec/2022:17:58:20 -0800] "GET /robots.txt HTTP/1.1" 200 222 "-" "Mozilla/5.0 (compatible; DotBot/1.2; +https://opensiteexplorer.org/dotbot; help@moz.com)" "www.mantech8.com"
42.200.228.33 - - [16/Dec/2022:17:58:21 -0800] "GET /bimages/cleang/thump/ HTTP/1.1" 200 462 "-" "Mozilla/5.0 (compatible; MJ12bot/v1.4.8; http://mj12bot.com/)" "www.mantech8.com"
42.200.228.33 - - [16/Dec/2022:17:58:25 -0800] "GET /bimages/cleang/thump/?C=D;O=D HTTP/1.1" 200 459 "-" "Mozilla/5.0 (compatible; MJ12bot/v1.4.8; http://mj12bot.com/)" "www.mantech8.com"
42.200.228.33 - - [16/Dec/2022:17:58:28 -0800] "GET /bimages/cleang/thump/?C=M;O=D HTTP/1.1" 200 459 "-" "Mozilla/5.0 (compatible; MJ12bot/v1.4.8; http://mj12bot.com/)" "www.mantech8.com"
42.200.228.33 - - [16/Dec/2022:17:58:32 -0800] "GET /bimages/cleang/thump/?C=N;O=A HTTP/1.1" 200 462 "-" "Mozilla/5.0 (compatible; MJ12bot/v1.4.8; http://mj12bot.com/)" "www.mantech8.com"
42.200.228.33 - - [16/Dec/2022:17:58:34 -0800] "GET /bimages/cleang/thump/?C=S;O=D HTTP/1.1" 200 460 "-" "Mozilla/5.0 (compatible; MJ12bot/v1.4.8; http://mj12bot.com/)" "www.mantech8.com"
42.200.228.33 - - [16/Dec/2022:17:58:39 -0800] "GET /bimages/client/?C=D;O=A HTTP/1.1" 200 706 "-" "Mozilla/5.0 (compatible; MJ12bot/v1.4.8; http://mj12bot.com/)" "www.mantech8.com"
185.191.171.25 - - [16/Dec/2022:17:58:41 -0800] "GET /?camp-fire%2F35909306.html HTTP/1.1" 500 - "-" "Mozilla/5.0 (compatible; SemrushBot/7~bl; +http://www.semrush.com/bot.html)" "mantech8.com"
42.200.228.33 - - [16/Dec/2022:17:58:42 -0800] "GET /bimages/client/?C=M;O=A HTTP/1.1" 200 696 "-" "Mozilla/5.0 (compatible; MJ12bot/v1.4.8; http://mj12bot.com/)" "www.mantech8.com"
42.200.228.33 - - [16/Dec/2022:17:58:46 -0800] "GET /bimages/client/?C=N;O=D HTTP/1.1" 200 711 "-" "Mozilla/5.0 (compatible; MJ12bot/v1.4.8; http://mj12bot.com/)" "www.mantech8.com"
42.200.228.33 - - [16/Dec/2022:17:58:51 -0800] "GET /bimages/client/?C=S;O=A HTTP/1.1" 200 709 "-" "Mozilla/5.0 (compatible; MJ12bot/v1.4.8; http://mj12bot.com/)" "www.mantech8.com"
42.200.228.33 - - [16/Dec/2022:17:58:54 -0800] "GET /bimages/client/blackleaf.php HTTP/1.1" 200 7300 "-" "Mozilla/5.0 (compatible; MJ12bot/v1.4.8; http://mj12bot.com/)" "www.mantech8.com"
42.200.228.33 - - [16/Dec/2022:17:58:58 -0800] "GET /bimages/client/kallakisse.php HTTP/1.1" 200 30475 "-" "Mozilla/5.0 (compatible; MJ12bot/v1.4.8; http://mj12bot.com/)" "www.mantech8.com"
42.200.228.33 - - [16/Dec/2022:17:59:04 -0800] "GET /bimages/client/wp-Annonymous.php HTTP/1.1" 200 881 "-" "Mozilla/5.0 (compatible; MJ12bot/v1.4.8; http://mj12bot.com/)" "www.mantech8.com"
42.200.228.33 - - [16/Dec/2022:17:59:07 -0800] "GET /bimages/dimage/?C=D;O=A HTTP/1.1" 200 419 "-" "Mozilla/5.0 (compatible; MJ12bot/v1.4.8; http://mj12bot.com/)" "www.mantech8.com"
42.200.228.33 - - [16/Dec/2022:17:59:16 -0800] "GET /bimages/dimage/?C=M;O=A HTTP/1.1" 200 420 "-" "Mozilla/5.0 (compatible; MJ12bot/v1.4.8; http://mj12bot.com/)" "www.mantech8.com"
185.191.171.20 - - [16/Dec/2022:17:59:19 -0800] "GET /?camp-fire%2F39151935.html HTTP/1.1" 500 - "-" "Mozilla/5.0 (compatible; SemrushBot/7~bl; +http://www.semrush.com/bot.html)" "mantech8.com"
42.200.228.33 - - [16/Dec/2022:17:59:21 -0800] "GET /bimages/dimage/?C=N;O=D HTTP/1.1" 200 418 "-" "Mozilla/5.0 (compatible; MJ12bot/v1.4.8; http://mj12bot.com/)" "www.mantech8.com"
42.200.228.33 - - [16/Dec/2022:17:59:30 -0800] "GET /bimages/dimage/?C=S;O=A HTTP/1.1" 200 420 "-" "Mozilla/5.0 (compatible; MJ12bot/v1.4.8; http://mj12bot.com/)" "www.mantech8.com"
42.200.228.33 - - [16/Dec/2022:17:59:36 -0800] "GET /bimages/door/?C=D;O=A HTTP/1.1" 200 447 "-" "Mozilla/5.0 (compatible; MJ12bot/v1.4.8; http://mj12bot.com/)" "www.mantech8.com"
42.200.228.33 - - [16/Dec/2022:17:59:43 -0800] "GET /bimages/door/?C=M;O=A HTTP/1.1" 200 448 "-" "Mozilla/5.0 (compatible; MJ12bot/v1.4.8; http://mj12bot.com/)" "www.mantech8.com"
42.200.228.33 - - [16/Dec/2022:17:59:47 -0800] "GET /bimages/door/?C=N;O=D HTTP/1.1" 200 444 "-" "Mozilla/5.0 (compatible; MJ12bot/v1.4.8; http://mj12bot.com/)" "www.mantech8.com"
185.191.171.7 - - [16/Dec/2022:17:59:51 -0800] "GET /?camp-fire%2F37067685.html HTTP/1.1" 500 - "-" "Mozilla/5.0 (compatible; SemrushBot/7~bl; +http://www.semrush.com/bot.html)" "mantech8.com"
42.200.228.33 - - [16/Dec/2022:17:59:53 -0800] "GET /bimages/door/?C=S;O=A HTTP/1.1" 200 447 "-" "Mozilla/5.0 (compatible; MJ12bot/v1.4.8; http://mj12bot.com/)" "www.mantech8.com"
42.200.228.33 - - [16/Dec/2022:17:59:59 -0800] "GET /bimages/ele/?C=D;O=A HTTP/1.1" 200 426 "-" "Mozilla/5.0 (compatible; MJ12bot/v1.4.8; http://mj12bot.com/)" "www.mantech8.com"
42.200.228.33 - - [16/Dec/2022:18:00:02 -0800] "GET /bimages/ele/?C=M;O=A HTTP/1.1" 200 427 "-" "Mozilla/5.0 (compatible; MJ12bot/v1.4.8; http://mj12bot.com/)" "www.mantech8.com"
185.191.171.37 - - [16/Dec/2022:18:00:07 -0800] "GET /?camp-fire%2F98595255.html HTTP/1.1" 500 - "-" "Mozilla/5.0 (compatible; SemrushBot/7~bl; +http://www.semrush.com/bot.html)" "mantech8.com"
42.200.228.33 - - [16/Dec/2022:18:00:07 -0800] "GET /bimages/ele/?C=N;O=D HTTP/1.1" 200 425 "-" "Mozilla/5.0 (compatible; MJ12bot/v1.4.8; http://mj12bot.com/)" "www.mantech8.com"
42.200.228.33 - - [16/Dec/2022:18:00:14 -0800] "GET /bimages/ele/?C=S;O=A HTTP/1.1" 200 427 "-" "Mozilla/5.0 (compatible; MJ12bot/v1.4.8; http://mj12bot.com/)" "www.mantech8.com"
42.200.228.33 - - [16/Dec/2022:18:00:20 -0800] "GET /bimages/elect/?C=D;O=A HTTP/1.1" 200 417 "-" "Mozilla/5.0 (compatible; MJ12bot/v1.4.8; http://mj12bot.com/)" "www.mantech8.com"
79.137.206.157 - - [16/Dec/2022:18:00:21 -0800] "GET /contact.php HTTP/1.1" 200 29238 "https://sexrasskaz.com/" "Mozilla/4.0 (compatible; MSIE 6.0; Windows NT 5.1; SV1; .NET CLR 1.1.4322; XMPP Tiscali Communicator v.10.0.2; .NET CLR 2.0.50727)" "mantech8.com"
79.137.206.157 - - [16/Dec/2022:18:00:23 -0800] "GET /contact.php HTTP/1.1" 200 29238 "https://sexrasskaz.com/" "Mozilla/4.0 (compatible; MSIE 6.0; Windows NT 5.1; SV1; .NET CLR 1.1.4322; XMPP Tiscali Communicator v.10.0.2; .NET CLR 2.0.50727)" "mantech8.com"
79.137.206.157 - - [16/Dec/2022:18:00:23 -0800] "GET /contact.php HTTP/1.1" 200 29238 "https://sexrasskaz.com/" "Mozilla/4.0 (compatible; MSIE 6.0; Windows NT 5.1; SV1; .NET CLR 1.1.4322; XMPP Tiscali Communicator v.10.0.2; .NET CLR 2.0.50727)" "mantech8.com"
42.200.228.33 - - [16/Dec/2022:18:00:27 -0800] "GET /bimages/elect/?C=M;O=A HTTP/1.1" 200 417 "-" "Mozilla/5.0 (compatible; MJ12bot/v1.4.8; http://mj12bot.com/)" "www.mantech8.com"
42.200.228.33 - - [16/Dec/2022:18:00:32 -0800] "GET /bimages/elect/?C=N;O=D HTTP/1.1" 200 415 "-" "Mozilla/5.0 (compatible; MJ12bot/v1.4.8; http://mj12bot.com/)" "www.mantech8.com"
42.200.228.33 - - [16/Dec/2022:18:00:38 -0800] "GET /bimages/elect/?C=S;O=A HTTP/1.1" 200 417 "-" "Mozilla/5.0 (compatible; MJ12bot/v1.4.8; http://mj12bot.com/)" "www.mantech8.com"
42.200.228.33 - - [16/Dec/2022:18:00:46 -0800] "GET /bimages/electric/?C=D;O=A HTTP/1.1" 200 420 "-" "Mozilla/5.0 (compatible; MJ12bot/v1.4.8; http://mj12bot.com/)" "www.mantech8.com"
42.200.228.33 - - [16/Dec/2022:18:00:54 -0800] "GET /bimages/electric/?C=M;O=A HTTP/1.1" 200 420 "-" "Mozilla/5.0 (compatible; MJ12bot/v1.4.8; http://mj12bot.com/)" "www.mantech8.com"
185.191.171.33 - - [16/Dec/2022:18:01:02 -0800] "GET /index.php?camp-fire%2F8255508.html HTTP/1.1" 500 - "-" "Mozilla/5.0 (compatible; SemrushBot/7~bl; +http://www.semrush.com/bot.html)" "mantech8.com"
42.200.228.33 - - [16/Dec/2022:18:01:03 -0800] "GET /bimages/electric/?C=N;O=D HTTP/1.1" 200 418 "-" "Mozilla/5.0 (compatible; MJ12bot/v1.4.8; http://mj12bot.com/)" "www.mantech8.com"
185.191.171.37 - - [16/Dec/2022:18:01:07 -0800] "GET /?camp-fire%2F97418880.html HTTP/1.1" 500 - "-" "Mozilla/5.0 (compatible; SemrushBot/7~bl; +http://www.semrush.com/bot.html)" "mantech8.com"
42.200.228.33 - - [16/Dec/2022:18:01:10 -0800] "GET /bimages/electric/?C=S;O=A HTTP/1.1" 200 420 "-" "Mozilla/5.0 (compatible; MJ12bot/v1.4.8; http://mj12bot.com/)" "www.mantech8.com"
185.191.171.33 - - [16/Dec/2022:18:01:15 -0800] "GET /?camp-fire%2F28840771.html HTTP/1.1" 500 - "-" "Mozilla/5.0 (compatible; SemrushBot/7~bl; +http://www.semrush.com/bot.html)" "mantech8.com"
42.200.228.33 - - [16/Dec/2022:18:01:23 -0800] "GET /bimages/ework/?C=D;O=A HTTP/1.1" 200 419 "-" "Mozilla/5.0 (compatible; MJ12bot/v1.4.8; http://mj12bot.com/)" "www.mantech8.com"
42.200.228.33 - - [16/Dec/2022:18:01:32 -0800] "GET /bimages/ework/?C=M;O=A HTTP/1.1" 200 420 "-" "Mozilla/5.0 (compatible; MJ12bot/v1.4.8; http://mj12bot.com/)" "www.mantech8.com"
42.200.228.33 - - [16/Dec/2022:18:01:43 -0800] "GET /bimages/ework/?C=N;O=D HTTP/1.1" 200 417 "-" "Mozilla/5.0 (compatible; MJ12bot/v1.4.8; http://mj12bot.com/)" "www.mantech8.com"
42.200.228.33 - - [16/Dec/2022:18:01:48 -0800] "GET /bimages/ework/?C=S;O=A HTTP/1.1" 200 419 "-" "Mozilla/5.0 (compatible; MJ12bot/v1.4.8; http://mj12bot.com/)" "www.mantech8.com"
42.200.228.33 - - [16/Dec/2022:18:01:57 -0800] "GET /bimages/headg/?C=N;O=D HTTP/1.1" 200 489 "-" "Mozilla/5.0 (compatible; MJ12bot/v1.4.8; http://mj12bot.com/)" "www.mantech8.com"
185.191.171.3 - - [16/Dec/2022:18:01:57 -0800] "GET /?camp-fire%2F37547238.html HTTP/1.1" 500 - "-" "Mozilla/5.0 (compatible; SemrushBot/7~bl; +http://www.semrush.com/bot.html)" "mantech8.com"
42.200.228.33 - - [16/Dec/2022:18:02:05 -0800] "GET /bimages/headg/thump/?C=D;O=D HTTP/1.1" 200 479 "-" "Mozilla/5.0 (compatible; MJ12bot/v1.4.8; http://mj12bot.com/)" "www.mantech8.com"
42.200.228.33 - - [16/Dec/2022:18:02:14 -0800] "GET /bimages/headg/thump/?C=M;O=D HTTP/1.1" 200 483 "-" "Mozilla/5.0 (compatible; MJ12bot/v1.4.8; http://mj12bot.com/)" "www.mantech8.com"
42.200.228.33 - - [16/Dec/2022:18:02:23 -0800] "GET /bimages/headg/thump/?C=N;O=A HTTP/1.1" 200 484 "-" "Mozilla/5.0 (compatible; MJ12bot/v1.4.8; http://mj12bot.com/)" "www.mantech8.com"
42.200.228.33 - - [16/Dec/2022:18:02:31 -0800] "GET /bimages/headg/thump/?C=S;O=D HTTP/1.1" 200 480 "-" "Mozilla/5.0 (compatible; MJ12bot/v1.4.8; http://mj12bot.com/)" "www.mantech8.com"
42.200.228.33 - - [16/Dec/2022:18:02:40 -0800] "GET /bimages/hgallery/thump/?C=D;O=D HTTP/1.1" 200 503 "-" "Mozilla/5.0 (compatible; MJ12bot/v1.4.8; http://mj12bot.com/)" "www.mantech8.com"
185.191.171.23 - - [16/Dec/2022:18:02:45 -0800] "GET /?camp-fire%2F41735176.html HTTP/1.1" 500 - "-" "Mozilla/5.0 (compatible; SemrushBot/7~bl; +http://www.semrush.com/bot.html)" "mantech8.com"
42.200.228.33 - - [16/Dec/2022:18:02:49 -0800] "GET /bimages/hgallery/thump/?C=M;O=D HTTP/1.1" 200 501 "-" "Mozilla/5.0 (compatible; MJ12bot/v1.4.8; http://mj12bot.com/)" "www.mantech8.com"
42.200.228.33 - - [16/Dec/2022:18:02:58 -0800] "GET /bimages/hgallery/thump/?C=N;O=A HTTP/1.1" 200 506 "-" "Mozilla/5.0 (compatible; MJ12bot/v1.4.8; http://mj12bot.com/)" "www.mantech8.com"
185.191.171.35 - - [16/Dec/2022:18:03:02 -0800] "GET /?camp-fire%2F98877097.html HTTP/1.1" 500 - "-" "Mozilla/5.0 (compatible; SemrushBot/7~bl; +http://www.semrush.com/bot.html)" "mantech8.com"
42.200.228.33 - - [16/Dec/2022:18:03:06 -0800] "GET /bimages/hgallery/thump/?C=S;O=D HTTP/1.1" 200 505 "-" "Mozilla/5.0 (compatible; MJ12bot/v1.4.8; http://mj12bot.com/)" "www.mantech8.com"
42.200.228.33 - - [16/Dec/2022:18:03:17 -0800] "GET /bimages/himage/?C=D;O=A HTTP/1.1" 200 443 "-" "Mozilla/5.0 (compatible; MJ12bot/v1.4.8; http://mj12bot.com/)" "www.mantech8.com"
42.200.228.33 - - [16/Dec/2022:18:03:24 -0800] "GET /bimages/himage/?C=M;O=A HTTP/1.1" 200 443 "-" "Mozilla/5.0 (compatible; MJ12bot/v1.4.8; http://mj12bot.com/)" "www.mantech8.com"
42.200.228.33 - - [16/Dec/2022:18:03:32 -0800] "GET /bimages/himage/?C=N;O=D HTTP/1.1" 200 442 "-" "Mozilla/5.0 (compatible; MJ12bot/v1.4.8; http://mj12bot.com/)" "www.mantech8.com"
42.200.228.33 - - [16/Dec/2022:18:03:39 -0800] "GET /bimages/himage/?C=S;O=A HTTP/1.1" 200 444 "-" "Mozilla/5.0 (compatible; MJ12bot/v1.4.8; http://mj12bot.com/)" "www.mantech8.com"
185.191.171.8 - - [16/Dec/2022:18:03:44 -0800] "GET /index.php/camp-fire/12678421.html HTTP/1.1" 500 - "-" "Mozilla/5.0 (compatible; SemrushBot/7~bl; +http://www.semrush.com/bot.html)" "mantech8.com"
42.200.228.33 - - [16/Dec/2022:18:03:47 -0800] "GET /bimages/hydrog/?C=D;O=A HTTP/1.1" 200 486 "-" "Mozilla/5.0 (compatible; MJ12bot/v1.4.8; http://mj12bot.com/)" "www.mantech8.com"
42.200.228.33 - - [16/Dec/2022:18:03:54 -0800] "GET /bimages/hydrog/?C=M;O=A HTTP/1.1" 200 483 "-" "Mozilla/5.0 (compatible; MJ12bot/v1.4.8; http://mj12bot.com/)" "www.mantech8.com"
185.191.171.23 - - [16/Dec/2022:18:03:57 -0800] "GET /index.php?camp-fire%2F19857187.html HTTP/1.1" 500 - "-" "Mozilla/5.0 (compatible; SemrushBot/7~bl; +http://www.semrush.com/bot.html)" "mantech8.com"
185.191.171.9 - - [16/Dec/2022:18:03:58 -0800] "GET /?camp-fire%2F26105982.html HTTP/1.1" 500 - "-" "Mozilla/5.0 (compatible; SemrushBot/7~bl; +http://www.semrush.com/bot.html)" "mantech8.com"
42.200.228.33 - - [16/Dec/2022:18:04:01 -0800] "GET /bimages/hydrog/?C=N;O=D HTTP/1.1" 200 483 "-" "Mozilla/5.0 (compatible; MJ12bot/v1.4.8; http://mj12bot.com/)" "www.mantech8.com"
42.200.228.33 - - [16/Dec/2022:18:04:09 -0800] "GET /bimages/hydrog/?C=S;O=A HTTP/1.1" 200 484 "-" "Mozilla/5.0 (compatible; MJ12bot/v1.4.8; http://mj12bot.com/)" "www.mantech8.com"
42.200.228.33 - - [16/Dec/2022:18:04:16 -0800] "GET /bimages/hydrog/thump/ HTTP/1.1" 200 468 "-" "Mozilla/5.0 (compatible; MJ12bot/v1.4.8; http://mj12bot.com/)" "www.mantech8.com"
42.200.228.33 - - [16/Dec/2022:18:04:23 -0800] "GET /bimages/hydrog/thump/?C=D;O=D HTTP/1.1" 200 466 "-" "Mozilla/5.0 (compatible; MJ12bot/v1.4.8; http://mj12bot.com/)" "www.mantech8.com"
42.200.228.33 - - [16/Dec/2022:18:04:30 -0800] "GET /bimages/hydrog/thump/?C=M;O=D HTTP/1.1" 200 466 "-" "Mozilla/5.0 (compatible; MJ12bot/v1.4.8; http://mj12bot.com/)" "www.mantech8.com"
42.200.228.33 - - [16/Dec/2022:18:04:36 -0800] "GET /bimages/hydrog/thump/?C=N;O=A HTTP/1.1" 200 468 "-" "Mozilla/5.0 (compatible; MJ12bot/v1.4.8; http://mj12bot.com/)" "www.mantech8.com"
42.200.228.33 - - [16/Dec/2022:18:04:43 -0800] "GET /bimages/hydrog/thump/?C=S;O=D HTTP/1.1" 200 466 "-" "Mozilla/5.0 (compatible; MJ12bot/v1.4.8; http://mj12bot.com/)" "www.mantech8.com"
185.191.171.36 - - [16/Dec/2022:18:04:45 -0800] "GET /?camp-fire%2F32970809.html HTTP/1.1" 500 - "-" "Mozilla/5.0 (compatible; SemrushBot/7~bl; +http://www.semrush.com/bot.html)" "mantech8.com"
42.200.228.33 - - [16/Dec/2022:18:04:48 -0800] "GET /bimages/mission/?C=D;O=A HTTP/1.1" 200 416 "-" "Mozilla/5.0 (compatible; MJ12bot/v1.4.8; http://mj12bot.com/)" "www.mantech8.com"
185.191.171.2 - - [16/Dec/2022:18:04:48 -0800] "GET /?camp-fire%2F29858776.html HTTP/1.1" 500 - "-" "Mozilla/5.0 (compatible; SemrushBot/7~bl; +http://www.semrush.com/bot.html)" "mantech8.com"
42.200.228.33 - - [16/Dec/2022:18:04:53 -0800] "GET /bimages/mission/?C=M;O=A HTTP/1.1" 200 417 "-" "Mozilla/5.0 (compatible; MJ12bot/v1.4.8; http://mj12bot.com/)" "www.mantech8.com"
42.200.228.33 - - [16/Dec/2022:18:04:58 -0800] "GET /bimages/mission/?C=N;O=D HTTP/1.1" 200 414 "-" "Mozilla/5.0 (compatible; MJ12bot/v1.4.8; http://mj12bot.com/)" "www.mantech8.com"
42.200.228.33 - - [16/Dec/2022:18:05:03 -0800] "GET /bimages/mission/?C=S;O=A HTTP/1.1" 200 417 "-" "Mozilla/5.0 (compatible; MJ12bot/v1.4.8; http://mj12bot.com/)" "www.mantech8.com"
42.200.228.33 - - [16/Dec/2022:18:05:09 -0800] "GET /bimages/paintg/?C=D;O=A HTTP/1.1" 200 497 "-" "Mozilla/5.0 (compatible; MJ12bot/v1.4.8; http://mj12bot.com/)" "www.mantech8.com"
42.200.228.33 - - [16/Dec/2022:18:05:13 -0800] "GET /bimages/paintg/?C=M;O=A HTTP/1.1" 200 496 "-" "Mozilla/5.0 (compatible; MJ12bot/v1.4.8; http://mj12bot.com/)" "www.mantech8.com"
42.200.228.33 - - [16/Dec/2022:18:05:19 -0800] "GET /bimages/paintg/?C=N;O=D HTTP/1.1" 200 491 "-" "Mozilla/5.0 (compatible; MJ12bot/v1.4.8; http://mj12bot.com/)" "www.mantech8.com"
42.200.228.33 - - [16/Dec/2022:18:05:24 -0800] "GET /bimages/paintg/?C=S;O=A HTTP/1.1" 200 493 "-" "Mozilla/5.0 (compatible; MJ12bot/v1.4.8; http://mj12bot.com/)" "www.mantech8.com"
42.200.228.33 - - [16/Dec/2022:18:05:29 -0800] "GET /bimages/paintg/thump/ HTTP/1.1" 200 483 "-" "Mozilla/5.0 (compatible; MJ12bot/v1.4.8; http://mj12bot.com/)" "www.mantech8.com"
42.200.228.33 - - [16/Dec/2022:18:05:34 -0800] "GET /bimages/paintg/thump/?C=D;O=D HTTP/1.1" 200 481 "-" "Mozilla/5.0 (compatible; MJ12bot/v1.4.8; http://mj12bot.com/)" "www.mantech8.com"
42.200.228.33 - - [16/Dec/2022:18:05:39 -0800] "GET /bimages/paintg/thump/?C=M;O=D HTTP/1.1" 200 481 "-" "Mozilla/5.0 (compatible; MJ12bot/v1.4.8; http://mj12bot.com/)" "www.mantech8.com"
42.200.228.33 - - [16/Dec/2022:18:05:46 -0800] "GET /bimages/paintg/thump/?C=N;O=A HTTP/1.1" 200 483 "-" "Mozilla/5.0 (compatible; MJ12bot/v1.4.8; http://mj12bot.com/)" "www.mantech8.com"
42.200.228.33 - - [16/Dec/2022:18:05:52 -0800] "GET /bimages/paintg/thump/?C=S;O=D HTTP/1.1" 200 482 "-" "Mozilla/5.0 (compatible; MJ12bot/v1.4.8; http://mj12bot.com/)" "www.mantech8.com"
42.200.228.33 - - [16/Dec/2022:18:05:58 -0800] "GET /bimages/pipeg/?C=D;O=A HTTP/1.1" 200 569 "-" "Mozilla/5.0 (compatible; MJ12bot/v1.4.8; http://mj12bot.com/)" "www.mantech8.com"
42.200.228.33 - - [16/Dec/2022:18:06:03 -0800] "GET /bimages/pipeg/?C=M;O=A HTTP/1.1" 200 567 "-" "Mozilla/5.0 (compatible; MJ12bot/v1.4.8; http://mj12bot.com/)" "www.mantech8.com"
42.200.228.33 - - [16/Dec/2022:18:06:09 -0800] "GET /bimages/pipeg/?C=N;O=D HTTP/1.1" 200 564 "-" "Mozilla/5.0 (compatible; MJ12bot/v1.4.8; http://mj12bot.com/)" "www.mantech8.com"
42.200.228.33 - - [16/Dec/2022:18:06:14 -0800] "GET /bimages/pipeg/?C=S;O=A HTTP/1.1" 200 566 "-" "Mozilla/5.0 (compatible; MJ12bot/v1.4.8; http://mj12bot.com/)" "www.mantech8.com"
42.200.228.33 - - [16/Dec/2022:18:06:20 -0800] "GET /bimages/pipeg/thump/ HTTP/1.1" 200 568 "-" "Mozilla/5.0 (compatible; MJ12bot/v1.4.8; http://mj12bot.com/)" "www.mantech8.com"
42.200.228.33 - - [16/Dec/2022:18:06:24 -0800] "GET /bimages/pipeg/thump/?C=D;O=D HTTP/1.1" 200 562 "-" "Mozilla/5.0 (compatible; MJ12bot/v1.4.8; http://mj12bot.com/)" "www.mantech8.com"
42.200.228.33 - - [16/Dec/2022:18:06:29 -0800] "GET /bimages/pipeg/thump/?C=M;O=D HTTP/1.1" 200 562 "-" "Mozilla/5.0 (compatible; MJ12bot/v1.4.8; http://mj12bot.com/)" "www.mantech8.com"
42.200.228.33 - - [16/Dec/2022:18:06:36 -0800] "GET /bimages/pipeg/thump/?C=N;O=A HTTP/1.1" 200 568 "-" "Mozilla/5.0 (compatible; MJ12bot/v1.4.8; http://mj12bot.com/)" "www.mantech8.com"
42.200.228.33 - - [16/Dec/2022:18:06:42 -0800] "GET /bimages/pipeg/thump/?C=S;O=D HTTP/1.1" 200 562 "-" "Mozilla/5.0 (compatible; MJ12bot/v1.4.8; http://mj12bot.com/)" "www.mantech8.com"
42.200.228.33 - - [16/Dec/2022:18:06:48 -0800] "GET /bimages/safety/?C=D;O=A HTTP/1.1" 200 465 "-" "Mozilla/5.0 (compatible; MJ12bot/v1.4.8; http://mj12bot.com/)" "www.mantech8.com"
42.200.228.33 - - [16/Dec/2022:18:06:55 -0800] "GET /bimages/safety/?C=M;O=A HTTP/1.1" 200 465 "-" "Mozilla/5.0 (compatible; MJ12bot/v1.4.8; http://mj12bot.com/)" "www.mantech8.com"
42.200.228.33 - - [16/Dec/2022:18:07:03 -0800] "GET /bimages/safety/?C=N;O=D HTTP/1.1" 200 462 "-" "Mozilla/5.0 (compatible; MJ12bot/v1.4.8; http://mj12bot.com/)" "www.mantech8.com"
42.200.228.33 - - [16/Dec/2022:18:07:09 -0800] "GET /bimages/safety/?C=S;O=A HTTP/1.1" 200 465 "-" "Mozilla/5.0 (compatible; MJ12bot/v1.4.8; http://mj12bot.com/)" "www.mantech8.com"
42.200.228.33 - - [16/Dec/2022:18:07:15 -0800] "GET /bimages/scafg/?C=D;O=A HTTP/1.1" 200 555 "-" "Mozilla/5.0 (compatible; MJ12bot/v1.4.8; http://mj12bot.com/)" "www.mantech8.com"
42.200.228.33 - - [16/Dec/2022:18:07:20 -0800] "GET /bimages/scafg/?C=M;O=A HTTP/1.1" 200 557 "-" "Mozilla/5.0 (compatible; MJ12bot/v1.4.8; http://mj12bot.com/)" "www.mantech8.com"
42.200.228.33 - - [16/Dec/2022:18:07:28 -0800] "GET /bimages/scafg/?C=N;O=D HTTP/1.1" 200 547 "-" "Mozilla/5.0 (compatible; MJ12bot/v1.4.8; http://mj12bot.com/)" "www.mantech8.com"
42.200.228.33 - - [16/Dec/2022:18:07:35 -0800] "GET /bimages/scafg/?C=S;O=A HTTP/1.1" 200 549 "-" "Mozilla/5.0 (compatible; MJ12bot/v1.4.8; http://mj12bot.com/)" "www.mantech8.com"
42.200.228.33 - - [16/Dec/2022:18:07:43 -0800] "GET /bimages/scafg/thump/ HTTP/1.1" 200 535 "-" "Mozilla/5.0 (compatible; MJ12bot/v1.4.8; http://mj12bot.com/)" "www.mantech8.com"
42.200.228.33 - - [16/Dec/2022:18:07:49 -0800] "GET /bimages/scafg/thump/?C=D;O=D HTTP/1.1" 200 530 "-" "Mozilla/5.0 (compatible; MJ12bot/v1.4.8; http://mj12bot.com/)" "www.mantech8.com"
185.191.171.39 - - [16/Dec/2022:18:07:54 -0800] "GET /?camp-fire%2F35244925.html HTTP/1.1" 500 - "-" "Mozilla/5.0 (compatible; SemrushBot/7~bl; +http://www.semrush.com/bot.html)" "mantech8.com"
42.200.228.33 - - [16/Dec/2022:18:07:56 -0800] "GET /bimages/scafg/thump/?C=M;O=D HTTP/1.1" 200 531 "-" "Mozilla/5.0 (compatible; MJ12bot/v1.4.8; http://mj12bot.com/)" "www.mantech8.com"
42.200.228.33 - - [16/Dec/2022:18:08:01 -0800] "GET /bimages/scafg/thump/?C=N;O=A HTTP/1.1" 200 535 "-" "Mozilla/5.0 (compatible; MJ12bot/v1.4.8; http://mj12bot.com/)" "www.mantech8.com"
185.191.171.39 - - [16/Dec/2022:18:08:04 -0800] "GET /?camp-fire%2F37141996.html HTTP/1.1" 500 - "-" "Mozilla/5.0 (compatible; SemrushBot/7~bl; +http://www.semrush.com/bot.html)" "mantech8.com"
42.200.228.33 - - [16/Dec/2022:18:08:07 -0800] "GET /bimages/scafg/thump/?C=S;O=D HTTP/1.1" 200 534 "-" "Mozilla/5.0 (compatible; MJ12bot/v1.4.8; http://mj12bot.com/)" "www.mantech8.com"
42.200.228.33 - - [16/Dec/2022:18:08:12 -0800] "GET /bimages/service/?C=D;O=A HTTP/1.1" 200 591 "-" "Mozilla/5.0 (compatible; MJ12bot/v1.4.8; http://mj12bot.com/)" "www.mantech8.com"
42.200.228.33 - - [16/Dec/2022:18:08:20 -0800] "GET /bimages/service/?C=M;O=A HTTP/1.1" 200 586 "-" "Mozilla/5.0 (compatible; MJ12bot/v1.4.8; http://mj12bot.com/)" "www.mantech8.com"
42.200.228.33 - - [16/Dec/2022:18:08:27 -0800] "GET /bimages/service/?C=N;O=D HTTP/1.1" 200 582 "-" "Mozilla/5.0 (compatible; MJ12bot/v1.4.8; http://mj12bot.com/)" "www.mantech8.com"
42.200.228.33 - - [16/Dec/2022:18:08:31 -0800] "GET /bimages/service/?C=S;O=A HTTP/1.1" 200 586 "-" "Mozilla/5.0 (compatible; MJ12bot/v1.4.8; http://mj12bot.com/)" "www.mantech8.com"
185.191.171.39 - - [16/Dec/2022:18:08:32 -0800] "GET /?camp-fire%2F41533771.html HTTP/1.1" 500 - "-" "Mozilla/5.0 (compatible; SemrushBot/7~bl; +http://www.semrush.com/bot.html)" "mantech8.com"
185.191.171.4 - - [16/Dec/2022:18:08:34 -0800] "GET /?camp-fire%2F36744074.html HTTP/1.1" 500 - "-" "Mozilla/5.0 (compatible; SemrushBot/7~bl; +http://www.semrush.com/bot.html)" "mantech8.com"
185.191.171.14 - - [16/Dec/2022:18:08:36 -0800] "GET /?camp-fire%2F40342650.html HTTP/1.1" 500 - "-" "Mozilla/5.0 (compatible; SemrushBot/7~bl; +http://www.semrush.com/bot.html)" "mantech8.com"
42.200.228.33 - - [16/Dec/2022:18:08:37 -0800] "GET /bimages/service/thump/ HTTP/1.1" 200 539 "-" "Mozilla/5.0 (compatible; MJ12bot/v1.4.8; http://mj12bot.com/)" "www.mantech8.com"
42.200.228.33 - - [16/Dec/2022:18:08:44 -0800] "GET /bimages/service/thump/?C=D;O=D HTTP/1.1" 200 539 "-" "Mozilla/5.0 (compatible; MJ12bot/v1.4.8; http://mj12bot.com/)" "www.mantech8.com"
42.200.228.33 - - [16/Dec/2022:18:08:49 -0800] "GET /bimages/service/thump/?C=M;O=D HTTP/1.1" 200 543 "-" "Mozilla/5.0 (compatible; MJ12bot/v1.4.8; http://mj12bot.com/)" "www.mantech8.com"
42.200.228.33 - - [16/Dec/2022:18:08:56 -0800] "GET /bimages/service/thump/?C=N;O=A HTTP/1.1" 200 539 "-" "Mozilla/5.0 (compatible; MJ12bot/v1.4.8; http://mj12bot.com/)" "www.mantech8.com"
42.200.228.33 - - [16/Dec/2022:18:09:03 -0800] "GET /bimages/service/thump/?C=S;O=D HTTP/1.1" 200 543 "-" "Mozilla/5.0 (compatible; MJ12bot/v1.4.8; http://mj12bot.com/)" "www.mantech8.com"
185.191.171.42 - - [16/Dec/2022:18:09:08 -0800] "GET /?camp-fire%2F38857792.html HTTP/1.1" 500 - "-" "Mozilla/5.0 (compatible; SemrushBot/7~bl; +http://www.semrush.com/bot.html)" "mantech8.com"
42.200.228.33 - - [16/Dec/2022:18:09:09 -0800] "GET /bimages/tank/?C=D;O=A HTTP/1.1" 200 411 "-" "Mozilla/5.0 (compatible; MJ12bot/v1.4.8; http://mj12bot.com/)" "www.mantech8.com"
42.200.228.33 - - [16/Dec/2022:18:09:14 -0800] "GET /bimages/tank/?C=M;O=A HTTP/1.1" 200 413 "-" "Mozilla/5.0 (compatible; MJ12bot/v1.4.8; http://mj12bot.com/)" "www.mantech8.com"
42.200.228.33 - - [16/Dec/2022:18:09:20 -0800] "GET /bimages/tank/?C=N;O=D HTTP/1.1" 200 411 "-" "Mozilla/5.0 (compatible; MJ12bot/v1.4.8; http://mj12bot.com/)" "www.mantech8.com"
42.200.228.33 - - [16/Dec/2022:18:09:27 -0800] "GET /bimages/tank/?C=S;O=A HTTP/1.1" 200 412 "-" "Mozilla/5.0 (compatible; MJ12bot/v1.4.8; http://mj12bot.com/)" "www.mantech8.com"
42.200.228.33 - - [16/Dec/2022:18:09:32 -0800] "GET /bimages/video/?C=D;O=A HTTP/1.1" 200 550 "-" "Mozilla/5.0 (compatible; MJ12bot/v1.4.8; http://mj12bot.com/)" "www.mantech8.com"
207.46.13.51 - - [16/Dec/2022:18:09:32 -0800] "GET /index.php?/alone/alone.php?id=540 HTTP/1.1" 200 67378 "-" "Mozilla/5.0 (compatible; bingbot/2.0; +http://www.bing.com/bingbot.htm)" "www.mantech8.com"
42.200.228.33 - - [16/Dec/2022:18:09:37 -0800] "GET /bimages/video/?C=M;O=A HTTP/1.1" 200 549 "-" "Mozilla/5.0 (compatible; MJ12bot/v1.4.8; http://mj12bot.com/)" "www.mantech8.com"
42.200.228.33 - - [16/Dec/2022:18:09:43 -0800] "GET /bimages/video/?C=N;O=D HTTP/1.1" 200 545 "-" "Mozilla/5.0 (compatible; MJ12bot/v1.4.8; http://mj12bot.com/)" "www.mantech8.com"
42.200.228.33 - - [16/Dec/2022:18:09:50 -0800] "GET /bimages/video/?C=S;O=A HTTP/1.1" 200 545 "-" "Mozilla/5.0 (compatible; MJ12bot/v1.4.8; http://mj12bot.com/)" "www.mantech8.com"
42.200.228.33 - - [16/Dec/2022:18:09:54 -0800] "GET /bimages/video/thump/ HTTP/1.1" 200 432 "-" "Mozilla/5.0 (compatible; MJ12bot/v1.4.8; http://mj12bot.com/)" "www.mantech8.com"
42.200.228.33 - - [16/Dec/2022:18:09:59 -0800] "GET /bimages/video/thump/?C=D;O=D HTTP/1.1" 200 430 "-" "Mozilla/5.0 (compatible; MJ12bot/v1.4.8; http://mj12bot.com/)" "www.mantech8.com"
42.200.228.33 - - [16/Dec/2022:18:10:05 -0800] "GET /bimages/video/thump/?C=M;O=D HTTP/1.1" 200 430 "-" "Mozilla/5.0 (compatible; MJ12bot/v1.4.8; http://mj12bot.com/)" "www.mantech8.com"
42.200.228.33 - - [16/Dec/2022:18:10:09 -0800] "GET /bimages/video/thump/?C=N;O=A HTTP/1.1" 200 432 "-" "Mozilla/5.0 (compatible; MJ12bot/v1.4.8; http://mj12bot.com/)" "www.mantech8.com"
42.200.228.33 - - [16/Dec/2022:18:10:15 -0800] "GET /bimages/video/thump/?C=S;O=D HTTP/1.1" 200 430 "-" "Mozilla/5.0 (compatible; MJ12bot/v1.4.8; http://mj12bot.com/)" "www.mantech8.com"
114.119.147.74 - - [16/Dec/2022:18:10:17 -0800] "GET /sitemap1404.xml HTTP/1.1" 404 88 "-" "Mozilla/5.0 (compatible;PetalBot;+https://webmaster.petalsearch.com/site/petalbot)" "mantech8.com"
42.200.228.33 - - [16/Dec/2022:18:10:18 -0800] "GET /bimages/vision/?C=D;O=A HTTP/1.1" 200 421 "-" "Mozilla/5.0 (compatible; MJ12bot/v1.4.8; http://mj12bot.com/)" "www.mantech8.com"
42.200.228.33 - - [16/Dec/2022:18:10:24 -0800] "GET /bimages/vision/?C=M;O=A HTTP/1.1" 200 421 "-" "Mozilla/5.0 (compatible; MJ12bot/v1.4.8; http://mj12bot.com/)" "www.mantech8.com"
42.200.228.33 - - [16/Dec/2022:18:10:29 -0800] "GET /bimages/vision/?C=N;O=D HTTP/1.1" 200 419 "-" "Mozilla/5.0 (compatible; MJ12bot/v1.4.8; http://mj12bot.com/)" "www.mantech8.com"
42.200.228.33 - - [16/Dec/2022:18:10:34 -0800] "GET /bimages/vision/?C=S;O=A HTTP/1.1" 200 421 "-" "Mozilla/5.0 (compatible; MJ12bot/v1.4.8; http://mj12bot.com/)" "www.mantech8.com"
185.191.171.44 - - [16/Dec/2022:18:11:04 -0800] "GET /index.php/camp-fire/7389380.html HTTP/1.1" 500 - "-" "Mozilla/5.0 (compatible; SemrushBot/7~bl; +http://www.semrush.com/bot.html)" "mantech8.com"
185.191.171.2 - - [16/Dec/2022:18:11:12 -0800] "GET /?camp-fire%2F33097016.html HTTP/1.1" 500 - "-" "Mozilla/5.0 (compatible; SemrushBot/7~bl; +http://www.semrush.com/bot.html)" "mantech8.com"
185.191.171.19 - - [16/Dec/2022:18:12:10 -0800] "GET /?camp-fire%2F35527280.html HTTP/1.1" 500 - "-" "Mozilla/5.0 (compatible; SemrushBot/7~bl; +http://www.semrush.com/bot.html)" "mantech8.com"
185.191.171.26 - - [16/Dec/2022:18:12:16 -0800] "GET /?camp-fire%2F27348870.html HTTP/1.1" 500 - "-" "Mozilla/5.0 (compatible; SemrushBot/7~bl; +http://www.semrush.com/bot.html)" "mantech8.com"
185.191.171.4 - - [16/Dec/2022:18:12:25 -0800] "GET /?camp-fire%2F93914765.html HTTP/1.1" 500 - "-" "Mozilla/5.0 (compatible; SemrushBot/7~bl; +http://www.semrush.com/bot.html)" "mantech8.com"
185.191.171.16 - - [16/Dec/2022:18:12:59 -0800] "GET /?camp-fire%2F94348485.html HTTP/1.1" 500 - "-" "Mozilla/5.0 (compatible; SemrushBot/7~bl; +http://www.semrush.com/bot.html)" "mantech8.com"
185.191.171.17 - - [16/Dec/2022:18:13:32 -0800] "GET /?camp-fire%2F30684155.html HTTP/1.1" 500 - "-" "Mozilla/5.0 (compatible; SemrushBot/7~bl; +http://www.semrush.com/bot.html)" "mantech8.com"
185.191.171.21 - - [16/Dec/2022:18:14:23 -0800] "GET /?camp-fire%2F29768464.html HTTP/1.1" 500 - "-" "Mozilla/5.0 (compatible; SemrushBot/7~bl; +http://www.semrush.com/bot.html)" "mantech8.com"
185.191.171.10 - - [16/Dec/2022:18:15:35 -0800] "GET /index.php?camp-fire%2F8010272.html HTTP/1.1" 500 - "-" "Mozilla/5.0 (compatible; SemrushBot/7~bl; +http://www.semrush.com/bot.html)" "mantech8.com"
185.191.171.8 - - [16/Dec/2022:18:15:56 -0800] "GET /index.php?camp-fire%2F25716590.html HTTP/1.1" 500 - "-" "Mozilla/5.0 (compatible; SemrushBot/7~bl; +http://www.semrush.com/bot.html)" "mantech8.com"
185.191.171.12 - - [16/Dec/2022:18:16:13 -0800] "GET /?camp-fire%2F24415090.html HTTP/1.1" 500 - "-" "Mozilla/5.0 (compatible; SemrushBot/7~bl; +http://www.semrush.com/bot.html)" "mantech8.com"
185.191.171.5 - - [16/Dec/2022:18:16:49 -0800] "GET /?camp-fire%2F28268935.html HTTP/1.1" 500 - "-" "Mozilla/5.0 (compatible; SemrushBot/7~bl; +http://www.semrush.com/bot.html)" "mantech8.com"
185.191.171.22 - - [16/Dec/2022:18:17:16 -0800] "GET /?camp-fire%2F27382870.html HTTP/1.1" 500 - "-" "Mozilla/5.0 (compatible; SemrushBot/7~bl; +http://www.semrush.com/bot.html)" "mantech8.com"
185.191.171.7 - - [16/Dec/2022:18:17:40 -0800] "GET /?camp-fire%2F30861255.html HTTP/1.1" 500 - "-" "Mozilla/5.0 (compatible; SemrushBot/7~bl; +http://www.semrush.com/bot.html)" "mantech8.com"
185.191.171.4 - - [16/Dec/2022:18:18:02 -0800] "GET /?camp-fire%2F38959592.html HTTP/1.1" 500 - "-" "Mozilla/5.0 (compatible; SemrushBot/7~bl; +http://www.semrush.com/bot.html)" "mantech8.com"
185.191.171.7 - - [16/Dec/2022:18:18:29 -0800] "GET /index.php/camp-fire/25930876.html HTTP/1.1" 500 - "-" "Mozilla/5.0 (compatible; SemrushBot/7~bl; +http://www.semrush.com/bot.html)" "mantech8.com"
185.191.171.42 - - [16/Dec/2022:18:18:30 -0800] "GET /?camp-fire%2F85284633.html HTTP/1.1" 500 - "-" "Mozilla/5.0 (compatible; SemrushBot/7~bl; +http://www.semrush.com/bot.html)" "mantech8.com"
185.191.171.25 - - [16/Dec/2022:18:19:52 -0800] "GET /?camp-fire%2F40896676.html HTTP/1.1" 500 - "-" "Mozilla/5.0 (compatible; SemrushBot/7~bl; +http://www.semrush.com/bot.html)" "mantech8.com"
114.119.128.253 - - [16/Dec/2022:18:20:40 -0800] "GET /index.php/sitemap854.xml HTTP/1.1" 200 289320 "-" "Mozilla/5.0 (compatible;PetalBot;+https://webmaster.petalsearch.com/site/petalbot)" "mantech8.com"
185.191.171.16 - - [16/Dec/2022:18:21:34 -0800] "GET /?camp-fire%2F35854238.html HTTP/1.1" 500 - "-" "Mozilla/5.0 (compatible; SemrushBot/7~bl; +http://www.semrush.com/bot.html)" "mantech8.com"
185.191.171.12 - - [16/Dec/2022:18:23:26 -0800] "GET /?camp-fire%2F44292234.html HTTP/1.1" 500 - "-" "Mozilla/5.0 (compatible; SemrushBot/7~bl; +http://www.semrush.com/bot.html)" "mantech8.com"
185.191.171.7 - - [16/Dec/2022:18:24:11 -0800] "GET /robots.txt HTTP/1.1" 200 106 "-" "Mozilla/5.0 (compatible; SemrushBot/7~bl; +http://www.semrush.com/bot.html)" "mantech8.com"
185.191.171.41 - - [16/Dec/2022:18:24:12 -0800] "GET /?camp-fire%2F21641487.html HTTP/1.1" 500 - "-" "Mozilla/5.0 (compatible; SemrushBot/7~bl; +http://www.semrush.com/bot.html)" "mantech8.com"
185.191.171.9 - - [16/Dec/2022:18:24:13 -0800] "GET /index.php/camp-fire/23111965.html HTTP/1.1" 500 - "-" "Mozilla/5.0 (compatible; SemrushBot/7~bl; +http://www.semrush.com/bot.html)" "mantech8.com"
185.191.171.15 - - [16/Dec/2022:18:24:35 -0800] "GET /?camp-fire%2F18557580.html HTTP/1.1" 500 - "-" "Mozilla/5.0 (compatible; SemrushBot/7~bl; +http://www.semrush.com/bot.html)" "mantech8.com"
185.191.171.6 - - [16/Dec/2022:18:24:51 -0800] "GET /?camp-fire%2F39021635.html HTTP/1.1" 500 - "-" "Mozilla/5.0 (compatible; SemrushBot/7~bl; +http://www.semrush.com/bot.html)" "mantech8.com"
185.191.171.3 - - [16/Dec/2022:18:25:06 -0800] "GET /?camp-fire%2F33224790.html HTTP/1.1" 500 - "-" "Mozilla/5.0 (compatible; SemrushBot/7~bl; +http://www.semrush.com/bot.html)" "mantech8.com"
185.191.171.43 - - [16/Dec/2022:18:25:17 -0800] "GET /?camp-fire%2F26640247.html HTTP/1.1" 500 - "-" "Mozilla/5.0 (compatible; SemrushBot/7~bl; +http://www.semrush.com/bot.html)" "mantech8.com"
185.191.171.9 - - [16/Dec/2022:18:25:29 -0800] "GET /?camp-fire%2F32126833.html HTTP/1.1" 500 - "-" "Mozilla/5.0 (compatible; SemrushBot/7~bl; +http://www.semrush.com/bot.html)" "mantech8.com"
185.191.171.25 - - [16/Dec/2022:18:25:48 -0800] "GET /?camp-fire%2F84573371.html HTTP/1.1" 500 - "-" "Mozilla/5.0 (compatible; SemrushBot/7~bl; +http://www.semrush.com/bot.html)" "mantech8.com"
185.191.171.22 - - [16/Dec/2022:18:25:50 -0800] "GET /?camp-fire%2F37973260.html HTTP/1.1" 500 - "-" "Mozilla/5.0 (compatible; SemrushBot/7~bl; +http://www.semrush.com/bot.html)" "mantech8.com"
185.191.171.7 - - [16/Dec/2022:18:25:53 -0800] "GET /?camp-fire%2F76143969.html HTTP/1.1" 500 - "-" "Mozilla/5.0 (compatible; SemrushBot/7~bl; +http://www.semrush.com/bot.html)" "mantech8.com"
185.191.171.44 - - [16/Dec/2022:18:25:59 -0800] "GET /?camp-fire%2F38168477.html HTTP/1.1" 500 - "-" "Mozilla/5.0 (compatible; SemrushBot/7~bl; +http://www.semrush.com/bot.html)" "mantech8.com"
185.191.171.11 - - [16/Dec/2022:18:26:42 -0800] "GET /index.php/camp-fire/28176081.html HTTP/1.1" 500 - "-" "Mozilla/5.0 (compatible; SemrushBot/7~bl; +http://www.semrush.com/bot.html)" "mantech8.com"
185.191.171.34 - - [16/Dec/2022:18:27:44 -0800] "GET /?camp-fire%2F27555226.html HTTP/1.1" 500 - "-" "Mozilla/5.0 (compatible; SemrushBot/7~bl; +http://www.semrush.com/bot.html)" "mantech8.com"
185.191.171.39 - - [16/Dec/2022:18:28:04 -0800] "GET /?camp-fire%2F38124803.html HTTP/1.1" 500 - "-" "Mozilla/5.0 (compatible; SemrushBot/7~bl; +http://www.semrush.com/bot.html)" "mantech8.com"
185.191.171.2 - - [16/Dec/2022:18:29:13 -0800] "GET /?camp-fire%2F37042978.html HTTP/1.1" 500 - "-" "Mozilla/5.0 (compatible; SemrushBot/7~bl; +http://www.semrush.com/bot.html)" "mantech8.com"
185.191.171.45 - - [16/Dec/2022:18:31:59 -0800] "GET /?camp-fire%2F91511659.html HTTP/1.1" 500 - "-" "Mozilla/5.0 (compatible; SemrushBot/7~bl; +http://www.semrush.com/bot.html)" "mantech8.com"
185.191.171.25 - - [16/Dec/2022:18:32:17 -0800] "GET /?camp-fire%2F94592847.html HTTP/1.1" 500 - "-" "Mozilla/5.0 (compatible; SemrushBot/7~bl; +http://www.semrush.com/bot.html)" "mantech8.com"
157.55.39.138 - - [16/Dec/2022:18:32:49 -0800] "GET / HTTP/1.1" 200 63899 "-" "Mozilla/5.0 (compatible; bingbot/2.0; +http://www.bing.com/bingbot.htm)" "www.mantech8.com"
185.191.171.14 - - [16/Dec/2022:18:32:43 -0800] "GET /?camp-fire%2F36578750.html HTTP/1.1" 500 - "-" "Mozilla/5.0 (compatible; SemrushBot/7~bl; +http://www.semrush.com/bot.html)" "mantech8.com"
185.191.171.13 - - [16/Dec/2022:18:33:16 -0800] "GET /?camp-fire%2F31069255.html HTTP/1.1" 500 - "-" "Mozilla/5.0 (compatible; SemrushBot/7~bl; +http://www.semrush.com/bot.html)" "mantech8.com"
185.191.171.10 - - [16/Dec/2022:18:33:49 -0800] "GET /?camp-fire%2F35932682.html HTTP/1.1" 500 - "-" "Mozilla/5.0 (compatible; SemrushBot/7~bl; +http://www.semrush.com/bot.html)" "mantech8.com"
185.191.171.5 - - [16/Dec/2022:18:34:04 -0800] "GET /?camp-fire%2F38226703.html HTTP/1.1" 500 - "-" "Mozilla/5.0 (compatible; SemrushBot/7~bl; +http://www.semrush.com/bot.html)" "mantech8.com"
185.191.171.6 - - [16/Dec/2022:18:34:08 -0800] "GET /index.php/camp-fire/11085357.html HTTP/1.1" 500 - "-" "Mozilla/5.0 (compatible; SemrushBot/7~bl; +http://www.semrush.com/bot.html)" "mantech8.com"
66.249.70.178 - - [16/Dec/2022:18:34:09 -0800] "GET /10627084.xml HTTP/1.1" 404 88 "-" "Mozilla/5.0 (compatible; Googlebot/2.1; +http://www.google.com/bot.html)" "mantech8.com"
185.191.171.41 - - [16/Dec/2022:18:34:33 -0800] "GET /?camp-fire%2F88441563.html HTTP/1.1" 500 - "-" "Mozilla/5.0 (compatible; SemrushBot/7~bl; +http://www.semrush.com/bot.html)" "mantech8.com"
185.191.171.4 - - [16/Dec/2022:18:34:37 -0800] "GET /?camp-fire%2F81070776.html HTTP/1.1" 500 - "-" "Mozilla/5.0 (compatible; SemrushBot/7~bl; +http://www.semrush.com/bot.html)" "mantech8.com"
185.191.171.38 - - [16/Dec/2022:18:34:39 -0800] "GET /?camp-fire%2F34602059.html HTTP/1.1" 500 - "-" "Mozilla/5.0 (compatible; SemrushBot/7~bl; +http://www.semrush.com/bot.html)" "mantech8.com"
185.191.171.14 - - [16/Dec/2022:18:34:46 -0800] "GET /?camp-fire%2F39963409.html HTTP/1.1" 500 - "-" "Mozilla/5.0 (compatible; SemrushBot/7~bl; +http://www.semrush.com/bot.html)" "mantech8.com"
185.191.171.21 - - [16/Dec/2022:18:34:54 -0800] "GET /?camp-fire%2F35289030.html HTTP/1.1" 500 - "-" "Mozilla/5.0 (compatible; SemrushBot/7~bl; +http://www.semrush.com/bot.html)" "mantech8.com"
207.46.13.163 - - [16/Dec/2022:18:35:18 -0800] "GET /F2si-b7ca-DiOOO.Ii HTTP/1.1" 404 88 "-" "Mozilla/5.0 (compatible; bingbot/2.0; +http://www.bing.com/bingbot.htm)" "www.mantech8.com"
185.191.171.1 - - [16/Dec/2022:18:35:46 -0800] "GET /?camp-fire%2F32774072.html HTTP/1.1" 500 - "-" "Mozilla/5.0 (compatible; SemrushBot/7~bl; +http://www.semrush.com/bot.html)" "mantech8.com"
207.46.13.163 - - [16/Dec/2022:18:35:47 -0800] "GET /F2si-b7ca-DiOOO.Ii HTTP/1.1" 404 88 "-" "Mozilla/5.0 (compatible; bingbot/2.0; +http://www.bing.com/bingbot.htm)" "www.mantech8.com"
185.191.171.1 - - [16/Dec/2022:18:36:57 -0800] "GET /?camp-fire%2F22429824.html HTTP/1.1" 500 - "-" "Mozilla/5.0 (compatible; SemrushBot/7~bl; +http://www.semrush.com/bot.html)" "mantech8.com"
185.191.171.20 - - [16/Dec/2022:18:38:17 -0800] "GET /index.php?camp-fire%2F5178965.html HTTP/1.1" 500 - "-" "Mozilla/5.0 (compatible; SemrushBot/7~bl; +http://www.semrush.com/bot.html)" "mantech8.com"
185.191.171.38 - - [16/Dec/2022:18:38:25 -0800] "GET /?camp-fire%2F27521406.html HTTP/1.1" 500 - "-" "Mozilla/5.0 (compatible; SemrushBot/7~bl; +http://www.semrush.com/bot.html)" "mantech8.com"
185.191.171.16 - - [16/Dec/2022:18:38:33 -0800] "GET /?camp-fire%2F20434778.html HTTP/1.1" 500 - "-" "Mozilla/5.0 (compatible; SemrushBot/7~bl; +http://www.semrush.com/bot.html)" "mantech8.com"
185.191.171.5 - - [16/Dec/2022:18:40:42 -0800] "GET /index.php/camp-fire/42362872.html HTTP/1.1" 500 - "-" "Mozilla/5.0 (compatible; SemrushBot/7~bl; +http://www.semrush.com/bot.html)" "mantech8.com"
66.249.70.180 - - [16/Dec/2022:18:40:51 -0800] "GET /sitemapindex.xml HTTP/1.1" 404 88 "-" "Mozilla/5.0 (compatible; Googlebot/2.1; +http://www.google.com/bot.html)" "mantech8.com"
114.119.148.120 - - [16/Dec/2022:18:41:37 -0800] "GET /index.php/sitemap5.xml HTTP/1.1" 200 289392 "-" "Mozilla/5.0 (compatible;PetalBot;+https://webmaster.petalsearch.com/site/petalbot)" "mantech8.com"
185.191.171.24 - - [16/Dec/2022:18:41:55 -0800] "GET /?camp-fire%2F91379972.html HTTP/1.1" 500 - "-" "Mozilla/5.0 (compatible; SemrushBot/7~bl; +http://www.semrush.com/bot.html)" "mantech8.com"
207.46.13.100 - - [16/Dec/2022:18:42:20 -0800] "GET /F2si-a9eee-DkIsM.Ii HTTP/1.1" 404 88 "-" "Mozilla/5.0 (compatible; bingbot/2.0; +http://www.bing.com/bingbot.htm)" "www.mantech8.com"
185.191.171.25 - - [16/Dec/2022:18:43:08 -0800] "GET /?camp-fire%2F4916655.html HTTP/1.1" 500 - "-" "Mozilla/5.0 (compatible; SemrushBot/7~bl; +http://www.semrush.com/bot.html)" "mantech8.com"
185.191.171.6 - - [16/Dec/2022:18:43:13 -0800] "GET /?camp-fire%2F33679108.html HTTP/1.1" 500 - "-" "Mozilla/5.0 (compatible; SemrushBot/7~bl; +http://www.semrush.com/bot.html)" "mantech8.com"
207.46.13.51 - - [16/Dec/2022:18:43:35 -0800] "GET / HTTP/1.1" 200 64548 "-" "Mozilla/5.0 AppleWebKit/537.36 (KHTML, like Gecko; compatible; bingbot/2.0; +http://www.bing.com/bingbot.htm) Chrome/103.0.5060.134 Safari/537.36" "www.mantech8.com"
185.191.171.9 - - [16/Dec/2022:18:44:33 -0800] "GET /?camp-fire%2F39099763.html HTTP/1.1" 500 - "-" "Mozilla/5.0 (compatible; SemrushBot/7~bl; +http://www.semrush.com/bot.html)" "mantech8.com"
185.191.171.22 - - [16/Dec/2022:18:45:01 -0800] "GET /index.php?camp-fire%2F8820880.html HTTP/1.1" 500 - "-" "Mozilla/5.0 (compatible; SemrushBot/7~bl; +http://www.semrush.com/bot.html)" "mantech8.com"
185.191.171.45 - - [16/Dec/2022:18:46:10 -0800] "GET /?camp-fire%2F30672055.html HTTP/1.1" 500 - "-" "Mozilla/5.0 (compatible; SemrushBot/7~bl; +http://www.semrush.com/bot.html)" "mantech8.com"
185.191.171.38 - - [16/Dec/2022:18:46:13 -0800] "GET /?camp-fire%2F17493665.html HTTP/1.1" 500 - "-" "Mozilla/5.0 (compatible; SemrushBot/7~bl; +http://www.semrush.com/bot.html)" "mantech8.com"
207.46.13.163 - - [16/Dec/2022:18:46:19 -0800] "GET /nWTf-f8a76facd-3lM70.Ii HTTP/1.1" 404 88 "-" "Mozilla/5.0 AppleWebKit/537.36 (KHTML, like Gecko; compatible; bingbot/2.0; +http://www.bing.com/bingbot.htm) Chrome/103.0.5060.134 Safari/537.36" "www.mantech8.com"
185.191.171.4 - - [16/Dec/2022:18:46:20 -0800] "GET /?camp-fire%2F89675661.html HTTP/1.1" 500 - "-" "Mozilla/5.0 (compatible; SemrushBot/7~bl; +http://www.semrush.com/bot.html)" "mantech8.com"
157.55.39.138 - - [16/Dec/2022:18:46:24 -0800] "GET /su70-48c59aeb-IDlRH.Ii HTTP/1.1" 404 88 "-" "Mozilla/5.0 (compatible; bingbot/2.0; +http://www.bing.com/bingbot.htm)" "www.mantech8.com"
185.191.171.44 - - [16/Dec/2022:18:46:26 -0800] "GET /?camp-fire%2F40237688.html HTTP/1.1" 500 - "-" "Mozilla/5.0 (compatible; SemrushBot/7~bl; +http://www.semrush.com/bot.html)" "mantech8.com"
185.191.171.4 - - [16/Dec/2022:18:46:34 -0800] "GET /index.php?camp-fire%2F20764535.html HTTP/1.1" 500 - "-" "Mozilla/5.0 (compatible; SemrushBot/7~bl; +http://www.semrush.com/bot.html)" "mantech8.com"
207.46.13.163 - - [16/Dec/2022:18:46:38 -0800] "GET /nWTf-f8a76facd-3lM70.Ii HTTP/1.1" 404 88 "-" "Mozilla/5.0 AppleWebKit/537.36 (KHTML, like Gecko; compatible; bingbot/2.0; +http://www.bing.com/bingbot.htm) Chrome/103.0.5060.134 Safari/537.36" "www.mantech8.com"
185.191.171.41 - - [16/Dec/2022:18:47:09 -0800] "GET /?camp-fire%2F36041525.html HTTP/1.1" 500 - "-" "Mozilla/5.0 (compatible; SemrushBot/7~bl; +http://www.semrush.com/bot.html)" "mantech8.com"
185.191.171.23 - - [16/Dec/2022:18:47:17 -0800] "GET /?camp-fire%2F31001482.html HTTP/1.1" 500 - "-" "Mozilla/5.0 (compatible; SemrushBot/7~bl; +http://www.semrush.com/bot.html)" "mantech8.com"
185.191.171.19 - - [16/Dec/2022:18:47:25 -0800] "GET /?camp-fire%2F28914771.html HTTP/1.1" 500 - "-" "Mozilla/5.0 (compatible; SemrushBot/7~bl; +http://www.semrush.com/bot.html)" "mantech8.com"
