207.46.13.163 - - [12/Dec/2022:03:46:39 -0800] "GET /index.php/C1W4-b3bbb-ltfu9.Ii HTTP/1.1" 200 60309 "-" "Mozilla/5.0 AppleWebKit/537.36 (KHTML, like Gecko; compatible; bingbot/2.0; +http://www.bing.com/bingbot.htm) Chrome/103.0.5060.134 Safari/537.36" "mantech8.com"
185.191.171.20 - - [12/Dec/2022:03:46:51 -0800] "GET /?camp-fire%2F35528855.html HTTP/1.1" 500 - "-" "Mozilla/5.0 (compatible; SemrushBot/7~bl; +http://www.semrush.com/bot.html)" "mantech8.com"
207.46.13.163 - - [12/Dec/2022:03:46:59 -0800] "GET /index.php/EGy1-55e5eadcb-veIgL.Ii HTTP/1.1" 200 65494 "-" "Mozilla/5.0 (compatible; bingbot/2.0; +http://www.bing.com/bingbot.htm)" "mantech8.com"
40.77.167.6 - - [12/Dec/2022:03:47:21 -0800] "GET /index.php/OFer-26ddd-qhNIH.Ii HTTP/1.1" 200 82863 "-" "Mozilla/5.0 (compatible; bingbot/2.0; +http://www.bing.com/bingbot.htm)" "mantech8.com"
40.77.167.6 - - [12/Dec/2022:03:47:22 -0800] "GET /index.php/OFer-eac8abfea-qhNIQ.Ii HTTP/1.1" 500 - "-" "Mozilla/5.0 AppleWebKit/537.36 (KHTML, like Gecko; compatible; bingbot/2.0; +http://www.bing.com/bingbot.htm) Chrome/103.0.5060.134 Safari/537.36" "mantech8.com"
40.77.167.6 - - [12/Dec/2022:03:47:23 -0800] "GET /index.php/5c97ddbfc/8fe8dcedb HTTP/1.1" 200 64668 "-" "Mozilla/5.0 (compatible; bingbot/2.0; +http://www.bing.com/bingbot.htm)" "mantech8.com"
40.77.167.6 - - [12/Dec/2022:03:47:24 -0800] "GET /index.php/zsuz-76e3effcd-soipc.ii HTTP/1.1" 200 62469 "-" "Mozilla/5.0 AppleWebKit/537.36 (KHTML, like Gecko; compatible; bingbot/2.0; +http://www.bing.com/bingbot.htm) Chrome/103.0.5060.134 Safari/537.36" "mantech8.com"
40.77.167.6 - - [12/Dec/2022:03:47:25 -0800] "GET /index.php/mcko-cbdcababa-vbldy.ii HTTP/1.1" 200 65885 "-" "Mozilla/5.0 (compatible; bingbot/2.0; +http://www.bing.com/bingbot.htm)" "mantech8.com"
207.46.13.163 - - [12/Dec/2022:03:47:29 -0800] "GET /index.php/9hdj-e2e9cfbddb-yqonh.ii HTTP/1.1" 500 - "-" "Mozilla/5.0 AppleWebKit/537.36 (KHTML, like Gecko; compatible; bingbot/2.0; +http://www.bing.com/bingbot.htm) Chrome/103.0.5060.134 Safari/537.36" "mantech8.com"
207.46.13.163 - - [12/Dec/2022:03:47:39 -0800] "GET /index.php/NAQ6-fd47dbbaf-Ijja9.Ii HTTP/1.1" 200 63742 "-" "Mozilla/5.0 (compatible; bingbot/2.0; +http://www.bing.com/bingbot.htm)" "mantech8.com"
185.191.171.11 - - [12/Dec/2022:03:47:57 -0800] "GET /?camp-fire%2F40400902.html HTTP/1.1" 500 - "-" "Mozilla/5.0 (compatible; SemrushBot/7~bl; +http://www.semrush.com/bot.html)" "mantech8.com"
185.191.171.9 - - [12/Dec/2022:03:48:00 -0800] "GET /?camp-fire%2F58236049.html HTTP/1.1" 500 - "-" "Mozilla/5.0 (compatible; SemrushBot/7~bl; +http://www.semrush.com/bot.html)" "mantech8.com"
185.191.171.14 - - [12/Dec/2022:03:48:06 -0800] "GET /?camp-fire%2F27630271.html HTTP/1.1" 500 - "-" "Mozilla/5.0 (compatible; SemrushBot/7~bl; +http://www.semrush.com/bot.html)" "mantech8.com"
185.191.171.22 - - [12/Dec/2022:03:48:11 -0800] "GET /?camp-fire%2F33374760.html HTTP/1.1" 500 - "-" "Mozilla/5.0 (compatible; SemrushBot/7~bl; +http://www.semrush.com/bot.html)" "mantech8.com"
185.191.171.40 - - [12/Dec/2022:03:48:18 -0800] "GET /?camp-fire%2F95609409.html HTTP/1.1" 500 - "-" "Mozilla/5.0 (compatible; SemrushBot/7~bl; +http://www.semrush.com/bot.html)" "mantech8.com"
185.191.171.4 - - [12/Dec/2022:03:48:22 -0800] "GET /?camp-fire%2F41792803.html HTTP/1.1" 500 - "-" "Mozilla/5.0 (compatible; SemrushBot/7~bl; +http://www.semrush.com/bot.html)" "mantech8.com"
207.46.13.125 - - [12/Dec/2022:03:48:30 -0800] "GET /index.php/yhfg-f7dfc-plljm.ii HTTP/1.1" 200 68232 "-" "Mozilla/5.0 (compatible; bingbot/2.0; +http://www.bing.com/bingbot.htm)" "mantech8.com"
207.46.13.125 - - [12/Dec/2022:03:48:31 -0800] "GET /index.php/egy1-fa204bee-vsaff.ii HTTP/1.1" 200 65673 "-" "Mozilla/5.0 (compatible; bingbot/2.0; +http://www.bing.com/bingbot.htm)" "mantech8.com"
207.46.13.125 - - [12/Dec/2022:03:48:33 -0800] "GET /index.php/yhfg-7e3dcccc-pimcc.ii HTTP/1.1" 500 - "-" "Mozilla/5.0 (compatible; bingbot/2.0; +http://www.bing.com/bingbot.htm)" "mantech8.com"
185.191.171.11 - - [12/Dec/2022:03:48:34 -0800] "GET /?camp-fire%2F28252321.html HTTP/1.1" 500 - "-" "Mozilla/5.0 (compatible; SemrushBot/7~bl; +http://www.semrush.com/bot.html)" "mantech8.com"
207.46.13.125 - - [12/Dec/2022:03:48:33 -0800] "GET /index.php/bljc-e1d04fac-kw4vf.ii HTTP/1.1" 200 65117 "-" "Mozilla/5.0 AppleWebKit/537.36 (KHTML, like Gecko; compatible; bingbot/2.0; +http://www.bing.com/bingbot.htm) Chrome/103.0.5060.134 Safari/537.36" "mantech8.com"
207.46.13.125 - - [12/Dec/2022:03:48:35 -0800] "GET /index.php/baed8cde HTTP/1.1" 500 - "-" "Mozilla/5.0 (compatible; bingbot/2.0; +http://www.bing.com/bingbot.htm)" "mantech8.com"
207.46.13.125 - - [12/Dec/2022:03:48:41 -0800] "GET /index.php/s0kv-c2dfd-oxdal.ii HTTP/1.1" 200 70450 "-" "Mozilla/5.0 (compatible; bingbot/2.0; +http://www.bing.com/bingbot.htm)" "mantech8.com"
207.46.13.125 - - [12/Dec/2022:03:48:43 -0800] "GET /index.php/zsuz-998fffdf-sicpc.ii HTTP/1.1" 500 - "-" "Mozilla/5.0 AppleWebKit/537.36 (KHTML, like Gecko; compatible; bingbot/2.0; +http://www.bing.com/bingbot.htm) Chrome/103.0.5060.134 Safari/537.36" "mantech8.com"
207.46.13.125 - - [12/Dec/2022:03:48:43 -0800] "GET /index.php/kjz2-cb9e7bcb-ylmo3.ii HTTP/1.1" 200 71688 "-" "Mozilla/5.0 AppleWebKit/537.36 (KHTML, like Gecko; compatible; bingbot/2.0; +http://www.bing.com/bingbot.htm) Chrome/103.0.5060.134 Safari/537.36" "mantech8.com"
207.46.13.125 - - [12/Dec/2022:03:48:44 -0800] "GET /index.php/vmbp-c45debec-ungj5.ii HTTP/1.1" 200 68446 "-" "Mozilla/5.0 (compatible; bingbot/2.0; +http://www.bing.com/bingbot.htm)" "mantech8.com"
207.46.13.125 - - [12/Dec/2022:03:48:46 -0800] "GET /index.php/vmbp-e6efe-umohh.ii HTTP/1.1" 200 65306 "-" "Mozilla/5.0 (compatible; bingbot/2.0; +http://www.bing.com/bingbot.htm)" "mantech8.com"
207.46.13.125 - - [12/Dec/2022:03:48:48 -0800] "GET /index.php/txf8-f8aaa-zaiuk.ii HTTP/1.1" 200 72418 "-" "Mozilla/5.0 AppleWebKit/537.36 (KHTML, like Gecko; compatible; bingbot/2.0; +http://www.bing.com/bingbot.htm) Chrome/103.0.5060.134 Safari/537.36" "mantech8.com"
207.46.13.125 - - [12/Dec/2022:03:48:49 -0800] "GET /index.php/egy1-793bebeffc-vxfhi.ii HTTP/1.1" 200 72478 "-" "Mozilla/5.0 (compatible; bingbot/2.0; +http://www.bing.com/bingbot.htm)" "mantech8.com"
207.46.13.125 - - [12/Dec/2022:03:48:51 -0800] "GET /index.php/232deaeab HTTP/1.1" 200 65579 "-" "Mozilla/5.0 (compatible; bingbot/2.0; +http://www.bing.com/bingbot.htm)" "mantech8.com"
114.119.142.69 - - [12/Dec/2022:03:48:57 -0800] "GET /index.php?sitemap426.xml HTTP/1.1" 200 289353 "-" "Mozilla/5.0 (compatible;PetalBot;+https://webmaster.petalsearch.com/site/petalbot)" "mantech8.com"
207.46.13.163 - - [12/Dec/2022:03:48:59 -0800] "GET /index.php/pstd-111dfeaeb-ieim8.ii HTTP/1.1" 200 74210 "-" "Mozilla/5.0 AppleWebKit/537.36 (KHTML, like Gecko; compatible; bingbot/2.0; +http://www.bing.com/bingbot.htm) Chrome/103.0.5060.134 Safari/537.36" "mantech8.com"
157.55.39.138 - - [12/Dec/2022:03:49:23 -0800] "GET /index.php/1zve-174feebad-jvaar.ii HTTP/1.1" 200 69712 "-" "Mozilla/5.0 AppleWebKit/537.36 (KHTML, like Gecko; compatible; bingbot/2.0; +http://www.bing.com/bingbot.htm) Chrome/103.0.5060.134 Safari/537.36" "mantech8.com"
157.55.39.138 - - [12/Dec/2022:03:49:24 -0800] "GET /index.php/mcko-eacfd-vt22z.ii HTTP/1.1" 200 65996 "-" "Mozilla/5.0 (compatible; bingbot/2.0; +http://www.bing.com/bingbot.htm)" "mantech8.com"
157.55.39.138 - - [12/Dec/2022:03:49:26 -0800] "GET /index.php/pstd-4cfd-iszlg.ii HTTP/1.1" 200 65622 "-" "Mozilla/5.0 AppleWebKit/537.36 (KHTML, like Gecko; compatible; bingbot/2.0; +http://www.bing.com/bingbot.htm) Chrome/103.0.5060.134 Safari/537.36" "mantech8.com"
207.46.13.125 - - [12/Dec/2022:03:49:40 -0800] "GET /index.php/nwtf-8ecd-3pqsg.ii HTTP/1.1" 200 67330 "-" "Mozilla/5.0 (compatible; bingbot/2.0; +http://www.bing.com/bingbot.htm)" "mantech8.com"
207.46.13.125 - - [12/Dec/2022:03:50:00 -0800] "GET /index.php/pstd-7dcceffb-iwweb.ii HTTP/1.1" 200 65237 "-" "Mozilla/5.0 AppleWebKit/537.36 (KHTML, like Gecko; compatible; bingbot/2.0; +http://www.bing.com/bingbot.htm) Chrome/103.0.5060.134 Safari/537.36" "mantech8.com"
207.46.13.163 - - [12/Dec/2022:03:50:09 -0800] "GET /index.php/6abc8bcbc HTTP/1.1" 200 67644 "-" "Mozilla/5.0 (compatible; bingbot/2.0; +http://www.bing.com/bingbot.htm)" "mantech8.com"
207.46.13.163 - - [12/Dec/2022:03:50:19 -0800] "GET /index.php/384cfbfbfd HTTP/1.1" 200 60398 "-" "Mozilla/5.0 (compatible; bingbot/2.0; +http://www.bing.com/bingbot.htm)" "mantech8.com"
207.46.13.163 - - [12/Dec/2022:03:50:21 -0800] "GET /index.php/hfdr-1ce5dedfd-ikwyh.ii HTTP/1.1" 500 - "-" "Mozilla/5.0 (compatible; bingbot/2.0; +http://www.bing.com/bingbot.htm)" "mantech8.com"
185.191.171.13 - - [12/Dec/2022:03:50:23 -0800] "GET /?camp-fire%2F41286950.html HTTP/1.1" 500 - "-" "Mozilla/5.0 (compatible; SemrushBot/7~bl; +http://www.semrush.com/bot.html)" "mantech8.com"
207.46.13.125 - - [12/Dec/2022:03:50:29 -0800] "GET /index.php/nWTf-c2abe-4AjA1.Ii HTTP/1.1" 200 63401 "-" "Mozilla/5.0 (compatible; bingbot/2.0; +http://www.bing.com/bingbot.htm)" "mantech8.com"
207.46.13.125 - - [12/Dec/2022:03:50:31 -0800] "GET /index.php/egy1-00fea-vefyb.ii HTTP/1.1" 200 63618 "-" "Mozilla/5.0 (compatible; bingbot/2.0; +http://www.bing.com/bingbot.htm)" "mantech8.com"
207.46.13.163 - - [12/Dec/2022:03:50:40 -0800] "GET /index.php/bmk0-27ead-6uwxs.ii HTTP/1.1" 200 65862 "-" "Mozilla/5.0 AppleWebKit/537.36 (KHTML, like Gecko; compatible; bingbot/2.0; +http://www.bing.com/bingbot.htm) Chrome/103.0.5060.134 Safari/537.36" "mantech8.com"
207.46.13.125 - - [12/Dec/2022:03:50:50 -0800] "GET /index.php/4394acfdac HTTP/1.1" 200 63427 "-" "Mozilla/5.0 (compatible; bingbot/2.0; +http://www.bing.com/bingbot.htm)" "mantech8.com"
185.191.171.6 - - [12/Dec/2022:03:51:12 -0800] "GET /?camp-fire%2F11243242.html HTTP/1.1" 500 - "-" "Mozilla/5.0 (compatible; SemrushBot/7~bl; +http://www.semrush.com/bot.html)" "mantech8.com"
207.46.13.125 - - [12/Dec/2022:03:51:31 -0800] "GET /index.php/mcko-7aa20deccb-vtngq.ii HTTP/1.1" 200 67311 "-" "Mozilla/5.0 AppleWebKit/537.36 (KHTML, like Gecko; compatible; bingbot/2.0; +http://www.bing.com/bingbot.htm) Chrome/103.0.5060.134 Safari/537.36" "mantech8.com"
157.55.39.138 - - [12/Dec/2022:03:51:35 -0800] "GET /index.php/pstd-4f9d0edb-is1mt.ii HTTP/1.1" 200 63106 "-" "Mozilla/5.0 (compatible; bingbot/2.0; +http://www.bing.com/bingbot.htm)" "mantech8.com"
157.55.39.138 - - [12/Dec/2022:03:51:35 -0800] "GET /index.php/nwtf-ebaddc-3lhbr.ii HTTP/1.1" 200 66234 "-" "Mozilla/5.0 (compatible; bingbot/2.0; +http://www.bing.com/bingbot.htm)" "mantech8.com"
185.191.171.7 - - [12/Dec/2022:03:51:37 -0800] "GET /?camp-fire%2F31965481.html HTTP/1.1" 500 - "-" "Mozilla/5.0 (compatible; SemrushBot/7~bl; +http://www.semrush.com/bot.html)" "mantech8.com"
157.55.39.138 - - [12/Dec/2022:03:51:37 -0800] "GET /index.php/su70-82d83dfc-icfc5.ii HTTP/1.1" 200 64970 "-" "Mozilla/5.0 AppleWebKit/537.36 (KHTML, like Gecko; compatible; bingbot/2.0; +http://www.bing.com/bingbot.htm) Chrome/103.0.5060.134 Safari/537.36" "mantech8.com"
207.46.13.125 - - [12/Dec/2022:03:51:59 -0800] "GET /index.php/Pstd-c1cff-iWwt7.Ii HTTP/1.1" 500 - "-" "Mozilla/5.0 AppleWebKit/537.36 (KHTML, like Gecko; compatible; bingbot/2.0; +http://www.bing.com/bingbot.htm) Chrome/103.0.5060.134 Safari/537.36" "mantech8.com"
157.55.39.138 - - [12/Dec/2022:03:52:12 -0800] "GET /index.php/Pstd-5dcacbfdc-iWJGX.Ii HTTP/1.1" 200 61142 "-" "Mozilla/5.0 AppleWebKit/537.36 (KHTML, like Gecko; compatible; bingbot/2.0; +http://www.bing.com/bingbot.htm) Chrome/103.0.5060.134 Safari/537.36" "mantech8.com"
157.55.39.138 - - [12/Dec/2022:03:52:14 -0800] "GET /index.php/nWTf-573bbaefc-4AYTi.Ii HTTP/1.1" 200 63215 "-" "Mozilla/5.0 AppleWebKit/537.36 (KHTML, like Gecko; compatible; bingbot/2.0; +http://www.bing.com/bingbot.htm) Chrome/103.0.5060.134 Safari/537.36" "mantech8.com"
207.46.13.163 - - [12/Dec/2022:03:52:19 -0800] "GET /index.php/s0kv-2b909cfcd-osgfy.ii HTTP/1.1" 200 71838 "-" "Mozilla/5.0 (compatible; bingbot/2.0; +http://www.bing.com/bingbot.htm)" "mantech8.com"
207.46.13.125 - - [12/Dec/2022:03:52:24 -0800] "GET /index.php/Pstd-c1cff-iWwt7.Ii HTTP/1.1" 200 68926 "-" "Mozilla/5.0 (compatible; bingbot/2.0; +http://www.bing.com/bingbot.htm)" "mantech8.com"
207.46.13.163 - - [12/Dec/2022:03:52:29 -0800] "GET /index.php/pstd-766ddcdde-iwryp.ii HTTP/1.1" 200 62338 "-" "Mozilla/5.0 (compatible; bingbot/2.0; +http://www.bing.com/bingbot.htm)" "mantech8.com"
185.191.171.39 - - [12/Dec/2022:03:52:48 -0800] "GET /?camp-fire%2F40805378.html HTTP/1.1" 500 - "-" "Mozilla/5.0 (compatible; SemrushBot/7~bl; +http://www.semrush.com/bot.html)" "mantech8.com"
207.46.13.163 - - [12/Dec/2022:03:54:00 -0800] "GET /index.php/Mcko-cdfd7ffdf-VbPuW.Ii HTTP/1.1" 200 60540 "-" "Mozilla/5.0 AppleWebKit/537.36 (KHTML, like Gecko; compatible; bingbot/2.0; +http://www.bing.com/bingbot.htm) Chrome/103.0.5060.134 Safari/537.36" "mantech8.com"
207.46.13.163 - - [12/Dec/2022:03:54:02 -0800] "GET /index.php/aps-30fa-oidxy.ii HTTP/1.1" 200 79017 "-" "Mozilla/5.0 AppleWebKit/537.36 (KHTML, like Gecko; compatible; bingbot/2.0; +http://www.bing.com/bingbot.htm) Chrome/103.0.5060.134 Safari/537.36" "mantech8.com"
185.191.171.44 - - [12/Dec/2022:03:54:20 -0800] "GET /?camp-fire%2F27248270.html HTTP/1.1" 500 - "-" "Mozilla/5.0 (compatible; SemrushBot/7~bl; +http://www.semrush.com/bot.html)" "mantech8.com"
100.26.127.17 - - [12/Dec/2022:03:54:24 -0800] "GET /robots.txt HTTP/1.1" 200 106 "-" "Mozilla/5.0 (compatible; Neevabot/1.0; +https://neeva.com/neevabot)" "www.mantech8.com"
185.191.171.35 - - [12/Dec/2022:03:54:25 -0800] "GET /?camp-fire%2F35263338.html HTTP/1.1" 500 - "-" "Mozilla/5.0 (compatible; SemrushBot/7~bl; +http://www.semrush.com/bot.html)" "mantech8.com"
100.26.127.17 - - [12/Dec/2022:03:54:39 -0800] "GET /corevalues.php HTTP/1.1" 200 14806 "-" "Mozilla/5.0 (compatible; Neevabot/1.0; +https://neeva.com/neevabot)" "www.mantech8.com"
157.55.39.138 - - [12/Dec/2022:03:54:55 -0800] "GET /index.php/bljc-beda-kzwao.ii HTTP/1.1" 200 66016 "-" "Mozilla/5.0 (compatible; bingbot/2.0; +http://www.bing.com/bingbot.htm)" "mantech8.com"
185.191.171.9 - - [12/Dec/2022:03:55:16 -0800] "GET /?camp-fire%2F34723308.html HTTP/1.1" 500 - "-" "Mozilla/5.0 (compatible; SemrushBot/7~bl; +http://www.semrush.com/bot.html)" "mantech8.com"
207.46.13.163 - - [12/Dec/2022:03:55:40 -0800] "GET /index.php/hfdr-8e6fbaad-io95t.ii HTTP/1.1" 200 68854 "-" "Mozilla/5.0 AppleWebKit/537.36 (KHTML, like Gecko; compatible; bingbot/2.0; +http://www.bing.com/bingbot.htm) Chrome/103.0.5060.134 Safari/537.36" "mantech8.com"
207.46.13.163 - - [12/Dec/2022:03:55:43 -0800] "GET /index.php/4626accb HTTP/1.1" 200 66333 "-" "Mozilla/5.0 (compatible; bingbot/2.0; +http://www.bing.com/bingbot.htm)" "mantech8.com"
207.46.13.163 - - [12/Dec/2022:03:55:45 -0800] "GET /index.php/1ce69cee HTTP/1.1" 200 69981 "-" "Mozilla/5.0 AppleWebKit/537.36 (KHTML, like Gecko; compatible; bingbot/2.0; +http://www.bing.com/bingbot.htm) Chrome/103.0.5060.134 Safari/537.36" "mantech8.com"
157.55.39.138 - - [12/Dec/2022:03:56:44 -0800] "GET /index.php/egy1-9dbbefac-vdirk.ii HTTP/1.1" 500 - "-" "Mozilla/5.0 AppleWebKit/537.36 (KHTML, like Gecko; compatible; bingbot/2.0; +http://www.bing.com/bingbot.htm) Chrome/103.0.5060.134 Safari/537.36" "mantech8.com"
157.55.39.138 - - [12/Dec/2022:03:56:44 -0800] "GET /index.php/pstd-02efd-iechb.ii HTTP/1.1" 200 73960 "-" "Mozilla/5.0 AppleWebKit/537.36 (KHTML, like Gecko; compatible; bingbot/2.0; +http://www.bing.com/bingbot.htm) Chrome/103.0.5060.134 Safari/537.36" "mantech8.com"
207.46.13.163 - - [12/Dec/2022:03:57:20 -0800] "GET /index.php/wtzk-4faad-n1mom.ii HTTP/1.1" 200 68434 "-" "Mozilla/5.0 AppleWebKit/537.36 (KHTML, like Gecko; compatible; bingbot/2.0; +http://www.bing.com/bingbot.htm) Chrome/103.0.5060.134 Safari/537.36" "mantech8.com"
207.46.13.125 - - [12/Dec/2022:03:57:24 -0800] "GET /index.php/mcko-c1caf-vt0nm.ii HTTP/1.1" 200 58635 "-" "Mozilla/5.0 AppleWebKit/537.36 (KHTML, like Gecko; compatible; bingbot/2.0; +http://www.bing.com/bingbot.htm) Chrome/103.0.5060.134 Safari/537.36" "mantech8.com"
207.46.13.125 - - [12/Dec/2022:03:57:26 -0800] "GET /index.php/kjz2-dc2c0ecd-ha2hh.ii HTTP/1.1" 200 66403 "-" "Mozilla/5.0 (compatible; bingbot/2.0; +http://www.bing.com/bingbot.htm)" "mantech8.com"
207.46.13.125 - - [12/Dec/2022:03:57:27 -0800] "GET /index.php/97be HTTP/1.1" 200 59307 "-" "Mozilla/5.0 (compatible; bingbot/2.0; +http://www.bing.com/bingbot.htm)" "mantech8.com"
207.46.13.125 - - [12/Dec/2022:03:57:28 -0800] "GET /index.php/egy1-e1dcfa-vsvra.ii HTTP/1.1" 200 61558 "-" "Mozilla/5.0 (compatible; bingbot/2.0; +http://www.bing.com/bingbot.htm)" "mantech8.com"
207.46.13.125 - - [12/Dec/2022:03:57:33 -0800] "GET /index.php/kjz2-d6bbc-ypw91.ii HTTP/1.1" 200 63896 "-" "Mozilla/5.0 AppleWebKit/537.36 (KHTML, like Gecko; compatible; bingbot/2.0; +http://www.bing.com/bingbot.htm) Chrome/103.0.5060.134 Safari/537.36" "mantech8.com"
207.46.13.125 - - [12/Dec/2022:03:57:35 -0800] "GET /index.php/vmbp-90e8eabbe-umcnt.ii HTTP/1.1" 200 68871 "-" "Mozilla/5.0 (compatible; bingbot/2.0; +http://www.bing.com/bingbot.htm)" "mantech8.com"
207.46.13.125 - - [12/Dec/2022:03:57:36 -0800] "GET /index.php/mcko-351ebaccec-vy9tx.ii HTTP/1.1" 200 71615 "-" "Mozilla/5.0 (compatible; bingbot/2.0; +http://www.bing.com/bingbot.htm)" "mantech8.com"
207.46.13.125 - - [12/Dec/2022:03:57:37 -0800] "GET /index.php/5bb9ccebfa HTTP/1.1" 200 59667 "-" "Mozilla/5.0 (compatible; bingbot/2.0; +http://www.bing.com/bingbot.htm)" "mantech8.com"
207.46.13.163 - - [12/Dec/2022:03:57:40 -0800] "GET /index.php/c8bdfdfa HTTP/1.1" 200 66659 "-" "Mozilla/5.0 (compatible; bingbot/2.0; +http://www.bing.com/bingbot.htm)" "mantech8.com"
185.191.171.15 - - [12/Dec/2022:03:57:56 -0800] "GET /?camp-fire%2F29388671.html HTTP/1.1" 500 - "-" "Mozilla/5.0 (compatible; SemrushBot/7~bl; +http://www.semrush.com/bot.html)" "mantech8.com"
185.191.171.36 - - [12/Dec/2022:03:58:01 -0800] "GET /?camp-fire%2F36195500.html HTTP/1.1" 500 - "-" "Mozilla/5.0 (compatible; SemrushBot/7~bl; +http://www.semrush.com/bot.html)" "mantech8.com"
207.46.13.163 - - [12/Dec/2022:03:58:40 -0800] "GET /index.php/kjz2-a8c9afebc-hqrbq.ii HTTP/1.1" 200 60930 "-" "Mozilla/5.0 AppleWebKit/537.36 (KHTML, like Gecko; compatible; bingbot/2.0; +http://www.bing.com/bingbot.htm) Chrome/103.0.5060.134 Safari/537.36" "mantech8.com"
157.55.39.138 - - [12/Dec/2022:03:58:45 -0800] "GET /index.php/nwtf-dd6babdf-3l2bz.ii HTTP/1.1" 200 75209 "-" "Mozilla/5.0 (compatible; bingbot/2.0; +http://www.bing.com/bingbot.htm)" "mantech8.com"
207.46.13.125 - - [12/Dec/2022:03:58:45 -0800] "GET /index.php/aps-9d40adffb-oouge.ii HTTP/1.1" 200 63716 "-" "Mozilla/5.0 AppleWebKit/537.36 (KHTML, like Gecko; compatible; bingbot/2.0; +http://www.bing.com/bingbot.htm) Chrome/103.0.5060.134 Safari/537.36" "mantech8.com"
157.55.39.138 - - [12/Dec/2022:03:58:54 -0800] "GET /index.php/pstd-d002eecd-iwmec.ii HTTP/1.1" 200 73290 "-" "Mozilla/5.0 AppleWebKit/537.36 (KHTML, like Gecko; compatible; bingbot/2.0; +http://www.bing.com/bingbot.htm) Chrome/103.0.5060.134 Safari/537.36" "mantech8.com"
185.191.171.35 - - [12/Dec/2022:03:59:10 -0800] "GET /?camp-fire%2F38884992.html HTTP/1.1" 500 - "-" "Mozilla/5.0 (compatible; SemrushBot/7~bl; +http://www.semrush.com/bot.html)" "mantech8.com"
185.191.171.24 - - [12/Dec/2022:03:59:22 -0800] "GET /?camp-fire%2F54454103.html HTTP/1.1" 500 - "-" "Mozilla/5.0 (compatible; SemrushBot/7~bl; +http://www.semrush.com/bot.html)" "mantech8.com"
207.46.13.125 - - [12/Dec/2022:03:59:30 -0800] "GET /index.php/nWTf-d9793fbfc-4QbOi.Ii HTTP/1.1" 200 69545 "-" "Mozilla/5.0 (compatible; bingbot/2.0; +http://www.bing.com/bingbot.htm)" "mantech8.com"
207.46.13.125 - - [12/Dec/2022:03:59:32 -0800] "GET /index.php/a5caceaef HTTP/1.1" 200 64768 "-" "Mozilla/5.0 (compatible; bingbot/2.0; +http://www.bing.com/bingbot.htm)" "mantech8.com"
207.46.13.163 - - [12/Dec/2022:03:59:40 -0800] "GET /index.php/s0kv-51cbbaeb-oxhtl.ii HTTP/1.1" 200 65820 "-" "Mozilla/5.0 (compatible; bingbot/2.0; +http://www.bing.com/bingbot.htm)" "mantech8.com"
207.46.13.163 - - [12/Dec/2022:03:59:42 -0800] "GET /index.php/WtZk-7d0acfbd-nLvEE.Ii HTTP/1.1" 200 64421 "-" "Mozilla/5.0 (compatible; bingbot/2.0; +http://www.bing.com/bingbot.htm)" "mantech8.com"
157.55.39.138 - - [12/Dec/2022:03:59:45 -0800] "GET /index.php/69bf HTTP/1.1" 200 63269 "-" "Mozilla/5.0 (compatible; bingbot/2.0; +http://www.bing.com/bingbot.htm)" "mantech8.com"
157.55.39.138 - - [12/Dec/2022:03:59:56 -0800] "GET /index.php/bd6fcaff HTTP/1.1" 500 - "-" "Mozilla/5.0 (compatible; bingbot/2.0; +http://www.bing.com/bingbot.htm)" "mantech8.com"
207.46.13.163 - - [12/Dec/2022:04:00:40 -0800] "GET /index.php/wf2o-644efebeec-g5fcv.ii HTTP/1.1" 200 61340 "-" "Mozilla/5.0 (compatible; bingbot/2.0; +http://www.bing.com/bingbot.htm)" "mantech8.com"
157.55.39.138 - - [12/Dec/2022:04:00:45 -0800] "GET /index.php/vmbp-4ecaccaad-umtgn.ii HTTP/1.1" 200 68818 "-" "Mozilla/5.0 (compatible; bingbot/2.0; +http://www.bing.com/bingbot.htm)" "mantech8.com"
157.55.39.138 - - [12/Dec/2022:04:00:47 -0800] "GET /index.php/9ead HTTP/1.1" 200 64090 "-" "Mozilla/5.0 (compatible; bingbot/2.0; +http://www.bing.com/bingbot.htm)" "mantech8.com"
207.46.13.163 - - [12/Dec/2022:04:01:20 -0800] "GET /index.php/aqji-d8ffbebfa-nsuva.ii HTTP/1.1" 200 62837 "-" "Mozilla/5.0 AppleWebKit/537.36 (KHTML, like Gecko; compatible; bingbot/2.0; +http://www.bing.com/bingbot.htm) Chrome/103.0.5060.134 Safari/537.36" "mantech8.com"
207.46.13.163 - - [12/Dec/2022:04:01:22 -0800] "GET /index.php/egy1-da0abddec-vxtrx.ii HTTP/1.1" 200 64215 "-" "Mozilla/5.0 AppleWebKit/537.36 (KHTML, like Gecko; compatible; bingbot/2.0; +http://www.bing.com/bingbot.htm) Chrome/103.0.5060.134 Safari/537.36" "mantech8.com"
207.46.13.125 - - [12/Dec/2022:04:01:25 -0800] "GET /index.php/vmbp-4a8bfebc-unki3.ii HTTP/1.1" 200 63460 "-" "Mozilla/5.0 AppleWebKit/537.36 (KHTML, like Gecko; compatible; bingbot/2.0; +http://www.bing.com/bingbot.htm) Chrome/103.0.5060.134 Safari/537.36" "mantech8.com"
185.191.171.19 - - [12/Dec/2022:04:01:26 -0800] "GET /?camp-fire%2F85537280.html HTTP/1.1" 500 - "-" "Mozilla/5.0 (compatible; SemrushBot/7~bl; +http://www.semrush.com/bot.html)" "mantech8.com"
207.46.13.125 - - [12/Dec/2022:04:01:27 -0800] "GET /index.php/ihsw-f4cfa-xw9us.ii HTTP/1.1" 200 65922 "-" "Mozilla/5.0 (compatible; bingbot/2.0; +http://www.bing.com/bingbot.htm)" "mantech8.com"
185.191.171.1 - - [12/Dec/2022:04:01:44 -0800] "GET /?camp-fire%2F64639988.html HTTP/1.1" 500 - "-" "Mozilla/5.0 (compatible; SemrushBot/7~bl; +http://www.semrush.com/bot.html)" "mantech8.com"
185.191.171.41 - - [12/Dec/2022:04:01:46 -0800] "GET /?camp-fire%2F39799602.html HTTP/1.1" 500 - "-" "Mozilla/5.0 (compatible; SemrushBot/7~bl; +http://www.semrush.com/bot.html)" "mantech8.com"
185.191.171.44 - - [12/Dec/2022:04:01:47 -0800] "GET /?camp-fire%2F21202535.html HTTP/1.1" 500 - "-" "Mozilla/5.0 (compatible; SemrushBot/7~bl; +http://www.semrush.com/bot.html)" "mantech8.com"
185.191.171.25 - - [12/Dec/2022:04:01:56 -0800] "GET /?camp-fire%2F97780908.html HTTP/1.1" 500 - "-" "Mozilla/5.0 (compatible; SemrushBot/7~bl; +http://www.semrush.com/bot.html)" "mantech8.com"
207.46.13.163 - - [12/Dec/2022:04:02:00 -0800] "GET /index.php/wtzk-a4589dcd-n22hf.ii HTTP/1.1" 200 64040 "-" "Mozilla/5.0 (compatible; bingbot/2.0; +http://www.bing.com/bingbot.htm)" "mantech8.com"
207.46.13.163 - - [12/Dec/2022:04:02:02 -0800] "GET /index.php/mkjw-47aafabee-bhclt.ii HTTP/1.1" 200 61978 "-" "Mozilla/5.0 (compatible; bingbot/2.0; +http://www.bing.com/bingbot.htm)" "mantech8.com"
185.191.171.44 - - [12/Dec/2022:04:02:39 -0800] "GET /?camp-fire%2F40597902.html HTTP/1.1" 500 - "-" "Mozilla/5.0 (compatible; SemrushBot/7~bl; +http://www.semrush.com/bot.html)" "mantech8.com"
185.191.171.35 - - [12/Dec/2022:04:02:41 -0800] "GET /?camp-fire%2F35744550.html HTTP/1.1" 500 - "-" "Mozilla/5.0 (compatible; SemrushBot/7~bl; +http://www.semrush.com/bot.html)" "mantech8.com"
207.46.13.163 - - [12/Dec/2022:04:02:41 -0800] "GET /index.php/wtzk-8dfc-n1rdi.ii HTTP/1.1" 200 68992 "-" "Mozilla/5.0 (compatible; bingbot/2.0; +http://www.bing.com/bingbot.htm)" "mantech8.com"
207.46.13.163 - - [12/Dec/2022:04:02:43 -0800] "GET /index.php/81adaebcd HTTP/1.1" 200 69314 "-" "Mozilla/5.0 (compatible; bingbot/2.0; +http://www.bing.com/bingbot.htm)" "mantech8.com"
114.119.153.132 - - [12/Dec/2022:04:03:03 -0800] "GET /inflorescences.xml HTTP/1.1" 404 88 "-" "Mozilla/5.0 (compatible;PetalBot;+https://webmaster.petalsearch.com/site/petalbot)" "mantech8.com"
157.55.39.138 - - [12/Dec/2022:04:03:14 -0800] "GET /index.php/KJZ2-6526bcdda-hAqq3.Ii HTTP/1.1" 200 101337 "-" "Mozilla/5.0 (compatible; bingbot/2.0; +http://www.bing.com/bingbot.htm)" "mantech8.com"
157.55.39.138 - - [12/Dec/2022:04:03:15 -0800] "GET /index.php/3bdb/77ee HTTP/1.1" 200 61742 "-" "Mozilla/5.0 AppleWebKit/537.36 (KHTML, like Gecko; compatible; bingbot/2.0; +http://www.bing.com/bingbot.htm) Chrome/103.0.5060.134 Safari/537.36" "mantech8.com"
157.55.39.138 - - [12/Dec/2022:04:03:18 -0800] "GET /index.php/8f3d8ecde HTTP/1.1" 200 76237 "-" "Mozilla/5.0 (compatible; bingbot/2.0; +http://www.bing.com/bingbot.htm)" "mantech8.com"
207.46.13.125 - - [12/Dec/2022:04:03:23 -0800] "GET /index.php/ozun-d92d4caa-ectaz.ii HTTP/1.1" 200 62810 "-" "Mozilla/5.0 (compatible; bingbot/2.0; +http://www.bing.com/bingbot.htm)" "mantech8.com"
207.46.13.125 - - [12/Dec/2022:04:03:24 -0800] "GET /index.php/vmbp-dd9fcbcffe-ummsf.ii HTTP/1.1" 200 64322 "-" "Mozilla/5.0 (compatible; bingbot/2.0; +http://www.bing.com/bingbot.htm)" "mantech8.com"
207.46.13.125 - - [12/Dec/2022:04:03:26 -0800] "GET /index.php/ca6decddc HTTP/1.1" 200 69612 "-" "Mozilla/5.0 AppleWebKit/537.36 (KHTML, like Gecko; compatible; bingbot/2.0; +http://www.bing.com/bingbot.htm) Chrome/103.0.5060.134 Safari/537.36" "mantech8.com"
185.191.171.4 - - [12/Dec/2022:04:03:28 -0800] "GET /?camp-fire%2F35847438.html HTTP/1.1" 500 - "-" "Mozilla/5.0 (compatible; SemrushBot/7~bl; +http://www.semrush.com/bot.html)" "mantech8.com"
207.46.13.125 - - [12/Dec/2022:04:03:27 -0800] "GET /index.php/qlqc-83d5bdea-49bcs.ii HTTP/1.1" 200 63749 "-" "Mozilla/5.0 AppleWebKit/537.36 (KHTML, like Gecko; compatible; bingbot/2.0; +http://www.bing.com/bingbot.htm) Chrome/103.0.5060.134 Safari/537.36" "mantech8.com"
207.46.13.163 - - [12/Dec/2022:04:03:30 -0800] "GET /index.php/nWTf-e47dbdfea-4AYjy.Ii HTTP/1.1" 200 60055 "-" "Mozilla/5.0 AppleWebKit/537.36 (KHTML, like Gecko; compatible; bingbot/2.0; +http://www.bing.com/bingbot.htm) Chrome/103.0.5060.134 Safari/537.36" "mantech8.com"
157.55.39.138 - - [12/Dec/2022:04:03:36 -0800] "GET /index.php/pstd-8ec3caede-idatu.ii HTTP/1.1" 200 68925 "-" "Mozilla/5.0 (compatible; bingbot/2.0; +http://www.bing.com/bingbot.htm)" "mantech8.com"
185.191.171.9 - - [12/Dec/2022:04:03:48 -0800] "GET /?camp-fire%2F40353850.html HTTP/1.1" 500 - "-" "Mozilla/5.0 (compatible; SemrushBot/7~bl; +http://www.semrush.com/bot.html)" "mantech8.com"
157.55.39.138 - - [12/Dec/2022:04:03:56 -0800] "GET /index.php/egy1-3d344cfc-ve5am.ii HTTP/1.1" 200 62880 "-" "Mozilla/5.0 (compatible; bingbot/2.0; +http://www.bing.com/bingbot.htm)" "mantech8.com"
207.46.13.163 - - [12/Dec/2022:04:04:01 -0800] "GET /index.php/imvf-3f3defefc-ypigi.ii HTTP/1.1" 200 64705 "-" "Mozilla/5.0 (compatible; bingbot/2.0; +http://www.bing.com/bingbot.htm)" "mantech8.com"
207.46.13.125 - - [12/Dec/2022:04:04:01 -0800] "GET /index.php/nwtf-4a55ebbade-4aa4v.ii HTTP/1.1" 200 67778 "-" "Mozilla/5.0 (compatible; bingbot/2.0; +http://www.bing.com/bingbot.htm)" "mantech8.com"
207.46.13.163 - - [12/Dec/2022:04:04:03 -0800] "GET /index.php/5b6abebade HTTP/1.1" 200 64219 "-" "Mozilla/5.0 (compatible; bingbot/2.0; +http://www.bing.com/bingbot.htm)" "mantech8.com"
185.191.171.35 - - [12/Dec/2022:04:04:06 -0800] "GET /?camp-fire%2F58794376.html HTTP/1.1" 500 - "-" "Mozilla/5.0 (compatible; SemrushBot/7~bl; +http://www.semrush.com/bot.html)" "mantech8.com"
185.191.171.41 - - [12/Dec/2022:04:04:09 -0800] "GET /?camp-fire%2F43448455.html HTTP/1.1" 500 - "-" "Mozilla/5.0 (compatible; SemrushBot/7~bl; +http://www.semrush.com/bot.html)" "mantech8.com"
207.46.13.125 - - [12/Dec/2022:04:04:11 -0800] "GET /index.php/s0kv-fdbd1beba-oepjo.ii HTTP/1.1" 500 - "-" "Mozilla/5.0 AppleWebKit/537.36 (KHTML, like Gecko; compatible; bingbot/2.0; +http://www.bing.com/bingbot.htm) Chrome/103.0.5060.134 Safari/537.36" "mantech8.com"
185.191.171.9 - - [12/Dec/2022:04:04:25 -0800] "GET /?camp-fire%2F34551959.html HTTP/1.1" 500 - "-" "Mozilla/5.0 (compatible; SemrushBot/7~bl; +http://www.semrush.com/bot.html)" "mantech8.com"
185.191.171.9 - - [12/Dec/2022:04:06:08 -0800] "GET /?camp-fire%2F42055849.html HTTP/1.1" 500 - "-" "Mozilla/5.0 (compatible; SemrushBot/7~bl; +http://www.semrush.com/bot.html)" "mantech8.com"
185.191.171.19 - - [12/Dec/2022:04:06:28 -0800] "GET /?camp-fire%2F40033692.html HTTP/1.1" 500 - "-" "Mozilla/5.0 (compatible; SemrushBot/7~bl; +http://www.semrush.com/bot.html)" "mantech8.com"
185.191.171.36 - - [12/Dec/2022:04:07:04 -0800] "GET /?camp-fire%2F35846838.html HTTP/1.1" 500 - "-" "Mozilla/5.0 (compatible; SemrushBot/7~bl; +http://www.semrush.com/bot.html)" "mantech8.com"
207.46.13.163 - - [12/Dec/2022:04:07:21 -0800] "GET /index.php/q5W4-e4aee-jKsCt.Ii HTTP/1.1" 200 64032 "-" "Mozilla/5.0 (compatible; bingbot/2.0; +http://www.bing.com/bingbot.htm)" "mantech8.com"
207.46.13.163 - - [12/Dec/2022:04:07:23 -0800] "GET /index.php/hfdr-ceebe-ii6dl.ii HTTP/1.1" 200 67164 "-" "Mozilla/5.0 AppleWebKit/537.36 (KHTML, like Gecko; compatible; bingbot/2.0; +http://www.bing.com/bingbot.htm) Chrome/103.0.5060.134 Safari/537.36" "mantech8.com"
207.46.13.163 - - [12/Dec/2022:04:07:41 -0800] "GET /index.php/zjed-2d77cabeb-cz2h3.ii HTTP/1.1" 200 67605 "-" "Mozilla/5.0 (compatible; bingbot/2.0; +http://www.bing.com/bingbot.htm)" "mantech8.com"
157.55.39.138 - - [12/Dec/2022:04:07:46 -0800] "GET /index.php/WtZk-f60becfb-n2XJb.Ii HTTP/1.1" 200 65122 "-" "Mozilla/5.0 AppleWebKit/537.36 (KHTML, like Gecko; compatible; bingbot/2.0; +http://www.bing.com/bingbot.htm) Chrome/103.0.5060.134 Safari/537.36" "mantech8.com"
157.55.39.138 - - [12/Dec/2022:04:07:47 -0800] "GET /index.php/y5th-ed2cdfacd-ki1pi.ii HTTP/1.1" 200 64084 "-" "Mozilla/5.0 (compatible; bingbot/2.0; +http://www.bing.com/bingbot.htm)" "mantech8.com"
157.55.39.138 - - [12/Dec/2022:04:07:48 -0800] "GET /index.php/enl5-75ce-nqapr.ii HTTP/1.1" 200 65596 "-" "Mozilla/5.0 (compatible; bingbot/2.0; +http://www.bing.com/bingbot.htm)" "mantech8.com"
157.55.39.138 - - [12/Dec/2022:04:07:50 -0800] "GET /index.php/vmbp-327f0aaca-um3nr.ii HTTP/1.1" 200 66467 "-" "Mozilla/5.0 AppleWebKit/537.36 (KHTML, like Gecko; compatible; bingbot/2.0; +http://www.bing.com/bingbot.htm) Chrome/103.0.5060.134 Safari/537.36" "mantech8.com"
157.55.39.138 - - [12/Dec/2022:04:07:50 -0800] "GET /index.php/b5fdcf HTTP/1.1" 200 62446 "-" "Mozilla/5.0 (compatible; bingbot/2.0; +http://www.bing.com/bingbot.htm)" "mantech8.com"
157.55.39.138 - - [12/Dec/2022:04:07:56 -0800] "GET /index.php/gvdr-339f5adab-vkpra.ii HTTP/1.1" 200 65917 "-" "Mozilla/5.0 AppleWebKit/537.36 (KHTML, like Gecko; compatible; bingbot/2.0; +http://www.bing.com/bingbot.htm) Chrome/103.0.5060.134 Safari/537.36" "mantech8.com"
157.55.39.138 - - [12/Dec/2022:04:07:57 -0800] "GET /index.php/d1dcff HTTP/1.1" 200 63603 "-" "Mozilla/5.0 (compatible; bingbot/2.0; +http://www.bing.com/bingbot.htm)" "mantech8.com"
207.46.13.125 - - [12/Dec/2022:04:08:40 -0800] "GET /index.php/MKJW-50cec-BBroq.Ii HTTP/1.1" 200 65600 "-" "Mozilla/5.0 (compatible; bingbot/2.0; +http://www.bing.com/bingbot.htm)" "mantech8.com"
207.46.13.125 - - [12/Dec/2022:04:08:41 -0800] "GET /index.php/egy1-97dfeaca-vca3u.ii HTTP/1.1" 200 75075 "-" "Mozilla/5.0 AppleWebKit/537.36 (KHTML, like Gecko; compatible; bingbot/2.0; +http://www.bing.com/bingbot.htm) Chrome/103.0.5060.134 Safari/537.36" "mantech8.com"
207.46.13.125 - - [12/Dec/2022:04:08:42 -0800] "GET /index.php/nwtf-632dabdef-4qobl.ii HTTP/1.1" 200 65341 "-" "Mozilla/5.0 (compatible; bingbot/2.0; +http://www.bing.com/bingbot.htm)" "mantech8.com"
207.46.13.125 - - [12/Dec/2022:04:08:43 -0800] "GET /index.php/zsuz-61fea-sikl5.ii HTTP/1.1" 200 65521 "-" "Mozilla/5.0 AppleWebKit/537.36 (KHTML, like Gecko; compatible; bingbot/2.0; +http://www.bing.com/bingbot.htm) Chrome/103.0.5060.134 Safari/537.36" "mantech8.com"
207.46.13.125 - - [12/Dec/2022:04:08:44 -0800] "GET /index.php/s0kv-fe07dadccf-oxbrt.ii HTTP/1.1" 200 69255 "-" "Mozilla/5.0 (compatible; bingbot/2.0; +http://www.bing.com/bingbot.htm)" "mantech8.com"
207.46.13.125 - - [12/Dec/2022:04:08:45 -0800] "GET /index.php/yhfg-bccaef-ppbc0.ii HTTP/1.1" 200 74915 "-" "Mozilla/5.0 AppleWebKit/537.36 (KHTML, like Gecko; compatible; bingbot/2.0; +http://www.bing.com/bingbot.htm) Chrome/103.0.5060.134 Safari/537.36" "mantech8.com"
207.46.13.163 - - [12/Dec/2022:04:09:02 -0800] "GET /index.php/pstd-b4ecdb-iwogn.ii HTTP/1.1" 200 69771 "-" "Mozilla/5.0 (compatible; bingbot/2.0; +http://www.bing.com/bingbot.htm)" "mantech8.com"
157.55.39.138 - - [12/Dec/2022:04:10:46 -0800] "GET /index.php/c1w4-c5eda-lbsjs.ii HTTP/1.1" 200 66218 "-" "Mozilla/5.0 AppleWebKit/537.36 (KHTML, like Gecko; compatible; bingbot/2.0; +http://www.bing.com/bingbot.htm) Chrome/103.0.5060.134 Safari/537.36" "mantech8.com"
157.55.39.138 - - [12/Dec/2022:04:10:48 -0800] "GET /index.php/nwtf-b09cbabcc-4qsi6.ii HTTP/1.1" 200 71494 "-" "Mozilla/5.0 AppleWebKit/537.36 (KHTML, like Gecko; compatible; bingbot/2.0; +http://www.bing.com/bingbot.htm) Chrome/103.0.5060.134 Safari/537.36" "mantech8.com"
207.46.13.163 - - [12/Dec/2022:04:11:01 -0800] "GET /index.php/aqji-c69cfacb-nezlu.ii HTTP/1.1" 200 76883 "-" "Mozilla/5.0 (compatible; bingbot/2.0; +http://www.bing.com/bingbot.htm)" "mantech8.com"
207.46.13.163 - - [12/Dec/2022:04:11:03 -0800] "GET /index.php/wtzk-a2fbfefda-n2tsh.ii HTTP/1.1" 200 67520 "-" "Mozilla/5.0 (compatible; bingbot/2.0; +http://www.bing.com/bingbot.htm)" "mantech8.com"
157.55.39.138 - - [12/Dec/2022:04:11:06 -0800] "GET /index.php/wtzk-03fb-n1hoi.ii HTTP/1.1" 200 63172 "-" "Mozilla/5.0 (compatible; bingbot/2.0; +http://www.bing.com/bingbot.htm)" "mantech8.com"
185.191.171.13 - - [12/Dec/2022:04:11:20 -0800] "GET /robots.txt HTTP/1.1" 200 106 "-" "Mozilla/5.0 (compatible; SemrushBot/7~bl; +http://www.semrush.com/bot.html)" "mantech8.com"
185.191.171.34 - - [12/Dec/2022:04:11:21 -0800] "GET /?camp-fire%2F40829576.html HTTP/1.1" 500 - "-" "Mozilla/5.0 (compatible; SemrushBot/7~bl; +http://www.semrush.com/bot.html)" "mantech8.com"
185.191.171.25 - - [12/Dec/2022:04:12:00 -0800] "GET /?camp-fire%2F32685425.html HTTP/1.1" 500 - "-" "Mozilla/5.0 (compatible; SemrushBot/7~bl; +http://www.semrush.com/bot.html)" "mantech8.com"
185.191.171.10 - - [12/Dec/2022:04:12:07 -0800] "GET /?camp-fire%2F57404571.html HTTP/1.1" 500 - "-" "Mozilla/5.0 (compatible; SemrushBot/7~bl; +http://www.semrush.com/bot.html)" "mantech8.com"
207.46.13.125 - - [12/Dec/2022:04:12:11 -0800] "GET /index.php/MKJW-80dbb-BBOxF.Ii HTTP/1.1" 200 68985 "-" "Mozilla/5.0 (compatible; bingbot/2.0; +http://www.bing.com/bingbot.htm)" "mantech8.com"
207.46.13.125 - - [12/Dec/2022:04:12:12 -0800] "GET /index.php/mcko-ab09abeffc-vtuno.ii HTTP/1.1" 200 65185 "-" "Mozilla/5.0 AppleWebKit/537.36 (KHTML, like Gecko; compatible; bingbot/2.0; +http://www.bing.com/bingbot.htm) Chrome/103.0.5060.134 Safari/537.36" "mantech8.com"
207.46.13.125 - - [12/Dec/2022:04:12:13 -0800] "GET /index.php/k937-a9bf-71e2a.ii HTTP/1.1" 200 62239 "-" "Mozilla/5.0 AppleWebKit/537.36 (KHTML, like Gecko; compatible; bingbot/2.0; +http://www.bing.com/bingbot.htm) Chrome/103.0.5060.134 Safari/537.36" "mantech8.com"
207.46.13.125 - - [12/Dec/2022:04:12:14 -0800] "GET /index.php/s0kv-af4fdedb-oepcb.ii HTTP/1.1" 200 65687 "-" "Mozilla/5.0 AppleWebKit/537.36 (KHTML, like Gecko; compatible; bingbot/2.0; +http://www.bing.com/bingbot.htm) Chrome/103.0.5060.134 Safari/537.36" "mantech8.com"
207.46.13.125 - - [12/Dec/2022:04:12:15 -0800] "GET /index.php/gvdr-759cacfba-vkfhg.ii HTTP/1.1" 200 63691 "-" "Mozilla/5.0 AppleWebKit/537.36 (KHTML, like Gecko; compatible; bingbot/2.0; +http://www.bing.com/bingbot.htm) Chrome/103.0.5060.134 Safari/537.36" "mantech8.com"
207.46.13.125 - - [12/Dec/2022:04:12:15 -0800] "GET /index.php/1zve-608f4dbe-jv1os.ii HTTP/1.1" 200 102962 "-" "Mozilla/5.0 (compatible; bingbot/2.0; +http://www.bing.com/bingbot.htm)" "mantech8.com"
207.46.13.125 - - [12/Dec/2022:04:12:16 -0800] "GET /index.php/naq6-5ffac-iuhrl.ii HTTP/1.1" 200 64858 "-" "Mozilla/5.0 AppleWebKit/537.36 (KHTML, like Gecko; compatible; bingbot/2.0; +http://www.bing.com/bingbot.htm) Chrome/103.0.5060.134 Safari/537.36" "mantech8.com"
207.46.13.163 - - [12/Dec/2022:04:12:22 -0800] "GET /index.php/48a0adbbf HTTP/1.1" 200 65687 "-" "Mozilla/5.0 AppleWebKit/537.36 (KHTML, like Gecko; compatible; bingbot/2.0; +http://www.bing.com/bingbot.htm) Chrome/103.0.5060.134 Safari/537.36" "mantech8.com"
185.191.171.9 - - [12/Dec/2022:04:12:24 -0800] "GET /?camp-fire%2F38789421.html HTTP/1.1" 500 - "-" "Mozilla/5.0 (compatible; SemrushBot/7~bl; +http://www.semrush.com/bot.html)" "mantech8.com"
207.46.13.125 - - [12/Dec/2022:04:12:43 -0800] "GET /index.php/wtzk-7a93bedf-n2uhk.ii HTTP/1.1" 200 72140 "-" "Mozilla/5.0 AppleWebKit/537.36 (KHTML, like Gecko; compatible; bingbot/2.0; +http://www.bing.com/bingbot.htm) Chrome/103.0.5060.134 Safari/537.36" "mantech8.com"
185.191.171.1 - - [12/Dec/2022:04:12:57 -0800] "GET /?camp-fire%2F35266638.html HTTP/1.1" 500 - "-" "Mozilla/5.0 (compatible; SemrushBot/7~bl; +http://www.semrush.com/bot.html)" "mantech8.com"
194.110.203.39 - - [12/Dec/2022:04:13:00 -0800] "GET /db/mantech8-dump.sql HTTP/1.1" 404 73 "-" "Firefox" "mantech8.com"
157.55.39.138 - - [12/Dec/2022:04:13:07 -0800] "GET /index.php/nwtf-9ba9dbeaab-4aovj.ii HTTP/1.1" 200 65746 "-" "Mozilla/5.0 AppleWebKit/537.36 (KHTML, like Gecko; compatible; bingbot/2.0; +http://www.bing.com/bingbot.htm) Chrome/103.0.5060.134 Safari/537.36" "mantech8.com"
40.77.167.6 - - [12/Dec/2022:04:13:33 -0800] "GET /index.php/s0KV-1a4afcbc-owuTE.Ii HTTP/1.1" 200 65394 "-" "Mozilla/5.0 AppleWebKit/537.36 (KHTML, like Gecko; compatible; bingbot/2.0; +http://www.bing.com/bingbot.htm) Chrome/103.0.5060.134 Safari/537.36" "mantech8.com"
40.77.167.6 - - [12/Dec/2022:04:13:34 -0800] "GET /index.php/3bdb HTTP/1.1" 200 63862 "-" "Mozilla/5.0 (compatible; bingbot/2.0; +http://www.bing.com/bingbot.htm)" "mantech8.com"
40.77.167.6 - - [12/Dec/2022:04:13:35 -0800] "GET /index.php/eaYH-889fdbeeb-RjUMa.Ii HTTP/1.1" 200 64615 "-" "Mozilla/5.0 (compatible; bingbot/2.0; +http://www.bing.com/bingbot.htm)" "mantech8.com"
40.77.167.6 - - [12/Dec/2022:04:13:36 -0800] "GET /index.php/nWTf-d9afed-3p3Gi.Ii HTTP/1.1" 200 68210 "-" "Mozilla/5.0 AppleWebKit/537.36 (KHTML, like Gecko; compatible; bingbot/2.0; +http://www.bing.com/bingbot.htm) Chrome/103.0.5060.134 Safari/537.36" "mantech8.com"
40.77.167.6 - - [12/Dec/2022:04:13:37 -0800] "GET /index.php/txf8-9ae23eaa-Al79B.Ii HTTP/1.1" 200 65545 "-" "Mozilla/5.0 AppleWebKit/537.36 (KHTML, like Gecko; compatible; bingbot/2.0; +http://www.bing.com/bingbot.htm) Chrome/103.0.5060.134 Safari/537.36" "mantech8.com"
40.77.167.6 - - [12/Dec/2022:04:13:38 -0800] "GET /index.php/Pstd-baeeefbe-iWU3C.Ii HTTP/1.1" 200 68226 "-" "Mozilla/5.0 AppleWebKit/537.36 (KHTML, like Gecko; compatible; bingbot/2.0; +http://www.bing.com/bingbot.htm) Chrome/103.0.5060.134 Safari/537.36" "mantech8.com"
40.77.167.6 - - [12/Dec/2022:04:13:39 -0800] "GET /index.php/almp-a765ebbed-uahhf.ii HTTP/1.1" 200 77482 "-" "Mozilla/5.0 AppleWebKit/537.36 (KHTML, like Gecko; compatible; bingbot/2.0; +http://www.bing.com/bingbot.htm) Chrome/103.0.5060.134 Safari/537.36" "mantech8.com"
40.77.167.6 - - [12/Dec/2022:04:13:40 -0800] "GET /index.php/egy1-9a9e8dbd-vsimq.ii HTTP/1.1" 200 59015 "-" "Mozilla/5.0 (compatible; bingbot/2.0; +http://www.bing.com/bingbot.htm)" "mantech8.com"
40.77.167.6 - - [12/Dec/2022:04:13:41 -0800] "GET /index.php/1zve-965ecbafb-jthuc.ii HTTP/1.1" 200 69433 "-" "Mozilla/5.0 (compatible; bingbot/2.0; +http://www.bing.com/bingbot.htm)" "mantech8.com"
40.77.167.6 - - [12/Dec/2022:04:13:42 -0800] "GET /index.php/pstd-339eeafb-idc1b.ii HTTP/1.1" 200 64441 "-" "Mozilla/5.0 AppleWebKit/537.36 (KHTML, like Gecko; compatible; bingbot/2.0; +http://www.bing.com/bingbot.htm) Chrome/103.0.5060.134 Safari/537.36" "mantech8.com"
40.77.167.6 - - [12/Dec/2022:04:13:42 -0800] "GET /index.php/yhfg-6b4fafdaa-pkorg.ii HTTP/1.1" 200 59622 "-" "Mozilla/5.0 AppleWebKit/537.36 (KHTML, like Gecko; compatible; bingbot/2.0; +http://www.bing.com/bingbot.htm) Chrome/103.0.5060.134 Safari/537.36" "mantech8.com"
40.77.167.6 - - [12/Dec/2022:04:13:44 -0800] "GET /index.php/pstd-1ffa-iddy8.ii HTTP/1.1" 200 64336 "-" "Mozilla/5.0 (compatible; bingbot/2.0; +http://www.bing.com/bingbot.htm)" "mantech8.com"
40.77.167.6 - - [12/Dec/2022:04:13:45 -0800] "GET /index.php/zsuz-6b7acdce-slyqf.ii HTTP/1.1" 500 - "-" "Mozilla/5.0 (compatible; bingbot/2.0; +http://www.bing.com/bingbot.htm)" "mantech8.com"
40.77.167.6 - - [12/Dec/2022:04:13:45 -0800] "GET /index.php/d9da HTTP/1.1" 200 65646 "-" "Mozilla/5.0 AppleWebKit/537.36 (KHTML, like Gecko; compatible; bingbot/2.0; +http://www.bing.com/bingbot.htm) Chrome/103.0.5060.134 Safari/537.36" "mantech8.com"
40.77.167.6 - - [12/Dec/2022:04:13:47 -0800] "GET /index.php/mcko-d9fdf-vtixc.ii HTTP/1.1" 200 74078 "-" "Mozilla/5.0 AppleWebKit/537.36 (KHTML, like Gecko; compatible; bingbot/2.0; +http://www.bing.com/bingbot.htm) Chrome/103.0.5060.134 Safari/537.36" "mantech8.com"
40.77.167.6 - - [12/Dec/2022:04:13:48 -0800] "GET /index.php/bljc-b3abfa-kxbri.ii HTTP/1.1" 200 72585 "-" "Mozilla/5.0 (compatible; bingbot/2.0; +http://www.bing.com/bingbot.htm)" "mantech8.com"
40.77.167.6 - - [12/Dec/2022:04:13:49 -0800] "GET /index.php/mcko-bacdefdcd-vglfw.ii HTTP/1.1" 200 70191 "-" "Mozilla/5.0 (compatible; bingbot/2.0; +http://www.bing.com/bingbot.htm)" "mantech8.com"
40.77.167.6 - - [12/Dec/2022:04:13:50 -0800] "GET /index.php/mcko-4ee29acadd-vt3fl.ii HTTP/1.1" 500 - "-" "Mozilla/5.0 (compatible; bingbot/2.0; +http://www.bing.com/bingbot.htm)" "mantech8.com"
40.77.167.6 - - [12/Dec/2022:04:13:54 -0800] "GET /index.php/mcko-eace1efdac-vyshc.ii HTTP/1.1" 200 64172 "-" "Mozilla/5.0 (compatible; bingbot/2.0; +http://www.bing.com/bingbot.htm)" "mantech8.com"
40.77.167.6 - - [12/Dec/2022:04:13:55 -0800] "GET /index.php/s0kv-bdd7deee-oesdc.ii HTTP/1.1" 200 63537 "-" "Mozilla/5.0 (compatible; bingbot/2.0; +http://www.bing.com/bingbot.htm)" "mantech8.com"
40.77.167.6 - - [12/Dec/2022:04:13:56 -0800] "GET /index.php/wtzk-b51dbbdd-n1uek.ii HTTP/1.1" 200 64740 "-" "Mozilla/5.0 (compatible; bingbot/2.0; +http://www.bing.com/bingbot.htm)" "mantech8.com"
40.77.167.6 - - [12/Dec/2022:04:13:57 -0800] "GET /index.php/zsuz-18d49bdd-sikjt.ii HTTP/1.1" 200 99869 "-" "Mozilla/5.0 AppleWebKit/537.36 (KHTML, like Gecko; compatible; bingbot/2.0; +http://www.bing.com/bingbot.htm) Chrome/103.0.5060.134 Safari/537.36" "mantech8.com"
40.77.167.6 - - [12/Dec/2022:04:13:58 -0800] "GET /index.php/nwtf-8fababcabb-3lkap.ii HTTP/1.1" 200 72270 "-" "Mozilla/5.0 (compatible; bingbot/2.0; +http://www.bing.com/bingbot.htm)" "mantech8.com"
40.77.167.6 - - [12/Dec/2022:04:14:03 -0800] "GET /index.php/kjz2-04aca-hqsv1.ii HTTP/1.1" 200 72633 "-" "Mozilla/5.0 (compatible; bingbot/2.0; +http://www.bing.com/bingbot.htm)" "mantech8.com"
40.77.167.6 - - [12/Dec/2022:04:14:04 -0800] "GET /index.php/pstd-abfdc-isdzf.ii HTTP/1.1" 200 64823 "-" "Mozilla/5.0 AppleWebKit/537.36 (KHTML, like Gecko; compatible; bingbot/2.0; +http://www.bing.com/bingbot.htm) Chrome/103.0.5060.134 Safari/537.36" "mantech8.com"
185.191.171.6 - - [12/Dec/2022:04:14:30 -0800] "GET /?camp-fire%2F36897093.html HTTP/1.1" 500 - "-" "Mozilla/5.0 (compatible; SemrushBot/7~bl; +http://www.semrush.com/bot.html)" "mantech8.com"
207.46.13.163 - - [12/Dec/2022:04:14:32 -0800] "GET /index.php/a0ebdaefb HTTP/1.1" 200 63921 "-" "Mozilla/5.0 AppleWebKit/537.36 (KHTML, like Gecko; compatible; bingbot/2.0; +http://www.bing.com/bingbot.htm) Chrome/103.0.5060.134 Safari/537.36" "mantech8.com"
185.191.171.10 - - [12/Dec/2022:04:14:41 -0800] "GET /?camp-fire%2F35946942.html HTTP/1.1" 500 - "-" "Mozilla/5.0 (compatible; SemrushBot/7~bl; +http://www.semrush.com/bot.html)" "mantech8.com"
157.55.39.138 - - [12/Dec/2022:04:14:54 -0800] "GET /index.php/Mcko-54501fef-VgMNL.Ii HTTP/1.1" 200 70053 "-" "Mozilla/5.0 AppleWebKit/537.36 (KHTML, like Gecko; compatible; bingbot/2.0; +http://www.bing.com/bingbot.htm) Chrome/103.0.5060.134 Safari/537.36" "mantech8.com"
157.55.39.138 - - [12/Dec/2022:04:14:55 -0800] "GET /index.php/kjz2-9caebdfb-ha01l.ii HTTP/1.1" 200 65641 "-" "Mozilla/5.0 AppleWebKit/537.36 (KHTML, like Gecko; compatible; bingbot/2.0; +http://www.bing.com/bingbot.htm) Chrome/103.0.5060.134 Safari/537.36" "mantech8.com"
157.55.39.138 - - [12/Dec/2022:04:14:57 -0800] "GET /index.php/35fc HTTP/1.1" 200 79042 "-" "Mozilla/5.0 AppleWebKit/537.36 (KHTML, like Gecko; compatible; bingbot/2.0; +http://www.bing.com/bingbot.htm) Chrome/103.0.5060.134 Safari/537.36" "mantech8.com"
185.191.171.20 - - [12/Dec/2022:04:15:16 -0800] "GET /?camp-fire%2F41053321.html HTTP/1.1" 500 - "-" "Mozilla/5.0 (compatible; SemrushBot/7~bl; +http://www.semrush.com/bot.html)" "mantech8.com"
207.46.13.163 - - [12/Dec/2022:04:15:42 -0800] "GET /index.php/d21decbae HTTP/1.1" 200 66871 "-" "Mozilla/5.0 (compatible; bingbot/2.0; +http://www.bing.com/bingbot.htm)" "mantech8.com"
216.244.66.241 - - [12/Dec/2022:04:15:45 -0800] "GET /robots.txt HTTP/1.1" 200 222 "-" "Mozilla/5.0 (compatible; DotBot/1.2; +https://opensiteexplorer.org/dotbot; help@moz.com)" "www.mantech8.com"
216.244.66.241 - - [12/Dec/2022:04:15:45 -0800] "GET /robots.txt HTTP/1.1" 200 222 "-" "Mozilla/5.0 (compatible; DotBot/1.2; +https://opensiteexplorer.org/dotbot; help@moz.com)" "mantech8.com"
185.191.171.7 - - [12/Dec/2022:04:15:51 -0800] "GET /?camp-fire%2F38208572.html HTTP/1.1" 500 - "-" "Mozilla/5.0 (compatible; SemrushBot/7~bl; +http://www.semrush.com/bot.html)" "mantech8.com"
207.46.13.163 - - [12/Dec/2022:04:15:52 -0800] "GET /index.php/wsum-00bef-ep5au.ii HTTP/1.1" 200 67466 "-" "Mozilla/5.0 AppleWebKit/537.36 (KHTML, like Gecko; compatible; bingbot/2.0; +http://www.bing.com/bingbot.htm) Chrome/103.0.5060.134 Safari/537.36" "mantech8.com"
185.191.171.10 - - [12/Dec/2022:04:15:57 -0800] "GET /?camp-fire%2F41003378.html HTTP/1.1" 500 - "-" "Mozilla/5.0 (compatible; SemrushBot/7~bl; +http://www.semrush.com/bot.html)" "mantech8.com"
40.77.167.4 - - [12/Dec/2022:04:16:29 -0800] "GET /index.php/q5W4-c178ccacb-jOlYQ.Ii HTTP/1.1" 200 64105 "-" "Mozilla/5.0 (compatible; bingbot/2.0; +http://www.bing.com/bingbot.htm)" "mantech8.com"
40.77.167.4 - - [12/Dec/2022:04:16:30 -0800] "GET /index.php/KJZ2-8e71adebbd-hAX76.Ii HTTP/1.1" 200 65058 "-" "Mozilla/5.0 (compatible; bingbot/2.0; +http://www.bing.com/bingbot.htm)" "mantech8.com"
185.191.171.25 - - [12/Dec/2022:04:16:32 -0800] "GET /?camp-fire%2F40140217.html HTTP/1.1" 500 - "-" "Mozilla/5.0 (compatible; SemrushBot/7~bl; +http://www.semrush.com/bot.html)" "mantech8.com"
40.77.167.4 - - [12/Dec/2022:04:16:31 -0800] "GET /index.php/NAQ6-820dafbd-IjsRT.Ii HTTP/1.1" 200 60535 "-" "Mozilla/5.0 (compatible; bingbot/2.0; +http://www.bing.com/bingbot.htm)" "mantech8.com"
157.55.39.138 - - [12/Dec/2022:04:16:35 -0800] "GET /index.php/su70-3cb2cdecea-IRqFd.Ii HTTP/1.1" 200 70998 "-" "Mozilla/5.0 AppleWebKit/537.36 (KHTML, like Gecko; compatible; bingbot/2.0; +http://www.bing.com/bingbot.htm) Chrome/103.0.5060.134 Safari/537.36" "mantech8.com"
157.55.39.138 - - [12/Dec/2022:04:16:36 -0800] "GET /index.php/wtzk-1ee7adedf-nlcth.ii HTTP/1.1" 200 62079 "-" "Mozilla/5.0 (compatible; bingbot/2.0; +http://www.bing.com/bingbot.htm)" "mantech8.com"
157.55.39.138 - - [12/Dec/2022:04:16:37 -0800] "GET /index.php/aijz-77b06abdb-rchha.ii HTTP/1.1" 200 65060 "-" "Mozilla/5.0 AppleWebKit/537.36 (KHTML, like Gecko; compatible; bingbot/2.0; +http://www.bing.com/bingbot.htm) Chrome/103.0.5060.134 Safari/537.36" "mantech8.com"
157.55.39.138 - - [12/Dec/2022:04:17:05 -0800] "GET /index.php/634e2acc HTTP/1.1" 200 70219 "-" "Mozilla/5.0 (compatible; bingbot/2.0; +http://www.bing.com/bingbot.htm)" "mantech8.com"
40.77.167.4 - - [12/Dec/2022:04:17:22 -0800] "GET /index.php/KJZ2-3abfe-hAm8b.Ii HTTP/1.1" 500 - "-" "Mozilla/5.0 AppleWebKit/537.36 (KHTML, like Gecko; compatible; bingbot/2.0; +http://www.bing.com/bingbot.htm) Chrome/103.0.5060.134 Safari/537.36" "mantech8.com"
40.77.167.4 - - [12/Dec/2022:04:17:24 -0800] "GET /index.php/naq6-bffaa-ijoiu.ii HTTP/1.1" 500 - "-" "Mozilla/5.0 AppleWebKit/537.36 (KHTML, like Gecko; compatible; bingbot/2.0; +http://www.bing.com/bingbot.htm) Chrome/103.0.5060.134 Safari/537.36" "mantech8.com"
185.191.171.8 - - [12/Dec/2022:04:17:52 -0800] "GET /?camp-fire%2F28432064.html HTTP/1.1" 500 - "-" "Mozilla/5.0 (compatible; SemrushBot/7~bl; +http://www.semrush.com/bot.html)" "mantech8.com"
207.46.13.163 - - [12/Dec/2022:04:18:22 -0800] "GET /index.php/bljc-b312dcbca-kwusb.ii HTTP/1.1" 200 67833 "-" "Mozilla/5.0 AppleWebKit/537.36 (KHTML, like Gecko; compatible; bingbot/2.0; +http://www.bing.com/bingbot.htm) Chrome/103.0.5060.134 Safari/537.36" "mantech8.com"
207.46.13.163 - - [12/Dec/2022:04:18:24 -0800] "GET /index.php/wtzk-9dbb-n2msj.ii HTTP/1.1" 200 66930 "-" "Mozilla/5.0 AppleWebKit/537.36 (KHTML, like Gecko; compatible; bingbot/2.0; +http://www.bing.com/bingbot.htm) Chrome/103.0.5060.134 Safari/537.36" "mantech8.com"
207.46.13.163 - - [12/Dec/2022:04:18:25 -0800] "GET /index.php/83bbed HTTP/1.1" 200 66154 "-" "Mozilla/5.0 AppleWebKit/537.36 (KHTML, like Gecko; compatible; bingbot/2.0; +http://www.bing.com/bingbot.htm) Chrome/103.0.5060.134 Safari/537.36" "mantech8.com"
