157.55.39.123 - - [11/Dec/2022:16:53:18 -0800] "GET /index.php/9hdj-e2e9cfbddb-yqonh.ii HTTP/1.1" 200 69318 "-" "Mozilla/5.0 AppleWebKit/537.36 (KHTML, like Gecko; compatible; bingbot/2.0; +http://www.bing.com/bingbot.htm) Chrome/103.0.5060.134 Safari/537.36" "mantech8.com"
157.55.39.123 - - [11/Dec/2022:16:53:18 -0800] "GET /index.php/bmk0-27ead-6uwxs.ii HTTP/1.1" 200 65467 "-" "Mozilla/5.0 AppleWebKit/537.36 (KHTML, like Gecko; compatible; bingbot/2.0; +http://www.bing.com/bingbot.htm) Chrome/103.0.5060.134 Safari/537.36" "mantech8.com"
157.55.39.123 - - [11/Dec/2022:16:53:19 -0800] "GET /index.php/txf8-a22c5ade-apfhf.ii HTTP/1.1" 200 72078 "-" "Mozilla/5.0 AppleWebKit/537.36 (KHTML, like Gecko; compatible; bingbot/2.0; +http://www.bing.com/bingbot.htm) Chrome/103.0.5060.134 Safari/537.36" "mantech8.com"
157.55.39.123 - - [11/Dec/2022:16:53:20 -0800] "GET /index.php/wtzk-14bafdae-n1apl.ii HTTP/1.1" 200 67315 "-" "Mozilla/5.0 AppleWebKit/537.36 (KHTML, like Gecko; compatible; bingbot/2.0; +http://www.bing.com/bingbot.htm) Chrome/103.0.5060.134 Safari/537.36" "mantech8.com"
157.55.39.123 - - [11/Dec/2022:16:53:22 -0800] "GET /index.php/52cc HTTP/1.1" 200 63223 "-" "Mozilla/5.0 AppleWebKit/537.36 (KHTML, like Gecko; compatible; bingbot/2.0; +http://www.bing.com/bingbot.htm) Chrome/103.0.5060.134 Safari/537.36" "mantech8.com"
157.55.39.138 - - [11/Dec/2022:16:53:23 -0800] "GET /index.php/wf2o-11542ecc-g7tvk.ii HTTP/1.1" 200 61754 "-" "Mozilla/5.0 (compatible; bingbot/2.0; +http://www.bing.com/bingbot.htm)" "mantech8.com"
157.55.39.123 - - [11/Dec/2022:16:53:36 -0800] "GET /index.php/txf8-91aad-apwyf.ii HTTP/1.1" 200 68699 "-" "Mozilla/5.0 (compatible; bingbot/2.0; +http://www.bing.com/bingbot.htm)" "mantech8.com"
157.55.39.123 - - [11/Dec/2022:16:53:46 -0800] "GET /index.php/b583afaea HTTP/1.1" 200 64093 "-" "Mozilla/5.0 (compatible; bingbot/2.0; +http://www.bing.com/bingbot.htm)" "mantech8.com"
40.77.167.4 - - [11/Dec/2022:16:54:11 -0800] "GET /index.php/WtZk-264fbdcd-n3Qdz.Ii HTTP/1.1" 200 59625 "-" "Mozilla/5.0 (compatible; bingbot/2.0; +http://www.bing.com/bingbot.htm)" "mantech8.com"
40.77.167.4 - - [11/Dec/2022:16:54:14 -0800] "GET /index.php/c67f5fadc HTTP/1.1" 200 65494 "-" "Mozilla/5.0 AppleWebKit/537.36 (KHTML, like Gecko; compatible; bingbot/2.0; +http://www.bing.com/bingbot.htm) Chrome/103.0.5060.134 Safari/537.36" "mantech8.com"
40.77.167.4 - - [11/Dec/2022:16:54:15 -0800] "GET /index.php/26edef HTTP/1.1" 200 71689 "-" "Mozilla/5.0 AppleWebKit/537.36 (KHTML, like Gecko; compatible; bingbot/2.0; +http://www.bing.com/bingbot.htm) Chrome/103.0.5060.134 Safari/537.36" "mantech8.com"
185.191.171.2 - - [11/Dec/2022:16:54:15 -0800] "GET /?camp-fire%2F80755597.html HTTP/1.1" 500 - "-" "Mozilla/5.0 (compatible; SemrushBot/7~bl; +http://www.semrush.com/bot.html)" "mantech8.com"
40.77.167.4 - - [11/Dec/2022:16:54:16 -0800] "GET /index.php/mcko-9bfda-vhscs.ii HTTP/1.1" 200 70097 "-" "Mozilla/5.0 AppleWebKit/537.36 (KHTML, like Gecko; compatible; bingbot/2.0; +http://www.bing.com/bingbot.htm) Chrome/103.0.5060.134 Safari/537.36" "mantech8.com"
40.77.167.4 - - [11/Dec/2022:16:54:17 -0800] "GET /index.php/wtzk-ae5a2baf-npxim.ii HTTP/1.1" 200 70748 "-" "Mozilla/5.0 (compatible; bingbot/2.0; +http://www.bing.com/bingbot.htm)" "mantech8.com"
185.191.171.44 - - [11/Dec/2022:16:54:41 -0800] "GET /?camp-fire%2F38891230.html HTTP/1.1" 500 - "-" "Mozilla/5.0 (compatible; SemrushBot/7~bl; +http://www.semrush.com/bot.html)" "mantech8.com"
185.191.171.10 - - [11/Dec/2022:16:55:09 -0800] "GET /?camp-fire%2F40498735.html HTTP/1.1" 500 - "-" "Mozilla/5.0 (compatible; SemrushBot/7~bl; +http://www.semrush.com/bot.html)" "mantech8.com"
157.55.39.138 - - [11/Dec/2022:16:55:51 -0800] "GET /index.php/6lfs-73c9eaeded-ymapp.ii HTTP/1.1" 200 69744 "-" "Mozilla/5.0 AppleWebKit/537.36 (KHTML, like Gecko; compatible; bingbot/2.0; +http://www.bing.com/bingbot.htm) Chrome/103.0.5060.134 Safari/537.36" "mantech8.com"
157.55.39.138 - - [11/Dec/2022:16:55:52 -0800] "GET /index.php/aps-dbe5affdd-ojahn.ii HTTP/1.1" 200 70413 "-" "Mozilla/5.0 AppleWebKit/537.36 (KHTML, like Gecko; compatible; bingbot/2.0; +http://www.bing.com/bingbot.htm) Chrome/103.0.5060.134 Safari/537.36" "mantech8.com"
157.55.39.138 - - [11/Dec/2022:16:55:53 -0800] "GET /index.php/enl5-75ce-nqapr.ii HTTP/1.1" 200 65198 "-" "Mozilla/5.0 (compatible; bingbot/2.0; +http://www.bing.com/bingbot.htm)" "mantech8.com"
157.55.39.138 - - [11/Dec/2022:16:55:54 -0800] "GET /index.php/pstd-4dea5ecfd-iskny.ii HTTP/1.1" 200 73409 "-" "Mozilla/5.0 AppleWebKit/537.36 (KHTML, like Gecko; compatible; bingbot/2.0; +http://www.bing.com/bingbot.htm) Chrome/103.0.5060.134 Safari/537.36" "mantech8.com"
185.191.171.8 - - [11/Dec/2022:16:55:59 -0800] "GET /?camp-fire%2F41040306.html HTTP/1.1" 500 - "-" "Mozilla/5.0 (compatible; SemrushBot/7~bl; +http://www.semrush.com/bot.html)" "mantech8.com"
185.191.171.2 - - [11/Dec/2022:16:56:16 -0800] "GET /?camp-fire%2F37511838.html HTTP/1.1" 500 - "-" "Mozilla/5.0 (compatible; SemrushBot/7~bl; +http://www.semrush.com/bot.html)" "mantech8.com"
40.77.167.4 - - [11/Dec/2022:16:56:35 -0800] "GET /index.php/89dec HTTP/1.1" 200 75759 "-" "Mozilla/5.0 AppleWebKit/537.36 (KHTML, like Gecko; compatible; bingbot/2.0; +http://www.bing.com/bingbot.htm) Chrome/103.0.5060.134 Safari/537.36" "mantech8.com"
40.77.167.4 - - [11/Dec/2022:16:56:36 -0800] "GET /index.php/1zVE-6b4dddcb-JGI0b.Ii HTTP/1.1" 200 72571 "-" "Mozilla/5.0 AppleWebKit/537.36 (KHTML, like Gecko; compatible; bingbot/2.0; +http://www.bing.com/bingbot.htm) Chrome/103.0.5060.134 Safari/537.36" "mantech8.com"
40.77.167.4 - - [11/Dec/2022:16:56:39 -0800] "GET /index.php/nWTf-06aa-4QDMN.Ii HTTP/1.1" 200 77190 "-" "Mozilla/5.0 AppleWebKit/537.36 (KHTML, like Gecko; compatible; bingbot/2.0; +http://www.bing.com/bingbot.htm) Chrome/103.0.5060.134 Safari/537.36" "mantech8.com"
157.55.39.138 - - [11/Dec/2022:16:57:21 -0800] "GET /index.php/vmbp-4eadcacb-uicke.ii HTTP/1.1" 200 68697 "-" "Mozilla/5.0 (compatible; bingbot/2.0; +http://www.bing.com/bingbot.htm)" "mantech8.com"
157.55.39.138 - - [11/Dec/2022:16:57:22 -0800] "GET /index.php/nwtf-3adeaa-3p83v.ii HTTP/1.1" 200 74653 "-" "Mozilla/5.0 AppleWebKit/537.36 (KHTML, like Gecko; compatible; bingbot/2.0; +http://www.bing.com/bingbot.htm) Chrome/103.0.5060.134 Safari/537.36" "mantech8.com"
185.191.171.12 - - [11/Dec/2022:16:57:27 -0800] "GET /?camp-fire%2F41838103.html HTTP/1.1" 500 - "-" "Mozilla/5.0 (compatible; SemrushBot/7~bl; +http://www.semrush.com/bot.html)" "mantech8.com"
66.249.66.95 - - [11/Dec/2022:16:57:29 -0800] "GET /sitemap2.xml HTTP/1.1" 404 88 "-" "Mozilla/5.0 (compatible; Googlebot/2.1; +http://www.google.com/bot.html)" "mantech8.com"
157.55.39.138 - - [11/Dec/2022:16:57:42 -0800] "GET /index.php/zsuz-eac1accfe-so4nw.ii HTTP/1.1" 200 64139 "-" "Mozilla/5.0 (compatible; bingbot/2.0; +http://www.bing.com/bingbot.htm)" "mantech8.com"
185.191.171.34 - - [11/Dec/2022:16:57:44 -0800] "GET /?camp-fire%2F82609149.html HTTP/1.1" 500 - "-" "Mozilla/5.0 (compatible; SemrushBot/7~bl; +http://www.semrush.com/bot.html)" "mantech8.com"
157.55.39.123 - - [11/Dec/2022:16:58:38 -0800] "GET /index.php/txf8-df816fffea-ApIKf.Ii HTTP/1.1" 200 67798 "-" "Mozilla/5.0 AppleWebKit/537.36 (KHTML, like Gecko; compatible; bingbot/2.0; +http://www.bing.com/bingbot.htm) Chrome/103.0.5060.134 Safari/537.36" "mantech8.com"
157.55.39.123 - - [11/Dec/2022:16:58:39 -0800] "GET /index.php/APS-700cdbcae-Oii9L.Ii HTTP/1.1" 200 64188 "-" "Mozilla/5.0 AppleWebKit/537.36 (KHTML, like Gecko; compatible; bingbot/2.0; +http://www.bing.com/bingbot.htm) Chrome/103.0.5060.134 Safari/537.36" "mantech8.com"
157.55.39.123 - - [11/Dec/2022:16:58:43 -0800] "GET /index.php/48a0adbbf HTTP/1.1" 200 66500 "-" "Mozilla/5.0 (compatible; bingbot/2.0; +http://www.bing.com/bingbot.htm)" "mantech8.com"
157.55.39.123 - - [11/Dec/2022:16:58:45 -0800] "GET /index.php/vmbp-b8eed-unjut.ii HTTP/1.1" 200 68429 "-" "Mozilla/5.0 AppleWebKit/537.36 (KHTML, like Gecko; compatible; bingbot/2.0; +http://www.bing.com/bingbot.htm) Chrome/103.0.5060.134 Safari/537.36" "mantech8.com"
185.191.171.34 - - [11/Dec/2022:16:58:56 -0800] "GET /?camp-fire%2F38901892.html HTTP/1.1" 500 - "-" "Mozilla/5.0 (compatible; SemrushBot/7~bl; +http://www.semrush.com/bot.html)" "mantech8.com"
185.191.171.5 - - [11/Dec/2022:16:58:59 -0800] "GET /?camp-fire%2F4491500.html HTTP/1.1" 500 - "-" "Mozilla/5.0 (compatible; SemrushBot/7~bl; +http://www.semrush.com/bot.html)" "mantech8.com"
157.55.39.123 - - [11/Dec/2022:16:58:59 -0800] "GET /index.php/Pstd-5fac-iWsew.Ii HTTP/1.1" 200 62480 "-" "Mozilla/5.0 (compatible; bingbot/2.0; +http://www.bing.com/bingbot.htm)" "mantech8.com"
185.191.171.41 - - [11/Dec/2022:16:59:03 -0800] "GET /?camp-fire%2F88017609.html HTTP/1.1" 500 - "-" "Mozilla/5.0 (compatible; SemrushBot/7~bl; +http://www.semrush.com/bot.html)" "mantech8.com"
157.55.39.123 - - [11/Dec/2022:16:59:04 -0800] "GET /index.php/su70-6e64fdddff-ica4j.ii HTTP/1.1" 200 72051 "-" "Mozilla/5.0 (compatible; bingbot/2.0; +http://www.bing.com/bingbot.htm)" "mantech8.com"
54.36.148.53 - - [11/Dec/2022:16:59:07 -0800] "GET /robots.txt HTTP/1.1" 200 106 "-" "Mozilla/5.0 (compatible; AhrefsBot/7.0; +http://ahrefs.com/robot/)" "www.mantech8.com"
157.55.39.123 - - [11/Dec/2022:16:59:17 -0800] "GET /index.php/f1aad HTTP/1.1" 200 66129 "-" "Mozilla/5.0 (compatible; bingbot/2.0; +http://www.bing.com/bingbot.htm)" "mantech8.com"
157.55.39.123 - - [11/Dec/2022:16:59:22 -0800] "GET /index.php/49febc HTTP/1.1" 200 71304 "-" "Mozilla/5.0 (compatible; bingbot/2.0; +http://www.bing.com/bingbot.htm)" "mantech8.com"
185.191.171.13 - - [11/Dec/2022:16:59:46 -0800] "GET /?camp-fire%2F40452150.html HTTP/1.1" 500 - "-" "Mozilla/5.0 (compatible; SemrushBot/7~bl; +http://www.semrush.com/bot.html)" "mantech8.com"
185.191.171.22 - - [11/Dec/2022:16:59:48 -0800] "GET /?camp-fire%2F29624789.html HTTP/1.1" 500 - "-" "Mozilla/5.0 (compatible; SemrushBot/7~bl; +http://www.semrush.com/bot.html)" "mantech8.com"
185.191.171.22 - - [11/Dec/2022:16:59:50 -0800] "GET /?camp-fire%2F28365661.html HTTP/1.1" 500 - "-" "Mozilla/5.0 (compatible; SemrushBot/7~bl; +http://www.semrush.com/bot.html)" "mantech8.com"
185.191.171.39 - - [11/Dec/2022:16:59:58 -0800] "GET /?camp-fire%2F31879530.html HTTP/1.1" 500 - "-" "Mozilla/5.0 (compatible; SemrushBot/7~bl; +http://www.semrush.com/bot.html)" "mantech8.com"
157.55.39.123 - - [11/Dec/2022:17:00:05 -0800] "GET /index.php/1ce69cee HTTP/1.1" 200 69305 "-" "Mozilla/5.0 AppleWebKit/537.36 (KHTML, like Gecko; compatible; bingbot/2.0; +http://www.bing.com/bingbot.htm) Chrome/103.0.5060.134 Safari/537.36" "mantech8.com"
157.55.39.123 - - [11/Dec/2022:17:00:17 -0800] "GET /index.php/wf2o-f3ff-g5ggd.ii HTTP/1.1" 200 63696 "-" "Mozilla/5.0 AppleWebKit/537.36 (KHTML, like Gecko; compatible; bingbot/2.0; +http://www.bing.com/bingbot.htm) Chrome/103.0.5060.134 Safari/537.36" "mantech8.com"
40.77.167.4 - - [11/Dec/2022:17:00:31 -0800] "GET /index.php/7de5ccfce HTTP/1.1" 200 68436 "-" "Mozilla/5.0 AppleWebKit/537.36 (KHTML, like Gecko; compatible; bingbot/2.0; +http://www.bing.com/bingbot.htm) Chrome/103.0.5060.134 Safari/537.36" "mantech8.com"
185.191.171.1 - - [11/Dec/2022:17:01:39 -0800] "GET /robots.txt HTTP/1.1" 200 106 "-" "Mozilla/5.0 (compatible; SemrushBot/7~bl; +http://www.semrush.com/bot.html)" "mantech8.com"
185.191.171.1 - - [11/Dec/2022:17:01:39 -0800] "GET /?camp-fire%2F38078072.html HTTP/1.1" 500 - "-" "Mozilla/5.0 (compatible; SemrushBot/7~bl; +http://www.semrush.com/bot.html)" "mantech8.com"
185.191.171.2 - - [11/Dec/2022:17:02:40 -0800] "GET /?camp-fire%2F4580678.html HTTP/1.1" 500 - "-" "Mozilla/5.0 (compatible; SemrushBot/7~bl; +http://www.semrush.com/bot.html)" "mantech8.com"
185.191.171.15 - - [11/Dec/2022:17:03:27 -0800] "GET /?camp-fire%2F37142696.html HTTP/1.1" 500 - "-" "Mozilla/5.0 (compatible; SemrushBot/7~bl; +http://www.semrush.com/bot.html)" "mantech8.com"
157.55.39.138 - - [11/Dec/2022:17:03:51 -0800] "GET /index.php/su70-4de3ebcbbc-IR0ch.Ii HTTP/1.1" 200 75907 "-" "Mozilla/5.0 (compatible; bingbot/2.0; +http://www.bing.com/bingbot.htm)" "mantech8.com"
157.55.39.138 - - [11/Dec/2022:17:03:52 -0800] "GET /index.php/blJc-22adaa-kwYGP.Ii HTTP/1.1" 200 62330 "-" "Mozilla/5.0 (compatible; bingbot/2.0; +http://www.bing.com/bingbot.htm)" "mantech8.com"
157.55.39.138 - - [11/Dec/2022:17:03:53 -0800] "GET /index.php/1zve-f39dfedb-jtsle.ii HTTP/1.1" 200 68072 "-" "Mozilla/5.0 AppleWebKit/537.36 (KHTML, like Gecko; compatible; bingbot/2.0; +http://www.bing.com/bingbot.htm) Chrome/103.0.5060.134 Safari/537.36" "mantech8.com"
157.55.39.138 - - [11/Dec/2022:17:03:53 -0800] "GET /index.php/31l7-5a5b5cffee-ouvtb.ii HTTP/1.1" 200 70643 "-" "Mozilla/5.0 (compatible; bingbot/2.0; +http://www.bing.com/bingbot.htm)" "mantech8.com"
157.55.39.138 - - [11/Dec/2022:17:03:54 -0800] "GET /index.php/45fb HTTP/1.1" 200 64338 "-" "Mozilla/5.0 AppleWebKit/537.36 (KHTML, like Gecko; compatible; bingbot/2.0; +http://www.bing.com/bingbot.htm) Chrome/103.0.5060.134 Safari/537.36" "mantech8.com"
157.55.39.138 - - [11/Dec/2022:17:03:54 -0800] "GET /index.php/wtzk-a2facaafa-n18gd.ii HTTP/1.1" 200 66328 "-" "Mozilla/5.0 AppleWebKit/537.36 (KHTML, like Gecko; compatible; bingbot/2.0; +http://www.bing.com/bingbot.htm) Chrome/103.0.5060.134 Safari/537.36" "mantech8.com"
157.55.39.138 - - [11/Dec/2022:17:03:55 -0800] "GET /index.php/nwtf-4d4cadaaee-4aybx.ii HTTP/1.1" 200 64425 "-" "Mozilla/5.0 (compatible; bingbot/2.0; +http://www.bing.com/bingbot.htm)" "mantech8.com"
157.55.39.138 - - [11/Dec/2022:17:03:56 -0800] "GET /index.php/nwtf-01713bfdca-4qcib.ii HTTP/1.1" 200 64966 "-" "Mozilla/5.0 AppleWebKit/537.36 (KHTML, like Gecko; compatible; bingbot/2.0; +http://www.bing.com/bingbot.htm) Chrome/103.0.5060.134 Safari/537.36" "mantech8.com"
157.55.39.138 - - [11/Dec/2022:17:03:57 -0800] "GET /index.php/nwtf-a1bab-4qhyb.ii HTTP/1.1" 200 62669 "-" "Mozilla/5.0 AppleWebKit/537.36 (KHTML, like Gecko; compatible; bingbot/2.0; +http://www.bing.com/bingbot.htm) Chrome/103.0.5060.134 Safari/537.36" "mantech8.com"
157.55.39.138 - - [11/Dec/2022:17:03:57 -0800] "GET /index.php/wf2o-f7bac-g7rht.ii HTTP/1.1" 200 64936 "-" "Mozilla/5.0 AppleWebKit/537.36 (KHTML, like Gecko; compatible; bingbot/2.0; +http://www.bing.com/bingbot.htm) Chrome/103.0.5060.134 Safari/537.36" "mantech8.com"
185.191.171.6 - - [11/Dec/2022:17:04:08 -0800] "GET /index.php?camp-fire%2F15839946.html HTTP/1.1" 500 - "-" "Mozilla/5.0 (compatible; SemrushBot/7~bl; +http://www.semrush.com/bot.html)" "mantech8.com"
157.55.39.138 - - [11/Dec/2022:17:04:15 -0800] "GET /index.php/buo3-c94abaec-p5ekb.ii HTTP/1.1" 200 61669 "-" "Mozilla/5.0 AppleWebKit/537.36 (KHTML, like Gecko; compatible; bingbot/2.0; +http://www.bing.com/bingbot.htm) Chrome/103.0.5060.134 Safari/537.36" "mantech8.com"
185.191.171.45 - - [11/Dec/2022:17:04:38 -0800] "GET /?camp-fire%2F39817902.html HTTP/1.1" 500 - "-" "Mozilla/5.0 (compatible; SemrushBot/7~bl; +http://www.semrush.com/bot.html)" "mantech8.com"
185.191.171.6 - - [11/Dec/2022:17:04:40 -0800] "GET /?camp-fire%2F98876497.html HTTP/1.1" 500 - "-" "Mozilla/5.0 (compatible; SemrushBot/7~bl; +http://www.semrush.com/bot.html)" "mantech8.com"
157.55.39.138 - - [11/Dec/2022:17:04:45 -0800] "GET /index.php/pstd-05d3ceeff-ixlxj.ii HTTP/1.1" 200 60818 "-" "Mozilla/5.0 (compatible; bingbot/2.0; +http://www.bing.com/bingbot.htm)" "mantech8.com"
81.70.164.109 - - [11/Dec/2022:17:04:56 -0800] "GET /contact.php HTTP/1.1" 200 29238 "http://mantech8.com/contact.php" "Mozilla/5.0 (Windows NT 6.1) AppleWebKit/537.36 (KHTML, like Gecko) Chrome/90.0.4430.72 Safari/537.36" "mantech8.com"
81.70.164.109 - - [11/Dec/2022:17:04:58 -0800] "POST /mailer.php HTTP/1.1" 500 - "http://mantech8.com/contact.php" "Mozilla/5.0 (Windows NT 6.1) AppleWebKit/537.36 (KHTML, like Gecko) Chrome/90.0.4430.72 Safari/537.36" "mantech8.com"
185.191.171.5 - - [11/Dec/2022:17:05:42 -0800] "GET /?camp-fire%2F37132108.html HTTP/1.1" 500 - "-" "Mozilla/5.0 (compatible; SemrushBot/7~bl; +http://www.semrush.com/bot.html)" "mantech8.com"
185.191.171.43 - - [11/Dec/2022:17:06:16 -0800] "GET /?camp-fire%2F50923250.html HTTP/1.1" 500 - "-" "Mozilla/5.0 (compatible; SemrushBot/7~bl; +http://www.semrush.com/bot.html)" "mantech8.com"
185.191.171.25 - - [11/Dec/2022:17:06:22 -0800] "GET /?camp-fire%2F31958141.html HTTP/1.1" 500 - "-" "Mozilla/5.0 (compatible; SemrushBot/7~bl; +http://www.semrush.com/bot.html)" "mantech8.com"
185.191.171.23 - - [11/Dec/2022:17:07:09 -0800] "GET /?camp-fire%2F38207972.html HTTP/1.1" 500 - "-" "Mozilla/5.0 (compatible; SemrushBot/7~bl; +http://www.semrush.com/bot.html)" "mantech8.com"
40.77.167.71 - - [11/Dec/2022:17:07:43 -0800] "GET /index.php/17bad/a5aaa HTTP/1.1" 200 65012 "-" "Mozilla/5.0 AppleWebKit/537.36 (KHTML, like Gecko; compatible; bingbot/2.0; +http://www.bing.com/bingbot.htm) Chrome/103.0.5060.134 Safari/537.36" "mantech8.com"
40.77.167.71 - - [11/Dec/2022:17:07:44 -0800] "GET /index.php/Mcko-63ec2eebef-VgPtu.Ii HTTP/1.1" 200 75297 "-" "Mozilla/5.0 (compatible; bingbot/2.0; +http://www.bing.com/bingbot.htm)" "mantech8.com"
40.77.167.71 - - [11/Dec/2022:17:07:44 -0800] "GET /index.php/Pstd-d2e4eedfea-iSUTC.Ii HTTP/1.1" 200 74919 "-" "Mozilla/5.0 (compatible; bingbot/2.0; +http://www.bing.com/bingbot.htm)" "mantech8.com"
40.77.167.71 - - [11/Dec/2022:17:07:45 -0800] "GET /index.php/1zVE-a6ced-JFhrU.Ii HTTP/1.1" 200 73436 "-" "Mozilla/5.0 AppleWebKit/537.36 (KHTML, like Gecko; compatible; bingbot/2.0; +http://www.bing.com/bingbot.htm) Chrome/103.0.5060.134 Safari/537.36" "mantech8.com"
40.77.167.71 - - [11/Dec/2022:17:07:47 -0800] "GET /index.php/9hdj-9ef3dfbd-boktk.ii HTTP/1.1" 200 60732 "-" "Mozilla/5.0 AppleWebKit/537.36 (KHTML, like Gecko; compatible; bingbot/2.0; +http://www.bing.com/bingbot.htm) Chrome/103.0.5060.134 Safari/537.36" "mantech8.com"
157.55.39.123 - - [11/Dec/2022:17:07:53 -0800] "GET /index.php/Mcko-f6acc-Vbn6b.Ii HTTP/1.1" 200 69686 "-" "Mozilla/5.0 (compatible; bingbot/2.0; +http://www.bing.com/bingbot.htm)" "mantech8.com"
157.55.39.123 - - [11/Dec/2022:17:07:54 -0800] "GET /index.php/APS-d369dcadc-OmESw.Ii HTTP/1.1" 200 61776 "-" "Mozilla/5.0 (compatible; bingbot/2.0; +http://www.bing.com/bingbot.htm)" "mantech8.com"
157.55.39.123 - - [11/Dec/2022:17:07:57 -0800] "GET /index.php/aqji-d8ffbebfa-nsuva.ii HTTP/1.1" 200 62728 "-" "Mozilla/5.0 (compatible; bingbot/2.0; +http://www.bing.com/bingbot.htm)" "mantech8.com"
157.55.39.123 - - [11/Dec/2022:17:07:57 -0800] "GET /index.php/aps-307efdbdaa-ojtr0.ii HTTP/1.1" 200 68849 "-" "Mozilla/5.0 AppleWebKit/537.36 (KHTML, like Gecko; compatible; bingbot/2.0; +http://www.bing.com/bingbot.htm) Chrome/103.0.5060.134 Safari/537.36" "mantech8.com"
157.55.39.123 - - [11/Dec/2022:17:07:58 -0800] "GET /index.php/wsum-00bef-ep5au.ii HTTP/1.1" 200 67201 "-" "Mozilla/5.0 AppleWebKit/537.36 (KHTML, like Gecko; compatible; bingbot/2.0; +http://www.bing.com/bingbot.htm) Chrome/103.0.5060.134 Safari/537.36" "mantech8.com"
157.55.39.123 - - [11/Dec/2022:17:07:59 -0800] "GET /index.php/ec30ecfea/6682daaaf HTTP/1.1" 200 64618 "-" "Mozilla/5.0 AppleWebKit/537.36 (KHTML, like Gecko; compatible; bingbot/2.0; +http://www.bing.com/bingbot.htm) Chrome/103.0.5060.134 Safari/537.36" "mantech8.com"
157.55.39.123 - - [11/Dec/2022:17:07:59 -0800] "GET /index.php/1zve-b3dbc-jf2wm.ii HTTP/1.1" 200 66146 "-" "Mozilla/5.0 (compatible; bingbot/2.0; +http://www.bing.com/bingbot.htm)" "mantech8.com"
157.55.39.123 - - [11/Dec/2022:17:08:01 -0800] "GET /index.php/934dcacc HTTP/1.1" 200 66753 "-" "Mozilla/5.0 AppleWebKit/537.36 (KHTML, like Gecko; compatible; bingbot/2.0; +http://www.bing.com/bingbot.htm) Chrome/103.0.5060.134 Safari/537.36" "mantech8.com"
185.191.171.1 - - [11/Dec/2022:17:08:01 -0800] "GET /?camp-fire%2F5322477.html HTTP/1.1" 500 - "-" "Mozilla/5.0 (compatible; SemrushBot/7~bl; +http://www.semrush.com/bot.html)" "mantech8.com"
185.191.171.16 - - [11/Dec/2022:17:08:13 -0800] "GET /?camp-fire%2F31976730.html HTTP/1.1" 500 - "-" "Mozilla/5.0 (compatible; SemrushBot/7~bl; +http://www.semrush.com/bot.html)" "mantech8.com"
157.55.39.138 - - [11/Dec/2022:17:08:43 -0800] "GET / HTTP/1.1" 200 63934 "-" "Mozilla/5.0 (compatible; bingbot/2.0; +http://www.bing.com/bingbot.htm)" "www.mantech8.com"
185.191.171.11 - - [11/Dec/2022:17:10:11 -0800] "GET /?camp-fire%2F96617806.html HTTP/1.1" 500 - "-" "Mozilla/5.0 (compatible; SemrushBot/7~bl; +http://www.semrush.com/bot.html)" "mantech8.com"
34.125.194.227 - - [11/Dec/2022:17:10:17 -0800] "GET /contact.php HTTP/1.1" 200 29238 "http://mantech8.com/contact.php" "Mozilla/5.0 (Windows NT 6.3; Win64; x64) AppleWebKit/537.36 (KHTML, like Gecko) Chrome/90.0.4430.72 Safari/537.36" "mantech8.com"
185.191.171.19 - - [11/Dec/2022:17:11:07 -0800] "GET /?camp-fire%2F39405303.html HTTP/1.1" 500 - "-" "Mozilla/5.0 (compatible; SemrushBot/7~bl; +http://www.semrush.com/bot.html)" "mantech8.com"
185.191.171.17 - - [11/Dec/2022:17:11:17 -0800] "GET /?camp-fire%2F35856538.html HTTP/1.1" 500 - "-" "Mozilla/5.0 (compatible; SemrushBot/7~bl; +http://www.semrush.com/bot.html)" "mantech8.com"
157.55.39.138 - - [11/Dec/2022:17:11:52 -0800] "GET /index.php/su70-36b65afc-IFXTE.Ii HTTP/1.1" 200 69706 "-" "Mozilla/5.0 (compatible; bingbot/2.0; +http://www.bing.com/bingbot.htm)" "mantech8.com"
157.55.39.138 - - [11/Dec/2022:17:11:54 -0800] "GET /index.php/vmbp-9e588edda-uuszy.ii HTTP/1.1" 200 59330 "-" "Mozilla/5.0 (compatible; bingbot/2.0; +http://www.bing.com/bingbot.htm)" "mantech8.com"
157.55.39.138 - - [11/Dec/2022:17:11:54 -0800] "GET /index.php/wf2o-fe50caeae-g40iq.ii HTTP/1.1" 200 73773 "-" "Mozilla/5.0 AppleWebKit/537.36 (KHTML, like Gecko; compatible; bingbot/2.0; +http://www.bing.com/bingbot.htm) Chrome/103.0.5060.134 Safari/537.36" "mantech8.com"
157.55.39.138 - - [11/Dec/2022:17:11:56 -0800] "GET /index.php/b6afc HTTP/1.1" 200 69942 "-" "Mozilla/5.0 (compatible; bingbot/2.0; +http://www.bing.com/bingbot.htm)" "mantech8.com"
157.55.39.138 - - [11/Dec/2022:17:11:56 -0800] "GET /index.php/nwtf-1deb1bac-3pieb.ii HTTP/1.1" 200 64582 "-" "Mozilla/5.0 (compatible; bingbot/2.0; +http://www.bing.com/bingbot.htm)" "mantech8.com"
185.191.171.41 - - [11/Dec/2022:17:12:03 -0800] "GET /?camp-fire%2F42112349.html HTTP/1.1" 500 - "-" "Mozilla/5.0 (compatible; SemrushBot/7~bl; +http://www.semrush.com/bot.html)" "mantech8.com"
157.55.39.138 - - [11/Dec/2022:17:12:14 -0800] "GET /index.php/hfdr-d0bdbfffb-iotla.ii HTTP/1.1" 200 66672 "-" "Mozilla/5.0 (compatible; bingbot/2.0; +http://www.bing.com/bingbot.htm)" "mantech8.com"
157.55.39.123 - - [11/Dec/2022:17:13:13 -0800] "GET /EGy1-5aaa-vdtJd.Ii HTTP/1.1" 404 88 "-" "Mozilla/5.0 AppleWebKit/537.36 (KHTML, like Gecko; compatible; bingbot/2.0; +http://www.bing.com/bingbot.htm) Chrome/103.0.5060.134 Safari/537.36" "www.mantech8.com"
185.191.171.11 - - [11/Dec/2022:17:13:13 -0800] "GET /?camp-fire%2F38874092.html HTTP/1.1" 500 - "-" "Mozilla/5.0 (compatible; SemrushBot/7~bl; +http://www.semrush.com/bot.html)" "mantech8.com"
185.191.171.37 - - [11/Dec/2022:17:13:14 -0800] "GET /?camp-fire%2F78467557.html HTTP/1.1" 500 - "-" "Mozilla/5.0 (compatible; SemrushBot/7~bl; +http://www.semrush.com/bot.html)" "mantech8.com"
185.191.171.6 - - [11/Dec/2022:17:13:23 -0800] "GET /?camp-fire%2F41791650.html HTTP/1.1" 500 - "-" "Mozilla/5.0 (compatible; SemrushBot/7~bl; +http://www.semrush.com/bot.html)" "mantech8.com"
157.55.39.123 - - [11/Dec/2022:17:13:34 -0800] "GET /EGy1-5aaa-vdtJd.Ii HTTP/1.1" 404 88 "-" "Mozilla/5.0 AppleWebKit/537.36 (KHTML, like Gecko; compatible; bingbot/2.0; +http://www.bing.com/bingbot.htm) Chrome/103.0.5060.134 Safari/537.36" "www.mantech8.com"
185.191.171.23 - - [11/Dec/2022:17:14:09 -0800] "GET /?camp-fire%2F51012934.html HTTP/1.1" 500 - "-" "Mozilla/5.0 (compatible; SemrushBot/7~bl; +http://www.semrush.com/bot.html)" "mantech8.com"
185.191.171.2 - - [11/Dec/2022:17:14:18 -0800] "GET /?camp-fire%2F22290283.html HTTP/1.1" 500 - "-" "Mozilla/5.0 (compatible; SemrushBot/7~bl; +http://www.semrush.com/bot.html)" "mantech8.com"
185.191.171.38 - - [11/Dec/2022:17:14:47 -0800] "GET /?camp-fire%2F48744650.html HTTP/1.1" 500 - "-" "Mozilla/5.0 (compatible; SemrushBot/7~bl; +http://www.semrush.com/bot.html)" "mantech8.com"
157.55.39.123 - - [11/Dec/2022:17:14:58 -0800] "GET /index.php/nwtf-38fbf-4qsmh.ii HTTP/1.1" 200 64838 "-" "Mozilla/5.0 AppleWebKit/537.36 (KHTML, like Gecko; compatible; bingbot/2.0; +http://www.bing.com/bingbot.htm) Chrome/103.0.5060.134 Safari/537.36" "mantech8.com"
157.55.39.123 - - [11/Dec/2022:17:14:59 -0800] "GET /index.php/egy1-91c6effedd-vdkop.ii HTTP/1.1" 200 69943 "-" "Mozilla/5.0 (compatible; bingbot/2.0; +http://www.bing.com/bingbot.htm)" "mantech8.com"
157.55.39.123 - - [11/Dec/2022:17:15:03 -0800] "GET /index.php/31L7-7cf3bbdedf-oNclg.Ii HTTP/1.1" 200 62324 "-" "Mozilla/5.0 AppleWebKit/537.36 (KHTML, like Gecko; compatible; bingbot/2.0; +http://www.bing.com/bingbot.htm) Chrome/103.0.5060.134 Safari/537.36" "mantech8.com"
34.125.195.119 - - [11/Dec/2022:17:15:13 -0800] "GET /contact.php HTTP/1.1" 200 29236 "http://mantech8.com/contact.php" "Mozilla/5.0 (Windows NT 10.0; Win64; x64) AppleWebKit/537.36 (KHTML, like Gecko) Chrome/90.0.4430.72 Safari/537.36 Edg/90.0.818.42" "mantech8.com"
34.125.195.119 - - [11/Dec/2022:17:15:15 -0800] "POST /mailer.php HTTP/1.1" 500 - "http://mantech8.com/contact.php" "Mozilla/5.0 (Windows NT 10.0; Win64; x64) AppleWebKit/537.36 (KHTML, like Gecko) Chrome/90.0.4430.72 Safari/537.36 Edg/90.0.818.42" "mantech8.com"
157.55.39.123 - - [11/Dec/2022:17:15:38 -0800] "GET /index.php/nwtf-89eb8bdfab-4a3if.ii HTTP/1.1" 200 62081 "-" "Mozilla/5.0 AppleWebKit/537.36 (KHTML, like Gecko; compatible; bingbot/2.0; +http://www.bing.com/bingbot.htm) Chrome/103.0.5060.134 Safari/537.36" "mantech8.com"
185.191.171.9 - - [11/Dec/2022:17:16:55 -0800] "GET /?camp-fire%2F39951602.html HTTP/1.1" 500 - "-" "Mozilla/5.0 (compatible; SemrushBot/7~bl; +http://www.semrush.com/bot.html)" "mantech8.com"
157.55.39.123 - - [11/Dec/2022:17:16:58 -0800] "GET /index.php/su70-56c4cfbe-iflvt.ii HTTP/1.1" 200 64737 "-" "Mozilla/5.0 (compatible; bingbot/2.0; +http://www.bing.com/bingbot.htm)" "mantech8.com"
157.55.39.123 - - [11/Dec/2022:17:17:08 -0800] "GET /index.php/egy1-3d0cafed-vdzzl.ii HTTP/1.1" 200 70563 "-" "Mozilla/5.0 AppleWebKit/537.36 (KHTML, like Gecko; compatible; bingbot/2.0; +http://www.bing.com/bingbot.htm) Chrome/103.0.5060.134 Safari/537.36" "mantech8.com"
185.191.171.38 - - [11/Dec/2022:17:17:11 -0800] "GET /?camp-fire%2F25186606.html HTTP/1.1" 500 - "-" "Mozilla/5.0 (compatible; SemrushBot/7~bl; +http://www.semrush.com/bot.html)" "mantech8.com"
185.191.171.15 - - [11/Dec/2022:17:18:01 -0800] "GET /?camp-fire%2F33891008.html HTTP/1.1" 500 - "-" "Mozilla/5.0 (compatible; SemrushBot/7~bl; +http://www.semrush.com/bot.html)" "mantech8.com"
185.191.171.39 - - [11/Dec/2022:17:18:19 -0800] "GET /?camp-fire%2F42154130.html HTTP/1.1" 500 - "-" "Mozilla/5.0 (compatible; SemrushBot/7~bl; +http://www.semrush.com/bot.html)" "mantech8.com"
40.77.167.1 - - [11/Dec/2022:17:18:31 -0800] "GET /index.php/Mcko-c4ec5ccc-VtJfU.Ii HTTP/1.1" 200 69185 "-" "Mozilla/5.0 AppleWebKit/537.36 (KHTML, like Gecko; compatible; bingbot/2.0; +http://www.bing.com/bingbot.htm) Chrome/103.0.5060.134 Safari/537.36" "mantech8.com"
40.77.167.1 - - [11/Dec/2022:17:18:34 -0800] "GET /index.php/vmbp-d60cccdeb-umsjw.ii HTTP/1.1" 200 64067 "-" "Mozilla/5.0 AppleWebKit/537.36 (KHTML, like Gecko; compatible; bingbot/2.0; +http://www.bing.com/bingbot.htm) Chrome/103.0.5060.134 Safari/537.36" "mantech8.com"
157.55.39.138 - - [11/Dec/2022:17:18:35 -0800] "GET /index.php/aeac HTTP/1.1" 200 67524 "-" "Mozilla/5.0 (compatible; bingbot/2.0; +http://www.bing.com/bingbot.htm)" "mantech8.com"
157.55.39.138 - - [11/Dec/2022:17:18:35 -0800] "GET /index.php/WtZk-ec203cffab-nPdCT.Ii HTTP/1.1" 200 69582 "-" "Mozilla/5.0 AppleWebKit/537.36 (KHTML, like Gecko; compatible; bingbot/2.0; +http://www.bing.com/bingbot.htm) Chrome/103.0.5060.134 Safari/537.36" "mantech8.com"
157.55.39.138 - - [11/Dec/2022:17:18:36 -0800] "GET /index.php/wf2o-c1079bcdb-g6dz0.ii HTTP/1.1" 200 63298 "-" "Mozilla/5.0 (compatible; bingbot/2.0; +http://www.bing.com/bingbot.htm)" "mantech8.com"
157.55.39.138 - - [11/Dec/2022:17:18:37 -0800] "GET /index.php/c1w4-c5eda-lbsjs.ii HTTP/1.1" 200 65867 "-" "Mozilla/5.0 (compatible; bingbot/2.0; +http://www.bing.com/bingbot.htm)" "mantech8.com"
157.55.39.138 - - [11/Dec/2022:17:18:37 -0800] "GET /index.php/egy1-673aabbd-vdqqb.ii HTTP/1.1" 200 71158 "-" "Mozilla/5.0 AppleWebKit/537.36 (KHTML, like Gecko; compatible; bingbot/2.0; +http://www.bing.com/bingbot.htm) Chrome/103.0.5060.134 Safari/537.36" "mantech8.com"
40.77.167.1 - - [11/Dec/2022:17:18:35 -0800] "GET /index.php/mcko-46bccdde-vyjmb.ii HTTP/1.1" 200 68103 "-" "Mozilla/5.0 AppleWebKit/537.36 (KHTML, like Gecko; compatible; bingbot/2.0; +http://www.bing.com/bingbot.htm) Chrome/103.0.5060.134 Safari/537.36" "mantech8.com"
157.55.39.138 - - [11/Dec/2022:17:18:44 -0800] "GET /index.php/cedaa/d1ebc HTTP/1.1" 200 72124 "-" "Mozilla/5.0 (compatible; bingbot/2.0; +http://www.bing.com/bingbot.htm)" "mantech8.com"
157.55.39.138 - - [11/Dec/2022:17:18:44 -0800] "GET /index.php/pstd-1b028fbecd-iwpvq.ii HTTP/1.1" 200 65474 "-" "Mozilla/5.0 AppleWebKit/537.36 (KHTML, like Gecko; compatible; bingbot/2.0; +http://www.bing.com/bingbot.htm) Chrome/103.0.5060.134 Safari/537.36" "mantech8.com"
157.55.39.138 - - [11/Dec/2022:17:18:45 -0800] "GET /index.php/kvrw-a85f7ddfb-y9spo.ii HTTP/1.1" 200 65629 "-" "Mozilla/5.0 (compatible; bingbot/2.0; +http://www.bing.com/bingbot.htm)" "mantech8.com"
157.55.39.138 - - [11/Dec/2022:17:18:46 -0800] "GET /index.php/vmbp-4d22dfdaa-ujuvt.ii HTTP/1.1" 200 59912 "-" "Mozilla/5.0 (compatible; bingbot/2.0; +http://www.bing.com/bingbot.htm)" "mantech8.com"
157.55.39.138 - - [11/Dec/2022:17:18:46 -0800] "GET /index.php/ba8s-ab7b3bccdd-09ibt.ii HTTP/1.1" 200 65339 "-" "Mozilla/5.0 (compatible; bingbot/2.0; +http://www.bing.com/bingbot.htm)" "mantech8.com"
157.55.39.138 - - [11/Dec/2022:17:18:55 -0800] "GET /index.php/mcko-4fcb-vgxid.ii HTTP/1.1" 200 74695 "-" "Mozilla/5.0 AppleWebKit/537.36 (KHTML, like Gecko; compatible; bingbot/2.0; +http://www.bing.com/bingbot.htm) Chrome/103.0.5060.134 Safari/537.36" "mantech8.com"
157.55.39.138 - - [11/Dec/2022:17:18:56 -0800] "GET /index.php/wf2o-9da5cadfdf-g4abu.ii HTTP/1.1" 200 63727 "-" "Mozilla/5.0 AppleWebKit/537.36 (KHTML, like Gecko; compatible; bingbot/2.0; +http://www.bing.com/bingbot.htm) Chrome/103.0.5060.134 Safari/537.36" "mantech8.com"
185.191.171.44 - - [11/Dec/2022:17:20:59 -0800] "GET /?camp-fire%2F35143025.html HTTP/1.1" 500 - "-" "Mozilla/5.0 (compatible; SemrushBot/7~bl; +http://www.semrush.com/bot.html)" "mantech8.com"
157.90.182.28 - - [11/Dec/2022:17:21:05 -0800] "GET /robots.txt HTTP/1.1" 200 106 "-" "Mozilla/5.0 (compatible; BLEXBot/1.0; +http://webmeup-crawler.com/)" "www.mantech8.com"
157.90.182.28 - - [11/Dec/2022:17:21:07 -0800] "GET / HTTP/1.1" 500 - "-" "Mozilla/5.0 (compatible; BLEXBot/1.0; +http://webmeup-crawler.com/)" "www.mantech8.com"
185.191.171.2 - - [11/Dec/2022:17:21:08 -0800] "GET /?camp-fire%2F36754966.html HTTP/1.1" 500 - "-" "Mozilla/5.0 (compatible; SemrushBot/7~bl; +http://www.semrush.com/bot.html)" "mantech8.com"
185.191.171.38 - - [11/Dec/2022:17:21:58 -0800] "GET /?camp-fire%2F40148688.html HTTP/1.1" 500 - "-" "Mozilla/5.0 (compatible; SemrushBot/7~bl; +http://www.semrush.com/bot.html)" "mantech8.com"
185.191.171.26 - - [11/Dec/2022:17:22:50 -0800] "GET /?camp-fire%2F100452268.html HTTP/1.1" 500 - "-" "Mozilla/5.0 (compatible; SemrushBot/7~bl; +http://www.semrush.com/bot.html)" "mantech8.com"
14.207.144.95 - - [11/Dec/2022:17:22:56 -0800] "POST /mailer.php HTTP/1.1" 500 - "http://mantech8.com/contact.php" "Mozilla/5.0 (Windows NT 10.0; WOW64) AppleWebKit/537.36 (KHTML, like Gecko) Chrome/90.0.4400.8 Safari/537.36" "mantech8.com"
14.207.144.95 - - [11/Dec/2022:17:22:46 -0800] "GET /contact.php HTTP/1.1" 200 29238 "http://mantech8.com/contact.php" "Mozilla/5.0 (Windows NT 10.0; WOW64) AppleWebKit/537.36 (KHTML, like Gecko) Chrome/90.0.4400.8 Safari/537.36" "mantech8.com"
185.191.171.8 - - [11/Dec/2022:17:22:56 -0800] "GET /?camp-fire%2F23716806.html HTTP/1.1" 500 - "-" "Mozilla/5.0 (compatible; SemrushBot/7~bl; +http://www.semrush.com/bot.html)" "mantech8.com"
157.55.39.123 - - [11/Dec/2022:17:23:10 -0800] "GET /index.php/Pstd-b3befb-iXGdy.Ii HTTP/1.1" 200 69209 "-" "Mozilla/5.0 (compatible; bingbot/2.0; +http://www.bing.com/bingbot.htm)" "mantech8.com"
157.55.39.123 - - [11/Dec/2022:17:23:11 -0800] "GET /index.php/EGy1-d4eeab-vsUlN.Ii HTTP/1.1" 200 71159 "-" "Mozilla/5.0 (compatible; bingbot/2.0; +http://www.bing.com/bingbot.htm)" "mantech8.com"
157.55.39.123 - - [11/Dec/2022:17:23:12 -0800] "GET /index.php/KJZ2-dafaf-hQS9L.Ii HTTP/1.1" 200 64066 "-" "Mozilla/5.0 AppleWebKit/537.36 (KHTML, like Gecko; compatible; bingbot/2.0; +http://www.bing.com/bingbot.htm) Chrome/103.0.5060.134 Safari/537.36" "mantech8.com"
157.55.39.123 - - [11/Dec/2022:17:23:18 -0800] "GET /index.php/vmbp-5b881fdbcc-ummil.ii HTTP/1.1" 200 102961 "-" "Mozilla/5.0 (compatible; bingbot/2.0; +http://www.bing.com/bingbot.htm)" "mantech8.com"
157.55.39.123 - - [11/Dec/2022:17:23:19 -0800] "GET /index.php/wf2o-b7edde-g4mzv.ii HTTP/1.1" 200 64933 "-" "Mozilla/5.0 (compatible; bingbot/2.0; +http://www.bing.com/bingbot.htm)" "mantech8.com"
185.191.171.17 - - [11/Dec/2022:17:23:53 -0800] "GET /?camp-fire%2F30292966.html HTTP/1.1" 500 - "-" "Mozilla/5.0 (compatible; SemrushBot/7~bl; +http://www.semrush.com/bot.html)" "mantech8.com"
185.191.171.17 - - [11/Dec/2022:17:24:03 -0800] "GET /?camp-fire%2F30953572.html HTTP/1.1" 500 - "-" "Mozilla/5.0 (compatible; SemrushBot/7~bl; +http://www.semrush.com/bot.html)" "mantech8.com"
185.191.171.6 - - [11/Dec/2022:17:24:09 -0800] "GET /?camp-fire%2F42108834.html HTTP/1.1" 500 - "-" "Mozilla/5.0 (compatible; SemrushBot/7~bl; +http://www.semrush.com/bot.html)" "mantech8.com"
157.55.39.138 - - [11/Dec/2022:17:24:16 -0800] "GET /index.php/5fcc HTTP/1.1" 200 68846 "-" "Mozilla/5.0 (compatible; bingbot/2.0; +http://www.bing.com/bingbot.htm)" "mantech8.com"
157.55.39.138 - - [11/Dec/2022:17:24:16 -0800] "GET /index.php/hfdr-66d3ddfbb-ilsys.ii HTTP/1.1" 200 62945 "-" "Mozilla/5.0 AppleWebKit/537.36 (KHTML, like Gecko; compatible; bingbot/2.0; +http://www.bing.com/bingbot.htm) Chrome/103.0.5060.134 Safari/537.36" "mantech8.com"
157.55.39.138 - - [11/Dec/2022:17:24:17 -0800] "GET /index.php/nwtf-c8abecda-4auos.ii HTTP/1.1" 200 71991 "-" "Mozilla/5.0 AppleWebKit/537.36 (KHTML, like Gecko; compatible; bingbot/2.0; +http://www.bing.com/bingbot.htm) Chrome/103.0.5060.134 Safari/537.36" "mantech8.com"
157.55.39.138 - - [11/Dec/2022:17:24:18 -0800] "GET /index.php/gvdr-9bceee-vk0hy.ii HTTP/1.1" 200 66245 "-" "Mozilla/5.0 AppleWebKit/537.36 (KHTML, like Gecko; compatible; bingbot/2.0; +http://www.bing.com/bingbot.htm) Chrome/103.0.5060.134 Safari/537.36" "mantech8.com"
157.55.39.138 - - [11/Dec/2022:17:24:19 -0800] "GET /index.php/kjz2-4d91facbc-ylosh.ii HTTP/1.1" 200 71856 "-" "Mozilla/5.0 AppleWebKit/537.36 (KHTML, like Gecko; compatible; bingbot/2.0; +http://www.bing.com/bingbot.htm) Chrome/103.0.5060.134 Safari/537.36" "mantech8.com"
185.191.171.41 - - [11/Dec/2022:17:24:24 -0800] "GET /?camp-fire%2F28531171.html HTTP/1.1" 500 - "-" "Mozilla/5.0 (compatible; SemrushBot/7~bl; +http://www.semrush.com/bot.html)" "mantech8.com"
157.55.39.138 - - [11/Dec/2022:17:24:26 -0800] "GET /index.php/naq6-52255add-ium4b.ii HTTP/1.1" 200 65340 "-" "Mozilla/5.0 (compatible; bingbot/2.0; +http://www.bing.com/bingbot.htm)" "mantech8.com"
185.191.171.10 - - [11/Dec/2022:17:25:44 -0800] "GET /?camp-fire%2F32414363.html HTTP/1.1" 500 - "-" "Mozilla/5.0 (compatible; SemrushBot/7~bl; +http://www.semrush.com/bot.html)" "mantech8.com"
157.55.39.123 - - [11/Dec/2022:17:26:39 -0800] "GET /index.php/qK10-6e41ddbc-VxFYQ.Ii HTTP/1.1" 200 67543 "-" "Mozilla/5.0 AppleWebKit/537.36 (KHTML, like Gecko; compatible; bingbot/2.0; +http://www.bing.com/bingbot.htm) Chrome/103.0.5060.134 Safari/537.36" "mantech8.com"
157.55.39.123 - - [11/Dec/2022:17:26:45 -0800] "GET /index.php/wtzk-a4589dcd-n22hf.ii HTTP/1.1" 200 63117 "-" "Mozilla/5.0 (compatible; bingbot/2.0; +http://www.bing.com/bingbot.htm)" "mantech8.com"
157.55.39.123 - - [11/Dec/2022:17:27:01 -0800] "GET /index.php/4d8baeeff HTTP/1.1" 200 67575 "-" "Mozilla/5.0 (compatible; bingbot/2.0; +http://www.bing.com/bingbot.htm)" "mantech8.com"
157.55.39.123 - - [11/Dec/2022:17:27:09 -0800] "GET /index.php/26ddfd HTTP/1.1" 200 68320 "-" "Mozilla/5.0 AppleWebKit/537.36 (KHTML, like Gecko; compatible; bingbot/2.0; +http://www.bing.com/bingbot.htm) Chrome/103.0.5060.134 Safari/537.36" "mantech8.com"
157.55.39.123 - - [11/Dec/2022:17:27:13 -0800] "GET /index.php/wtzk-0d9f3aeb-n15jb.ii HTTP/1.1" 200 66155 "-" "Mozilla/5.0 (compatible; bingbot/2.0; +http://www.bing.com/bingbot.htm)" "mantech8.com"
157.55.39.123 - - [11/Dec/2022:17:27:14 -0800] "GET /index.php/d2ffae HTTP/1.1" 200 61678 "-" "Mozilla/5.0 (compatible; bingbot/2.0; +http://www.bing.com/bingbot.htm)" "mantech8.com"
185.191.171.37 - - [11/Dec/2022:17:27:42 -0800] "GET /?camp-fire%2F79761166.html HTTP/1.1" 500 - "-" "Mozilla/5.0 (compatible; SemrushBot/7~bl; +http://www.semrush.com/bot.html)" "mantech8.com"
157.55.39.123 - - [11/Dec/2022:17:27:50 -0800] "GET /index.php/d5cda/b7fac HTTP/1.1" 200 58596 "-" "Mozilla/5.0 AppleWebKit/537.36 (KHTML, like Gecko; compatible; bingbot/2.0; +http://www.bing.com/bingbot.htm) Chrome/103.0.5060.134 Safari/537.36" "mantech8.com"
157.55.39.123 - - [11/Dec/2022:17:27:53 -0800] "GET /index.php/25afdd HTTP/1.1" 200 65628 "-" "Mozilla/5.0 AppleWebKit/537.36 (KHTML, like Gecko; compatible; bingbot/2.0; +http://www.bing.com/bingbot.htm) Chrome/103.0.5060.134 Safari/537.36" "mantech8.com"
157.55.39.123 - - [11/Dec/2022:17:27:55 -0800] "GET /index.php/32fd HTTP/1.1" 200 61971 "-" "Mozilla/5.0 (compatible; bingbot/2.0; +http://www.bing.com/bingbot.htm)" "mantech8.com"
157.55.39.138 - - [11/Dec/2022:17:27:56 -0800] "GET /index.php/kvRW-2e4bacefff-y7l8M.Ii HTTP/1.1" 200 64964 "-" "Mozilla/5.0 AppleWebKit/537.36 (KHTML, like Gecko; compatible; bingbot/2.0; +http://www.bing.com/bingbot.htm) Chrome/103.0.5060.134 Safari/537.36" "mantech8.com"
157.55.39.138 - - [11/Dec/2022:17:27:57 -0800] "GET /index.php/ziek-c055effada-4gtbr.ii HTTP/1.1" 200 59172 "-" "Mozilla/5.0 (compatible; bingbot/2.0; +http://www.bing.com/bingbot.htm)" "mantech8.com"
185.191.171.35 - - [11/Dec/2022:17:28:01 -0800] "GET /?camp-fire%2F33083335.html HTTP/1.1" 500 - "-" "Mozilla/5.0 (compatible; SemrushBot/7~bl; +http://www.semrush.com/bot.html)" "mantech8.com"
185.191.171.9 - - [11/Dec/2022:17:28:03 -0800] "GET /?camp-fire%2F39086835.html HTTP/1.1" 500 - "-" "Mozilla/5.0 (compatible; SemrushBot/7~bl; +http://www.semrush.com/bot.html)" "mantech8.com"
216.244.66.241 - - [11/Dec/2022:17:28:07 -0800] "GET /robots.txt HTTP/1.1" 200 222 "-" "Mozilla/5.0 (compatible; DotBot/1.2; +https://opensiteexplorer.org/dotbot; help@moz.com)" "mantech8.com"
216.244.66.241 - - [11/Dec/2022:17:28:07 -0800] "GET /robots.txt HTTP/1.1" 200 222 "-" "Mozilla/5.0 (compatible; DotBot/1.2; +https://opensiteexplorer.org/dotbot; help@moz.com)" "www.mantech8.com"
185.191.171.10 - - [11/Dec/2022:17:28:21 -0800] "GET /?camp-fire%2F99822435.html HTTP/1.1" 500 - "-" "Mozilla/5.0 (compatible; SemrushBot/7~bl; +http://www.semrush.com/bot.html)" "mantech8.com"
157.55.39.138 - - [11/Dec/2022:17:28:37 -0800] "GET /index.php/8ceacfabdb HTTP/1.1" 200 72572 "-" "Mozilla/5.0 AppleWebKit/537.36 (KHTML, like Gecko; compatible; bingbot/2.0; +http://www.bing.com/bingbot.htm) Chrome/103.0.5060.134 Safari/537.36" "mantech8.com"
157.55.39.138 - - [11/Dec/2022:17:28:38 -0800] "GET /index.php/mcko-74e22eeeee-vydee.ii HTTP/1.1" 200 68838 "-" "Mozilla/5.0 AppleWebKit/537.36 (KHTML, like Gecko; compatible; bingbot/2.0; +http://www.bing.com/bingbot.htm) Chrome/103.0.5060.134 Safari/537.36" "mantech8.com"
185.191.171.18 - - [11/Dec/2022:17:29:21 -0800] "GET /?camp-fire%2F24728633.html HTTP/1.1" 500 - "-" "Mozilla/5.0 (compatible; SemrushBot/7~bl; +http://www.semrush.com/bot.html)" "mantech8.com"
157.55.39.138 - - [11/Dec/2022:17:29:25 -0800] "GET /index.php/wtzk-b5ecdfeb-nlhcs.ii HTTP/1.1" 200 67207 "-" "Mozilla/5.0 AppleWebKit/537.36 (KHTML, like Gecko; compatible; bingbot/2.0; +http://www.bing.com/bingbot.htm) Chrome/103.0.5060.134 Safari/537.36" "mantech8.com"
185.191.171.11 - - [11/Dec/2022:17:29:47 -0800] "GET /?camp-fire%2F1069469.html HTTP/1.1" 500 - "-" "Mozilla/5.0 (compatible; SemrushBot/7~bl; +http://www.semrush.com/bot.html)" "mantech8.com"
157.55.39.123 - - [11/Dec/2022:17:29:55 -0800] "GET /index.php/nWTf-b21bfcfbd-4QoBg.Ii HTTP/1.1" 200 64380 "-" "Mozilla/5.0 (compatible; bingbot/2.0; +http://www.bing.com/bingbot.htm)" "mantech8.com"
157.55.39.123 - - [11/Dec/2022:17:29:58 -0800] "GET /index.php/3568aaceb HTTP/1.1" 200 67758 "-" "Mozilla/5.0 (compatible; bingbot/2.0; +http://www.bing.com/bingbot.htm)" "mantech8.com"
157.55.39.123 - - [11/Dec/2022:17:29:59 -0800] "GET /index.php/1zve-8f3badab-jfpjc.ii HTTP/1.1" 200 62896 "-" "Mozilla/5.0 AppleWebKit/537.36 (KHTML, like Gecko; compatible; bingbot/2.0; +http://www.bing.com/bingbot.htm) Chrome/103.0.5060.134 Safari/537.36" "mantech8.com"
157.55.39.123 - - [11/Dec/2022:17:30:00 -0800] "GET /index.php/txf8-6dccff-apbdd.ii HTTP/1.1" 200 69694 "-" "Mozilla/5.0 AppleWebKit/537.36 (KHTML, like Gecko; compatible; bingbot/2.0; +http://www.bing.com/bingbot.htm) Chrome/103.0.5060.134 Safari/537.36" "mantech8.com"
157.55.39.123 - - [11/Dec/2022:17:30:01 -0800] "GET /index.php/nwtf-c04becfc-4a1jf.ii HTTP/1.1" 200 61019 "-" "Mozilla/5.0 (compatible; bingbot/2.0; +http://www.bing.com/bingbot.htm)" "mantech8.com"
185.191.171.33 - - [11/Dec/2022:17:30:39 -0800] "GET /?camp-fire%2F69030661.html HTTP/1.1" 500 - "-" "Mozilla/5.0 (compatible; SemrushBot/7~bl; +http://www.semrush.com/bot.html)" "mantech8.com"
157.55.39.138 - - [11/Dec/2022:17:30:56 -0800] "GET /index.php/vmbp-90caa-uivnc.ii HTTP/1.1" 200 63971 "-" "Mozilla/5.0 AppleWebKit/537.36 (KHTML, like Gecko; compatible; bingbot/2.0; +http://www.bing.com/bingbot.htm) Chrome/103.0.5060.134 Safari/537.36" "mantech8.com"
157.55.39.138 - - [11/Dec/2022:17:30:56 -0800] "GET /index.php/yhfg-f1a50ced-pirif.ii HTTP/1.1" 200 69686 "-" "Mozilla/5.0 (compatible; bingbot/2.0; +http://www.bing.com/bingbot.htm)" "mantech8.com"
185.191.171.35 - - [11/Dec/2022:17:30:59 -0800] "GET /?camp-fire%2F35161325.html HTTP/1.1" 500 - "-" "Mozilla/5.0 (compatible; SemrushBot/7~bl; +http://www.semrush.com/bot.html)" "mantech8.com"
185.191.171.19 - - [11/Dec/2022:17:32:00 -0800] "GET /?camp-fire%2F47637449.html HTTP/1.1" 500 - "-" "Mozilla/5.0 (compatible; SemrushBot/7~bl; +http://www.semrush.com/bot.html)" "mantech8.com"
157.55.39.138 - - [11/Dec/2022:17:32:44 -0800] "GET /index.php/blJc-ba42dfcbc-kstMS.Ii HTTP/1.1" 200 73034 "-" "Mozilla/5.0 AppleWebKit/537.36 (KHTML, like Gecko; compatible; bingbot/2.0; +http://www.bing.com/bingbot.htm) Chrome/103.0.5060.134 Safari/537.36" "mantech8.com"
185.191.171.21 - - [11/Dec/2022:17:32:44 -0800] "GET /?camp-fire%2F35795238.html HTTP/1.1" 500 - "-" "Mozilla/5.0 (compatible; SemrushBot/7~bl; +http://www.semrush.com/bot.html)" "mantech8.com"
157.55.39.138 - - [11/Dec/2022:17:32:44 -0800] "GET /index.php/Pstd-d97d0bed-iWuyZ.Ii HTTP/1.1" 200 62477 "-" "Mozilla/5.0 (compatible; bingbot/2.0; +http://www.bing.com/bingbot.htm)" "mantech8.com"
157.55.39.138 - - [11/Dec/2022:17:32:46 -0800] "GET /index.php/txf8-cbffb-zari1.ii HTTP/1.1" 200 68948 "-" "Mozilla/5.0 AppleWebKit/537.36 (KHTML, like Gecko; compatible; bingbot/2.0; +http://www.bing.com/bingbot.htm) Chrome/103.0.5060.134 Safari/537.36" "mantech8.com"
114.96.115.247 - - [11/Dec/2022:17:33:33 -0800] "GET /contact.php HTTP/1.1" 200 29238 "http://mantech8.com/contact.php" "Mozilla/5.0 (Windows NT 6.3; Win64; x64) AppleWebKit/537.36 (KHTML, like Gecko) Chrome/90.0.4430.93 Safari/537.36" "mantech8.com"
157.55.39.138 - - [11/Dec/2022:17:33:36 -0800] "GET /index.php/WtZk-b31c1bcb-n1Rnz.Ii HTTP/1.1" 200 60326 "-" "Mozilla/5.0 AppleWebKit/537.36 (KHTML, like Gecko; compatible; bingbot/2.0; +http://www.bing.com/bingbot.htm) Chrome/103.0.5060.134 Safari/537.36" "mantech8.com"
157.55.39.138 - - [11/Dec/2022:17:33:38 -0800] "GET /index.php/48ef HTTP/1.1" 200 64609 "-" "Mozilla/5.0 AppleWebKit/537.36 (KHTML, like Gecko; compatible; bingbot/2.0; +http://www.bing.com/bingbot.htm) Chrome/103.0.5060.134 Safari/537.36" "mantech8.com"
114.96.115.247 - - [11/Dec/2022:17:33:48 -0800] "POST /mailer.php HTTP/1.1" 500 - "http://mantech8.com/contact.php" "Mozilla/5.0 (Windows NT 6.3; Win64; x64) AppleWebKit/537.36 (KHTML, like Gecko) Chrome/90.0.4430.93 Safari/537.36" "mantech8.com"
185.191.171.44 - - [11/Dec/2022:17:34:26 -0800] "GET /?camp-fire%2F43922235.html HTTP/1.1" 500 - "-" "Mozilla/5.0 (compatible; SemrushBot/7~bl; +http://www.semrush.com/bot.html)" "mantech8.com"
157.55.39.138 - - [11/Dec/2022:17:34:26 -0800] "GET /index.php/8f3d8ecde HTTP/1.1" 200 76381 "-" "Mozilla/5.0 (compatible; bingbot/2.0; +http://www.bing.com/bingbot.htm)" "mantech8.com"
157.55.39.138 - - [11/Dec/2022:17:34:28 -0800] "GET /index.php/nwtf-e118dbadc-3pbes.ii HTTP/1.1" 200 69289 "-" "Mozilla/5.0 (compatible; bingbot/2.0; +http://www.bing.com/bingbot.htm)" "mantech8.com"
157.55.39.138 - - [11/Dec/2022:17:34:29 -0800] "GET /index.php/0b4cdcfef HTTP/1.1" 200 68421 "-" "Mozilla/5.0 (compatible; bingbot/2.0; +http://www.bing.com/bingbot.htm)" "mantech8.com"
185.191.171.8 - - [11/Dec/2022:17:34:36 -0800] "GET /?camp-fire%2F36352864.html HTTP/1.1" 500 - "-" "Mozilla/5.0 (compatible; SemrushBot/7~bl; +http://www.semrush.com/bot.html)" "mantech8.com"
157.55.39.123 - - [11/Dec/2022:17:35:21 -0800] "GET /index.php/bljc-b312dcbca-kwusb.ii HTTP/1.1" 200 68261 "-" "Mozilla/5.0 AppleWebKit/537.36 (KHTML, like Gecko; compatible; bingbot/2.0; +http://www.bing.com/bingbot.htm) Chrome/103.0.5060.134 Safari/537.36" "mantech8.com"
157.55.39.123 - - [11/Dec/2022:17:35:22 -0800] "GET /index.php/wtzk-4faad-n1mom.ii HTTP/1.1" 200 68796 "-" "Mozilla/5.0 AppleWebKit/537.36 (KHTML, like Gecko; compatible; bingbot/2.0; +http://www.bing.com/bingbot.htm) Chrome/103.0.5060.134 Safari/537.36" "mantech8.com"
157.55.39.123 - - [11/Dec/2022:17:35:26 -0800] "GET /index.php/c32d3bdedb HTTP/1.1" 200 76224 "-" "Mozilla/5.0 AppleWebKit/537.36 (KHTML, like Gecko; compatible; bingbot/2.0; +http://www.bing.com/bingbot.htm) Chrome/103.0.5060.134 Safari/537.36" "mantech8.com"
157.55.39.123 - - [11/Dec/2022:17:35:44 -0800] "GET /index.php/mcko-1248eafba-vtxlh.ii HTTP/1.1" 200 71136 "-" "Mozilla/5.0 AppleWebKit/537.36 (KHTML, like Gecko; compatible; bingbot/2.0; +http://www.bing.com/bingbot.htm) Chrome/103.0.5060.134 Safari/537.36" "mantech8.com"
157.55.39.123 - - [11/Dec/2022:17:35:45 -0800] "GET /index.php/k17b-fbb90bfcde-bppob.ii HTTP/1.1" 200 67265 "-" "Mozilla/5.0 (compatible; bingbot/2.0; +http://www.bing.com/bingbot.htm)" "mantech8.com"
157.55.39.123 - - [11/Dec/2022:17:35:45 -0800] "GET /index.php/kjz2-5ddcbdddb-hq0br.ii HTTP/1.1" 200 73095 "-" "Mozilla/5.0 (compatible; bingbot/2.0; +http://www.bing.com/bingbot.htm)" "mantech8.com"
157.55.39.123 - - [11/Dec/2022:17:35:48 -0800] "GET /index.php/odjb-ab7ebebad-xitva.ii HTTP/1.1" 200 72640 "-" "Mozilla/5.0 (compatible; bingbot/2.0; +http://www.bing.com/bingbot.htm)" "mantech8.com"
185.191.171.1 - - [11/Dec/2022:17:36:09 -0800] "GET /?camp-fire%2F28616289.html HTTP/1.1" 500 - "-" "Mozilla/5.0 (compatible; SemrushBot/7~bl; +http://www.semrush.com/bot.html)" "mantech8.com"
185.191.171.43 - - [11/Dec/2022:17:36:25 -0800] "GET /?camp-fire%2F54092772.html HTTP/1.1" 500 - "-" "Mozilla/5.0 (compatible; SemrushBot/7~bl; +http://www.semrush.com/bot.html)" "mantech8.com"
185.191.171.6 - - [11/Dec/2022:17:37:54 -0800] "GET /?camp-fire%2F56286072.html HTTP/1.1" 500 - "-" "Mozilla/5.0 (compatible; SemrushBot/7~bl; +http://www.semrush.com/bot.html)" "mantech8.com"
157.55.39.123 - - [11/Dec/2022:17:38:49 -0800] "GET /index.php/zsUZ-02ca-sOHGY.Ii HTTP/1.1" 200 70884 "-" "Mozilla/5.0 AppleWebKit/537.36 (KHTML, like Gecko; compatible; bingbot/2.0; +http://www.bing.com/bingbot.htm) Chrome/103.0.5060.134 Safari/537.36" "mantech8.com"
185.191.171.9 - - [11/Dec/2022:17:38:55 -0800] "GET /?camp-fire%2F41390571.html HTTP/1.1" 500 - "-" "Mozilla/5.0 (compatible; SemrushBot/7~bl; +http://www.semrush.com/bot.html)" "mantech8.com"
185.191.171.11 - - [11/Dec/2022:17:38:57 -0800] "GET /?camp-fire%2F39824616.html HTTP/1.1" 500 - "-" "Mozilla/5.0 (compatible; SemrushBot/7~bl; +http://www.semrush.com/bot.html)" "mantech8.com"
185.191.171.13 - - [11/Dec/2022:17:39:14 -0800] "GET /?camp-fire%2F48438641.html HTTP/1.1" 500 - "-" "Mozilla/5.0 (compatible; SemrushBot/7~bl; +http://www.semrush.com/bot.html)" "mantech8.com"
185.191.171.10 - - [11/Dec/2022:17:39:18 -0800] "GET /?camp-fire%2F35016625.html HTTP/1.1" 500 - "-" "Mozilla/5.0 (compatible; SemrushBot/7~bl; +http://www.semrush.com/bot.html)" "mantech8.com"
157.55.39.138 - - [11/Dec/2022:17:39:44 -0800] "GET /index.php/zsUZ-37cdfd-sLjaP.Ii HTTP/1.1" 200 64928 "-" "Mozilla/5.0 (compatible; bingbot/2.0; +http://www.bing.com/bingbot.htm)" "mantech8.com"
185.191.171.5 - - [11/Dec/2022:17:39:54 -0800] "GET /?camp-fire%2F41395888.html HTTP/1.1" 500 - "-" "Mozilla/5.0 (compatible; SemrushBot/7~bl; +http://www.semrush.com/bot.html)" "mantech8.com"
185.191.171.38 - - [11/Dec/2022:17:40:05 -0800] "GET /?camp-fire%2F24378250.html HTTP/1.1" 500 - "-" "Mozilla/5.0 (compatible; SemrushBot/7~bl; +http://www.semrush.com/bot.html)" "mantech8.com"
185.191.171.12 - - [11/Dec/2022:17:40:08 -0800] "GET /?camp-fire%2F35254138.html HTTP/1.1" 500 - "-" "Mozilla/5.0 (compatible; SemrushBot/7~bl; +http://www.semrush.com/bot.html)" "mantech8.com"
