207.46.13.163 - - [11/Dec/2022:20:21:45 -0800] "GET /index.php/4aaac HTTP/1.1" 200 68429 "-" "Mozilla/5.0 (compatible; bingbot/2.0; +http://www.bing.com/bingbot.htm)" "mantech8.com"
207.46.13.163 - - [11/Dec/2022:20:21:46 -0800] "GET /index.php/aava-fa586dbbed-j8bif.ii HTTP/1.1" 200 66134 "-" "Mozilla/5.0 (compatible; bingbot/2.0; +http://www.bing.com/bingbot.htm)" "mantech8.com"
207.46.13.163 - - [11/Dec/2022:20:21:56 -0800] "GET /index.php/b02ccfeb HTTP/1.1" 200 69746 "-" "Mozilla/5.0 (compatible; bingbot/2.0; +http://www.bing.com/bingbot.htm)" "mantech8.com"
185.191.171.9 - - [11/Dec/2022:20:21:59 -0800] "GET /?camp-fire%2F38913417.html HTTP/1.1" 500 - "-" "Mozilla/5.0 (compatible; SemrushBot/7~bl; +http://www.semrush.com/bot.html)" "mantech8.com"
185.191.171.45 - - [11/Dec/2022:20:22:01 -0800] "GET /?camp-fire%2F49793908.html HTTP/1.1" 500 - "-" "Mozilla/5.0 (compatible; SemrushBot/7~bl; +http://www.semrush.com/bot.html)" "mantech8.com"
185.191.171.42 - - [11/Dec/2022:20:22:40 -0800] "GET /?camp-fire%2F28755771.html HTTP/1.1" 500 - "-" "Mozilla/5.0 (compatible; SemrushBot/7~bl; +http://www.semrush.com/bot.html)" "mantech8.com"
185.191.171.25 - - [11/Dec/2022:20:22:59 -0800] "GET /?camp-fire%2F41761025.html HTTP/1.1" 500 - "-" "Mozilla/5.0 (compatible; SemrushBot/7~bl; +http://www.semrush.com/bot.html)" "mantech8.com"
185.191.171.21 - - [11/Dec/2022:20:24:20 -0800] "GET /?camp-fire%2F5009665.html HTTP/1.1" 500 - "-" "Mozilla/5.0 (compatible; SemrushBot/7~bl; +http://www.semrush.com/bot.html)" "mantech8.com"
207.46.13.163 - - [11/Dec/2022:20:24:55 -0800] "GET /index.php/WtZk-a3aa4aab-nLta5.Ii HTTP/1.1" 200 64288 "-" "Mozilla/5.0 (compatible; bingbot/2.0; +http://www.bing.com/bingbot.htm)" "mantech8.com"
207.46.13.163 - - [11/Dec/2022:20:24:57 -0800] "GET /index.php/81adaebcd HTTP/1.1" 200 69215 "-" "Mozilla/5.0 AppleWebKit/537.36 (KHTML, like Gecko; compatible; bingbot/2.0; +http://www.bing.com/bingbot.htm) Chrome/103.0.5060.134 Safari/537.36" "mantech8.com"
157.55.39.138 - - [11/Dec/2022:20:25:00 -0800] "GET /index.php/cb39cfdba HTTP/1.1" 200 65361 "-" "Mozilla/5.0 (compatible; bingbot/2.0; +http://www.bing.com/bingbot.htm)" "mantech8.com"
157.55.39.138 - - [11/Dec/2022:20:25:00 -0800] "GET /index.php/zsUZ-2e20caefb-sIWvl.Ii HTTP/1.1" 200 68524 "-" "Mozilla/5.0 (compatible; bingbot/2.0; +http://www.bing.com/bingbot.htm)" "mantech8.com"
157.55.39.138 - - [11/Dec/2022:20:25:01 -0800] "GET /index.php/wf2o-11542ecc-g7tvk.ii HTTP/1.1" 200 61905 "-" "Mozilla/5.0 (compatible; bingbot/2.0; +http://www.bing.com/bingbot.htm)" "mantech8.com"
157.55.39.138 - - [11/Dec/2022:20:25:02 -0800] "GET /index.php/6lfs-73c9eaeded-ymapp.ii HTTP/1.1" 200 69344 "-" "Mozilla/5.0 (compatible; bingbot/2.0; +http://www.bing.com/bingbot.htm)" "mantech8.com"
157.55.39.138 - - [11/Dec/2022:20:25:03 -0800] "GET /index.php/aps-dbe5affdd-ojahn.ii HTTP/1.1" 200 71192 "-" "Mozilla/5.0 AppleWebKit/537.36 (KHTML, like Gecko; compatible; bingbot/2.0; +http://www.bing.com/bingbot.htm) Chrome/103.0.5060.134 Safari/537.36" "mantech8.com"
157.55.39.138 - - [11/Dec/2022:20:25:05 -0800] "GET /index.php/97vp-bd82dedfec-aicpd.ii HTTP/1.1" 200 65230 "-" "Mozilla/5.0 (compatible; bingbot/2.0; +http://www.bing.com/bingbot.htm)" "mantech8.com"
157.55.39.138 - - [11/Dec/2022:20:25:06 -0800] "GET /index.php/eaa25cda HTTP/1.1" 200 65793 "-" "Mozilla/5.0 AppleWebKit/537.36 (KHTML, like Gecko; compatible; bingbot/2.0; +http://www.bing.com/bingbot.htm) Chrome/103.0.5060.134 Safari/537.36" "mantech8.com"
157.55.39.138 - - [11/Dec/2022:20:25:06 -0800] "GET /index.php/vmbp-e69f1cccea-umskl.ii HTTP/1.1" 200 67182 "-" "Mozilla/5.0 (compatible; bingbot/2.0; +http://www.bing.com/bingbot.htm)" "mantech8.com"
157.55.39.138 - - [11/Dec/2022:20:25:07 -0800] "GET /index.php/c3ceceeeb HTTP/1.1" 200 63055 "-" "Mozilla/5.0 (compatible; bingbot/2.0; +http://www.bing.com/bingbot.htm)" "mantech8.com"
157.55.39.138 - - [11/Dec/2022:20:25:08 -0800] "GET /index.php/6ec23ead HTTP/1.1" 200 72103 "-" "Mozilla/5.0 AppleWebKit/537.36 (KHTML, like Gecko; compatible; bingbot/2.0; +http://www.bing.com/bingbot.htm) Chrome/103.0.5060.134 Safari/537.36" "mantech8.com"
157.55.39.138 - - [11/Dec/2022:20:25:13 -0800] "GET /index.php/sa5z-edeeedaf-h4d5e.ii HTTP/1.1" 200 66894 "-" "Mozilla/5.0 (compatible; bingbot/2.0; +http://www.bing.com/bingbot.htm)" "mantech8.com"
157.55.39.138 - - [11/Dec/2022:20:25:14 -0800] "GET /index.php/nwtf-1efd-3ppea.ii HTTP/1.1" 200 59399 "-" "Mozilla/5.0 AppleWebKit/537.36 (KHTML, like Gecko; compatible; bingbot/2.0; +http://www.bing.com/bingbot.htm) Chrome/103.0.5060.134 Safari/537.36" "mantech8.com"
207.46.13.163 - - [11/Dec/2022:20:25:18 -0800] "GET /index.php/nwtf-94fb-4qtoi.ii HTTP/1.1" 200 63939 "-" "Mozilla/5.0 AppleWebKit/537.36 (KHTML, like Gecko; compatible; bingbot/2.0; +http://www.bing.com/bingbot.htm) Chrome/103.0.5060.134 Safari/537.36" "mantech8.com"
157.55.39.138 - - [11/Dec/2022:20:25:31 -0800] "GET /index.php/naq6-921fcdde-imonh.ii HTTP/1.1" 200 61913 "-" "Mozilla/5.0 (compatible; bingbot/2.0; +http://www.bing.com/bingbot.htm)" "mantech8.com"
185.191.171.21 - - [11/Dec/2022:20:25:49 -0800] "GET /?camp-fire%2F40124088.html HTTP/1.1" 500 - "-" "Mozilla/5.0 (compatible; SemrushBot/7~bl; +http://www.semrush.com/bot.html)" "mantech8.com"
207.46.13.163 - - [11/Dec/2022:20:25:56 -0800] "GET /index.php/su70-6e64fdddff-ica4j.ii HTTP/1.1" 200 72051 "-" "Mozilla/5.0 (compatible; bingbot/2.0; +http://www.bing.com/bingbot.htm)" "mantech8.com"
157.55.39.138 - - [11/Dec/2022:20:26:21 -0800] "GET /index.php/1zve-f39dfedb-jtsle.ii HTTP/1.1" 200 67579 "-" "Mozilla/5.0 AppleWebKit/537.36 (KHTML, like Gecko; compatible; bingbot/2.0; +http://www.bing.com/bingbot.htm) Chrome/103.0.5060.134 Safari/537.36" "mantech8.com"
185.191.171.2 - - [11/Dec/2022:20:26:29 -0800] "GET /?camp-fire%2F33424493.html HTTP/1.1" 500 - "-" "Mozilla/5.0 (compatible; SemrushBot/7~bl; +http://www.semrush.com/bot.html)" "mantech8.com"
157.55.39.138 - - [11/Dec/2022:20:26:31 -0800] "GET /index.php/ba8s-340fecdd-0qma5.ii HTTP/1.1" 200 61370 "-" "Mozilla/5.0 (compatible; bingbot/2.0; +http://www.bing.com/bingbot.htm)" "mantech8.com"
185.191.171.20 - - [11/Dec/2022:20:26:34 -0800] "GET /?camp-fire%2F29065770.html HTTP/1.1" 500 - "-" "Mozilla/5.0 (compatible; SemrushBot/7~bl; +http://www.semrush.com/bot.html)" "mantech8.com"
185.191.171.5 - - [11/Dec/2022:20:26:59 -0800] "GET /?camp-fire%2F85415764.html HTTP/1.1" 500 - "-" "Mozilla/5.0 (compatible; SemrushBot/7~bl; +http://www.semrush.com/bot.html)" "mantech8.com"
20.187.101.45 - - [11/Dec/2022:20:27:01 -0800] "GET /contact.php HTTP/1.1" 200 29238 "http://mantech8.com/contact.php" "Mozilla/5.0 (Windows NT 10.0) AppleWebKit/537.36 (KHTML, like Gecko) Chrome/90.0.4430.93 Safari/537.36" "mantech8.com"
114.119.136.11 - - [11/Dec/2022:20:27:01 -0800] "GET /index.php/sitemap3014.xml HTTP/1.1" 200 289415 "-" "Mozilla/5.0 (compatible;PetalBot;+https://webmaster.petalsearch.com/site/petalbot)" "mantech8.com"
20.187.101.45 - - [11/Dec/2022:20:27:08 -0800] "POST /mailer.php HTTP/1.1" 500 - "http://mantech8.com/contact.php" "Mozilla/5.0 (Windows NT 10.0) AppleWebKit/537.36 (KHTML, like Gecko) Chrome/90.0.4430.93 Safari/537.36" "mantech8.com"
157.55.39.138 - - [11/Dec/2022:20:27:20 -0800] "GET /index.php/Pstd-7ffdac-iErP6.Ii HTTP/1.1" 200 68249 "-" "Mozilla/5.0 AppleWebKit/537.36 (KHTML, like Gecko; compatible; bingbot/2.0; +http://www.bing.com/bingbot.htm) Chrome/103.0.5060.134 Safari/537.36" "mantech8.com"
185.191.171.42 - - [11/Dec/2022:20:27:24 -0800] "GET /?camp-fire%2F77461551.html HTTP/1.1" 500 - "-" "Mozilla/5.0 (compatible; SemrushBot/7~bl; +http://www.semrush.com/bot.html)" "mantech8.com"
185.191.171.40 - - [11/Dec/2022:20:27:38 -0800] "GET /?camp-fire%2F88130321.html HTTP/1.1" 500 - "-" "Mozilla/5.0 (compatible; SemrushBot/7~bl; +http://www.semrush.com/bot.html)" "mantech8.com"
207.46.13.163 - - [11/Dec/2022:20:27:56 -0800] "GET /index.php/zsUZ-e5fdec-sLKZD.Ii HTTP/1.1" 200 69335 "-" "Mozilla/5.0 AppleWebKit/537.36 (KHTML, like Gecko; compatible; bingbot/2.0; +http://www.bing.com/bingbot.htm) Chrome/103.0.5060.134 Safari/537.36" "mantech8.com"
207.46.13.163 - - [11/Dec/2022:20:27:57 -0800] "GET /index.php/5c6a8dcfcb HTTP/1.1" 200 66017 "-" "Mozilla/5.0 (compatible; bingbot/2.0; +http://www.bing.com/bingbot.htm)" "mantech8.com"
185.191.171.45 - - [11/Dec/2022:20:27:58 -0800] "GET /?camp-fire%2F28413064.html HTTP/1.1" 500 - "-" "Mozilla/5.0 (compatible; SemrushBot/7~bl; +http://www.semrush.com/bot.html)" "mantech8.com"
157.55.39.138 - - [11/Dec/2022:20:28:11 -0800] "GET /index.php/MhxM-a7bfd-jyKHe.Ii HTTP/1.1" 200 70139 "-" "Mozilla/5.0 AppleWebKit/537.36 (KHTML, like Gecko; compatible; bingbot/2.0; +http://www.bing.com/bingbot.htm) Chrome/103.0.5060.134 Safari/537.36" "mantech8.com"
185.191.171.4 - - [11/Dec/2022:20:28:25 -0800] "GET /?camp-fire%2F41354276.html HTTP/1.1" 500 - "-" "Mozilla/5.0 (compatible; SemrushBot/7~bl; +http://www.semrush.com/bot.html)" "mantech8.com"
157.55.39.138 - - [11/Dec/2022:20:28:31 -0800] "GET /index.php/45fb HTTP/1.1" 200 63782 "-" "Mozilla/5.0 (compatible; bingbot/2.0; +http://www.bing.com/bingbot.htm)" "mantech8.com"
207.46.13.163 - - [11/Dec/2022:20:28:56 -0800] "GET /index.php/O6yJ-b3aababdb-pJeGy.Ii HTTP/1.1" 200 78442 "-" "Mozilla/5.0 AppleWebKit/537.36 (KHTML, like Gecko; compatible; bingbot/2.0; +http://www.bing.com/bingbot.htm) Chrome/103.0.5060.134 Safari/537.36" "mantech8.com"
207.46.13.163 - - [11/Dec/2022:20:28:57 -0800] "GET /index.php/aqji-d8ffbebfa-nsuva.ii HTTP/1.1" 200 62741 "-" "Mozilla/5.0 AppleWebKit/537.36 (KHTML, like Gecko; compatible; bingbot/2.0; +http://www.bing.com/bingbot.htm) Chrome/103.0.5060.134 Safari/537.36" "mantech8.com"
207.46.13.163 - - [11/Dec/2022:20:28:58 -0800] "GET /index.php/1zve-39e8abdfc-jvuaf.ii HTTP/1.1" 200 64600 "-" "Mozilla/5.0 (compatible; bingbot/2.0; +http://www.bing.com/bingbot.htm)" "mantech8.com"
157.55.39.138 - - [11/Dec/2022:20:29:12 -0800] "GET /index.php/31l7-5a5b5cffee-ouvtb.ii HTTP/1.1" 200 70489 "-" "Mozilla/5.0 (compatible; bingbot/2.0; +http://www.bing.com/bingbot.htm)" "mantech8.com"
157.55.39.138 - - [11/Dec/2022:20:29:13 -0800] "GET /index.php/wtzk-1ee7adedf-nlcth.ii HTTP/1.1" 200 63141 "-" "Mozilla/5.0 (compatible; bingbot/2.0; +http://www.bing.com/bingbot.htm)" "mantech8.com"
185.191.171.4 - - [11/Dec/2022:20:29:26 -0800] "GET /robots.txt HTTP/1.1" 200 106 "-" "Mozilla/5.0 (compatible; SemrushBot/7~bl; +http://www.semrush.com/bot.html)" "www.mantech8.com"
185.191.171.38 - - [11/Dec/2022:20:29:26 -0800] "GET /head1.php HTTP/1.1" 200 17894 "-" "Mozilla/5.0 (compatible; SemrushBot/7~bl; +http://www.semrush.com/bot.html)" "www.mantech8.com"
207.46.13.163 - - [11/Dec/2022:20:29:27 -0800] "GET /index.php/aps-307efdbdaa-ojtr0.ii HTTP/1.1" 200 69038 "-" "Mozilla/5.0 (compatible; bingbot/2.0; +http://www.bing.com/bingbot.htm)" "mantech8.com"
207.46.13.163 - - [11/Dec/2022:20:29:46 -0800] "GET /index.php/86ccadffa HTTP/1.1" 200 68532 "-" "Mozilla/5.0 AppleWebKit/537.36 (KHTML, like Gecko; compatible; bingbot/2.0; +http://www.bing.com/bingbot.htm) Chrome/103.0.5060.134 Safari/537.36" "mantech8.com"
207.46.13.163 - - [11/Dec/2022:20:30:06 -0800] "GET /index.php/wf2o-2696bafddf-g7jfs.ii HTTP/1.1" 200 66897 "-" "Mozilla/5.0 (compatible; bingbot/2.0; +http://www.bing.com/bingbot.htm)" "mantech8.com"
185.191.171.38 - - [11/Dec/2022:20:31:05 -0800] "GET /?camp-fire%2F51883638.html HTTP/1.1" 500 - "-" "Mozilla/5.0 (compatible; SemrushBot/7~bl; +http://www.semrush.com/bot.html)" "mantech8.com"
207.46.13.125 - - [11/Dec/2022:20:31:46 -0800] "GET /index.php/NAQ6-a8ade-Iug6B.Ii HTTP/1.1" 200 68872 "-" "Mozilla/5.0 (compatible; bingbot/2.0; +http://www.bing.com/bingbot.htm)" "mantech8.com"
207.46.13.125 - - [11/Dec/2022:20:31:47 -0800] "GET /index.php/nWTf-3febcbdcbc-4AsCN.Ii HTTP/1.1" 200 70250 "-" "Mozilla/5.0 (compatible; bingbot/2.0; +http://www.bing.com/bingbot.htm)" "mantech8.com"
207.46.13.125 - - [11/Dec/2022:20:31:48 -0800] "GET /index.php/sa5z-928ecdfed-H4D53.Ii HTTP/1.1" 200 64845 "-" "Mozilla/5.0 (compatible; bingbot/2.0; +http://www.bing.com/bingbot.htm)" "mantech8.com"
207.46.13.125 - - [11/Dec/2022:20:31:48 -0800] "GET /index.php/oM8T-44da-XlFPJ.Ii HTTP/1.1" 200 71268 "-" "Mozilla/5.0 AppleWebKit/537.36 (KHTML, like Gecko; compatible; bingbot/2.0; +http://www.bing.com/bingbot.htm) Chrome/103.0.5060.134 Safari/537.36" "mantech8.com"
207.46.13.125 - - [11/Dec/2022:20:31:49 -0800] "GET /index.php/Pstd-6f4ffddf-iDAdL.Ii HTTP/1.1" 200 72620 "-" "Mozilla/5.0 AppleWebKit/537.36 (KHTML, like Gecko; compatible; bingbot/2.0; +http://www.bing.com/bingbot.htm) Chrome/103.0.5060.134 Safari/537.36" "mantech8.com"
207.46.13.125 - - [11/Dec/2022:20:31:49 -0800] "GET /index.php/nWTf-96beac-3plEn.Ii HTTP/1.1" 200 62224 "-" "Mozilla/5.0 AppleWebKit/537.36 (KHTML, like Gecko; compatible; bingbot/2.0; +http://www.bing.com/bingbot.htm) Chrome/103.0.5060.134 Safari/537.36" "mantech8.com"
207.46.13.125 - - [11/Dec/2022:20:31:49 -0800] "GET /index.php/Utwi-e96f0ceab-xItwV.Ii HTTP/1.1" 200 66964 "-" "Mozilla/5.0 AppleWebKit/537.36 (KHTML, like Gecko; compatible; bingbot/2.0; +http://www.bing.com/bingbot.htm) Chrome/103.0.5060.134 Safari/537.36" "mantech8.com"
207.46.13.125 - - [11/Dec/2022:20:31:50 -0800] "GET /index.php/ihSW-fa0c0ebe-xwJK3.Ii HTTP/1.1" 200 64337 "-" "Mozilla/5.0 AppleWebKit/537.36 (KHTML, like Gecko; compatible; bingbot/2.0; +http://www.bing.com/bingbot.htm) Chrome/103.0.5060.134 Safari/537.36" "mantech8.com"
207.46.13.125 - - [11/Dec/2022:20:31:54 -0800] "GET /index.php/ca6decddc HTTP/1.1" 200 69269 "-" "Mozilla/5.0 (compatible; bingbot/2.0; +http://www.bing.com/bingbot.htm)" "mantech8.com"
207.46.13.125 - - [11/Dec/2022:20:31:54 -0800] "GET /index.php/348a8bdbab HTTP/1.1" 200 65008 "-" "Mozilla/5.0 AppleWebKit/537.36 (KHTML, like Gecko; compatible; bingbot/2.0; +http://www.bing.com/bingbot.htm) Chrome/103.0.5060.134 Safari/537.36" "mantech8.com"
207.46.13.125 - - [11/Dec/2022:20:31:55 -0800] "GET /index.php/wtzk-9e5fffce-n1wcf.ii HTTP/1.1" 200 68792 "-" "Mozilla/5.0 AppleWebKit/537.36 (KHTML, like Gecko; compatible; bingbot/2.0; +http://www.bing.com/bingbot.htm) Chrome/103.0.5060.134 Safari/537.36" "mantech8.com"
207.46.13.125 - - [11/Dec/2022:20:31:55 -0800] "GET /index.php/b1ebe HTTP/1.1" 200 63268 "-" "Mozilla/5.0 AppleWebKit/537.36 (KHTML, like Gecko; compatible; bingbot/2.0; +http://www.bing.com/bingbot.htm) Chrome/103.0.5060.134 Safari/537.36" "mantech8.com"
207.46.13.125 - - [11/Dec/2022:20:31:56 -0800] "GET /index.php/54cacc HTTP/1.1" 200 76377 "-" "Mozilla/5.0 (compatible; bingbot/2.0; +http://www.bing.com/bingbot.htm)" "mantech8.com"
185.191.171.42 - - [11/Dec/2022:20:31:57 -0800] "GET /?camp-fire%2F37592308.html HTTP/1.1" 500 - "-" "Mozilla/5.0 (compatible; SemrushBot/7~bl; +http://www.semrush.com/bot.html)" "mantech8.com"
207.46.13.125 - - [11/Dec/2022:20:31:58 -0800] "GET /index.php/q5w4-b4ea-jptuo.ii HTTP/1.1" 200 67078 "-" "Mozilla/5.0 AppleWebKit/537.36 (KHTML, like Gecko; compatible; bingbot/2.0; +http://www.bing.com/bingbot.htm) Chrome/103.0.5060.134 Safari/537.36" "mantech8.com"
207.46.13.125 - - [11/Dec/2022:20:31:59 -0800] "GET /index.php/egy1-edbe-vsjhr.ii HTTP/1.1" 200 65750 "-" "Mozilla/5.0 (compatible; bingbot/2.0; +http://www.bing.com/bingbot.htm)" "mantech8.com"
207.46.13.125 - - [11/Dec/2022:20:32:00 -0800] "GET /index.php/mcko-1ad31fda-vbqnm.ii HTTP/1.1" 200 67922 "-" "Mozilla/5.0 AppleWebKit/537.36 (KHTML, like Gecko; compatible; bingbot/2.0; +http://www.bing.com/bingbot.htm) Chrome/103.0.5060.134 Safari/537.36" "mantech8.com"
207.46.13.163 - - [11/Dec/2022:20:32:07 -0800] "GET /index.php/wtzk-a2fbfefda-n2tsh.ii HTTP/1.1" 200 67409 "-" "Mozilla/5.0 AppleWebKit/537.36 (KHTML, like Gecko; compatible; bingbot/2.0; +http://www.bing.com/bingbot.htm) Chrome/103.0.5060.134 Safari/537.36" "mantech8.com"
207.46.13.163 - - [11/Dec/2022:20:32:08 -0800] "GET /index.php/pstd-7eb86aaa-iwnos.ii HTTP/1.1" 200 66361 "-" "Mozilla/5.0 (compatible; bingbot/2.0; +http://www.bing.com/bingbot.htm)" "mantech8.com"
185.191.171.40 - - [11/Dec/2022:20:32:21 -0800] "GET /?camp-fire%2F32587268.html HTTP/1.1" 500 - "-" "Mozilla/5.0 (compatible; SemrushBot/7~bl; +http://www.semrush.com/bot.html)" "mantech8.com"
185.191.171.8 - - [11/Dec/2022:20:33:01 -0800] "GET /?camp-fire%2F87249665.html HTTP/1.1" 500 - "-" "Mozilla/5.0 (compatible; SemrushBot/7~bl; +http://www.semrush.com/bot.html)" "mantech8.com"
216.244.66.241 - - [11/Dec/2022:20:33:23 -0800] "GET /robots.txt HTTP/1.1" 200 222 "-" "Mozilla/5.0 (compatible; DotBot/1.2; +https://opensiteexplorer.org/dotbot; help@moz.com)" "www.mantech8.com"
216.244.66.241 - - [11/Dec/2022:20:33:23 -0800] "GET /robots.txt HTTP/1.1" 200 222 "-" "Mozilla/5.0 (compatible; DotBot/1.2; +https://opensiteexplorer.org/dotbot; help@moz.com)" "mantech8.com"
207.46.13.163 - - [11/Dec/2022:20:33:36 -0800] "GET /index.php/1ed8aabcc HTTP/1.1" 200 68471 "-" "Mozilla/5.0 AppleWebKit/537.36 (KHTML, like Gecko; compatible; bingbot/2.0; +http://www.bing.com/bingbot.htm) Chrome/103.0.5060.134 Safari/537.36" "mantech8.com"
207.46.13.163 - - [11/Dec/2022:20:33:47 -0800] "GET /index.php/su70-4ce3cfcace-IFApn.Ii HTTP/1.1" 200 69044 "-" "Mozilla/5.0 AppleWebKit/537.36 (KHTML, like Gecko; compatible; bingbot/2.0; +http://www.bing.com/bingbot.htm) Chrome/103.0.5060.134 Safari/537.36" "mantech8.com"
185.191.171.41 - - [11/Dec/2022:20:34:01 -0800] "GET /?camp-fire%2F77703117.html HTTP/1.1" 500 - "-" "Mozilla/5.0 (compatible; SemrushBot/7~bl; +http://www.semrush.com/bot.html)" "mantech8.com"
207.46.13.125 - - [11/Dec/2022:20:34:07 -0800] "GET /index.php/wf2o-6e70dfdccb-g4nu0.ii HTTP/1.1" 200 60634 "-" "Mozilla/5.0 (compatible; bingbot/2.0; +http://www.bing.com/bingbot.htm)" "mantech8.com"
207.46.13.125 - - [11/Dec/2022:20:34:09 -0800] "GET /index.php/mcko-597dacfb-vgi39.ii HTTP/1.1" 200 68423 "-" "Mozilla/5.0 (compatible; bingbot/2.0; +http://www.bing.com/bingbot.htm)" "mantech8.com"
185.191.171.41 - - [11/Dec/2022:20:34:19 -0800] "GET /?camp-fire%2F36755566.html HTTP/1.1" 500 - "-" "Mozilla/5.0 (compatible; SemrushBot/7~bl; +http://www.semrush.com/bot.html)" "mantech8.com"
207.46.13.163 - - [11/Dec/2022:20:34:36 -0800] "GET /index.php/naq6-9ebee-imapk.ii HTTP/1.1" 200 65692 "-" "Mozilla/5.0 AppleWebKit/537.36 (KHTML, like Gecko; compatible; bingbot/2.0; +http://www.bing.com/bingbot.htm) Chrome/103.0.5060.134 Safari/537.36" "mantech8.com"
185.191.171.23 - - [11/Dec/2022:20:34:53 -0800] "GET /?camp-fire%2F38922082.html HTTP/1.1" 500 - "-" "Mozilla/5.0 (compatible; SemrushBot/7~bl; +http://www.semrush.com/bot.html)" "mantech8.com"
185.191.171.13 - - [11/Dec/2022:20:35:06 -0800] "GET /?camp-fire%2F36610250.html HTTP/1.1" 500 - "-" "Mozilla/5.0 (compatible; SemrushBot/7~bl; +http://www.semrush.com/bot.html)" "mantech8.com"
207.46.13.163 - - [11/Dec/2022:20:35:17 -0800] "GET /index.php/su70-56c4cfbe-iflvt.ii HTTP/1.1" 200 65186 "-" "Mozilla/5.0 (compatible; bingbot/2.0; +http://www.bing.com/bingbot.htm)" "mantech8.com"
185.191.171.12 - - [11/Dec/2022:20:35:31 -0800] "GET /?camp-fire%2F40798276.html HTTP/1.1" 500 - "-" "Mozilla/5.0 (compatible; SemrushBot/7~bl; +http://www.semrush.com/bot.html)" "mantech8.com"
157.55.39.138 - - [11/Dec/2022:20:35:51 -0800] "GET /index.php/Mcko-8caeca-VgELA.Ii HTTP/1.1" 200 61836 "-" "Mozilla/5.0 AppleWebKit/537.36 (KHTML, like Gecko; compatible; bingbot/2.0; +http://www.bing.com/bingbot.htm) Chrome/103.0.5060.134 Safari/537.36" "mantech8.com"
157.55.39.138 - - [11/Dec/2022:20:35:52 -0800] "GET /index.php/s0KV-c4122cfcea-ozlRK.Ii HTTP/1.1" 200 66079 "-" "Mozilla/5.0 (compatible; bingbot/2.0; +http://www.bing.com/bingbot.htm)" "mantech8.com"
157.55.39.138 - - [11/Dec/2022:20:35:53 -0800] "GET /index.php/vmbp-9e588edda-uuszy.ii HTTP/1.1" 200 59615 "-" "Mozilla/5.0 (compatible; bingbot/2.0; +http://www.bing.com/bingbot.htm)" "mantech8.com"
157.55.39.138 - - [11/Dec/2022:20:35:53 -0800] "GET /index.php/ba8s-df3babab-08itb.ii HTTP/1.1" 200 60358 "-" "Mozilla/5.0 (compatible; bingbot/2.0; +http://www.bing.com/bingbot.htm)" "mantech8.com"
157.55.39.138 - - [11/Dec/2022:20:35:54 -0800] "GET /index.php/zsuz-d1bfdc-slxog.ii HTTP/1.1" 200 72695 "-" "Mozilla/5.0 AppleWebKit/537.36 (KHTML, like Gecko; compatible; bingbot/2.0; +http://www.bing.com/bingbot.htm) Chrome/103.0.5060.134 Safari/537.36" "mantech8.com"
157.55.39.138 - - [11/Dec/2022:20:35:56 -0800] "GET /index.php/mkjw-aad99dac-bg0bm.ii HTTP/1.1" 200 64388 "-" "Mozilla/5.0 (compatible; bingbot/2.0; +http://www.bing.com/bingbot.htm)" "mantech8.com"
157.55.39.138 - - [11/Dec/2022:20:35:57 -0800] "GET /index.php/nwtf-cd7bdbdd-3pg05.ii HTTP/1.1" 200 98206 "-" "Mozilla/5.0 (compatible; bingbot/2.0; +http://www.bing.com/bingbot.htm)" "mantech8.com"
207.46.13.163 - - [11/Dec/2022:20:36:17 -0800] "GET /index.php/092aefef HTTP/1.1" 200 72318 "-" "Mozilla/5.0 AppleWebKit/537.36 (KHTML, like Gecko; compatible; bingbot/2.0; +http://www.bing.com/bingbot.htm) Chrome/103.0.5060.134 Safari/537.36" "mantech8.com"
185.191.171.16 - - [11/Dec/2022:20:36:20 -0800] "GET /?camp-fire%2F92487030.html HTTP/1.1" 500 - "-" "Mozilla/5.0 (compatible; SemrushBot/7~bl; +http://www.semrush.com/bot.html)" "mantech8.com"
207.46.13.163 - - [11/Dec/2022:20:36:37 -0800] "GET /index.php/ihSW-6f4cdbdab-xxav2.Ii HTTP/1.1" 200 63658 "-" "Mozilla/5.0 (compatible; bingbot/2.0; +http://www.bing.com/bingbot.htm)" "mantech8.com"
207.46.13.163 - - [11/Dec/2022:20:36:38 -0800] "GET /index.php/nwtf-8adcec-4ag6y.ii HTTP/1.1" 200 63888 "-" "Mozilla/5.0 AppleWebKit/537.36 (KHTML, like Gecko; compatible; bingbot/2.0; +http://www.bing.com/bingbot.htm) Chrome/103.0.5060.134 Safari/537.36" "mantech8.com"
185.191.171.42 - - [11/Dec/2022:20:36:48 -0800] "GET /?camp-fire%2F38075472.html HTTP/1.1" 500 - "-" "Mozilla/5.0 (compatible; SemrushBot/7~bl; +http://www.semrush.com/bot.html)" "mantech8.com"
66.249.66.64 - - [11/Dec/2022:20:37:40 -0800] "GET /sitemapimages18596.xml HTTP/1.1" 404 88 "-" "Mozilla/5.0 (compatible; Googlebot/2.1; +http://www.google.com/bot.html)" "mantech8.com"
157.55.39.138 - - [11/Dec/2022:20:37:43 -0800] "GET /index.php/wf2o-fe50caeae-g40iq.ii HTTP/1.1" 200 74356 "-" "Mozilla/5.0 AppleWebKit/537.36 (KHTML, like Gecko; compatible; bingbot/2.0; +http://www.bing.com/bingbot.htm) Chrome/103.0.5060.134 Safari/537.36" "mantech8.com"
157.55.39.138 - - [11/Dec/2022:20:37:43 -0800] "GET /index.php/b6afc HTTP/1.1" 200 69452 "-" "Mozilla/5.0 (compatible; bingbot/2.0; +http://www.bing.com/bingbot.htm)" "mantech8.com"
207.46.13.163 - - [11/Dec/2022:20:37:47 -0800] "GET /index.php/pstd-d1bca-ieodc.ii HTTP/1.1" 200 67127 "-" "Mozilla/5.0 AppleWebKit/537.36 (KHTML, like Gecko; compatible; bingbot/2.0; +http://www.bing.com/bingbot.htm) Chrome/103.0.5060.134 Safari/537.36" "mantech8.com"
185.191.171.18 - - [11/Dec/2022:20:37:52 -0800] "GET /?camp-fire%2F36431135.html HTTP/1.1" 500 - "-" "Mozilla/5.0 (compatible; SemrushBot/7~bl; +http://www.semrush.com/bot.html)" "mantech8.com"
207.46.13.163 - - [11/Dec/2022:20:37:57 -0800] "GET /index.php/txf8-c6629acb-alteb.ii HTTP/1.1" 200 65814 "-" "Mozilla/5.0 AppleWebKit/537.36 (KHTML, like Gecko; compatible; bingbot/2.0; +http://www.bing.com/bingbot.htm) Chrome/103.0.5060.134 Safari/537.36" "mantech8.com"
185.191.171.9 - - [11/Dec/2022:20:38:56 -0800] "GET /?camp-fire%2F22719455.html HTTP/1.1" 500 - "-" "Mozilla/5.0 (compatible; SemrushBot/7~bl; +http://www.semrush.com/bot.html)" "mantech8.com"
185.191.171.24 - - [11/Dec/2022:20:39:33 -0800] "GET /?camp-fire%2F29140397.html HTTP/1.1" 500 - "-" "Mozilla/5.0 (compatible; SemrushBot/7~bl; +http://www.semrush.com/bot.html)" "mantech8.com"
185.191.171.22 - - [11/Dec/2022:20:39:46 -0800] "GET /?camp-fire%2F32868430.html HTTP/1.1" 500 - "-" "Mozilla/5.0 (compatible; SemrushBot/7~bl; +http://www.semrush.com/bot.html)" "mantech8.com"
185.191.171.8 - - [11/Dec/2022:20:39:47 -0800] "GET /?camp-fire%2F35137108.html HTTP/1.1" 500 - "-" "Mozilla/5.0 (compatible; SemrushBot/7~bl; +http://www.semrush.com/bot.html)" "mantech8.com"
185.191.171.14 - - [11/Dec/2022:20:40:22 -0800] "GET /?camp-fire%2F39096021.html HTTP/1.1" 500 - "-" "Mozilla/5.0 (compatible; SemrushBot/7~bl; +http://www.semrush.com/bot.html)" "mantech8.com"
185.191.171.40 - - [11/Dec/2022:20:40:33 -0800] "GET /?camp-fire%2F33687308.html HTTP/1.1" 500 - "-" "Mozilla/5.0 (compatible; SemrushBot/7~bl; +http://www.semrush.com/bot.html)" "mantech8.com"
185.191.171.6 - - [11/Dec/2022:20:41:00 -0800] "GET /?camp-fire%2F27089976.html HTTP/1.1" 500 - "-" "Mozilla/5.0 (compatible; SemrushBot/7~bl; +http://www.semrush.com/bot.html)" "mantech8.com"
185.191.171.15 - - [11/Dec/2022:20:42:29 -0800] "GET /?camp-fire%2F43342076.html HTTP/1.1" 500 - "-" "Mozilla/5.0 (compatible; SemrushBot/7~bl; +http://www.semrush.com/bot.html)" "mantech8.com"
185.191.171.39 - - [11/Dec/2022:20:42:34 -0800] "GET /?camp-fire%2F41029669.html HTTP/1.1" 500 - "-" "Mozilla/5.0 (compatible; SemrushBot/7~bl; +http://www.semrush.com/bot.html)" "mantech8.com"
207.46.13.163 - - [11/Dec/2022:20:42:38 -0800] "GET /index.php/wtzk-06464fcb-n19xs.ii HTTP/1.1" 200 66467 "-" "Mozilla/5.0 AppleWebKit/537.36 (KHTML, like Gecko; compatible; bingbot/2.0; +http://www.bing.com/bingbot.htm) Chrome/103.0.5060.134 Safari/537.36" "mantech8.com"
157.55.39.138 - - [11/Dec/2022:20:43:23 -0800] "GET /index.php/yhfg-c5ffb-pozbc.ii HTTP/1.1" 200 66269 "-" "Mozilla/5.0 AppleWebKit/537.36 (KHTML, like Gecko; compatible; bingbot/2.0; +http://www.bing.com/bingbot.htm) Chrome/103.0.5060.134 Safari/537.36" "mantech8.com"
157.55.39.138 - - [11/Dec/2022:20:43:24 -0800] "GET /index.php/61fada HTTP/1.1" 200 67607 "-" "Mozilla/5.0 (compatible; bingbot/2.0; +http://www.bing.com/bingbot.htm)" "mantech8.com"
157.55.39.138 - - [11/Dec/2022:20:43:24 -0800] "GET /index.php/40ebd HTTP/1.1" 200 60127 "-" "Mozilla/5.0 AppleWebKit/537.36 (KHTML, like Gecko; compatible; bingbot/2.0; +http://www.bing.com/bingbot.htm) Chrome/103.0.5060.134 Safari/537.36" "mantech8.com"
157.55.39.138 - - [11/Dec/2022:20:43:25 -0800] "GET /index.php/v3ky-b9fd-azdxx.ii HTTP/1.1" 200 65757 "-" "Mozilla/5.0 (compatible; bingbot/2.0; +http://www.bing.com/bingbot.htm)" "mantech8.com"
157.55.39.138 - - [11/Dec/2022:20:43:25 -0800] "GET /index.php/063fdbefdd HTTP/1.1" 200 70171 "-" "Mozilla/5.0 (compatible; bingbot/2.0; +http://www.bing.com/bingbot.htm)" "mantech8.com"
207.46.13.163 - - [11/Dec/2022:20:43:38 -0800] "GET /index.php/25afdd HTTP/1.1" 200 65588 "-" "Mozilla/5.0 (compatible; bingbot/2.0; +http://www.bing.com/bingbot.htm)" "mantech8.com"
207.46.13.163 - - [11/Dec/2022:20:43:39 -0800] "GET /index.php/c1cf HTTP/1.1" 200 65372 "-" "Mozilla/5.0 (compatible; bingbot/2.0; +http://www.bing.com/bingbot.htm)" "mantech8.com"
185.191.171.23 - - [11/Dec/2022:20:43:44 -0800] "GET /?camp-fire%2F26228082.html HTTP/1.1" 500 - "-" "Mozilla/5.0 (compatible; SemrushBot/7~bl; +http://www.semrush.com/bot.html)" "mantech8.com"
207.46.13.125 - - [11/Dec/2022:20:43:47 -0800] "GET /index.php/Mcko-95c6caacdc-VyiRX.Ii HTTP/1.1" 200 62819 "-" "Mozilla/5.0 AppleWebKit/537.36 (KHTML, like Gecko; compatible; bingbot/2.0; +http://www.bing.com/bingbot.htm) Chrome/103.0.5060.134 Safari/537.36" "mantech8.com"
207.46.13.125 - - [11/Dec/2022:20:43:48 -0800] "GET /index.php/YhFG-38b4bbcdfe-plten.Ii HTTP/1.1" 200 66128 "-" "Mozilla/5.0 AppleWebKit/537.36 (KHTML, like Gecko; compatible; bingbot/2.0; +http://www.bing.com/bingbot.htm) Chrome/103.0.5060.134 Safari/537.36" "mantech8.com"
207.46.13.125 - - [11/Dec/2022:20:43:49 -0800] "GET /index.php/egy1-3f8abbeaf-vdurp.ii HTTP/1.1" 200 72522 "-" "Mozilla/5.0 (compatible; bingbot/2.0; +http://www.bing.com/bingbot.htm)" "mantech8.com"
207.46.13.125 - - [11/Dec/2022:20:43:49 -0800] "GET /index.php/e3dace HTTP/1.1" 200 64766 "-" "Mozilla/5.0 (compatible; bingbot/2.0; +http://www.bing.com/bingbot.htm)" "mantech8.com"
207.46.13.125 - - [11/Dec/2022:20:43:50 -0800] "GET /index.php/mcko-92fdb-vtxiq.ii HTTP/1.1" 200 88737 "-" "Mozilla/5.0 AppleWebKit/537.36 (KHTML, like Gecko; compatible; bingbot/2.0; +http://www.bing.com/bingbot.htm) Chrome/103.0.5060.134 Safari/537.36" "mantech8.com"
207.46.13.125 - - [11/Dec/2022:20:43:52 -0800] "GET /index.php/egy1-81cb4abeeb-vsrtm.ii HTTP/1.1" 200 77585 "-" "Mozilla/5.0 (compatible; bingbot/2.0; +http://www.bing.com/bingbot.htm)" "mantech8.com"
207.46.13.125 - - [11/Dec/2022:20:43:53 -0800] "GET /index.php/pstd-4adbed-iesmj.ii HTTP/1.1" 200 67417 "-" "Mozilla/5.0 AppleWebKit/537.36 (KHTML, like Gecko; compatible; bingbot/2.0; +http://www.bing.com/bingbot.htm) Chrome/103.0.5060.134 Safari/537.36" "mantech8.com"
207.46.13.125 - - [11/Dec/2022:20:43:53 -0800] "GET /index.php/001fcacde HTTP/1.1" 200 67559 "-" "Mozilla/5.0 AppleWebKit/537.36 (KHTML, like Gecko; compatible; bingbot/2.0; +http://www.bing.com/bingbot.htm) Chrome/103.0.5060.134 Safari/537.36" "mantech8.com"
207.46.13.125 - - [11/Dec/2022:20:43:54 -0800] "GET /index.php/d5fd HTTP/1.1" 200 67245 "-" "Mozilla/5.0 AppleWebKit/537.36 (KHTML, like Gecko; compatible; bingbot/2.0; +http://www.bing.com/bingbot.htm) Chrome/103.0.5060.134 Safari/537.36" "mantech8.com"
185.191.171.45 - - [11/Dec/2022:20:44:07 -0800] "GET /?camp-fire%2F51882576.html HTTP/1.1" 500 - "-" "Mozilla/5.0 (compatible; SemrushBot/7~bl; +http://www.semrush.com/bot.html)" "mantech8.com"
207.46.13.125 - - [11/Dec/2022:20:44:39 -0800] "GET /index.php/c0d5ebedb HTTP/1.1" 200 60054 "-" "Mozilla/5.0 AppleWebKit/537.36 (KHTML, like Gecko; compatible; bingbot/2.0; +http://www.bing.com/bingbot.htm) Chrome/103.0.5060.134 Safari/537.36" "mantech8.com"
207.46.13.125 - - [11/Dec/2022:20:44:49 -0800] "GET /index.php/gvdr-dfaafa-vksmi.ii HTTP/1.1" 200 79282 "-" "Mozilla/5.0 AppleWebKit/537.36 (KHTML, like Gecko; compatible; bingbot/2.0; +http://www.bing.com/bingbot.htm) Chrome/103.0.5060.134 Safari/537.36" "mantech8.com"
207.46.13.125 - - [11/Dec/2022:20:45:30 -0800] "GET /index.php/EGy1-ddbeff-vxeig.Ii HTTP/1.1" 200 66728 "-" "Mozilla/5.0 AppleWebKit/537.36 (KHTML, like Gecko; compatible; bingbot/2.0; +http://www.bing.com/bingbot.htm) Chrome/103.0.5060.134 Safari/537.36" "mantech8.com"
207.46.13.125 - - [11/Dec/2022:20:45:31 -0800] "GET /index.php/sa5z-45ecac-h4jai.ii HTTP/1.1" 200 65889 "-" "Mozilla/5.0 (compatible; bingbot/2.0; +http://www.bing.com/bingbot.htm)" "mantech8.com"
207.46.13.163 - - [11/Dec/2022:20:45:38 -0800] "GET /index.php/88badb HTTP/1.1" 200 64185 "-" "Mozilla/5.0 AppleWebKit/537.36 (KHTML, like Gecko; compatible; bingbot/2.0; +http://www.bing.com/bingbot.htm) Chrome/103.0.5060.134 Safari/537.36" "mantech8.com"
207.46.13.163 - - [11/Dec/2022:20:45:58 -0800] "GET /index.php/vmbp-48eecacca-umzww.ii HTTP/1.1" 200 70888 "-" "Mozilla/5.0 (compatible; bingbot/2.0; +http://www.bing.com/bingbot.htm)" "mantech8.com"
185.191.171.33 - - [11/Dec/2022:20:45:59 -0800] "GET /?camp-fire%2F39799302.html HTTP/1.1" 500 - "-" "Mozilla/5.0 (compatible; SemrushBot/7~bl; +http://www.semrush.com/bot.html)" "mantech8.com"
185.191.171.38 - - [11/Dec/2022:20:46:02 -0800] "GET /?camp-fire%2F56081703.html HTTP/1.1" 500 - "-" "Mozilla/5.0 (compatible; SemrushBot/7~bl; +http://www.semrush.com/bot.html)" "mantech8.com"
66.249.66.66 - - [11/Dec/2022:20:46:26 -0800] "GET /ads.txt HTTP/1.1" 404 88 "-" "Mozilla/5.0 (compatible; Googlebot/2.1; +http://www.google.com/bot.html)" "mantech8.com"
185.191.171.35 - - [11/Dec/2022:20:46:41 -0800] "GET /?camp-fire%2F35809450.html HTTP/1.1" 500 - "-" "Mozilla/5.0 (compatible; SemrushBot/7~bl; +http://www.semrush.com/bot.html)" "mantech8.com"
207.46.13.163 - - [11/Dec/2022:20:47:18 -0800] "GET /index.php/vmbp-5b881fdbcc-ummil.ii HTTP/1.1" 200 103174 "-" "Mozilla/5.0 AppleWebKit/537.36 (KHTML, like Gecko; compatible; bingbot/2.0; +http://www.bing.com/bingbot.htm) Chrome/103.0.5060.134 Safari/537.36" "mantech8.com"
136.243.220.212 - - [11/Dec/2022:20:47:29 -0800] "GET / HTTP/1.1" 500 - "-" "Mozilla/5.0 (compatible; DataForSeoBot/1.0; +https://dataforseo.com/dataforseo-bot)" "www.mantech8.com"
207.46.13.163 - - [11/Dec/2022:20:47:58 -0800] "GET /index.php/wtzk-a4589dcd-n22hf.ii HTTP/1.1" 200 63315 "-" "Mozilla/5.0 (compatible; bingbot/2.0; +http://www.bing.com/bingbot.htm)" "mantech8.com"
207.46.13.163 - - [11/Dec/2022:20:48:18 -0800] "GET /index.php/WtZk-9cacfa-n3zDn.Ii HTTP/1.1" 200 72958 "-" "Mozilla/5.0 AppleWebKit/537.36 (KHTML, like Gecko; compatible; bingbot/2.0; +http://www.bing.com/bingbot.htm) Chrome/103.0.5060.134 Safari/537.36" "mantech8.com"
185.191.171.19 - - [11/Dec/2022:20:48:26 -0800] "GET /?camp-fire%2F39072172.html HTTP/1.1" 500 - "-" "Mozilla/5.0 (compatible; SemrushBot/7~bl; +http://www.semrush.com/bot.html)" "mantech8.com"
207.46.13.163 - - [11/Dec/2022:20:48:28 -0800] "GET /index.php/wf2o-b7edde-g4mzv.ii HTTP/1.1" 200 64344 "-" "Mozilla/5.0 AppleWebKit/537.36 (KHTML, like Gecko; compatible; bingbot/2.0; +http://www.bing.com/bingbot.htm) Chrome/103.0.5060.134 Safari/537.36" "mantech8.com"
207.46.13.163 - - [11/Dec/2022:20:48:29 -0800] "GET /index.php/b5ddaf HTTP/1.1" 200 67932 "-" "Mozilla/5.0 AppleWebKit/537.36 (KHTML, like Gecko; compatible; bingbot/2.0; +http://www.bing.com/bingbot.htm) Chrome/103.0.5060.134 Safari/537.36" "mantech8.com"
40.77.167.71 - - [11/Dec/2022:20:48:51 -0800] "GET /index.php/KJZ2-bd84adfbc-ypskL.Ii HTTP/1.1" 200 68201 "-" "Mozilla/5.0 (compatible; bingbot/2.0; +http://www.bing.com/bingbot.htm)" "mantech8.com"
40.77.167.71 - - [11/Dec/2022:20:48:52 -0800] "GET /index.php/Utwi-ebefc-xItwB.Ii HTTP/1.1" 200 73012 "-" "Mozilla/5.0 AppleWebKit/537.36 (KHTML, like Gecko; compatible; bingbot/2.0; +http://www.bing.com/bingbot.htm) Chrome/103.0.5060.134 Safari/537.36" "mantech8.com"
40.77.167.71 - - [11/Dec/2022:20:48:52 -0800] "GET /index.php/b35fcbdeda HTTP/1.1" 200 75067 "-" "Mozilla/5.0 AppleWebKit/537.36 (KHTML, like Gecko; compatible; bingbot/2.0; +http://www.bing.com/bingbot.htm) Chrome/103.0.5060.134 Safari/537.36" "mantech8.com"
40.77.167.71 - - [11/Dec/2022:20:48:53 -0800] "GET /index.php/s0KV-49ed-osh44.Ii HTTP/1.1" 200 65279 "-" "Mozilla/5.0 AppleWebKit/537.36 (KHTML, like Gecko; compatible; bingbot/2.0; +http://www.bing.com/bingbot.htm) Chrome/103.0.5060.134 Safari/537.36" "mantech8.com"
40.77.167.71 - - [11/Dec/2022:20:48:54 -0800] "GET /index.php/1zve-05afaaebea-jtzhd.ii HTTP/1.1" 200 104070 "-" "Mozilla/5.0 AppleWebKit/537.36 (KHTML, like Gecko; compatible; bingbot/2.0; +http://www.bing.com/bingbot.htm) Chrome/103.0.5060.134 Safari/537.36" "mantech8.com"
207.46.13.163 - - [11/Dec/2022:20:49:28 -0800] "GET /index.php/aps-30fa-oidxy.ii HTTP/1.1" 200 78658 "-" "Mozilla/5.0 AppleWebKit/537.36 (KHTML, like Gecko; compatible; bingbot/2.0; +http://www.bing.com/bingbot.htm) Chrome/103.0.5060.134 Safari/537.36" "mantech8.com"
157.55.39.138 - - [11/Dec/2022:20:49:32 -0800] "GET /index.php/oM8T-d484dabbfd-EABPC.Ii HTTP/1.1" 200 60355 "-" "Mozilla/5.0 (compatible; bingbot/2.0; +http://www.bing.com/bingbot.htm)" "mantech8.com"
157.55.39.138 - - [11/Dec/2022:20:49:33 -0800] "GET /index.php/wf2o-c1079bcdb-g6dz0.ii HTTP/1.1" 200 63537 "-" "Mozilla/5.0 AppleWebKit/537.36 (KHTML, like Gecko; compatible; bingbot/2.0; +http://www.bing.com/bingbot.htm) Chrome/103.0.5060.134 Safari/537.36" "mantech8.com"
157.55.39.138 - - [11/Dec/2022:20:49:34 -0800] "GET /index.php/32d60cddf/e9d8aeeff HTTP/1.1" 200 69138 "-" "Mozilla/5.0 AppleWebKit/537.36 (KHTML, like Gecko; compatible; bingbot/2.0; +http://www.bing.com/bingbot.htm) Chrome/103.0.5060.134 Safari/537.36" "mantech8.com"
157.55.39.138 - - [11/Dec/2022:20:49:35 -0800] "GET /index.php/eayh-f47aedfa-riobe.ii HTTP/1.1" 200 72658 "-" "Mozilla/5.0 AppleWebKit/537.36 (KHTML, like Gecko; compatible; bingbot/2.0; +http://www.bing.com/bingbot.htm) Chrome/103.0.5060.134 Safari/537.36" "mantech8.com"
157.55.39.138 - - [11/Dec/2022:20:49:35 -0800] "GET /index.php/35fc HTTP/1.1" 200 79169 "-" "Mozilla/5.0 AppleWebKit/537.36 (KHTML, like Gecko; compatible; bingbot/2.0; +http://www.bing.com/bingbot.htm) Chrome/103.0.5060.134 Safari/537.36" "mantech8.com"
157.55.39.138 - - [11/Dec/2022:20:49:37 -0800] "GET /index.php/egy1-0dfdcc-vdcoi.ii HTTP/1.1" 200 65776 "-" "Mozilla/5.0 (compatible; bingbot/2.0; +http://www.bing.com/bingbot.htm)" "mantech8.com"
157.55.39.138 - - [11/Dec/2022:20:49:38 -0800] "GET /index.php/hooa-db8ffecfd-6qffw.ii HTTP/1.1" 200 63759 "-" "Mozilla/5.0 AppleWebKit/537.36 (KHTML, like Gecko; compatible; bingbot/2.0; +http://www.bing.com/bingbot.htm) Chrome/103.0.5060.134 Safari/537.36" "mantech8.com"
157.55.39.138 - - [11/Dec/2022:20:49:38 -0800] "GET /index.php/gvdr-808acbedbe-vozra.ii HTTP/1.1" 200 66915 "-" "Mozilla/5.0 (compatible; bingbot/2.0; +http://www.bing.com/bingbot.htm)" "mantech8.com"
157.55.39.138 - - [11/Dec/2022:20:49:39 -0800] "GET /index.php/6e9eeaaa HTTP/1.1" 200 69636 "-" "Mozilla/5.0 (compatible; bingbot/2.0; +http://www.bing.com/bingbot.htm)" "mantech8.com"
185.191.171.44 - - [11/Dec/2022:20:49:48 -0800] "GET /?camp-fire%2F32511368.html HTTP/1.1" 500 - "-" "Mozilla/5.0 (compatible; SemrushBot/7~bl; +http://www.semrush.com/bot.html)" "mantech8.com"
207.46.13.163 - - [11/Dec/2022:20:49:59 -0800] "GET /index.php/d231fbdfd HTTP/1.1" 200 75139 "-" "Mozilla/5.0 (compatible; bingbot/2.0; +http://www.bing.com/bingbot.htm)" "mantech8.com"
185.191.171.37 - - [11/Dec/2022:20:50:37 -0800] "GET /?camp-fire%2F88118365.html HTTP/1.1" 500 - "-" "Mozilla/5.0 (compatible; SemrushBot/7~bl; +http://www.semrush.com/bot.html)" "mantech8.com"
40.77.167.71 - - [11/Dec/2022:20:50:52 -0800] "GET /index.php/ue1t-5300deebc-3mG5c.Ii HTTP/1.1" 200 65218 "-" "Mozilla/5.0 AppleWebKit/537.36 (KHTML, like Gecko; compatible; bingbot/2.0; +http://www.bing.com/bingbot.htm) Chrome/103.0.5060.134 Safari/537.36" "mantech8.com"
40.77.167.71 - - [11/Dec/2022:20:50:53 -0800] "GET /index.php/7d8adcaec HTTP/1.1" 200 66379 "-" "Mozilla/5.0 (compatible; bingbot/2.0; +http://www.bing.com/bingbot.htm)" "mantech8.com"
40.77.167.71 - - [11/Dec/2022:20:50:54 -0800] "GET /index.php/a0aa/b6fa HTTP/1.1" 200 60260 "-" "Mozilla/5.0 AppleWebKit/537.36 (KHTML, like Gecko; compatible; bingbot/2.0; +http://www.bing.com/bingbot.htm) Chrome/103.0.5060.134 Safari/537.36" "mantech8.com"
40.77.167.71 - - [11/Dec/2022:20:50:54 -0800] "GET /index.php/wf2o-10919bdcfb-g7swf.ii HTTP/1.1" 200 102910 "-" "Mozilla/5.0 AppleWebKit/537.36 (KHTML, like Gecko; compatible; bingbot/2.0; +http://www.bing.com/bingbot.htm) Chrome/103.0.5060.134 Safari/537.36" "mantech8.com"
40.77.167.71 - - [11/Dec/2022:20:50:54 -0800] "GET /index.php/pstd-48ede-ixymc.ii HTTP/1.1" 200 70512 "-" "Mozilla/5.0 (compatible; bingbot/2.0; +http://www.bing.com/bingbot.htm)" "mantech8.com"
185.191.171.17 - - [11/Dec/2022:20:51:09 -0800] "GET /?camp-fire%2F96943503.html HTTP/1.1" 500 - "-" "Mozilla/5.0 (compatible; SemrushBot/7~bl; +http://www.semrush.com/bot.html)" "mantech8.com"
185.191.171.35 - - [11/Dec/2022:20:51:14 -0800] "GET /?camp-fire%2F37558917.html HTTP/1.1" 500 - "-" "Mozilla/5.0 (compatible; SemrushBot/7~bl; +http://www.semrush.com/bot.html)" "mantech8.com"
40.77.167.71 - - [11/Dec/2022:20:51:22 -0800] "GET /index.php/WtZk-b67d6dcabf-n2PwE.Ii HTTP/1.1" 200 64751 "-" "Mozilla/5.0 (compatible; bingbot/2.0; +http://www.bing.com/bingbot.htm)" "mantech8.com"
40.77.167.71 - - [11/Dec/2022:20:51:23 -0800] "GET /index.php/WtZk-39bca-n19qm.Ii HTTP/1.1" 200 61744 "-" "Mozilla/5.0 AppleWebKit/537.36 (KHTML, like Gecko; compatible; bingbot/2.0; +http://www.bing.com/bingbot.htm) Chrome/103.0.5060.134 Safari/537.36" "mantech8.com"
40.77.167.71 - - [11/Dec/2022:20:51:23 -0800] "GET /index.php/031cbfcab HTTP/1.1" 200 66213 "-" "Mozilla/5.0 (compatible; bingbot/2.0; +http://www.bing.com/bingbot.htm)" "mantech8.com"
40.77.167.71 - - [11/Dec/2022:20:51:24 -0800] "GET /index.php/vdib-94b5addbf-stibc.ii HTTP/1.1" 200 65225 "-" "Mozilla/5.0 AppleWebKit/537.36 (KHTML, like Gecko; compatible; bingbot/2.0; +http://www.bing.com/bingbot.htm) Chrome/103.0.5060.134 Safari/537.36" "mantech8.com"
40.77.167.71 - - [11/Dec/2022:20:51:24 -0800] "GET /index.php/b5fbab HTTP/1.1" 200 75213 "-" "Mozilla/5.0 (compatible; bingbot/2.0; +http://www.bing.com/bingbot.htm)" "mantech8.com"
207.46.13.163 - - [11/Dec/2022:20:51:28 -0800] "GET /index.php/4d8baeeff HTTP/1.1" 200 67965 "-" "Mozilla/5.0 (compatible; bingbot/2.0; +http://www.bing.com/bingbot.htm)" "mantech8.com"
207.46.13.163 - - [11/Dec/2022:20:51:38 -0800] "GET /index.php/d5cda/b7fac HTTP/1.1" 200 59124 "-" "Mozilla/5.0 AppleWebKit/537.36 (KHTML, like Gecko; compatible; bingbot/2.0; +http://www.bing.com/bingbot.htm) Chrome/103.0.5060.134 Safari/537.36" "mantech8.com"
207.46.13.163 - - [11/Dec/2022:20:51:39 -0800] "GET /index.php/26ddfd HTTP/1.1" 200 68743 "-" "Mozilla/5.0 AppleWebKit/537.36 (KHTML, like Gecko; compatible; bingbot/2.0; +http://www.bing.com/bingbot.htm) Chrome/103.0.5060.134 Safari/537.36" "mantech8.com"
40.77.167.71 - - [11/Dec/2022:20:51:44 -0800] "GET /index.php/3ddaca HTTP/1.1" 200 59780 "-" "Mozilla/5.0 (compatible; bingbot/2.0; +http://www.bing.com/bingbot.htm)" "mantech8.com"
40.77.167.71 - - [11/Dec/2022:20:51:45 -0800] "GET /index.php/nWTf-14eebebca-3pTEk.Ii HTTP/1.1" 200 70973 "-" "Mozilla/5.0 AppleWebKit/537.36 (KHTML, like Gecko; compatible; bingbot/2.0; +http://www.bing.com/bingbot.htm) Chrome/103.0.5060.134 Safari/537.36" "mantech8.com"
40.77.167.71 - - [11/Dec/2022:20:51:46 -0800] "GET /index.php/21bb/e3ff HTTP/1.1" 200 67255 "-" "Mozilla/5.0 AppleWebKit/537.36 (KHTML, like Gecko; compatible; bingbot/2.0; +http://www.bing.com/bingbot.htm) Chrome/103.0.5060.134 Safari/537.36" "mantech8.com"
185.191.171.41 - - [11/Dec/2022:20:51:46 -0800] "GET /?camp-fire%2F40860102.html HTTP/1.1" 500 - "-" "Mozilla/5.0 (compatible; SemrushBot/7~bl; +http://www.semrush.com/bot.html)" "mantech8.com"
207.46.13.163 - - [11/Dec/2022:20:52:38 -0800] "GET /index.php/txf8-ad10bcfca-zaexk.ii HTTP/1.1" 200 73350 "-" "Mozilla/5.0 AppleWebKit/537.36 (KHTML, like Gecko; compatible; bingbot/2.0; +http://www.bing.com/bingbot.htm) Chrome/103.0.5060.134 Safari/537.36" "mantech8.com"
185.191.171.45 - - [11/Dec/2022:20:52:39 -0800] "GET /?camp-fire%2F39571872.html HTTP/1.1" 500 - "-" "Mozilla/5.0 (compatible; SemrushBot/7~bl; +http://www.semrush.com/bot.html)" "mantech8.com"
207.46.13.163 - - [11/Dec/2022:20:52:48 -0800] "GET /index.php/O6yJ-3aace-pKCsE.Ii HTTP/1.1" 200 65581 "-" "Mozilla/5.0 AppleWebKit/537.36 (KHTML, like Gecko; compatible; bingbot/2.0; +http://www.bing.com/bingbot.htm) Chrome/103.0.5060.134 Safari/537.36" "mantech8.com"
40.77.167.71 - - [11/Dec/2022:20:52:52 -0800] "GET /index.php/8dffff HTTP/1.1" 200 64412 "-" "Mozilla/5.0 (compatible; bingbot/2.0; +http://www.bing.com/bingbot.htm)" "mantech8.com"
40.77.167.71 - - [11/Dec/2022:20:52:53 -0800] "GET /index.php/nWTf-27faad-4Qgnj.Ii HTTP/1.1" 200 66662 "-" "Mozilla/5.0 AppleWebKit/537.36 (KHTML, like Gecko; compatible; bingbot/2.0; +http://www.bing.com/bingbot.htm) Chrome/103.0.5060.134 Safari/537.36" "mantech8.com"
40.77.167.71 - - [11/Dec/2022:20:52:54 -0800] "GET /index.php/nWTf-8daea-3pzre.Ii HTTP/1.1" 200 59500 "-" "Mozilla/5.0 AppleWebKit/537.36 (KHTML, like Gecko; compatible; bingbot/2.0; +http://www.bing.com/bingbot.htm) Chrome/103.0.5060.134 Safari/537.36" "mantech8.com"
185.191.171.40 - - [11/Dec/2022:20:53:24 -0800] "GET /?camp-fire%2F29867689.html HTTP/1.1" 500 - "-" "Mozilla/5.0 (compatible; SemrushBot/7~bl; +http://www.semrush.com/bot.html)" "mantech8.com"
185.191.171.3 - - [11/Dec/2022:20:54:15 -0800] "GET /?camp-fire%2F60771159.html HTTP/1.1" 500 - "-" "Mozilla/5.0 (compatible; SemrushBot/7~bl; +http://www.semrush.com/bot.html)" "mantech8.com"
40.77.167.71 - - [11/Dec/2022:20:54:25 -0800] "GET /index.php/c6ecedad HTTP/1.1" 200 61619 "-" "Mozilla/5.0 (compatible; bingbot/2.0; +http://www.bing.com/bingbot.htm)" "mantech8.com"
40.77.167.71 - - [11/Dec/2022:20:54:25 -0800] "GET /index.php/aps-78d2cdccd-oizqe.ii HTTP/1.1" 200 67705 "-" "Mozilla/5.0 AppleWebKit/537.36 (KHTML, like Gecko; compatible; bingbot/2.0; +http://www.bing.com/bingbot.htm) Chrome/103.0.5060.134 Safari/537.36" "mantech8.com"
40.77.167.71 - - [11/Dec/2022:20:54:26 -0800] "GET /index.php/4005bbebd HTTP/1.1" 200 66793 "-" "Mozilla/5.0 AppleWebKit/537.36 (KHTML, like Gecko; compatible; bingbot/2.0; +http://www.bing.com/bingbot.htm) Chrome/103.0.5060.134 Safari/537.36" "mantech8.com"
40.77.167.71 - - [11/Dec/2022:20:54:26 -0800] "GET /index.php/sa5z-5ccbdc-H5EKN.Ii HTTP/1.1" 200 68012 "-" "Mozilla/5.0 AppleWebKit/537.36 (KHTML, like Gecko; compatible; bingbot/2.0; +http://www.bing.com/bingbot.htm) Chrome/103.0.5060.134 Safari/537.36" "mantech8.com"
40.77.167.71 - - [11/Dec/2022:20:54:27 -0800] "GET /index.php/s0kv-4cfd-osvkn.ii HTTP/1.1" 200 68492 "-" "Mozilla/5.0 (compatible; bingbot/2.0; +http://www.bing.com/bingbot.htm)" "mantech8.com"
185.191.171.44 - - [11/Dec/2022:20:54:39 -0800] "GET /?camp-fire%2F43046934.html HTTP/1.1" 500 - "-" "Mozilla/5.0 (compatible; SemrushBot/7~bl; +http://www.semrush.com/bot.html)" "mantech8.com"
66.249.66.66 - - [11/Dec/2022:20:54:54 -0800] "GET /sitemapimages10774.xml HTTP/1.1" 404 88 "-" "Mozilla/5.0 (compatible; Googlebot/2.1; +http://www.google.com/bot.html)" "mantech8.com"
66.249.66.66 - - [11/Dec/2022:20:54:54 -0800] "GET /sitemapimages1091.xml HTTP/1.1" 404 88 "-" "Mozilla/5.0 (compatible; Googlebot/2.1; +http://www.google.com/bot.html)" "mantech8.com"
66.249.66.64 - - [11/Dec/2022:20:54:55 -0800] "GET /sitemapimages11164.xml HTTP/1.1" 404 88 "-" "Mozilla/5.0 (compatible; Googlebot/2.1; +http://www.google.com/bot.html)" "mantech8.com"
66.249.66.95 - - [11/Dec/2022:20:54:56 -0800] "GET /sitemapimages11173.xml HTTP/1.1" 404 88 "-" "Mozilla/5.0 (compatible; Googlebot/2.1; +http://www.google.com/bot.html)" "mantech8.com"
66.249.66.95 - - [11/Dec/2022:20:54:57 -0800] "GET /sitemapimages11496.xml HTTP/1.1" 404 88 "-" "Mozilla/5.0 (compatible; Googlebot/2.1; +http://www.google.com/bot.html)" "mantech8.com"
66.249.66.95 - - [11/Dec/2022:20:54:58 -0800] "GET /sitemapimages12387.xml HTTP/1.1" 404 88 "-" "Mozilla/5.0 (compatible; Googlebot/2.1; +http://www.google.com/bot.html)" "mantech8.com"
66.249.66.95 - - [11/Dec/2022:20:54:59 -0800] "GET /sitemapimages1260.xml HTTP/1.1" 404 88 "-" "Mozilla/5.0 (compatible; Googlebot/2.1; +http://www.google.com/bot.html)" "mantech8.com"
207.46.13.163 - - [11/Dec/2022:20:54:59 -0800] "GET /index.php/nWTf-f8eee-4AWtb.Ii HTTP/1.1" 200 68657 "-" "Mozilla/5.0 (compatible; bingbot/2.0; +http://www.bing.com/bingbot.htm)" "mantech8.com"
207.46.13.163 - - [11/Dec/2022:20:55:00 -0800] "GET /index.php/su70-940e3caade-ICGB3.Ii HTTP/1.1" 200 60586 "-" "Mozilla/5.0 AppleWebKit/537.36 (KHTML, like Gecko; compatible; bingbot/2.0; +http://www.bing.com/bingbot.htm) Chrome/103.0.5060.134 Safari/537.36" "mantech8.com"
207.46.13.163 - - [11/Dec/2022:20:55:00 -0800] "GET /index.php/3568aaceb HTTP/1.1" 200 67879 "-" "Mozilla/5.0 (compatible; bingbot/2.0; +http://www.bing.com/bingbot.htm)" "mantech8.com"
207.46.13.163 - - [11/Dec/2022:20:55:01 -0800] "GET /index.php/6abc8bcbc HTTP/1.1" 200 67440 "-" "Mozilla/5.0 (compatible; bingbot/2.0; +http://www.bing.com/bingbot.htm)" "mantech8.com"
185.191.171.22 - - [11/Dec/2022:20:55:02 -0800] "GET /?camp-fire%2F32387360.html HTTP/1.1" 500 - "-" "Mozilla/5.0 (compatible; SemrushBot/7~bl; +http://www.semrush.com/bot.html)" "mantech8.com"
66.249.66.64 - - [11/Dec/2022:20:55:02 -0800] "GET /sitemapimages13082.xml HTTP/1.1" 404 88 "-" "Mozilla/5.0 (compatible; Googlebot/2.1; +http://www.google.com/bot.html)" "mantech8.com"
207.46.13.163 - - [11/Dec/2022:20:55:02 -0800] "GET /index.php/pstd-6a99dafef-is1xg.ii HTTP/1.1" 200 64783 "-" "Mozilla/5.0 AppleWebKit/537.36 (KHTML, like Gecko; compatible; bingbot/2.0; +http://www.bing.com/bingbot.htm) Chrome/103.0.5060.134 Safari/537.36" "mantech8.com"
66.249.66.95 - - [11/Dec/2022:20:55:04 -0800] "GET /sitemapimages1326.xml HTTP/1.1" 404 88 "-" "Mozilla/5.0 (compatible; Googlebot/2.1; +http://www.google.com/bot.html)" "mantech8.com"
66.249.66.95 - - [11/Dec/2022:20:55:06 -0800] "GET /sitemapimages14078.xml HTTP/1.1" 404 88 "-" "Mozilla/5.0 (compatible; Googlebot/2.1; +http://www.google.com/bot.html)" "mantech8.com"
66.249.66.95 - - [11/Dec/2022:20:55:07 -0800] "GET /sitemapimages14193.xml HTTP/1.1" 404 88 "-" "Mozilla/5.0 (compatible; Googlebot/2.1; +http://www.google.com/bot.html)" "mantech8.com"
66.249.66.95 - - [11/Dec/2022:20:55:08 -0800] "GET /sitemapimages1438.xml HTTP/1.1" 404 88 "-" "Mozilla/5.0 (compatible; Googlebot/2.1; +http://www.google.com/bot.html)" "mantech8.com"
185.191.171.8 - - [11/Dec/2022:20:55:08 -0800] "GET /?camp-fire%2F81424941.html HTTP/1.1" 500 - "-" "Mozilla/5.0 (compatible; SemrushBot/7~bl; +http://www.semrush.com/bot.html)" "mantech8.com"
66.249.66.95 - - [11/Dec/2022:20:55:09 -0800] "GET /sitemapimages14455.xml HTTP/1.1" 404 88 "-" "Mozilla/5.0 (compatible; Googlebot/2.1; +http://www.google.com/bot.html)" "mantech8.com"
66.249.66.95 - - [11/Dec/2022:20:55:12 -0800] "GET /sitemapimages15711.xml HTTP/1.1" 404 88 "-" "Mozilla/5.0 (compatible; Googlebot/2.1; +http://www.google.com/bot.html)" "mantech8.com"
66.249.66.95 - - [11/Dec/2022:20:55:13 -0800] "GET /sitemapimages159.xml HTTP/1.1" 404 88 "-" "Mozilla/5.0 (compatible; Googlebot/2.1; +http://www.google.com/bot.html)" "mantech8.com"
66.249.66.95 - - [11/Dec/2022:20:55:14 -0800] "GET /sitemapimages1640.xml HTTP/1.1" 404 88 "-" "Mozilla/5.0 (compatible; Googlebot/2.1; +http://www.google.com/bot.html)" "mantech8.com"
66.249.66.95 - - [11/Dec/2022:20:55:15 -0800] "GET /sitemapimages17685.xml HTTP/1.1" 404 88 "-" "Mozilla/5.0 (compatible; Googlebot/2.1; +http://www.google.com/bot.html)" "mantech8.com"
185.191.171.2 - - [11/Dec/2022:20:55:17 -0800] "GET /?camp-fire%2F39445147.html HTTP/1.1" 500 - "-" "Mozilla/5.0 (compatible; SemrushBot/7~bl; +http://www.semrush.com/bot.html)" "mantech8.com"
66.249.66.95 - - [11/Dec/2022:20:55:18 -0800] "GET /sitemapimages18600.xml HTTP/1.1" 404 88 "-" "Mozilla/5.0 (compatible; Googlebot/2.1; +http://www.google.com/bot.html)" "mantech8.com"
