40.77.167.6 - - [12/Dec/2022:05:55:10 -0800] "GET /index.php/Mcko-89fec-VtbsM.Ii HTTP/1.1" 200 72786 "-" "Mozilla/5.0 (compatible; bingbot/2.0; +http://www.bing.com/bingbot.htm)" "mantech8.com"
40.77.167.6 - - [12/Dec/2022:05:55:11 -0800] "GET /index.php/bljc-04ea-kx9br.ii HTTP/1.1" 200 65204 "-" "Mozilla/5.0 (compatible; bingbot/2.0; +http://www.bing.com/bingbot.htm)" "mantech8.com"
207.46.13.163 - - [12/Dec/2022:05:55:11 -0800] "GET /index.php/b02ccfeb HTTP/1.1" 200 69808 "-" "Mozilla/5.0 AppleWebKit/537.36 (KHTML, like Gecko; compatible; bingbot/2.0; +http://www.bing.com/bingbot.htm) Chrome/103.0.5060.134 Safari/537.36" "mantech8.com"
40.77.167.6 - - [12/Dec/2022:05:55:12 -0800] "GET /index.php/zsuz-005fcbfec-skaar.ii HTTP/1.1" 200 70517 "-" "Mozilla/5.0 (compatible; bingbot/2.0; +http://www.bing.com/bingbot.htm)" "mantech8.com"
40.77.167.6 - - [12/Dec/2022:05:55:12 -0800] "GET /index.php/yhfg-9f191cbfd-pkkbr.ii HTTP/1.1" 200 61118 "-" "Mozilla/5.0 (compatible; bingbot/2.0; +http://www.bing.com/bingbot.htm)" "mantech8.com"
40.77.167.6 - - [12/Dec/2022:05:55:13 -0800] "GET /index.php/11dd HTTP/1.1" 200 69240 "-" "Mozilla/5.0 (compatible; bingbot/2.0; +http://www.bing.com/bingbot.htm)" "mantech8.com"
40.77.167.6 - - [12/Dec/2022:05:55:15 -0800] "GET /index.php/zsuz-505acfbae-sioda.ii HTTP/1.1" 200 63990 "-" "Mozilla/5.0 AppleWebKit/537.36 (KHTML, like Gecko; compatible; bingbot/2.0; +http://www.bing.com/bingbot.htm) Chrome/103.0.5060.134 Safari/537.36" "mantech8.com"
40.77.167.6 - - [12/Dec/2022:05:55:16 -0800] "GET /index.php/s0kv-3dc4cfcee-oxzzo.ii HTTP/1.1" 200 64743 "-" "Mozilla/5.0 AppleWebKit/537.36 (KHTML, like Gecko; compatible; bingbot/2.0; +http://www.bing.com/bingbot.htm) Chrome/103.0.5060.134 Safari/537.36" "mantech8.com"
40.77.167.6 - - [12/Dec/2022:05:55:17 -0800] "GET /index.php/80fa HTTP/1.1" 200 66901 "-" "Mozilla/5.0 AppleWebKit/537.36 (KHTML, like Gecko; compatible; bingbot/2.0; +http://www.bing.com/bingbot.htm) Chrome/103.0.5060.134 Safari/537.36" "mantech8.com"
185.191.171.3 - - [12/Dec/2022:05:55:21 -0800] "GET /?camp-fire%2F25195550.html HTTP/1.1" 500 - "-" "Mozilla/5.0 (compatible; SemrushBot/7~bl; +http://www.semrush.com/bot.html)" "mantech8.com"
185.191.171.8 - - [12/Dec/2022:05:55:22 -0800] "GET /?camp-fire%2F29391466.html HTTP/1.1" 500 - "-" "Mozilla/5.0 (compatible; SemrushBot/7~bl; +http://www.semrush.com/bot.html)" "mantech8.com"
40.77.167.6 - - [12/Dec/2022:05:55:25 -0800] "GET /index.php/mkjw-527a1ecafd-bhvvq.ii HTTP/1.1" 200 67607 "-" "Mozilla/5.0 (compatible; bingbot/2.0; +http://www.bing.com/bingbot.htm)" "mantech8.com"
40.77.167.6 - - [12/Dec/2022:05:55:27 -0800] "GET /index.php/cccba HTTP/1.1" 500 - "-" "Mozilla/5.0 AppleWebKit/537.36 (KHTML, like Gecko; compatible; bingbot/2.0; +http://www.bing.com/bingbot.htm) Chrome/103.0.5060.134 Safari/537.36" "mantech8.com"
40.77.167.6 - - [12/Dec/2022:05:55:27 -0800] "GET /index.php/nwtf-21d59dea-3p177.ii HTTP/1.1" 200 65402 "-" "Mozilla/5.0 AppleWebKit/537.36 (KHTML, like Gecko; compatible; bingbot/2.0; +http://www.bing.com/bingbot.htm) Chrome/103.0.5060.134 Safari/537.36" "mantech8.com"
40.77.167.6 - - [12/Dec/2022:05:55:28 -0800] "GET /index.php/nwtf-08f6eedefd-4qbk6.ii HTTP/1.1" 200 65334 "-" "Mozilla/5.0 AppleWebKit/537.36 (KHTML, like Gecko; compatible; bingbot/2.0; +http://www.bing.com/bingbot.htm) Chrome/103.0.5060.134 Safari/537.36" "mantech8.com"
40.77.167.6 - - [12/Dec/2022:05:55:30 -0800] "GET /index.php/egy1-c52dfffa-vs53l.ii HTTP/1.1" 500 - "-" "Mozilla/5.0 (compatible; bingbot/2.0; +http://www.bing.com/bingbot.htm)" "mantech8.com"
40.77.167.6 - - [12/Dec/2022:05:55:30 -0800] "GET /index.php/s0kv-8f3caeef-ox8wt.ii HTTP/1.1" 500 - "-" "Mozilla/5.0 AppleWebKit/537.36 (KHTML, like Gecko; compatible; bingbot/2.0; +http://www.bing.com/bingbot.htm) Chrome/103.0.5060.134 Safari/537.36" "mantech8.com"
40.77.167.6 - - [12/Dec/2022:05:55:29 -0800] "GET /index.php/nwtf-e0caaceffd-4qthz.ii HTTP/1.1" 200 67899 "-" "Mozilla/5.0 (compatible; bingbot/2.0; +http://www.bing.com/bingbot.htm)" "mantech8.com"
40.77.167.6 - - [12/Dec/2022:05:55:30 -0800] "GET /index.php/sa5z-bbfd-h5pha.ii HTTP/1.1" 200 66938 "-" "Mozilla/5.0 AppleWebKit/537.36 (KHTML, like Gecko; compatible; bingbot/2.0; +http://www.bing.com/bingbot.htm) Chrome/103.0.5060.134 Safari/537.36" "mantech8.com"
40.77.167.6 - - [12/Dec/2022:05:55:31 -0800] "GET /index.php/nwtf-8fababcabb-3lkap.ii HTTP/1.1" 200 72620 "-" "Mozilla/5.0 AppleWebKit/537.36 (KHTML, like Gecko; compatible; bingbot/2.0; +http://www.bing.com/bingbot.htm) Chrome/103.0.5060.134 Safari/537.36" "mantech8.com"
40.77.167.6 - - [12/Dec/2022:05:55:32 -0800] "GET /index.php/eayh-fae33adbc-rudc8.ii HTTP/1.1" 200 65973 "-" "Mozilla/5.0 AppleWebKit/537.36 (KHTML, like Gecko; compatible; bingbot/2.0; +http://www.bing.com/bingbot.htm) Chrome/103.0.5060.134 Safari/537.36" "mantech8.com"
40.77.167.6 - - [12/Dec/2022:05:55:35 -0800] "GET /index.php/wtzk-adeef-npaez.ii HTTP/1.1" 200 62341 "-" "Mozilla/5.0 (compatible; bingbot/2.0; +http://www.bing.com/bingbot.htm)" "mantech8.com"
40.77.167.6 - - [12/Dec/2022:05:55:36 -0800] "GET /index.php/pstd-22eebdabc-iwpts.ii HTTP/1.1" 200 63843 "-" "Mozilla/5.0 AppleWebKit/537.36 (KHTML, like Gecko; compatible; bingbot/2.0; +http://www.bing.com/bingbot.htm) Chrome/103.0.5060.134 Safari/537.36" "mantech8.com"
40.77.167.6 - - [12/Dec/2022:05:55:37 -0800] "GET /index.php/nwtf-43dea-4adiz.ii HTTP/1.1" 200 65785 "-" "Mozilla/5.0 (compatible; bingbot/2.0; +http://www.bing.com/bingbot.htm)" "mantech8.com"
40.77.167.6 - - [12/Dec/2022:05:55:38 -0800] "GET /index.php/19acde HTTP/1.1" 200 71355 "-" "Mozilla/5.0 (compatible; bingbot/2.0; +http://www.bing.com/bingbot.htm)" "mantech8.com"
40.77.167.6 - - [12/Dec/2022:05:55:40 -0800] "GET /index.php/nwtf-70fab-4zqbf.ii HTTP/1.1" 200 66396 "-" "Mozilla/5.0 (compatible; bingbot/2.0; +http://www.bing.com/bingbot.htm)" "mantech8.com"
40.77.167.6 - - [12/Dec/2022:05:55:41 -0800] "GET /sitemapindex.xml HTTP/1.1" 404 88 "-" "Mozilla/5.0 (compatible; bingbot/2.0; +http://www.bing.com/bingbot.htm)" "mantech8.com"
40.77.167.6 - - [12/Dec/2022:05:55:41 -0800] "GET /sitemapindeximages.xml HTTP/1.1" 404 88 "-" "Mozilla/5.0 (compatible; bingbot/2.0; +http://www.bing.com/bingbot.htm)" "mantech8.com"
40.77.167.6 - - [12/Dec/2022:05:55:40 -0800] "GET /index.php/26ee HTTP/1.1" 200 65087 "-" "Mozilla/5.0 AppleWebKit/537.36 (KHTML, like Gecko; compatible; bingbot/2.0; +http://www.bing.com/bingbot.htm) Chrome/103.0.5060.134 Safari/537.36" "mantech8.com"
207.46.13.163 - - [12/Dec/2022:05:55:52 -0800] "GET /index.php/pstd-adfdea-iw9ug.ii HTTP/1.1" 200 64898 "-" "Mozilla/5.0 AppleWebKit/537.36 (KHTML, like Gecko; compatible; bingbot/2.0; +http://www.bing.com/bingbot.htm) Chrome/103.0.5060.134 Safari/537.36" "mantech8.com"
40.77.167.6 - - [12/Dec/2022:05:56:14 -0800] "GET /index.php/pstd-0f80bbdaba-isgca.ii HTTP/1.1" 200 69738 "-" "Mozilla/5.0 AppleWebKit/537.36 (KHTML, like Gecko; compatible; bingbot/2.0; +http://www.bing.com/bingbot.htm) Chrome/103.0.5060.134 Safari/537.36" "mantech8.com"
40.77.167.6 - - [12/Dec/2022:05:56:47 -0800] "GET /index.php/ozUN-e88eefccd-efoeB.Ii HTTP/1.1" 200 61557 "-" "Mozilla/5.0 AppleWebKit/537.36 (KHTML, like Gecko; compatible; bingbot/2.0; +http://www.bing.com/bingbot.htm) Chrome/103.0.5060.134 Safari/537.36" "mantech8.com"
40.77.167.6 - - [12/Dec/2022:05:56:49 -0800] "GET /index.php/s0kv-4baab-owvwu.ii HTTP/1.1" 200 65454 "-" "Mozilla/5.0 AppleWebKit/537.36 (KHTML, like Gecko; compatible; bingbot/2.0; +http://www.bing.com/bingbot.htm) Chrome/103.0.5060.134 Safari/537.36" "mantech8.com"
207.46.13.163 - - [12/Dec/2022:05:57:32 -0800] "GET /index.php/15aae/0beac HTTP/1.1" 200 70659 "-" "Mozilla/5.0 AppleWebKit/537.36 (KHTML, like Gecko; compatible; bingbot/2.0; +http://www.bing.com/bingbot.htm) Chrome/103.0.5060.134 Safari/537.36" "mantech8.com"
207.46.13.163 - - [12/Dec/2022:05:57:34 -0800] "GET /index.php/96fdc HTTP/1.1" 200 67399 "-" "Mozilla/5.0 (compatible; bingbot/2.0; +http://www.bing.com/bingbot.htm)" "mantech8.com"
207.46.13.163 - - [12/Dec/2022:05:58:02 -0800] "GET /index.php/ifNX-b176fbabe-7xNpc.Ii HTTP/1.1" 200 60343 "-" "Mozilla/5.0 AppleWebKit/537.36 (KHTML, like Gecko; compatible; bingbot/2.0; +http://www.bing.com/bingbot.htm) Chrome/103.0.5060.134 Safari/537.36" "mantech8.com"
114.119.139.167 - - [12/Dec/2022:05:58:48 -0800] "GET /kongcunzhen.xml HTTP/1.1" 404 88 "-" "Mozilla/5.0 (compatible;PetalBot;+https://webmaster.petalsearch.com/site/petalbot)" "mantech8.com"
207.46.13.163 - - [12/Dec/2022:05:59:02 -0800] "GET /index.php/32fd HTTP/1.1" 200 61896 "-" "Mozilla/5.0 AppleWebKit/537.36 (KHTML, like Gecko; compatible; bingbot/2.0; +http://www.bing.com/bingbot.htm) Chrome/103.0.5060.134 Safari/537.36" "mantech8.com"
207.46.13.163 - - [12/Dec/2022:05:59:03 -0800] "GET /index.php/8rqf-36a0dadea-zhqrc.ii HTTP/1.1" 200 65107 "-" "Mozilla/5.0 (compatible; bingbot/2.0; +http://www.bing.com/bingbot.htm)" "mantech8.com"
207.46.13.163 - - [12/Dec/2022:05:59:12 -0800] "GET /index.php/Wf2o-016bfcbdac-G5mxL.Ii HTTP/1.1" 200 64430 "-" "Mozilla/5.0 AppleWebKit/537.36 (KHTML, like Gecko; compatible; bingbot/2.0; +http://www.bing.com/bingbot.htm) Chrome/103.0.5060.134 Safari/537.36" "mantech8.com"
207.46.13.163 - - [12/Dec/2022:05:59:13 -0800] "GET /index.php/c7fac HTTP/1.1" 200 62533 "-" "Mozilla/5.0 (compatible; bingbot/2.0; +http://www.bing.com/bingbot.htm)" "mantech8.com"
185.191.171.45 - - [12/Dec/2022:05:59:17 -0800] "GET /?camp-fire%2F33588125.html HTTP/1.1" 500 - "-" "Mozilla/5.0 (compatible; SemrushBot/7~bl; +http://www.semrush.com/bot.html)" "mantech8.com"
207.46.13.163 - - [12/Dec/2022:05:59:32 -0800] "GET /index.php/hfdr-696a9fabaa-ilmws.ii HTTP/1.1" 200 58867 "-" "Mozilla/5.0 (compatible; bingbot/2.0; +http://www.bing.com/bingbot.htm)" "mantech8.com"
114.119.131.232 - - [12/Dec/2022:05:59:35 -0800] "GET /index.php/ascensor.xml HTTP/1.1" 500 - "-" "Mozilla/5.0 (Linux; Android 7.0;) AppleWebKit/537.36 (KHTML, like Gecko) Mobile Safari/537.36 (compatible; PetalBot;+https://webmaster.petalsearch.com/site/petalbot)" "mantech8.com"
207.46.13.163 - - [12/Dec/2022:06:00:22 -0800] "GET /index.php/75d5dccdbb HTTP/1.1" 200 71600 "-" "Mozilla/5.0 (compatible; bingbot/2.0; +http://www.bing.com/bingbot.htm)" "mantech8.com"
207.46.13.125 - - [12/Dec/2022:06:00:51 -0800] "GET /index.php?camp-fire/269.html HTTP/1.1" 500 - "-" "Mozilla/5.0 AppleWebKit/537.36 (KHTML, like Gecko; compatible; bingbot/2.0; +http://www.bing.com/bingbot.htm) Chrome/103.0.5060.134 Safari/537.36" "www.mantech8.com"
185.191.171.37 - - [12/Dec/2022:06:01:29 -0800] "GET /?camp-fire%2F35086759.html HTTP/1.1" 500 - "-" "Mozilla/5.0 (compatible; SemrushBot/7~bl; +http://www.semrush.com/bot.html)" "mantech8.com"
185.191.171.15 - - [12/Dec/2022:06:01:57 -0800] "GET /?camp-fire%2F39671171.html HTTP/1.1" 500 - "-" "Mozilla/5.0 (compatible; SemrushBot/7~bl; +http://www.semrush.com/bot.html)" "mantech8.com"
185.191.171.38 - - [12/Dec/2022:06:02:03 -0800] "GET /?camp-fire%2F44972756.html HTTP/1.1" 500 - "-" "Mozilla/5.0 (compatible; SemrushBot/7~bl; +http://www.semrush.com/bot.html)" "mantech8.com"
207.46.13.163 - - [12/Dec/2022:06:02:52 -0800] "GET /index.php/Wf2o-cd63faecac-G5CrY.Ii HTTP/1.1" 200 63459 "-" "Mozilla/5.0 (compatible; bingbot/2.0; +http://www.bing.com/bingbot.htm)" "mantech8.com"
185.191.171.12 - - [12/Dec/2022:06:03:29 -0800] "GET /?camp-fire%2F72938390.html HTTP/1.1" 500 - "-" "Mozilla/5.0 (compatible; SemrushBot/7~bl; +http://www.semrush.com/bot.html)" "mantech8.com"
185.191.171.21 - - [12/Dec/2022:06:03:31 -0800] "GET /?camp-fire%2F52397059.html HTTP/1.1" 500 - "-" "Mozilla/5.0 (compatible; SemrushBot/7~bl; +http://www.semrush.com/bot.html)" "mantech8.com"
185.191.171.8 - - [12/Dec/2022:06:03:41 -0800] "GET /?camp-fire%2F38725638.html HTTP/1.1" 500 - "-" "Mozilla/5.0 (compatible; SemrushBot/7~bl; +http://www.semrush.com/bot.html)" "mantech8.com"
185.191.171.45 - - [12/Dec/2022:06:04:03 -0800] "GET /?camp-fire%2F23609606.html HTTP/1.1" 500 - "-" "Mozilla/5.0 (compatible; SemrushBot/7~bl; +http://www.semrush.com/bot.html)" "mantech8.com"
207.46.13.163 - - [12/Dec/2022:06:04:12 -0800] "GET /index.php/5edc HTTP/1.1" 200 61651 "-" "Mozilla/5.0 AppleWebKit/537.36 (KHTML, like Gecko; compatible; bingbot/2.0; +http://www.bing.com/bingbot.htm) Chrome/103.0.5060.134 Safari/537.36" "mantech8.com"
207.46.13.163 - - [12/Dec/2022:06:04:33 -0800] "GET /index.php/8caf HTTP/1.1" 200 72060 "-" "Mozilla/5.0 (compatible; bingbot/2.0; +http://www.bing.com/bingbot.htm)" "mantech8.com"
185.191.171.2 - - [12/Dec/2022:06:04:36 -0800] "GET /?camp-fire%2F36043161.html HTTP/1.1" 500 - "-" "Mozilla/5.0 (compatible; SemrushBot/7~bl; +http://www.semrush.com/bot.html)" "mantech8.com"
185.191.171.18 - - [12/Dec/2022:06:04:37 -0800] "GET /?camp-fire%2F40227288.html HTTP/1.1" 500 - "-" "Mozilla/5.0 (compatible; SemrushBot/7~bl; +http://www.semrush.com/bot.html)" "mantech8.com"
185.191.171.36 - - [12/Dec/2022:06:05:21 -0800] "GET /?camp-fire%2F42263655.html HTTP/1.1" 500 - "-" "Mozilla/5.0 (compatible; SemrushBot/7~bl; +http://www.semrush.com/bot.html)" "mantech8.com"
207.46.13.163 - - [12/Dec/2022:06:05:23 -0800] "GET /index.php/wtzk-cae8cbbec-n1anc.ii HTTP/1.1" 200 67908 "-" "Mozilla/5.0 AppleWebKit/537.36 (KHTML, like Gecko; compatible; bingbot/2.0; +http://www.bing.com/bingbot.htm) Chrome/103.0.5060.134 Safari/537.36" "mantech8.com"
185.191.171.33 - - [12/Dec/2022:06:05:28 -0800] "GET /?camp-fire%2F95849659.html HTTP/1.1" 500 - "-" "Mozilla/5.0 (compatible; SemrushBot/7~bl; +http://www.semrush.com/bot.html)" "mantech8.com"
185.191.171.14 - - [12/Dec/2022:06:05:44 -0800] "GET /?camp-fire%2F36537589.html HTTP/1.1" 500 - "-" "Mozilla/5.0 (compatible; SemrushBot/7~bl; +http://www.semrush.com/bot.html)" "mantech8.com"
185.191.171.9 - - [12/Dec/2022:06:05:52 -0800] "GET /?camp-fire%2F41361976.html HTTP/1.1" 500 - "-" "Mozilla/5.0 (compatible; SemrushBot/7~bl; +http://www.semrush.com/bot.html)" "mantech8.com"
185.191.171.6 - - [12/Dec/2022:06:05:58 -0800] "GET /?camp-fire%2F72730455.html HTTP/1.1" 500 - "-" "Mozilla/5.0 (compatible; SemrushBot/7~bl; +http://www.semrush.com/bot.html)" "mantech8.com"
185.191.171.20 - - [12/Dec/2022:06:06:53 -0800] "GET /?camp-fire%2F28090976.html HTTP/1.1" 500 - "-" "Mozilla/5.0 (compatible; SemrushBot/7~bl; +http://www.semrush.com/bot.html)" "mantech8.com"
157.55.39.138 - - [12/Dec/2022:06:06:56 -0800] "GET /index.php/f7db/c8dc HTTP/1.1" 200 67014 "-" "Mozilla/5.0 AppleWebKit/537.36 (KHTML, like Gecko; compatible; bingbot/2.0; +http://www.bing.com/bingbot.htm) Chrome/103.0.5060.134 Safari/537.36" "mantech8.com"
157.55.39.138 - - [12/Dec/2022:06:06:58 -0800] "GET /index.php/31l7-5a5b5cffee-ouvtb.ii HTTP/1.1" 200 70155 "-" "Mozilla/5.0 AppleWebKit/537.36 (KHTML, like Gecko; compatible; bingbot/2.0; +http://www.bing.com/bingbot.htm) Chrome/103.0.5060.134 Safari/537.36" "mantech8.com"
157.55.39.138 - - [12/Dec/2022:06:06:59 -0800] "GET /index.php/1zve-174feebad-jvaar.ii HTTP/1.1" 200 70101 "-" "Mozilla/5.0 (compatible; bingbot/2.0; +http://www.bing.com/bingbot.htm)" "mantech8.com"
157.55.39.138 - - [12/Dec/2022:06:07:01 -0800] "GET /index.php/yhfg-ed9dfcbfdb-ppufn.ii HTTP/1.1" 200 63702 "-" "Mozilla/5.0 (compatible; bingbot/2.0; +http://www.bing.com/bingbot.htm)" "mantech8.com"
157.55.39.138 - - [12/Dec/2022:06:07:02 -0800] "GET /index.php/pstd-c27dfbeef-isoti.ii HTTP/1.1" 200 67236 "-" "Mozilla/5.0 (compatible; bingbot/2.0; +http://www.bing.com/bingbot.htm)" "mantech8.com"
157.55.39.138 - - [12/Dec/2022:06:07:03 -0800] "GET /index.php/d764abede HTTP/1.1" 200 68853 "-" "Mozilla/5.0 (compatible; bingbot/2.0; +http://www.bing.com/bingbot.htm)" "mantech8.com"
157.55.39.138 - - [12/Dec/2022:06:07:04 -0800] "GET /index.php/8d2e4cfdbd HTTP/1.1" 200 65421 "-" "Mozilla/5.0 (compatible; bingbot/2.0; +http://www.bing.com/bingbot.htm)" "mantech8.com"
157.55.39.138 - - [12/Dec/2022:06:07:04 -0800] "GET /index.php/75eacd HTTP/1.1" 200 71517 "-" "Mozilla/5.0 AppleWebKit/537.36 (KHTML, like Gecko; compatible; bingbot/2.0; +http://www.bing.com/bingbot.htm) Chrome/103.0.5060.134 Safari/537.36" "mantech8.com"
157.55.39.138 - - [12/Dec/2022:06:07:06 -0800] "GET /index.php/wf2o-ccaecb-g5ley.ii HTTP/1.1" 200 63515 "-" "Mozilla/5.0 (compatible; bingbot/2.0; +http://www.bing.com/bingbot.htm)" "mantech8.com"
157.55.39.138 - - [12/Dec/2022:06:07:06 -0800] "GET /index.php/ufsz-53aefecdc-cgdun.ii HTTP/1.1" 200 58998 "-" "Mozilla/5.0 AppleWebKit/537.36 (KHTML, like Gecko; compatible; bingbot/2.0; +http://www.bing.com/bingbot.htm) Chrome/103.0.5060.134 Safari/537.36" "mantech8.com"
157.55.39.138 - - [12/Dec/2022:06:07:07 -0800] "GET /index.php/nwtf-10cde-4anvu.ii HTTP/1.1" 200 67517 "-" "Mozilla/5.0 (compatible; bingbot/2.0; +http://www.bing.com/bingbot.htm)" "mantech8.com"
157.55.39.138 - - [12/Dec/2022:06:07:07 -0800] "GET /index.php/zsuz-5d7a9cce-soqrc.ii HTTP/1.1" 200 63782 "-" "Mozilla/5.0 (compatible; bingbot/2.0; +http://www.bing.com/bingbot.htm)" "mantech8.com"
157.55.39.138 - - [12/Dec/2022:06:07:09 -0800] "GET /index.php/1zve-cceda-jrlpc.ii HTTP/1.1" 200 64195 "-" "Mozilla/5.0 (compatible; bingbot/2.0; +http://www.bing.com/bingbot.htm)" "mantech8.com"
157.55.39.138 - - [12/Dec/2022:06:07:10 -0800] "GET /index.php/59ed HTTP/1.1" 200 63393 "-" "Mozilla/5.0 (compatible; bingbot/2.0; +http://www.bing.com/bingbot.htm)" "mantech8.com"
157.55.39.138 - - [12/Dec/2022:06:07:11 -0800] "GET /index.php/wsum-aa64ebafc-elt1f.ii HTTP/1.1" 200 65145 "-" "Mozilla/5.0 (compatible; bingbot/2.0; +http://www.bing.com/bingbot.htm)" "mantech8.com"
157.55.39.138 - - [12/Dec/2022:06:07:12 -0800] "GET /index.php/mcko-1ceed-vg8jk.ii HTTP/1.1" 200 66468 "-" "Mozilla/5.0 (compatible; bingbot/2.0; +http://www.bing.com/bingbot.htm)" "mantech8.com"
157.55.39.138 - - [12/Dec/2022:06:07:13 -0800] "GET /index.php/pstd-e2ea-ixtto.ii HTTP/1.1" 200 60875 "-" "Mozilla/5.0 AppleWebKit/537.36 (KHTML, like Gecko; compatible; bingbot/2.0; +http://www.bing.com/bingbot.htm) Chrome/103.0.5060.134 Safari/537.36" "mantech8.com"
207.46.13.125 - - [12/Dec/2022:06:07:13 -0800] "GET /index.php?camp-fire/1122.html HTTP/1.1" 200 69742 "-" "Mozilla/5.0 (compatible; bingbot/2.0; +http://www.bing.com/bingbot.htm)" "www.mantech8.com"
157.55.39.138 - - [12/Dec/2022:06:07:14 -0800] "GET /index.php/nwtf-5d5baaccf-4aevm.ii HTTP/1.1" 200 66263 "-" "Mozilla/5.0 AppleWebKit/537.36 (KHTML, like Gecko; compatible; bingbot/2.0; +http://www.bing.com/bingbot.htm) Chrome/103.0.5060.134 Safari/537.36" "mantech8.com"
157.55.39.138 - - [12/Dec/2022:06:07:25 -0800] "GET /index.php/730eccbd HTTP/1.1" 200 63176 "-" "Mozilla/5.0 AppleWebKit/537.36 (KHTML, like Gecko; compatible; bingbot/2.0; +http://www.bing.com/bingbot.htm) Chrome/103.0.5060.134 Safari/537.36" "mantech8.com"
185.191.171.41 - - [12/Dec/2022:06:07:27 -0800] "GET /?camp-fire%2F35942381.html HTTP/1.1" 500 - "-" "Mozilla/5.0 (compatible; SemrushBot/7~bl; +http://www.semrush.com/bot.html)" "mantech8.com"
185.191.171.2 - - [12/Dec/2022:06:07:43 -0800] "GET /?camp-fire%2F81705634.html HTTP/1.1" 500 - "-" "Mozilla/5.0 (compatible; SemrushBot/7~bl; +http://www.semrush.com/bot.html)" "mantech8.com"
207.46.13.163 - - [12/Dec/2022:06:07:43 -0800] "GET /index.php/9hdj-e2e9cfbddb-yqonh.ii HTTP/1.1" 200 70172 "-" "Mozilla/5.0 (compatible; bingbot/2.0; +http://www.bing.com/bingbot.htm)" "mantech8.com"
207.46.13.163 - - [12/Dec/2022:06:07:44 -0800] "GET /index.php/f50c4bcecf HTTP/1.1" 200 68625 "-" "Mozilla/5.0 AppleWebKit/537.36 (KHTML, like Gecko; compatible; bingbot/2.0; +http://www.bing.com/bingbot.htm) Chrome/103.0.5060.134 Safari/537.36" "mantech8.com"
185.191.171.25 - - [12/Dec/2022:06:07:49 -0800] "GET /?camp-fire%2F38821292.html HTTP/1.1" 500 - "-" "Mozilla/5.0 (compatible; SemrushBot/7~bl; +http://www.semrush.com/bot.html)" "mantech8.com"
207.46.13.163 - - [12/Dec/2022:06:08:23 -0800] "GET /index.php/s0kv-51cbbaeb-oxhtl.ii HTTP/1.1" 200 65274 "-" "Mozilla/5.0 (compatible; bingbot/2.0; +http://www.bing.com/bingbot.htm)" "mantech8.com"
207.46.13.163 - - [12/Dec/2022:06:08:53 -0800] "GET /index.php/hfdr-1ce5dedfd-ikwyh.ii HTTP/1.1" 200 60148 "-" "Mozilla/5.0 (compatible; bingbot/2.0; +http://www.bing.com/bingbot.htm)" "mantech8.com"
207.46.13.163 - - [12/Dec/2022:06:09:13 -0800] "GET /index.php/txf8-861bfebad-ZAFIx.Ii HTTP/1.1" 200 71227 "-" "Mozilla/5.0 (compatible; bingbot/2.0; +http://www.bing.com/bingbot.htm)" "mantech8.com"
207.46.13.163 - - [12/Dec/2022:06:09:15 -0800] "GET /index.php/bmk0-27ead-6uwxs.ii HTTP/1.1" 200 65311 "-" "Mozilla/5.0 AppleWebKit/537.36 (KHTML, like Gecko; compatible; bingbot/2.0; +http://www.bing.com/bingbot.htm) Chrome/103.0.5060.134 Safari/537.36" "mantech8.com"
207.46.13.163 - - [12/Dec/2022:06:09:16 -0800] "GET /index.php/6abc8bcbc HTTP/1.1" 200 67699 "-" "Mozilla/5.0 (compatible; bingbot/2.0; +http://www.bing.com/bingbot.htm)" "mantech8.com"
185.191.171.22 - - [12/Dec/2022:06:10:03 -0800] "GET /?camp-fire%2F15955974.html HTTP/1.1" 500 - "-" "Mozilla/5.0 (compatible; SemrushBot/7~bl; +http://www.semrush.com/bot.html)" "mantech8.com"
207.46.13.163 - - [12/Dec/2022:06:10:53 -0800] "GET /index.php/Mcko-7bbebdadd-Vgunn.Ii HTTP/1.1" 200 67337 "-" "Mozilla/5.0 (compatible; bingbot/2.0; +http://www.bing.com/bingbot.htm)" "mantech8.com"
207.46.13.163 - - [12/Dec/2022:06:10:55 -0800] "GET /index.php/wtzk-bde49edcdb-n1sd3.ii HTTP/1.1" 200 68955 "-" "Mozilla/5.0 (compatible; bingbot/2.0; +http://www.bing.com/bingbot.htm)" "mantech8.com"
185.191.171.15 - - [12/Dec/2022:06:11:00 -0800] "GET /?camp-fire%2F60247898.html HTTP/1.1" 500 - "-" "Mozilla/5.0 (compatible; SemrushBot/7~bl; +http://www.semrush.com/bot.html)" "mantech8.com"
185.191.171.10 - - [12/Dec/2022:06:11:02 -0800] "GET /?camp-fire%2F40825002.html HTTP/1.1" 500 - "-" "Mozilla/5.0 (compatible; SemrushBot/7~bl; +http://www.semrush.com/bot.html)" "mantech8.com"
114.119.155.51 - - [12/Dec/2022:06:11:02 -0800] "GET /index.php/inflorescences.xml HTTP/1.1" 200 289087 "-" "Mozilla/5.0 (compatible;PetalBot;+https://webmaster.petalsearch.com/site/petalbot)" "mantech8.com"
207.46.13.163 - - [12/Dec/2022:06:11:54 -0800] "GET /index.php/pstd-766ddcdde-iwryp.ii HTTP/1.1" 200 62572 "-" "Mozilla/5.0 AppleWebKit/537.36 (KHTML, like Gecko; compatible; bingbot/2.0; +http://www.bing.com/bingbot.htm) Chrome/103.0.5060.134 Safari/537.36" "mantech8.com"
185.191.171.8 - - [12/Dec/2022:06:12:29 -0800] "GET /robots.txt HTTP/1.1" 200 106 "-" "Mozilla/5.0 (compatible; SemrushBot/7~bl; +http://www.semrush.com/bot.html)" "mantech8.com"
185.191.171.26 - - [12/Dec/2022:06:12:30 -0800] "GET /?camp-fire%2F77701717.html HTTP/1.1" 500 - "-" "Mozilla/5.0 (compatible; SemrushBot/7~bl; +http://www.semrush.com/bot.html)" "mantech8.com"
157.55.39.138 - - [12/Dec/2022:06:12:46 -0800] "GET /index.php/e1ce8aabd HTTP/1.1" 200 59988 "-" "Mozilla/5.0 (compatible; bingbot/2.0; +http://www.bing.com/bingbot.htm)" "mantech8.com"
157.55.39.138 - - [12/Dec/2022:06:12:48 -0800] "GET /index.php/Wf2o-aeacefefd-G4MTo.Ii HTTP/1.1" 200 68725 "-" "Mozilla/5.0 (compatible; bingbot/2.0; +http://www.bing.com/bingbot.htm)" "mantech8.com"
157.55.39.138 - - [12/Dec/2022:06:12:48 -0800] "GET /index.php/8d2e4cfdbd HTTP/1.1" 200 65071 "-" "Mozilla/5.0 (compatible; bingbot/2.0; +http://www.bing.com/bingbot.htm)" "mantech8.com"
114.119.141.93 - - [12/Dec/2022:06:12:52 -0800] "GET /bimages/scafg/thump/tdzkwgpdvx.php HTTP/1.1" 200 32 "http://www.mantech8.com/bimages/scafg/thump/" "Mozilla/5.0 (Linux; Android 7.0;) AppleWebKit/537.36 (KHTML, like Gecko) Mobile Safari/537.36 (compatible; PetalBot;+https://webmaster.petalsearch.com/site/petalbot)" "www.mantech8.com"
157.55.39.138 - - [12/Dec/2022:06:12:49 -0800] "GET /index.php/yhfg-f2cab-ponou.ii HTTP/1.1" 200 67658 "-" "Mozilla/5.0 AppleWebKit/537.36 (KHTML, like Gecko; compatible; bingbot/2.0; +http://www.bing.com/bingbot.htm) Chrome/103.0.5060.134 Safari/537.36" "mantech8.com"
185.191.171.37 - - [12/Dec/2022:06:13:15 -0800] "GET /?camp-fire%2F33659908.html HTTP/1.1" 500 - "-" "Mozilla/5.0 (compatible; SemrushBot/7~bl; +http://www.semrush.com/bot.html)" "mantech8.com"
207.46.13.163 - - [12/Dec/2022:06:13:54 -0800] "GET /index.php/hfdr-8e6fbaad-io95t.ii HTTP/1.1" 200 68530 "-" "Mozilla/5.0 AppleWebKit/537.36 (KHTML, like Gecko; compatible; bingbot/2.0; +http://www.bing.com/bingbot.htm) Chrome/103.0.5060.134 Safari/537.36" "mantech8.com"
207.46.13.163 - - [12/Dec/2022:06:13:55 -0800] "GET /index.php/4626accb HTTP/1.1" 200 65995 "-" "Mozilla/5.0 AppleWebKit/537.36 (KHTML, like Gecko; compatible; bingbot/2.0; +http://www.bing.com/bingbot.htm) Chrome/103.0.5060.134 Safari/537.36" "mantech8.com"
207.46.13.163 - - [12/Dec/2022:06:13:57 -0800] "GET /index.php/1ce69cee HTTP/1.1" 200 70279 "-" "Mozilla/5.0 (compatible; bingbot/2.0; +http://www.bing.com/bingbot.htm)" "mantech8.com"
207.46.13.163 - - [12/Dec/2022:06:14:04 -0800] "GET /index.php/s0kv-c2dbf-ozlbz.ii HTTP/1.1" 200 62566 "-" "Mozilla/5.0 (compatible; bingbot/2.0; +http://www.bing.com/bingbot.htm)" "mantech8.com"
185.191.171.40 - - [12/Dec/2022:06:14:29 -0800] "GET /?camp-fire%2F54827934.html HTTP/1.1" 500 - "-" "Mozilla/5.0 (compatible; SemrushBot/7~bl; +http://www.semrush.com/bot.html)" "mantech8.com"
185.191.171.40 - - [12/Dec/2022:06:15:05 -0800] "GET /?camp-fire%2F35454325.html HTTP/1.1" 500 - "-" "Mozilla/5.0 (compatible; SemrushBot/7~bl; +http://www.semrush.com/bot.html)" "mantech8.com"
103.131.71.159 - - [12/Dec/2022:06:15:47 -0800] "GET /robots.txt HTTP/1.1" 200 106 "-" "Mozilla/5.0 (compatible; coccocbot-web/1.0; +http://help.coccoc.com/searchengine)" "mantech8.com"
185.191.171.26 - - [12/Dec/2022:06:16:09 -0800] "GET /?camp-fire%2F22521780.html HTTP/1.1" 500 - "-" "Mozilla/5.0 (compatible; SemrushBot/7~bl; +http://www.semrush.com/bot.html)" "mantech8.com"
207.46.13.163 - - [12/Dec/2022:06:16:44 -0800] "GET /index.php/wtzk-4faad-n1mom.ii HTTP/1.1" 200 68165 "-" "Mozilla/5.0 AppleWebKit/537.36 (KHTML, like Gecko; compatible; bingbot/2.0; +http://www.bing.com/bingbot.htm) Chrome/103.0.5060.134 Safari/537.36" "mantech8.com"
207.46.13.163 - - [12/Dec/2022:06:16:46 -0800] "GET /index.php/zjed-2d77cabeb-cz2h3.ii HTTP/1.1" 200 67776 "-" "Mozilla/5.0 AppleWebKit/537.36 (KHTML, like Gecko; compatible; bingbot/2.0; +http://www.bing.com/bingbot.htm) Chrome/103.0.5060.134 Safari/537.36" "mantech8.com"
157.55.39.138 - - [12/Dec/2022:06:16:48 -0800] "GET /index.php/egy1-9dbbefac-vdirk.ii HTTP/1.1" 200 71434 "-" "Mozilla/5.0 AppleWebKit/537.36 (KHTML, like Gecko; compatible; bingbot/2.0; +http://www.bing.com/bingbot.htm) Chrome/103.0.5060.134 Safari/537.36" "mantech8.com"
157.55.39.138 - - [12/Dec/2022:06:16:49 -0800] "GET /index.php/pstd-d002eecd-iwmec.ii HTTP/1.1" 200 72896 "-" "Mozilla/5.0 (compatible; bingbot/2.0; +http://www.bing.com/bingbot.htm)" "mantech8.com"
157.55.39.138 - - [12/Dec/2022:06:16:51 -0800] "GET /index.php/41ca HTTP/1.1" 200 65436 "-" "Mozilla/5.0 (compatible; bingbot/2.0; +http://www.bing.com/bingbot.htm)" "mantech8.com"
157.55.39.138 - - [12/Dec/2022:06:16:52 -0800] "GET /index.php/wf2o-f2ebed-g7tpr.ii HTTP/1.1" 200 63740 "-" "Mozilla/5.0 (compatible; bingbot/2.0; +http://www.bing.com/bingbot.htm)" "mantech8.com"
185.191.171.14 - - [12/Dec/2022:06:16:53 -0800] "GET /?camp-fire%2F83778621.html HTTP/1.1" 500 - "-" "Mozilla/5.0 (compatible; SemrushBot/7~bl; +http://www.semrush.com/bot.html)" "mantech8.com"
185.191.171.36 - - [12/Dec/2022:06:17:00 -0800] "GET /?camp-fire%2F37340241.html HTTP/1.1" 500 - "-" "Mozilla/5.0 (compatible; SemrushBot/7~bl; +http://www.semrush.com/bot.html)" "mantech8.com"
207.46.13.163 - - [12/Dec/2022:06:17:03 -0800] "GET /index.php/cdeed HTTP/1.1" 200 75304 "-" "Mozilla/5.0 (compatible; bingbot/2.0; +http://www.bing.com/bingbot.htm)" "mantech8.com"
185.191.171.33 - - [12/Dec/2022:06:17:20 -0800] "GET /?camp-fire%2F40594138.html HTTP/1.1" 500 - "-" "Mozilla/5.0 (compatible; SemrushBot/7~bl; +http://www.semrush.com/bot.html)" "mantech8.com"
157.55.39.138 - - [12/Dec/2022:06:17:27 -0800] "GET /index.php/KJZ2-01111aafd-hAYOA.Ii HTTP/1.1" 200 66055 "-" "Mozilla/5.0 AppleWebKit/537.36 (KHTML, like Gecko; compatible; bingbot/2.0; +http://www.bing.com/bingbot.htm) Chrome/103.0.5060.134 Safari/537.36" "mantech8.com"
185.191.171.11 - - [12/Dec/2022:06:17:59 -0800] "GET /?camp-fire%2F34019125.html HTTP/1.1" 500 - "-" "Mozilla/5.0 (compatible; SemrushBot/7~bl; +http://www.semrush.com/bot.html)" "mantech8.com"
185.191.171.7 - - [12/Dec/2022:06:19:03 -0800] "GET /?camp-fire%2F38078472.html HTTP/1.1" 500 - "-" "Mozilla/5.0 (compatible; SemrushBot/7~bl; +http://www.semrush.com/bot.html)" "mantech8.com"
185.191.171.13 - - [12/Dec/2022:06:20:11 -0800] "GET /?camp-fire%2F27179365.html HTTP/1.1" 500 - "-" "Mozilla/5.0 (compatible; SemrushBot/7~bl; +http://www.semrush.com/bot.html)" "mantech8.com"
185.191.171.40 - - [12/Dec/2022:06:20:43 -0800] "GET /?camp-fire%2F43130734.html HTTP/1.1" 500 - "-" "Mozilla/5.0 (compatible; SemrushBot/7~bl; +http://www.semrush.com/bot.html)" "mantech8.com"
207.46.13.163 - - [12/Dec/2022:06:20:54 -0800] "GET /index.php/aqji-d8ffbebfa-nsuva.ii HTTP/1.1" 200 63062 "-" "Mozilla/5.0 (compatible; bingbot/2.0; +http://www.bing.com/bingbot.htm)" "mantech8.com"
207.46.13.163 - - [12/Dec/2022:06:21:14 -0800] "GET /index.php/wtzk-a4589dcd-n22hf.ii HTTP/1.1" 200 63450 "-" "Mozilla/5.0 (compatible; bingbot/2.0; +http://www.bing.com/bingbot.htm)" "mantech8.com"
185.191.171.7 - - [12/Dec/2022:06:21:21 -0800] "GET /?camp-fire%2F32398560.html HTTP/1.1" 500 - "-" "Mozilla/5.0 (compatible; SemrushBot/7~bl; +http://www.semrush.com/bot.html)" "mantech8.com"
185.191.171.3 - - [12/Dec/2022:06:21:30 -0800] "GET /?camp-fire%2F40572927.html HTTP/1.1" 500 - "-" "Mozilla/5.0 (compatible; SemrushBot/7~bl; +http://www.semrush.com/bot.html)" "mantech8.com"
157.55.39.138 - - [12/Dec/2022:06:22:38 -0800] "GET /index.php/Mcko-fae6edcc-VtOMB.Ii HTTP/1.1" 200 74189 "-" "Mozilla/5.0 (compatible; bingbot/2.0; +http://www.bing.com/bingbot.htm)" "mantech8.com"
157.55.39.138 - - [12/Dec/2022:06:22:38 -0800] "GET /index.php/pstd-4f9d0edb-is1mt.ii HTTP/1.1" 200 63099 "-" "Mozilla/5.0 (compatible; bingbot/2.0; +http://www.bing.com/bingbot.htm)" "mantech8.com"
157.55.39.138 - - [12/Dec/2022:06:22:39 -0800] "GET /index.php/c674eefcfa HTTP/1.1" 200 72898 "-" "Mozilla/5.0 (compatible; bingbot/2.0; +http://www.bing.com/bingbot.htm)" "mantech8.com"
157.55.39.138 - - [12/Dec/2022:06:22:40 -0800] "GET /index.php/wf2o-57fd-g5vey.ii HTTP/1.1" 200 61821 "-" "Mozilla/5.0 AppleWebKit/537.36 (KHTML, like Gecko; compatible; bingbot/2.0; +http://www.bing.com/bingbot.htm) Chrome/103.0.5060.134 Safari/537.36" "mantech8.com"
157.55.39.138 - - [12/Dec/2022:06:22:41 -0800] "GET /index.php/6d5d1cfedd HTTP/1.1" 200 67633 "-" "Mozilla/5.0 (compatible; bingbot/2.0; +http://www.bing.com/bingbot.htm)" "mantech8.com"
157.55.39.138 - - [12/Dec/2022:06:22:42 -0800] "GET /index.php/nwtf-e6ddf-3p2jh.ii HTTP/1.1" 200 65499 "-" "Mozilla/5.0 AppleWebKit/537.36 (KHTML, like Gecko; compatible; bingbot/2.0; +http://www.bing.com/bingbot.htm) Chrome/103.0.5060.134 Safari/537.36" "mantech8.com"
157.55.39.138 - - [12/Dec/2022:06:22:43 -0800] "GET /index.php/f06ecbdcb HTTP/1.1" 200 67808 "-" "Mozilla/5.0 AppleWebKit/537.36 (KHTML, like Gecko; compatible; bingbot/2.0; +http://www.bing.com/bingbot.htm) Chrome/103.0.5060.134 Safari/537.36" "mantech8.com"
207.46.13.163 - - [12/Dec/2022:06:22:47 -0800] "GET /index.php/s0kv-2b909cfcd-osgfy.ii HTTP/1.1" 200 72219 "-" "Mozilla/5.0 AppleWebKit/537.36 (KHTML, like Gecko; compatible; bingbot/2.0; +http://www.bing.com/bingbot.htm) Chrome/103.0.5060.134 Safari/537.36" "mantech8.com"
114.119.148.13 - - [12/Dec/2022:06:22:52 -0800] "GET /limunu.xml HTTP/1.1" 404 88 "-" "Mozilla/5.0 (compatible;PetalBot;+https://webmaster.petalsearch.com/site/petalbot)" "mantech8.com"
185.191.171.12 - - [12/Dec/2022:06:22:56 -0800] "GET /?camp-fire%2F54269072.html HTTP/1.1" 500 - "-" "Mozilla/5.0 (compatible; SemrushBot/7~bl; +http://www.semrush.com/bot.html)" "mantech8.com"
185.191.171.5 - - [12/Dec/2022:06:23:30 -0800] "GET /?camp-fire%2F38451268.html HTTP/1.1" 500 - "-" "Mozilla/5.0 (compatible; SemrushBot/7~bl; +http://www.semrush.com/bot.html)" "mantech8.com"
185.191.171.33 - - [12/Dec/2022:06:23:51 -0800] "GET /?camp-fire%2F38733630.html HTTP/1.1" 500 - "-" "Mozilla/5.0 (compatible; SemrushBot/7~bl; +http://www.semrush.com/bot.html)" "mantech8.com"
207.46.13.163 - - [12/Dec/2022:06:24:44 -0800] "GET /index.php/NAQ6-b0deacdbf-IutGC.Ii HTTP/1.1" 200 64317 "-" "Mozilla/5.0 AppleWebKit/537.36 (KHTML, like Gecko; compatible; bingbot/2.0; +http://www.bing.com/bingbot.htm) Chrome/103.0.5060.134 Safari/537.36" "mantech8.com"
207.46.13.163 - - [12/Dec/2022:06:24:46 -0800] "GET /index.php/imvf-3f3defefc-ypigi.ii HTTP/1.1" 200 66230 "-" "Mozilla/5.0 (compatible; bingbot/2.0; +http://www.bing.com/bingbot.htm)" "mantech8.com"
185.191.171.40 - - [12/Dec/2022:06:25:15 -0800] "GET /?camp-fire%2F43523049.html HTTP/1.1" 500 - "-" "Mozilla/5.0 (compatible; SemrushBot/7~bl; +http://www.semrush.com/bot.html)" "mantech8.com"
185.191.171.7 - - [12/Dec/2022:06:25:35 -0800] "GET /?camp-fire%2F38094072.html HTTP/1.1" 500 - "-" "Mozilla/5.0 (compatible; SemrushBot/7~bl; +http://www.semrush.com/bot.html)" "mantech8.com"
185.191.171.10 - - [12/Dec/2022:06:26:21 -0800] "GET /?camp-fire%2F40301850.html HTTP/1.1" 500 - "-" "Mozilla/5.0 (compatible; SemrushBot/7~bl; +http://www.semrush.com/bot.html)" "mantech8.com"
114.119.130.168 - - [12/Dec/2022:06:26:47 -0800] "GET /bimages/gallery/mini.phP HTTP/1.1" 200 - "http://www.mantech8.com/bimages/gallery/" "Mozilla/5.0 (Linux; Android 7.0;) AppleWebKit/537.36 (KHTML, like Gecko) Mobile Safari/537.36 (compatible; PetalBot;+https://webmaster.petalsearch.com/site/petalbot)" "www.mantech8.com"
207.46.13.163 - - [12/Dec/2022:06:26:55 -0800] "GET /index.php/c4cbe HTTP/1.1" 200 63200 "-" "Mozilla/5.0 AppleWebKit/537.36 (KHTML, like Gecko; compatible; bingbot/2.0; +http://www.bing.com/bingbot.htm) Chrome/103.0.5060.134 Safari/537.36" "mantech8.com"
185.191.171.37 - - [12/Dec/2022:06:27:00 -0800] "GET /?camp-fire%2F40530450.html HTTP/1.1" 500 - "-" "Mozilla/5.0 (compatible; SemrushBot/7~bl; +http://www.semrush.com/bot.html)" "mantech8.com"
185.191.171.22 - - [12/Dec/2022:06:27:07 -0800] "GET /?camp-fire%2F37197478.html HTTP/1.1" 500 - "-" "Mozilla/5.0 (compatible; SemrushBot/7~bl; +http://www.semrush.com/bot.html)" "mantech8.com"
157.55.39.138 - - [12/Dec/2022:06:27:09 -0800] "GET /index.php/y5th-ed2cdfacd-ki1pi.ii HTTP/1.1" 200 63961 "-" "Mozilla/5.0 AppleWebKit/537.36 (KHTML, like Gecko; compatible; bingbot/2.0; +http://www.bing.com/bingbot.htm) Chrome/103.0.5060.134 Safari/537.36" "mantech8.com"
157.55.39.138 - - [12/Dec/2022:06:27:10 -0800] "GET /index.php/5685adccee/ba41abdddf/a1226beebd HTTP/1.1" 200 93927 "-" "Mozilla/5.0 (compatible; bingbot/2.0; +http://www.bing.com/bingbot.htm)" "mantech8.com"
157.55.39.138 - - [12/Dec/2022:06:27:11 -0800] "GET /index.php/8f3d8ecde HTTP/1.1" 200 76329 "-" "Mozilla/5.0 (compatible; bingbot/2.0; +http://www.bing.com/bingbot.htm)" "mantech8.com"
157.55.39.138 - - [12/Dec/2022:06:27:12 -0800] "GET /index.php/affa HTTP/1.1" 200 62325 "-" "Mozilla/5.0 AppleWebKit/537.36 (KHTML, like Gecko; compatible; bingbot/2.0; +http://www.bing.com/bingbot.htm) Chrome/103.0.5060.134 Safari/537.36" "mantech8.com"
157.55.39.138 - - [12/Dec/2022:06:27:13 -0800] "GET /index.php/nwtf-0e7dbbfcc-3lxzj.ii HTTP/1.1" 200 66653 "-" "Mozilla/5.0 AppleWebKit/537.36 (KHTML, like Gecko; compatible; bingbot/2.0; +http://www.bing.com/bingbot.htm) Chrome/103.0.5060.134 Safari/537.36" "mantech8.com"
157.55.39.138 - - [12/Dec/2022:06:27:20 -0800] "GET /index.php/wf2o-a5c6beadac-g6gaj.ii HTTP/1.1" 200 64193 "-" "Mozilla/5.0 (compatible; bingbot/2.0; +http://www.bing.com/bingbot.htm)" "mantech8.com"
157.55.39.138 - - [12/Dec/2022:06:27:21 -0800] "GET /index.php/nwtf-85f7edeaf-3ljnd.ii HTTP/1.1" 200 70357 "-" "Mozilla/5.0 AppleWebKit/537.36 (KHTML, like Gecko; compatible; bingbot/2.0; +http://www.bing.com/bingbot.htm) Chrome/103.0.5060.134 Safari/537.36" "mantech8.com"
114.119.148.169 - - [12/Dec/2022:06:27:34 -0800] "GET /bimages/electric/?C=M%3BO%3DA HTTP/1.1" 200 420 "http://mantech8.com/bimages/electric/?C=S%3BO%3DA" "Mozilla/5.0 (Linux; Android 7.0;) AppleWebKit/537.36 (KHTML, like Gecko) Mobile Safari/537.36 (compatible; PetalBot;+https://webmaster.petalsearch.com/site/petalbot)" "mantech8.com"
185.191.171.39 - - [12/Dec/2022:06:28:13 -0800] "GET /?camp-fire%2F41345376.html HTTP/1.1" 500 - "-" "Mozilla/5.0 (compatible; SemrushBot/7~bl; +http://www.semrush.com/bot.html)" "mantech8.com"
114.119.131.232 - - [12/Dec/2022:06:29:25 -0800] "GET /?prinker.xml HTTP/1.1" 200 270596 "-" "Mozilla/5.0 (Linux; Android 7.0;) AppleWebKit/537.36 (KHTML, like Gecko) Mobile Safari/537.36 (compatible; PetalBot;+https://webmaster.petalsearch.com/site/petalbot)" "mantech8.com"
207.46.13.163 - - [12/Dec/2022:06:29:35 -0800] "GET /index.php/ihsw-06bfcb-xsmki.ii HTTP/1.1" 200 65790 "-" "Mozilla/5.0 AppleWebKit/537.36 (KHTML, like Gecko; compatible; bingbot/2.0; +http://www.bing.com/bingbot.htm) Chrome/103.0.5060.134 Safari/537.36" "mantech8.com"
207.46.13.125 - - [12/Dec/2022:06:29:44 -0800] "GET /camp-fire/86450390.html HTTP/1.1" 404 88 "-" "Mozilla/5.0 (compatible; bingbot/2.0; +http://www.bing.com/bingbot.htm)" "www.mantech8.com"
185.191.171.9 - - [12/Dec/2022:06:29:48 -0800] "GET /?camp-fire%2F37043978.html HTTP/1.1" 500 - "-" "Mozilla/5.0 (compatible; SemrushBot/7~bl; +http://www.semrush.com/bot.html)" "mantech8.com"
185.191.171.23 - - [12/Dec/2022:06:29:59 -0800] "GET /?camp-fire%2F39565272.html HTTP/1.1" 500 - "-" "Mozilla/5.0 (compatible; SemrushBot/7~bl; +http://www.semrush.com/bot.html)" "mantech8.com"
185.191.171.13 - - [12/Dec/2022:06:30:37 -0800] "GET /?camp-fire%2F88785326.html HTTP/1.1" 500 - "-" "Mozilla/5.0 (compatible; SemrushBot/7~bl; +http://www.semrush.com/bot.html)" "mantech8.com"
185.191.171.40 - - [12/Dec/2022:06:30:51 -0800] "GET /?camp-fire%2F35250938.html HTTP/1.1" 500 - "-" "Mozilla/5.0 (compatible; SemrushBot/7~bl; +http://www.semrush.com/bot.html)" "mantech8.com"
185.191.171.18 - - [12/Dec/2022:06:31:04 -0800] "GET /?camp-fire%2F28217009.html HTTP/1.1" 500 - "-" "Mozilla/5.0 (compatible; SemrushBot/7~bl; +http://www.semrush.com/bot.html)" "mantech8.com"
207.46.13.163 - - [12/Dec/2022:06:31:16 -0800] "GET /index.php/s0kv-51cbbaeb-oxhtl.ii HTTP/1.1" 200 65183 "-" "Mozilla/5.0 AppleWebKit/537.36 (KHTML, like Gecko; compatible; bingbot/2.0; +http://www.bing.com/bingbot.htm) Chrome/103.0.5060.134 Safari/537.36" "mantech8.com"
185.191.171.44 - - [12/Dec/2022:06:31:33 -0800] "GET /?camp-fire%2F64491433.html HTTP/1.1" 500 - "-" "Mozilla/5.0 (compatible; SemrushBot/7~bl; +http://www.semrush.com/bot.html)" "mantech8.com"
114.119.136.128 - - [12/Dec/2022:06:32:11 -0800] "GET /index.php?camp-fire/22879838.html HTTP/1.1" 500 - "-" "Mozilla/5.0 (Linux; Android 7.0;) AppleWebKit/537.36 (KHTML, like Gecko) Mobile Safari/537.36 (compatible; PetalBot;+https://webmaster.petalsearch.com/site/petalbot)" "www.mantech8.com"
207.46.13.163 - - [12/Dec/2022:06:32:15 -0800] "GET /index.php/48a0adbbf HTTP/1.1" 200 65691 "-" "Mozilla/5.0 AppleWebKit/537.36 (KHTML, like Gecko; compatible; bingbot/2.0; +http://www.bing.com/bingbot.htm) Chrome/103.0.5060.134 Safari/537.36" "mantech8.com"
185.191.171.16 - - [12/Dec/2022:06:33:47 -0800] "GET /?camp-fire%2F40144788.html HTTP/1.1" 500 - "-" "Mozilla/5.0 (compatible; SemrushBot/7~bl; +http://www.semrush.com/bot.html)" "mantech8.com"
157.55.39.138 - - [12/Dec/2022:06:33:49 -0800] "GET /index.php/eaYH-d1bc-Rm4ZN.Ii HTTP/1.1" 200 75222 "-" "Mozilla/5.0 AppleWebKit/537.36 (KHTML, like Gecko; compatible; bingbot/2.0; +http://www.bing.com/bingbot.htm) Chrome/103.0.5060.134 Safari/537.36" "mantech8.com"
157.55.39.138 - - [12/Dec/2022:06:33:49 -0800] "GET /index.php/8c29bccbb HTTP/1.1" 200 63967 "-" "Mozilla/5.0 AppleWebKit/537.36 (KHTML, like Gecko; compatible; bingbot/2.0; +http://www.bing.com/bingbot.htm) Chrome/103.0.5060.134 Safari/537.36" "mantech8.com"
157.55.39.138 - - [12/Dec/2022:06:33:50 -0800] "GET /index.php/blJc-82eaa-kacBK.Ii HTTP/1.1" 200 101617 "-" "Mozilla/5.0 AppleWebKit/537.36 (KHTML, like Gecko; compatible; bingbot/2.0; +http://www.bing.com/bingbot.htm) Chrome/103.0.5060.134 Safari/537.36" "mantech8.com"
157.55.39.138 - - [12/Dec/2022:06:33:51 -0800] "GET /index.php/c1w4-c5eda-lbsjs.ii HTTP/1.1" 200 66285 "-" "Mozilla/5.0 AppleWebKit/537.36 (KHTML, like Gecko; compatible; bingbot/2.0; +http://www.bing.com/bingbot.htm) Chrome/103.0.5060.134 Safari/537.36" "mantech8.com"
157.55.39.138 - - [12/Dec/2022:06:33:51 -0800] "GET /index.php/nwtf-dd6babdf-3l2bz.ii HTTP/1.1" 200 75309 "-" "Mozilla/5.0 AppleWebKit/537.36 (KHTML, like Gecko; compatible; bingbot/2.0; +http://www.bing.com/bingbot.htm) Chrome/103.0.5060.134 Safari/537.36" "mantech8.com"
157.55.39.138 - - [12/Dec/2022:06:33:52 -0800] "GET /index.php/73ac9dda HTTP/1.1" 200 64639 "-" "Mozilla/5.0 (compatible; bingbot/2.0; +http://www.bing.com/bingbot.htm)" "mantech8.com"
157.55.39.138 - - [12/Dec/2022:06:34:30 -0800] "GET /index.php/kjz2-9caebdfb-ha01l.ii HTTP/1.1" 200 65568 "-" "Mozilla/5.0 (compatible; bingbot/2.0; +http://www.bing.com/bingbot.htm)" "mantech8.com"
157.55.39.138 - - [12/Dec/2022:06:34:30 -0800] "GET /index.php/35fc HTTP/1.1" 200 78737 "-" "Mozilla/5.0 AppleWebKit/537.36 (KHTML, like Gecko; compatible; bingbot/2.0; +http://www.bing.com/bingbot.htm) Chrome/103.0.5060.134 Safari/537.36" "mantech8.com"
157.55.39.138 - - [12/Dec/2022:06:34:50 -0800] "GET /index.php/wtzk-1ee7adedf-nlcth.ii HTTP/1.1" 200 62287 "-" "Mozilla/5.0 (compatible; bingbot/2.0; +http://www.bing.com/bingbot.htm)" "mantech8.com"
185.191.171.10 - - [12/Dec/2022:06:34:53 -0800] "GET /?camp-fire%2F33311760.html HTTP/1.1" 500 - "-" "Mozilla/5.0 (compatible; SemrushBot/7~bl; +http://www.semrush.com/bot.html)" "mantech8.com"
207.46.13.163 - - [12/Dec/2022:06:34:55 -0800] "GET /index.php/jzx6-b599feddad-fbtxp.ii HTTP/1.1" 200 60464 "-" "Mozilla/5.0 AppleWebKit/537.36 (KHTML, like Gecko; compatible; bingbot/2.0; +http://www.bing.com/bingbot.htm) Chrome/103.0.5060.134 Safari/537.36" "mantech8.com"
207.46.13.163 - - [12/Dec/2022:06:34:56 -0800] "GET /index.php/81adaebcd HTTP/1.1" 200 69180 "-" "Mozilla/5.0 (compatible; bingbot/2.0; +http://www.bing.com/bingbot.htm)" "mantech8.com"
185.191.171.11 - - [12/Dec/2022:06:35:42 -0800] "GET /?camp-fire%2F28531371.html HTTP/1.1" 500 - "-" "Mozilla/5.0 (compatible; SemrushBot/7~bl; +http://www.semrush.com/bot.html)" "mantech8.com"
207.46.13.163 - - [12/Dec/2022:06:35:56 -0800] "GET /index.php/wsum-00bef-ep5au.ii HTTP/1.1" 200 67585 "-" "Mozilla/5.0 AppleWebKit/537.36 (KHTML, like Gecko; compatible; bingbot/2.0; +http://www.bing.com/bingbot.htm) Chrome/103.0.5060.134 Safari/537.36" "mantech8.com"
207.46.13.163 - - [12/Dec/2022:06:35:58 -0800] "GET /index.php/mcko-31ecb-vthcl.ii HTTP/1.1" 200 69121 "-" "Mozilla/5.0 AppleWebKit/537.36 (KHTML, like Gecko; compatible; bingbot/2.0; +http://www.bing.com/bingbot.htm) Chrome/103.0.5060.134 Safari/537.36" "mantech8.com"
157.55.39.138 - - [12/Dec/2022:06:36:00 -0800] "GET /index.php/om8t-d8cbf-xo2et.ii HTTP/1.1" 200 68788 "-" "Mozilla/5.0 AppleWebKit/537.36 (KHTML, like Gecko; compatible; bingbot/2.0; +http://www.bing.com/bingbot.htm) Chrome/103.0.5060.134 Safari/537.36" "mantech8.com"
185.191.171.11 - - [12/Dec/2022:06:36:15 -0800] "GET /?camp-fire%2F38500430.html HTTP/1.1" 500 - "-" "Mozilla/5.0 (compatible; SemrushBot/7~bl; +http://www.semrush.com/bot.html)" "mantech8.com"
207.46.13.163 - - [12/Dec/2022:06:36:15 -0800] "GET /index.php/wtzk-732c9dfebe-nltec.ii HTTP/1.1" 200 61093 "-" "Mozilla/5.0 (compatible; bingbot/2.0; +http://www.bing.com/bingbot.htm)" "mantech8.com"
207.46.13.163 - - [12/Dec/2022:06:36:16 -0800] "GET /index.php/mcko-0f0ceabc-vguum.ii HTTP/1.1" 200 64286 "-" "Mozilla/5.0 (compatible; bingbot/2.0; +http://www.bing.com/bingbot.htm)" "mantech8.com"
185.191.171.18 - - [12/Dec/2022:06:36:21 -0800] "GET /?camp-fire%2F27340063.html HTTP/1.1" 500 - "-" "Mozilla/5.0 (compatible; SemrushBot/7~bl; +http://www.semrush.com/bot.html)" "mantech8.com"
185.191.171.9 - - [12/Dec/2022:06:36:28 -0800] "GET /?camp-fire%2F22049221.html HTTP/1.1" 500 - "-" "Mozilla/5.0 (compatible; SemrushBot/7~bl; +http://www.semrush.com/bot.html)" "mantech8.com"
216.244.66.241 - - [12/Dec/2022:06:36:30 -0800] "GET /robots.txt HTTP/1.1" 200 222 "-" "Mozilla/5.0 (compatible; DotBot/1.2; +https://opensiteexplorer.org/dotbot; help@moz.com)" "mantech8.com"
216.244.66.241 - - [12/Dec/2022:06:36:30 -0800] "GET /robots.txt HTTP/1.1" 200 222 "-" "Mozilla/5.0 (compatible; DotBot/1.2; +https://opensiteexplorer.org/dotbot; help@moz.com)" "www.mantech8.com"
185.191.171.35 - - [12/Dec/2022:06:36:36 -0800] "GET /?camp-fire%2F46188935.html HTTP/1.1" 500 - "-" "Mozilla/5.0 (compatible; SemrushBot/7~bl; +http://www.semrush.com/bot.html)" "mantech8.com"
185.191.171.8 - - [12/Dec/2022:06:36:58 -0800] "GET /?camp-fire%2F36447541.html HTTP/1.1" 500 - "-" "Mozilla/5.0 (compatible; SemrushBot/7~bl; +http://www.semrush.com/bot.html)" "mantech8.com"
185.191.171.12 - - [12/Dec/2022:06:37:05 -0800] "GET /?camp-fire%2F40084135.html HTTP/1.1" 500 - "-" "Mozilla/5.0 (compatible; SemrushBot/7~bl; +http://www.semrush.com/bot.html)" "mantech8.com"
185.191.171.35 - - [12/Dec/2022:06:37:20 -0800] "GET /?camp-fire%2F36551516.html HTTP/1.1" 500 - "-" "Mozilla/5.0 (compatible; SemrushBot/7~bl; +http://www.semrush.com/bot.html)" "mantech8.com"
185.191.171.1 - - [12/Dec/2022:06:38:55 -0800] "GET /?camp-fire%2F28280797.html HTTP/1.1" 500 - "-" "Mozilla/5.0 (compatible; SemrushBot/7~bl; +http://www.semrush.com/bot.html)" "mantech8.com"
207.46.13.163 - - [12/Dec/2022:06:39:26 -0800] "GET /index.php/bljc-b312dcbca-kwusb.ii HTTP/1.1" 200 68349 "-" "Mozilla/5.0 AppleWebKit/537.36 (KHTML, like Gecko; compatible; bingbot/2.0; +http://www.bing.com/bingbot.htm) Chrome/103.0.5060.134 Safari/537.36" "mantech8.com"
114.119.146.198 - - [12/Dec/2022:06:40:05 -0800] "GET /bimages/ework/nwknstkjnx.php HTTP/1.1" 200 32 "http://mantech8.com/bimages/ework/?C=M%3BO%3DA" "Mozilla/5.0 (Linux; Android 7.0;) AppleWebKit/537.36 (KHTML, like Gecko) Mobile Safari/537.36 (compatible; PetalBot;+https://webmaster.petalsearch.com/site/petalbot)" "mantech8.com"
207.46.13.163 - - [12/Dec/2022:06:40:16 -0800] "GET /index.php/s0kv-38eb9bbcda-oecms.ii HTTP/1.1" 200 65348 "-" "Mozilla/5.0 AppleWebKit/537.36 (KHTML, like Gecko; compatible; bingbot/2.0; +http://www.bing.com/bingbot.htm) Chrome/103.0.5060.134 Safari/537.36" "mantech8.com"
207.46.13.163 - - [12/Dec/2022:06:40:36 -0800] "GET /index.php/ihsw-1ad1cfeeed-xx9na.ii HTTP/1.1" 200 61826 "-" "Mozilla/5.0 (compatible; bingbot/2.0; +http://www.bing.com/bingbot.htm)" "mantech8.com"
185.191.171.23 - - [12/Dec/2022:06:40:38 -0800] "GET /?camp-fire%2F20896735.html HTTP/1.1" 500 - "-" "Mozilla/5.0 (compatible; SemrushBot/7~bl; +http://www.semrush.com/bot.html)" "mantech8.com"
207.46.13.163 - - [12/Dec/2022:06:40:46 -0800] "GET /index.php/aqji-c69cfacb-nezlu.ii HTTP/1.1" 200 77763 "-" "Mozilla/5.0 AppleWebKit/537.36 (KHTML, like Gecko; compatible; bingbot/2.0; +http://www.bing.com/bingbot.htm) Chrome/103.0.5060.134 Safari/537.36" "mantech8.com"
207.46.13.163 - - [12/Dec/2022:06:40:48 -0800] "GET /index.php/nwtf-f390fafece-4qvpi.ii HTTP/1.1" 200 64306 "-" "Mozilla/5.0 (compatible; bingbot/2.0; +http://www.bing.com/bingbot.htm)" "mantech8.com"
157.55.39.138 - - [12/Dec/2022:06:42:20 -0800] "GET /index.php/Mcko-b17ceabbc-Vtr3N.Ii HTTP/1.1" 200 60879 "-" "Mozilla/5.0 AppleWebKit/537.36 (KHTML, like Gecko; compatible; bingbot/2.0; +http://www.bing.com/bingbot.htm) Chrome/103.0.5060.134 Safari/537.36" "mantech8.com"
157.55.39.138 - - [12/Dec/2022:06:42:21 -0800] "GET /index.php/mcko-34f49edafd-vyss1.ii HTTP/1.1" 200 70273 "-" "Mozilla/5.0 AppleWebKit/537.36 (KHTML, like Gecko; compatible; bingbot/2.0; +http://www.bing.com/bingbot.htm) Chrome/103.0.5060.134 Safari/537.36" "mantech8.com"
157.55.39.138 - - [12/Dec/2022:06:42:22 -0800] "GET /index.php/q5w4-d5bb5ecdde-jo3je.ii HTTP/1.1" 200 63425 "-" "Mozilla/5.0 (compatible; bingbot/2.0; +http://www.bing.com/bingbot.htm)" "mantech8.com"
157.55.39.138 - - [12/Dec/2022:06:42:22 -0800] "GET /index.php/9381fcbfbf HTTP/1.1" 200 71272 "-" "Mozilla/5.0 AppleWebKit/537.36 (KHTML, like Gecko; compatible; bingbot/2.0; +http://www.bing.com/bingbot.htm) Chrome/103.0.5060.134 Safari/537.36" "mantech8.com"
157.55.39.138 - - [12/Dec/2022:06:42:23 -0800] "GET /index.php/6338fafeac HTTP/1.1" 200 66905 "-" "Mozilla/5.0 (compatible; bingbot/2.0; +http://www.bing.com/bingbot.htm)" "mantech8.com"
157.55.39.138 - - [12/Dec/2022:06:42:24 -0800] "GET /index.php/nwtf-4d4cadaaee-4aybx.ii HTTP/1.1" 200 64167 "-" "Mozilla/5.0 AppleWebKit/537.36 (KHTML, like Gecko; compatible; bingbot/2.0; +http://www.bing.com/bingbot.htm) Chrome/103.0.5060.134 Safari/537.36" "mantech8.com"
185.191.171.2 - - [12/Dec/2022:06:42:25 -0800] "GET /?camp-fire%2F28630971.html HTTP/1.1" 500 - "-" "Mozilla/5.0 (compatible; SemrushBot/7~bl; +http://www.semrush.com/bot.html)" "mantech8.com"
157.55.39.138 - - [12/Dec/2022:06:42:25 -0800] "GET /index.php/nwtf-c9c1eabda-4aufj.ii HTTP/1.1" 200 57627 "-" "Mozilla/5.0 AppleWebKit/537.36 (KHTML, like Gecko; compatible; bingbot/2.0; +http://www.bing.com/bingbot.htm) Chrome/103.0.5060.134 Safari/537.36" "mantech8.com"
185.191.171.8 - - [12/Dec/2022:06:42:30 -0800] "GET /?camp-fire%2F36436938.html HTTP/1.1" 500 - "-" "Mozilla/5.0 (compatible; SemrushBot/7~bl; +http://www.semrush.com/bot.html)" "mantech8.com"
185.191.171.25 - - [12/Dec/2022:06:43:30 -0800] "GET /?camp-fire%2F34929608.html HTTP/1.1" 500 - "-" "Mozilla/5.0 (compatible; SemrushBot/7~bl; +http://www.semrush.com/bot.html)" "mantech8.com"
157.55.39.138 - - [12/Dec/2022:06:43:33 -0800] "GET /index.php/mcko-fddecc-vg9jo.ii HTTP/1.1" 200 64585 "-" "Mozilla/5.0 (compatible; bingbot/2.0; +http://www.bing.com/bingbot.htm)" "mantech8.com"
