185.191.171.23 - - [12/Dec/2022:11:28:07 -0800] "GET /?camp-fire%2F40298617.html HTTP/1.1" 500 - "-" "Mozilla/5.0 (compatible; SemrushBot/7~bl; +http://www.semrush.com/bot.html)" "mantech8.com"
207.46.13.163 - - [12/Dec/2022:11:28:24 -0800] "GET /index.php/KJZ2-cdebaedb-ylc41.Ii HTTP/1.1" 200 82881 "-" "Mozilla/5.0 AppleWebKit/537.36 (KHTML, like Gecko; compatible; bingbot/2.0; +http://www.bing.com/bingbot.htm) Chrome/103.0.5060.134 Safari/537.36" "mantech8.com"
207.46.13.163 - - [12/Dec/2022:11:28:44 -0800] "GET /index.php/K937-0e6fbaeb-7PiTt.Ii HTTP/1.1" 200 76123 "-" "Mozilla/5.0 AppleWebKit/537.36 (KHTML, like Gecko; compatible; bingbot/2.0; +http://www.bing.com/bingbot.htm) Chrome/103.0.5060.134 Safari/537.36" "mantech8.com"
207.46.13.163 - - [12/Dec/2022:11:28:45 -0800] "GET /index.php/b6acad HTTP/1.1" 200 66186 "-" "Mozilla/5.0 AppleWebKit/537.36 (KHTML, like Gecko; compatible; bingbot/2.0; +http://www.bing.com/bingbot.htm) Chrome/103.0.5060.134 Safari/537.36" "mantech8.com"
185.191.171.42 - - [12/Dec/2022:11:29:04 -0800] "GET /?camp-fire%2F37038978.html HTTP/1.1" 500 - "-" "Mozilla/5.0 (compatible; SemrushBot/7~bl; +http://www.semrush.com/bot.html)" "mantech8.com"
185.191.171.11 - - [12/Dec/2022:11:29:19 -0800] "GET /?camp-fire%2F9041042.html HTTP/1.1" 500 - "-" "Mozilla/5.0 (compatible; SemrushBot/7~bl; +http://www.semrush.com/bot.html)" "mantech8.com"
185.191.171.22 - - [12/Dec/2022:11:29:20 -0800] "GET /?camp-fire%2F63188788.html HTTP/1.1" 500 - "-" "Mozilla/5.0 (compatible; SemrushBot/7~bl; +http://www.semrush.com/bot.html)" "mantech8.com"
185.191.171.18 - - [12/Dec/2022:11:29:32 -0800] "GET /?camp-fire%2F29447971.html HTTP/1.1" 500 - "-" "Mozilla/5.0 (compatible; SemrushBot/7~bl; +http://www.semrush.com/bot.html)" "mantech8.com"
207.46.13.163 - - [12/Dec/2022:11:30:05 -0800] "GET /index.php/wtzk-a2fbfefda-n2tsh.ii HTTP/1.1" 200 67972 "-" "Mozilla/5.0 AppleWebKit/537.36 (KHTML, like Gecko; compatible; bingbot/2.0; +http://www.bing.com/bingbot.htm) Chrome/103.0.5060.134 Safari/537.36" "mantech8.com"
185.191.171.39 - - [12/Dec/2022:11:30:06 -0800] "GET /hydro.php HTTP/1.1" 200 14239 "-" "Mozilla/5.0 (compatible; SemrushBot/7~bl; +http://www.semrush.com/bot.html)" "www.mantech8.com"
185.191.171.19 - - [12/Dec/2022:11:30:08 -0800] "GET /?camp-fire%2F37972760.html HTTP/1.1" 500 - "-" "Mozilla/5.0 (compatible; SemrushBot/7~bl; +http://www.semrush.com/bot.html)" "mantech8.com"
185.191.171.39 - - [12/Dec/2022:11:30:23 -0800] "GET /?camp-fire%2F69601834.html HTTP/1.1" 500 - "-" "Mozilla/5.0 (compatible; SemrushBot/7~bl; +http://www.semrush.com/bot.html)" "mantech8.com"
207.46.13.163 - - [12/Dec/2022:11:30:44 -0800] "GET /index.php/8caf HTTP/1.1" 200 72811 "-" "Mozilla/5.0 AppleWebKit/537.36 (KHTML, like Gecko; compatible; bingbot/2.0; +http://www.bing.com/bingbot.htm) Chrome/103.0.5060.134 Safari/537.36" "mantech8.com"
207.46.13.163 - - [12/Dec/2022:11:31:25 -0800] "GET /index.php/hfdr-1ce5dedfd-ikwyh.ii HTTP/1.1" 200 60210 "-" "Mozilla/5.0 (compatible; bingbot/2.0; +http://www.bing.com/bingbot.htm)" "mantech8.com"
207.46.13.163 - - [12/Dec/2022:11:31:26 -0800] "GET /index.php/nwtf-f390fafece-4qvpi.ii HTTP/1.1" 200 63983 "-" "Mozilla/5.0 AppleWebKit/537.36 (KHTML, like Gecko; compatible; bingbot/2.0; +http://www.bing.com/bingbot.htm) Chrome/103.0.5060.134 Safari/537.36" "mantech8.com"
185.191.171.37 - - [12/Dec/2022:11:32:01 -0800] "GET /?camp-fire%2F5276259.html HTTP/1.1" 500 - "-" "Mozilla/5.0 (compatible; SemrushBot/7~bl; +http://www.semrush.com/bot.html)" "mantech8.com"
185.191.171.39 - - [12/Dec/2022:11:32:09 -0800] "GET /?camp-fire%2F36952435.html HTTP/1.1" 500 - "-" "Mozilla/5.0 (compatible; SemrushBot/7~bl; +http://www.semrush.com/bot.html)" "mantech8.com"
207.46.13.163 - - [12/Dec/2022:11:33:04 -0800] "GET /index.php/bmk0-27ead-6uwxs.ii HTTP/1.1" 200 65879 "-" "Mozilla/5.0 (compatible; bingbot/2.0; +http://www.bing.com/bingbot.htm)" "mantech8.com"
207.46.13.163 - - [12/Dec/2022:11:33:05 -0800] "GET /index.php/s0kv-51cbbaeb-oxhtl.ii HTTP/1.1" 200 65530 "-" "Mozilla/5.0 (compatible; bingbot/2.0; +http://www.bing.com/bingbot.htm)" "mantech8.com"
157.55.39.138 - - [12/Dec/2022:11:33:08 -0800] "GET /index.php/Pstd-9bdf-iWyu6.Ii HTTP/1.1" 200 72260 "-" "Mozilla/5.0 AppleWebKit/537.36 (KHTML, like Gecko; compatible; bingbot/2.0; +http://www.bing.com/bingbot.htm) Chrome/103.0.5060.134 Safari/537.36" "mantech8.com"
157.55.39.138 - - [12/Dec/2022:11:33:09 -0800] "GET /index.php/WtZk-37bbee-n2Rzr.Ii HTTP/1.1" 200 75240 "-" "Mozilla/5.0 (compatible; bingbot/2.0; +http://www.bing.com/bingbot.htm)" "mantech8.com"
157.55.39.138 - - [12/Dec/2022:11:33:10 -0800] "GET /index.php/Pstd-07c9ecbdeb-iS7eK.Ii HTTP/1.1" 200 71511 "-" "Mozilla/5.0 (compatible; bingbot/2.0; +http://www.bing.com/bingbot.htm)" "mantech8.com"
157.55.39.138 - - [12/Dec/2022:11:33:10 -0800] "GET /index.php/1zve-174feebad-jvaar.ii HTTP/1.1" 200 70299 "-" "Mozilla/5.0 AppleWebKit/537.36 (KHTML, like Gecko; compatible; bingbot/2.0; +http://www.bing.com/bingbot.htm) Chrome/103.0.5060.134 Safari/537.36" "mantech8.com"
157.55.39.138 - - [12/Dec/2022:11:33:11 -0800] "GET /index.php/31l7-5a5b5cffee-ouvtb.ii HTTP/1.1" 200 69859 "-" "Mozilla/5.0 (compatible; bingbot/2.0; +http://www.bing.com/bingbot.htm)" "mantech8.com"
185.191.171.40 - - [12/Dec/2022:11:33:18 -0800] "GET /?camp-fire%2F40167888.html HTTP/1.1" 500 - "-" "Mozilla/5.0 (compatible; SemrushBot/7~bl; +http://www.semrush.com/bot.html)" "mantech8.com"
157.55.39.138 - - [12/Dec/2022:11:33:18 -0800] "GET /index.php/nwtf-dd6babdf-3l2bz.ii HTTP/1.1" 200 75554 "-" "Mozilla/5.0 AppleWebKit/537.36 (KHTML, like Gecko; compatible; bingbot/2.0; +http://www.bing.com/bingbot.htm) Chrome/103.0.5060.134 Safari/537.36" "mantech8.com"
157.55.39.138 - - [12/Dec/2022:11:33:19 -0800] "GET /index.php/egy1-9dcd-vsumw.ii HTTP/1.1" 200 63635 "-" "Mozilla/5.0 AppleWebKit/537.36 (KHTML, like Gecko; compatible; bingbot/2.0; +http://www.bing.com/bingbot.htm) Chrome/103.0.5060.134 Safari/537.36" "mantech8.com"
157.55.39.138 - - [12/Dec/2022:11:33:38 -0800] "GET /index.php/mcko-eacfd-vt22z.ii HTTP/1.1" 200 66066 "-" "Mozilla/5.0 AppleWebKit/537.36 (KHTML, like Gecko; compatible; bingbot/2.0; +http://www.bing.com/bingbot.htm) Chrome/103.0.5060.134 Safari/537.36" "mantech8.com"
207.46.13.125 - - [12/Dec/2022:11:33:45 -0800] "GET /index.php/1zve-0b0fdadbf-jvvto.ii HTTP/1.1" 200 66772 "-" "Mozilla/5.0 (compatible; bingbot/2.0; +http://www.bing.com/bingbot.htm)" "mantech8.com"
207.46.13.125 - - [12/Dec/2022:11:33:45 -0800] "GET /index.php/nwtf-8ecd-3pqsg.ii HTTP/1.1" 200 67183 "-" "Mozilla/5.0 AppleWebKit/537.36 (KHTML, like Gecko; compatible; bingbot/2.0; +http://www.bing.com/bingbot.htm) Chrome/103.0.5060.134 Safari/537.36" "mantech8.com"
207.46.13.125 - - [12/Dec/2022:11:33:46 -0800] "GET /index.php/aps-9d40adffb-oouge.ii HTTP/1.1" 200 63910 "-" "Mozilla/5.0 (compatible; bingbot/2.0; +http://www.bing.com/bingbot.htm)" "mantech8.com"
207.46.13.125 - - [12/Dec/2022:11:33:47 -0800] "GET /index.php/nwtf-5f6babecb-3ppld.ii HTTP/1.1" 200 74327 "-" "Mozilla/5.0 AppleWebKit/537.36 (KHTML, like Gecko; compatible; bingbot/2.0; +http://www.bing.com/bingbot.htm) Chrome/103.0.5060.134 Safari/537.36" "mantech8.com"
207.46.13.125 - - [12/Dec/2022:11:33:47 -0800] "GET /index.php/pstd-2bf7bcfceb-iw7sx.ii HTTP/1.1" 200 65171 "-" "Mozilla/5.0 (compatible; bingbot/2.0; +http://www.bing.com/bingbot.htm)" "mantech8.com"
207.46.13.125 - - [12/Dec/2022:11:33:48 -0800] "GET /index.php/wtzk-a6fde-np6ot.ii HTTP/1.1" 200 68809 "-" "Mozilla/5.0 AppleWebKit/537.36 (KHTML, like Gecko; compatible; bingbot/2.0; +http://www.bing.com/bingbot.htm) Chrome/103.0.5060.134 Safari/537.36" "mantech8.com"
157.55.39.138 - - [12/Dec/2022:11:33:48 -0800] "GET /index.php/d4f2cdceb HTTP/1.1" 200 101366 "-" "Mozilla/5.0 (compatible; bingbot/2.0; +http://www.bing.com/bingbot.htm)" "mantech8.com"
40.77.167.4 - - [12/Dec/2022:11:33:55 -0800] "GET /index.php/Wf2o-71c6afce-G4Ygt.Ii HTTP/1.1" 200 73245 "-" "Mozilla/5.0 AppleWebKit/537.36 (KHTML, like Gecko; compatible; bingbot/2.0; +http://www.bing.com/bingbot.htm) Chrome/103.0.5060.134 Safari/537.36" "mantech8.com"
40.77.167.4 - - [12/Dec/2022:11:33:56 -0800] "GET /index.php/nWTf-94cee-3lUhq.Ii HTTP/1.1" 200 64953 "-" "Mozilla/5.0 AppleWebKit/537.36 (KHTML, like Gecko; compatible; bingbot/2.0; +http://www.bing.com/bingbot.htm) Chrome/103.0.5060.134 Safari/537.36" "mantech8.com"
40.77.167.4 - - [12/Dec/2022:11:33:57 -0800] "GET /index.php/Pstd-664fbcaad-iXy5z.Ii HTTP/1.1" 200 69164 "-" "Mozilla/5.0 AppleWebKit/537.36 (KHTML, like Gecko; compatible; bingbot/2.0; +http://www.bing.com/bingbot.htm) Chrome/103.0.5060.134 Safari/537.36" "mantech8.com"
40.77.167.4 - - [12/Dec/2022:11:33:58 -0800] "GET /index.php/Mcko-779bdddcbf-Vyk8W.Ii HTTP/1.1" 200 60538 "-" "Mozilla/5.0 (compatible; bingbot/2.0; +http://www.bing.com/bingbot.htm)" "mantech8.com"
40.77.167.4 - - [12/Dec/2022:11:33:59 -0800] "GET /index.php/5368faeedd HTTP/1.1" 200 68208 "-" "Mozilla/5.0 (compatible; bingbot/2.0; +http://www.bing.com/bingbot.htm)" "mantech8.com"
40.77.167.4 - - [12/Dec/2022:11:34:00 -0800] "GET /index.php/bd45befcc HTTP/1.1" 200 65501 "-" "Mozilla/5.0 AppleWebKit/537.36 (KHTML, like Gecko; compatible; bingbot/2.0; +http://www.bing.com/bingbot.htm) Chrome/103.0.5060.134 Safari/537.36" "mantech8.com"
40.77.167.4 - - [12/Dec/2022:11:34:00 -0800] "GET /index.php/GVdr-9aaf-vJtLX.Ii HTTP/1.1" 200 67890 "-" "Mozilla/5.0 (compatible; bingbot/2.0; +http://www.bing.com/bingbot.htm)" "mantech8.com"
40.77.167.4 - - [12/Dec/2022:11:34:01 -0800] "GET /index.php/nWTf-396fadfd-4AEck.Ii HTTP/1.1" 200 60047 "-" "Mozilla/5.0 (compatible; bingbot/2.0; +http://www.bing.com/bingbot.htm)" "mantech8.com"
207.46.13.125 - - [12/Dec/2022:11:34:06 -0800] "GET /index.php/bljc-7f66bdfcb-ksiru.ii HTTP/1.1" 200 68709 "-" "Mozilla/5.0 (compatible; bingbot/2.0; +http://www.bing.com/bingbot.htm)" "mantech8.com"
207.46.13.163 - - [12/Dec/2022:11:34:25 -0800] "GET /index.php/hfdr-8e6fbaad-io95t.ii HTTP/1.1" 200 68689 "-" "Mozilla/5.0 AppleWebKit/537.36 (KHTML, like Gecko; compatible; bingbot/2.0; +http://www.bing.com/bingbot.htm) Chrome/103.0.5060.134 Safari/537.36" "mantech8.com"
207.46.13.163 - - [12/Dec/2022:11:34:25 -0800] "GET /index.php/4626accb HTTP/1.1" 200 66579 "-" "Mozilla/5.0 (compatible; bingbot/2.0; +http://www.bing.com/bingbot.htm)" "mantech8.com"
207.46.13.163 - - [12/Dec/2022:11:34:27 -0800] "GET /index.php/egy1-8d4cfedd-vepou.ii HTTP/1.1" 200 71526 "-" "Mozilla/5.0 AppleWebKit/537.36 (KHTML, like Gecko; compatible; bingbot/2.0; +http://www.bing.com/bingbot.htm) Chrome/103.0.5060.134 Safari/537.36" "mantech8.com"
157.55.39.138 - - [12/Dec/2022:11:34:29 -0800] "GET /index.php/pnmt-67cbeefca-frgvi.ii HTTP/1.1" 200 68849 "-" "Mozilla/5.0 AppleWebKit/537.36 (KHTML, like Gecko; compatible; bingbot/2.0; +http://www.bing.com/bingbot.htm) Chrome/103.0.5060.134 Safari/537.36" "mantech8.com"
207.46.13.125 - - [12/Dec/2022:11:34:34 -0800] "GET /index.php/vmbp-dd9fcbcffe-ummsf.ii HTTP/1.1" 200 64175 "-" "Mozilla/5.0 AppleWebKit/537.36 (KHTML, like Gecko; compatible; bingbot/2.0; +http://www.bing.com/bingbot.htm) Chrome/103.0.5060.134 Safari/537.36" "mantech8.com"
207.46.13.163 - - [12/Dec/2022:11:34:39 -0800] "GET /index.php/6abc8bcbc HTTP/1.1" 200 67446 "-" "Mozilla/5.0 (compatible; bingbot/2.0; +http://www.bing.com/bingbot.htm)" "mantech8.com"
157.55.39.138 - - [12/Dec/2022:11:34:39 -0800] "GET /index.php/98fdacdd HTTP/1.1" 200 66166 "-" "Mozilla/5.0 (compatible; bingbot/2.0; +http://www.bing.com/bingbot.htm)" "mantech8.com"
207.46.13.163 - - [12/Dec/2022:11:34:39 -0800] "GET /index.php/81adaebcd HTTP/1.1" 200 69210 "-" "Mozilla/5.0 (compatible; bingbot/2.0; +http://www.bing.com/bingbot.htm)" "mantech8.com"
207.46.13.125 - - [12/Dec/2022:11:34:47 -0800] "GET /index.php/yhfg-7e3dcccc-pimcc.ii HTTP/1.1" 200 70752 "-" "Mozilla/5.0 AppleWebKit/537.36 (KHTML, like Gecko; compatible; bingbot/2.0; +http://www.bing.com/bingbot.htm) Chrome/103.0.5060.134 Safari/537.36" "mantech8.com"
207.46.13.125 - - [12/Dec/2022:11:34:49 -0800] "GET /index.php/kjz2-d6bbc-ypw91.ii HTTP/1.1" 200 63878 "-" "Mozilla/5.0 (compatible; bingbot/2.0; +http://www.bing.com/bingbot.htm)" "mantech8.com"
207.46.13.163 - - [12/Dec/2022:11:34:55 -0800] "GET /index.php/9hdj-e2e9cfbddb-yqonh.ii HTTP/1.1" 200 70180 "-" "Mozilla/5.0 AppleWebKit/537.36 (KHTML, like Gecko; compatible; bingbot/2.0; +http://www.bing.com/bingbot.htm) Chrome/103.0.5060.134 Safari/537.36" "mantech8.com"
207.46.13.125 - - [12/Dec/2022:11:35:14 -0800] "GET /index.php/q5W4-a9bfbcaade-jPAWz.Ii HTTP/1.1" 200 61472 "-" "Mozilla/5.0 AppleWebKit/537.36 (KHTML, like Gecko; compatible; bingbot/2.0; +http://www.bing.com/bingbot.htm) Chrome/103.0.5060.134 Safari/537.36" "mantech8.com"
207.46.13.125 - - [12/Dec/2022:11:35:44 -0800] "GET /index.php/q5W4-4f7f9fce-jLZg3.Ii HTTP/1.1" 200 71513 "-" "Mozilla/5.0 (compatible; bingbot/2.0; +http://www.bing.com/bingbot.htm)" "mantech8.com"
207.46.13.125 - - [12/Dec/2022:11:35:46 -0800] "GET /index.php/ca6decddc HTTP/1.1" 200 69671 "-" "Mozilla/5.0 AppleWebKit/537.36 (KHTML, like Gecko; compatible; bingbot/2.0; +http://www.bing.com/bingbot.htm) Chrome/103.0.5060.134 Safari/537.36" "mantech8.com"
207.46.13.125 - - [12/Dec/2022:11:36:05 -0800] "GET /index.php/mcko-7aa20deccb-vtngq.ii HTTP/1.1" 200 67291 "-" "Mozilla/5.0 (compatible; bingbot/2.0; +http://www.bing.com/bingbot.htm)" "mantech8.com"
185.191.171.6 - - [12/Dec/2022:11:36:10 -0800] "GET /?camp-fire%2F10543157.html HTTP/1.1" 500 - "-" "Mozilla/5.0 (compatible; SemrushBot/7~bl; +http://www.semrush.com/bot.html)" "mantech8.com"
185.191.171.3 - - [12/Dec/2022:11:36:13 -0800] "GET /?camp-fire%2F39556572.html HTTP/1.1" 500 - "-" "Mozilla/5.0 (compatible; SemrushBot/7~bl; +http://www.semrush.com/bot.html)" "mantech8.com"
185.191.171.38 - - [12/Dec/2022:11:36:15 -0800] "GET /?camp-fire%2F40741002.html HTTP/1.1" 500 - "-" "Mozilla/5.0 (compatible; SemrushBot/7~bl; +http://www.semrush.com/bot.html)" "mantech8.com"
185.191.171.19 - - [12/Dec/2022:11:36:38 -0800] "GET /?camp-fire%2F78900071.html HTTP/1.1" 500 - "-" "Mozilla/5.0 (compatible; SemrushBot/7~bl; +http://www.semrush.com/bot.html)" "mantech8.com"
185.191.171.7 - - [12/Dec/2022:11:37:04 -0800] "GET /?camp-fire%2F48132571.html HTTP/1.1" 500 - "-" "Mozilla/5.0 (compatible; SemrushBot/7~bl; +http://www.semrush.com/bot.html)" "mantech8.com"
207.46.13.163 - - [12/Dec/2022:11:37:15 -0800] "GET /index.php/nWTf-73beaefbe-3p5E0.Ii HTTP/1.1" 200 64444 "-" "Mozilla/5.0 AppleWebKit/537.36 (KHTML, like Gecko; compatible; bingbot/2.0; +http://www.bing.com/bingbot.htm) Chrome/103.0.5060.134 Safari/537.36" "mantech8.com"
207.46.13.163 - - [12/Dec/2022:11:37:16 -0800] "GET /index.php/pstd-766ddcdde-iwryp.ii HTTP/1.1" 200 62913 "-" "Mozilla/5.0 AppleWebKit/537.36 (KHTML, like Gecko; compatible; bingbot/2.0; +http://www.bing.com/bingbot.htm) Chrome/103.0.5060.134 Safari/537.36" "mantech8.com"
207.46.13.163 - - [12/Dec/2022:11:37:55 -0800] "GET /index.php/1ce69cee HTTP/1.1" 200 70512 "-" "Mozilla/5.0 AppleWebKit/537.36 (KHTML, like Gecko; compatible; bingbot/2.0; +http://www.bing.com/bingbot.htm) Chrome/103.0.5060.134 Safari/537.36" "mantech8.com"
185.191.171.10 - - [12/Dec/2022:11:38:07 -0800] "GET /?camp-fire%2F30031098.html HTTP/1.1" 500 - "-" "Mozilla/5.0 (compatible; SemrushBot/7~bl; +http://www.semrush.com/bot.html)" "mantech8.com"
207.46.13.163 - - [12/Dec/2022:11:38:15 -0800] "GET /index.php/mcko-9e4fcede-vteaf.ii HTTP/1.1" 200 63517 "-" "Mozilla/5.0 AppleWebKit/537.36 (KHTML, like Gecko; compatible; bingbot/2.0; +http://www.bing.com/bingbot.htm) Chrome/103.0.5060.134 Safari/537.36" "mantech8.com"
185.191.171.43 - - [12/Dec/2022:11:38:20 -0800] "GET /?camp-fire%2F35414638.html HTTP/1.1" 500 - "-" "Mozilla/5.0 (compatible; SemrushBot/7~bl; +http://www.semrush.com/bot.html)" "mantech8.com"
40.77.167.51 - - [12/Dec/2022:11:38:20 -0800] "GET /index.php/K937-3abe-722EI.Ii HTTP/1.1" 200 65941 "-" "Mozilla/5.0 (compatible; bingbot/2.0; +http://www.bing.com/bingbot.htm)" "mantech8.com"
40.77.167.51 - - [12/Dec/2022:11:38:21 -0800] "GET /index.php/31L7-04afff-oJaOx.Ii HTTP/1.1" 200 62185 "-" "Mozilla/5.0 (compatible; bingbot/2.0; +http://www.bing.com/bingbot.htm)" "mantech8.com"
40.77.167.51 - - [12/Dec/2022:11:38:21 -0800] "GET /index.php/ba8S-cbefcbabc-08ibI.Ii HTTP/1.1" 200 66155 "-" "Mozilla/5.0 (compatible; bingbot/2.0; +http://www.bing.com/bingbot.htm)" "mantech8.com"
40.77.167.51 - - [12/Dec/2022:11:38:22 -0800] "GET /index.php/Mcko-d8bedcda-Vgsuf.Ii HTTP/1.1" 200 59126 "-" "Mozilla/5.0 AppleWebKit/537.36 (KHTML, like Gecko; compatible; bingbot/2.0; +http://www.bing.com/bingbot.htm) Chrome/103.0.5060.134 Safari/537.36" "mantech8.com"
40.77.167.51 - - [12/Dec/2022:11:38:22 -0800] "GET /index.php/Mcko-716caaffc-VtmZY.Ii HTTP/1.1" 200 65073 "-" "Mozilla/5.0 AppleWebKit/537.36 (KHTML, like Gecko; compatible; bingbot/2.0; +http://www.bing.com/bingbot.htm) Chrome/103.0.5060.134 Safari/537.36" "mantech8.com"
40.77.167.51 - - [12/Dec/2022:11:38:23 -0800] "GET /index.php/nWTf-a45bdbeb-4A3cs.Ii HTTP/1.1" 200 60593 "-" "Mozilla/5.0 (compatible; bingbot/2.0; +http://www.bing.com/bingbot.htm)" "mantech8.com"
40.77.167.51 - - [12/Dec/2022:11:38:23 -0800] "GET /index.php/hFdr-668adedbc-IlC5f.Ii HTTP/1.1" 200 72963 "-" "Mozilla/5.0 AppleWebKit/537.36 (KHTML, like Gecko; compatible; bingbot/2.0; +http://www.bing.com/bingbot.htm) Chrome/103.0.5060.134 Safari/537.36" "mantech8.com"
40.77.167.51 - - [12/Dec/2022:11:38:24 -0800] "GET /index.php/s0KV-1efb2aafec-oeqbL.Ii HTTP/1.1" 200 59098 "-" "Mozilla/5.0 (compatible; bingbot/2.0; +http://www.bing.com/bingbot.htm)" "mantech8.com"
40.77.167.51 - - [12/Dec/2022:11:38:24 -0800] "GET /index.php/sa5z-4ecde-H6DEf.Ii HTTP/1.1" 200 67249 "-" "Mozilla/5.0 AppleWebKit/537.36 (KHTML, like Gecko; compatible; bingbot/2.0; +http://www.bing.com/bingbot.htm) Chrome/103.0.5060.134 Safari/537.36" "mantech8.com"
40.77.167.51 - - [12/Dec/2022:11:38:24 -0800] "GET /index.php/txf8-f8bacefea-AliSY.Ii HTTP/1.1" 200 65354 "-" "Mozilla/5.0 (compatible; bingbot/2.0; +http://www.bing.com/bingbot.htm)" "mantech8.com"
185.191.171.8 - - [12/Dec/2022:11:39:46 -0800] "GET /index.php?camp-fire%2F16245956.html HTTP/1.1" 500 - "-" "Mozilla/5.0 (compatible; SemrushBot/7~bl; +http://www.semrush.com/bot.html)" "mantech8.com"
157.55.39.138 - - [12/Dec/2022:11:39:58 -0800] "GET / HTTP/1.1" 200 64308 "-" "Mozilla/5.0 AppleWebKit/537.36 (KHTML, like Gecko; compatible; bingbot/2.0; +http://www.bing.com/bingbot.htm) Chrome/103.0.5060.134 Safari/537.36" "www.mantech8.com"
185.191.171.5 - - [12/Dec/2022:11:40:18 -0800] "GET /?camp-fire%2F30099147.html HTTP/1.1" 500 - "-" "Mozilla/5.0 (compatible; SemrushBot/7~bl; +http://www.semrush.com/bot.html)" "mantech8.com"
185.191.171.22 - - [12/Dec/2022:11:40:28 -0800] "GET /?camp-fire%2F39414517.html HTTP/1.1" 500 - "-" "Mozilla/5.0 (compatible; SemrushBot/7~bl; +http://www.semrush.com/bot.html)" "mantech8.com"
185.191.171.22 - - [12/Dec/2022:11:40:35 -0800] "GET /?camp-fire%2F37040906.html HTTP/1.1" 500 - "-" "Mozilla/5.0 (compatible; SemrushBot/7~bl; +http://www.semrush.com/bot.html)" "mantech8.com"
207.46.13.163 - - [12/Dec/2022:11:40:35 -0800] "GET /index.php/egy1-cbbed-vsphb.ii HTTP/1.1" 200 65894 "-" "Mozilla/5.0 AppleWebKit/537.36 (KHTML, like Gecko; compatible; bingbot/2.0; +http://www.bing.com/bingbot.htm) Chrome/103.0.5060.134 Safari/537.36" "mantech8.com"
185.191.171.40 - - [12/Dec/2022:11:40:37 -0800] "GET /?camp-fire%2F38839017.html HTTP/1.1" 500 - "-" "Mozilla/5.0 (compatible; SemrushBot/7~bl; +http://www.semrush.com/bot.html)" "mantech8.com"
207.46.13.163 - - [12/Dec/2022:11:40:37 -0800] "GET /index.php/pstd-73849fbca-ieten.ii HTTP/1.1" 200 67388 "-" "Mozilla/5.0 (compatible; bingbot/2.0; +http://www.bing.com/bingbot.htm)" "mantech8.com"
148.70.157.154 - - [12/Dec/2022:11:40:41 -0800] "GET / HTTP/1.1" 500 - "-" "Mozilla/5.0 (Windows NT 10.0; Win64; x64) AppleWebKit/537.36 (KHTML, like Gecko) Chrome/85.0.4183.121 Safari/537.36" "mantech8.com"
185.191.171.26 - - [12/Dec/2022:11:41:11 -0800] "GET /?camp-fire%2F39873176.html HTTP/1.1" 500 - "-" "Mozilla/5.0 (compatible; SemrushBot/7~bl; +http://www.semrush.com/bot.html)" "mantech8.com"
207.46.13.163 - - [12/Dec/2022:11:41:15 -0800] "GET /su70-e1bcdaab-ICbqs.Ii HTTP/1.1" 404 88 "-" "Mozilla/5.0 AppleWebKit/537.36 (KHTML, like Gecko; compatible; bingbot/2.0; +http://www.bing.com/bingbot.htm) Chrome/103.0.5060.134 Safari/537.36" "www.mantech8.com"
185.191.171.12 - - [12/Dec/2022:11:41:22 -0800] "GET /?camp-fire%2F34782166.html HTTP/1.1" 500 - "-" "Mozilla/5.0 (compatible; SemrushBot/7~bl; +http://www.semrush.com/bot.html)" "mantech8.com"
207.46.13.163 - - [12/Dec/2022:11:41:35 -0800] "GET /su70-e1bcdaab-ICbqs.Ii HTTP/1.1" 404 88 "-" "Mozilla/5.0 AppleWebKit/537.36 (KHTML, like Gecko; compatible; bingbot/2.0; +http://www.bing.com/bingbot.htm) Chrome/103.0.5060.134 Safari/537.36" "www.mantech8.com"
185.191.171.17 - - [12/Dec/2022:11:42:10 -0800] "GET /?camp-fire%2F28413264.html HTTP/1.1" 500 - "-" "Mozilla/5.0 (compatible; SemrushBot/7~bl; +http://www.semrush.com/bot.html)" "mantech8.com"
185.191.171.11 - - [12/Dec/2022:11:42:26 -0800] "GET /?camp-fire%2F40373702.html HTTP/1.1" 500 - "-" "Mozilla/5.0 (compatible; SemrushBot/7~bl; +http://www.semrush.com/bot.html)" "mantech8.com"
207.46.13.163 - - [12/Dec/2022:11:42:26 -0800] "GET /index.php/zjed-2d77cabeb-cz2h3.ii HTTP/1.1" 200 67021 "-" "Mozilla/5.0 AppleWebKit/537.36 (KHTML, like Gecko; compatible; bingbot/2.0; +http://www.bing.com/bingbot.htm) Chrome/103.0.5060.134 Safari/537.36" "mantech8.com"
185.191.171.13 - - [12/Dec/2022:11:42:56 -0800] "GET /?camp-fire%2F35854360.html HTTP/1.1" 500 - "-" "Mozilla/5.0 (compatible; SemrushBot/7~bl; +http://www.semrush.com/bot.html)" "mantech8.com"
40.77.167.4 - - [12/Dec/2022:11:43:14 -0800] "GET /index.php/txf8-43fceadd-ZAt2l.Ii HTTP/1.1" 200 69465 "-" "Mozilla/5.0 AppleWebKit/537.36 (KHTML, like Gecko; compatible; bingbot/2.0; +http://www.bing.com/bingbot.htm) Chrome/103.0.5060.134 Safari/537.36" "mantech8.com"
40.77.167.4 - - [12/Dec/2022:11:43:16 -0800] "GET /index.php/w1nk-70ba-6uqbj.ii HTTP/1.1" 200 68148 "-" "Mozilla/5.0 (compatible; bingbot/2.0; +http://www.bing.com/bingbot.htm)" "mantech8.com"
207.46.13.163 - - [12/Dec/2022:11:43:18 -0800] "GET /index.php/aqji-c69cfacb-nezlu.ii HTTP/1.1" 200 77758 "-" "Mozilla/5.0 (compatible; bingbot/2.0; +http://www.bing.com/bingbot.htm)" "mantech8.com"
40.77.167.4 - - [12/Dec/2022:11:43:18 -0800] "GET /index.php/mcko-9a8ddeedb-vtkk2.ii HTTP/1.1" 200 64959 "-" "Mozilla/5.0 (compatible; bingbot/2.0; +http://www.bing.com/bingbot.htm)" "mantech8.com"
207.46.13.163 - - [12/Dec/2022:11:43:19 -0800] "GET /index.php/wf2o-f3ff-g5ggd.ii HTTP/1.1" 200 64008 "-" "Mozilla/5.0 (compatible; bingbot/2.0; +http://www.bing.com/bingbot.htm)" "mantech8.com"
185.191.171.22 - - [12/Dec/2022:11:43:45 -0800] "GET /?camp-fire%2F42959387.html HTTP/1.1" 500 - "-" "Mozilla/5.0 (compatible; SemrushBot/7~bl; +http://www.semrush.com/bot.html)" "mantech8.com"
185.191.171.7 - - [12/Dec/2022:11:44:02 -0800] "GET /?camp-fire%2F27650309.html HTTP/1.1" 500 - "-" "Mozilla/5.0 (compatible; SemrushBot/7~bl; +http://www.semrush.com/bot.html)" "mantech8.com"
207.46.13.163 - - [12/Dec/2022:11:44:06 -0800] "GET /index.php/wtzk-a4589dcd-n22hf.ii HTTP/1.1" 200 63519 "-" "Mozilla/5.0 (compatible; bingbot/2.0; +http://www.bing.com/bingbot.htm)" "mantech8.com"
40.77.167.0 - - [12/Dec/2022:11:44:10 -0800] "GET /index.php/KJZ2-d7fe-hZG20.Ii HTTP/1.1" 200 63594 "-" "Mozilla/5.0 AppleWebKit/537.36 (KHTML, like Gecko; compatible; bingbot/2.0; +http://www.bing.com/bingbot.htm) Chrome/103.0.5060.134 Safari/537.36" "mantech8.com"
40.77.167.0 - - [12/Dec/2022:11:44:11 -0800] "GET /index.php/KJZ2-5fbcddac-hAHl7.Ii HTTP/1.1" 200 75094 "-" "Mozilla/5.0 AppleWebKit/537.36 (KHTML, like Gecko; compatible; bingbot/2.0; +http://www.bing.com/bingbot.htm) Chrome/103.0.5060.134 Safari/537.36" "mantech8.com"
40.77.167.0 - - [12/Dec/2022:11:44:11 -0800] "GET /index.php/s0KV-0785cdfaea-owmjj.Ii HTTP/1.1" 200 73576 "-" "Mozilla/5.0 AppleWebKit/537.36 (KHTML, like Gecko; compatible; bingbot/2.0; +http://www.bing.com/bingbot.htm) Chrome/103.0.5060.134 Safari/537.36" "mantech8.com"
40.77.167.0 - - [12/Dec/2022:11:44:12 -0800] "GET /index.php/nWTf-8bb09fba-4AGgL.Ii HTTP/1.1" 200 64325 "-" "Mozilla/5.0 (compatible; bingbot/2.0; +http://www.bing.com/bingbot.htm)" "mantech8.com"
40.77.167.0 - - [12/Dec/2022:11:44:12 -0800] "GET /index.php/mkjw-599c6dabe-bhxyj.ii HTTP/1.1" 200 64488 "-" "Mozilla/5.0 (compatible; bingbot/2.0; +http://www.bing.com/bingbot.htm)" "mantech8.com"
40.77.167.0 - - [12/Dec/2022:11:44:16 -0800] "GET /index.php/1zve-965ecbafb-jthuc.ii HTTP/1.1" 200 69764 "-" "Mozilla/5.0 AppleWebKit/537.36 (KHTML, like Gecko; compatible; bingbot/2.0; +http://www.bing.com/bingbot.htm) Chrome/103.0.5060.134 Safari/537.36" "mantech8.com"
40.77.167.0 - - [12/Dec/2022:11:44:17 -0800] "GET /index.php/pstd-339eeafb-idc1b.ii HTTP/1.1" 200 64995 "-" "Mozilla/5.0 (compatible; bingbot/2.0; +http://www.bing.com/bingbot.htm)" "mantech8.com"
40.77.167.0 - - [12/Dec/2022:11:44:18 -0800] "GET /index.php/yhfg-6b4fafdaa-pkorg.ii HTTP/1.1" 200 59991 "-" "Mozilla/5.0 (compatible; bingbot/2.0; +http://www.bing.com/bingbot.htm)" "mantech8.com"
40.77.167.0 - - [12/Dec/2022:11:44:18 -0800] "GET /index.php/pstd-1ffa-iddy8.ii HTTP/1.1" 200 64590 "-" "Mozilla/5.0 (compatible; bingbot/2.0; +http://www.bing.com/bingbot.htm)" "mantech8.com"
40.77.167.0 - - [12/Dec/2022:11:44:19 -0800] "GET /index.php/zsuz-6b7acdce-slyqf.ii HTTP/1.1" 200 64520 "-" "Mozilla/5.0 AppleWebKit/537.36 (KHTML, like Gecko; compatible; bingbot/2.0; +http://www.bing.com/bingbot.htm) Chrome/103.0.5060.134 Safari/537.36" "mantech8.com"
40.77.167.0 - - [12/Dec/2022:11:44:20 -0800] "GET /index.php/c3ff HTTP/1.1" 200 63628 "-" "Mozilla/5.0 (compatible; bingbot/2.0; +http://www.bing.com/bingbot.htm)" "mantech8.com"
40.77.167.0 - - [12/Dec/2022:11:44:20 -0800] "GET /index.php/d9da HTTP/1.1" 200 65734 "-" "Mozilla/5.0 (compatible; bingbot/2.0; +http://www.bing.com/bingbot.htm)" "mantech8.com"
40.77.167.0 - - [12/Dec/2022:11:44:23 -0800] "GET /index.php/mcko-adebfa-vbgeg.ii HTTP/1.1" 200 61689 "-" "Mozilla/5.0 AppleWebKit/537.36 (KHTML, like Gecko; compatible; bingbot/2.0; +http://www.bing.com/bingbot.htm) Chrome/103.0.5060.134 Safari/537.36" "mantech8.com"
40.77.167.0 - - [12/Dec/2022:11:44:24 -0800] "GET /index.php/nwtf-e7eab-3lasu.ii HTTP/1.1" 200 69204 "-" "Mozilla/5.0 (compatible; bingbot/2.0; +http://www.bing.com/bingbot.htm)" "mantech8.com"
40.77.167.0 - - [12/Dec/2022:11:44:24 -0800] "GET /index.php/om8t-9db26dab-eqslk.ii HTTP/1.1" 200 64524 "-" "Mozilla/5.0 AppleWebKit/537.36 (KHTML, like Gecko; compatible; bingbot/2.0; +http://www.bing.com/bingbot.htm) Chrome/103.0.5060.134 Safari/537.36" "mantech8.com"
40.77.167.0 - - [12/Dec/2022:11:44:25 -0800] "GET /index.php/egy1-33e57ccc-vcw89.ii HTTP/1.1" 200 63079 "-" "Mozilla/5.0 AppleWebKit/537.36 (KHTML, like Gecko; compatible; bingbot/2.0; +http://www.bing.com/bingbot.htm) Chrome/103.0.5060.134 Safari/537.36" "mantech8.com"
40.77.167.0 - - [12/Dec/2022:11:44:26 -0800] "GET /index.php/nwtf-47d1aafadd-4qgdc.ii HTTP/1.1" 200 73988 "-" "Mozilla/5.0 (compatible; bingbot/2.0; +http://www.bing.com/bingbot.htm)" "mantech8.com"
40.77.167.0 - - [12/Dec/2022:11:44:28 -0800] "GET /index.php/pstd-d9bddafdae-iezma.ii HTTP/1.1" 200 72796 "-" "Mozilla/5.0 (compatible; bingbot/2.0; +http://www.bing.com/bingbot.htm)" "mantech8.com"
185.191.171.17 - - [12/Dec/2022:11:44:44 -0800] "GET /?camp-fire%2F29671365.html HTTP/1.1" 500 - "-" "Mozilla/5.0 (compatible; SemrushBot/7~bl; +http://www.semrush.com/bot.html)" "mantech8.com"
185.191.171.22 - - [12/Dec/2022:11:44:57 -0800] "GET /?camp-fire%2F40162188.html HTTP/1.1" 500 - "-" "Mozilla/5.0 (compatible; SemrushBot/7~bl; +http://www.semrush.com/bot.html)" "mantech8.com"
207.46.13.163 - - [12/Dec/2022:11:45:16 -0800] "GET /index.php/91ca HTTP/1.1" 200 64542 "-" "Mozilla/5.0 AppleWebKit/537.36 (KHTML, like Gecko; compatible; bingbot/2.0; +http://www.bing.com/bingbot.htm) Chrome/103.0.5060.134 Safari/537.36" "mantech8.com"
185.191.171.15 - - [12/Dec/2022:11:45:37 -0800] "GET /?camp-fire%2F58058334.html HTTP/1.1" 500 - "-" "Mozilla/5.0 (compatible; SemrushBot/7~bl; +http://www.semrush.com/bot.html)" "mantech8.com"
157.55.39.138 - - [12/Dec/2022:11:45:48 -0800] "GET /index.php/WtZk-72d12bcd-n29f9.Ii HTTP/1.1" 200 65732 "-" "Mozilla/5.0 (compatible; bingbot/2.0; +http://www.bing.com/bingbot.htm)" "mantech8.com"
157.55.39.138 - - [12/Dec/2022:11:45:49 -0800] "GET /index.php/VMbP-44aafe-uICPD.Ii HTTP/1.1" 200 71768 "-" "Mozilla/5.0 AppleWebKit/537.36 (KHTML, like Gecko; compatible; bingbot/2.0; +http://www.bing.com/bingbot.htm) Chrome/103.0.5060.134 Safari/537.36" "mantech8.com"
157.55.39.138 - - [12/Dec/2022:11:45:49 -0800] "GET /index.php/nWTf-971bddbfc-3lR4r.Ii HTTP/1.1" 200 58958 "-" "Mozilla/5.0 AppleWebKit/537.36 (KHTML, like Gecko; compatible; bingbot/2.0; +http://www.bing.com/bingbot.htm) Chrome/103.0.5060.134 Safari/537.36" "mantech8.com"
157.55.39.138 - - [12/Dec/2022:11:45:50 -0800] "GET /index.php/Mcko-5dbbd-VgTYB.Ii HTTP/1.1" 200 63194 "-" "Mozilla/5.0 AppleWebKit/537.36 (KHTML, like Gecko; compatible; bingbot/2.0; +http://www.bing.com/bingbot.htm) Chrome/103.0.5060.134 Safari/537.36" "mantech8.com"
157.55.39.138 - - [12/Dec/2022:11:45:51 -0800] "GET /index.php/egy1-9dbbefac-vdirk.ii HTTP/1.1" 200 71886 "-" "Mozilla/5.0 AppleWebKit/537.36 (KHTML, like Gecko; compatible; bingbot/2.0; +http://www.bing.com/bingbot.htm) Chrome/103.0.5060.134 Safari/537.36" "mantech8.com"
185.191.171.2 - - [12/Dec/2022:11:45:53 -0800] "GET /?camp-fire%2F52017109.html HTTP/1.1" 500 - "-" "Mozilla/5.0 (compatible; SemrushBot/7~bl; +http://www.semrush.com/bot.html)" "mantech8.com"
157.55.39.138 - - [12/Dec/2022:11:45:52 -0800] "GET /index.php/q5w4-d5bb5ecdde-jo3je.ii HTTP/1.1" 200 62549 "-" "Mozilla/5.0 AppleWebKit/537.36 (KHTML, like Gecko; compatible; bingbot/2.0; +http://www.bing.com/bingbot.htm) Chrome/103.0.5060.134 Safari/537.36" "mantech8.com"
157.55.39.138 - - [12/Dec/2022:11:45:53 -0800] "GET /index.php/ba8s-fdad-09o1d.ii HTTP/1.1" 200 68677 "-" "Mozilla/5.0 AppleWebKit/537.36 (KHTML, like Gecko; compatible; bingbot/2.0; +http://www.bing.com/bingbot.htm) Chrome/103.0.5060.134 Safari/537.36" "mantech8.com"
157.55.39.138 - - [12/Dec/2022:11:45:54 -0800] "GET /index.php/5bae/9faf HTTP/1.1" 200 65129 "-" "Mozilla/5.0 AppleWebKit/537.36 (KHTML, like Gecko; compatible; bingbot/2.0; +http://www.bing.com/bingbot.htm) Chrome/103.0.5060.134 Safari/537.36" "mantech8.com"
157.55.39.138 - - [12/Dec/2022:11:45:55 -0800] "GET /index.php/0d904abe HTTP/1.1" 200 67339 "-" "Mozilla/5.0 (compatible; bingbot/2.0; +http://www.bing.com/bingbot.htm)" "mantech8.com"
157.55.39.138 - - [12/Dec/2022:11:45:56 -0800] "GET /index.php/su70-ded3eebbc-irhin.ii HTTP/1.1" 200 70045 "-" "Mozilla/5.0 AppleWebKit/537.36 (KHTML, like Gecko; compatible; bingbot/2.0; +http://www.bing.com/bingbot.htm) Chrome/103.0.5060.134 Safari/537.36" "mantech8.com"
40.77.167.0 - - [12/Dec/2022:11:45:58 -0800] "GET /index.php/bljc-c2de-kahzn.ii HTTP/1.1" 200 68243 "-" "Mozilla/5.0 AppleWebKit/537.36 (KHTML, like Gecko; compatible; bingbot/2.0; +http://www.bing.com/bingbot.htm) Chrome/103.0.5060.134 Safari/537.36" "mantech8.com"
157.55.39.138 - - [12/Dec/2022:11:46:03 -0800] "GET /index.php/zsuz-a9df9debd-smyt4.ii HTTP/1.1" 200 67945 "-" "Mozilla/5.0 AppleWebKit/537.36 (KHTML, like Gecko; compatible; bingbot/2.0; +http://www.bing.com/bingbot.htm) Chrome/103.0.5060.134 Safari/537.36" "mantech8.com"
157.55.39.138 - - [12/Dec/2022:11:46:03 -0800] "GET /index.php/naq6-90ffac-iuobo.ii HTTP/1.1" 200 68748 "-" "Mozilla/5.0 (compatible; bingbot/2.0; +http://www.bing.com/bingbot.htm)" "mantech8.com"
157.55.39.138 - - [12/Dec/2022:11:46:04 -0800] "GET /index.php/zsuz-5d7a9cce-soqrc.ii HTTP/1.1" 200 63925 "-" "Mozilla/5.0 AppleWebKit/537.36 (KHTML, like Gecko; compatible; bingbot/2.0; +http://www.bing.com/bingbot.htm) Chrome/103.0.5060.134 Safari/537.36" "mantech8.com"
157.55.39.138 - - [12/Dec/2022:11:46:05 -0800] "GET /index.php/yhfg-bc2abdecfe-poy4w.ii HTTP/1.1" 200 68625 "-" "Mozilla/5.0 (compatible; bingbot/2.0; +http://www.bing.com/bingbot.htm)" "mantech8.com"
207.46.13.163 - - [12/Dec/2022:11:46:07 -0800] "GET /index.php/c60c8acf HTTP/1.1" 200 71070 "-" "Mozilla/5.0 (compatible; bingbot/2.0; +http://www.bing.com/bingbot.htm)" "mantech8.com"
207.46.13.163 - - [12/Dec/2022:11:46:08 -0800] "GET /index.php/aqji-d8ffbebfa-nsuva.ii HTTP/1.1" 200 63259 "-" "Mozilla/5.0 (compatible; bingbot/2.0; +http://www.bing.com/bingbot.htm)" "mantech8.com"
207.46.13.163 - - [12/Dec/2022:11:46:09 -0800] "GET /index.php/K937-d9a53abac-73B8o.Ii HTTP/1.1" 200 65405 "-" "Mozilla/5.0 (compatible; bingbot/2.0; +http://www.bing.com/bingbot.htm)" "mantech8.com"
40.77.167.51 - - [12/Dec/2022:11:46:13 -0800] "GET /index.php/ba8S-000e8dca-008sL.Ii HTTP/1.1" 200 67397 "-" "Mozilla/5.0 (compatible; bingbot/2.0; +http://www.bing.com/bingbot.htm)" "mantech8.com"
40.77.167.51 - - [12/Dec/2022:11:46:14 -0800] "GET /index.php/kd2b-46f6dbfaf-skibt.ii HTTP/1.1" 200 68448 "-" "Mozilla/5.0 AppleWebKit/537.36 (KHTML, like Gecko; compatible; bingbot/2.0; +http://www.bing.com/bingbot.htm) Chrome/103.0.5060.134 Safari/537.36" "mantech8.com"
40.77.167.51 - - [12/Dec/2022:11:46:15 -0800] "GET /index.php/mcko-facdfaada-vg4ra.ii HTTP/1.1" 200 64064 "-" "Mozilla/5.0 (compatible; bingbot/2.0; +http://www.bing.com/bingbot.htm)" "mantech8.com"
40.77.167.51 - - [12/Dec/2022:11:46:15 -0800] "GET /index.php/egy1-d911babdcb-vxlmk.ii HTTP/1.1" 200 62243 "-" "Mozilla/5.0 AppleWebKit/537.36 (KHTML, like Gecko; compatible; bingbot/2.0; +http://www.bing.com/bingbot.htm) Chrome/103.0.5060.134 Safari/537.36" "mantech8.com"
40.77.167.51 - - [12/Dec/2022:11:46:15 -0800] "GET /index.php/decf HTTP/1.1" 200 64381 "-" "Mozilla/5.0 AppleWebKit/537.36 (KHTML, like Gecko; compatible; bingbot/2.0; +http://www.bing.com/bingbot.htm) Chrome/103.0.5060.134 Safari/537.36" "mantech8.com"
40.77.167.0 - - [12/Dec/2022:11:46:16 -0800] "GET /index.php/16a41edea HTTP/1.1" 200 67871 "-" "Mozilla/5.0 AppleWebKit/537.36 (KHTML, like Gecko; compatible; bingbot/2.0; +http://www.bing.com/bingbot.htm) Chrome/103.0.5060.134 Safari/537.36" "mantech8.com"
207.46.13.163 - - [12/Dec/2022:11:46:17 -0800] "GET /index.php/Wf2o-c1edab-G6CJP.Ii HTTP/1.1" 200 65575 "-" "Mozilla/5.0 AppleWebKit/537.36 (KHTML, like Gecko; compatible; bingbot/2.0; +http://www.bing.com/bingbot.htm) Chrome/103.0.5060.134 Safari/537.36" "mantech8.com"
185.191.171.13 - - [12/Dec/2022:11:46:25 -0800] "GET /?camp-fire%2F61300964.html HTTP/1.1" 500 - "-" "Mozilla/5.0 (compatible; SemrushBot/7~bl; +http://www.semrush.com/bot.html)" "mantech8.com"
157.55.39.138 - - [12/Dec/2022:11:46:28 -0800] "GET /index.php/wf2o-a5c6beadac-g6gaj.ii HTTP/1.1" 200 64563 "-" "Mozilla/5.0 (compatible; bingbot/2.0; +http://www.bing.com/bingbot.htm)" "mantech8.com"
185.191.171.39 - - [12/Dec/2022:11:46:43 -0800] "GET /?camp-fire%2F39054903.html HTTP/1.1" 500 - "-" "Mozilla/5.0 (compatible; SemrushBot/7~bl; +http://www.semrush.com/bot.html)" "mantech8.com"
40.77.167.51 - - [12/Dec/2022:11:46:43 -0800] "GET /index.php/EGy1-1cff-vxked.Ii HTTP/1.1" 200 66569 "-" "Mozilla/5.0 (compatible; bingbot/2.0; +http://www.bing.com/bingbot.htm)" "mantech8.com"
40.77.167.51 - - [12/Dec/2022:11:46:43 -0800] "GET /index.php/ba8s-fbfafe-00aca.ii HTTP/1.1" 200 76802 "-" "Mozilla/5.0 (compatible; bingbot/2.0; +http://www.bing.com/bingbot.htm)" "mantech8.com"
40.77.167.51 - - [12/Dec/2022:11:46:44 -0800] "GET /index.php/nwtf-a47ebdbf-3ojye.ii HTTP/1.1" 200 72449 "-" "Mozilla/5.0 AppleWebKit/537.36 (KHTML, like Gecko; compatible; bingbot/2.0; +http://www.bing.com/bingbot.htm) Chrome/103.0.5060.134 Safari/537.36" "mantech8.com"
40.77.167.51 - - [12/Dec/2022:11:46:45 -0800] "GET /index.php/zsuz-d86aabfe-sibec.ii HTTP/1.1" 200 63094 "-" "Mozilla/5.0 (compatible; bingbot/2.0; +http://www.bing.com/bingbot.htm)" "mantech8.com"
40.77.167.51 - - [12/Dec/2022:11:46:45 -0800] "GET /index.php/gvdr-3e71affb-vjuhl.ii HTTP/1.1" 200 69215 "-" "Mozilla/5.0 AppleWebKit/537.36 (KHTML, like Gecko; compatible; bingbot/2.0; +http://www.bing.com/bingbot.htm) Chrome/103.0.5060.134 Safari/537.36" "mantech8.com"
54.245.150.247 - - [12/Dec/2022:11:46:54 -0800] "GET / HTTP/1.1" 500 - "-" "-" "mantech8.com"
207.46.13.163 - - [12/Dec/2022:11:47:47 -0800] "GET /index.php/MhxM-e1e0fefaf-jgQUm.Ii HTTP/1.1" 200 67569 "-" "Mozilla/5.0 AppleWebKit/537.36 (KHTML, like Gecko; compatible; bingbot/2.0; +http://www.bing.com/bingbot.htm) Chrome/103.0.5060.134 Safari/537.36" "mantech8.com"
207.46.13.163 - - [12/Dec/2022:11:47:47 -0800] "GET /index.php/kjz2-a8c9afebc-hqrbq.ii HTTP/1.1" 200 60962 "-" "Mozilla/5.0 (compatible; bingbot/2.0; +http://www.bing.com/bingbot.htm)" "mantech8.com"
207.46.13.163 - - [12/Dec/2022:11:47:49 -0800] "GET /index.php/wtzk-027abaddbc-n2ldx.ii HTTP/1.1" 200 61632 "-" "Mozilla/5.0 (compatible; bingbot/2.0; +http://www.bing.com/bingbot.htm)" "mantech8.com"
185.191.171.45 - - [12/Dec/2022:11:48:35 -0800] "GET /?camp-fire%2F44089366.html HTTP/1.1" 500 - "-" "Mozilla/5.0 (compatible; SemrushBot/7~bl; +http://www.semrush.com/bot.html)" "mantech8.com"
207.46.13.163 - - [12/Dec/2022:11:48:46 -0800] "GET /index.php/oM8T-86ac-XpGTr.Ii HTTP/1.1" 200 65484 "-" "Mozilla/5.0 (compatible; bingbot/2.0; +http://www.bing.com/bingbot.htm)" "mantech8.com"
216.244.66.241 - - [12/Dec/2022:11:48:47 -0800] "GET /robots.txt HTTP/1.1" 200 222 "-" "Mozilla/5.0 (compatible; DotBot/1.2; +https://opensiteexplorer.org/dotbot; help@moz.com)" "mantech8.com"
216.244.66.241 - - [12/Dec/2022:11:48:47 -0800] "GET /robots.txt HTTP/1.1" 200 222 "-" "Mozilla/5.0 (compatible; DotBot/1.2; +https://opensiteexplorer.org/dotbot; help@moz.com)" "www.mantech8.com"
207.46.13.163 - - [12/Dec/2022:11:48:47 -0800] "GET /index.php/imvf-3f3defefc-ypigi.ii HTTP/1.1" 200 66020 "-" "Mozilla/5.0 AppleWebKit/537.36 (KHTML, like Gecko; compatible; bingbot/2.0; +http://www.bing.com/bingbot.htm) Chrome/103.0.5060.134 Safari/537.36" "mantech8.com"
207.46.13.163 - - [12/Dec/2022:11:48:48 -0800] "GET /index.php/egy1-50dd-vsima.ii HTTP/1.1" 200 66784 "-" "Mozilla/5.0 AppleWebKit/537.36 (KHTML, like Gecko; compatible; bingbot/2.0; +http://www.bing.com/bingbot.htm) Chrome/103.0.5060.134 Safari/537.36" "mantech8.com"
207.46.13.163 - - [12/Dec/2022:11:49:06 -0800] "GET /index.php/s0KV-48efae-osyvR.Ii HTTP/1.1" 200 67421 "-" "Mozilla/5.0 AppleWebKit/537.36 (KHTML, like Gecko; compatible; bingbot/2.0; +http://www.bing.com/bingbot.htm) Chrome/103.0.5060.134 Safari/537.36" "mantech8.com"
40.77.167.51 - - [12/Dec/2022:11:49:13 -0800] "GET /index.php/nWTf-03dfa-3pjx7.Ii HTTP/1.1" 200 65329 "-" "Mozilla/5.0 (compatible; bingbot/2.0; +http://www.bing.com/bingbot.htm)" "mantech8.com"
40.77.167.51 - - [12/Dec/2022:11:49:14 -0800] "GET /index.php/pstd-6cddfffb-ix5fl.ii HTTP/1.1" 200 68345 "-" "Mozilla/5.0 (compatible; bingbot/2.0; +http://www.bing.com/bingbot.htm)" "mantech8.com"
40.77.167.51 - - [12/Dec/2022:11:49:14 -0800] "GET /index.php/pstd-f9b11bfeb-isbki.ii HTTP/1.1" 200 65125 "-" "Mozilla/5.0 AppleWebKit/537.36 (KHTML, like Gecko; compatible; bingbot/2.0; +http://www.bing.com/bingbot.htm) Chrome/103.0.5060.134 Safari/537.36" "mantech8.com"
40.77.167.51 - - [12/Dec/2022:11:49:15 -0800] "GET /index.php/nwtf-16c2cbca-4qkb5.ii HTTP/1.1" 200 65773 "-" "Mozilla/5.0 AppleWebKit/537.36 (KHTML, like Gecko; compatible; bingbot/2.0; +http://www.bing.com/bingbot.htm) Chrome/103.0.5060.134 Safari/537.36" "mantech8.com"
40.77.167.51 - - [12/Dec/2022:11:49:15 -0800] "GET /index.php/pstd-72a22faaa-ixvmg.ii HTTP/1.1" 200 65558 "-" "Mozilla/5.0 AppleWebKit/537.36 (KHTML, like Gecko; compatible; bingbot/2.0; +http://www.bing.com/bingbot.htm) Chrome/103.0.5060.134 Safari/537.36" "mantech8.com"
185.191.171.24 - - [12/Dec/2022:11:49:26 -0800] "GET /?camp-fire%2F38922792.html HTTP/1.1" 500 - "-" "Mozilla/5.0 (compatible; SemrushBot/7~bl; +http://www.semrush.com/bot.html)" "mantech8.com"
185.191.171.9 - - [12/Dec/2022:11:50:22 -0800] "GET /?camp-fire%2F82610249.html HTTP/1.1" 500 - "-" "Mozilla/5.0 (compatible; SemrushBot/7~bl; +http://www.semrush.com/bot.html)" "mantech8.com"
185.191.171.35 - - [12/Dec/2022:11:50:29 -0800] "GET /?camp-fire%2F39899802.html HTTP/1.1" 500 - "-" "Mozilla/5.0 (compatible; SemrushBot/7~bl; +http://www.semrush.com/bot.html)" "mantech8.com"
207.46.13.125 - - [12/Dec/2022:11:50:35 -0800] "GET /index.php/Mcko-48bbac-VhESv.Ii HTTP/1.1" 200 77829 "-" "Mozilla/5.0 AppleWebKit/537.36 (KHTML, like Gecko; compatible; bingbot/2.0; +http://www.bing.com/bingbot.htm) Chrome/103.0.5060.134 Safari/537.36" "mantech8.com"
185.191.171.3 - - [12/Dec/2022:11:50:36 -0800] "GET /?camp-fire%2F38496083.html HTTP/1.1" 500 - "-" "Mozilla/5.0 (compatible; SemrushBot/7~bl; +http://www.semrush.com/bot.html)" "mantech8.com"
207.46.13.125 - - [12/Dec/2022:11:50:36 -0800] "GET /index.php/EGy1-b22decafda-veD1F.Ii HTTP/1.1" 200 69514 "-" "Mozilla/5.0 (compatible; bingbot/2.0; +http://www.bing.com/bingbot.htm)" "mantech8.com"
207.46.13.125 - - [12/Dec/2022:11:50:37 -0800] "GET /index.php/sa5z-f1bccdcfd-H3VRV.Ii HTTP/1.1" 200 72398 "-" "Mozilla/5.0 (compatible; bingbot/2.0; +http://www.bing.com/bingbot.htm)" "mantech8.com"
207.46.13.125 - - [12/Dec/2022:11:50:38 -0800] "GET /index.php/s0kv-fdbd1beba-oepjo.ii HTTP/1.1" 200 63544 "-" "Mozilla/5.0 (compatible; bingbot/2.0; +http://www.bing.com/bingbot.htm)" "mantech8.com"
207.46.13.125 - - [12/Dec/2022:11:50:38 -0800] "GET /index.php/ozun-d92d4caa-ectaz.ii HTTP/1.1" 200 62670 "-" "Mozilla/5.0 (compatible; bingbot/2.0; +http://www.bing.com/bingbot.htm)" "mantech8.com"
207.46.13.125 - - [12/Dec/2022:11:50:40 -0800] "GET /index.php/nwtf-632dabdef-4qobl.ii HTTP/1.1" 200 65539 "-" "Mozilla/5.0 (compatible; bingbot/2.0; +http://www.bing.com/bingbot.htm)" "mantech8.com"
207.46.13.125 - - [12/Dec/2022:11:50:41 -0800] "GET /index.php/nwtf-4a55ebbade-4aa4v.ii HTTP/1.1" 200 67624 "-" "Mozilla/5.0 AppleWebKit/537.36 (KHTML, like Gecko; compatible; bingbot/2.0; +http://www.bing.com/bingbot.htm) Chrome/103.0.5060.134 Safari/537.36" "mantech8.com"
207.46.13.125 - - [12/Dec/2022:11:50:42 -0800] "GET /index.php/zsuz-61fea-sikl5.ii HTTP/1.1" 200 65214 "-" "Mozilla/5.0 (compatible; bingbot/2.0; +http://www.bing.com/bingbot.htm)" "mantech8.com"
207.46.13.125 - - [12/Dec/2022:11:50:43 -0800] "GET /index.php/db9f6cacdb HTTP/1.1" 200 64084 "-" "Mozilla/5.0 (compatible; bingbot/2.0; +http://www.bing.com/bingbot.htm)" "mantech8.com"
207.46.13.125 - - [12/Dec/2022:11:50:43 -0800] "GET /index.php/8201cddaac HTTP/1.1" 200 71444 "-" "Mozilla/5.0 (compatible; bingbot/2.0; +http://www.bing.com/bingbot.htm)" "mantech8.com"
207.46.13.125 - - [12/Dec/2022:11:50:48 -0800] "GET /index.php/wtzk-a7de-n3nzj.ii HTTP/1.1" 200 71910 "-" "Mozilla/5.0 (compatible; bingbot/2.0; +http://www.bing.com/bingbot.htm)" "mantech8.com"
207.46.13.125 - - [12/Dec/2022:11:50:48 -0800] "GET /index.php/gvdr-08ae-vmatj.ii HTTP/1.1" 200 65182 "-" "Mozilla/5.0 (compatible; bingbot/2.0; +http://www.bing.com/bingbot.htm)" "mantech8.com"
207.46.13.125 - - [12/Dec/2022:11:50:49 -0800] "GET /index.php/egy1-e1dcfa-vsvra.ii HTTP/1.1" 200 61949 "-" "Mozilla/5.0 (compatible; bingbot/2.0; +http://www.bing.com/bingbot.htm)" "mantech8.com"
207.46.13.125 - - [12/Dec/2022:11:50:50 -0800] "GET /index.php/mcko-85bbaebf-vgstl.ii HTTP/1.1" 200 66763 "-" "Mozilla/5.0 AppleWebKit/537.36 (KHTML, like Gecko; compatible; bingbot/2.0; +http://www.bing.com/bingbot.htm) Chrome/103.0.5060.134 Safari/537.36" "mantech8.com"
207.46.13.125 - - [12/Dec/2022:11:50:51 -0800] "GET /index.php/naq6-f6baac-inydg.ii HTTP/1.1" 200 65682 "-" "Mozilla/5.0 (compatible; bingbot/2.0; +http://www.bing.com/bingbot.htm)" "mantech8.com"
207.46.13.125 - - [12/Dec/2022:11:50:58 -0800] "GET /index.php/egy1-752fdccf-vswtz.ii HTTP/1.1" 200 65585 "-" "Mozilla/5.0 (compatible; bingbot/2.0; +http://www.bing.com/bingbot.htm)" "mantech8.com"
207.46.13.125 - - [12/Dec/2022:11:50:59 -0800] "GET /index.php/mcko-2f4efaffe-vgutf.ii HTTP/1.1" 200 103960 "-" "Mozilla/5.0 (compatible; bingbot/2.0; +http://www.bing.com/bingbot.htm)" "mantech8.com"
207.46.13.125 - - [12/Dec/2022:11:51:00 -0800] "GET /index.php/nwtf-17c1dccda-4ayjo.ii HTTP/1.1" 200 65015 "-" "Mozilla/5.0 (compatible; bingbot/2.0; +http://www.bing.com/bingbot.htm)" "mantech8.com"
40.77.167.51 - - [12/Dec/2022:11:51:05 -0800] "GET /index.php/Wf2o-40bdbacd-G7en3.Ii HTTP/1.1" 200 65981 "-" "Mozilla/5.0 (compatible; bingbot/2.0; +http://www.bing.com/bingbot.htm)" "mantech8.com"
40.77.167.51 - - [12/Dec/2022:11:51:05 -0800] "GET /index.php/wtzk-91a7effeed-n1gki.ii HTTP/1.1" 200 68241 "-" "Mozilla/5.0 AppleWebKit/537.36 (KHTML, like Gecko; compatible; bingbot/2.0; +http://www.bing.com/bingbot.htm) Chrome/103.0.5060.134 Safari/537.36" "mantech8.com"
40.77.167.51 - - [12/Dec/2022:11:51:06 -0800] "GET /index.php/naq6-425eafcde-iumgj.ii HTTP/1.1" 200 63399 "-" "Mozilla/5.0 AppleWebKit/537.36 (KHTML, like Gecko; compatible; bingbot/2.0; +http://www.bing.com/bingbot.htm) Chrome/103.0.5060.134 Safari/537.36" "mantech8.com"
40.77.167.51 - - [12/Dec/2022:11:51:06 -0800] "GET /index.php/ceedffbb HTTP/1.1" 200 64688 "-" "Mozilla/5.0 AppleWebKit/537.36 (KHTML, like Gecko; compatible; bingbot/2.0; +http://www.bing.com/bingbot.htm) Chrome/103.0.5060.134 Safari/537.36" "mantech8.com"
40.77.167.51 - - [12/Dec/2022:11:51:07 -0800] "GET /index.php/wtzk-4c76acffed-n2bbv.ii HTTP/1.1" 200 69199 "-" "Mozilla/5.0 (compatible; bingbot/2.0; +http://www.bing.com/bingbot.htm)" "mantech8.com"
185.191.171.39 - - [12/Dec/2022:11:51:19 -0800] "GET /?camp-fire%2F57267541.html HTTP/1.1" 500 - "-" "Mozilla/5.0 (compatible; SemrushBot/7~bl; +http://www.semrush.com/bot.html)" "mantech8.com"
185.191.171.6 - - [12/Dec/2022:11:51:58 -0800] "GET /?camp-fire%2F56489050.html HTTP/1.1" 500 - "-" "Mozilla/5.0 (compatible; SemrushBot/7~bl; +http://www.semrush.com/bot.html)" "mantech8.com"
185.191.171.6 - - [12/Dec/2022:11:52:02 -0800] "GET /?camp-fire%2F35728650.html HTTP/1.1" 500 - "-" "Mozilla/5.0 (compatible; SemrushBot/7~bl; +http://www.semrush.com/bot.html)" "mantech8.com"
207.46.13.163 - - [12/Dec/2022:11:52:16 -0800] "GET /index.php/wtzk-4faad-n1mom.ii HTTP/1.1" 200 68442 "-" "Mozilla/5.0 AppleWebKit/537.36 (KHTML, like Gecko; compatible; bingbot/2.0; +http://www.bing.com/bingbot.htm) Chrome/103.0.5060.134 Safari/537.36" "mantech8.com"
207.46.13.163 - - [12/Dec/2022:11:52:17 -0800] "GET /index.php/pstd-7e6edbee-ieops.ii HTTP/1.1" 200 67703 "-" "Mozilla/5.0 (compatible; bingbot/2.0; +http://www.bing.com/bingbot.htm)" "mantech8.com"
40.77.167.51 - - [12/Dec/2022:11:52:23 -0800] "GET /index.php/Pstd-a2cb2afca-iSXYd.Ii HTTP/1.1" 200 68136 "-" "Mozilla/5.0 (compatible; bingbot/2.0; +http://www.bing.com/bingbot.htm)" "mantech8.com"
40.77.167.51 - - [12/Dec/2022:11:52:23 -0800] "GET /index.php/Pstd-7c16bfeaf-iSxro.Ii HTTP/1.1" 200 69631 "-" "Mozilla/5.0 AppleWebKit/537.36 (KHTML, like Gecko; compatible; bingbot/2.0; +http://www.bing.com/bingbot.htm) Chrome/103.0.5060.134 Safari/537.36" "mantech8.com"
40.77.167.51 - - [12/Dec/2022:11:52:25 -0800] "GET /index.php/zsuz-6f30ecdfd-skcmc.ii HTTP/1.1" 200 68979 "-" "Mozilla/5.0 (compatible; bingbot/2.0; +http://www.bing.com/bingbot.htm)" "mantech8.com"
40.77.167.51 - - [12/Dec/2022:11:52:25 -0800] "GET /index.php/c037aefee HTTP/1.1" 200 75773 "-" "Mozilla/5.0 (compatible; bingbot/2.0; +http://www.bing.com/bingbot.htm)" "mantech8.com"
40.77.167.51 - - [12/Dec/2022:11:52:26 -0800] "GET /index.php/mcko-ed5ebacd-vyljz.ii HTTP/1.1" 200 64346 "-" "Mozilla/5.0 AppleWebKit/537.36 (KHTML, like Gecko; compatible; bingbot/2.0; +http://www.bing.com/bingbot.htm) Chrome/103.0.5060.134 Safari/537.36" "mantech8.com"
207.46.13.163 - - [12/Dec/2022:11:52:27 -0800] "GET /index.php/vmbp-1c340edfd-unjcp.ii HTTP/1.1" 200 67286 "-" "Mozilla/5.0 (compatible; bingbot/2.0; +http://www.bing.com/bingbot.htm)" "mantech8.com"
185.191.171.43 - - [12/Dec/2022:11:52:42 -0800] "GET /index.php?camp-fire%2F19062080.html HTTP/1.1" 500 - "-" "Mozilla/5.0 (compatible; SemrushBot/7~bl; +http://www.semrush.com/bot.html)" "mantech8.com"
207.46.13.163 - - [12/Dec/2022:11:52:47 -0800] "GET /index.php/blJc-01f4abdcbc-kwYcN.Ii HTTP/1.1" 200 64691 "-" "Mozilla/5.0 AppleWebKit/537.36 (KHTML, like Gecko; compatible; bingbot/2.0; +http://www.bing.com/bingbot.htm) Chrome/103.0.5060.134 Safari/537.36" "mantech8.com"
40.77.167.51 - - [12/Dec/2022:11:52:53 -0800] "GET /index.php/WtZk-b7c1bead-n2jfM.Ii HTTP/1.1" 200 61967 "-" "Mozilla/5.0 (compatible; bingbot/2.0; +http://www.bing.com/bingbot.htm)" "mantech8.com"
207.46.13.163 - - [12/Dec/2022:11:53:07 -0800] "GET /index.php/Pstd-aad1cbbdbb-iSKAB.Ii HTTP/1.1" 200 69292 "-" "Mozilla/5.0 (compatible; bingbot/2.0; +http://www.bing.com/bingbot.htm)" "mantech8.com"
185.191.171.42 - - [12/Dec/2022:11:53:46 -0800] "GET /?camp-fire%2F41150888.html HTTP/1.1" 500 - "-" "Mozilla/5.0 (compatible; SemrushBot/7~bl; +http://www.semrush.com/bot.html)" "mantech8.com"
185.191.171.16 - - [12/Dec/2022:11:54:22 -0800] "GET /?camp-fire%2F91519590.html HTTP/1.1" 500 - "-" "Mozilla/5.0 (compatible; SemrushBot/7~bl; +http://www.semrush.com/bot.html)" "mantech8.com"
185.191.171.1 - - [12/Dec/2022:11:54:40 -0800] "GET /?camp-fire%2F33771508.html HTTP/1.1" 500 - "-" "Mozilla/5.0 (compatible; SemrushBot/7~bl; +http://www.semrush.com/bot.html)" "mantech8.com"
185.191.171.25 - - [12/Dec/2022:11:54:42 -0800] "GET /?camp-fire%2F39530226.html HTTP/1.1" 500 - "-" "Mozilla/5.0 (compatible; SemrushBot/7~bl; +http://www.semrush.com/bot.html)" "mantech8.com"
185.191.171.35 - - [12/Dec/2022:11:54:47 -0800] "GET /?camp-fire%2F43254703.html HTTP/1.1" 500 - "-" "Mozilla/5.0 (compatible; SemrushBot/7~bl; +http://www.semrush.com/bot.html)" "mantech8.com"
