40.77.167.37 - - [12/Dec/2022:13:29:06 -0800] "GET /bimages/paintg/thump/paint%20b5.jpg HTTP/1.1" 200 91524 "-" "Mozilla/5.0 AppleWebKit/537.36 (KHTML, like Gecko; compatible; bingbot/2.0; +http://www.bing.com/bingbot.htm) Chrome/103.0.5060.134 Safari/537.36" "mantech8.com"
40.77.167.37 - - [12/Dec/2022:13:29:06 -0800] "GET /index.php/YhFG-06b1ecbbf-piKYu.Ii HTTP/1.1" 200 69373 "-" "Mozilla/5.0 (compatible; bingbot/2.0; +http://www.bing.com/bingbot.htm)" "mantech8.com"
40.77.167.37 - - [12/Dec/2022:13:29:07 -0800] "GET /index.php/nWTf-fcbdfcbf-3lSOT.Ii HTTP/1.1" 200 63056 "-" "Mozilla/5.0 AppleWebKit/537.36 (KHTML, like Gecko; compatible; bingbot/2.0; +http://www.bing.com/bingbot.htm) Chrome/103.0.5060.134 Safari/537.36" "mantech8.com"
40.77.167.37 - - [12/Dec/2022:13:29:08 -0800] "GET /index.php/zsuz-c6fad-somwq.ii HTTP/1.1" 200 65796 "-" "Mozilla/5.0 (compatible; bingbot/2.0; +http://www.bing.com/bingbot.htm)" "mantech8.com"
114.119.150.215 - - [12/Dec/2022:13:29:50 -0800] "GET /?takiko.xml HTTP/1.1" 200 270504 "-" "Mozilla/5.0 (compatible;PetalBot;+https://webmaster.petalsearch.com/site/petalbot)" "mantech8.com"
207.46.13.125 - - [12/Dec/2022:13:30:16 -0800] "GET /index.php/sa5z-08a2dcbff-H3nxQ.Ii HTTP/1.1" 200 64645 "-" "Mozilla/5.0 (compatible; bingbot/2.0; +http://www.bing.com/bingbot.htm)" "mantech8.com"
207.46.13.125 - - [12/Dec/2022:13:30:16 -0800] "GET /index.php/egy1-97dfeaca-vca3u.ii HTTP/1.1" 200 74583 "-" "Mozilla/5.0 AppleWebKit/537.36 (KHTML, like Gecko; compatible; bingbot/2.0; +http://www.bing.com/bingbot.htm) Chrome/103.0.5060.134 Safari/537.36" "mantech8.com"
207.46.13.125 - - [12/Dec/2022:13:30:17 -0800] "GET /index.php/mcko-ab09abeffc-vtuno.ii HTTP/1.1" 200 65157 "-" "Mozilla/5.0 AppleWebKit/537.36 (KHTML, like Gecko; compatible; bingbot/2.0; +http://www.bing.com/bingbot.htm) Chrome/103.0.5060.134 Safari/537.36" "mantech8.com"
207.46.13.125 - - [12/Dec/2022:13:30:17 -0800] "GET /index.php/zsuz-05fcdefcbd-smi7e.ii HTTP/1.1" 200 66223 "-" "Mozilla/5.0 AppleWebKit/537.36 (KHTML, like Gecko; compatible; bingbot/2.0; +http://www.bing.com/bingbot.htm) Chrome/103.0.5060.134 Safari/537.36" "mantech8.com"
207.46.13.125 - - [12/Dec/2022:13:30:18 -0800] "GET /index.php/bf49dabed HTTP/1.1" 200 65674 "-" "Mozilla/5.0 AppleWebKit/537.36 (KHTML, like Gecko; compatible; bingbot/2.0; +http://www.bing.com/bingbot.htm) Chrome/103.0.5060.134 Safari/537.36" "mantech8.com"
207.46.13.125 - - [12/Dec/2022:13:30:18 -0800] "GET /index.php/nwtf-71ed3cbdcf-4qpuu.ii HTTP/1.1" 200 71650 "-" "Mozilla/5.0 AppleWebKit/537.36 (KHTML, like Gecko; compatible; bingbot/2.0; +http://www.bing.com/bingbot.htm) Chrome/103.0.5060.134 Safari/537.36" "mantech8.com"
207.46.13.163 - - [12/Dec/2022:13:30:20 -0800] "GET /index.php/48a0adbbf HTTP/1.1" 200 66132 "-" "Mozilla/5.0 (compatible; bingbot/2.0; +http://www.bing.com/bingbot.htm)" "mantech8.com"
207.46.13.163 - - [12/Dec/2022:13:30:21 -0800] "GET /index.php/hfdr-4bedcdcb-ili9c.ii HTTP/1.1" 200 64143 "-" "Mozilla/5.0 AppleWebKit/537.36 (KHTML, like Gecko; compatible; bingbot/2.0; +http://www.bing.com/bingbot.htm) Chrome/103.0.5060.134 Safari/537.36" "mantech8.com"
157.55.39.138 - - [12/Dec/2022:13:30:30 -0800] "GET /index.php/wtzk-ff97cafed-npk6e.ii HTTP/1.1" 200 66376 "-" "Mozilla/5.0 (compatible; bingbot/2.0; +http://www.bing.com/bingbot.htm)" "mantech8.com"
207.46.13.125 - - [12/Dec/2022:13:30:38 -0800] "GET /index.php/txf8-f0ceaefb-apzge.ii HTTP/1.1" 200 61649 "-" "Mozilla/5.0 AppleWebKit/537.36 (KHTML, like Gecko; compatible; bingbot/2.0; +http://www.bing.com/bingbot.htm) Chrome/103.0.5060.134 Safari/537.36" "mantech8.com"
207.46.13.163 - - [12/Dec/2022:13:30:46 -0800] "GET /index.php/eaYH-d1acd-Rm6Pu.Ii HTTP/1.1" 200 65714 "-" "Mozilla/5.0 AppleWebKit/537.36 (KHTML, like Gecko; compatible; bingbot/2.0; +http://www.bing.com/bingbot.htm) Chrome/103.0.5060.134 Safari/537.36" "mantech8.com"
114.119.131.123 - - [12/Dec/2022:13:31:01 -0800] "GET /index.php?/wp-content/uploads/sites/2/2020/11/0.png HTTP/1.1" 500 - "-" "Mozilla/5.0 (Linux; Android 7.0;) AppleWebKit/537.36 (KHTML, like Gecko) Mobile Safari/537.36 (compatible; PetalBot;+https://webmaster.petalsearch.com/site/petalbot)" "www.mantech8.com"
114.119.159.87 - - [12/Dec/2022:13:31:35 -0800] "GET /robots.txt HTTP/1.1" 200 106 "-" "Mozilla/5.0 (compatible;PetalBot;+https://webmaster.petalsearch.com/site/petalbot)" "mantech8.com"
207.46.13.51 - - [12/Dec/2022:13:31:38 -0800] "GET /index.php/s0KV-14ff-oxksr.Ii HTTP/1.1" 200 63123 "-" "Mozilla/5.0 (compatible; bingbot/2.0; +http://www.bing.com/bingbot.htm)" "mantech8.com"
207.46.13.51 - - [12/Dec/2022:13:31:39 -0800] "GET /index.php/bljc-79aecb-kxqld.ii HTTP/1.1" 200 69111 "-" "Mozilla/5.0 AppleWebKit/537.36 (KHTML, like Gecko; compatible; bingbot/2.0; +http://www.bing.com/bingbot.htm) Chrome/103.0.5060.134 Safari/537.36" "mantech8.com"
185.191.171.21 - - [12/Dec/2022:13:31:40 -0800] "GET /?camp-fire%2F35666450.html HTTP/1.1" 500 - "-" "Mozilla/5.0 (compatible; SemrushBot/7~bl; +http://www.semrush.com/bot.html)" "mantech8.com"
207.46.13.163 - - [12/Dec/2022:13:32:37 -0800] "GET /index.php/pstd-adfdea-iw9ug.ii HTTP/1.1" 200 65084 "-" "Mozilla/5.0 AppleWebKit/537.36 (KHTML, like Gecko; compatible; bingbot/2.0; +http://www.bing.com/bingbot.htm) Chrome/103.0.5060.134 Safari/537.36" "mantech8.com"
207.46.13.163 - - [12/Dec/2022:13:33:08 -0800] "GET /index.php/mcko-49ead-vtgrc.ii HTTP/1.1" 200 69708 "-" "Mozilla/5.0 AppleWebKit/537.36 (KHTML, like Gecko; compatible; bingbot/2.0; +http://www.bing.com/bingbot.htm) Chrome/103.0.5060.134 Safari/537.36" "mantech8.com"
157.55.39.138 - - [12/Dec/2022:13:33:12 -0800] "GET /index.php/kjz2-9caebdfb-ha01l.ii HTTP/1.1" 200 65631 "-" "Mozilla/5.0 AppleWebKit/537.36 (KHTML, like Gecko; compatible; bingbot/2.0; +http://www.bing.com/bingbot.htm) Chrome/103.0.5060.134 Safari/537.36" "mantech8.com"
157.55.39.138 - - [12/Dec/2022:13:33:12 -0800] "GET /index.php/35fc HTTP/1.1" 200 78542 "-" "Mozilla/5.0 (compatible; bingbot/2.0; +http://www.bing.com/bingbot.htm)" "mantech8.com"
185.191.171.43 - - [12/Dec/2022:13:33:13 -0800] "GET /?camp-fire%2F47818426.html HTTP/1.1" 500 - "-" "Mozilla/5.0 (compatible; SemrushBot/7~bl; +http://www.semrush.com/bot.html)" "mantech8.com"
157.55.39.138 - - [12/Dec/2022:13:33:13 -0800] "GET /index.php/wf2o-57fd-g5vey.ii HTTP/1.1" 200 61988 "-" "Mozilla/5.0 (compatible; bingbot/2.0; +http://www.bing.com/bingbot.htm)" "mantech8.com"
157.55.39.138 - - [12/Dec/2022:13:33:15 -0800] "GET /index.php/wtzk-5cf23bbaaf-n2ntm.ii HTTP/1.1" 200 72277 "-" "Mozilla/5.0 (compatible; bingbot/2.0; +http://www.bing.com/bingbot.htm)" "mantech8.com"
185.191.171.21 - - [12/Dec/2022:13:33:26 -0800] "GET /?camp-fire%2F41686576.html HTTP/1.1" 500 - "-" "Mozilla/5.0 (compatible; SemrushBot/7~bl; +http://www.semrush.com/bot.html)" "mantech8.com"
185.191.171.24 - - [12/Dec/2022:13:33:28 -0800] "GET /?camp-fire%2F35840509.html HTTP/1.1" 500 - "-" "Mozilla/5.0 (compatible; SemrushBot/7~bl; +http://www.semrush.com/bot.html)" "mantech8.com"
207.46.13.125 - - [12/Dec/2022:13:33:36 -0800] "GET /index.php/WtZk-e3d5aecaaa-n2TAB.Ii HTTP/1.1" 200 68634 "-" "Mozilla/5.0 (compatible; bingbot/2.0; +http://www.bing.com/bingbot.htm)" "mantech8.com"
207.46.13.125 - - [12/Dec/2022:13:33:37 -0800] "GET /index.php/mcko-89cd-vt6by.ii HTTP/1.1" 200 63057 "-" "Mozilla/5.0 (compatible; bingbot/2.0; +http://www.bing.com/bingbot.htm)" "mantech8.com"
207.46.13.125 - - [12/Dec/2022:13:33:37 -0800] "GET /index.php/k937-a9bf-71e2a.ii HTTP/1.1" 200 62255 "-" "Mozilla/5.0 AppleWebKit/537.36 (KHTML, like Gecko; compatible; bingbot/2.0; +http://www.bing.com/bingbot.htm) Chrome/103.0.5060.134 Safari/537.36" "mantech8.com"
207.46.13.125 - - [12/Dec/2022:13:33:38 -0800] "GET /index.php/jzx6-65ac-fbtew.ii HTTP/1.1" 200 62145 "-" "Mozilla/5.0 (compatible; bingbot/2.0; +http://www.bing.com/bingbot.htm)" "mantech8.com"
207.46.13.125 - - [12/Dec/2022:13:33:38 -0800] "GET /index.php/070adcaab HTTP/1.1" 200 63763 "-" "Mozilla/5.0 (compatible; bingbot/2.0; +http://www.bing.com/bingbot.htm)" "mantech8.com"
207.46.13.125 - - [12/Dec/2022:13:33:40 -0800] "GET /index.php/to2n-8b458afa-ciqek.ii HTTP/1.1" 200 64612 "-" "Mozilla/5.0 (compatible; bingbot/2.0; +http://www.bing.com/bingbot.htm)" "mantech8.com"
40.77.167.0 - - [12/Dec/2022:13:33:45 -0800] "GET /index.php/sa5z-874a4bfc-H2sru.Ii HTTP/1.1" 200 72661 "-" "Mozilla/5.0 (compatible; bingbot/2.0; +http://www.bing.com/bingbot.htm)" "mantech8.com"
40.77.167.0 - - [12/Dec/2022:13:33:46 -0800] "GET /index.php/txf8-9afdef-Als2V.Ii HTTP/1.1" 200 63319 "-" "Mozilla/5.0 AppleWebKit/537.36 (KHTML, like Gecko; compatible; bingbot/2.0; +http://www.bing.com/bingbot.htm) Chrome/103.0.5060.134 Safari/537.36" "mantech8.com"
40.77.167.0 - - [12/Dec/2022:13:33:46 -0800] "GET /index.php/b21eefcaf HTTP/1.1" 200 67406 "-" "Mozilla/5.0 (compatible; bingbot/2.0; +http://www.bing.com/bingbot.htm)" "mantech8.com"
185.191.171.23 - - [12/Dec/2022:13:33:47 -0800] "GET /?camp-fire%2F3877274.html HTTP/1.1" 500 - "-" "Mozilla/5.0 (compatible; SemrushBot/7~bl; +http://www.semrush.com/bot.html)" "mantech8.com"
40.77.167.0 - - [12/Dec/2022:13:33:47 -0800] "GET /index.php/txf8-a42c2adcc-Ap7VO.Ii HTTP/1.1" 200 65640 "-" "Mozilla/5.0 AppleWebKit/537.36 (KHTML, like Gecko; compatible; bingbot/2.0; +http://www.bing.com/bingbot.htm) Chrome/103.0.5060.134 Safari/537.36" "mantech8.com"
40.77.167.0 - - [12/Dec/2022:13:33:47 -0800] "GET /index.php/s0KV-ab1bafdc-oedGc.Ii HTTP/1.1" 200 71046 "-" "Mozilla/5.0 (compatible; bingbot/2.0; +http://www.bing.com/bingbot.htm)" "mantech8.com"
40.77.167.0 - - [12/Dec/2022:13:33:48 -0800] "GET /index.php/31L7-6a9d6cca-oNdnU.Ii HTTP/1.1" 200 62044 "-" "Mozilla/5.0 AppleWebKit/537.36 (KHTML, like Gecko; compatible; bingbot/2.0; +http://www.bing.com/bingbot.htm) Chrome/103.0.5060.134 Safari/537.36" "mantech8.com"
40.77.167.0 - - [12/Dec/2022:13:33:48 -0800] "GET /index.php/Pstd-cccd2fdfba-iE27m.Ii HTTP/1.1" 200 68849 "-" "Mozilla/5.0 AppleWebKit/537.36 (KHTML, like Gecko; compatible; bingbot/2.0; +http://www.bing.com/bingbot.htm) Chrome/103.0.5060.134 Safari/537.36" "mantech8.com"
40.77.167.0 - - [12/Dec/2022:13:33:48 -0800] "GET /index.php/txf8-032d9ebfaa-Ap0pT.Ii HTTP/1.1" 200 70044 "-" "Mozilla/5.0 AppleWebKit/537.36 (KHTML, like Gecko; compatible; bingbot/2.0; +http://www.bing.com/bingbot.htm) Chrome/103.0.5060.134 Safari/537.36" "mantech8.com"
40.77.167.0 - - [12/Dec/2022:13:33:49 -0800] "GET /index.php/851acdac HTTP/1.1" 200 62602 "-" "Mozilla/5.0 (compatible; bingbot/2.0; +http://www.bing.com/bingbot.htm)" "mantech8.com"
40.77.167.0 - - [12/Dec/2022:13:33:50 -0800] "GET /index.php/d26fdbce HTTP/1.1" 200 62598 "-" "Mozilla/5.0 AppleWebKit/537.36 (KHTML, like Gecko; compatible; bingbot/2.0; +http://www.bing.com/bingbot.htm) Chrome/103.0.5060.134 Safari/537.36" "mantech8.com"
185.191.171.24 - - [12/Dec/2022:13:33:53 -0800] "GET /?camp-fire%2F37358593.html HTTP/1.1" 500 - "-" "Mozilla/5.0 (compatible; SemrushBot/7~bl; +http://www.semrush.com/bot.html)" "mantech8.com"
40.77.167.0 - - [12/Dec/2022:13:33:53 -0800] "GET /index.php/egy1-9a9e8dbd-vsimq.ii HTTP/1.1" 200 59082 "-" "Mozilla/5.0 (compatible; bingbot/2.0; +http://www.bing.com/bingbot.htm)" "mantech8.com"
40.77.167.37 - - [12/Dec/2022:13:33:55 -0800] "GET /index.php/MhxM-f148accfb-jgiju.Ii HTTP/1.1" 200 67761 "-" "Mozilla/5.0 AppleWebKit/537.36 (KHTML, like Gecko; compatible; bingbot/2.0; +http://www.bing.com/bingbot.htm) Chrome/103.0.5060.134 Safari/537.36" "mantech8.com"
40.77.167.37 - - [12/Dec/2022:13:33:56 -0800] "GET /index.php/wtzk-bd9eabccc-n1bsw.ii HTTP/1.1" 200 66191 "-" "Mozilla/5.0 (compatible; bingbot/2.0; +http://www.bing.com/bingbot.htm)" "mantech8.com"
40.77.167.37 - - [12/Dec/2022:13:33:56 -0800] "GET /index.php/eehw-0c77cffee-rmeby.ii HTTP/1.1" 200 61939 "-" "Mozilla/5.0 (compatible; bingbot/2.0; +http://www.bing.com/bingbot.htm)" "mantech8.com"
40.77.167.37 - - [12/Dec/2022:13:33:57 -0800] "GET /index.php/txf8-5dedfcce-apmjb.ii HTTP/1.1" 200 63854 "-" "Mozilla/5.0 (compatible; bingbot/2.0; +http://www.bing.com/bingbot.htm)" "mantech8.com"
40.77.167.37 - - [12/Dec/2022:13:33:57 -0800] "GET /index.php/501ffbaeb HTTP/1.1" 200 60045 "-" "Mozilla/5.0 AppleWebKit/537.36 (KHTML, like Gecko; compatible; bingbot/2.0; +http://www.bing.com/bingbot.htm) Chrome/103.0.5060.134 Safari/537.36" "mantech8.com"
40.77.167.37 - - [12/Dec/2022:13:34:00 -0800] "GET /index.php/wf2o-09bdb-g5ill.ii HTTP/1.1" 200 63489 "-" "Mozilla/5.0 (compatible; bingbot/2.0; +http://www.bing.com/bingbot.htm)" "mantech8.com"
40.77.167.0 - - [12/Dec/2022:13:34:05 -0800] "GET /index.php/yhfg-9f191cbfd-pkkbr.ii HTTP/1.1" 200 61102 "-" "Mozilla/5.0 (compatible; bingbot/2.0; +http://www.bing.com/bingbot.htm)" "mantech8.com"
40.77.167.0 - - [12/Dec/2022:13:34:06 -0800] "GET /index.php/3bfed HTTP/1.1" 200 68131 "-" "Mozilla/5.0 (compatible; bingbot/2.0; +http://www.bing.com/bingbot.htm)" "mantech8.com"
40.77.167.0 - - [12/Dec/2022:13:34:06 -0800] "GET /index.php/nwtf-aba8adadd-4aknj.ii HTTP/1.1" 200 71215 "-" "Mozilla/5.0 (compatible; bingbot/2.0; +http://www.bing.com/bingbot.htm)" "mantech8.com"
185.191.171.26 - - [12/Dec/2022:13:34:07 -0800] "GET /?camp-fire%2F28463035.html HTTP/1.1" 500 - "-" "Mozilla/5.0 (compatible; SemrushBot/7~bl; +http://www.semrush.com/bot.html)" "mantech8.com"
40.77.167.0 - - [12/Dec/2022:13:34:07 -0800] "GET /index.php/yhfg-dceb-pihwg.ii HTTP/1.1" 200 66697 "-" "Mozilla/5.0 AppleWebKit/537.36 (KHTML, like Gecko; compatible; bingbot/2.0; +http://www.bing.com/bingbot.htm) Chrome/103.0.5060.134 Safari/537.36" "mantech8.com"
40.77.167.0 - - [12/Dec/2022:13:34:07 -0800] "GET /index.php/wf2o-10919bdcfb-g7swf.ii HTTP/1.1" 200 103123 "-" "Mozilla/5.0 AppleWebKit/537.36 (KHTML, like Gecko; compatible; bingbot/2.0; +http://www.bing.com/bingbot.htm) Chrome/103.0.5060.134 Safari/537.36" "mantech8.com"
185.191.171.43 - - [12/Dec/2022:13:34:16 -0800] "GET /?camp-fire%2F38883370.html HTTP/1.1" 500 - "-" "Mozilla/5.0 (compatible; SemrushBot/7~bl; +http://www.semrush.com/bot.html)" "mantech8.com"
207.46.13.163 - - [12/Dec/2022:13:34:28 -0800] "GET /index.php/txf8-7fdb-zaybj.ii HTTP/1.1" 200 62834 "-" "Mozilla/5.0 AppleWebKit/537.36 (KHTML, like Gecko; compatible; bingbot/2.0; +http://www.bing.com/bingbot.htm) Chrome/103.0.5060.134 Safari/537.36" "mantech8.com"
207.46.13.163 - - [12/Dec/2022:13:34:29 -0800] "GET /index.php/mcko-f36dccff-vbhsl.ii HTTP/1.1" 200 80364 "-" "Mozilla/5.0 (compatible; bingbot/2.0; +http://www.bing.com/bingbot.htm)" "mantech8.com"
185.191.171.11 - - [12/Dec/2022:13:34:30 -0800] "GET /?camp-fire%2F40132988.html HTTP/1.1" 500 - "-" "Mozilla/5.0 (compatible; SemrushBot/7~bl; +http://www.semrush.com/bot.html)" "mantech8.com"
40.77.167.37 - - [12/Dec/2022:13:34:40 -0800] "GET /index.php/04cfc HTTP/1.1" 200 68452 "-" "Mozilla/5.0 AppleWebKit/537.36 (KHTML, like Gecko; compatible; bingbot/2.0; +http://www.bing.com/bingbot.htm) Chrome/103.0.5060.134 Safari/537.36" "mantech8.com"
40.77.167.37 - - [12/Dec/2022:13:34:40 -0800] "GET /index.php/nwtf-9afccefdb-3lkbk.ii HTTP/1.1" 200 64794 "-" "Mozilla/5.0 (compatible; bingbot/2.0; +http://www.bing.com/bingbot.htm)" "mantech8.com"
207.46.13.51 - - [12/Dec/2022:13:34:58 -0800] "GET /index.php/nWTf-3db9bfdaa-4QhNt.Ii HTTP/1.1" 200 61696 "-" "Mozilla/5.0 (compatible; bingbot/2.0; +http://www.bing.com/bingbot.htm)" "mantech8.com"
207.46.13.51 - - [12/Dec/2022:13:35:00 -0800] "GET /index.php/naq6-bffaa-ijoiu.ii HTTP/1.1" 200 70644 "-" "Mozilla/5.0 AppleWebKit/537.36 (KHTML, like Gecko; compatible; bingbot/2.0; +http://www.bing.com/bingbot.htm) Chrome/103.0.5060.134 Safari/537.36" "mantech8.com"
185.191.171.11 - - [12/Dec/2022:13:35:06 -0800] "GET /?camp-fire%2F36721538.html HTTP/1.1" 500 - "-" "Mozilla/5.0 (compatible; SemrushBot/7~bl; +http://www.semrush.com/bot.html)" "mantech8.com"
157.55.39.138 - - [12/Dec/2022:13:35:10 -0800] "GET /index.php/egy1-accbbc-vslsp.ii HTTP/1.1" 200 62219 "-" "Mozilla/5.0 AppleWebKit/537.36 (KHTML, like Gecko; compatible; bingbot/2.0; +http://www.bing.com/bingbot.htm) Chrome/103.0.5060.134 Safari/537.36" "mantech8.com"
185.191.171.8 - - [12/Dec/2022:13:35:38 -0800] "GET /?camp-fire%2F68457409.html HTTP/1.1" 500 - "-" "Mozilla/5.0 (compatible; SemrushBot/7~bl; +http://www.semrush.com/bot.html)" "mantech8.com"
40.77.167.37 - - [12/Dec/2022:13:35:49 -0800] "GET /index.php/blJc-879dcbcb-kwiD5.Ii HTTP/1.1" 200 65085 "-" "Mozilla/5.0 (compatible; bingbot/2.0; +http://www.bing.com/bingbot.htm)" "mantech8.com"
40.77.167.37 - - [12/Dec/2022:13:35:49 -0800] "GET /index.php/VMbP-4cdeb-uMdGC.Ii HTTP/1.1" 200 69385 "-" "Mozilla/5.0 AppleWebKit/537.36 (KHTML, like Gecko; compatible; bingbot/2.0; +http://www.bing.com/bingbot.htm) Chrome/103.0.5060.134 Safari/537.36" "mantech8.com"
40.77.167.37 - - [12/Dec/2022:13:35:49 -0800] "GET /index.php/790aceecef HTTP/1.1" 200 64281 "-" "Mozilla/5.0 (compatible; bingbot/2.0; +http://www.bing.com/bingbot.htm)" "mantech8.com"
207.46.13.51 - - [12/Dec/2022:13:35:53 -0800] "GET /index.php/Pstd-662c0cced-iSOmw.Ii HTTP/1.1" 200 70386 "-" "Mozilla/5.0 (compatible; bingbot/2.0; +http://www.bing.com/bingbot.htm)" "mantech8.com"
207.46.13.51 - - [12/Dec/2022:13:35:54 -0800] "GET /index.php/9ff9ededbe HTTP/1.1" 200 64332 "-" "Mozilla/5.0 (compatible; bingbot/2.0; +http://www.bing.com/bingbot.htm)" "mantech8.com"
207.46.13.51 - - [12/Dec/2022:13:35:55 -0800] "GET /index.php/1e9fcddc HTTP/1.1" 200 63146 "-" "Mozilla/5.0 (compatible; bingbot/2.0; +http://www.bing.com/bingbot.htm)" "mantech8.com"
157.55.39.138 - - [12/Dec/2022:13:36:02 -0800] "GET /index.php/1a4eaaeedf HTTP/1.1" 200 66183 "-" "Mozilla/5.0 (compatible; bingbot/2.0; +http://www.bing.com/bingbot.htm)" "mantech8.com"
157.55.39.138 - - [12/Dec/2022:13:36:03 -0800] "GET /index.php/mcko-84ffaf-vhaov.ii HTTP/1.1" 200 69383 "-" "Mozilla/5.0 (compatible; bingbot/2.0; +http://www.bing.com/bingbot.htm)" "mantech8.com"
207.46.13.51 - - [12/Dec/2022:13:36:08 -0800] "GET /index.php/sa5z-db04fdea-H5uxK.Ii HTTP/1.1" 200 66556 "-" "Mozilla/5.0 AppleWebKit/537.36 (KHTML, like Gecko; compatible; bingbot/2.0; +http://www.bing.com/bingbot.htm) Chrome/103.0.5060.134 Safari/537.36" "mantech8.com"
40.77.167.37 - - [12/Dec/2022:13:36:18 -0800] "GET /index.php/Mcko-c7ceadfde-VtprF.Ii HTTP/1.1" 200 72485 "-" "Mozilla/5.0 AppleWebKit/537.36 (KHTML, like Gecko; compatible; bingbot/2.0; +http://www.bing.com/bingbot.htm) Chrome/103.0.5060.134 Safari/537.36" "mantech8.com"
207.46.13.51 - - [12/Dec/2022:13:36:23 -0800] "GET /index.php/78aadc HTTP/1.1" 200 64392 "-" "Mozilla/5.0 (compatible; bingbot/2.0; +http://www.bing.com/bingbot.htm)" "mantech8.com"
207.46.13.51 - - [12/Dec/2022:13:36:23 -0800] "GET /index.php/c7fd HTTP/1.1" 200 67487 "-" "Mozilla/5.0 (compatible; bingbot/2.0; +http://www.bing.com/bingbot.htm)" "mantech8.com"
207.46.13.163 - - [12/Dec/2022:13:36:27 -0800] "GET /index.php/MKJW-237a4beeaa-BHRDf.Ii HTTP/1.1" 200 59384 "-" "Mozilla/5.0 AppleWebKit/537.36 (KHTML, like Gecko; compatible; bingbot/2.0; +http://www.bing.com/bingbot.htm) Chrome/103.0.5060.134 Safari/537.36" "mantech8.com"
207.46.13.163 - - [12/Dec/2022:13:36:28 -0800] "GET /index.php/nWTf-a7aee-4Aibl.Ii HTTP/1.1" 200 66393 "-" "Mozilla/5.0 AppleWebKit/537.36 (KHTML, like Gecko; compatible; bingbot/2.0; +http://www.bing.com/bingbot.htm) Chrome/103.0.5060.134 Safari/537.36" "mantech8.com"
185.191.171.21 - - [12/Dec/2022:13:36:29 -0800] "GET /?camp-fire%2F40015035.html HTTP/1.1" 500 - "-" "Mozilla/5.0 (compatible; SemrushBot/7~bl; +http://www.semrush.com/bot.html)" "mantech8.com"
207.46.13.163 - - [12/Dec/2022:13:36:30 -0800] "GET /index.php/bljc-b312dcbca-kwusb.ii HTTP/1.1" 200 67860 "-" "Mozilla/5.0 (compatible; bingbot/2.0; +http://www.bing.com/bingbot.htm)" "mantech8.com"
207.46.13.163 - - [12/Dec/2022:13:36:30 -0800] "GET /index.php/raig-1b7addae-ngdaf.ii HTTP/1.1" 200 73210 "-" "Mozilla/5.0 AppleWebKit/537.36 (KHTML, like Gecko; compatible; bingbot/2.0; +http://www.bing.com/bingbot.htm) Chrome/103.0.5060.134 Safari/537.36" "mantech8.com"
185.191.171.33 - - [12/Dec/2022:13:36:46 -0800] "GET /?camp-fire%2F38521178.html HTTP/1.1" 500 - "-" "Mozilla/5.0 (compatible; SemrushBot/7~bl; +http://www.semrush.com/bot.html)" "mantech8.com"
185.191.171.21 - - [12/Dec/2022:13:37:24 -0800] "GET /?camp-fire%2F37113878.html HTTP/1.1" 500 - "-" "Mozilla/5.0 (compatible; SemrushBot/7~bl; +http://www.semrush.com/bot.html)" "mantech8.com"
185.191.171.24 - - [12/Dec/2022:13:37:27 -0800] "GET /?camp-fire%2F41549359.html HTTP/1.1" 500 - "-" "Mozilla/5.0 (compatible; SemrushBot/7~bl; +http://www.semrush.com/bot.html)" "mantech8.com"
157.55.39.138 - - [12/Dec/2022:13:37:29 -0800] "GET /index.php/nWTf-41df-4QMMX.Ii HTTP/1.1" 200 73239 "-" "Mozilla/5.0 (compatible; bingbot/2.0; +http://www.bing.com/bingbot.htm)" "mantech8.com"
157.55.39.138 - - [12/Dec/2022:13:37:30 -0800] "GET /index.php/mcko-34f49edafd-vyss1.ii HTTP/1.1" 200 70076 "-" "Mozilla/5.0 (compatible; bingbot/2.0; +http://www.bing.com/bingbot.htm)" "mantech8.com"
157.55.39.138 - - [12/Dec/2022:13:37:31 -0800] "GET /index.php/d764abede HTTP/1.1" 200 68164 "-" "Mozilla/5.0 (compatible; bingbot/2.0; +http://www.bing.com/bingbot.htm)" "mantech8.com"
157.55.39.138 - - [12/Dec/2022:13:37:32 -0800] "GET /index.php/k937-a900cafcc-71sot.ii HTTP/1.1" 200 68650 "-" "Mozilla/5.0 AppleWebKit/537.36 (KHTML, like Gecko; compatible; bingbot/2.0; +http://www.bing.com/bingbot.htm) Chrome/103.0.5060.134 Safari/537.36" "mantech8.com"
157.55.39.138 - - [12/Dec/2022:13:37:49 -0800] "GET /index.php/sa5z-1200ceda-H5OHE.Ii HTTP/1.1" 200 79671 "-" "Mozilla/5.0 (compatible; bingbot/2.0; +http://www.bing.com/bingbot.htm)" "mantech8.com"
207.46.13.163 - - [12/Dec/2022:13:37:57 -0800] "GET /index.php/s0KV-f7debcdbba-osYnr.Ii HTTP/1.1" 200 66049 "-" "Mozilla/5.0 AppleWebKit/537.36 (KHTML, like Gecko; compatible; bingbot/2.0; +http://www.bing.com/bingbot.htm) Chrome/103.0.5060.134 Safari/537.36" "mantech8.com"
207.46.13.163 - - [12/Dec/2022:13:38:07 -0800] "GET /index.php/wsum-00bef-ep5au.ii HTTP/1.1" 200 67884 "-" "Mozilla/5.0 AppleWebKit/537.36 (KHTML, like Gecko; compatible; bingbot/2.0; +http://www.bing.com/bingbot.htm) Chrome/103.0.5060.134 Safari/537.36" "mantech8.com"
185.191.171.12 - - [12/Dec/2022:13:38:35 -0800] "GET /?camp-fire%2F21610017.html HTTP/1.1" 500 - "-" "Mozilla/5.0 (compatible; SemrushBot/7~bl; +http://www.semrush.com/bot.html)" "mantech8.com"
185.191.171.21 - - [12/Dec/2022:13:38:38 -0800] "GET /?camp-fire%2F45626950.html HTTP/1.1" 500 - "-" "Mozilla/5.0 (compatible; SemrushBot/7~bl; +http://www.semrush.com/bot.html)" "mantech8.com"
185.191.171.39 - - [12/Dec/2022:13:38:44 -0800] "GET /?camp-fire%2F39805317.html HTTP/1.1" 500 - "-" "Mozilla/5.0 (compatible; SemrushBot/7~bl; +http://www.semrush.com/bot.html)" "mantech8.com"
207.46.13.51 - - [12/Dec/2022:13:38:48 -0800] "GET /index.php/1ebb HTTP/1.1" 200 66794 "-" "Mozilla/5.0 (compatible; bingbot/2.0; +http://www.bing.com/bingbot.htm)" "mantech8.com"
207.46.13.51 - - [12/Dec/2022:13:38:49 -0800] "GET /index.php/4eaadbdc HTTP/1.1" 200 63144 "-" "Mozilla/5.0 (compatible; bingbot/2.0; +http://www.bing.com/bingbot.htm)" "mantech8.com"
207.46.13.51 - - [12/Dec/2022:13:38:50 -0800] "GET /index.php/nWTf-20ecf-4QDUe.Ii HTTP/1.1" 200 68905 "-" "Mozilla/5.0 AppleWebKit/537.36 (KHTML, like Gecko; compatible; bingbot/2.0; +http://www.bing.com/bingbot.htm) Chrome/103.0.5060.134 Safari/537.36" "mantech8.com"
207.46.13.51 - - [12/Dec/2022:13:38:50 -0800] "GET /index.php/SnxR-22da-jFlNP.Ii HTTP/1.1" 200 63099 "-" "Mozilla/5.0 AppleWebKit/537.36 (KHTML, like Gecko; compatible; bingbot/2.0; +http://www.bing.com/bingbot.htm) Chrome/103.0.5060.134 Safari/537.36" "mantech8.com"
207.46.13.51 - - [12/Dec/2022:13:38:51 -0800] "GET /index.php/KJZ2-81e4ecaffc-ylhhs.Ii HTTP/1.1" 200 72942 "-" "Mozilla/5.0 (compatible; bingbot/2.0; +http://www.bing.com/bingbot.htm)" "mantech8.com"
207.46.13.51 - - [12/Dec/2022:13:38:52 -0800] "GET /index.php/F2si-90eae-DoF6B.Ii HTTP/1.1" 200 77834 "-" "Mozilla/5.0 AppleWebKit/537.36 (KHTML, like Gecko; compatible; bingbot/2.0; +http://www.bing.com/bingbot.htm) Chrome/103.0.5060.134 Safari/537.36" "mantech8.com"
207.46.13.51 - - [12/Dec/2022:13:38:53 -0800] "GET /index.php/txf8-99c63ece-al5nb.ii HTTP/1.1" 200 68582 "-" "Mozilla/5.0 AppleWebKit/537.36 (KHTML, like Gecko; compatible; bingbot/2.0; +http://www.bing.com/bingbot.htm) Chrome/103.0.5060.134 Safari/537.36" "mantech8.com"
40.77.167.37 - - [12/Dec/2022:13:38:54 -0800] "GET /index.php/ba8s-62b3ebaadd-08mtx.ii HTTP/1.1" 200 77699 "-" "Mozilla/5.0 (compatible; bingbot/2.0; +http://www.bing.com/bingbot.htm)" "mantech8.com"
40.77.167.37 - - [12/Dec/2022:13:38:58 -0800] "GET /index.php/9c9eeefe HTTP/1.1" 500 - "-" "Mozilla/5.0 AppleWebKit/537.36 (KHTML, like Gecko; compatible; bingbot/2.0; +http://www.bing.com/bingbot.htm) Chrome/103.0.5060.134 Safari/537.36" "mantech8.com"
207.46.13.125 - - [12/Dec/2022:13:39:06 -0800] "GET /index.php/sa5z-a7cbcfab-H4AwT.Ii HTTP/1.1" 200 68463 "-" "Mozilla/5.0 (compatible; bingbot/2.0; +http://www.bing.com/bingbot.htm)" "mantech8.com"
207.46.13.125 - - [12/Dec/2022:13:39:08 -0800] "GET /index.php/edafa HTTP/1.1" 200 68513 "-" "Mozilla/5.0 AppleWebKit/537.36 (KHTML, like Gecko; compatible; bingbot/2.0; +http://www.bing.com/bingbot.htm) Chrome/103.0.5060.134 Safari/537.36" "mantech8.com"
207.46.13.51 - - [12/Dec/2022:13:39:09 -0800] "GET /index.php/blJc-2eceefdc-kweEm.Ii HTTP/1.1" 200 65388 "-" "Mozilla/5.0 AppleWebKit/537.36 (KHTML, like Gecko; compatible; bingbot/2.0; +http://www.bing.com/bingbot.htm) Chrome/103.0.5060.134 Safari/537.36" "mantech8.com"
207.46.13.125 - - [12/Dec/2022:13:39:10 -0800] "GET /index.php/q5w4-8cecca-jpfoo.ii HTTP/1.1" 200 61916 "-" "Mozilla/5.0 (compatible; bingbot/2.0; +http://www.bing.com/bingbot.htm)" "mantech8.com"
207.46.13.125 - - [12/Dec/2022:13:39:12 -0800] "GET /index.php/egy1-23bc-vsspr.ii HTTP/1.1" 500 - "-" "Mozilla/5.0 AppleWebKit/537.36 (KHTML, like Gecko; compatible; bingbot/2.0; +http://www.bing.com/bingbot.htm) Chrome/103.0.5060.134 Safari/537.36" "mantech8.com"
40.77.167.37 - - [12/Dec/2022:13:39:19 -0800] "GET /index.php/9c9eeefe HTTP/1.1" 200 62492 "-" "Mozilla/5.0 AppleWebKit/537.36 (KHTML, like Gecko; compatible; bingbot/2.0; +http://www.bing.com/bingbot.htm) Chrome/103.0.5060.134 Safari/537.36" "mantech8.com"
207.46.13.51 - - [12/Dec/2022:13:39:23 -0800] "GET /index.php/blJc-bf80ffbaac-kzUxR.Ii HTTP/1.1" 200 69602 "-" "Mozilla/5.0 AppleWebKit/537.36 (KHTML, like Gecko; compatible; bingbot/2.0; +http://www.bing.com/bingbot.htm) Chrome/103.0.5060.134 Safari/537.36" "mantech8.com"
207.46.13.51 - - [12/Dec/2022:13:39:24 -0800] "GET /index.php/wf2o-e6cec-g73nm.ii HTTP/1.1" 200 59594 "-" "Mozilla/5.0 (compatible; bingbot/2.0; +http://www.bing.com/bingbot.htm)" "mantech8.com"
185.191.171.11 - - [12/Dec/2022:13:38:59 -0800] "GET /index.php?camp-fire%2F18048481.html HTTP/1.1" 500 - "-" "Mozilla/5.0 (compatible; SemrushBot/7~bl; +http://www.semrush.com/bot.html)" "mantech8.com"
185.191.171.20 - - [12/Dec/2022:13:39:19 -0800] "GET /?camp-fire%2F74509727.html HTTP/1.1" 500 - "-" "Mozilla/5.0 (compatible; SemrushBot/7~bl; +http://www.semrush.com/bot.html)" "mantech8.com"
207.46.13.125 - - [12/Dec/2022:13:39:07 -0800] "GET /index.php/Pstd-d578becdc-iXfuO.Ii HTTP/1.1" 200 66901 "-" "Mozilla/5.0 (compatible; bingbot/2.0; +http://www.bing.com/bingbot.htm)" "mantech8.com"
40.77.167.37 - - [12/Dec/2022:13:39:40 -0800] "GET /index.php/mcko-4d9f7dcf-vybnm.ii HTTP/1.1" 200 71268 "-" "Mozilla/5.0 (compatible; bingbot/2.0; +http://www.bing.com/bingbot.htm)" "mantech8.com"
40.77.167.37 - - [12/Dec/2022:13:39:41 -0800] "GET /index.php/sa5z-c4551cbacf-h4s4h.ii HTTP/1.1" 200 68962 "-" "Mozilla/5.0 (compatible; bingbot/2.0; +http://www.bing.com/bingbot.htm)" "mantech8.com"
40.77.167.37 - - [12/Dec/2022:13:39:50 -0800] "GET /index.php/imvf-bb9fbbbeaa-ypigg.ii HTTP/1.1" 200 62561 "-" "Mozilla/5.0 AppleWebKit/537.36 (KHTML, like Gecko; compatible; bingbot/2.0; +http://www.bing.com/bingbot.htm) Chrome/103.0.5060.134 Safari/537.36" "mantech8.com"
207.46.13.125 - - [12/Dec/2022:13:39:59 -0800] "GET /index.php/31l7-73cce-onibk.ii HTTP/1.1" 200 67521 "-" "Mozilla/5.0 (compatible; bingbot/2.0; +http://www.bing.com/bingbot.htm)" "mantech8.com"
207.46.13.125 - - [12/Dec/2022:13:40:00 -0800] "GET /index.php/pstd-d78faecfb-ixlfw.ii HTTP/1.1" 200 66176 "-" "Mozilla/5.0 (compatible; bingbot/2.0; +http://www.bing.com/bingbot.htm)" "mantech8.com"
207.46.13.125 - - [12/Dec/2022:13:40:17 -0800] "GET /index.php/yhfg-f7dfc-plljm.ii HTTP/1.1" 200 68134 "-" "Mozilla/5.0 (compatible; bingbot/2.0; +http://www.bing.com/bingbot.htm)" "mantech8.com"
207.46.13.125 - - [12/Dec/2022:13:40:18 -0800] "GET /index.php/baed8cde HTTP/1.1" 200 70459 "-" "Mozilla/5.0 (compatible; bingbot/2.0; +http://www.bing.com/bingbot.htm)" "mantech8.com"
207.46.13.51 - - [12/Dec/2022:13:40:30 -0800] "GET /index.php/9d1accfe HTTP/1.1" 200 67722 "-" "Mozilla/5.0 (compatible; bingbot/2.0; +http://www.bing.com/bingbot.htm)" "mantech8.com"
185.191.171.21 - - [12/Dec/2022:13:40:44 -0800] "GET /?camp-fire%2F43202170.html HTTP/1.1" 500 - "-" "Mozilla/5.0 (compatible; SemrushBot/7~bl; +http://www.semrush.com/bot.html)" "mantech8.com"
207.46.13.163 - - [12/Dec/2022:13:40:47 -0800] "GET /index.php/egy1-46bdbb-vxufw.ii HTTP/1.1" 200 64824 "-" "Mozilla/5.0 AppleWebKit/537.36 (KHTML, like Gecko; compatible; bingbot/2.0; +http://www.bing.com/bingbot.htm) Chrome/103.0.5060.134 Safari/537.36" "mantech8.com"
185.191.171.17 - - [12/Dec/2022:13:40:53 -0800] "GET /?camp-fire%2F29084165.html HTTP/1.1" 500 - "-" "Mozilla/5.0 (compatible; SemrushBot/7~bl; +http://www.semrush.com/bot.html)" "mantech8.com"
40.77.167.37 - - [12/Dec/2022:13:41:20 -0800] "GET /index.php/nwtf-151a2cbfbd-4aium.ii HTTP/1.1" 200 66989 "-" "Mozilla/5.0 (compatible; bingbot/2.0; +http://www.bing.com/bingbot.htm)" "mantech8.com"
40.77.167.37 - - [12/Dec/2022:13:41:21 -0800] "GET /index.php/9bc6bcbc HTTP/1.1" 200 64555 "-" "Mozilla/5.0 (compatible; bingbot/2.0; +http://www.bing.com/bingbot.htm)" "mantech8.com"
185.191.171.41 - - [12/Dec/2022:13:41:55 -0800] "GET /?camp-fire%2F58467772.html HTTP/1.1" 500 - "-" "Mozilla/5.0 (compatible; SemrushBot/7~bl; +http://www.semrush.com/bot.html)" "mantech8.com"
185.191.171.16 - - [12/Dec/2022:13:42:00 -0800] "GET /?camp-fire%2F38287203.html HTTP/1.1" 500 - "-" "Mozilla/5.0 (compatible; SemrushBot/7~bl; +http://www.semrush.com/bot.html)" "mantech8.com"
207.46.13.51 - - [12/Dec/2022:13:41:59 -0800] "GET /index.php/s0KV-bc2bccfbf-os7ek.Ii HTTP/1.1" 200 63865 "-" "Mozilla/5.0 AppleWebKit/537.36 (KHTML, like Gecko; compatible; bingbot/2.0; +http://www.bing.com/bingbot.htm) Chrome/103.0.5060.134 Safari/537.36" "mantech8.com"
157.55.39.138 - - [12/Dec/2022:13:42:02 -0800] "GET /index.php/a450ababb HTTP/1.1" 500 - "-" "Mozilla/5.0 AppleWebKit/537.36 (KHTML, like Gecko; compatible; bingbot/2.0; +http://www.bing.com/bingbot.htm) Chrome/103.0.5060.134 Safari/537.36" "mantech8.com"
207.46.13.51 - - [12/Dec/2022:13:42:01 -0800] "GET /index.php/EGy1-9e68bfee-vemHT.Ii HTTP/1.1" 200 71867 "-" "Mozilla/5.0 AppleWebKit/537.36 (KHTML, like Gecko; compatible; bingbot/2.0; +http://www.bing.com/bingbot.htm) Chrome/103.0.5060.134 Safari/537.36" "mantech8.com"
207.46.13.51 - - [12/Dec/2022:13:42:04 -0800] "GET /index.php/c604cbccfe HTTP/1.1" 500 - "-" "Mozilla/5.0 AppleWebKit/537.36 (KHTML, like Gecko; compatible; bingbot/2.0; +http://www.bing.com/bingbot.htm) Chrome/103.0.5060.134 Safari/537.36" "mantech8.com"
207.46.13.51 - - [12/Dec/2022:13:42:05 -0800] "GET /index.php/zsuz-fadf3fffad-slmpl.ii HTTP/1.1" 200 66823 "-" "Mozilla/5.0 AppleWebKit/537.36 (KHTML, like Gecko; compatible; bingbot/2.0; +http://www.bing.com/bingbot.htm) Chrome/103.0.5060.134 Safari/537.36" "mantech8.com"
207.46.13.51 - - [12/Dec/2022:13:42:06 -0800] "GET /index.php/vmbp-bad0aeccba-uncn8.ii HTTP/1.1" 200 61813 "-" "Mozilla/5.0 (compatible; bingbot/2.0; +http://www.bing.com/bingbot.htm)" "mantech8.com"
185.191.171.34 - - [12/Dec/2022:13:42:07 -0800] "GET /index.php?camp-fire%2F18450765.html HTTP/1.1" 500 - "-" "Mozilla/5.0 (compatible; SemrushBot/7~bl; +http://www.semrush.com/bot.html)" "mantech8.com"
207.46.13.51 - - [12/Dec/2022:13:42:07 -0800] "GET /index.php/naq6-9f5ccdbf-imyse.ii HTTP/1.1" 500 - "-" "Mozilla/5.0 (compatible; bingbot/2.0; +http://www.bing.com/bingbot.htm)" "mantech8.com"
157.55.39.138 - - [12/Dec/2022:13:42:11 -0800] "GET /index.php/wf2o-5fd76fecfd-g69tq.ii HTTP/1.1" 200 67683 "-" "Mozilla/5.0 AppleWebKit/537.36 (KHTML, like Gecko; compatible; bingbot/2.0; +http://www.bing.com/bingbot.htm) Chrome/103.0.5060.134 Safari/537.36" "mantech8.com"
207.46.13.51 - - [12/Dec/2022:13:42:29 -0800] "GET /index.php/c604cbccfe HTTP/1.1" 200 66384 "-" "Mozilla/5.0 (compatible; bingbot/2.0; +http://www.bing.com/bingbot.htm)" "mantech8.com"
185.191.171.9 - - [12/Dec/2022:13:42:48 -0800] "GET /?camp-fire%2F38272303.html HTTP/1.1" 500 - "-" "Mozilla/5.0 (compatible; SemrushBot/7~bl; +http://www.semrush.com/bot.html)" "mantech8.com"
40.77.167.37 - - [12/Dec/2022:13:42:50 -0800] "GET /index.php/kd2b-ad6fadecc-skibk.ii HTTP/1.1" 200 64503 "-" "Mozilla/5.0 (compatible; bingbot/2.0; +http://www.bing.com/bingbot.htm)" "mantech8.com"
157.55.39.138 - - [12/Dec/2022:13:42:55 -0800] "GET /index.php/9381fcbfbf HTTP/1.1" 200 71338 "-" "Mozilla/5.0 AppleWebKit/537.36 (KHTML, like Gecko; compatible; bingbot/2.0; +http://www.bing.com/bingbot.htm) Chrome/103.0.5060.134 Safari/537.36" "mantech8.com"
40.77.167.0 - - [12/Dec/2022:13:43:13 -0800] "GET /index.php/c7fd/03be HTTP/1.1" 200 78230 "-" "Mozilla/5.0 (compatible; bingbot/2.0; +http://www.bing.com/bingbot.htm)" "mantech8.com"
40.77.167.0 - - [12/Dec/2022:13:43:15 -0800] "GET /index.php/KJZ2-0814cdfccc-hATTO.Ii HTTP/1.1" 200 71364 "-" "Mozilla/5.0 AppleWebKit/537.36 (KHTML, like Gecko; compatible; bingbot/2.0; +http://www.bing.com/bingbot.htm) Chrome/103.0.5060.134 Safari/537.36" "mantech8.com"
40.77.167.0 - - [12/Dec/2022:13:43:16 -0800] "GET /index.php/s0KV-e2fbc-owa4C.Ii HTTP/1.1" 200 73090 "-" "Mozilla/5.0 AppleWebKit/537.36 (KHTML, like Gecko; compatible; bingbot/2.0; +http://www.bing.com/bingbot.htm) Chrome/103.0.5060.134 Safari/537.36" "mantech8.com"
40.77.167.0 - - [12/Dec/2022:13:43:17 -0800] "GET /index.php/mkjw-8c699dbd-bbmx3.ii HTTP/1.1" 200 64792 "-" "Mozilla/5.0 (compatible; bingbot/2.0; +http://www.bing.com/bingbot.htm)" "mantech8.com"
40.77.167.0 - - [12/Dec/2022:13:43:20 -0800] "GET /index.php/b3350bbdee HTTP/1.1" 200 64399 "-" "Mozilla/5.0 (compatible; bingbot/2.0; +http://www.bing.com/bingbot.htm)" "mantech8.com"
40.77.167.0 - - [12/Dec/2022:13:43:21 -0800] "GET /index.php/mhxm-e6da-jbjdd.ii HTTP/1.1" 200 65925 "-" "Mozilla/5.0 AppleWebKit/537.36 (KHTML, like Gecko; compatible; bingbot/2.0; +http://www.bing.com/bingbot.htm) Chrome/103.0.5060.134 Safari/537.36" "mantech8.com"
40.77.167.0 - - [12/Dec/2022:13:43:22 -0800] "GET /index.php/cd2dcbffa HTTP/1.1" 200 68508 "-" "Mozilla/5.0 (compatible; bingbot/2.0; +http://www.bing.com/bingbot.htm)" "mantech8.com"
185.191.171.6 - - [12/Dec/2022:13:43:31 -0800] "GET /?camp-fire%2F27751783.html HTTP/1.1" 500 - "-" "Mozilla/5.0 (compatible; SemrushBot/7~bl; +http://www.semrush.com/bot.html)" "mantech8.com"
40.77.167.0 - - [12/Dec/2022:13:43:35 -0800] "GET /index.php/6a5bfaddea HTTP/1.1" 200 69992 "-" "Mozilla/5.0 AppleWebKit/537.36 (KHTML, like Gecko; compatible; bingbot/2.0; +http://www.bing.com/bingbot.htm) Chrome/103.0.5060.134 Safari/537.36" "mantech8.com"
40.77.167.0 - - [12/Dec/2022:13:43:38 -0800] "GET /index.php/naq6-0b9dfdfd-iujsz.ii HTTP/1.1" 200 66204 "-" "Mozilla/5.0 AppleWebKit/537.36 (KHTML, like Gecko; compatible; bingbot/2.0; +http://www.bing.com/bingbot.htm) Chrome/103.0.5060.134 Safari/537.36" "mantech8.com"
185.191.171.23 - - [12/Dec/2022:13:43:40 -0800] "GET /?camp-fire%2F29417200.html HTTP/1.1" 500 - "-" "Mozilla/5.0 (compatible; SemrushBot/7~bl; +http://www.semrush.com/bot.html)" "mantech8.com"
207.46.13.163 - - [12/Dec/2022:13:43:58 -0800] "GET /index.php/c36fccbad HTTP/1.1" 200 63681 "-" "Mozilla/5.0 AppleWebKit/537.36 (KHTML, like Gecko; compatible; bingbot/2.0; +http://www.bing.com/bingbot.htm) Chrome/103.0.5060.134 Safari/537.36" "mantech8.com"
207.46.13.163 - - [12/Dec/2022:13:43:59 -0800] "GET /index.php/s0KV-56af-osCgY.Ii HTTP/1.1" 200 66865 "-" "Mozilla/5.0 (compatible; bingbot/2.0; +http://www.bing.com/bingbot.htm)" "mantech8.com"
207.46.13.163 - - [12/Dec/2022:13:44:01 -0800] "GET /index.php/nwtf-9d30eefaa-4atem.ii HTTP/1.1" 500 - "-" "Mozilla/5.0 AppleWebKit/537.36 (KHTML, like Gecko; compatible; bingbot/2.0; +http://www.bing.com/bingbot.htm) Chrome/103.0.5060.134 Safari/537.36" "mantech8.com"
207.46.13.163 - - [12/Dec/2022:13:44:01 -0800] "GET /index.php/22741ffcfa HTTP/1.1" 200 65874 "-" "Mozilla/5.0 AppleWebKit/537.36 (KHTML, like Gecko; compatible; bingbot/2.0; +http://www.bing.com/bingbot.htm) Chrome/103.0.5060.134 Safari/537.36" "mantech8.com"
40.77.167.0 - - [12/Dec/2022:13:44:06 -0800] "GET /index.php/s0KV-38bb9cefaa-osCgL.Ii HTTP/1.1" 200 69164 "-" "Mozilla/5.0 (compatible; bingbot/2.0; +http://www.bing.com/bingbot.htm)" "mantech8.com"
40.77.167.0 - - [12/Dec/2022:13:44:08 -0800] "GET /index.php/mcko-4ee29acadd-vt3fl.ii HTTP/1.1" 200 64850 "-" "Mozilla/5.0 (compatible; bingbot/2.0; +http://www.bing.com/bingbot.htm)" "mantech8.com"
185.191.171.13 - - [12/Dec/2022:13:44:17 -0800] "GET /?camp-fire%2F97282217.html HTTP/1.1" 500 - "-" "Mozilla/5.0 (compatible; SemrushBot/7~bl; +http://www.semrush.com/bot.html)" "mantech8.com"
207.46.13.125 - - [12/Dec/2022:13:44:18 -0800] "GET /index.php/yhfg-1b06bdddf-plbst.ii HTTP/1.1" 200 70601 "-" "Mozilla/5.0 AppleWebKit/537.36 (KHTML, like Gecko; compatible; bingbot/2.0; +http://www.bing.com/bingbot.htm) Chrome/103.0.5060.134 Safari/537.36" "mantech8.com"
207.46.13.125 - - [12/Dec/2022:13:44:19 -0800] "GET /index.php/pstd-55cbf-ies1t.ii HTTP/1.1" 200 67318 "-" "Mozilla/5.0 (compatible; bingbot/2.0; +http://www.bing.com/bingbot.htm)" "mantech8.com"
207.46.13.125 - - [12/Dec/2022:13:44:21 -0800] "GET /index.php/iu4h-31abe-zfsfb.ii HTTP/1.1" 200 76179 "-" "Mozilla/5.0 AppleWebKit/537.36 (KHTML, like Gecko; compatible; bingbot/2.0; +http://www.bing.com/bingbot.htm) Chrome/103.0.5060.134 Safari/537.36" "mantech8.com"
207.46.13.125 - - [12/Dec/2022:13:44:28 -0800] "GET /index.php/82304ecf HTTP/1.1" 200 68740 "-" "Mozilla/5.0 (compatible; bingbot/2.0; +http://www.bing.com/bingbot.htm)" "mantech8.com"
185.191.171.12 - - [12/Dec/2022:13:44:30 -0800] "GET /?camp-fire%2F33146330.html HTTP/1.1" 500 - "-" "Mozilla/5.0 (compatible; SemrushBot/7~bl; +http://www.semrush.com/bot.html)" "mantech8.com"
207.46.13.51 - - [12/Dec/2022:13:44:30 -0800] "GET /index.php/s0kv-192ffcdc-osgmt.ii HTTP/1.1" 200 75274 "-" "Mozilla/5.0 (compatible; bingbot/2.0; +http://www.bing.com/bingbot.htm)" "mantech8.com"
207.46.13.51 - - [12/Dec/2022:13:44:31 -0800] "GET /index.php/su70-e3ecd-icram.ii HTTP/1.1" 200 63587 "-" "Mozilla/5.0 AppleWebKit/537.36 (KHTML, like Gecko; compatible; bingbot/2.0; +http://www.bing.com/bingbot.htm) Chrome/103.0.5060.134 Safari/537.36" "mantech8.com"
40.77.167.37 - - [12/Dec/2022:13:44:34 -0800] "GET /index.php/naq6-4261ceec-inqse.ii HTTP/1.1" 200 65627 "-" "Mozilla/5.0 (compatible; bingbot/2.0; +http://www.bing.com/bingbot.htm)" "mantech8.com"
114.119.145.134 - - [12/Dec/2022:13:44:36 -0800] "GET /index.php/athermallize.xml HTTP/1.1" 200 289312 "-" "Mozilla/5.0 (compatible;PetalBot;+https://webmaster.petalsearch.com/site/petalbot)" "mantech8.com"
185.191.171.6 - - [12/Dec/2022:13:44:42 -0800] "GET /?camp-fire%2F32565968.html HTTP/1.1" 500 - "-" "Mozilla/5.0 (compatible; SemrushBot/7~bl; +http://www.semrush.com/bot.html)" "mantech8.com"
114.119.130.102 - - [12/Dec/2022:13:44:44 -0800] "GET /bimages/gallery/thump/error.php HTTP/1.1" 200 335 "http://www.mantech8.com/bimages/gallery/thump/" "Mozilla/5.0 (Linux; Android 7.0;) AppleWebKit/537.36 (KHTML, like Gecko) Mobile Safari/537.36 (compatible; PetalBot;+https://webmaster.petalsearch.com/site/petalbot)" "www.mantech8.com"
207.46.13.51 - - [12/Dec/2022:13:44:59 -0800] "GET /index.php/9a65ecebea HTTP/1.1" 200 68345 "-" "Mozilla/5.0 AppleWebKit/537.36 (KHTML, like Gecko; compatible; bingbot/2.0; +http://www.bing.com/bingbot.htm) Chrome/103.0.5060.134 Safari/537.36" "mantech8.com"
207.46.13.125 - - [12/Dec/2022:13:45:07 -0800] "GET /index.php/nwtf-8ecd-3pqsg.ii HTTP/1.1" 200 67233 "-" "Mozilla/5.0 AppleWebKit/537.36 (KHTML, like Gecko; compatible; bingbot/2.0; +http://www.bing.com/bingbot.htm) Chrome/103.0.5060.134 Safari/537.36" "mantech8.com"
185.191.171.26 - - [12/Dec/2022:13:45:34 -0800] "GET /?camp-fire%2F47737902.html HTTP/1.1" 500 - "-" "Mozilla/5.0 (compatible; SemrushBot/7~bl; +http://www.semrush.com/bot.html)" "mantech8.com"
207.46.13.125 - - [12/Dec/2022:13:45:47 -0800] "GET /index.php/Pstd-b3b74afcdb-iEvST.Ii HTTP/1.1" 200 65523 "-" "Mozilla/5.0 (compatible; bingbot/2.0; +http://www.bing.com/bingbot.htm)" "mantech8.com"
207.46.13.163 - - [12/Dec/2022:13:45:51 -0800] "GET /index.php/hfdr-1ce5dedfd-ikwyh.ii HTTP/1.1" 200 60092 "-" "Mozilla/5.0 (compatible; bingbot/2.0; +http://www.bing.com/bingbot.htm)" "mantech8.com"
207.46.13.125 - - [12/Dec/2022:13:45:57 -0800] "GET /index.php/af1dcbcb HTTP/1.1" 200 72367 "-" "Mozilla/5.0 AppleWebKit/537.36 (KHTML, like Gecko; compatible; bingbot/2.0; +http://www.bing.com/bingbot.htm) Chrome/103.0.5060.134 Safari/537.36" "mantech8.com"
207.46.13.125 - - [12/Dec/2022:13:45:59 -0800] "GET /index.php/nwtf-2d84eddd-3laqm.ii HTTP/1.1" 200 62012 "-" "Mozilla/5.0 (compatible; bingbot/2.0; +http://www.bing.com/bingbot.htm)" "mantech8.com"
207.46.13.51 - - [12/Dec/2022:13:46:01 -0800] "GET /index.php/sa5z-53abf-h6cml.ii HTTP/1.1" 200 69668 "-" "Mozilla/5.0 (compatible; bingbot/2.0; +http://www.bing.com/bingbot.htm)" "mantech8.com"
207.46.13.163 - - [12/Dec/2022:13:46:28 -0800] "GET /index.php/ba8S-b1652ecded-00enL.Ii HTTP/1.1" 200 65712 "-" "Mozilla/5.0 (compatible; bingbot/2.0; +http://www.bing.com/bingbot.htm)" "mantech8.com"
185.191.171.4 - - [12/Dec/2022:13:46:57 -0800] "GET /index.php?camp-fire%2F12671321.html HTTP/1.1" 500 - "-" "Mozilla/5.0 (compatible; SemrushBot/7~bl; +http://www.semrush.com/bot.html)" "mantech8.com"
207.46.13.163 - - [12/Dec/2022:13:47:08 -0800] "GET /index.php/Mcko-c00ceface-VttNt.Ii HTTP/1.1" 200 69957 "-" "Mozilla/5.0 (compatible; bingbot/2.0; +http://www.bing.com/bingbot.htm)" "mantech8.com"
207.46.13.163 - - [12/Dec/2022:13:47:08 -0800] "GET /index.php/32fd HTTP/1.1" 200 62321 "-" "Mozilla/5.0 AppleWebKit/537.36 (KHTML, like Gecko; compatible; bingbot/2.0; +http://www.bing.com/bingbot.htm) Chrome/103.0.5060.134 Safari/537.36" "mantech8.com"
157.55.39.138 - - [12/Dec/2022:13:47:11 -0800] "GET /index.php/mcko-fddecc-vg9jo.ii HTTP/1.1" 200 64334 "-" "Mozilla/5.0 AppleWebKit/537.36 (KHTML, like Gecko; compatible; bingbot/2.0; +http://www.bing.com/bingbot.htm) Chrome/103.0.5060.134 Safari/537.36" "mantech8.com"
157.55.39.138 - - [12/Dec/2022:13:47:12 -0800] "GET /index.php/41ca HTTP/1.1" 200 65431 "-" "Mozilla/5.0 AppleWebKit/537.36 (KHTML, like Gecko; compatible; bingbot/2.0; +http://www.bing.com/bingbot.htm) Chrome/103.0.5060.134 Safari/537.36" "mantech8.com"
157.55.39.138 - - [12/Dec/2022:13:47:13 -0800] "GET /index.php/k937-96a5acbaa-73rcb.ii HTTP/1.1" 200 64852 "-" "Mozilla/5.0 AppleWebKit/537.36 (KHTML, like Gecko; compatible; bingbot/2.0; +http://www.bing.com/bingbot.htm) Chrome/103.0.5060.134 Safari/537.36" "mantech8.com"
207.46.13.163 - - [12/Dec/2022:13:47:18 -0800] "GET /index.php/hfdr-696a9fabaa-ilmws.ii HTTP/1.1" 200 59147 "-" "Mozilla/5.0 AppleWebKit/537.36 (KHTML, like Gecko; compatible; bingbot/2.0; +http://www.bing.com/bingbot.htm) Chrome/103.0.5060.134 Safari/537.36" "mantech8.com"
207.46.13.163 - - [12/Dec/2022:13:47:19 -0800] "GET /index.php/f2cae HTTP/1.1" 200 72649 "-" "Mozilla/5.0 (compatible; bingbot/2.0; +http://www.bing.com/bingbot.htm)" "mantech8.com"
40.77.167.37 - - [12/Dec/2022:13:47:42 -0800] "GET /index.php/23edf HTTP/1.1" 200 63614 "-" "Mozilla/5.0 (compatible; bingbot/2.0; +http://www.bing.com/bingbot.htm)" "mantech8.com"
207.46.13.51 - - [12/Dec/2022:13:48:20 -0800] "GET /index.php/bljc-3a52baacf-kscgk.ii HTTP/1.1" 200 66339 "-" "Mozilla/5.0 AppleWebKit/537.36 (KHTML, like Gecko; compatible; bingbot/2.0; +http://www.bing.com/bingbot.htm) Chrome/103.0.5060.134 Safari/537.36" "mantech8.com"
157.55.39.138 - - [12/Dec/2022:13:48:31 -0800] "GET /index.php/aps-dbe5affdd-ojahn.ii HTTP/1.1" 200 70526 "-" "Mozilla/5.0 (compatible; bingbot/2.0; +http://www.bing.com/bingbot.htm)" "mantech8.com"
185.191.171.11 - - [12/Dec/2022:13:49:41 -0800] "GET /?camp-fire%2F58117034.html HTTP/1.1" 500 - "-" "Mozilla/5.0 (compatible; SemrushBot/7~bl; +http://www.semrush.com/bot.html)" "mantech8.com"
185.191.171.19 - - [12/Dec/2022:13:49:50 -0800] "GET /?camp-fire%2F99544871.html HTTP/1.1" 500 - "-" "Mozilla/5.0 (compatible; SemrushBot/7~bl; +http://www.semrush.com/bot.html)" "mantech8.com"
207.46.13.163 - - [12/Dec/2022:13:50:09 -0800] "GET /index.php/nwtf-e8344cbc-3phct.ii HTTP/1.1" 200 67612 "-" "Mozilla/5.0 AppleWebKit/537.36 (KHTML, like Gecko; compatible; bingbot/2.0; +http://www.bing.com/bingbot.htm) Chrome/103.0.5060.134 Safari/537.36" "mantech8.com"
185.191.171.2 - - [12/Dec/2022:13:50:10 -0800] "GET /?camp-fire%2F96563989.html HTTP/1.1" 500 - "-" "Mozilla/5.0 (compatible; SemrushBot/7~bl; +http://www.semrush.com/bot.html)" "mantech8.com"
207.46.13.163 - - [12/Dec/2022:13:50:28 -0800] "GET /index.php/hfdr-8e6fbaad-io95t.ii HTTP/1.1" 200 68669 "-" "Mozilla/5.0 (compatible; bingbot/2.0; +http://www.bing.com/bingbot.htm)" "mantech8.com"
207.46.13.163 - - [12/Dec/2022:13:50:30 -0800] "GET /index.php/8caf HTTP/1.1" 200 73105 "-" "Mozilla/5.0 (compatible; bingbot/2.0; +http://www.bing.com/bingbot.htm)" "mantech8.com"
207.46.13.163 - - [12/Dec/2022:13:50:30 -0800] "GET /index.php/4626accb HTTP/1.1" 200 66169 "-" "Mozilla/5.0 AppleWebKit/537.36 (KHTML, like Gecko; compatible; bingbot/2.0; +http://www.bing.com/bingbot.htm) Chrome/103.0.5060.134 Safari/537.36" "mantech8.com"
207.46.13.51 - - [12/Dec/2022:13:50:33 -0800] "GET /index.php/egy1-3bded-vcwfe.ii HTTP/1.1" 200 68684 "-" "Mozilla/5.0 AppleWebKit/537.36 (KHTML, like Gecko; compatible; bingbot/2.0; +http://www.bing.com/bingbot.htm) Chrome/103.0.5060.134 Safari/537.36" "mantech8.com"
40.77.167.0 - - [12/Dec/2022:13:50:37 -0800] "GET /index.php/KJZ2-101cbabad-hAPIx.Ii HTTP/1.1" 200 64506 "-" "Mozilla/5.0 AppleWebKit/537.36 (KHTML, like Gecko; compatible; bingbot/2.0; +http://www.bing.com/bingbot.htm) Chrome/103.0.5060.134 Safari/537.36" "mantech8.com"
40.77.167.0 - - [12/Dec/2022:13:50:37 -0800] "GET /index.php/Pstd-6a9bcbcd-iX8y5.Ii HTTP/1.1" 200 68204 "-" "Mozilla/5.0 (compatible; bingbot/2.0; +http://www.bing.com/bingbot.htm)" "mantech8.com"
40.77.167.0 - - [12/Dec/2022:13:50:38 -0800] "GET /index.php/Pstd-d2fdcfdeb-iXiJq.Ii HTTP/1.1" 200 62793 "-" "Mozilla/5.0 AppleWebKit/537.36 (KHTML, like Gecko; compatible; bingbot/2.0; +http://www.bing.com/bingbot.htm) Chrome/103.0.5060.134 Safari/537.36" "mantech8.com"
40.77.167.0 - - [12/Dec/2022:13:50:38 -0800] "GET /index.php/aps-78d2cdccd-oizqe.ii HTTP/1.1" 200 67693 "-" "Mozilla/5.0 AppleWebKit/537.36 (KHTML, like Gecko; compatible; bingbot/2.0; +http://www.bing.com/bingbot.htm) Chrome/103.0.5060.134 Safari/537.36" "mantech8.com"
40.77.167.0 - - [12/Dec/2022:13:50:39 -0800] "GET /index.php/egy1-9f7cefda-vscdc.ii HTTP/1.1" 200 66285 "-" "Mozilla/5.0 AppleWebKit/537.36 (KHTML, like Gecko; compatible; bingbot/2.0; +http://www.bing.com/bingbot.htm) Chrome/103.0.5060.134 Safari/537.36" "mantech8.com"
207.46.13.125 - - [12/Dec/2022:13:50:41 -0800] "GET /index.php/egy1-fa204bee-vsaff.ii HTTP/1.1" 200 65884 "-" "Mozilla/5.0 (compatible; bingbot/2.0; +http://www.bing.com/bingbot.htm)" "mantech8.com"
157.55.39.138 - - [12/Dec/2022:13:50:42 -0800] "GET /index.php/ec5cfbccc/b889eefac HTTP/1.1" 200 76161 "-" "Mozilla/5.0 AppleWebKit/537.36 (KHTML, like Gecko; compatible; bingbot/2.0; +http://www.bing.com/bingbot.htm) Chrome/103.0.5060.134 Safari/537.36" "mantech8.com"
207.46.13.125 - - [12/Dec/2022:13:50:42 -0800] "GET /index.php/vmbp-c45debec-ungj5.ii HTTP/1.1" 200 68635 "-" "Mozilla/5.0 AppleWebKit/537.36 (KHTML, like Gecko; compatible; bingbot/2.0; +http://www.bing.com/bingbot.htm) Chrome/103.0.5060.134 Safari/537.36" "mantech8.com"
207.46.13.125 - - [12/Dec/2022:13:50:43 -0800] "GET /index.php/s0kv-3501ecbc-ozups.ii HTTP/1.1" 200 65856 "-" "Mozilla/5.0 (compatible; bingbot/2.0; +http://www.bing.com/bingbot.htm)" "mantech8.com"
40.77.167.0 - - [12/Dec/2022:13:50:47 -0800] "GET /index.php/f0cea HTTP/1.1" 200 67597 "-" "Mozilla/5.0 AppleWebKit/537.36 (KHTML, like Gecko; compatible; bingbot/2.0; +http://www.bing.com/bingbot.htm) Chrome/103.0.5060.134 Safari/537.36" "mantech8.com"
40.77.167.0 - - [12/Dec/2022:13:50:47 -0800] "GET /index.php/9dcfb HTTP/1.1" 200 67749 "-" "Mozilla/5.0 (compatible; bingbot/2.0; +http://www.bing.com/bingbot.htm)" "mantech8.com"
40.77.167.0 - - [12/Dec/2022:13:50:48 -0800] "GET /index.php/mcko-d5ac8cdbee-vtkq3.ii HTTP/1.1" 200 70599 "-" "Mozilla/5.0 AppleWebKit/537.36 (KHTML, like Gecko; compatible; bingbot/2.0; +http://www.bing.com/bingbot.htm) Chrome/103.0.5060.134 Safari/537.36" "mantech8.com"
40.77.167.0 - - [12/Dec/2022:13:50:48 -0800] "GET /index.php/nwtf-e0f2cfcab-4ap9f.ii HTTP/1.1" 200 70025 "-" "Mozilla/5.0 AppleWebKit/537.36 (KHTML, like Gecko; compatible; bingbot/2.0; +http://www.bing.com/bingbot.htm) Chrome/103.0.5060.134 Safari/537.36" "mantech8.com"
157.55.39.138 - - [12/Dec/2022:13:50:52 -0800] "GET /index.php/nwtf-cabb-3lto6.ii HTTP/1.1" 200 63997 "-" "Mozilla/5.0 AppleWebKit/537.36 (KHTML, like Gecko; compatible; bingbot/2.0; +http://www.bing.com/bingbot.htm) Chrome/103.0.5060.134 Safari/537.36" "mantech8.com"
