185.191.171.6 - - [12/Dec/2022:11:55:10 -0800] "GET /index.php?camp-fire%2F16322865.html HTTP/1.1" 500 - "-" "Mozilla/5.0 (compatible; SemrushBot/7~bl; +http://www.semrush.com/bot.html)" "mantech8.com"
185.191.171.45 - - [12/Dec/2022:11:55:25 -0800] "GET /?camp-fire%2F41792903.html HTTP/1.1" 500 - "-" "Mozilla/5.0 (compatible; SemrushBot/7~bl; +http://www.semrush.com/bot.html)" "mantech8.com"
207.46.13.163 - - [12/Dec/2022:11:55:37 -0800] "GET /index.php/nWTf-8edcde-3pLgV.Ii HTTP/1.1" 200 60606 "-" "Mozilla/5.0 AppleWebKit/537.36 (KHTML, like Gecko; compatible; bingbot/2.0; +http://www.bing.com/bingbot.htm) Chrome/103.0.5060.134 Safari/537.36" "mantech8.com"
207.46.13.163 - - [12/Dec/2022:11:55:39 -0800] "GET /index.php/nwtf-f4d80deff-3prxg.ii HTTP/1.1" 200 67826 "-" "Mozilla/5.0 (compatible; bingbot/2.0; +http://www.bing.com/bingbot.htm)" "mantech8.com"
207.46.13.163 - - [12/Dec/2022:11:56:27 -0800] "GET /index.php/48a0adbbf HTTP/1.1" 200 66258 "-" "Mozilla/5.0 AppleWebKit/537.36 (KHTML, like Gecko; compatible; bingbot/2.0; +http://www.bing.com/bingbot.htm) Chrome/103.0.5060.134 Safari/537.36" "mantech8.com"
185.191.171.18 - - [12/Dec/2022:11:56:35 -0800] "GET /?camp-fire%2F39106972.html HTTP/1.1" 500 - "-" "Mozilla/5.0 (compatible; SemrushBot/7~bl; +http://www.semrush.com/bot.html)" "mantech8.com"
185.191.171.16 - - [12/Dec/2022:11:56:58 -0800] "GET /?camp-fire%2F55143155.html HTTP/1.1" 500 - "-" "Mozilla/5.0 (compatible; SemrushBot/7~bl; +http://www.semrush.com/bot.html)" "mantech8.com"
185.191.171.7 - - [12/Dec/2022:11:57:26 -0800] "GET /?camp-fire%2F40444476.html HTTP/1.1" 500 - "-" "Mozilla/5.0 (compatible; SemrushBot/7~bl; +http://www.semrush.com/bot.html)" "mantech8.com"
185.191.171.15 - - [12/Dec/2022:11:57:39 -0800] "GET /index.php?camp-fire%2F2286151.html HTTP/1.1" 500 - "-" "Mozilla/5.0 (compatible; SemrushBot/7~bl; +http://www.semrush.com/bot.html)" "mantech8.com"
207.46.13.163 - - [12/Dec/2022:11:57:57 -0800] "GET /index.php/k937-e0ca-73dgi.ii HTTP/1.1" 200 65414 "-" "Mozilla/5.0 (compatible; bingbot/2.0; +http://www.bing.com/bingbot.htm)" "mantech8.com"
185.191.171.3 - - [12/Dec/2022:11:59:06 -0800] "GET /?camp-fire%2F33780508.html HTTP/1.1" 500 - "-" "Mozilla/5.0 (compatible; SemrushBot/7~bl; +http://www.semrush.com/bot.html)" "mantech8.com"
207.46.13.163 - - [12/Dec/2022:11:59:27 -0800] "GET /index.php/pstd-dd268ecbe-isify.ii HTTP/1.1" 200 65146 "-" "Mozilla/5.0 AppleWebKit/537.36 (KHTML, like Gecko; compatible; bingbot/2.0; +http://www.bing.com/bingbot.htm) Chrome/103.0.5060.134 Safari/537.36" "mantech8.com"
207.46.13.163 - - [12/Dec/2022:11:59:28 -0800] "GET /index.php/d21decbae HTTP/1.1" 200 66512 "-" "Mozilla/5.0 AppleWebKit/537.36 (KHTML, like Gecko; compatible; bingbot/2.0; +http://www.bing.com/bingbot.htm) Chrome/103.0.5060.134 Safari/537.36" "mantech8.com"
185.191.171.15 - - [12/Dec/2022:11:59:33 -0800] "GET /?camp-fire%2F39140872.html HTTP/1.1" 500 - "-" "Mozilla/5.0 (compatible; SemrushBot/7~bl; +http://www.semrush.com/bot.html)" "mantech8.com"
207.46.13.163 - - [12/Dec/2022:11:59:37 -0800] "GET /index.php/Pstd-94b44cecb-iSEgx.Ii HTTP/1.1" 200 71938 "-" "Mozilla/5.0 (compatible; bingbot/2.0; +http://www.bing.com/bingbot.htm)" "mantech8.com"
157.55.39.138 - - [12/Dec/2022:11:59:41 -0800] "GET /index.php/K937-f2aa-73IO8.Ii HTTP/1.1" 200 65962 "-" "Mozilla/5.0 AppleWebKit/537.36 (KHTML, like Gecko; compatible; bingbot/2.0; +http://www.bing.com/bingbot.htm) Chrome/103.0.5060.134 Safari/537.36" "mantech8.com"
157.55.39.138 - - [12/Dec/2022:11:59:42 -0800] "GET /index.php/GVdr-ec7eebbe-vKKnQ.Ii HTTP/1.1" 200 67044 "-" "Mozilla/5.0 (compatible; bingbot/2.0; +http://www.bing.com/bingbot.htm)" "mantech8.com"
157.55.39.138 - - [12/Dec/2022:11:59:43 -0800] "GET /index.php/ebe19fabf HTTP/1.1" 200 66582 "-" "Mozilla/5.0 (compatible; bingbot/2.0; +http://www.bing.com/bingbot.htm)" "mantech8.com"
157.55.39.138 - - [12/Dec/2022:11:59:43 -0800] "GET /index.php/c1w4-c5eda-lbsjs.ii HTTP/1.1" 200 65975 "-" "Mozilla/5.0 AppleWebKit/537.36 (KHTML, like Gecko; compatible; bingbot/2.0; +http://www.bing.com/bingbot.htm) Chrome/103.0.5060.134 Safari/537.36" "mantech8.com"
157.55.39.138 - - [12/Dec/2022:11:59:44 -0800] "GET /index.php/wtzk-1ee7adedf-nlcth.ii HTTP/1.1" 200 62756 "-" "Mozilla/5.0 AppleWebKit/537.36 (KHTML, like Gecko; compatible; bingbot/2.0; +http://www.bing.com/bingbot.htm) Chrome/103.0.5060.134 Safari/537.36" "mantech8.com"
207.46.13.163 - - [12/Dec/2022:11:59:47 -0800] "GET /index.php/6ff09cacb HTTP/1.1" 200 65745 "-" "Mozilla/5.0 AppleWebKit/537.36 (KHTML, like Gecko; compatible; bingbot/2.0; +http://www.bing.com/bingbot.htm) Chrome/103.0.5060.134 Safari/537.36" "mantech8.com"
157.55.39.138 - - [12/Dec/2022:11:59:51 -0800] "GET /index.php/kjz2-9caebdfb-ha01l.ii HTTP/1.1" 200 65327 "-" "Mozilla/5.0 AppleWebKit/537.36 (KHTML, like Gecko; compatible; bingbot/2.0; +http://www.bing.com/bingbot.htm) Chrome/103.0.5060.134 Safari/537.36" "mantech8.com"
157.55.39.138 - - [12/Dec/2022:11:59:52 -0800] "GET /index.php/om8t-d8cbf-xo2et.ii HTTP/1.1" 200 69024 "-" "Mozilla/5.0 (compatible; bingbot/2.0; +http://www.bing.com/bingbot.htm)" "mantech8.com"
157.55.39.138 - - [12/Dec/2022:11:59:53 -0800] "GET /index.php/pstd-e2ea-ixtto.ii HTTP/1.1" 200 61518 "-" "Mozilla/5.0 AppleWebKit/537.36 (KHTML, like Gecko; compatible; bingbot/2.0; +http://www.bing.com/bingbot.htm) Chrome/103.0.5060.134 Safari/537.36" "mantech8.com"
157.55.39.138 - - [12/Dec/2022:11:59:54 -0800] "GET /index.php/634e2acc HTTP/1.1" 200 70541 "-" "Mozilla/5.0 (compatible; bingbot/2.0; +http://www.bing.com/bingbot.htm)" "mantech8.com"
157.55.39.138 - - [12/Dec/2022:11:59:57 -0800] "GET /index.php/35fc HTTP/1.1" 200 78410 "-" "Mozilla/5.0 (compatible; bingbot/2.0; +http://www.bing.com/bingbot.htm)" "mantech8.com"
157.55.39.138 - - [12/Dec/2022:12:00:01 -0800] "GET /index.php/wtzk-a2cdcdfeef-nllal.ii HTTP/1.1" 200 64496 "-" "Mozilla/5.0 AppleWebKit/537.36 (KHTML, like Gecko; compatible; bingbot/2.0; +http://www.bing.com/bingbot.htm) Chrome/103.0.5060.134 Safari/537.36" "mantech8.com"
157.55.39.138 - - [12/Dec/2022:12:00:02 -0800] "GET /index.php/su70-ae29cdedbd-irzha.ii HTTP/1.1" 200 62025 "-" "Mozilla/5.0 AppleWebKit/537.36 (KHTML, like Gecko; compatible; bingbot/2.0; +http://www.bing.com/bingbot.htm) Chrome/103.0.5060.134 Safari/537.36" "mantech8.com"
157.55.39.138 - - [12/Dec/2022:12:00:03 -0800] "GET /index.php/egy1-e1ddfabc-vsreq.ii HTTP/1.1" 200 67482 "-" "Mozilla/5.0 AppleWebKit/537.36 (KHTML, like Gecko; compatible; bingbot/2.0; +http://www.bing.com/bingbot.htm) Chrome/103.0.5060.134 Safari/537.36" "mantech8.com"
157.55.39.138 - - [12/Dec/2022:12:00:03 -0800] "GET /index.php/1zve-cceda-jrlpc.ii HTTP/1.1" 200 63496 "-" "Mozilla/5.0 AppleWebKit/537.36 (KHTML, like Gecko; compatible; bingbot/2.0; +http://www.bing.com/bingbot.htm) Chrome/103.0.5060.134 Safari/537.36" "mantech8.com"
157.55.39.138 - - [12/Dec/2022:12:00:04 -0800] "GET /index.php/kjz2-f42feaada-hqcxx.ii HTTP/1.1" 200 65865 "-" "Mozilla/5.0 (compatible; bingbot/2.0; +http://www.bing.com/bingbot.htm)" "mantech8.com"
157.55.39.138 - - [12/Dec/2022:12:00:12 -0800] "GET /index.php/2ce91cfb HTTP/1.1" 200 61438 "-" "Mozilla/5.0 (compatible; bingbot/2.0; +http://www.bing.com/bingbot.htm)" "mantech8.com"
157.55.39.138 - - [12/Dec/2022:12:00:12 -0800] "GET /index.php/eehw-aca0cbbcff-rml1k.ii HTTP/1.1" 200 65079 "-" "Mozilla/5.0 AppleWebKit/537.36 (KHTML, like Gecko; compatible; bingbot/2.0; +http://www.bing.com/bingbot.htm) Chrome/103.0.5060.134 Safari/537.36" "mantech8.com"
185.191.171.1 - - [12/Dec/2022:12:00:23 -0800] "GET /?camp-fire%2F5196196.html HTTP/1.1" 500 - "-" "Mozilla/5.0 (compatible; SemrushBot/7~bl; +http://www.semrush.com/bot.html)" "mantech8.com"
207.46.13.163 - - [12/Dec/2022:12:00:29 -0800] "GET /index.php/d21decbae HTTP/1.1" 200 66758 "-" "Mozilla/5.0 AppleWebKit/537.36 (KHTML, like Gecko; compatible; bingbot/2.0; +http://www.bing.com/bingbot.htm) Chrome/103.0.5060.134 Safari/537.36" "mantech8.com"
185.191.171.24 - - [12/Dec/2022:12:00:34 -0800] "GET /?camp-fire%2F78608217.html HTTP/1.1" 500 - "-" "Mozilla/5.0 (compatible; SemrushBot/7~bl; +http://www.semrush.com/bot.html)" "mantech8.com"
157.55.39.138 - - [12/Dec/2022:12:00:34 -0800] "GET /index.php/s0kv-1ee5cafd-oexwq.ii HTTP/1.1" 200 61762 "-" "Mozilla/5.0 AppleWebKit/537.36 (KHTML, like Gecko; compatible; bingbot/2.0; +http://www.bing.com/bingbot.htm) Chrome/103.0.5060.134 Safari/537.36" "mantech8.com"
157.55.39.138 - - [12/Dec/2022:12:01:10 -0800] "GET /?camp-fire/19439956.html HTTP/1.1" 200 61127 "-" "Mozilla/5.0 (compatible; bingbot/2.0; +http://www.bing.com/bingbot.htm)" "mantech8.com"
157.55.39.138 - - [12/Dec/2022:12:01:11 -0800] "GET /index.php/mcko-28efcb-vg9wv.ii HTTP/1.1" 200 70221 "-" "Mozilla/5.0 (compatible; bingbot/2.0; +http://www.bing.com/bingbot.htm)" "mantech8.com"
185.191.171.11 - - [12/Dec/2022:12:01:20 -0800] "GET /?camp-fire%2F39818302.html HTTP/1.1" 500 - "-" "Mozilla/5.0 (compatible; SemrushBot/7~bl; +http://www.semrush.com/bot.html)" "mantech8.com"
207.46.13.163 - - [12/Dec/2022:12:01:28 -0800] "GET /index.php/MhxM-41bf-jgsZ8.Ii HTTP/1.1" 200 62311 "-" "Mozilla/5.0 AppleWebKit/537.36 (KHTML, like Gecko; compatible; bingbot/2.0; +http://www.bing.com/bingbot.htm) Chrome/103.0.5060.134 Safari/537.36" "mantech8.com"
157.55.39.138 - - [12/Dec/2022:12:01:32 -0800] "GET /index.php/ba8s-b1fddeac-002qb.ii HTTP/1.1" 200 66228 "-" "Mozilla/5.0 (compatible; bingbot/2.0; +http://www.bing.com/bingbot.htm)" "mantech8.com"
207.46.13.163 - - [12/Dec/2022:12:02:28 -0800] "GET /index.php/bljc-b312dcbca-kwusb.ii HTTP/1.1" 200 68402 "-" "Mozilla/5.0 AppleWebKit/537.36 (KHTML, like Gecko; compatible; bingbot/2.0; +http://www.bing.com/bingbot.htm) Chrome/103.0.5060.134 Safari/537.36" "mantech8.com"
185.191.171.43 - - [12/Dec/2022:12:02:28 -0800] "GET /?camp-fire%2F41919109.html HTTP/1.1" 500 - "-" "Mozilla/5.0 (compatible; SemrushBot/7~bl; +http://www.semrush.com/bot.html)" "mantech8.com"
207.46.13.163 - - [12/Dec/2022:12:02:28 -0800] "GET /index.php/6fbadc HTTP/1.1" 200 64803 "-" "Mozilla/5.0 AppleWebKit/537.36 (KHTML, like Gecko; compatible; bingbot/2.0; +http://www.bing.com/bingbot.htm) Chrome/103.0.5060.134 Safari/537.36" "mantech8.com"
185.191.171.44 - - [12/Dec/2022:12:02:33 -0800] "GET /?camp-fire%2F92255038.html HTTP/1.1" 500 - "-" "Mozilla/5.0 (compatible; SemrushBot/7~bl; +http://www.semrush.com/bot.html)" "mantech8.com"
185.191.171.35 - - [12/Dec/2022:12:03:21 -0800] "GET /?camp-fire%2F39799202.html HTTP/1.1" 500 - "-" "Mozilla/5.0 (compatible; SemrushBot/7~bl; +http://www.semrush.com/bot.html)" "mantech8.com"
207.46.13.163 - - [12/Dec/2022:12:03:48 -0800] "GET /index.php/wsum-00bef-ep5au.ii HTTP/1.1" 200 67763 "-" "Mozilla/5.0 AppleWebKit/537.36 (KHTML, like Gecko; compatible; bingbot/2.0; +http://www.bing.com/bingbot.htm) Chrome/103.0.5060.134 Safari/537.36" "mantech8.com"
207.46.13.163 - - [12/Dec/2022:12:03:50 -0800] "GET /index.php/6ff09cacb HTTP/1.1" 200 65517 "-" "Mozilla/5.0 (compatible; bingbot/2.0; +http://www.bing.com/bingbot.htm)" "mantech8.com"
157.55.39.138 - - [12/Dec/2022:12:05:00 -0800] "GET /index.php/mcko-34f49edafd-vyss1.ii HTTP/1.1" 200 69848 "-" "Mozilla/5.0 AppleWebKit/537.36 (KHTML, like Gecko; compatible; bingbot/2.0; +http://www.bing.com/bingbot.htm) Chrome/103.0.5060.134 Safari/537.36" "mantech8.com"
157.55.39.138 - - [12/Dec/2022:12:05:01 -0800] "GET /index.php/5abf HTTP/1.1" 200 79181 "-" "Mozilla/5.0 (compatible; bingbot/2.0; +http://www.bing.com/bingbot.htm)" "mantech8.com"
207.46.13.163 - - [12/Dec/2022:12:05:09 -0800] "GET /index.php/wtzk-c8ae2effb-n10rp.ii HTTP/1.1" 200 65512 "-" "Mozilla/5.0 (compatible; bingbot/2.0; +http://www.bing.com/bingbot.htm)" "mantech8.com"
207.46.13.163 - - [12/Dec/2022:12:05:11 -0800] "GET /index.php/mcko-e75bdacdc-vhwlr.ii HTTP/1.1" 200 61982 "-" "Mozilla/5.0 AppleWebKit/537.36 (KHTML, like Gecko; compatible; bingbot/2.0; +http://www.bing.com/bingbot.htm) Chrome/103.0.5060.134 Safari/537.36" "mantech8.com"
185.191.171.3 - - [12/Dec/2022:12:05:42 -0800] "GET /?camp-fire%2F28414064.html HTTP/1.1" 500 - "-" "Mozilla/5.0 (compatible; SemrushBot/7~bl; +http://www.semrush.com/bot.html)" "mantech8.com"
207.46.13.125 - - [12/Dec/2022:12:05:47 -0800] "GET /index.php/Mcko-dae58ddef-Vt6ti.Ii HTTP/1.1" 200 71794 "-" "Mozilla/5.0 AppleWebKit/537.36 (KHTML, like Gecko; compatible; bingbot/2.0; +http://www.bing.com/bingbot.htm) Chrome/103.0.5060.134 Safari/537.36" "mantech8.com"
207.46.13.125 - - [12/Dec/2022:12:05:48 -0800] "GET /index.php/blJc-93ed-kspAP.Ii HTTP/1.1" 200 71727 "-" "Mozilla/5.0 AppleWebKit/537.36 (KHTML, like Gecko; compatible; bingbot/2.0; +http://www.bing.com/bingbot.htm) Chrome/103.0.5060.134 Safari/537.36" "mantech8.com"
207.46.13.125 - - [12/Dec/2022:12:05:49 -0800] "GET /index.php/nWTf-ef2caedfb-4Q7Dx.Ii HTTP/1.1" 200 64903 "-" "Mozilla/5.0 AppleWebKit/537.36 (KHTML, like Gecko; compatible; bingbot/2.0; +http://www.bing.com/bingbot.htm) Chrome/103.0.5060.134 Safari/537.36" "mantech8.com"
207.46.13.125 - - [12/Dec/2022:12:05:50 -0800] "GET /index.php/5071dfcfac HTTP/1.1" 200 68176 "-" "Mozilla/5.0 AppleWebKit/537.36 (KHTML, like Gecko; compatible; bingbot/2.0; +http://www.bing.com/bingbot.htm) Chrome/103.0.5060.134 Safari/537.36" "mantech8.com"
207.46.13.125 - - [12/Dec/2022:12:05:51 -0800] "GET /index.php/WtZk-e0aec-nLmcU.Ii HTTP/1.1" 200 75052 "-" "Mozilla/5.0 AppleWebKit/537.36 (KHTML, like Gecko; compatible; bingbot/2.0; +http://www.bing.com/bingbot.htm) Chrome/103.0.5060.134 Safari/537.36" "mantech8.com"
207.46.13.125 - - [12/Dec/2022:12:05:51 -0800] "GET /index.php/EGy1-d77ecfbae-vs3Hi.Ii HTTP/1.1" 200 67090 "-" "Mozilla/5.0 (compatible; bingbot/2.0; +http://www.bing.com/bingbot.htm)" "mantech8.com"
207.46.13.125 - - [12/Dec/2022:12:05:52 -0800] "GET /index.php/NAQ6-a8a7facff-IuUtk.Ii HTTP/1.1" 200 63536 "-" "Mozilla/5.0 (compatible; bingbot/2.0; +http://www.bing.com/bingbot.htm)" "mantech8.com"
207.46.13.125 - - [12/Dec/2022:12:05:52 -0800] "GET /index.php/Mcko-11cabb-VbXKI.Ii HTTP/1.1" 200 60075 "-" "Mozilla/5.0 (compatible; bingbot/2.0; +http://www.bing.com/bingbot.htm)" "mantech8.com"
207.46.13.125 - - [12/Dec/2022:12:05:55 -0800] "GET /index.php/mcko-89cd-vt6by.ii HTTP/1.1" 200 63128 "-" "Mozilla/5.0 (compatible; bingbot/2.0; +http://www.bing.com/bingbot.htm)" "mantech8.com"
207.46.13.125 - - [12/Dec/2022:12:05:56 -0800] "GET /index.php/jzx6-65ac-fbtew.ii HTTP/1.1" 200 62449 "-" "Mozilla/5.0 (compatible; bingbot/2.0; +http://www.bing.com/bingbot.htm)" "mantech8.com"
207.46.13.125 - - [12/Dec/2022:12:05:58 -0800] "GET /index.php/31l7-73cce-onibk.ii HTTP/1.1" 200 67151 "-" "Mozilla/5.0 AppleWebKit/537.36 (KHTML, like Gecko; compatible; bingbot/2.0; +http://www.bing.com/bingbot.htm) Chrome/103.0.5060.134 Safari/537.36" "mantech8.com"
207.46.13.125 - - [12/Dec/2022:12:05:58 -0800] "GET /index.php/vmbp-4e7fbcab-ummuh.ii HTTP/1.1" 200 69014 "-" "Mozilla/5.0 (compatible; bingbot/2.0; +http://www.bing.com/bingbot.htm)" "mantech8.com"
207.46.13.125 - - [12/Dec/2022:12:05:59 -0800] "GET /index.php/wf2o-52bbaaeac-g6u64.ii HTTP/1.1" 200 63889 "-" "Mozilla/5.0 (compatible; bingbot/2.0; +http://www.bing.com/bingbot.htm)" "mantech8.com"
207.46.13.125 - - [12/Dec/2022:12:06:00 -0800] "GET /index.php/846eccfaa HTTP/1.1" 200 70792 "-" "Mozilla/5.0 (compatible; bingbot/2.0; +http://www.bing.com/bingbot.htm)" "mantech8.com"
207.46.13.125 - - [12/Dec/2022:12:06:01 -0800] "GET /index.php/e7dbed HTTP/1.1" 200 67237 "-" "Mozilla/5.0 (compatible; bingbot/2.0; +http://www.bing.com/bingbot.htm)" "mantech8.com"
207.46.13.125 - - [12/Dec/2022:12:06:02 -0800] "GET /index.php/ba8s-0f579cbfef-08cds.ii HTTP/1.1" 200 66193 "-" "Mozilla/5.0 (compatible; bingbot/2.0; +http://www.bing.com/bingbot.htm)" "mantech8.com"
207.46.13.125 - - [12/Dec/2022:12:06:03 -0800] "GET /index.php/zsuz-a60ddebfb-skltf.ii HTTP/1.1" 200 62635 "-" "Mozilla/5.0 AppleWebKit/537.36 (KHTML, like Gecko; compatible; bingbot/2.0; +http://www.bing.com/bingbot.htm) Chrome/103.0.5060.134 Safari/537.36" "mantech8.com"
207.46.13.125 - - [12/Dec/2022:12:06:04 -0800] "GET /index.php/egy1-752fdccf-vswtz.ii HTTP/1.1" 200 65739 "-" "Mozilla/5.0 AppleWebKit/537.36 (KHTML, like Gecko; compatible; bingbot/2.0; +http://www.bing.com/bingbot.htm) Chrome/103.0.5060.134 Safari/537.36" "mantech8.com"
40.77.167.37 - - [12/Dec/2022:12:06:05 -0800] "GET /index.php/F2si-f1f7ecfedb-DkcQd.Ii HTTP/1.1" 200 65275 "-" "Mozilla/5.0 AppleWebKit/537.36 (KHTML, like Gecko; compatible; bingbot/2.0; +http://www.bing.com/bingbot.htm) Chrome/103.0.5060.134 Safari/537.36" "mantech8.com"
40.77.167.37 - - [12/Dec/2022:12:06:06 -0800] "GET /index.php/eaYH-a9c1ecde-RkQsC.Ii HTTP/1.1" 200 71974 "-" "Mozilla/5.0 (compatible; bingbot/2.0; +http://www.bing.com/bingbot.htm)" "mantech8.com"
40.77.167.37 - - [12/Dec/2022:12:06:06 -0800] "GET /index.php/nWTf-8048afafbf-4AjmA.Ii HTTP/1.1" 200 60569 "-" "Mozilla/5.0 AppleWebKit/537.36 (KHTML, like Gecko; compatible; bingbot/2.0; +http://www.bing.com/bingbot.htm) Chrome/103.0.5060.134 Safari/537.36" "mantech8.com"
40.77.167.37 - - [12/Dec/2022:12:06:07 -0800] "GET /index.php/Pstd-b5b07caea-iSZxW.Ii HTTP/1.1" 200 67162 "-" "Mozilla/5.0 (compatible; bingbot/2.0; +http://www.bing.com/bingbot.htm)" "mantech8.com"
40.77.167.37 - - [12/Dec/2022:12:06:08 -0800] "GET /index.php/Wf2o-b5bfc-G5HX3.Ii HTTP/1.1" 200 73046 "-" "Mozilla/5.0 (compatible; bingbot/2.0; +http://www.bing.com/bingbot.htm)" "mantech8.com"
207.46.13.125 - - [12/Dec/2022:12:06:10 -0800] "GET /index.php/vmbp-e6efe-umohh.ii HTTP/1.1" 200 65045 "-" "Mozilla/5.0 AppleWebKit/537.36 (KHTML, like Gecko; compatible; bingbot/2.0; +http://www.bing.com/bingbot.htm) Chrome/103.0.5060.134 Safari/537.36" "mantech8.com"
207.46.13.125 - - [12/Dec/2022:12:06:12 -0800] "GET /index.php/kjz2-cb9e7bcb-ylmo3.ii HTTP/1.1" 200 71925 "-" "Mozilla/5.0 AppleWebKit/537.36 (KHTML, like Gecko; compatible; bingbot/2.0; +http://www.bing.com/bingbot.htm) Chrome/103.0.5060.134 Safari/537.36" "mantech8.com"
207.46.13.125 - - [12/Dec/2022:12:06:13 -0800] "GET /index.php/s0kv-c643dfaeee-oedmg.ii HTTP/1.1" 200 63526 "-" "Mozilla/5.0 (compatible; bingbot/2.0; +http://www.bing.com/bingbot.htm)" "mantech8.com"
207.46.13.125 - - [12/Dec/2022:12:06:14 -0800] "GET /index.php/mkjw-a8edeccc-bbxnt.ii HTTP/1.1" 200 70216 "-" "Mozilla/5.0 (compatible; bingbot/2.0; +http://www.bing.com/bingbot.htm)" "mantech8.com"
40.77.167.37 - - [12/Dec/2022:12:06:15 -0800] "GET /certificate.php HTTP/1.1" 200 23461 "-" "Mozilla/5.0 AppleWebKit/537.36 (KHTML, like Gecko; compatible; bingbot/2.0; +http://www.bing.com/bingbot.htm) Chrome/103.0.5060.134 Safari/537.36" "mantech8.com"
40.77.167.37 - - [12/Dec/2022:12:06:16 -0800] "GET /index.php/ba8s-62b3ebaadd-08mtx.ii HTTP/1.1" 200 77484 "-" "Mozilla/5.0 (compatible; bingbot/2.0; +http://www.bing.com/bingbot.htm)" "mantech8.com"
207.46.13.125 - - [12/Dec/2022:12:06:16 -0800] "GET /index.php/5942debfc HTTP/1.1" 200 60914 "-" "Mozilla/5.0 (compatible; bingbot/2.0; +http://www.bing.com/bingbot.htm)" "mantech8.com"
40.77.167.37 - - [12/Dec/2022:12:06:17 -0800] "GET /index.php/imvf-bb9fbbbeaa-ypigg.ii HTTP/1.1" 200 63336 "-" "Mozilla/5.0 AppleWebKit/537.36 (KHTML, like Gecko; compatible; bingbot/2.0; +http://www.bing.com/bingbot.htm) Chrome/103.0.5060.134 Safari/537.36" "mantech8.com"
40.77.167.37 - - [12/Dec/2022:12:06:18 -0800] "GET /index.php/aaffbdfda/befdfebdb HTTP/1.1" 200 68298 "-" "Mozilla/5.0 (compatible; bingbot/2.0; +http://www.bing.com/bingbot.htm)" "mantech8.com"
207.46.13.125 - - [12/Dec/2022:12:06:20 -0800] "GET /index.php/txf8-f8aaa-zaiuk.ii HTTP/1.1" 500 - "-" "Mozilla/5.0 (compatible; bingbot/2.0; +http://www.bing.com/bingbot.htm)" "mantech8.com"
40.77.167.37 - - [12/Dec/2022:12:06:19 -0800] "GET /index.php/47dde/a0bcb HTTP/1.1" 200 65260 "-" "Mozilla/5.0 (compatible; bingbot/2.0; +http://www.bing.com/bingbot.htm)" "mantech8.com"
207.46.13.163 - - [12/Dec/2022:12:06:20 -0800] "GET /index.php/nwtf-3b0f7ddec-4abca.ii HTTP/1.1" 200 65208 "-" "Mozilla/5.0 AppleWebKit/537.36 (KHTML, like Gecko; compatible; bingbot/2.0; +http://www.bing.com/bingbot.htm) Chrome/103.0.5060.134 Safari/537.36" "mantech8.com"
40.77.167.37 - - [12/Dec/2022:12:06:25 -0800] "GET /index.php/bljc-6281fddbea-kzsmo.ii HTTP/1.1" 200 59391 "-" "Mozilla/5.0 AppleWebKit/537.36 (KHTML, like Gecko; compatible; bingbot/2.0; +http://www.bing.com/bingbot.htm) Chrome/103.0.5060.134 Safari/537.36" "mantech8.com"
207.46.13.163 - - [12/Dec/2022:12:06:28 -0800] "GET /css/style.css HTTP/1.1" 200 126990 "-" "Mozilla/5.0 (compatible; bingbot/2.0; +http://www.bing.com/bingbot.htm)" "mantech8.com"
207.46.13.125 - - [12/Dec/2022:12:06:30 -0800] "GET /index.php/wtzk-2c3afcfbb-n1nc2.ii HTTP/1.1" 200 66993 "-" "Mozilla/5.0 (compatible; bingbot/2.0; +http://www.bing.com/bingbot.htm)" "mantech8.com"
207.46.13.125 - - [12/Dec/2022:12:06:31 -0800] "GET /index.php/nwtf-56dfcf-3lrmp.ii HTTP/1.1" 200 66064 "-" "Mozilla/5.0 AppleWebKit/537.36 (KHTML, like Gecko; compatible; bingbot/2.0; +http://www.bing.com/bingbot.htm) Chrome/103.0.5060.134 Safari/537.36" "mantech8.com"
207.46.13.125 - - [12/Dec/2022:12:06:32 -0800] "GET /js/script.js HTTP/1.1" 200 7687 "-" "Mozilla/5.0 (compatible; bingbot/2.0; +http://www.bing.com/bingbot.htm)" "mantech8.com"
207.46.13.163 - - [12/Dec/2022:12:06:37 -0800] "GET /js/core.min.js HTTP/1.1" 200 42721 "-" "Mozilla/5.0 AppleWebKit/537.36 (KHTML, like Gecko; compatible; bingbot/2.0; +http://www.bing.com/bingbot.htm) Chrome/103.0.5060.134 Safari/537.36" "mantech8.com"
40.77.167.0 - - [12/Dec/2022:12:06:42 -0800] "GET /css/style2.css HTTP/1.1" 200 8414 "-" "Mozilla/5.0 AppleWebKit/537.36 (KHTML, like Gecko; compatible; bingbot/2.0; +http://www.bing.com/bingbot.htm) Chrome/103.0.5060.134 Safari/537.36" "mantech8.com"
40.77.167.37 - - [12/Dec/2022:12:06:42 -0800] "GET /index.php/nwtf-151a2cbfbd-4aium.ii HTTP/1.1" 500 - "-" "Mozilla/5.0 (compatible; bingbot/2.0; +http://www.bing.com/bingbot.htm)" "mantech8.com"
40.77.167.0 - - [12/Dec/2022:12:06:42 -0800] "GET /index.php/Mcko-c2fbbdcda-Vgvhn.Ii HTTP/1.1" 200 73898 "-" "Mozilla/5.0 AppleWebKit/537.36 (KHTML, like Gecko; compatible; bingbot/2.0; +http://www.bing.com/bingbot.htm) Chrome/103.0.5060.134 Safari/537.36" "mantech8.com"
40.77.167.0 - - [12/Dec/2022:12:06:43 -0800] "GET /index.php/KJZ2-31df-ypDCx.Ii HTTP/1.1" 200 60645 "-" "Mozilla/5.0 (compatible; bingbot/2.0; +http://www.bing.com/bingbot.htm)" "mantech8.com"
40.77.167.0 - - [12/Dec/2022:12:06:45 -0800] "GET /index.php/zsUZ-3c208bbbe-sIgBP.Ii HTTP/1.1" 200 61557 "-" "Mozilla/5.0 (compatible; bingbot/2.0; +http://www.bing.com/bingbot.htm)" "mantech8.com"
40.77.167.0 - - [12/Dec/2022:12:06:46 -0800] "GET /index.php/yhfg-032c3eff-pkinc.ii HTTP/1.1" 200 67192 "-" "Mozilla/5.0 AppleWebKit/537.36 (KHTML, like Gecko; compatible; bingbot/2.0; +http://www.bing.com/bingbot.htm) Chrome/103.0.5060.134 Safari/537.36" "mantech8.com"
207.46.13.163 - - [12/Dec/2022:12:06:48 -0800] "GET /index.php/NAQ6-b9fae-IjHbb.Ii HTTP/1.1" 200 73938 "-" "Mozilla/5.0 (compatible; bingbot/2.0; +http://www.bing.com/bingbot.htm)" "mantech8.com"
40.77.167.0 - - [12/Dec/2022:12:06:52 -0800] "GET /index.php/mkjw-9eeadeed-bhr41.ii HTTP/1.1" 200 77926 "-" "Mozilla/5.0 (compatible; bingbot/2.0; +http://www.bing.com/bingbot.htm)" "mantech8.com"
40.77.167.0 - - [12/Dec/2022:12:06:53 -0800] "GET /index.php/rsfy-f3deffee-gy1yc.ii HTTP/1.1" 200 59050 "-" "Mozilla/5.0 AppleWebKit/537.36 (KHTML, like Gecko; compatible; bingbot/2.0; +http://www.bing.com/bingbot.htm) Chrome/103.0.5060.134 Safari/537.36" "mantech8.com"
40.77.167.0 - - [12/Dec/2022:12:06:54 -0800] "GET /index.php/703bdbbaac HTTP/1.1" 200 73131 "-" "Mozilla/5.0 AppleWebKit/537.36 (KHTML, like Gecko; compatible; bingbot/2.0; +http://www.bing.com/bingbot.htm) Chrome/103.0.5060.134 Safari/537.36" "mantech8.com"
40.77.167.0 - - [12/Dec/2022:12:06:56 -0800] "GET /index.php/a30befccb HTTP/1.1" 200 64789 "-" "Mozilla/5.0 (compatible; bingbot/2.0; +http://www.bing.com/bingbot.htm)" "mantech8.com"
40.77.167.0 - - [12/Dec/2022:12:06:57 -0800] "GET /index.php/mcko-7aea-vbchd.ii HTTP/1.1" 200 70247 "-" "Mozilla/5.0 AppleWebKit/537.36 (KHTML, like Gecko; compatible; bingbot/2.0; +http://www.bing.com/bingbot.htm) Chrome/103.0.5060.134 Safari/537.36" "mantech8.com"
40.77.167.0 - - [12/Dec/2022:12:06:58 -0800] "GET /index.php/zsuz-96d4bdecaa-sopdi.ii HTTP/1.1" 200 67077 "-" "Mozilla/5.0 (compatible; bingbot/2.0; +http://www.bing.com/bingbot.htm)" "mantech8.com"
40.77.167.0 - - [12/Dec/2022:12:06:59 -0800] "GET /index.php/yhfg-aab9cbcffb-popca.ii HTTP/1.1" 200 62861 "-" "Mozilla/5.0 AppleWebKit/537.36 (KHTML, like Gecko; compatible; bingbot/2.0; +http://www.bing.com/bingbot.htm) Chrome/103.0.5060.134 Safari/537.36" "mantech8.com"
40.77.167.0 - - [12/Dec/2022:12:07:00 -0800] "GET /index.php/egy1-3f8bdefbc-vsqxp.ii HTTP/1.1" 200 71904 "-" "Mozilla/5.0 (compatible; bingbot/2.0; +http://www.bing.com/bingbot.htm)" "mantech8.com"
40.77.167.0 - - [12/Dec/2022:12:07:01 -0800] "GET /index.php/mcko-9ccbe-vgg39.ii HTTP/1.1" 200 63278 "-" "Mozilla/5.0 AppleWebKit/537.36 (KHTML, like Gecko; compatible; bingbot/2.0; +http://www.bing.com/bingbot.htm) Chrome/103.0.5060.134 Safari/537.36" "mantech8.com"
40.77.167.0 - - [12/Dec/2022:12:07:02 -0800] "GET /index.php/q5w4-4e8fdfcc-joshq.ii HTTP/1.1" 200 67170 "-" "Mozilla/5.0 AppleWebKit/537.36 (KHTML, like Gecko; compatible; bingbot/2.0; +http://www.bing.com/bingbot.htm) Chrome/103.0.5060.134 Safari/537.36" "mantech8.com"
40.77.167.0 - - [12/Dec/2022:12:07:03 -0800] "GET /index.php/mcko-b2fa8aeade-vb6xz.ii HTTP/1.1" 200 63431 "-" "Mozilla/5.0 (compatible; bingbot/2.0; +http://www.bing.com/bingbot.htm)" "mantech8.com"
40.77.167.0 - - [12/Dec/2022:12:07:04 -0800] "GET /index.php/nwtf-ee2cacecf-4a6wj.ii HTTP/1.1" 200 69359 "-" "Mozilla/5.0 (compatible; bingbot/2.0; +http://www.bing.com/bingbot.htm)" "mantech8.com"
40.77.167.0 - - [12/Dec/2022:12:07:04 -0800] "GET /engine1/jquery.js HTTP/1.1" 200 33282 "-" "Mozilla/5.0 AppleWebKit/537.36 (KHTML, like Gecko; compatible; bingbot/2.0; +http://www.bing.com/bingbot.htm) Chrome/103.0.5060.134 Safari/537.36" "mantech8.com"
185.191.171.44 - - [12/Dec/2022:12:07:04 -0800] "GET /?camp-fire%2F35295238.html HTTP/1.1" 500 - "-" "Mozilla/5.0 (compatible; SemrushBot/7~bl; +http://www.semrush.com/bot.html)" "mantech8.com"
40.77.167.0 - - [12/Dec/2022:12:07:04 -0800] "GET /index.php/wtzk-f51abcedf-n1ioi.ii HTTP/1.1" 200 65677 "-" "Mozilla/5.0 AppleWebKit/537.36 (KHTML, like Gecko; compatible; bingbot/2.0; +http://www.bing.com/bingbot.htm) Chrome/103.0.5060.134 Safari/537.36" "mantech8.com"
40.77.167.0 - - [12/Dec/2022:12:07:05 -0800] "GET /index.php/nwtf-c1aa-4qxpg.ii HTTP/1.1" 200 68193 "-" "Mozilla/5.0 (compatible; bingbot/2.0; +http://www.bing.com/bingbot.htm)" "mantech8.com"
40.77.167.0 - - [12/Dec/2022:12:07:08 -0800] "GET /index.php/nwtf-703caebab-3pbf6.ii HTTP/1.1" 200 85500 "-" "Mozilla/5.0 (compatible; bingbot/2.0; +http://www.bing.com/bingbot.htm)" "mantech8.com"
40.77.167.0 - - [12/Dec/2022:12:07:08 -0800] "GET /index.php/pstd-afd8deafc-ix1dy.ii HTTP/1.1" 200 73258 "-" "Mozilla/5.0 (compatible; bingbot/2.0; +http://www.bing.com/bingbot.htm)" "mantech8.com"
185.191.171.9 - - [12/Dec/2022:12:07:24 -0800] "GET /?camp-fire%2F28011071.html HTTP/1.1" 500 - "-" "Mozilla/5.0 (compatible; SemrushBot/7~bl; +http://www.semrush.com/bot.html)" "mantech8.com"
207.46.13.125 - - [12/Dec/2022:12:07:40 -0800] "GET /index.php/naq6-b0bcddeb-imo6k.ii HTTP/1.1" 200 71953 "-" "Mozilla/5.0 (compatible; bingbot/2.0; +http://www.bing.com/bingbot.htm)" "mantech8.com"
207.46.13.125 - - [12/Dec/2022:12:07:47 -0800] "GET /index.php/NAQ6-5bbbec-ImE4r.Ii HTTP/1.1" 200 67655 "-" "Mozilla/5.0 AppleWebKit/537.36 (KHTML, like Gecko; compatible; bingbot/2.0; +http://www.bing.com/bingbot.htm) Chrome/103.0.5060.134 Safari/537.36" "mantech8.com"
185.191.171.4 - - [12/Dec/2022:12:07:48 -0800] "GET /?camp-fire%2F38240084.html HTTP/1.1" 500 - "-" "Mozilla/5.0 (compatible; SemrushBot/7~bl; +http://www.semrush.com/bot.html)" "mantech8.com"
185.191.171.18 - - [12/Dec/2022:12:07:52 -0800] "GET /?camp-fire%2F35629126.html HTTP/1.1" 500 - "-" "Mozilla/5.0 (compatible; SemrushBot/7~bl; +http://www.semrush.com/bot.html)" "mantech8.com"
185.191.171.18 - - [12/Dec/2022:12:07:53 -0800] "GET /?camp-fire%2F42143034.html HTTP/1.1" 500 - "-" "Mozilla/5.0 (compatible; SemrushBot/7~bl; +http://www.semrush.com/bot.html)" "mantech8.com"
207.46.13.163 - - [12/Dec/2022:12:07:52 -0800] "GET /index.php/sa5z-6cefacec-H3CDH.Ii HTTP/1.1" 200 61151 "-" "Mozilla/5.0 AppleWebKit/537.36 (KHTML, like Gecko; compatible; bingbot/2.0; +http://www.bing.com/bingbot.htm) Chrome/103.0.5060.134 Safari/537.36" "mantech8.com"
185.191.171.12 - - [12/Dec/2022:12:08:07 -0800] "GET /?camp-fire%2F40007476.html HTTP/1.1" 500 - "-" "Mozilla/5.0 (compatible; SemrushBot/7~bl; +http://www.semrush.com/bot.html)" "mantech8.com"
207.46.13.125 - - [12/Dec/2022:12:08:08 -0800] "GET /index.php/s0KV-85a4debd-ox53k.Ii HTTP/1.1" 200 66301 "-" "Mozilla/5.0 AppleWebKit/537.36 (KHTML, like Gecko; compatible; bingbot/2.0; +http://www.bing.com/bingbot.htm) Chrome/103.0.5060.134 Safari/537.36" "mantech8.com"
185.191.171.24 - - [12/Dec/2022:12:08:37 -0800] "GET /?camp-fire%2F78765978.html HTTP/1.1" 500 - "-" "Mozilla/5.0 (compatible; SemrushBot/7~bl; +http://www.semrush.com/bot.html)" "mantech8.com"
207.46.13.163 - - [12/Dec/2022:12:08:49 -0800] "GET /index.php/K937-6cefb-74p57.Ii HTTP/1.1" 200 63461 "-" "Mozilla/5.0 (compatible; bingbot/2.0; +http://www.bing.com/bingbot.htm)" "mantech8.com"
207.46.13.163 - - [12/Dec/2022:12:08:50 -0800] "GET /index.php/hfdr-696a9fabaa-ilmws.ii HTTP/1.1" 200 59097 "-" "Mozilla/5.0 (compatible; bingbot/2.0; +http://www.bing.com/bingbot.htm)" "mantech8.com"
172.173.236.33 - - [12/Dec/2022:12:09:15 -0800] "GET / HTTP/1.1" 500 - "-" "Mozilla/5.0 (Windows NT 10.0; Win64; x64) AppleWebKit/537.36 (KHTML, like Gecko) Chrome/86.0.4240.75 Safari/537.36" "www.mantech8.com"
207.46.13.125 - - [12/Dec/2022:12:09:18 -0800] "GET /index.php/7cdded HTTP/1.1" 500 - "-" "Mozilla/5.0 (compatible; bingbot/2.0; +http://www.bing.com/bingbot.htm)" "mantech8.com"
185.191.171.40 - - [12/Dec/2022:12:09:32 -0800] "GET /?camp-fire%2F32644868.html HTTP/1.1" 500 - "-" "Mozilla/5.0 (compatible; SemrushBot/7~bl; +http://www.semrush.com/bot.html)" "mantech8.com"
207.46.13.125 - - [12/Dec/2022:12:09:37 -0800] "GET /index.php/7cdded HTTP/1.1" 200 69878 "-" "Mozilla/5.0 AppleWebKit/537.36 (KHTML, like Gecko; compatible; bingbot/2.0; +http://www.bing.com/bingbot.htm) Chrome/103.0.5060.134 Safari/537.36" "mantech8.com"
185.191.171.16 - - [12/Dec/2022:12:09:57 -0800] "GET /?camp-fire%2F39337303.html HTTP/1.1" 500 - "-" "Mozilla/5.0 (compatible; SemrushBot/7~bl; +http://www.semrush.com/bot.html)" "mantech8.com"
185.191.171.12 - - [12/Dec/2022:12:10:02 -0800] "GET /?camp-fire%2F39277935.html HTTP/1.1" 500 - "-" "Mozilla/5.0 (compatible; SemrushBot/7~bl; +http://www.semrush.com/bot.html)" "mantech8.com"
185.191.171.22 - - [12/Dec/2022:12:10:08 -0800] "GET /?camp-fire%2F41355676.html HTTP/1.1" 500 - "-" "Mozilla/5.0 (compatible; SemrushBot/7~bl; +http://www.semrush.com/bot.html)" "mantech8.com"
185.191.171.8 - - [12/Dec/2022:12:10:18 -0800] "GET /?camp-fire%2F86765584.html HTTP/1.1" 500 - "-" "Mozilla/5.0 (compatible; SemrushBot/7~bl; +http://www.semrush.com/bot.html)" "mantech8.com"
207.46.13.125 - - [12/Dec/2022:12:10:48 -0800] "GET /index.php/yhfg-1b06bdddf-plbst.ii HTTP/1.1" 200 70201 "-" "Mozilla/5.0 (compatible; bingbot/2.0; +http://www.bing.com/bingbot.htm)" "mantech8.com"
207.46.13.125 - - [12/Dec/2022:12:10:58 -0800] "GET /index.php/yhfg-f7dfc-plljm.ii HTTP/1.1" 200 67976 "-" "Mozilla/5.0 (compatible; bingbot/2.0; +http://www.bing.com/bingbot.htm)" "mantech8.com"
207.46.13.125 - - [12/Dec/2022:12:10:59 -0800] "GET /index.php/baed8cde HTTP/1.1" 200 70846 "-" "Mozilla/5.0 AppleWebKit/537.36 (KHTML, like Gecko; compatible; bingbot/2.0; +http://www.bing.com/bingbot.htm) Chrome/103.0.5060.134 Safari/537.36" "mantech8.com"
185.191.171.9 - - [12/Dec/2022:12:11:03 -0800] "GET /?camp-fire%2F35463927.html HTTP/1.1" 500 - "-" "Mozilla/5.0 (compatible; SemrushBot/7~bl; +http://www.semrush.com/bot.html)" "mantech8.com"
185.191.171.41 - - [12/Dec/2022:12:11:32 -0800] "GET /?camp-fire%2F94593247.html HTTP/1.1" 500 - "-" "Mozilla/5.0 (compatible; SemrushBot/7~bl; +http://www.semrush.com/bot.html)" "mantech8.com"
185.191.171.24 - - [12/Dec/2022:12:12:11 -0800] "GET /robots.txt HTTP/1.1" 200 106 "-" "Mozilla/5.0 (compatible; SemrushBot/7~bl; +http://www.semrush.com/bot.html)" "mantech8.com"
185.191.171.6 - - [12/Dec/2022:12:12:12 -0800] "GET /?camp-fire%2F40610589.html HTTP/1.1" 500 - "-" "Mozilla/5.0 (compatible; SemrushBot/7~bl; +http://www.semrush.com/bot.html)" "mantech8.com"
207.46.13.163 - - [12/Dec/2022:12:12:20 -0800] "GET /index.php/K937-ce8cadee-725QB.Ii HTTP/1.1" 200 68540 "-" "Mozilla/5.0 AppleWebKit/537.36 (KHTML, like Gecko; compatible; bingbot/2.0; +http://www.bing.com/bingbot.htm) Chrome/103.0.5060.134 Safari/537.36" "mantech8.com"
207.46.13.163 - - [12/Dec/2022:12:12:20 -0800] "GET /index.php/ifnx-66dedb-7xkon.ii HTTP/1.1" 200 63833 "-" "Mozilla/5.0 (compatible; bingbot/2.0; +http://www.bing.com/bingbot.htm)" "mantech8.com"
207.46.13.163 - - [12/Dec/2022:12:12:22 -0800] "GET /index.php/o9kj-a6490bdbf-oioii.ii HTTP/1.1" 200 70135 "-" "Mozilla/5.0 AppleWebKit/537.36 (KHTML, like Gecko; compatible; bingbot/2.0; +http://www.bing.com/bingbot.htm) Chrome/103.0.5060.134 Safari/537.36" "mantech8.com"
207.46.13.163 - - [12/Dec/2022:12:12:58 -0800] "GET /index.php/32fd HTTP/1.1" 200 62424 "-" "Mozilla/5.0 (compatible; bingbot/2.0; +http://www.bing.com/bingbot.htm)" "mantech8.com"
185.191.171.12 - - [12/Dec/2022:12:13:04 -0800] "GET /?camp-fire%2F65482050.html HTTP/1.1" 500 - "-" "Mozilla/5.0 (compatible; SemrushBot/7~bl; +http://www.semrush.com/bot.html)" "mantech8.com"
207.46.13.163 - - [12/Dec/2022:12:13:48 -0800] "GET /index.php/94ad HTTP/1.1" 200 62028 "-" "Mozilla/5.0 AppleWebKit/537.36 (KHTML, like Gecko; compatible; bingbot/2.0; +http://www.bing.com/bingbot.htm) Chrome/103.0.5060.134 Safari/537.36" "mantech8.com"
185.191.171.34 - - [12/Dec/2022:12:14:07 -0800] "GET /?camp-fire%2F37709526.html HTTP/1.1" 500 - "-" "Mozilla/5.0 (compatible; SemrushBot/7~bl; +http://www.semrush.com/bot.html)" "mantech8.com"
207.46.13.163 - - [12/Dec/2022:12:14:19 -0800] "GET /index.php/nwtf-89eb8bdfab-4a3if.ii HTTP/1.1" 200 62040 "-" "Mozilla/5.0 AppleWebKit/537.36 (KHTML, like Gecko; compatible; bingbot/2.0; +http://www.bing.com/bingbot.htm) Chrome/103.0.5060.134 Safari/537.36" "mantech8.com"
185.191.171.42 - - [12/Dec/2022:12:14:39 -0800] "GET /?camp-fire%2F78765178.html HTTP/1.1" 500 - "-" "Mozilla/5.0 (compatible; SemrushBot/7~bl; +http://www.semrush.com/bot.html)" "mantech8.com"
207.46.13.163 - - [12/Dec/2022:12:14:39 -0800] "GET /index.php/txf8-dcde9cdaa-ZQlqn.Ii HTTP/1.1" 200 67318 "-" "Mozilla/5.0 AppleWebKit/537.36 (KHTML, like Gecko; compatible; bingbot/2.0; +http://www.bing.com/bingbot.htm) Chrome/103.0.5060.134 Safari/537.36" "mantech8.com"
185.191.171.10 - - [12/Dec/2022:12:15:01 -0800] "GET /index.php?camp-fire%2F17514927.html HTTP/1.1" 500 - "-" "Mozilla/5.0 (compatible; SemrushBot/7~bl; +http://www.semrush.com/bot.html)" "mantech8.com"
185.191.171.33 - - [12/Dec/2022:12:15:23 -0800] "GET /?camp-fire%2F28606089.html HTTP/1.1" 500 - "-" "Mozilla/5.0 (compatible; SemrushBot/7~bl; +http://www.semrush.com/bot.html)" "mantech8.com"
157.55.39.138 - - [12/Dec/2022:12:15:31 -0800] "GET /css/responsive1.css HTTP/1.1" 200 1710 "-" "Mozilla/5.0 AppleWebKit/537.36 (KHTML, like Gecko; compatible; bingbot/2.0; +http://www.bing.com/bingbot.htm) Chrome/103.0.5060.134 Safari/537.36" "mantech8.com"
157.55.39.138 - - [12/Dec/2022:12:15:31 -0800] "GET /index.php/ba8S-f852dbed-0qMff.Ii HTTP/1.1" 200 67614 "-" "Mozilla/5.0 (compatible; bingbot/2.0; +http://www.bing.com/bingbot.htm)" "mantech8.com"
157.55.39.138 - - [12/Dec/2022:12:15:32 -0800] "GET /index.php/s0KV-07eaecdb-ozeEc.Ii HTTP/1.1" 200 64660 "-" "Mozilla/5.0 AppleWebKit/537.36 (KHTML, like Gecko; compatible; bingbot/2.0; +http://www.bing.com/bingbot.htm) Chrome/103.0.5060.134 Safari/537.36" "mantech8.com"
157.55.39.138 - - [12/Dec/2022:12:15:33 -0800] "GET /index.php/nWTf-c57afeed-3lSPU.Ii HTTP/1.1" 200 72732 "-" "Mozilla/5.0 (compatible; bingbot/2.0; +http://www.bing.com/bingbot.htm)" "mantech8.com"
157.55.39.138 - - [12/Dec/2022:12:15:33 -0800] "GET /index.php/4188cddca HTTP/1.1" 200 70914 "-" "Mozilla/5.0 (compatible; bingbot/2.0; +http://www.bing.com/bingbot.htm)" "mantech8.com"
157.55.39.138 - - [12/Dec/2022:12:15:41 -0800] "GET /index.php/sa5z-87f62fbc-H3jQ1.Ii HTTP/1.1" 200 69626 "-" "Mozilla/5.0 AppleWebKit/537.36 (KHTML, like Gecko; compatible; bingbot/2.0; +http://www.bing.com/bingbot.htm) Chrome/103.0.5060.134 Safari/537.36" "mantech8.com"
157.55.39.138 - - [12/Dec/2022:12:15:43 -0800] "GET /index.php/aps-dbe5affdd-ojahn.ii HTTP/1.1" 500 - "-" "Mozilla/5.0 (compatible; bingbot/2.0; +http://www.bing.com/bingbot.htm)" "mantech8.com"
157.55.39.138 - - [12/Dec/2022:12:15:42 -0800] "GET /index.php/mcko-fddecc-vg9jo.ii HTTP/1.1" 200 64507 "-" "Mozilla/5.0 (compatible; bingbot/2.0; +http://www.bing.com/bingbot.htm)" "mantech8.com"
157.55.39.138 - - [12/Dec/2022:12:15:44 -0800] "GET /index.php/wtzk-a6e8ffef-nloge.ii HTTP/1.1" 200 66940 "-" "Mozilla/5.0 (compatible; bingbot/2.0; +http://www.bing.com/bingbot.htm)" "mantech8.com"
157.55.39.138 - - [12/Dec/2022:12:15:45 -0800] "GET /index.php/wtzk-4f2bfeddd-n3bwo.ii HTTP/1.1" 200 72886 "-" "Mozilla/5.0 (compatible; bingbot/2.0; +http://www.bing.com/bingbot.htm)" "mantech8.com"
157.55.39.138 - - [12/Dec/2022:12:15:45 -0800] "GET /index.php/s0kv-f5bce-owocu.ii HTTP/1.1" 200 71283 "-" "Mozilla/5.0 (compatible; bingbot/2.0; +http://www.bing.com/bingbot.htm)" "mantech8.com"
207.46.13.163 - - [12/Dec/2022:12:15:50 -0800] "GET /index.php/8caf HTTP/1.1" 200 72768 "-" "Mozilla/5.0 AppleWebKit/537.36 (KHTML, like Gecko; compatible; bingbot/2.0; +http://www.bing.com/bingbot.htm) Chrome/103.0.5060.134 Safari/537.36" "mantech8.com"
40.77.167.3 - - [12/Dec/2022:12:15:55 -0800] "GET /index.php/EGy1-9dddea-vdpMy.Ii HTTP/1.1" 200 69172 "-" "Mozilla/5.0 AppleWebKit/537.36 (KHTML, like Gecko; compatible; bingbot/2.0; +http://www.bing.com/bingbot.htm) Chrome/103.0.5060.134 Safari/537.36" "mantech8.com"
40.77.167.3 - - [12/Dec/2022:12:15:56 -0800] "GET /js/script1.js HTTP/1.1" 200 2007 "-" "Mozilla/5.0 (compatible; bingbot/2.0; +http://www.bing.com/bingbot.htm)" "mantech8.com"
40.77.167.3 - - [12/Dec/2022:12:15:56 -0800] "GET /index.php/b70acaca HTTP/1.1" 200 74299 "-" "Mozilla/5.0 AppleWebKit/537.36 (KHTML, like Gecko; compatible; bingbot/2.0; +http://www.bing.com/bingbot.htm) Chrome/103.0.5060.134 Safari/537.36" "mantech8.com"
40.77.167.3 - - [12/Dec/2022:12:15:57 -0800] "GET /index.php/eaYH-3e4bafcdb-RjBbn.Ii HTTP/1.1" 200 65865 "-" "Mozilla/5.0 AppleWebKit/537.36 (KHTML, like Gecko; compatible; bingbot/2.0; +http://www.bing.com/bingbot.htm) Chrome/103.0.5060.134 Safari/537.36" "mantech8.com"
40.77.167.3 - - [12/Dec/2022:12:15:57 -0800] "GET /index.php/1zVE-633efeffc-JV8hR.Ii HTTP/1.1" 200 67899 "-" "Mozilla/5.0 AppleWebKit/537.36 (KHTML, like Gecko; compatible; bingbot/2.0; +http://www.bing.com/bingbot.htm) Chrome/103.0.5060.134 Safari/537.36" "mantech8.com"
40.77.167.3 - - [12/Dec/2022:12:16:08 -0800] "GET /index.php/1zVE-8ede4fef-JFUAU.Ii HTTP/1.1" 200 71487 "-" "Mozilla/5.0 AppleWebKit/537.36 (KHTML, like Gecko; compatible; bingbot/2.0; +http://www.bing.com/bingbot.htm) Chrome/103.0.5060.134 Safari/537.36" "mantech8.com"
40.77.167.3 - - [12/Dec/2022:12:16:08 -0800] "GET /index.php/nWTf-993fdeec-3pXJ3.Ii HTTP/1.1" 200 65253 "-" "Mozilla/5.0 AppleWebKit/537.36 (KHTML, like Gecko; compatible; bingbot/2.0; +http://www.bing.com/bingbot.htm) Chrome/103.0.5060.134 Safari/537.36" "mantech8.com"
40.77.167.3 - - [12/Dec/2022:12:16:09 -0800] "GET /index.php/KJZ2-e3becdea-yl7PC.Ii HTTP/1.1" 200 70208 "-" "Mozilla/5.0 (compatible; bingbot/2.0; +http://www.bing.com/bingbot.htm)" "mantech8.com"
40.77.167.3 - - [12/Dec/2022:12:16:09 -0800] "GET /index.php/txf8-a2cfafdd-AlFR3.Ii HTTP/1.1" 200 66378 "-" "Mozilla/5.0 (compatible; bingbot/2.0; +http://www.bing.com/bingbot.htm)" "mantech8.com"
40.77.167.3 - - [12/Dec/2022:12:16:10 -0800] "GET /index.php/WsuM-414ebddfdb-eKhro.Ii HTTP/1.1" 200 65610 "-" "Mozilla/5.0 AppleWebKit/537.36 (KHTML, like Gecko; compatible; bingbot/2.0; +http://www.bing.com/bingbot.htm) Chrome/103.0.5060.134 Safari/537.36" "mantech8.com"
40.77.167.3 - - [12/Dec/2022:12:16:10 -0800] "GET /index.php/KJZ2-98bdf-ypiNB.Ii HTTP/1.1" 200 64458 "-" "Mozilla/5.0 (compatible; bingbot/2.0; +http://www.bing.com/bingbot.htm)" "mantech8.com"
40.77.167.3 - - [12/Dec/2022:12:16:11 -0800] "GET /index.php/NAQ6-b2cbdcecd-Inig2.Ii HTTP/1.1" 200 75703 "-" "Mozilla/5.0 (compatible; bingbot/2.0; +http://www.bing.com/bingbot.htm)" "mantech8.com"
185.191.171.43 - - [12/Dec/2022:12:16:15 -0800] "GET /?camp-fire%2F42363555.html HTTP/1.1" 500 - "-" "Mozilla/5.0 (compatible; SemrushBot/7~bl; +http://www.semrush.com/bot.html)" "mantech8.com"
66.249.66.66 - - [12/Dec/2022:12:16:52 -0800] "GET /sitemapnewindex.xml HTTP/1.1" 404 88 "-" "Mozilla/5.0 (compatible; Googlebot/2.1; +http://www.google.com/bot.html)" "mantech8.com"
185.191.171.25 - - [12/Dec/2022:12:17:21 -0800] "GET /?camp-fire%2F54322076.html HTTP/1.1" 500 - "-" "Mozilla/5.0 (compatible; SemrushBot/7~bl; +http://www.semrush.com/bot.html)" "mantech8.com"
207.46.13.163 - - [12/Dec/2022:12:17:39 -0800] "GET /index.php/hfdr-1ce5dedfd-ikwyh.ii HTTP/1.1" 200 59750 "-" "Mozilla/5.0 (compatible; bingbot/2.0; +http://www.bing.com/bingbot.htm)" "mantech8.com"
185.191.171.13 - - [12/Dec/2022:12:18:08 -0800] "GET /?camp-fire%2F38355803.html HTTP/1.1" 500 - "-" "Mozilla/5.0 (compatible; SemrushBot/7~bl; +http://www.semrush.com/bot.html)" "mantech8.com"
207.46.13.163 - - [12/Dec/2022:12:18:09 -0800] "GET /index.php/APS-4913bbccce-OmECw.Ii HTTP/1.1" 200 62881 "-" "Mozilla/5.0 (compatible; bingbot/2.0; +http://www.bing.com/bingbot.htm)" "mantech8.com"
207.46.13.163 - - [12/Dec/2022:12:18:10 -0800] "GET /index.php/mcko-517eabca-vt2vm.ii HTTP/1.1" 200 61367 "-" "Mozilla/5.0 (compatible; bingbot/2.0; +http://www.bing.com/bingbot.htm)" "mantech8.com"
40.77.167.37 - - [12/Dec/2022:12:18:24 -0800] "GET /index.php/NAQ6-9acc-IngSP.Ii HTTP/1.1" 200 65746 "-" "Mozilla/5.0 (compatible; bingbot/2.0; +http://www.bing.com/bingbot.htm)" "mantech8.com"
40.77.167.37 - - [12/Dec/2022:12:18:25 -0800] "GET /index.php/ea3a3ced HTTP/1.1" 200 66908 "-" "Mozilla/5.0 AppleWebKit/537.36 (KHTML, like Gecko; compatible; bingbot/2.0; +http://www.bing.com/bingbot.htm) Chrome/103.0.5060.134 Safari/537.36" "mantech8.com"
40.77.167.37 - - [12/Dec/2022:12:18:26 -0800] "GET /index.php/WtZk-7d3decfc-n2jAq.Ii HTTP/1.1" 200 62765 "-" "Mozilla/5.0 AppleWebKit/537.36 (KHTML, like Gecko; compatible; bingbot/2.0; +http://www.bing.com/bingbot.htm) Chrome/103.0.5060.134 Safari/537.36" "mantech8.com"
40.77.167.37 - - [12/Dec/2022:12:18:26 -0800] "GET /index.php/nWTf-09b01cfdbb-3lwW3.Ii HTTP/1.1" 200 62576 "-" "Mozilla/5.0 (compatible; bingbot/2.0; +http://www.bing.com/bingbot.htm)" "mantech8.com"
40.77.167.37 - - [12/Dec/2022:12:18:27 -0800] "GET /index.php/Mcko-dc87edbcdf-VgtAG.Ii HTTP/1.1" 200 67615 "-" "Mozilla/5.0 AppleWebKit/537.36 (KHTML, like Gecko; compatible; bingbot/2.0; +http://www.bing.com/bingbot.htm) Chrome/103.0.5060.134 Safari/537.36" "mantech8.com"
40.77.167.37 - - [12/Dec/2022:12:18:34 -0800] "GET /index.php/nWTf-17dcaedd-3pd83.Ii HTTP/1.1" 200 75152 "-" "Mozilla/5.0 (compatible; bingbot/2.0; +http://www.bing.com/bingbot.htm)" "mantech8.com"
40.77.167.37 - - [12/Dec/2022:12:18:35 -0800] "GET /index.php/kvRW-6a5cdbcdc-y8xAv.Ii HTTP/1.1" 200 70907 "-" "Mozilla/5.0 AppleWebKit/537.36 (KHTML, like Gecko; compatible; bingbot/2.0; +http://www.bing.com/bingbot.htm) Chrome/103.0.5060.134 Safari/537.36" "mantech8.com"
40.77.167.37 - - [12/Dec/2022:12:18:35 -0800] "GET /index.php/03be/80af HTTP/1.1" 200 63951 "-" "Mozilla/5.0 AppleWebKit/537.36 (KHTML, like Gecko; compatible; bingbot/2.0; +http://www.bing.com/bingbot.htm) Chrome/103.0.5060.134 Safari/537.36" "mantech8.com"
40.77.167.37 - - [12/Dec/2022:12:18:36 -0800] "GET /index.php/kd2b-ad6fadecc-skibk.ii HTTP/1.1" 200 65070 "-" "Mozilla/5.0 AppleWebKit/537.36 (KHTML, like Gecko; compatible; bingbot/2.0; +http://www.bing.com/bingbot.htm) Chrome/103.0.5060.134 Safari/537.36" "mantech8.com"
40.77.167.37 - - [12/Dec/2022:12:18:37 -0800] "GET /index.php/af9cbbca/9e8aaeaa/644eecff/accebbab HTTP/1.1" 200 63886 "-" "Mozilla/5.0 (compatible; bingbot/2.0; +http://www.bing.com/bingbot.htm)" "mantech8.com"
207.46.13.163 - - [12/Dec/2022:12:18:39 -0800] "GET /index.php/pstd-da48bafb-ieraz.ii HTTP/1.1" 200 65662 "-" "Mozilla/5.0 AppleWebKit/537.36 (KHTML, like Gecko; compatible; bingbot/2.0; +http://www.bing.com/bingbot.htm) Chrome/103.0.5060.134 Safari/537.36" "mantech8.com"
40.77.167.37 - - [12/Dec/2022:12:18:44 -0800] "GET /index.php/txf8-b3d5abfaac-zqhd8.ii HTTP/1.1" 200 65818 "-" "Mozilla/5.0 (compatible; bingbot/2.0; +http://www.bing.com/bingbot.htm)" "mantech8.com"
40.77.167.37 - - [12/Dec/2022:12:18:45 -0800] "GET /index.php/eayh-cfbb-rjola.ii HTTP/1.1" 200 61882 "-" "Mozilla/5.0 AppleWebKit/537.36 (KHTML, like Gecko; compatible; bingbot/2.0; +http://www.bing.com/bingbot.htm) Chrome/103.0.5060.134 Safari/537.36" "mantech8.com"
40.77.167.37 - - [12/Dec/2022:12:18:45 -0800] "GET /index.php/jzx6-265beeda-fbtxk.ii HTTP/1.1" 200 69244 "-" "Mozilla/5.0 (compatible; bingbot/2.0; +http://www.bing.com/bingbot.htm)" "mantech8.com"
40.77.167.37 - - [12/Dec/2022:12:18:46 -0800] "GET /index.php/kjz2-5d7c2fbc-ypxat.ii HTTP/1.1" 200 70746 "-" "Mozilla/5.0 (compatible; bingbot/2.0; +http://www.bing.com/bingbot.htm)" "mantech8.com"
40.77.167.37 - - [12/Dec/2022:12:18:46 -0800] "GET /index.php/52fbee HTTP/1.1" 200 66885 "-" "Mozilla/5.0 (compatible; bingbot/2.0; +http://www.bing.com/bingbot.htm)" "mantech8.com"
185.191.171.16 - - [12/Dec/2022:12:18:51 -0800] "GET /?camp-fire%2F72969353.html HTTP/1.1" 500 - "-" "Mozilla/5.0 (compatible; SemrushBot/7~bl; +http://www.semrush.com/bot.html)" "mantech8.com"
185.191.171.18 - - [12/Dec/2022:12:19:19 -0800] "GET /?camp-fire%2F40829166.html HTTP/1.1" 500 - "-" "Mozilla/5.0 (compatible; SemrushBot/7~bl; +http://www.semrush.com/bot.html)" "mantech8.com"
185.191.171.3 - - [12/Dec/2022:12:19:29 -0800] "GET /?camp-fire%2F37180338.html HTTP/1.1" 500 - "-" "Mozilla/5.0 (compatible; SemrushBot/7~bl; +http://www.semrush.com/bot.html)" "mantech8.com"
185.191.171.12 - - [12/Dec/2022:12:19:40 -0800] "GET /?camp-fire%2F39074592.html HTTP/1.1" 500 - "-" "Mozilla/5.0 (compatible; SemrushBot/7~bl; +http://www.semrush.com/bot.html)" "mantech8.com"
207.46.13.163 - - [12/Dec/2022:12:19:59 -0800] "GET /index.php/bmk0-27ead-6uwxs.ii HTTP/1.1" 200 65278 "-" "Mozilla/5.0 (compatible; bingbot/2.0; +http://www.bing.com/bingbot.htm)" "mantech8.com"
207.46.13.163 - - [12/Dec/2022:12:20:00 -0800] "GET /index.php/6abc8bcbc HTTP/1.1" 200 67467 "-" "Mozilla/5.0 AppleWebKit/537.36 (KHTML, like Gecko; compatible; bingbot/2.0; +http://www.bing.com/bingbot.htm) Chrome/103.0.5060.134 Safari/537.36" "mantech8.com"
40.77.167.3 - - [12/Dec/2022:12:20:04 -0800] "GET /index.php/nWTf-1f7e8bbabb-3lV3b.Ii HTTP/1.1" 200 71165 "-" "Mozilla/5.0 AppleWebKit/537.36 (KHTML, like Gecko; compatible; bingbot/2.0; +http://www.bing.com/bingbot.htm) Chrome/103.0.5060.134 Safari/537.36" "mantech8.com"
40.77.167.3 - - [12/Dec/2022:12:20:07 -0800] "GET /index.php/aps-caeca-ooews.ii HTTP/1.1" 200 62825 "-" "Mozilla/5.0 AppleWebKit/537.36 (KHTML, like Gecko; compatible; bingbot/2.0; +http://www.bing.com/bingbot.htm) Chrome/103.0.5060.134 Safari/537.36" "mantech8.com"
40.77.167.3 - - [12/Dec/2022:12:20:08 -0800] "GET /index.php/wtzk-9ef5deab-n1vpb.ii HTTP/1.1" 200 65345 "-" "Mozilla/5.0 (compatible; bingbot/2.0; +http://www.bing.com/bingbot.htm)" "mantech8.com"
40.77.167.3 - - [12/Dec/2022:12:20:08 -0800] "GET /index.php/2341bfedfd HTTP/1.1" 200 64757 "-" "Mozilla/5.0 AppleWebKit/537.36 (KHTML, like Gecko; compatible; bingbot/2.0; +http://www.bing.com/bingbot.htm) Chrome/103.0.5060.134 Safari/537.36" "mantech8.com"
40.77.167.3 - - [12/Dec/2022:12:20:09 -0800] "GET /index.php/nwtf-04cbb-3lfyq.ii HTTP/1.1" 200 64130 "-" "Mozilla/5.0 (compatible; bingbot/2.0; +http://www.bing.com/bingbot.htm)" "mantech8.com"
207.46.13.163 - - [12/Dec/2022:12:20:19 -0800] "GET /index.php/nWTf-11dbc-3lcnM.Ii HTTP/1.1" 200 67030 "-" "Mozilla/5.0 AppleWebKit/537.36 (KHTML, like Gecko; compatible; bingbot/2.0; +http://www.bing.com/bingbot.htm) Chrome/103.0.5060.134 Safari/537.36" "mantech8.com"
185.191.171.5 - - [12/Dec/2022:12:21:19 -0800] "GET /?camp-fire%2F77396333.html HTTP/1.1" 500 - "-" "Mozilla/5.0 (compatible; SemrushBot/7~bl; +http://www.semrush.com/bot.html)" "mantech8.com"
185.191.171.5 - - [12/Dec/2022:12:21:25 -0800] "GET /?camp-fire%2F77046782.html HTTP/1.1" 500 - "-" "Mozilla/5.0 (compatible; SemrushBot/7~bl; +http://www.semrush.com/bot.html)" "mantech8.com"
207.46.13.163 - - [12/Dec/2022:12:21:39 -0800] "GET /index.php/9hdj-e2e9cfbddb-yqonh.ii HTTP/1.1" 200 69787 "-" "Mozilla/5.0 AppleWebKit/537.36 (KHTML, like Gecko; compatible; bingbot/2.0; +http://www.bing.com/bingbot.htm) Chrome/103.0.5060.134 Safari/537.36" "mantech8.com"
207.46.13.163 - - [12/Dec/2022:12:21:41 -0800] "GET /index.php/hfdr-8e6fbaad-io95t.ii HTTP/1.1" 200 69097 "-" "Mozilla/5.0 AppleWebKit/537.36 (KHTML, like Gecko; compatible; bingbot/2.0; +http://www.bing.com/bingbot.htm) Chrome/103.0.5060.134 Safari/537.36" "mantech8.com"
207.46.13.163 - - [12/Dec/2022:12:21:42 -0800] "GET /index.php/4626accb HTTP/1.1" 200 66321 "-" "Mozilla/5.0 AppleWebKit/537.36 (KHTML, like Gecko; compatible; bingbot/2.0; +http://www.bing.com/bingbot.htm) Chrome/103.0.5060.134 Safari/537.36" "mantech8.com"
