157.55.39.138 - - [09/Dec/2022:10:14:58 -0800] "GET /index.php/hFdr-66d3ddfbb-IlSys.Ii HTTP/1.1" 200 64327 "-" "Mozilla/5.0 AppleWebKit/537.36 (KHTML, like Gecko; compatible; bingbot/2.0; +http://www.bing.com/bingbot.htm) Chrome/103.0.5060.134 Safari/537.36" "mantech8.com"
185.191.171.8 - - [09/Dec/2022:10:14:58 -0800] "GET /?camp-fire%2F39304071.html HTTP/1.1" 500 - "-" "Mozilla/5.0 (compatible; SemrushBot/7~bl; +http://www.semrush.com/bot.html)" "mantech8.com"
207.46.13.125 - - [09/Dec/2022:10:14:58 -0800] "GET /index.php/e5lu-77ecc-7zsyu.ii HTTP/1.1" 200 68344 "-" "Mozilla/5.0 (compatible; bingbot/2.0; +http://www.bing.com/bingbot.htm)" "mantech8.com"
207.46.13.125 - - [09/Dec/2022:10:14:59 -0800] "GET /index.php/egy1-97dfeaca-vca3u.ii HTTP/1.1" 200 74738 "-" "Mozilla/5.0 AppleWebKit/537.36 (KHTML, like Gecko; compatible; bingbot/2.0; +http://www.bing.com/bingbot.htm) Chrome/103.0.5060.134 Safari/537.36" "mantech8.com"
207.46.13.125 - - [09/Dec/2022:10:14:59 -0800] "GET /index.php/bljc-2f28cebbba-kzmgj.ii HTTP/1.1" 200 78207 "-" "Mozilla/5.0 AppleWebKit/537.36 (KHTML, like Gecko; compatible; bingbot/2.0; +http://www.bing.com/bingbot.htm) Chrome/103.0.5060.134 Safari/537.36" "mantech8.com"
207.46.13.125 - - [09/Dec/2022:10:15:01 -0800] "GET /index.php/qlqc-58cbec-48jbr.ii HTTP/1.1" 200 59922 "-" "Mozilla/5.0 (compatible; bingbot/2.0; +http://www.bing.com/bingbot.htm)" "mantech8.com"
207.46.13.125 - - [09/Dec/2022:10:15:01 -0800] "GET /index.php/eayh-86fcbacfe-rm9wg.ii HTTP/1.1" 200 63960 "-" "Mozilla/5.0 AppleWebKit/537.36 (KHTML, like Gecko; compatible; bingbot/2.0; +http://www.bing.com/bingbot.htm) Chrome/103.0.5060.134 Safari/537.36" "mantech8.com"
207.46.13.125 - - [09/Dec/2022:10:15:02 -0800] "GET /index.php/1c0dfdde HTTP/1.1" 200 68790 "-" "Mozilla/5.0 (compatible; bingbot/2.0; +http://www.bing.com/bingbot.htm)" "mantech8.com"
157.55.39.138 - - [09/Dec/2022:10:15:09 -0800] "GET /index.php/2cee/02ff HTTP/1.1" 200 64056 "-" "Mozilla/5.0 AppleWebKit/537.36 (KHTML, like Gecko; compatible; bingbot/2.0; +http://www.bing.com/bingbot.htm) Chrome/103.0.5060.134 Safari/537.36" "mantech8.com"
157.55.39.138 - - [09/Dec/2022:10:15:09 -0800] "GET /index.php/mcko-e5ecc-vyzeq.ii HTTP/1.1" 200 60452 "-" "Mozilla/5.0 (compatible; bingbot/2.0; +http://www.bing.com/bingbot.htm)" "mantech8.com"
157.55.39.138 - - [09/Dec/2022:10:15:10 -0800] "GET /index.php/97vp-bd82dedfec-aicpd.ii HTTP/1.1" 200 65044 "-" "Mozilla/5.0 (compatible; bingbot/2.0; +http://www.bing.com/bingbot.htm)" "mantech8.com"
185.191.171.15 - - [09/Dec/2022:10:15:12 -0800] "GET /?camp-fire%2F85836790.html HTTP/1.1" 500 - "-" "Mozilla/5.0 (compatible; SemrushBot/7~bl; +http://www.semrush.com/bot.html)" "mantech8.com"
185.191.171.26 - - [09/Dec/2022:10:15:36 -0800] "GET /?camp-fire%2F84261955.html HTTP/1.1" 500 - "-" "Mozilla/5.0 (compatible; SemrushBot/7~bl; +http://www.semrush.com/bot.html)" "mantech8.com"
185.191.171.8 - - [09/Dec/2022:10:16:02 -0800] "GET /?camp-fire%2F95178606.html HTTP/1.1" 500 - "-" "Mozilla/5.0 (compatible; SemrushBot/7~bl; +http://www.semrush.com/bot.html)" "mantech8.com"
157.55.39.123 - - [09/Dec/2022:10:16:18 -0800] "GET /index.php/hFdr-4bedcdcb-IlI9c.Ii HTTP/1.1" 200 66708 "-" "Mozilla/5.0 AppleWebKit/537.36 (KHTML, like Gecko; compatible; bingbot/2.0; +http://www.bing.com/bingbot.htm) Chrome/103.0.5060.134 Safari/537.36" "mantech8.com"
157.55.39.123 - - [09/Dec/2022:10:16:19 -0800] "GET /index.php/8caf HTTP/1.1" 200 72756 "-" "Mozilla/5.0 (compatible; bingbot/2.0; +http://www.bing.com/bingbot.htm)" "mantech8.com"
157.55.39.123 - - [09/Dec/2022:10:16:20 -0800] "GET /index.php/1zve-39e8abdfc-jvuaf.ii HTTP/1.1" 200 64402 "-" "Mozilla/5.0 AppleWebKit/537.36 (KHTML, like Gecko; compatible; bingbot/2.0; +http://www.bing.com/bingbot.htm) Chrome/103.0.5060.134 Safari/537.36" "mantech8.com"
157.55.39.123 - - [09/Dec/2022:10:16:21 -0800] "GET /index.php/txf8-c6629acb-alteb.ii HTTP/1.1" 200 65530 "-" "Mozilla/5.0 AppleWebKit/537.36 (KHTML, like Gecko; compatible; bingbot/2.0; +http://www.bing.com/bingbot.htm) Chrome/103.0.5060.134 Safari/537.36" "mantech8.com"
207.46.13.100 - - [09/Dec/2022:10:16:57 -0800] "GET /index.php/s0KV-4cfd-osvKn.Ii HTTP/1.1" 200 64601 "-" "Mozilla/5.0 (compatible; bingbot/2.0; +http://www.bing.com/bingbot.htm)" "mantech8.com"
207.46.13.100 - - [09/Dec/2022:10:16:58 -0800] "GET /index.php/yhfg-9f191cbfd-pkkbr.ii HTTP/1.1" 200 60994 "-" "Mozilla/5.0 AppleWebKit/537.36 (KHTML, like Gecko; compatible; bingbot/2.0; +http://www.bing.com/bingbot.htm) Chrome/103.0.5060.134 Safari/537.36" "mantech8.com"
207.46.13.100 - - [09/Dec/2022:10:17:18 -0800] "GET /index.php/nwtf-e9de-4avfi.ii HTTP/1.1" 200 60895 "-" "Mozilla/5.0 AppleWebKit/537.36 (KHTML, like Gecko; compatible; bingbot/2.0; +http://www.bing.com/bingbot.htm) Chrome/103.0.5060.134 Safari/537.36" "mantech8.com"
40.77.167.26 - - [09/Dec/2022:10:17:35 -0800] "GET /index.php/s0KV-f1b97aab-osjIQ.Ii HTTP/1.1" 200 65514 "-" "Mozilla/5.0 (compatible; bingbot/2.0; +http://www.bing.com/bingbot.htm)" "mantech8.com"
40.77.167.26 - - [09/Dec/2022:10:17:36 -0800] "GET /index.php/egy1-9f71adbaa-vshlc.ii HTTP/1.1" 200 61867 "-" "Mozilla/5.0 AppleWebKit/537.36 (KHTML, like Gecko; compatible; bingbot/2.0; +http://www.bing.com/bingbot.htm) Chrome/103.0.5060.134 Safari/537.36" "mantech8.com"
40.77.167.26 - - [09/Dec/2022:10:17:37 -0800] "GET /index.php/8f1b2caf HTTP/1.1" 200 66385 "-" "Mozilla/5.0 AppleWebKit/537.36 (KHTML, like Gecko; compatible; bingbot/2.0; +http://www.bing.com/bingbot.htm) Chrome/103.0.5060.134 Safari/537.36" "mantech8.com"
40.77.167.26 - - [09/Dec/2022:10:17:37 -0800] "GET /index.php/nwtf-a4fab-3lup3.ii HTTP/1.1" 200 68756 "-" "Mozilla/5.0 AppleWebKit/537.36 (KHTML, like Gecko; compatible; bingbot/2.0; +http://www.bing.com/bingbot.htm) Chrome/103.0.5060.134 Safari/537.36" "mantech8.com"
40.77.167.26 - - [09/Dec/2022:10:17:38 -0800] "GET /index.php/k937-bb049ecd-71fes.ii HTTP/1.1" 200 60418 "-" "Mozilla/5.0 (compatible; bingbot/2.0; +http://www.bing.com/bingbot.htm)" "mantech8.com"
40.77.167.26 - - [09/Dec/2022:10:17:40 -0800] "GET /index.php/cb13eaabcd HTTP/1.1" 200 65521 "-" "Mozilla/5.0 (compatible; bingbot/2.0; +http://www.bing.com/bingbot.htm)" "mantech8.com"
40.77.167.26 - - [09/Dec/2022:10:17:41 -0800] "GET /index.php/nwtf-46be-4a9ud.ii HTTP/1.1" 200 67057 "-" "Mozilla/5.0 (compatible; bingbot/2.0; +http://www.bing.com/bingbot.htm)" "mantech8.com"
185.191.171.19 - - [09/Dec/2022:10:17:53 -0800] "GET /?camp-fire%2F35013825.html HTTP/1.1" 500 - "-" "Mozilla/5.0 (compatible; SemrushBot/7~bl; +http://www.semrush.com/bot.html)" "mantech8.com"
114.119.148.160 - - [09/Dec/2022:10:17:56 -0800] "GET /index.php?camp-fire/32373791.html HTTP/1.1" 500 - "-" "Mozilla/5.0 (Linux; Android 7.0;) AppleWebKit/537.36 (KHTML, like Gecko) Mobile Safari/537.36 (compatible; PetalBot;+https://webmaster.petalsearch.com/site/petalbot)" "www.mantech8.com"
185.191.171.4 - - [09/Dec/2022:10:18:14 -0800] "GET /?camp-fire%2F27061506.html HTTP/1.1" 500 - "-" "Mozilla/5.0 (compatible; SemrushBot/7~bl; +http://www.semrush.com/bot.html)" "mantech8.com"
207.46.13.125 - - [09/Dec/2022:10:19:23 -0800] "GET /index.php/egy1-fa204bee-vsaff.ii HTTP/1.1" 200 65503 "-" "Mozilla/5.0 AppleWebKit/537.36 (KHTML, like Gecko; compatible; bingbot/2.0; +http://www.bing.com/bingbot.htm) Chrome/103.0.5060.134 Safari/537.36" "mantech8.com"
207.46.13.125 - - [09/Dec/2022:10:19:23 -0800] "GET /index.php/vmbp-4e7fbcab-ummuh.ii HTTP/1.1" 200 68285 "-" "Mozilla/5.0 AppleWebKit/537.36 (KHTML, like Gecko; compatible; bingbot/2.0; +http://www.bing.com/bingbot.htm) Chrome/103.0.5060.134 Safari/537.36" "mantech8.com"
207.46.13.125 - - [09/Dec/2022:10:19:24 -0800] "GET /index.php/e3dace HTTP/1.1" 200 64865 "-" "Mozilla/5.0 (compatible; bingbot/2.0; +http://www.bing.com/bingbot.htm)" "mantech8.com"
40.77.167.26 - - [09/Dec/2022:10:18:59 -0800] "GET /index.php/wf2o-44dfb-g4jdu.ii HTTP/1.1" 200 73231 "-" "Mozilla/5.0 (compatible; bingbot/2.0; +http://www.bing.com/bingbot.htm)" "mantech8.com"
207.46.13.125 - - [09/Dec/2022:10:19:20 -0800] "GET /index.php/egy1-07af-vs8ra.ii HTTP/1.1" 200 69410 "-" "Mozilla/5.0 AppleWebKit/537.36 (KHTML, like Gecko; compatible; bingbot/2.0; +http://www.bing.com/bingbot.htm) Chrome/103.0.5060.134 Safari/537.36" "mantech8.com"
103.228.53.155 - - [09/Dec/2022:10:19:45 -0800] "GET /contact.php HTTP/1.1" 200 29238 "http://mantech8.com/contact.php" "Mozilla/5.0 (Windows NT 6.1) AppleWebKit/537.36 (KHTML, like Gecko) Chrome/90.0.4430.85 Safari/537.36" "mantech8.com"
185.220.103.120 - - [09/Dec/2022:10:19:47 -0800] "GET /verificationimage.php?8652 HTTP/1.1" 200 1335 "http://mantech8.com/contact.php" "Mozilla/5.0 (Windows NT 6.1) AppleWebKit/537.36 (KHTML, like Gecko) Chrome/90.0.4430.85 Safari/537.36" "mantech8.com"
185.220.103.120 - - [09/Dec/2022:10:19:47 -0800] "POST /mailer.php HTTP/1.1" 500 - "http://mantech8.com/contact.php" "Mozilla/5.0 (Windows NT 6.1) AppleWebKit/537.36 (KHTML, like Gecko) Chrome/90.0.4430.85 Safari/537.36" "mantech8.com"
185.220.103.120 - - [09/Dec/2022:10:19:48 -0800] "GET /contact.php HTTP/1.1" 200 29238 "http://mantech8.com/contact.php" "Mozilla/5.0 (Windows NT 6.1) AppleWebKit/537.36 (KHTML, like Gecko) Chrome/90.0.4430.85 Safari/537.36" "mantech8.com"
207.46.13.125 - - [09/Dec/2022:10:19:49 -0800] "GET /index.php/pstd-ebdeec-isrop.ii HTTP/1.1" 200 66409 "-" "Mozilla/5.0 (compatible; bingbot/2.0; +http://www.bing.com/bingbot.htm)" "mantech8.com"
207.46.13.125 - - [09/Dec/2022:10:19:59 -0800] "GET /index.php/s0kv-dc484aae-oxlru.ii HTTP/1.1" 200 65527 "-" "Mozilla/5.0 AppleWebKit/537.36 (KHTML, like Gecko; compatible; bingbot/2.0; +http://www.bing.com/bingbot.htm) Chrome/103.0.5060.134 Safari/537.36" "mantech8.com"
185.191.171.24 - - [09/Dec/2022:10:20:17 -0800] "GET /?camp-fire%2F41934771.html HTTP/1.1" 500 - "-" "Mozilla/5.0 (compatible; SemrushBot/7~bl; +http://www.semrush.com/bot.html)" "mantech8.com"
207.46.13.125 - - [09/Dec/2022:10:20:29 -0800] "GET /index.php/egy1-47db-vsimn.ii HTTP/1.1" 200 65218 "-" "Mozilla/5.0 AppleWebKit/537.36 (KHTML, like Gecko; compatible; bingbot/2.0; +http://www.bing.com/bingbot.htm) Chrome/103.0.5060.134 Safari/537.36" "mantech8.com"
185.191.171.40 - - [09/Dec/2022:10:21:35 -0800] "GET /?camp-fire%2F93475400.html HTTP/1.1" 500 - "-" "Mozilla/5.0 (compatible; SemrushBot/7~bl; +http://www.semrush.com/bot.html)" "mantech8.com"
185.191.171.10 - - [09/Dec/2022:10:21:53 -0800] "GET /?camp-fire%2F39186303.html HTTP/1.1" 500 - "-" "Mozilla/5.0 (compatible; SemrushBot/7~bl; +http://www.semrush.com/bot.html)" "mantech8.com"
157.55.39.138 - - [09/Dec/2022:10:21:59 -0800] "GET /index.php/eayh-f47aedfa-riobe.ii HTTP/1.1" 200 72973 "-" "Mozilla/5.0 (compatible; bingbot/2.0; +http://www.bing.com/bingbot.htm)" "mantech8.com"
157.55.39.138 - - [09/Dec/2022:10:22:00 -0800] "GET /index.php/egy1-89d4dbbbfe-vdmcj.ii HTTP/1.1" 200 62073 "-" "Mozilla/5.0 (compatible; bingbot/2.0; +http://www.bing.com/bingbot.htm)" "mantech8.com"
157.55.39.138 - - [09/Dec/2022:10:22:01 -0800] "GET /index.php/zsuz-43b5dbce-simol.ii HTTP/1.1" 200 66572 "-" "Mozilla/5.0 AppleWebKit/537.36 (KHTML, like Gecko; compatible; bingbot/2.0; +http://www.bing.com/bingbot.htm) Chrome/103.0.5060.134 Safari/537.36" "mantech8.com"
185.191.171.24 - - [09/Dec/2022:10:23:10 -0800] "GET /?camp-fire%2F41384971.html HTTP/1.1" 500 - "-" "Mozilla/5.0 (compatible; SemrushBot/7~bl; +http://www.semrush.com/bot.html)" "mantech8.com"
64.124.8.44 - - [09/Dec/2022:10:23:20 -0800] "GET /robots.txt HTTP/1.1" 200 106 "-" "Mozilla/5.0 (X11; Linux x86_64) AppleWebKit/537.36 (KHTML, like Gecko) Chrome/61.0.3163.79 Safari/537.36" "mantech8.com"
64.124.8.44 - - [09/Dec/2022:10:23:20 -0800] "GET /directorsmessage.php HTTP/1.1" 200 14685 "-" "Mozilla/5.0 (X11; Linux x86_64) AppleWebKit/537.36 (KHTML, like Gecko) Chrome/61.0.3163.79 Safari/537.36" "mantech8.com"
185.191.171.34 - - [09/Dec/2022:10:23:33 -0800] "GET /?camp-fire%2F39994276.html HTTP/1.1" 500 - "-" "Mozilla/5.0 (compatible; SemrushBot/7~bl; +http://www.semrush.com/bot.html)" "mantech8.com"
40.77.167.26 - - [09/Dec/2022:10:23:58 -0800] "GET /index.php/nwtf-09fcb-3p3ss.ii HTTP/1.1" 200 66424 "-" "Mozilla/5.0 (compatible; bingbot/2.0; +http://www.bing.com/bingbot.htm)" "mantech8.com"
185.191.171.3 - - [09/Dec/2022:10:23:47 -0800] "GET /?camp-fire%2F42352371.html HTTP/1.1" 500 - "-" "Mozilla/5.0 (compatible; SemrushBot/7~bl; +http://www.semrush.com/bot.html)" "mantech8.com"
185.191.171.42 - - [09/Dec/2022:10:24:20 -0800] "GET /?camp-fire%2F42916634.html HTTP/1.1" 500 - "-" "Mozilla/5.0 (compatible; SemrushBot/7~bl; +http://www.semrush.com/bot.html)" "mantech8.com"
207.46.13.100 - - [09/Dec/2022:10:24:03 -0800] "GET /index.php/nwtf-c1ec-4almp.ii HTTP/1.1" 200 66389 "-" "Mozilla/5.0 AppleWebKit/537.36 (KHTML, like Gecko; compatible; bingbot/2.0; +http://www.bing.com/bingbot.htm) Chrome/103.0.5060.134 Safari/537.36" "mantech8.com"
207.46.13.125 - - [09/Dec/2022:10:24:08 -0800] "GET /index.php/Wf2o-9beddefbb-G6OhT.Ii HTTP/1.1" 200 67942 "-" "Mozilla/5.0 AppleWebKit/537.36 (KHTML, like Gecko; compatible; bingbot/2.0; +http://www.bing.com/bingbot.htm) Chrome/103.0.5060.134 Safari/537.36" "mantech8.com"
207.46.13.125 - - [09/Dec/2022:10:24:13 -0800] "GET /index.php/13cfcc HTTP/1.1" 200 63511 "-" "Mozilla/5.0 AppleWebKit/537.36 (KHTML, like Gecko; compatible; bingbot/2.0; +http://www.bing.com/bingbot.htm) Chrome/103.0.5060.134 Safari/537.36" "mantech8.com"
185.191.171.44 - - [09/Dec/2022:10:24:35 -0800] "GET /?camp-fire%2F38558108.html HTTP/1.1" 500 - "-" "Mozilla/5.0 (compatible; SemrushBot/7~bl; +http://www.semrush.com/bot.html)" "mantech8.com"
207.46.13.125 - - [09/Dec/2022:10:24:39 -0800] "GET /index.php/s0kv-28fdcddd-owzos.ii HTTP/1.1" 200 71539 "-" "Mozilla/5.0 (compatible; bingbot/2.0; +http://www.bing.com/bingbot.htm)" "mantech8.com"
207.46.13.125 - - [09/Dec/2022:10:24:40 -0800] "GET /index.php/jzx6-65ac-fbtew.ii HTTP/1.1" 200 61475 "-" "Mozilla/5.0 AppleWebKit/537.36 (KHTML, like Gecko; compatible; bingbot/2.0; +http://www.bing.com/bingbot.htm) Chrome/103.0.5060.134 Safari/537.36" "mantech8.com"
207.46.13.125 - - [09/Dec/2022:10:24:43 -0800] "GET /index.php/mhxm-50fc-jv0xd.ii HTTP/1.1" 200 66987 "-" "Mozilla/5.0 (compatible; bingbot/2.0; +http://www.bing.com/bingbot.htm)" "mantech8.com"
207.46.13.125 - - [09/Dec/2022:10:24:44 -0800] "GET /index.php/nwtf-d4b1faeb-4akos.ii HTTP/1.1" 200 68061 "-" "Mozilla/5.0 AppleWebKit/537.36 (KHTML, like Gecko; compatible; bingbot/2.0; +http://www.bing.com/bingbot.htm) Chrome/103.0.5060.134 Safari/537.36" "mantech8.com"
207.46.13.125 - - [09/Dec/2022:10:24:50 -0800] "GET /index.php/k937-9cb63dea-715be.ii HTTP/1.1" 200 63838 "-" "Mozilla/5.0 (compatible; bingbot/2.0; +http://www.bing.com/bingbot.htm)" "mantech8.com"
157.55.39.138 - - [09/Dec/2022:10:25:30 -0800] "GET /index.php/wf2o-c1079bcdb-g6dz0.ii HTTP/1.1" 200 63399 "-" "Mozilla/5.0 (compatible; bingbot/2.0; +http://www.bing.com/bingbot.htm)" "mantech8.com"
157.55.39.138 - - [09/Dec/2022:10:25:31 -0800] "GET /index.php/pstd-88dcd-isoet.ii HTTP/1.1" 200 71073 "-" "Mozilla/5.0 (compatible; bingbot/2.0; +http://www.bing.com/bingbot.htm)" "mantech8.com"
157.55.39.138 - - [09/Dec/2022:10:25:36 -0800] "GET /index.php/vmbp-8a92acbae-umiai.ii HTTP/1.1" 200 62224 "-" "Mozilla/5.0 AppleWebKit/537.36 (KHTML, like Gecko; compatible; bingbot/2.0; +http://www.bing.com/bingbot.htm) Chrome/103.0.5060.134 Safari/537.36" "mantech8.com"
207.46.13.125 - - [09/Dec/2022:10:25:40 -0800] "GET /index.php/egy1-3f8abbeaf-vdurp.ii HTTP/1.1" 200 72763 "-" "Mozilla/5.0 (compatible; bingbot/2.0; +http://www.bing.com/bingbot.htm)" "mantech8.com"
185.191.171.25 - - [09/Dec/2022:10:25:41 -0800] "GET /?camp-fire%2F38000878.html HTTP/1.1" 500 - "-" "Mozilla/5.0 (compatible; SemrushBot/7~bl; +http://www.semrush.com/bot.html)" "mantech8.com"
185.191.171.16 - - [09/Dec/2022:10:26:34 -0800] "GET /?camp-fire%2F91518490.html HTTP/1.1" 500 - "-" "Mozilla/5.0 (compatible; SemrushBot/7~bl; +http://www.semrush.com/bot.html)" "mantech8.com"
185.191.171.42 - - [09/Dec/2022:10:27:23 -0800] "GET /?camp-fire%2F32858865.html HTTP/1.1" 500 - "-" "Mozilla/5.0 (compatible; SemrushBot/7~bl; +http://www.semrush.com/bot.html)" "mantech8.com"
185.191.171.5 - - [09/Dec/2022:10:27:24 -0800] "GET /?camp-fire%2F76257138.html HTTP/1.1" 500 - "-" "Mozilla/5.0 (compatible; SemrushBot/7~bl; +http://www.semrush.com/bot.html)" "mantech8.com"
185.191.171.24 - - [09/Dec/2022:10:27:27 -0800] "GET /?camp-fire%2F44085534.html HTTP/1.1" 500 - "-" "Mozilla/5.0 (compatible; SemrushBot/7~bl; +http://www.semrush.com/bot.html)" "mantech8.com"
185.191.171.12 - - [09/Dec/2022:10:27:29 -0800] "GET /?camp-fire%2F27795609.html HTTP/1.1" 500 - "-" "Mozilla/5.0 (compatible; SemrushBot/7~bl; +http://www.semrush.com/bot.html)" "mantech8.com"
185.191.171.12 - - [09/Dec/2022:10:27:52 -0800] "GET /?camp-fire%2F39772717.html HTTP/1.1" 500 - "-" "Mozilla/5.0 (compatible; SemrushBot/7~bl; +http://www.semrush.com/bot.html)" "mantech8.com"
157.55.39.123 - - [09/Dec/2022:10:28:41 -0800] "GET /index.php/86ccadffa HTTP/1.1" 200 68543 "-" "Mozilla/5.0 AppleWebKit/537.36 (KHTML, like Gecko; compatible; bingbot/2.0; +http://www.bing.com/bingbot.htm) Chrome/103.0.5060.134 Safari/537.36" "mantech8.com"
157.55.39.123 - - [09/Dec/2022:10:28:42 -0800] "GET /index.php/ba8s-485aafbde-09mga.ii HTTP/1.1" 200 63352 "-" "Mozilla/5.0 AppleWebKit/537.36 (KHTML, like Gecko; compatible; bingbot/2.0; +http://www.bing.com/bingbot.htm) Chrome/103.0.5060.134 Safari/537.36" "mantech8.com"
157.55.39.123 - - [09/Dec/2022:10:28:43 -0800] "GET /index.php/52cc HTTP/1.1" 200 62912 "-" "Mozilla/5.0 (compatible; bingbot/2.0; +http://www.bing.com/bingbot.htm)" "mantech8.com"
157.55.39.123 - - [09/Dec/2022:10:28:44 -0800] "GET /index.php/kjz2-5ddcbdddb-hq0br.ii HTTP/1.1" 200 73350 "-" "Mozilla/5.0 (compatible; bingbot/2.0; +http://www.bing.com/bingbot.htm)" "mantech8.com"
157.55.39.123 - - [09/Dec/2022:10:28:45 -0800] "GET /index.php/nwtf-12c4eaacb-4a4qb.ii HTTP/1.1" 200 65874 "-" "Mozilla/5.0 AppleWebKit/537.36 (KHTML, like Gecko; compatible; bingbot/2.0; +http://www.bing.com/bingbot.htm) Chrome/103.0.5060.134 Safari/537.36" "mantech8.com"
157.55.39.123 - - [09/Dec/2022:10:28:52 -0800] "GET /index.php/bljc-3bcfd-kz95e.ii HTTP/1.1" 200 64669 "-" "Mozilla/5.0 (compatible; bingbot/2.0; +http://www.bing.com/bingbot.htm)" "mantech8.com"
157.55.39.123 - - [09/Dec/2022:10:28:56 -0800] "GET /index.php/wtzk-14caaf-n19ca.ii HTTP/1.1" 200 64742 "-" "Mozilla/5.0 AppleWebKit/537.36 (KHTML, like Gecko; compatible; bingbot/2.0; +http://www.bing.com/bingbot.htm) Chrome/103.0.5060.134 Safari/537.36" "mantech8.com"
157.55.39.138 - - [09/Dec/2022:10:29:09 -0800] "GET /index.php/VMbP-4bef-uNUyj.Ii HTTP/1.1" 200 64501 "-" "Mozilla/5.0 AppleWebKit/537.36 (KHTML, like Gecko; compatible; bingbot/2.0; +http://www.bing.com/bingbot.htm) Chrome/103.0.5060.134 Safari/537.36" "mantech8.com"
157.55.39.138 - - [09/Dec/2022:10:29:11 -0800] "GET /index.php/c1w4-c5eda-lbsjs.ii HTTP/1.1" 200 66725 "-" "Mozilla/5.0 AppleWebKit/537.36 (KHTML, like Gecko; compatible; bingbot/2.0; +http://www.bing.com/bingbot.htm) Chrome/103.0.5060.134 Safari/537.36" "mantech8.com"
157.55.39.138 - - [09/Dec/2022:10:29:12 -0800] "GET /index.php/egy1-9571dbebf-vxwat.ii HTTP/1.1" 200 66425 "-" "Mozilla/5.0 AppleWebKit/537.36 (KHTML, like Gecko; compatible; bingbot/2.0; +http://www.bing.com/bingbot.htm) Chrome/103.0.5060.134 Safari/537.36" "mantech8.com"
185.191.171.23 - - [09/Dec/2022:10:29:31 -0800] "GET /?camp-fire%2F59735303.html HTTP/1.1" 500 - "-" "Mozilla/5.0 (compatible; SemrushBot/7~bl; +http://www.semrush.com/bot.html)" "mantech8.com"
207.46.13.100 - - [09/Dec/2022:10:29:39 -0800] "GET /index.php/zsuz-83f1accbdf-soped.ii HTTP/1.1" 200 63963 "-" "Mozilla/5.0 AppleWebKit/537.36 (KHTML, like Gecko; compatible; bingbot/2.0; +http://www.bing.com/bingbot.htm) Chrome/103.0.5060.134 Safari/537.36" "mantech8.com"
207.46.13.100 - - [09/Dec/2022:10:29:40 -0800] "GET /index.php/s0kv-f1b7beaba-ozzxc.ii HTTP/1.1" 200 65280 "-" "Mozilla/5.0 (compatible; bingbot/2.0; +http://www.bing.com/bingbot.htm)" "mantech8.com"
185.191.171.15 - - [09/Dec/2022:10:30:23 -0800] "GET /?camp-fire%2F52286959.html HTTP/1.1" 500 - "-" "Mozilla/5.0 (compatible; SemrushBot/7~bl; +http://www.semrush.com/bot.html)" "mantech8.com"
185.191.171.22 - - [09/Dec/2022:10:30:49 -0800] "GET /?camp-fire%2F39097121.html HTTP/1.1" 500 - "-" "Mozilla/5.0 (compatible; SemrushBot/7~bl; +http://www.semrush.com/bot.html)" "mantech8.com"
157.55.39.123 - - [09/Dec/2022:10:31:02 -0800] "GET /index.php/vmbp-45bf-uu8ed.ii HTTP/1.1" 200 62862 "-" "Mozilla/5.0 (compatible; bingbot/2.0; +http://www.bing.com/bingbot.htm)" "mantech8.com"
157.55.39.123 - - [09/Dec/2022:10:31:30 -0800] "GET /index.php/blJc-0ac4daade-kw1At.Ii HTTP/1.1" 200 60571 "-" "Mozilla/5.0 AppleWebKit/537.36 (KHTML, like Gecko; compatible; bingbot/2.0; +http://www.bing.com/bingbot.htm) Chrome/103.0.5060.134 Safari/537.36" "mantech8.com"
185.191.171.42 - - [09/Dec/2022:10:31:35 -0800] "GET /?camp-fire%2F80687188.html HTTP/1.1" 500 - "-" "Mozilla/5.0 (compatible; SemrushBot/7~bl; +http://www.semrush.com/bot.html)" "mantech8.com"
157.55.39.138 - - [09/Dec/2022:10:31:39 -0800] "GET /index.php/Pstd-312aebdce-iSSnk.Ii HTTP/1.1" 200 71394 "-" "Mozilla/5.0 AppleWebKit/537.36 (KHTML, like Gecko; compatible; bingbot/2.0; +http://www.bing.com/bingbot.htm) Chrome/103.0.5060.134 Safari/537.36" "mantech8.com"
157.55.39.138 - - [09/Dec/2022:10:31:41 -0800] "GET /index.php/vmbp-9e588edda-uuszy.ii HTTP/1.1" 200 59406 "-" "Mozilla/5.0 AppleWebKit/537.36 (KHTML, like Gecko; compatible; bingbot/2.0; +http://www.bing.com/bingbot.htm) Chrome/103.0.5060.134 Safari/537.36" "mantech8.com"
157.55.39.138 - - [09/Dec/2022:10:31:40 -0800] "GET /index.php/Pstd-4dea5ecfd-iSknY.Ii HTTP/1.1" 200 66364 "-" "Mozilla/5.0 AppleWebKit/537.36 (KHTML, like Gecko; compatible; bingbot/2.0; +http://www.bing.com/bingbot.htm) Chrome/103.0.5060.134 Safari/537.36" "mantech8.com"
157.55.39.138 - - [09/Dec/2022:10:31:44 -0800] "GET /index.php/nwtf-05adfedf-4asou.ii HTTP/1.1" 200 66207 "-" "Mozilla/5.0 AppleWebKit/537.36 (KHTML, like Gecko; compatible; bingbot/2.0; +http://www.bing.com/bingbot.htm) Chrome/103.0.5060.134 Safari/537.36" "mantech8.com"
157.55.39.138 - - [09/Dec/2022:10:31:44 -0800] "GET /index.php/nwtf-1deb1bac-3pieb.ii HTTP/1.1" 200 65396 "-" "Mozilla/5.0 AppleWebKit/537.36 (KHTML, like Gecko; compatible; bingbot/2.0; +http://www.bing.com/bingbot.htm) Chrome/103.0.5060.134 Safari/537.36" "mantech8.com"
157.55.39.138 - - [09/Dec/2022:10:31:47 -0800] "GET /index.php/pstd-de5dabcf-iszcc.ii HTTP/1.1" 200 60657 "-" "Mozilla/5.0 AppleWebKit/537.36 (KHTML, like Gecko; compatible; bingbot/2.0; +http://www.bing.com/bingbot.htm) Chrome/103.0.5060.134 Safari/537.36" "mantech8.com"
157.55.39.138 - - [09/Dec/2022:10:32:02 -0800] "GET /index.php/zsuz-6f392ccccb-slhpm.ii HTTP/1.1" 200 77527 "-" "Mozilla/5.0 (compatible; bingbot/2.0; +http://www.bing.com/bingbot.htm)" "mantech8.com"
40.77.167.26 - - [09/Dec/2022:10:32:02 -0800] "GET /index.php/1zve-cceefcace-jvdgj.ii HTTP/1.1" 200 73243 "-" "Mozilla/5.0 (compatible; bingbot/2.0; +http://www.bing.com/bingbot.htm)" "mantech8.com"
185.191.171.34 - - [09/Dec/2022:10:32:01 -0800] "GET /?camp-fire%2F36609450.html HTTP/1.1" 500 - "-" "Mozilla/5.0 (compatible; SemrushBot/7~bl; +http://www.semrush.com/bot.html)" "mantech8.com"
40.77.167.26 - - [09/Dec/2022:10:31:58 -0800] "GET /index.php/wtzk-0988feeaab-n1mem.ii HTTP/1.1" 200 59850 "-" "Mozilla/5.0 (compatible; bingbot/2.0; +http://www.bing.com/bingbot.htm)" "mantech8.com"
157.55.39.138 - - [09/Dec/2022:10:32:12 -0800] "GET /index.php/8f3d8ecde HTTP/1.1" 200 76139 "-" "Mozilla/5.0 (compatible; bingbot/2.0; +http://www.bing.com/bingbot.htm)" "mantech8.com"
40.77.167.26 - - [09/Dec/2022:10:32:19 -0800] "GET /index.php/naq6-4ee0ceaacb-iub8y.ii HTTP/1.1" 200 67173 "-" "Mozilla/5.0 AppleWebKit/537.36 (KHTML, like Gecko; compatible; bingbot/2.0; +http://www.bing.com/bingbot.htm) Chrome/103.0.5060.134 Safari/537.36" "mantech8.com"
207.46.13.125 - - [09/Dec/2022:10:32:24 -0800] "GET /index.php/eeffa HTTP/1.1" 200 62646 "-" "Mozilla/5.0 (compatible; bingbot/2.0; +http://www.bing.com/bingbot.htm)" "mantech8.com"
207.46.13.100 - - [09/Dec/2022:10:32:31 -0800] "GET /index.php/kjz2-97fd-haejy.ii HTTP/1.1" 200 69572 "-" "Mozilla/5.0 AppleWebKit/537.36 (KHTML, like Gecko; compatible; bingbot/2.0; +http://www.bing.com/bingbot.htm) Chrome/103.0.5060.134 Safari/537.36" "mantech8.com"
185.191.171.6 - - [09/Dec/2022:10:32:39 -0800] "GET /?camp-fire%2F93413798.html HTTP/1.1" 500 - "-" "Mozilla/5.0 (compatible; SemrushBot/7~bl; +http://www.semrush.com/bot.html)" "mantech8.com"
40.77.167.26 - - [09/Dec/2022:10:33:00 -0800] "GET /index.php/egy1-e09eedeaf-vssyr.ii HTTP/1.1" 200 62578 "-" "Mozilla/5.0 AppleWebKit/537.36 (KHTML, like Gecko; compatible; bingbot/2.0; +http://www.bing.com/bingbot.htm) Chrome/103.0.5060.134 Safari/537.36" "mantech8.com"
40.77.167.26 - - [09/Dec/2022:10:33:01 -0800] "GET /index.php/wtzk-a6ea-nleso.ii HTTP/1.1" 200 69276 "-" "Mozilla/5.0 AppleWebKit/537.36 (KHTML, like Gecko; compatible; bingbot/2.0; +http://www.bing.com/bingbot.htm) Chrome/103.0.5060.134 Safari/537.36" "mantech8.com"
207.46.13.100 - - [09/Dec/2022:10:33:20 -0800] "GET /index.php/8beaa/9cded HTTP/1.1" 200 64312 "-" "Mozilla/5.0 (compatible; bingbot/2.0; +http://www.bing.com/bingbot.htm)" "mantech8.com"
40.77.167.20 - - [09/Dec/2022:10:33:59 -0800] "GET /index.php/hOOa-d42f5fce-6qvFB.Ii HTTP/1.1" 200 58091 "-" "Mozilla/5.0 AppleWebKit/537.36 (KHTML, like Gecko; compatible; bingbot/2.0; +http://www.bing.com/bingbot.htm) Chrome/103.0.5060.134 Safari/537.36" "mantech8.com"
40.77.167.20 - - [09/Dec/2022:10:34:00 -0800] "GET /index.php/vmbp-63fac-ujprh.ii HTTP/1.1" 200 63535 "-" "Mozilla/5.0 (compatible; bingbot/2.0; +http://www.bing.com/bingbot.htm)" "mantech8.com"
40.77.167.20 - - [09/Dec/2022:10:34:02 -0800] "GET /index.php/s0kv-192ffcdc-osgmt.ii HTTP/1.1" 200 75104 "-" "Mozilla/5.0 (compatible; bingbot/2.0; +http://www.bing.com/bingbot.htm)" "mantech8.com"
40.77.167.20 - - [09/Dec/2022:10:34:02 -0800] "GET /index.php/kjz2-2140badddf-hqeyr.ii HTTP/1.1" 200 64186 "-" "Mozilla/5.0 AppleWebKit/537.36 (KHTML, like Gecko; compatible; bingbot/2.0; +http://www.bing.com/bingbot.htm) Chrome/103.0.5060.134 Safari/537.36" "mantech8.com"
40.77.167.20 - - [09/Dec/2022:10:34:03 -0800] "GET /index.php/egy1-b2dabbeffa-vsjha.ii HTTP/1.1" 200 66322 "-" "Mozilla/5.0 (compatible; bingbot/2.0; +http://www.bing.com/bingbot.htm)" "mantech8.com"
40.77.167.20 - - [09/Dec/2022:10:34:03 -0800] "GET /index.php/wf2o-494edefef-g56al.ii HTTP/1.1" 200 72656 "-" "Mozilla/5.0 (compatible; bingbot/2.0; +http://www.bing.com/bingbot.htm)" "mantech8.com"
40.77.167.20 - - [09/Dec/2022:10:34:03 -0800] "GET /index.php/pstd-8aa7eccea-ixnjk.ii HTTP/1.1" 200 100993 "-" "Mozilla/5.0 (compatible; bingbot/2.0; +http://www.bing.com/bingbot.htm)" "mantech8.com"
40.77.167.20 - - [09/Dec/2022:10:34:04 -0800] "GET /index.php/mcko-c7eaebecc-vbkga.ii HTTP/1.1" 200 66616 "-" "Mozilla/5.0 AppleWebKit/537.36 (KHTML, like Gecko; compatible; bingbot/2.0; +http://www.bing.com/bingbot.htm) Chrome/103.0.5060.134 Safari/537.36" "mantech8.com"
40.77.167.20 - - [09/Dec/2022:10:34:04 -0800] "GET /index.php/kjz2-5e9bbbfb-hqlnb.ii HTTP/1.1" 200 65240 "-" "Mozilla/5.0 AppleWebKit/537.36 (KHTML, like Gecko; compatible; bingbot/2.0; +http://www.bing.com/bingbot.htm) Chrome/103.0.5060.134 Safari/537.36" "mantech8.com"
40.77.167.20 - - [09/Dec/2022:10:34:05 -0800] "GET /index.php/egy1-a1dee-veioz.ii HTTP/1.1" 200 82828 "-" "Mozilla/5.0 AppleWebKit/537.36 (KHTML, like Gecko; compatible; bingbot/2.0; +http://www.bing.com/bingbot.htm) Chrome/103.0.5060.134 Safari/537.36" "mantech8.com"
40.77.167.20 - - [09/Dec/2022:10:34:10 -0800] "GET /index.php/naq6-bbfbc-incck.ii HTTP/1.1" 200 69067 "-" "Mozilla/5.0 (compatible; bingbot/2.0; +http://www.bing.com/bingbot.htm)" "mantech8.com"
40.77.167.20 - - [09/Dec/2022:10:34:10 -0800] "GET /index.php/kjz2-df5befda-harml.ii HTTP/1.1" 200 66369 "-" "Mozilla/5.0 AppleWebKit/537.36 (KHTML, like Gecko; compatible; bingbot/2.0; +http://www.bing.com/bingbot.htm) Chrome/103.0.5060.134 Safari/537.36" "mantech8.com"
40.77.167.20 - - [09/Dec/2022:10:34:11 -0800] "GET /index.php/wtzk-9c1acfbff-n3144.ii HTTP/1.1" 200 71383 "-" "Mozilla/5.0 (compatible; bingbot/2.0; +http://www.bing.com/bingbot.htm)" "mantech8.com"
207.46.13.100 - - [09/Dec/2022:10:34:20 -0800] "GET /index.php/gddj-54309ebdf-bupeo.ii HTTP/1.1" 200 65829 "-" "Mozilla/5.0 AppleWebKit/537.36 (KHTML, like Gecko; compatible; bingbot/2.0; +http://www.bing.com/bingbot.htm) Chrome/103.0.5060.134 Safari/537.36" "mantech8.com"
157.55.39.123 - - [09/Dec/2022:10:34:24 -0800] "GET /index.php/egy1-86cc6aafce-vd3ss.ii HTTP/1.1" 200 67803 "-" "Mozilla/5.0 (compatible; bingbot/2.0; +http://www.bing.com/bingbot.htm)" "mantech8.com"
157.55.39.123 - - [09/Dec/2022:10:34:24 -0800] "GET /index.php/kjz2-149faeffb-yptwn.ii HTTP/1.1" 200 74689 "-" "Mozilla/5.0 AppleWebKit/537.36 (KHTML, like Gecko; compatible; bingbot/2.0; +http://www.bing.com/bingbot.htm) Chrome/103.0.5060.134 Safari/537.36" "mantech8.com"
157.55.39.123 - - [09/Dec/2022:10:34:25 -0800] "GET /index.php/su70-6e64fdddff-ica4j.ii HTTP/1.1" 200 71883 "-" "Mozilla/5.0 (compatible; bingbot/2.0; +http://www.bing.com/bingbot.htm)" "mantech8.com"
185.191.171.37 - - [09/Dec/2022:10:34:27 -0800] "GET /?camp-fire%2F39779292.html HTTP/1.1" 500 - "-" "Mozilla/5.0 (compatible; SemrushBot/7~bl; +http://www.semrush.com/bot.html)" "mantech8.com"
185.191.171.6 - - [09/Dec/2022:10:35:09 -0800] "GET /?camp-fire%2F26017776.html HTTP/1.1" 500 - "-" "Mozilla/5.0 (compatible; SemrushBot/7~bl; +http://www.semrush.com/bot.html)" "mantech8.com"
207.46.13.100 - - [09/Dec/2022:10:35:19 -0800] "GET /index.php/oM8T-14efdbecf-EQRei.Ii HTTP/1.1" 200 65871 "-" "Mozilla/5.0 AppleWebKit/537.36 (KHTML, like Gecko; compatible; bingbot/2.0; +http://www.bing.com/bingbot.htm) Chrome/103.0.5060.134 Safari/537.36" "mantech8.com"
207.46.13.100 - - [09/Dec/2022:10:35:20 -0800] "GET /index.php/mcko-195a7afa-vbmqq.ii HTTP/1.1" 200 66455 "-" "Mozilla/5.0 (compatible; bingbot/2.0; +http://www.bing.com/bingbot.htm)" "mantech8.com"
207.46.13.100 - - [09/Dec/2022:10:35:21 -0800] "GET /index.php/9hdj-9ef3dfbd-boktk.ii HTTP/1.1" 200 60822 "-" "Mozilla/5.0 AppleWebKit/537.36 (KHTML, like Gecko; compatible; bingbot/2.0; +http://www.bing.com/bingbot.htm) Chrome/103.0.5060.134 Safari/537.36" "mantech8.com"
207.46.13.100 - - [09/Dec/2022:10:35:23 -0800] "GET /index.php/ba8s-6d0baeae-00sal.ii HTTP/1.1" 200 67998 "-" "Mozilla/5.0 (compatible; bingbot/2.0; +http://www.bing.com/bingbot.htm)" "mantech8.com"
157.55.39.123 - - [09/Dec/2022:10:35:51 -0800] "GET /index.php/nWTf-3036fbcbff-3pEte.Ii HTTP/1.1" 200 60341 "-" "Mozilla/5.0 (compatible; bingbot/2.0; +http://www.bing.com/bingbot.htm)" "mantech8.com"
157.55.39.123 - - [09/Dec/2022:10:35:52 -0800] "GET /index.php/egy1-d95bebdba-vevmv.ii HTTP/1.1" 200 65830 "-" "Mozilla/5.0 (compatible; bingbot/2.0; +http://www.bing.com/bingbot.htm)" "mantech8.com"
157.55.39.138 - - [09/Dec/2022:10:35:52 -0800] "GET /index.php/1zve-f39dfedb-jtsle.ii HTTP/1.1" 200 68045 "-" "Mozilla/5.0 (compatible; bingbot/2.0; +http://www.bing.com/bingbot.htm)" "mantech8.com"
40.77.167.26 - - [09/Dec/2022:10:36:28 -0800] "GET /index.php/s0KV-d3e30fbcdd-owbYT.Ii HTTP/1.1" 200 64138 "-" "Mozilla/5.0 AppleWebKit/537.36 (KHTML, like Gecko; compatible; bingbot/2.0; +http://www.bing.com/bingbot.htm) Chrome/103.0.5060.134 Safari/537.36" "mantech8.com"
40.77.167.26 - - [09/Dec/2022:10:36:29 -0800] "GET /index.php/nwtf-2ccd-4a04g.ii HTTP/1.1" 200 66837 "-" "Mozilla/5.0 AppleWebKit/537.36 (KHTML, like Gecko; compatible; bingbot/2.0; +http://www.bing.com/bingbot.htm) Chrome/103.0.5060.134 Safari/537.36" "mantech8.com"
40.77.167.26 - - [09/Dec/2022:10:36:30 -0800] "GET /index.php/ihsw-75dffa-xwshp.ii HTTP/1.1" 200 77076 "-" "Mozilla/5.0 (compatible; bingbot/2.0; +http://www.bing.com/bingbot.htm)" "mantech8.com"
157.55.39.123 - - [09/Dec/2022:10:36:31 -0800] "GET /index.php/aps-307efdbdaa-ojtr0.ii HTTP/1.1" 200 68795 "-" "Mozilla/5.0 AppleWebKit/537.36 (KHTML, like Gecko; compatible; bingbot/2.0; +http://www.bing.com/bingbot.htm) Chrome/103.0.5060.134 Safari/537.36" "mantech8.com"
157.55.39.138 - - [09/Dec/2022:10:36:53 -0800] "GET /index.php/nwtf-6d4fcdcdce-3p8to.ii HTTP/1.1" 200 63446 "-" "Mozilla/5.0 AppleWebKit/537.36 (KHTML, like Gecko; compatible; bingbot/2.0; +http://www.bing.com/bingbot.htm) Chrome/103.0.5060.134 Safari/537.36" "mantech8.com"
207.46.13.125 - - [09/Dec/2022:10:37:01 -0800] "GET /index.php/yhfg-c962edcae-pkhml.ii HTTP/1.1" 200 61362 "-" "Mozilla/5.0 AppleWebKit/537.36 (KHTML, like Gecko; compatible; bingbot/2.0; +http://www.bing.com/bingbot.htm) Chrome/103.0.5060.134 Safari/537.36" "mantech8.com"
207.46.13.125 - - [09/Dec/2022:10:37:02 -0800] "GET /index.php/kjz2-886cfefedb-hahca.ii HTTP/1.1" 200 68927 "-" "Mozilla/5.0 (compatible; bingbot/2.0; +http://www.bing.com/bingbot.htm)" "mantech8.com"
157.55.39.123 - - [09/Dec/2022:10:37:05 -0800] "GET /index.php/mcko-981eeeeeec-vylpw.ii HTTP/1.1" 200 63950 "-" "Mozilla/5.0 AppleWebKit/537.36 (KHTML, like Gecko; compatible; bingbot/2.0; +http://www.bing.com/bingbot.htm) Chrome/103.0.5060.134 Safari/537.36" "mantech8.com"
157.55.39.123 - - [09/Dec/2022:10:37:22 -0800] "GET /index.php/cctt-bc2aeeea-zzett.ii HTTP/1.1" 200 62185 "-" "Mozilla/5.0 AppleWebKit/537.36 (KHTML, like Gecko; compatible; bingbot/2.0; +http://www.bing.com/bingbot.htm) Chrome/103.0.5060.134 Safari/537.36" "mantech8.com"
185.191.171.18 - - [09/Dec/2022:10:37:46 -0800] "GET /robots.txt HTTP/1.1" 200 106 "-" "Mozilla/5.0 (compatible; SemrushBot/7~bl; +http://www.semrush.com/bot.html)" "mantech8.com"
185.191.171.15 - - [09/Dec/2022:10:37:46 -0800] "GET /?camp-fire%2F64614308.html HTTP/1.1" 500 - "-" "Mozilla/5.0 (compatible; SemrushBot/7~bl; +http://www.semrush.com/bot.html)" "mantech8.com"
185.191.171.2 - - [09/Dec/2022:10:38:00 -0800] "GET /?camp-fire%2F41112288.html HTTP/1.1" 500 - "-" "Mozilla/5.0 (compatible; SemrushBot/7~bl; +http://www.semrush.com/bot.html)" "mantech8.com"
185.191.171.15 - - [09/Dec/2022:10:38:04 -0800] "GET /?camp-fire%2F57788471.html HTTP/1.1" 500 - "-" "Mozilla/5.0 (compatible; SemrushBot/7~bl; +http://www.semrush.com/bot.html)" "mantech8.com"
185.191.171.18 - - [09/Dec/2022:10:38:06 -0800] "GET /?camp-fire%2F90429298.html HTTP/1.1" 500 - "-" "Mozilla/5.0 (compatible; SemrushBot/7~bl; +http://www.semrush.com/bot.html)" "mantech8.com"
40.77.167.20 - - [09/Dec/2022:10:38:09 -0800] "GET /index.php/d5a1baecae HTTP/1.1" 200 73019 "-" "Mozilla/5.0 AppleWebKit/537.36 (KHTML, like Gecko; compatible; bingbot/2.0; +http://www.bing.com/bingbot.htm) Chrome/103.0.5060.134 Safari/537.36" "mantech8.com"
207.46.13.100 - - [09/Dec/2022:10:38:13 -0800] "GET /index.php/nwtf-75bd-3lsko.ii HTTP/1.1" 200 72060 "-" "Mozilla/5.0 AppleWebKit/537.36 (KHTML, like Gecko; compatible; bingbot/2.0; +http://www.bing.com/bingbot.htm) Chrome/103.0.5060.134 Safari/537.36" "mantech8.com"
40.77.167.20 - - [09/Dec/2022:10:38:20 -0800] "GET /index.php/mcko-defaadffef-vyp3r.ii HTTP/1.1" 200 74771 "-" "Mozilla/5.0 AppleWebKit/537.36 (KHTML, like Gecko; compatible; bingbot/2.0; +http://www.bing.com/bingbot.htm) Chrome/103.0.5060.134 Safari/537.36" "mantech8.com"
157.55.39.138 - - [09/Dec/2022:10:38:29 -0800] "GET /index.php/WtZk-c8dae-n25hT.Ii HTTP/1.1" 200 66874 "-" "Mozilla/5.0 AppleWebKit/537.36 (KHTML, like Gecko; compatible; bingbot/2.0; +http://www.bing.com/bingbot.htm) Chrome/103.0.5060.134 Safari/537.36" "mantech8.com"
157.55.39.138 - - [09/Dec/2022:10:38:30 -0800] "GET /index.php/gvdr-b7d9bffdb-vjunc.ii HTTP/1.1" 200 67493 "-" "Mozilla/5.0 (compatible; bingbot/2.0; +http://www.bing.com/bingbot.htm)" "mantech8.com"
207.46.13.100 - - [09/Dec/2022:10:38:40 -0800] "GET /index.php/ihSW-14caf-xx6Wf.Ii HTTP/1.1" 200 67694 "-" "Mozilla/5.0 AppleWebKit/537.36 (KHTML, like Gecko; compatible; bingbot/2.0; +http://www.bing.com/bingbot.htm) Chrome/103.0.5060.134 Safari/537.36" "mantech8.com"
64.124.8.44 - - [09/Dec/2022:10:38:44 -0800] "GET /headdepartment.php HTTP/1.1" 200 14195 "-" "Mozilla/5.0 (X11; Linux x86_64) AppleWebKit/537.36 (KHTML, like Gecko) Chrome/61.0.3163.79 Safari/537.36" "mantech8.com"
40.77.167.26 - - [09/Dec/2022:10:38:50 -0800] "GET /index.php/nwtf-2bbbbe-3prep.ii HTTP/1.1" 200 67163 "-" "Mozilla/5.0 AppleWebKit/537.36 (KHTML, like Gecko; compatible; bingbot/2.0; +http://www.bing.com/bingbot.htm) Chrome/103.0.5060.134 Safari/537.36" "mantech8.com"
114.119.146.198 - - [09/Dec/2022:10:38:56 -0800] "GET /index.php?sitemap866.xml HTTP/1.1" 200 289473 "-" "Mozilla/5.0 (compatible;PetalBot;+https://webmaster.petalsearch.com/site/petalbot)" "mantech8.com"
185.191.171.34 - - [09/Dec/2022:10:39:23 -0800] "GET /?camp-fire%2F32488868.html HTTP/1.1" 500 - "-" "Mozilla/5.0 (compatible; SemrushBot/7~bl; +http://www.semrush.com/bot.html)" "mantech8.com"
207.46.13.100 - - [09/Dec/2022:10:39:40 -0800] "GET /index.php/21bb/e3ff HTTP/1.1" 200 67372 "-" "Mozilla/5.0 (compatible; bingbot/2.0; +http://www.bing.com/bingbot.htm)" "mantech8.com"
207.46.13.100 - - [09/Dec/2022:10:39:42 -0800] "GET /index.php/pstd-3afff-ien03.ii HTTP/1.1" 200 73505 "-" "Mozilla/5.0 AppleWebKit/537.36 (KHTML, like Gecko; compatible; bingbot/2.0; +http://www.bing.com/bingbot.htm) Chrome/103.0.5060.134 Safari/537.36" "mantech8.com"
207.46.13.125 - - [09/Dec/2022:10:39:49 -0800] "GET /index.php/439dfcfa HTTP/1.1" 200 67452 "-" "Mozilla/5.0 (compatible; bingbot/2.0; +http://www.bing.com/bingbot.htm)" "mantech8.com"
207.46.13.125 - - [09/Dec/2022:10:39:51 -0800] "GET /index.php/kjz2-dc2c0ecd-ha2hh.ii HTTP/1.1" 200 66013 "-" "Mozilla/5.0 AppleWebKit/537.36 (KHTML, like Gecko; compatible; bingbot/2.0; +http://www.bing.com/bingbot.htm) Chrome/103.0.5060.134 Safari/537.36" "mantech8.com"
207.46.13.125 - - [09/Dec/2022:10:39:54 -0800] "GET /index.php/pstd-a35f2cad-ieyq7.ii HTTP/1.1" 200 66564 "-" "Mozilla/5.0 (compatible; bingbot/2.0; +http://www.bing.com/bingbot.htm)" "mantech8.com"
207.46.13.125 - - [09/Dec/2022:10:39:51 -0800] "GET /index.php/vmbp-92bdcdac-umupc.ii HTTP/1.1" 200 68013 "-" "Mozilla/5.0 (compatible; bingbot/2.0; +http://www.bing.com/bingbot.htm)" "mantech8.com"
157.55.39.123 - - [09/Dec/2022:10:40:01 -0800] "GET /index.php/egy1-93fbf-vdaob.ii HTTP/1.1" 200 68862 "-" "Mozilla/5.0 (compatible; bingbot/2.0; +http://www.bing.com/bingbot.htm)" "mantech8.com"
157.55.39.123 - - [09/Dec/2022:10:40:03 -0800] "GET /index.php/txf8-11abfe-alc88.ii HTTP/1.1" 200 69312 "-" "Mozilla/5.0 (compatible; bingbot/2.0; +http://www.bing.com/bingbot.htm)" "mantech8.com"
40.77.167.20 - - [09/Dec/2022:10:40:08 -0800] "GET /index.php/uO45-17da-Bs6KY.Ii HTTP/1.1" 200 65865 "-" "Mozilla/5.0 (compatible; bingbot/2.0; +http://www.bing.com/bingbot.htm)" "mantech8.com"
185.191.171.3 - - [09/Dec/2022:10:40:09 -0800] "GET /?camp-fire%2F38509159.html HTTP/1.1" 500 - "-" "Mozilla/5.0 (compatible; SemrushBot/7~bl; +http://www.semrush.com/bot.html)" "mantech8.com"
207.46.13.125 - - [09/Dec/2022:10:40:10 -0800] "GET /index.php/5dabe HTTP/1.1" 500 - "-" "Mozilla/5.0 (compatible; bingbot/2.0; +http://www.bing.com/bingbot.htm)" "mantech8.com"
40.77.167.20 - - [09/Dec/2022:10:40:09 -0800] "GET /index.php/nwtf-8ddaba-4a2xp.ii HTTP/1.1" 200 67207 "-" "Mozilla/5.0 AppleWebKit/537.36 (KHTML, like Gecko; compatible; bingbot/2.0; +http://www.bing.com/bingbot.htm) Chrome/103.0.5060.134 Safari/537.36" "mantech8.com"
207.46.13.125 - - [09/Dec/2022:10:40:13 -0800] "GET /index.php/31l7-73cce-onibk.ii HTTP/1.1" 200 67357 "-" "Mozilla/5.0 AppleWebKit/537.36 (KHTML, like Gecko; compatible; bingbot/2.0; +http://www.bing.com/bingbot.htm) Chrome/103.0.5060.134 Safari/537.36" "mantech8.com"
157.55.39.123 - - [09/Dec/2022:10:40:12 -0800] "GET /index.php/d5cda/b7fac HTTP/1.1" 200 58541 "-" "Mozilla/5.0 (compatible; bingbot/2.0; +http://www.bing.com/bingbot.htm)" "mantech8.com"
207.46.13.125 - - [09/Dec/2022:10:40:16 -0800] "GET /index.php/q5W4-b401dcaca-jPNoC.Ii HTTP/1.1" 200 59408 "-" "Mozilla/5.0 (compatible; bingbot/2.0; +http://www.bing.com/bingbot.htm)" "mantech8.com"
114.119.152.195 - - [09/Dec/2022:10:40:24 -0800] "GET /bimages/mission/head1.php HTTP/1.1" 200 32 "http://www.mantech8.com/bimages/mission/" "Mozilla/5.0 (Linux; Android 7.0;) AppleWebKit/537.36 (KHTML, like Gecko) Mobile Safari/537.36 (compatible; PetalBot;+https://webmaster.petalsearch.com/site/petalbot)" "www.mantech8.com"
40.77.167.20 - - [09/Dec/2022:10:40:31 -0800] "GET /index.php/nwtf-a30dbddffd-3lwun.ii HTTP/1.1" 200 62466 "-" "Mozilla/5.0 (compatible; bingbot/2.0; +http://www.bing.com/bingbot.htm)" "mantech8.com"
207.46.13.100 - - [09/Dec/2022:10:40:36 -0800] "GET /index.php/8fefeb HTTP/1.1" 200 64029 "-" "Mozilla/5.0 (compatible; bingbot/2.0; +http://www.bing.com/bingbot.htm)" "mantech8.com"
207.46.13.100 - - [09/Dec/2022:10:40:38 -0800] "GET /index.php/mcko-981fcebbb-vtynh.ii HTTP/1.1" 500 - "-" "Mozilla/5.0 (compatible; bingbot/2.0; +http://www.bing.com/bingbot.htm)" "mantech8.com"
40.77.167.20 - - [09/Dec/2022:10:40:41 -0800] "GET /index.php/nwtf-73b9efcbf-3prq5.ii HTTP/1.1" 200 68768 "-" "Mozilla/5.0 AppleWebKit/537.36 (KHTML, like Gecko; compatible; bingbot/2.0; +http://www.bing.com/bingbot.htm) Chrome/103.0.5060.134 Safari/537.36" "mantech8.com"
157.55.39.138 - - [09/Dec/2022:10:40:45 -0800] "GET /index.php/ba8s-fdad-09o1d.ii HTTP/1.1" 500 - "-" "Mozilla/5.0 AppleWebKit/537.36 (KHTML, like Gecko; compatible; bingbot/2.0; +http://www.bing.com/bingbot.htm) Chrome/103.0.5060.134 Safari/537.36" "mantech8.com"
185.191.171.36 - - [09/Dec/2022:10:40:58 -0800] "GET /?camp-fire%2F35589125.html HTTP/1.1" 500 - "-" "Mozilla/5.0 (compatible; SemrushBot/7~bl; +http://www.semrush.com/bot.html)" "mantech8.com"
40.77.167.20 - - [09/Dec/2022:10:41:00 -0800] "GET / HTTP/1.1" 200 64093 "-" "Mozilla/5.0 AppleWebKit/537.36 (KHTML, like Gecko; compatible; bingbot/2.0; +http://www.bing.com/bingbot.htm) Chrome/103.0.5060.134 Safari/537.36" "www.mantech8.com"
185.191.171.4 - - [09/Dec/2022:10:41:28 -0800] "GET /?camp-fire%2F42105734.html HTTP/1.1" 500 - "-" "Mozilla/5.0 (compatible; SemrushBot/7~bl; +http://www.semrush.com/bot.html)" "mantech8.com"
207.46.13.100 - - [09/Dec/2022:10:41:31 -0800] "GET /index.php/wtzk-a8bebf-n2kvn.ii HTTP/1.1" 200 62439 "-" "Mozilla/5.0 (compatible; bingbot/2.0; +http://www.bing.com/bingbot.htm)" "mantech8.com"
207.46.13.125 - - [09/Dec/2022:10:41:40 -0800] "GET /index.php/5dabe HTTP/1.1" 200 79248 "-" "Mozilla/5.0 AppleWebKit/537.36 (KHTML, like Gecko; compatible; bingbot/2.0; +http://www.bing.com/bingbot.htm) Chrome/103.0.5060.134 Safari/537.36" "mantech8.com"
207.46.13.125 - - [09/Dec/2022:10:41:42 -0800] "GET /index.php/yhfg-f7dfc-plljm.ii HTTP/1.1" 200 67834 "-" "Mozilla/5.0 AppleWebKit/537.36 (KHTML, like Gecko; compatible; bingbot/2.0; +http://www.bing.com/bingbot.htm) Chrome/103.0.5060.134 Safari/537.36" "mantech8.com"
207.46.13.100 - - [09/Dec/2022:10:41:45 -0800] "GET /index.php/31l7-37e31dca-ouwfu.ii HTTP/1.1" 200 67603 "-" "Mozilla/5.0 (compatible; bingbot/2.0; +http://www.bing.com/bingbot.htm)" "mantech8.com"
207.46.13.125 - - [09/Dec/2022:10:42:12 -0800] "GET /index.php/pstd-fdec-iefba.ii HTTP/1.1" 200 64532 "-" "Mozilla/5.0 AppleWebKit/537.36 (KHTML, like Gecko; compatible; bingbot/2.0; +http://www.bing.com/bingbot.htm) Chrome/103.0.5060.134 Safari/537.36" "mantech8.com"
185.191.171.7 - - [09/Dec/2022:10:42:13 -0800] "GET /?camp-fire%2F76797372.html HTTP/1.1" 500 - "-" "Mozilla/5.0 (compatible; SemrushBot/7~bl; +http://www.semrush.com/bot.html)" "mantech8.com"
40.77.167.26 - - [09/Dec/2022:10:42:20 -0800] "GET /index.php/mcko-2eaa7fce-vthxf.ii HTTP/1.1" 200 69933 "-" "Mozilla/5.0 (compatible; bingbot/2.0; +http://www.bing.com/bingbot.htm)" "mantech8.com"
40.77.167.26 - - [09/Dec/2022:10:42:24 -0800] "GET /index.php/mcko-a0ec-vbsir.ii HTTP/1.1" 200 63978 "-" "Mozilla/5.0 AppleWebKit/537.36 (KHTML, like Gecko; compatible; bingbot/2.0; +http://www.bing.com/bingbot.htm) Chrome/103.0.5060.134 Safari/537.36" "mantech8.com"
185.191.171.10 - - [09/Dec/2022:10:42:43 -0800] "GET /?camp-fire%2F6268177.html HTTP/1.1" 500 - "-" "Mozilla/5.0 (compatible; SemrushBot/7~bl; +http://www.semrush.com/bot.html)" "mantech8.com"
40.77.167.26 - - [09/Dec/2022:10:42:40 -0800] "GET /index.php/kjz2-f4f62fbe-hqles.ii HTTP/1.1" 200 65170 "-" "Mozilla/5.0 (compatible; bingbot/2.0; +http://www.bing.com/bingbot.htm)" "mantech8.com"
207.46.13.125 - - [09/Dec/2022:10:42:45 -0800] "GET /index.php/07cfde HTTP/1.1" 200 63806 "-" "Mozilla/5.0 (compatible; bingbot/2.0; +http://www.bing.com/bingbot.htm)" "mantech8.com"
185.191.171.15 - - [09/Dec/2022:10:42:45 -0800] "GET /?camp-fire%2F61766755.html HTTP/1.1" 500 - "-" "Mozilla/5.0 (compatible; SemrushBot/7~bl; +http://www.semrush.com/bot.html)" "mantech8.com"
157.55.39.123 - - [09/Dec/2022:10:42:52 -0800] "GET /index.php/mcko-88ffa-vyrs1.ii HTTP/1.1" 200 67236 "-" "Mozilla/5.0 (compatible; bingbot/2.0; +http://www.bing.com/bingbot.htm)" "mantech8.com"
185.191.171.13 - - [09/Dec/2022:10:42:54 -0800] "GET /?camp-fire%2F41937403.html HTTP/1.1" 500 - "-" "Mozilla/5.0 (compatible; SemrushBot/7~bl; +http://www.semrush.com/bot.html)" "mantech8.com"
40.77.167.20 - - [09/Dec/2022:10:43:00 -0800] "GET /index.php/wtzk-4b510adb-n1apu.ii HTTP/1.1" 200 65570 "-" "Mozilla/5.0 (compatible; bingbot/2.0; +http://www.bing.com/bingbot.htm)" "mantech8.com"
185.191.171.11 - - [09/Dec/2022:10:43:16 -0800] "GET /?camp-fire%2F40292535.html HTTP/1.1" 500 - "-" "Mozilla/5.0 (compatible; SemrushBot/7~bl; +http://www.semrush.com/bot.html)" "mantech8.com"
157.55.39.138 - - [09/Dec/2022:10:43:20 -0800] "GET /index.php/hFdr-df3ffdcdef-IlIvx.Ii HTTP/1.1" 500 - "-" "Mozilla/5.0 AppleWebKit/537.36 (KHTML, like Gecko; compatible; bingbot/2.0; +http://www.bing.com/bingbot.htm) Chrome/103.0.5060.134 Safari/537.36" "mantech8.com"
185.191.171.11 - - [09/Dec/2022:10:43:35 -0800] "GET /?camp-fire%2F40015435.html HTTP/1.1" 500 - "-" "Mozilla/5.0 (compatible; SemrushBot/7~bl; +http://www.semrush.com/bot.html)" "mantech8.com"
157.55.39.138 - - [09/Dec/2022:10:43:50 -0800] "GET /index.php/hFdr-df3ffdcdef-IlIvx.Ii HTTP/1.1" 200 65019 "-" "Mozilla/5.0 AppleWebKit/537.36 (KHTML, like Gecko; compatible; bingbot/2.0; +http://www.bing.com/bingbot.htm) Chrome/103.0.5060.134 Safari/537.36" "mantech8.com"
185.191.171.8 - - [09/Dec/2022:10:43:57 -0800] "GET /?camp-fire%2F4519800.html HTTP/1.1" 500 - "-" "Mozilla/5.0 (compatible; SemrushBot/7~bl; +http://www.semrush.com/bot.html)" "mantech8.com"
207.46.13.100 - - [09/Dec/2022:10:43:59 -0800] "GET /index.php/nWTf-c7aa-4QkEI.Ii HTTP/1.1" 200 60289 "-" "Mozilla/5.0 (compatible; bingbot/2.0; +http://www.bing.com/bingbot.htm)" "mantech8.com"
157.55.39.138 - - [09/Dec/2022:10:44:04 -0800] "GET /index.php/snxr-47dcc-jtemc.ii HTTP/1.1" 200 62562 "-" "Mozilla/5.0 (compatible; bingbot/2.0; +http://www.bing.com/bingbot.htm)" "mantech8.com"
185.191.171.3 - - [09/Dec/2022:10:44:08 -0800] "GET /?camp-fire%2F38227803.html HTTP/1.1" 500 - "-" "Mozilla/5.0 (compatible; SemrushBot/7~bl; +http://www.semrush.com/bot.html)" "mantech8.com"
157.55.39.123 - - [09/Dec/2022:10:44:12 -0800] "GET /index.php/wsum-4eccafcda-e1rth.ii HTTP/1.1" 200 70774 "-" "Mozilla/5.0 (compatible; bingbot/2.0; +http://www.bing.com/bingbot.htm)" "mantech8.com"
207.46.13.100 - - [09/Dec/2022:10:44:31 -0800] "GET /index.php/hfdr-b8ea2fda-iiq05.ii HTTP/1.1" 200 73694 "-" "Mozilla/5.0 (compatible; bingbot/2.0; +http://www.bing.com/bingbot.htm)" "mantech8.com"
207.46.13.100 - - [09/Dec/2022:10:44:32 -0800] "GET /index.php/mcko-bcb6deaaf-vyaod.ii HTTP/1.1" 200 65586 "-" "Mozilla/5.0 (compatible; bingbot/2.0; +http://www.bing.com/bingbot.htm)" "mantech8.com"
103.70.59.40 - - [09/Dec/2022:10:45:02 -0800] "GET /contact.php HTTP/1.1" 200 29236 "http://mantech8.com/contact.php" "Mozilla/5.0 (Windows NT 6.1; WOW64) AppleWebKit/537.36 (KHTML, like Gecko) Chrome/90.0.4430.85 Safari/537.36" "mantech8.com"
103.70.59.40 - - [09/Dec/2022:10:45:08 -0800] "POST /mailer.php HTTP/1.1" 500 - "http://mantech8.com/contact.php" "Mozilla/5.0 (Windows NT 6.1; WOW64) AppleWebKit/537.36 (KHTML, like Gecko) Chrome/90.0.4430.85 Safari/537.36" "mantech8.com"
40.77.167.97 - - [09/Dec/2022:10:45:13 -0800] "GET /robots.txt HTTP/1.1" 200 106 "-" "Mozilla/5.0 (compatible; bingbot/2.0; +http://www.bing.com/bingbot.htm)" "mantech8.com"
157.55.39.138 - - [09/Dec/2022:10:45:13 -0800] "GET /index.php/nWTf-deebd-4ADyU.Ii HTTP/1.1" 200 64975 "-" "Mozilla/5.0 AppleWebKit/537.36 (KHTML, like Gecko; compatible; bingbot/2.0; +http://www.bing.com/bingbot.htm) Chrome/103.0.5060.134 Safari/537.36" "mantech8.com"
157.55.39.138 - - [09/Dec/2022:10:45:15 -0800] "GET /index.php/b6afc HTTP/1.1" 200 69680 "-" "Mozilla/5.0 AppleWebKit/537.36 (KHTML, like Gecko; compatible; bingbot/2.0; +http://www.bing.com/bingbot.htm) Chrome/103.0.5060.134 Safari/537.36" "mantech8.com"
157.55.39.123 - - [09/Dec/2022:10:45:22 -0800] "GET /index.php/kjz2-b66ceecd-hqtve.ii HTTP/1.1" 200 60599 "-" "Mozilla/5.0 (compatible; bingbot/2.0; +http://www.bing.com/bingbot.htm)" "mantech8.com"
207.46.13.100 - - [09/Dec/2022:10:45:40 -0800] "GET /index.php?/knowledge/%E6%97%8B%E7%9B%A4%E5%8A%A0%E5%B7%A5%E3%81%AE%E5%8A%A0%E5%B7%A5%E7%A8%AE%E9%A1%9E HTTP/1.1" 200 67867 "-" "Mozilla/5.0 (compatible; bingbot/2.0; +http://www.bing.com/bingbot.htm)" "www.mantech8.com"
40.77.167.26 - - [09/Dec/2022:10:45:50 -0800] "GET /index.php/wtzk-bd9eabccc-n1bsw.ii HTTP/1.1" 200 66256 "-" "Mozilla/5.0 AppleWebKit/537.36 (KHTML, like Gecko; compatible; bingbot/2.0; +http://www.bing.com/bingbot.htm) Chrome/103.0.5060.134 Safari/537.36" "mantech8.com"
157.55.39.138 - - [09/Dec/2022:10:45:51 -0800] "GET /index.php/feecef HTTP/1.1" 200 65248 "-" "Mozilla/5.0 (compatible; bingbot/2.0; +http://www.bing.com/bingbot.htm)" "mantech8.com"
