42.236.10.78 - - [08/Dec/2022:17:23:15 -0800] "GET /css/hover.css HTTP/1.1" 200 8530 "http://www.mantech8.com/services.php" "Mozilla/5.0 (Linux; Android 8.0.0; MHA-AL00 Build/HUAWEIMHA-AL00; wv) AppleWebKit/537.36 (KHTML, like Gecko) Version/4.0 Chrome/68.0.3440.91 Mobile Safari/537.36 BingWeb/6.9.6" "www.mantech8.com"
42.236.10.75 - - [08/Dec/2022:17:23:15 -0800] "GET /css/flaticon.css HTTP/1.1" 200 321 "http://www.mantech8.com/services.php" "Mozilla/5.0 (Linux; Android 8.0.0; MHA-AL00 Build/HUAWEIMHA-AL00; wv) AppleWebKit/537.36 (KHTML, like Gecko) Version/4.0 Chrome/68.0.3440.91 Mobile Safari/537.36 BingWeb/6.9.6" "www.mantech8.com"
42.236.10.75 - - [08/Dec/2022:17:23:15 -0800] "GET /css/font-awesome.css HTTP/1.1" 200 5793 "http://www.mantech8.com/services.php" "Mozilla/5.0 (Linux; Android 8.0.0; MHA-AL00 Build/HUAWEIMHA-AL00; wv) AppleWebKit/537.36 (KHTML, like Gecko) Version/4.0 Chrome/68.0.3440.91 Mobile Safari/537.36 BingWeb/6.9.6" "www.mantech8.com"
42.236.10.75 - - [08/Dec/2022:17:23:15 -0800] "GET /js/script1.js HTTP/1.1" 200 2007 "http://www.mantech8.com/services.php" "Mozilla/5.0 (Linux; Android 8.0.0; MHA-AL00 Build/HUAWEIMHA-AL00; wv) AppleWebKit/537.36 (KHTML, like Gecko) Version/4.0 Chrome/68.0.3440.91 Mobile Safari/537.36 BingWeb/6.9.6" "www.mantech8.com"
42.236.10.75 - - [08/Dec/2022:17:23:16 -0800] "GET /js/wow.js HTTP/1.1" 200 2795 "http://www.mantech8.com/services.php" "Mozilla/5.0 (Linux; Android 8.0.0; MHA-AL00 Build/HUAWEIMHA-AL00; wv) AppleWebKit/537.36 (KHTML, like Gecko) Version/4.0 Chrome/68.0.3440.91 Mobile Safari/537.36 BingWeb/6.9.6" "www.mantech8.com"
42.236.10.78 - - [08/Dec/2022:17:23:16 -0800] "GET /js/bootstrap.min.js HTTP/1.1" 200 9765 "http://www.mantech8.com/services.php" "Mozilla/5.0 (Linux; Android 8.0.0; MHA-AL00 Build/HUAWEIMHA-AL00; wv) AppleWebKit/537.36 (KHTML, like Gecko) Version/4.0 Chrome/68.0.3440.91 Mobile Safari/537.36 BingWeb/6.9.6" "www.mantech8.com"
42.236.10.78 - - [08/Dec/2022:17:23:16 -0800] "GET /js/script.js HTTP/1.1" 200 7687 "http://www.mantech8.com/services.php" "Mozilla/5.0 (Linux; Android 8.0.0; MHA-AL00 Build/HUAWEIMHA-AL00; wv) AppleWebKit/537.36 (KHTML, like Gecko) Version/4.0 Chrome/68.0.3440.91 Mobile Safari/537.36 BingWeb/6.9.6" "www.mantech8.com"
42.236.10.78 - - [08/Dec/2022:17:23:16 -0800] "GET /enginenew/script.js HTTP/1.1" 200 2804 "http://www.mantech8.com/services.php" "Mozilla/5.0 (Linux; Android 8.0.0; MHA-AL00 Build/HUAWEIMHA-AL00; wv) AppleWebKit/537.36 (KHTML, like Gecko) Version/4.0 Chrome/68.0.3440.91 Mobile Safari/537.36 BingWeb/6.9.6" "www.mantech8.com"
42.236.10.75 - - [08/Dec/2022:17:23:16 -0800] "GET /enginenew/wowslider.js HTTP/1.1" 200 9696 "http://www.mantech8.com/services.php" "Mozilla/5.0 (Linux; Android 8.0.0; MHA-AL00 Build/HUAWEIMHA-AL00; wv) AppleWebKit/537.36 (KHTML, like Gecko) Version/4.0 Chrome/68.0.3440.91 Mobile Safari/537.36 BingWeb/6.9.6" "www.mantech8.com"
42.236.10.78 - - [08/Dec/2022:17:23:16 -0800] "GET /js/jquery-1.11.3.min.js HTTP/1.1" 200 33279 "http://www.mantech8.com/services.php" "Mozilla/5.0 (Linux; Android 8.0.0; MHA-AL00 Build/HUAWEIMHA-AL00; wv) AppleWebKit/537.36 (KHTML, like Gecko) Version/4.0 Chrome/68.0.3440.91 Mobile Safari/537.36 BingWeb/6.9.6" "www.mantech8.com"
42.236.10.84 - - [08/Dec/2022:17:23:16 -0800] "GET /js/jquery-migrate-1.2.1.min.js HTTP/1.1" 200 3063 "http://www.mantech8.com/services.php" "Mozilla/5.0 (Linux; Android 8.0.0; MHA-AL00 Build/HUAWEIMHA-AL00; wv) AppleWebKit/537.36 (KHTML, like Gecko) Version/4.0 Chrome/68.0.3440.91 Mobile Safari/537.36 BingWeb/6.9.6" "www.mantech8.com"
42.236.10.75 - - [08/Dec/2022:17:23:16 -0800] "GET /revolution/js/jquery.themepunch.tools.min.js HTTP/1.1" 200 36033 "http://www.mantech8.com/services.php" "Mozilla/5.0 (Linux; Android 8.0.0; MHA-AL00 Build/HUAWEIMHA-AL00; wv) AppleWebKit/537.36 (KHTML, like Gecko) Version/4.0 Chrome/68.0.3440.91 Mobile Safari/537.36 BingWeb/6.9.6" "www.mantech8.com"
42.236.10.75 - - [08/Dec/2022:17:23:16 -0800] "GET /js/custom.js HTTP/1.1" 200 1648 "http://www.mantech8.com/services.php" "Mozilla/5.0 (Linux; Android 8.0.0; MHA-AL00 Build/HUAWEIMHA-AL00; wv) AppleWebKit/537.36 (KHTML, like Gecko) Version/4.0 Chrome/68.0.3440.91 Mobile Safari/537.36 BingWeb/6.9.6" "www.mantech8.com"
42.236.10.78 - - [08/Dec/2022:17:23:16 -0800] "GET /js/plugins.js HTTP/1.1" 200 67071 "http://www.mantech8.com/services.php" "Mozilla/5.0 (Linux; Android 8.0.0; MHA-AL00 Build/HUAWEIMHA-AL00; wv) AppleWebKit/537.36 (KHTML, like Gecko) Version/4.0 Chrome/68.0.3440.91 Mobile Safari/537.36 BingWeb/6.9.6" "www.mantech8.com"
42.236.10.84 - - [08/Dec/2022:17:23:16 -0800] "GET /js/rd-smoothscroll.min1.js HTTP/1.1" 200 1124 "http://www.mantech8.com/services.php" "Mozilla/5.0 (Linux; Android 8.0.0; MHA-AL00 Build/HUAWEIMHA-AL00; wv) AppleWebKit/537.36 (KHTML, like Gecko) Version/4.0 Chrome/68.0.3440.91 Mobile Safari/537.36 BingWeb/6.9.6" "www.mantech8.com"
42.236.10.78 - - [08/Dec/2022:17:23:16 -0800] "GET /js/jquery.rd-parallax.js HTTP/1.1" 200 2021 "http://www.mantech8.com/services.php" "Mozilla/5.0 (Linux; Android 8.0.0; MHA-AL00 Build/HUAWEIMHA-AL00; wv) AppleWebKit/537.36 (KHTML, like Gecko) Version/4.0 Chrome/68.0.3440.91 Mobile Safari/537.36 BingWeb/6.9.6" "www.mantech8.com"
42.236.10.75 - - [08/Dec/2022:17:23:16 -0800] "GET /fonts/fontawesome-webfont.woff2?v=4.5.0 HTTP/1.1" 200 66624 "http://www.mantech8.com/css/style.css" "Mozilla/5.0 (Linux; Android 8.0.0; MHA-AL00 Build/HUAWEIMHA-AL00; wv) AppleWebKit/537.36 (KHTML, like Gecko) Version/4.0 Chrome/68.0.3440.91 Mobile Safari/537.36 BingWeb/6.9.6" "www.mantech8.com"
42.236.10.78 - - [08/Dec/2022:17:23:17 -0800] "GET /fonts/MaterialIcons-Regular.woff2 HTTP/1.1" 200 36888 "http://www.mantech8.com/css/style.css" "Mozilla/5.0 (Linux; Android 8.0.0; MHA-AL00 Build/HUAWEIMHA-AL00; wv) AppleWebKit/537.36 (KHTML, like Gecko) Version/4.0 Chrome/68.0.3440.91 Mobile Safari/537.36 BingWeb/6.9.6" "www.mantech8.com"
42.236.10.84 - - [08/Dec/2022:17:23:17 -0800] "GET /bimages/service/s222.jpg HTTP/1.1" 200 158362 "http://www.mantech8.com/services.php" "Mozilla/5.0 (Linux; Android 8.0.0; MHA-AL00 Build/HUAWEIMHA-AL00; wv) AppleWebKit/537.36 (KHTML, like Gecko) Version/4.0 Chrome/68.0.3440.91 Mobile Safari/537.36 BingWeb/6.9.6" "www.mantech8.com"
42.236.10.78 - - [08/Dec/2022:17:23:17 -0800] "GET /images/flag-23-gif.gif HTTP/1.1" 200 20141 "http://www.mantech8.com/services.php" "Mozilla/5.0 (Linux; Android 8.0.0; MHA-AL00 Build/HUAWEIMHA-AL00; wv) AppleWebKit/537.36 (KHTML, like Gecko) Version/4.0 Chrome/68.0.3440.91 Mobile Safari/537.36 BingWeb/6.9.6" "www.mantech8.com"
42.236.10.78 - - [08/Dec/2022:17:23:17 -0800] "GET /bimages/service/s111.jpg HTTP/1.1" 200 136831 "http://www.mantech8.com/services.php" "Mozilla/5.0 (Linux; Android 8.0.0; MHA-AL00 Build/HUAWEIMHA-AL00; wv) AppleWebKit/537.36 (KHTML, like Gecko) Version/4.0 Chrome/68.0.3440.91 Mobile Safari/537.36 BingWeb/6.9.6" "www.mantech8.com"
42.236.10.78 - - [08/Dec/2022:17:23:17 -0800] "GET /bimages/service/s666.jpg HTTP/1.1" 200 174629 "http://www.mantech8.com/services.php" "Mozilla/5.0 (Linux; Android 8.0.0; MHA-AL00 Build/HUAWEIMHA-AL00; wv) AppleWebKit/537.36 (KHTML, like Gecko) Version/4.0 Chrome/68.0.3440.91 Mobile Safari/537.36 BingWeb/6.9.6" "www.mantech8.com"
42.236.10.78 - - [08/Dec/2022:17:23:17 -0800] "GET /bimages/service/s777.jpg HTTP/1.1" 200 176536 "http://www.mantech8.com/services.php" "Mozilla/5.0 (Linux; Android 8.0.0; MHA-AL00 Build/HUAWEIMHA-AL00; wv) AppleWebKit/537.36 (KHTML, like Gecko) Version/4.0 Chrome/68.0.3440.91 Mobile Safari/537.36 BingWeb/6.9.6" "www.mantech8.com"
42.236.10.75 - - [08/Dec/2022:17:23:17 -0800] "GET /bimages/service/thump/b222.jpg HTTP/1.1" 200 20669 "http://www.mantech8.com/services.php" "Mozilla/5.0 (Linux; Android 8.0.0; MHA-AL00 Build/HUAWEIMHA-AL00; wv) AppleWebKit/537.36 (KHTML, like Gecko) Version/4.0 Chrome/68.0.3440.91 Mobile Safari/537.36 BingWeb/6.9.6" "www.mantech8.com"
42.236.10.78 - - [08/Dec/2022:17:23:18 -0800] "GET /bimages/service/s101.jpg HTTP/1.1" 200 158428 "http://www.mantech8.com/services.php" "Mozilla/5.0 (Linux; Android 8.0.0; MHA-AL00 Build/HUAWEIMHA-AL00; wv) AppleWebKit/537.36 (KHTML, like Gecko) Version/4.0 Chrome/68.0.3440.91 Mobile Safari/537.36 BingWeb/6.9.6" "www.mantech8.com"
42.236.10.75 - - [08/Dec/2022:17:23:18 -0800] "GET /bimages/service/thump/b111.jpg HTTP/1.1" 200 27348 "http://www.mantech8.com/services.php" "Mozilla/5.0 (Linux; Android 8.0.0; MHA-AL00 Build/HUAWEIMHA-AL00; wv) AppleWebKit/537.36 (KHTML, like Gecko) Version/4.0 Chrome/68.0.3440.91 Mobile Safari/537.36 BingWeb/6.9.6" "www.mantech8.com"
42.236.10.75 - - [08/Dec/2022:17:23:18 -0800] "GET /bimages/service/thump/b101.jpg HTTP/1.1" 200 21368 "http://www.mantech8.com/services.php" "Mozilla/5.0 (Linux; Android 8.0.0; MHA-AL00 Build/HUAWEIMHA-AL00; wv) AppleWebKit/537.36 (KHTML, like Gecko) Version/4.0 Chrome/68.0.3440.91 Mobile Safari/537.36 BingWeb/6.9.6" "www.mantech8.com"
42.236.10.78 - - [08/Dec/2022:17:23:18 -0800] "GET /bimages/service/s333.jpg HTTP/1.1" 200 136000 "http://www.mantech8.com/services.php" "Mozilla/5.0 (Linux; Android 8.0.0; MHA-AL00 Build/HUAWEIMHA-AL00; wv) AppleWebKit/537.36 (KHTML, like Gecko) Version/4.0 Chrome/68.0.3440.91 Mobile Safari/537.36 BingWeb/6.9.6" "www.mantech8.com"
42.236.10.75 - - [08/Dec/2022:17:23:18 -0800] "GET /bimages/service/thump/b666.jpg HTTP/1.1" 200 22055 "http://www.mantech8.com/services.php" "Mozilla/5.0 (Linux; Android 8.0.0; MHA-AL00 Build/HUAWEIMHA-AL00; wv) AppleWebKit/537.36 (KHTML, like Gecko) Version/4.0 Chrome/68.0.3440.91 Mobile Safari/537.36 BingWeb/6.9.6" "www.mantech8.com"
42.236.10.75 - - [08/Dec/2022:17:23:18 -0800] "GET /images/favicon.ico HTTP/1.1" 200 241886 "-" "Mozilla/5.0 (Windows NT 10.0; WOW64) AppleWebKit/537.36 (KHTML, like Gecko) Chrome/78.0.3904.108 Safari/537.36" "www.mantech8.com"
42.236.10.75 - - [08/Dec/2022:17:23:19 -0800] "GET /bimages/service/s555.jpg HTTP/1.1" 200 145255 "http://www.mantech8.com/services.php" "Mozilla/5.0 (Linux; Android 8.0.0; MHA-AL00 Build/HUAWEIMHA-AL00; wv) AppleWebKit/537.36 (KHTML, like Gecko) Version/4.0 Chrome/68.0.3440.91 Mobile Safari/537.36 BingWeb/6.9.6" "www.mantech8.com"
42.236.10.78 - - [08/Dec/2022:17:23:19 -0800] "GET /enginenew/bullet.png HTTP/1.1" 200 288 "http://www.mantech8.com/enginenew/style.css" "Mozilla/5.0 (Linux; Android 8.0.0; MHA-AL00 Build/HUAWEIMHA-AL00; wv) AppleWebKit/537.36 (KHTML, like Gecko) Version/4.0 Chrome/68.0.3440.91 Mobile Safari/537.36 BingWeb/6.9.6" "www.mantech8.com"
42.236.10.78 - - [08/Dec/2022:17:23:19 -0800] "GET /bimages/service/thump/b999.jpg HTTP/1.1" 200 20180 "http://www.mantech8.com/services.php" "Mozilla/5.0 (Linux; Android 8.0.0; MHA-AL00 Build/HUAWEIMHA-AL00; wv) AppleWebKit/537.36 (KHTML, like Gecko) Version/4.0 Chrome/68.0.3440.91 Mobile Safari/537.36 BingWeb/6.9.6" "www.mantech8.com"
42.236.10.78 - - [08/Dec/2022:17:23:19 -0800] "GET /bimages/service/thump/b777.jpg HTTP/1.1" 200 29482 "http://www.mantech8.com/services.php" "Mozilla/5.0 (Linux; Android 8.0.0; MHA-AL00 Build/HUAWEIMHA-AL00; wv) AppleWebKit/537.36 (KHTML, like Gecko) Version/4.0 Chrome/68.0.3440.91 Mobile Safari/537.36 BingWeb/6.9.6" "www.mantech8.com"
42.236.10.84 - - [08/Dec/2022:17:23:19 -0800] "GET /bimages/service/s888.jpg HTTP/1.1" 200 162387 "http://www.mantech8.com/services.php" "Mozilla/5.0 (Linux; Android 8.0.0; MHA-AL00 Build/HUAWEIMHA-AL00; wv) AppleWebKit/537.36 (KHTML, like Gecko) Version/4.0 Chrome/68.0.3440.91 Mobile Safari/537.36 BingWeb/6.9.6" "www.mantech8.com"
42.236.10.78 - - [08/Dec/2022:17:23:19 -0800] "GET /bimages/service/thump/b1111.jpg HTTP/1.1" 200 26895 "http://www.mantech8.com/services.php" "Mozilla/5.0 (Linux; Android 8.0.0; MHA-AL00 Build/HUAWEIMHA-AL00; wv) AppleWebKit/537.36 (KHTML, like Gecko) Version/4.0 Chrome/68.0.3440.91 Mobile Safari/537.36 BingWeb/6.9.6" "www.mantech8.com"
42.236.10.78 - - [08/Dec/2022:17:23:19 -0800] "GET /bimages/service/s999.jpg HTTP/1.1" 200 134475 "http://www.mantech8.com/services.php" "Mozilla/5.0 (Linux; Android 8.0.0; MHA-AL00 Build/HUAWEIMHA-AL00; wv) AppleWebKit/537.36 (KHTML, like Gecko) Version/4.0 Chrome/68.0.3440.91 Mobile Safari/537.36 BingWeb/6.9.6" "www.mantech8.com"
42.236.10.75 - - [08/Dec/2022:17:23:20 -0800] "GET /revolution/js/jquery.themepunch.revolution.min.js HTTP/1.1" 200 14034 "http://www.mantech8.com/services.php" "Mozilla/5.0 (Linux; Android 8.0.0; MHA-AL00 Build/HUAWEIMHA-AL00; wv) AppleWebKit/537.36 (KHTML, like Gecko) Version/4.0 Chrome/68.0.3440.91 Mobile Safari/537.36 BingWeb/6.9.6" "www.mantech8.com"
42.236.10.78 - - [08/Dec/2022:17:23:20 -0800] "GET /bimages/service/s444.jpg HTTP/1.1" 200 146149 "http://www.mantech8.com/services.php" "Mozilla/5.0 (Linux; Android 8.0.0; MHA-AL00 Build/HUAWEIMHA-AL00; wv) AppleWebKit/537.36 (KHTML, like Gecko) Version/4.0 Chrome/68.0.3440.91 Mobile Safari/537.36 BingWeb/6.9.6" "www.mantech8.com"
42.236.10.78 - - [08/Dec/2022:17:23:20 -0800] "GET /bimages/service/thump/b888.jpg HTTP/1.1" 200 26812 "http://www.mantech8.com/services.php" "Mozilla/5.0 (Linux; Android 8.0.0; MHA-AL00 Build/HUAWEIMHA-AL00; wv) AppleWebKit/537.36 (KHTML, like Gecko) Version/4.0 Chrome/68.0.3440.91 Mobile Safari/537.36 BingWeb/6.9.6" "www.mantech8.com"
42.236.10.75 - - [08/Dec/2022:17:23:20 -0800] "GET /bimages/service/s1111.jpg HTTP/1.1" 200 140398 "http://www.mantech8.com/services.php" "Mozilla/5.0 (Linux; Android 8.0.0; MHA-AL00 Build/HUAWEIMHA-AL00; wv) AppleWebKit/537.36 (KHTML, like Gecko) Version/4.0 Chrome/68.0.3440.91 Mobile Safari/537.36 BingWeb/6.9.6" "www.mantech8.com"
42.236.10.78 - - [08/Dec/2022:17:23:20 -0800] "GET /bimages/service/thump/b333.jpg HTTP/1.1" 200 20653 "http://www.mantech8.com/services.php" "Mozilla/5.0 (Linux; Android 8.0.0; MHA-AL00 Build/HUAWEIMHA-AL00; wv) AppleWebKit/537.36 (KHTML, like Gecko) Version/4.0 Chrome/68.0.3440.91 Mobile Safari/537.36 BingWeb/6.9.6" "www.mantech8.com"
42.236.10.78 - - [08/Dec/2022:17:23:20 -0800] "GET /bimages/service/thump/b444.jpg HTTP/1.1" 200 20891 "http://www.mantech8.com/services.php" "Mozilla/5.0 (Linux; Android 8.0.0; MHA-AL00 Build/HUAWEIMHA-AL00; wv) AppleWebKit/537.36 (KHTML, like Gecko) Version/4.0 Chrome/68.0.3440.91 Mobile Safari/537.36 BingWeb/6.9.6" "www.mantech8.com"
42.236.10.78 - - [08/Dec/2022:17:23:21 -0800] "GET /js/core.min1.js HTTP/1.1" 200 5104 "http://www.mantech8.com/services.php" "Mozilla/5.0 (Linux; Android 8.0.0; MHA-AL00 Build/HUAWEIMHA-AL00; wv) AppleWebKit/537.36 (KHTML, like Gecko) Version/4.0 Chrome/68.0.3440.91 Mobile Safari/537.36 BingWeb/6.9.6" "www.mantech8.com"
42.236.10.75 - - [08/Dec/2022:17:23:21 -0800] "GET /revolution/js/revolution.extension.carousel.min.js HTTP/1.1" 200 2465 "http://www.mantech8.com/services.php" "Mozilla/5.0 (Linux; Android 8.0.0; MHA-AL00 Build/HUAWEIMHA-AL00; wv) AppleWebKit/537.36 (KHTML, like Gecko) Version/4.0 Chrome/68.0.3440.91 Mobile Safari/537.36 BingWeb/6.9.6" "www.mantech8.com"
42.236.10.84 - - [08/Dec/2022:17:23:21 -0800] "GET /revolution/js/revolution.extension.kenburn.min.js HTTP/1.1" 200 1285 "http://www.mantech8.com/services.php" "Mozilla/5.0 (Linux; Android 8.0.0; MHA-AL00 Build/HUAWEIMHA-AL00; wv) AppleWebKit/537.36 (KHTML, like Gecko) Version/4.0 Chrome/68.0.3440.91 Mobile Safari/537.36 BingWeb/6.9.6" "www.mantech8.com"
42.236.10.78 - - [08/Dec/2022:17:23:21 -0800] "GET /revolution/js/revolution.extension.migration.min.js HTTP/1.1" 200 1739 "http://www.mantech8.com/services.php" "Mozilla/5.0 (Linux; Android 8.0.0; MHA-AL00 Build/HUAWEIMHA-AL00; wv) AppleWebKit/537.36 (KHTML, like Gecko) Version/4.0 Chrome/68.0.3440.91 Mobile Safari/537.36 BingWeb/6.9.6" "www.mantech8.com"
42.236.10.75 - - [08/Dec/2022:17:23:21 -0800] "GET /revolution/js/revolution.extension.navigation.min.js HTTP/1.1" 200 6533 "http://www.mantech8.com/services.php" "Mozilla/5.0 (Linux; Android 8.0.0; MHA-AL00 Build/HUAWEIMHA-AL00; wv) AppleWebKit/537.36 (KHTML, like Gecko) Version/4.0 Chrome/68.0.3440.91 Mobile Safari/537.36 BingWeb/6.9.6" "www.mantech8.com"
42.236.10.84 - - [08/Dec/2022:17:23:22 -0800] "GET /revolution/js/revolution.extension.slideanims.min.js HTTP/1.1" 200 6622 "http://www.mantech8.com/services.php" "Mozilla/5.0 (Linux; Android 8.0.0; MHA-AL00 Build/HUAWEIMHA-AL00; wv) AppleWebKit/537.36 (KHTML, like Gecko) Version/4.0 Chrome/68.0.3440.91 Mobile Safari/537.36 BingWeb/6.9.6" "www.mantech8.com"
42.236.10.78 - - [08/Dec/2022:17:23:21 -0800] "GET /revolution/js/revolution.extension.actions.min.js HTTP/1.1" 200 2110 "http://www.mantech8.com/services.php" "Mozilla/5.0 (Linux; Android 8.0.0; MHA-AL00 Build/HUAWEIMHA-AL00; wv) AppleWebKit/537.36 (KHTML, like Gecko) Version/4.0 Chrome/68.0.3440.91 Mobile Safari/537.36 BingWeb/6.9.6" "www.mantech8.com"
42.236.10.78 - - [08/Dec/2022:17:23:21 -0800] "GET /revolution/js/revolution.extension.layeranimation.min.js HTTP/1.1" 200 8295 "http://www.mantech8.com/services.php" "Mozilla/5.0 (Linux; Android 8.0.0; MHA-AL00 Build/HUAWEIMHA-AL00; wv) AppleWebKit/537.36 (KHTML, like Gecko) Version/4.0 Chrome/68.0.3440.91 Mobile Safari/537.36 BingWeb/6.9.6" "www.mantech8.com"
42.236.10.78 - - [08/Dec/2022:17:23:22 -0800] "GET /revolution/js/revolution.extension.parallax.min.js HTTP/1.1" 200 2490 "http://www.mantech8.com/services.php" "Mozilla/5.0 (Linux; Android 8.0.0; MHA-AL00 Build/HUAWEIMHA-AL00; wv) AppleWebKit/537.36 (KHTML, like Gecko) Version/4.0 Chrome/68.0.3440.91 Mobile Safari/537.36 BingWeb/6.9.6" "www.mantech8.com"
42.236.10.78 - - [08/Dec/2022:17:23:22 -0800] "GET /revolution/js/revolution.extension.video.min.js HTTP/1.1" 200 5233 "http://www.mantech8.com/services.php" "Mozilla/5.0 (Linux; Android 8.0.0; MHA-AL00 Build/HUAWEIMHA-AL00; wv) AppleWebKit/537.36 (KHTML, like Gecko) Version/4.0 Chrome/68.0.3440.91 Mobile Safari/537.36 BingWeb/6.9.6" "www.mantech8.com"
42.236.10.84 - - [08/Dec/2022:17:23:22 -0800] "GET /bimages/video/painting.jpg HTTP/1.1" 200 56219 "http://www.mantech8.com/services.php" "Mozilla/5.0 (Linux; Android 8.0.0; MHA-AL00 Build/HUAWEIMHA-AL00; wv) AppleWebKit/537.36 (KHTML, like Gecko) Version/4.0 Chrome/68.0.3440.91 Mobile Safari/537.36 BingWeb/6.9.6" "www.mantech8.com"
42.236.10.75 - - [08/Dec/2022:17:23:22 -0800] "GET /bimages/video/hyjetting.jpg HTTP/1.1" 200 72092 "http://www.mantech8.com/services.php" "Mozilla/5.0 (Linux; Android 8.0.0; MHA-AL00 Build/HUAWEIMHA-AL00; wv) AppleWebKit/537.36 (KHTML, like Gecko) Version/4.0 Chrome/68.0.3440.91 Mobile Safari/537.36 BingWeb/6.9.6" "www.mantech8.com"
42.236.10.78 - - [08/Dec/2022:17:23:22 -0800] "GET /images/readmorebuttonblue.png HTTP/1.1" 200 4114 "http://www.mantech8.com/services.php" "Mozilla/5.0 (Linux; Android 8.0.0; MHA-AL00 Build/HUAWEIMHA-AL00; wv) AppleWebKit/537.36 (KHTML, like Gecko) Version/4.0 Chrome/68.0.3440.91 Mobile Safari/537.36 BingWeb/6.9.6" "www.mantech8.com"
42.236.10.78 - - [08/Dec/2022:17:23:22 -0800] "GET /bimages/video/scaffoldingbig.jpg HTTP/1.1" 200 179794 "http://www.mantech8.com/services.php" "Mozilla/5.0 (Linux; Android 8.0.0; MHA-AL00 Build/HUAWEIMHA-AL00; wv) AppleWebKit/537.36 (KHTML, like Gecko) Version/4.0 Chrome/68.0.3440.91 Mobile Safari/537.36 BingWeb/6.9.6" "www.mantech8.com"
42.236.10.78 - - [08/Dec/2022:17:23:23 -0800] "GET /bimages/video/tankcln.jpg HTTP/1.1" 200 65060 "http://www.mantech8.com/services.php" "Mozilla/5.0 (Linux; Android 8.0.0; MHA-AL00 Build/HUAWEIMHA-AL00; wv) AppleWebKit/537.36 (KHTML, like Gecko) Version/4.0 Chrome/68.0.3440.91 Mobile Safari/537.36 BingWeb/6.9.6" "www.mantech8.com"
42.236.10.78 - - [08/Dec/2022:17:23:23 -0800] "GET /bimages/video/piping.jpg HTTP/1.1" 200 56210 "http://www.mantech8.com/services.php" "Mozilla/5.0 (Linux; Android 8.0.0; MHA-AL00 Build/HUAWEIMHA-AL00; wv) AppleWebKit/537.36 (KHTML, like Gecko) Version/4.0 Chrome/68.0.3440.91 Mobile Safari/537.36 BingWeb/6.9.6" "www.mantech8.com"
42.236.10.75 - - [08/Dec/2022:17:23:23 -0800] "GET /bimages/video/mecanical.jpg HTTP/1.1" 200 57108 "http://www.mantech8.com/services.php" "Mozilla/5.0 (Linux; Android 8.0.0; MHA-AL00 Build/HUAWEIMHA-AL00; wv) AppleWebKit/537.36 (KHTML, like Gecko) Version/4.0 Chrome/68.0.3440.91 Mobile Safari/537.36 BingWeb/6.9.6" "www.mantech8.com"
42.236.10.84 - - [08/Dec/2022:17:23:23 -0800] "GET /images/logo1.png HTTP/1.1" 200 2143 "http://www.mantech8.com/services.php" "Mozilla/5.0 (Linux; Android 8.0.0; MHA-AL00 Build/HUAWEIMHA-AL00; wv) AppleWebKit/537.36 (KHTML, like Gecko) Version/4.0 Chrome/68.0.3440.91 Mobile Safari/537.36 BingWeb/6.9.6" "www.mantech8.com"
42.236.10.78 - - [08/Dec/2022:17:23:23 -0800] "GET /enginenew/arrows.png HTTP/1.1" 200 2072 "http://www.mantech8.com/enginenew/style.css" "Mozilla/5.0 (Linux; Android 8.0.0; MHA-AL00 Build/HUAWEIMHA-AL00; wv) AppleWebKit/537.36 (KHTML, like Gecko) Version/4.0 Chrome/68.0.3440.91 Mobile Safari/537.36 BingWeb/6.9.6" "www.mantech8.com"
42.236.10.78 - - [08/Dec/2022:17:23:23 -0800] "GET /enginenew/pause.png HTTP/1.1" 200 3990 "http://www.mantech8.com/enginenew/style.css" "Mozilla/5.0 (Linux; Android 8.0.0; MHA-AL00 Build/HUAWEIMHA-AL00; wv) AppleWebKit/537.36 (KHTML, like Gecko) Version/4.0 Chrome/68.0.3440.91 Mobile Safari/537.36 BingWeb/6.9.6" "www.mantech8.com"
42.236.10.75 - - [08/Dec/2022:17:23:24 -0800] "GET /bimages/service/thump/b555.jpg HTTP/1.1" 200 21936 "http://www.mantech8.com/services.php" "Mozilla/5.0 (Linux; Android 8.0.0; MHA-AL00 Build/HUAWEIMHA-AL00; wv) AppleWebKit/537.36 (KHTML, like Gecko) Version/4.0 Chrome/68.0.3440.91 Mobile Safari/537.36 BingWeb/6.9.6" "www.mantech8.com"
42.236.10.78 - - [08/Dec/2022:17:23:25 -0800] "GET /images/banner8.jpg HTTP/1.1" 200 1316937 "http://www.mantech8.com/services.php" "Mozilla/5.0 (Linux; Android 8.0.0; MHA-AL00 Build/HUAWEIMHA-AL00; wv) AppleWebKit/537.36 (KHTML, like Gecko) Version/4.0 Chrome/68.0.3440.91 Mobile Safari/537.36 BingWeb/6.9.6" "www.mantech8.com"
64.64.244.88 - - [08/Dec/2022:17:23:27 -0800] "GET /about.php HTTP/1.1" 404 88 "http://www.mantech8.com/services.php" "Mozilla/5.0 (Windows NT 6.1; Win64; x64) AppleWebKit/537.36 (KHTML, like Gecko) Chrome/104.0.0.0 Safari/537.36" "www.mantech8.com"
64.64.244.88 - - [08/Dec/2022:17:23:30 -0800] "GET /favicon.ico HTTP/1.1" 404 88 "http://www.mantech8.com/about.php" "Mozilla/5.0 (Windows NT 6.1; Win64; x64) AppleWebKit/537.36 (KHTML, like Gecko) Chrome/104.0.0.0 Safari/537.36" "www.mantech8.com"
185.191.171.16 - - [08/Dec/2022:17:23:49 -0800] "GET /?camp-fire%2F41700570.html HTTP/1.1" 500 - "-" "Mozilla/5.0 (compatible; SemrushBot/7~bl; +http://www.semrush.com/bot.html)" "mantech8.com"
185.191.171.36 - - [08/Dec/2022:17:23:56 -0800] "GET /?camp-fire%2F40232189.html HTTP/1.1" 500 - "-" "Mozilla/5.0 (compatible; SemrushBot/7~bl; +http://www.semrush.com/bot.html)" "mantech8.com"
185.191.171.15 - - [08/Dec/2022:17:24:06 -0800] "GET /?camp-fire%2F33372947.html HTTP/1.1" 500 - "-" "Mozilla/5.0 (compatible; SemrushBot/7~bl; +http://www.semrush.com/bot.html)" "mantech8.com"
64.64.244.88 - - [08/Dec/2022:17:24:10 -0800] "GET / HTTP/1.1" 500 - "-" "Mozilla/5.0 (Windows NT 6.1; Win64; x64) AppleWebKit/537.36 (KHTML, like Gecko) Chrome/104.0.0.0 Safari/537.36" "www.mantech8.com"
185.191.171.19 - - [08/Dec/2022:17:24:19 -0800] "GET /?camp-fire%2F39037535.html HTTP/1.1" 500 - "-" "Mozilla/5.0 (compatible; SemrushBot/7~bl; +http://www.semrush.com/bot.html)" "mantech8.com"
185.191.171.34 - - [08/Dec/2022:17:24:23 -0800] "GET /?camp-fire%2F42115841.html HTTP/1.1" 500 - "-" "Mozilla/5.0 (compatible; SemrushBot/7~bl; +http://www.semrush.com/bot.html)" "mantech8.com"
40.77.167.20 - - [08/Dec/2022:17:24:37 -0800] "GET /index.php/mcko-71bcc-vglwq.ii HTTP/1.1" 200 72889 "-" "Mozilla/5.0 (compatible; bingbot/2.0; +http://www.bing.com/bingbot.htm)" "mantech8.com"
185.191.171.10 - - [08/Dec/2022:17:24:38 -0800] "GET /?camp-fire%2F61705266.html HTTP/1.1" 500 - "-" "Mozilla/5.0 (compatible; SemrushBot/7~bl; +http://www.semrush.com/bot.html)" "mantech8.com"
40.77.167.20 - - [08/Dec/2022:17:24:38 -0800] "GET /index.php/a1fb9cdbdb HTTP/1.1" 200 68799 "-" "Mozilla/5.0 AppleWebKit/537.36 (KHTML, like Gecko; compatible; bingbot/2.0; +http://www.bing.com/bingbot.htm) Chrome/103.0.5060.134 Safari/537.36" "mantech8.com"
40.77.167.20 - - [08/Dec/2022:17:24:39 -0800] "GET /index.php/mkjw-7e5eedeed-by6ud.ii HTTP/1.1" 200 65093 "-" "Mozilla/5.0 (compatible; bingbot/2.0; +http://www.bing.com/bingbot.htm)" "mantech8.com"
40.77.167.20 - - [08/Dec/2022:17:24:39 -0800] "GET /index.php/egy1-35b36acd-vslhu.ii HTTP/1.1" 200 68234 "-" "Mozilla/5.0 AppleWebKit/537.36 (KHTML, like Gecko; compatible; bingbot/2.0; +http://www.bing.com/bingbot.htm) Chrome/103.0.5060.134 Safari/537.36" "mantech8.com"
207.46.13.125 - - [08/Dec/2022:17:24:40 -0800] "GET /index.php/egy1-97dfeaca-vca3u.ii HTTP/1.1" 200 75108 "-" "Mozilla/5.0 (compatible; bingbot/2.0; +http://www.bing.com/bingbot.htm)" "mantech8.com"
185.191.171.16 - - [08/Dec/2022:17:24:45 -0800] "GET /?camp-fire%2F40297450.html HTTP/1.1" 500 - "-" "Mozilla/5.0 (compatible; SemrushBot/7~bl; +http://www.semrush.com/bot.html)" "mantech8.com"
42.236.10.93 - - [08/Dec/2022:17:25:09 -0800] "GET /about.php HTTP/1.1" 404 88 "-" "Mozilla/5.0 (Linux; Android 8.0.0; MHA-AL00 Build/HUAWEIMHA-AL00; wv) AppleWebKit/537.36 (KHTML, like Gecko) Version/4.0 Chrome/68.0.3440.91 Mobile Safari/537.36 BingWeb/6.9.6" "www.mantech8.com"
185.191.171.8 - - [08/Dec/2022:17:25:10 -0800] "GET /?camp-fire%2F43143796.html HTTP/1.1" 500 - "-" "Mozilla/5.0 (compatible; SemrushBot/7~bl; +http://www.semrush.com/bot.html)" "mantech8.com"
42.236.10.78 - - [08/Dec/2022:17:25:17 -0800] "GET /about.php HTTP/1.1" 404 88 "http://baidu.com/" "Mozilla/5.0 (Linux; Android 8.0.0; MHA-AL00 Build/HUAWEIMHA-AL00; wv) AppleWebKit/537.36 (KHTML, like Gecko) Version/4.0 Chrome/68.0.3440.91 Mobile Safari/537.36 BingWeb/6.9.6" "www.mantech8.com"
185.191.171.4 - - [08/Dec/2022:17:25:20 -0800] "GET /?camp-fire%2F27195517.html HTTP/1.1" 500 - "-" "Mozilla/5.0 (compatible; SemrushBot/7~bl; +http://www.semrush.com/bot.html)" "mantech8.com"
180.163.220.54 - - [08/Dec/2022:17:25:26 -0800] "GET /about.php HTTP/1.1" 404 88 "-" "Mozilla/5.0 (Linux; Android 8.0.0; MHA-AL00 Build/HUAWEIMHA-AL00; wv) AppleWebKit/537.36 (KHTML, like Gecko) Version/4.0 Chrome/68.0.3440.91 Mobile Safari/537.36 BingWeb/6.9.6" "www.mantech8.com"
157.55.39.123 - - [08/Dec/2022:17:25:32 -0800] "GET /index.php/eaYH-75dac-RieAs.Ii HTTP/1.1" 200 63782 "-" "Mozilla/5.0 (compatible; bingbot/2.0; +http://www.bing.com/bingbot.htm)" "mantech8.com"
157.55.39.123 - - [08/Dec/2022:17:25:33 -0800] "GET /index.php/vmbp-5b881fdbcc-ummil.ii HTTP/1.1" 200 102962 "-" "Mozilla/5.0 (compatible; bingbot/2.0; +http://www.bing.com/bingbot.htm)" "mantech8.com"
157.55.39.123 - - [08/Dec/2022:17:25:34 -0800] "GET /index.php/kjz2-b66ceecd-hqtve.ii HTTP/1.1" 200 61675 "-" "Mozilla/5.0 (compatible; bingbot/2.0; +http://www.bing.com/bingbot.htm)" "mantech8.com"
157.55.39.123 - - [08/Dec/2022:17:25:34 -0800] "GET /index.php/su70-56c4cfbe-iflvt.ii HTTP/1.1" 200 64455 "-" "Mozilla/5.0 AppleWebKit/537.36 (KHTML, like Gecko; compatible; bingbot/2.0; +http://www.bing.com/bingbot.htm) Chrome/103.0.5060.134 Safari/537.36" "mantech8.com"
157.55.39.123 - - [08/Dec/2022:17:25:35 -0800] "GET /index.php/txf8-c6629acb-alteb.ii HTTP/1.1" 200 65454 "-" "Mozilla/5.0 (compatible; bingbot/2.0; +http://www.bing.com/bingbot.htm)" "mantech8.com"
157.55.39.123 - - [08/Dec/2022:17:25:37 -0800] "GET /index.php/txf8-11abfe-alc88.ii HTTP/1.1" 200 69232 "-" "Mozilla/5.0 AppleWebKit/537.36 (KHTML, like Gecko; compatible; bingbot/2.0; +http://www.bing.com/bingbot.htm) Chrome/103.0.5060.134 Safari/537.36" "mantech8.com"
157.55.39.123 - - [08/Dec/2022:17:25:38 -0800] "GET /index.php/hfdr-1ce5dedfd-ikwyh.ii HTTP/1.1" 200 59498 "-" "Mozilla/5.0 AppleWebKit/537.36 (KHTML, like Gecko; compatible; bingbot/2.0; +http://www.bing.com/bingbot.htm) Chrome/103.0.5060.134 Safari/537.36" "mantech8.com"
207.46.13.125 - - [08/Dec/2022:17:25:50 -0800] "GET /index.php/nwtf-632dabdef-4qobl.ii HTTP/1.1" 200 65098 "-" "Mozilla/5.0 AppleWebKit/537.36 (KHTML, like Gecko; compatible; bingbot/2.0; +http://www.bing.com/bingbot.htm) Chrome/103.0.5060.134 Safari/537.36" "mantech8.com"
207.46.13.100 - - [08/Dec/2022:17:25:54 -0800] "GET /index.php/703bdbbaac HTTP/1.1" 200 73266 "-" "Mozilla/5.0 AppleWebKit/537.36 (KHTML, like Gecko; compatible; bingbot/2.0; +http://www.bing.com/bingbot.htm) Chrome/103.0.5060.134 Safari/537.36" "mantech8.com"
180.163.220.114 - - [08/Dec/2022:17:25:39 -0800] "GET /about.php HTTP/1.1" 404 88 "http://baidu.com/" "Mozilla/5.0 (Linux; Android 8.0.0; MHA-AL00 Build/HUAWEIMHA-AL00; wv) AppleWebKit/537.36 (KHTML, like Gecko) Version/4.0 Chrome/68.0.3440.91 Mobile Safari/537.36 BingWeb/6.9.6" "www.mantech8.com"
180.163.220.4 - - [08/Dec/2022:17:25:59 -0800] "GET / HTTP/1.1" 200 64598 "http://baidu.com/" "Mozilla/5.0 (Linux; Android 8.0.0; MHA-AL00 Build/HUAWEIMHA-AL00; wv) AppleWebKit/537.36 (KHTML, like Gecko) Version/4.0 Chrome/68.0.3440.91 Mobile Safari/537.36 BingWeb/6.9.6" "www.mantech8.com"
180.163.220.4 - - [08/Dec/2022:17:26:06 -0800] "GET /images/01/mk_main_underline.gif HTTP/1.1" 404 88 "https://www.mantech8.com/" "Mozilla/5.0 (Linux; Android 8.0.0; MHA-AL00 Build/HUAWEIMHA-AL00; wv) AppleWebKit/537.36 (KHTML, like Gecko) Version/4.0 Chrome/68.0.3440.91 Mobile Safari/537.36 BingWeb/6.9.6" "www.mantech8.com"
27.115.124.6 - - [08/Dec/2022:17:26:15 -0800] "GET / HTTP/1.1" 200 64058 "-" "Mozilla/5.0 (Linux; Android 8.0.0; MHA-AL00 Build/HUAWEIMHA-AL00; wv) AppleWebKit/537.36 (KHTML, like Gecko) Version/4.0 Chrome/68.0.3440.91 Mobile Safari/537.36 BingWeb/6.9.6" "www.mantech8.com"
27.115.124.38 - - [08/Dec/2022:17:26:22 -0800] "GET /images/01/mk_main_underline.gif HTTP/1.1" 404 88 "https://www.mantech8.com/" "Mozilla/5.0 (X11; Linux x86_64) AppleWebKit/537.36 (KHTML, like Gecko) HeadlessChrome/68.0.3427.1 Safari/537.36" "www.mantech8.com"
27.115.124.38 - - [08/Dec/2022:17:26:23 -0800] "GET / HTTP/1.1" 200 64568 "http://baidu.com/" "Mozilla/5.0 (Linux; Android 8.0.0; MHA-AL00 Build/HUAWEIMHA-AL00; wv) AppleWebKit/537.36 (KHTML, like Gecko) Version/4.0 Chrome/68.0.3440.91 Mobile Safari/537.36 BingWeb/6.9.6" "www.mantech8.com"
185.191.171.8 - - [08/Dec/2022:17:26:24 -0800] "GET /?camp-fire%2F42702826.html HTTP/1.1" 500 - "-" "Mozilla/5.0 (compatible; SemrushBot/7~bl; +http://www.semrush.com/bot.html)" "mantech8.com"
157.55.39.123 - - [08/Dec/2022:17:26:24 -0800] "GET /index.php/1zve-39e8abdfc-jvuaf.ii HTTP/1.1" 200 64460 "-" "Mozilla/5.0 (compatible; bingbot/2.0; +http://www.bing.com/bingbot.htm)" "mantech8.com"
27.115.124.38 - - [08/Dec/2022:17:26:29 -0800] "GET /images/01/mk_main_underline.gif HTTP/1.1" 404 88 "https://www.mantech8.com/" "Mozilla/5.0 (Linux; Android 8.0.0; MHA-AL00 Build/HUAWEIMHA-AL00; wv) AppleWebKit/537.36 (KHTML, like Gecko) Version/4.0 Chrome/68.0.3440.91 Mobile Safari/537.36 BingWeb/6.9.6" "www.mantech8.com"
185.191.171.17 - - [08/Dec/2022:17:27:11 -0800] "GET /?camp-fire%2F88784526.html HTTP/1.1" 500 - "-" "Mozilla/5.0 (compatible; SemrushBot/7~bl; +http://www.semrush.com/bot.html)" "mantech8.com"
185.191.171.9 - - [08/Dec/2022:17:27:20 -0800] "GET /?camp-fire%2F38135803.html HTTP/1.1" 500 - "-" "Mozilla/5.0 (compatible; SemrushBot/7~bl; +http://www.semrush.com/bot.html)" "mantech8.com"
185.191.171.45 - - [08/Dec/2022:17:27:43 -0800] "GET /robots.txt HTTP/1.1" 200 106 "-" "Mozilla/5.0 (compatible; SemrushBot/7~bl; +http://www.semrush.com/bot.html)" "mantech8.com"
185.191.171.34 - - [08/Dec/2022:17:27:43 -0800] "GET /?camp-fire%2F40697989.html HTTP/1.1" 500 - "-" "Mozilla/5.0 (compatible; SemrushBot/7~bl; +http://www.semrush.com/bot.html)" "mantech8.com"
185.191.171.7 - - [08/Dec/2022:17:28:14 -0800] "GET /?camp-fire%2F86748080.html HTTP/1.1" 500 - "-" "Mozilla/5.0 (compatible; SemrushBot/7~bl; +http://www.semrush.com/bot.html)" "mantech8.com"
207.46.13.100 - - [08/Dec/2022:17:28:44 -0800] "GET /index.php/egy1-33fcdffe-vexcu.ii HTTP/1.1" 200 66897 "-" "Mozilla/5.0 AppleWebKit/537.36 (KHTML, like Gecko; compatible; bingbot/2.0; +http://www.bing.com/bingbot.htm) Chrome/103.0.5060.134 Safari/537.36" "mantech8.com"
40.77.167.26 - - [08/Dec/2022:17:28:50 -0800] "GET /index.php/mcko-facdfaada-vg4ra.ii HTTP/1.1" 200 64046 "-" "Mozilla/5.0 (compatible; bingbot/2.0; +http://www.bing.com/bingbot.htm)" "mantech8.com"
40.77.167.26 - - [08/Dec/2022:17:28:51 -0800] "GET /index.php/kd2b-ad6fadecc-skibk.ii HTTP/1.1" 200 64540 "-" "Mozilla/5.0 (compatible; bingbot/2.0; +http://www.bing.com/bingbot.htm)" "mantech8.com"
40.77.167.26 - - [08/Dec/2022:17:28:51 -0800] "GET /index.php/wtzk-91a7effeed-n1gki.ii HTTP/1.1" 200 69274 "-" "Mozilla/5.0 AppleWebKit/537.36 (KHTML, like Gecko; compatible; bingbot/2.0; +http://www.bing.com/bingbot.htm) Chrome/103.0.5060.134 Safari/537.36" "mantech8.com"
185.191.171.10 - - [08/Dec/2022:17:29:00 -0800] "GET /?camp-fire%2F71848898.html HTTP/1.1" 500 - "-" "Mozilla/5.0 (compatible; SemrushBot/7~bl; +http://www.semrush.com/bot.html)" "mantech8.com"
40.77.167.26 - - [08/Dec/2022:17:29:01 -0800] "GET /index.php/egy1-e09eedeaf-vssyr.ii HTTP/1.1" 200 63078 "-" "Mozilla/5.0 (compatible; bingbot/2.0; +http://www.bing.com/bingbot.htm)" "mantech8.com"
207.46.13.100 - - [08/Dec/2022:17:29:06 -0800] "GET /index.php/nwtf-04b9abba-4qvmb.ii HTTP/1.1" 200 66865 "-" "Mozilla/5.0 AppleWebKit/537.36 (KHTML, like Gecko; compatible; bingbot/2.0; +http://www.bing.com/bingbot.htm) Chrome/103.0.5060.134 Safari/537.36" "mantech8.com"
207.46.13.100 - - [08/Dec/2022:17:29:07 -0800] "GET /index.php/1zve-05afaaebea-jtzhd.ii HTTP/1.1" 200 103646 "-" "Mozilla/5.0 AppleWebKit/537.36 (KHTML, like Gecko; compatible; bingbot/2.0; +http://www.bing.com/bingbot.htm) Chrome/103.0.5060.134 Safari/537.36" "mantech8.com"
207.46.13.100 - - [08/Dec/2022:17:29:08 -0800] "GET /index.php/mkjw-5fde-bbing.ii HTTP/1.1" 200 66978 "-" "Mozilla/5.0 AppleWebKit/537.36 (KHTML, like Gecko; compatible; bingbot/2.0; +http://www.bing.com/bingbot.htm) Chrome/103.0.5060.134 Safari/537.36" "mantech8.com"
40.77.167.26 - - [08/Dec/2022:17:29:11 -0800] "GET /index.php/imvf-bb9fbbbeaa-ypigg.ii HTTP/1.1" 200 63348 "-" "Mozilla/5.0 (compatible; bingbot/2.0; +http://www.bing.com/bingbot.htm)" "mantech8.com"
185.191.171.34 - - [08/Dec/2022:17:29:15 -0800] "GET /?camp-fire%2F41355176.html HTTP/1.1" 500 - "-" "Mozilla/5.0 (compatible; SemrushBot/7~bl; +http://www.semrush.com/bot.html)" "mantech8.com"
185.191.171.19 - - [08/Dec/2022:17:29:29 -0800] "GET /?camp-fire%2F41043265.html HTTP/1.1" 500 - "-" "Mozilla/5.0 (compatible; SemrushBot/7~bl; +http://www.semrush.com/bot.html)" "mantech8.com"
207.46.13.125 - - [08/Dec/2022:17:29:29 -0800] "GET /index.php/Mcko-bcddcecab-VhFOX.Ii HTTP/1.1" 200 66520 "-" "Mozilla/5.0 AppleWebKit/537.36 (KHTML, like Gecko; compatible; bingbot/2.0; +http://www.bing.com/bingbot.htm) Chrome/103.0.5060.134 Safari/537.36" "mantech8.com"
207.46.13.125 - - [08/Dec/2022:17:29:30 -0800] "GET /index.php/wsum-0a391bde-epbkt.ii HTTP/1.1" 200 62469 "-" "Mozilla/5.0 (compatible; bingbot/2.0; +http://www.bing.com/bingbot.htm)" "mantech8.com"
157.55.39.123 - - [08/Dec/2022:17:29:53 -0800] "GET /index.php/KJZ2-72a6deae-hQ1Xb.Ii HTTP/1.1" 200 77835 "-" "Mozilla/5.0 AppleWebKit/537.36 (KHTML, like Gecko; compatible; bingbot/2.0; +http://www.bing.com/bingbot.htm) Chrome/103.0.5060.134 Safari/537.36" "mantech8.com"
157.55.39.123 - - [08/Dec/2022:17:29:55 -0800] "GET /index.php/eebaea HTTP/1.1" 200 64279 "-" "Mozilla/5.0 AppleWebKit/537.36 (KHTML, like Gecko; compatible; bingbot/2.0; +http://www.bing.com/bingbot.htm) Chrome/103.0.5060.134 Safari/537.36" "mantech8.com"
185.191.171.12 - - [08/Dec/2022:17:30:10 -0800] "GET /?camp-fire%2F38028278.html HTTP/1.1" 500 - "-" "Mozilla/5.0 (compatible; SemrushBot/7~bl; +http://www.semrush.com/bot.html)" "mantech8.com"
207.46.13.125 - - [08/Dec/2022:17:30:12 -0800] "GET /index.php/d3fcc/1edcb/0abea HTTP/1.1" 200 63099 "-" "Mozilla/5.0 (compatible; bingbot/2.0; +http://www.bing.com/bingbot.htm)" "mantech8.com"
207.46.13.125 - - [08/Dec/2022:17:30:12 -0800] "GET /index.php/kvrw-4e9bfedc-y8tvl.ii HTTP/1.1" 200 66599 "-" "Mozilla/5.0 AppleWebKit/537.36 (KHTML, like Gecko; compatible; bingbot/2.0; +http://www.bing.com/bingbot.htm) Chrome/103.0.5060.134 Safari/537.36" "mantech8.com"
207.46.13.125 - - [08/Dec/2022:17:30:13 -0800] "GET /index.php/wf2o-fea0bbafac-g4qad.ii HTTP/1.1" 200 65687 "-" "Mozilla/5.0 AppleWebKit/537.36 (KHTML, like Gecko; compatible; bingbot/2.0; +http://www.bing.com/bingbot.htm) Chrome/103.0.5060.134 Safari/537.36" "mantech8.com"
185.191.171.26 - - [08/Dec/2022:17:30:21 -0800] "GET /?camp-fire%2F41417371.html HTTP/1.1" 500 - "-" "Mozilla/5.0 (compatible; SemrushBot/7~bl; +http://www.semrush.com/bot.html)" "mantech8.com"
157.55.39.138 - - [08/Dec/2022:17:30:42 -0800] "GET /index.php/zsUZ-eac1accfe-sO4NW.Ii HTTP/1.1" 200 65056 "-" "Mozilla/5.0 (compatible; bingbot/2.0; +http://www.bing.com/bingbot.htm)" "mantech8.com"
157.55.39.138 - - [08/Dec/2022:17:30:43 -0800] "GET /index.php/YhFG-6cac-ppJdn.Ii HTTP/1.1" 200 63898 "-" "Mozilla/5.0 AppleWebKit/537.36 (KHTML, like Gecko; compatible; bingbot/2.0; +http://www.bing.com/bingbot.htm) Chrome/103.0.5060.134 Safari/537.36" "mantech8.com"
157.55.39.138 - - [08/Dec/2022:17:30:44 -0800] "GET /index.php/vmbp-9e588edda-uuszy.ii HTTP/1.1" 200 59486 "-" "Mozilla/5.0 AppleWebKit/537.36 (KHTML, like Gecko; compatible; bingbot/2.0; +http://www.bing.com/bingbot.htm) Chrome/103.0.5060.134 Safari/537.36" "mantech8.com"
157.55.39.138 - - [08/Dec/2022:17:30:44 -0800] "GET /index.php/mcko-bd79beeddb-vt5mo.ii HTTP/1.1" 200 65487 "-" "Mozilla/5.0 AppleWebKit/537.36 (KHTML, like Gecko; compatible; bingbot/2.0; +http://www.bing.com/bingbot.htm) Chrome/103.0.5060.134 Safari/537.36" "mantech8.com"
157.55.39.138 - - [08/Dec/2022:17:30:44 -0800] "GET /index.php/vkak-67fef-osbme.ii HTTP/1.1" 200 62552 "-" "Mozilla/5.0 AppleWebKit/537.36 (KHTML, like Gecko; compatible; bingbot/2.0; +http://www.bing.com/bingbot.htm) Chrome/103.0.5060.134 Safari/537.36" "mantech8.com"
157.55.39.138 - - [08/Dec/2022:17:30:45 -0800] "GET /index.php/nwtf-08a2eebee-4qbcc.ii HTTP/1.1" 200 66349 "-" "Mozilla/5.0 (compatible; bingbot/2.0; +http://www.bing.com/bingbot.htm)" "mantech8.com"
157.55.39.138 - - [08/Dec/2022:17:31:04 -0800] "GET /index.php/8ceacfabdb HTTP/1.1" 200 73254 "-" "Mozilla/5.0 (compatible; bingbot/2.0; +http://www.bing.com/bingbot.htm)" "mantech8.com"
110.164.3.7 - - [08/Dec/2022:17:31:09 -0800] "GET /contact.php HTTP/1.1" 200 29238 "http://mantech8.com/contact.php" "Mozilla/5.0 (Windows NT 10.0; WOW64) AppleWebKit/537.36 (KHTML, like Gecko) Chrome/90.0.4430.85 Safari/537.36" "mantech8.com"
110.164.3.7 - - [08/Dec/2022:17:31:11 -0800] "GET /verificationimage.php?8588 HTTP/1.1" 200 1439 "http://mantech8.com/contact.php" "Mozilla/5.0 (Windows NT 10.0; WOW64) AppleWebKit/537.36 (KHTML, like Gecko) Chrome/90.0.4430.85 Safari/537.36" "mantech8.com"
110.164.3.7 - - [08/Dec/2022:17:31:12 -0800] "POST /mailer.php HTTP/1.1" 500 - "http://mantech8.com/contact.php" "Mozilla/5.0 (Windows NT 10.0; WOW64) AppleWebKit/537.36 (KHTML, like Gecko) Chrome/90.0.4430.85 Safari/537.36" "mantech8.com"
110.164.3.7 - - [08/Dec/2022:17:31:13 -0800] "GET /contact.php HTTP/1.1" 200 29238 "http://mantech8.com/contact.php" "Mozilla/5.0 (Windows NT 10.0; WOW64) AppleWebKit/537.36 (KHTML, like Gecko) Chrome/90.0.4430.85 Safari/537.36" "mantech8.com"
207.46.13.125 - - [08/Dec/2022:17:31:20 -0800] "GET /index.php/ihSW-c3f62ccfd-xzurp.Ii HTTP/1.1" 200 101022 "-" "Mozilla/5.0 AppleWebKit/537.36 (KHTML, like Gecko; compatible; bingbot/2.0; +http://www.bing.com/bingbot.htm) Chrome/103.0.5060.134 Safari/537.36" "mantech8.com"
207.46.13.100 - - [08/Dec/2022:17:31:33 -0800] "GET /index.php/txf8-0befbacf-apyif.ii HTTP/1.1" 200 68847 "-" "Mozilla/5.0 (compatible; bingbot/2.0; +http://www.bing.com/bingbot.htm)" "mantech8.com"
207.46.13.100 - - [08/Dec/2022:17:31:34 -0800] "GET /index.php/1zve-f8dfe-jfwis.ii HTTP/1.1" 200 67588 "-" "Mozilla/5.0 AppleWebKit/537.36 (KHTML, like Gecko; compatible; bingbot/2.0; +http://www.bing.com/bingbot.htm) Chrome/103.0.5060.134 Safari/537.36" "mantech8.com"
207.46.13.100 - - [08/Dec/2022:17:31:35 -0800] "GET /index.php/mcko-5bde-vhtog.ii HTTP/1.1" 200 62237 "-" "Mozilla/5.0 AppleWebKit/537.36 (KHTML, like Gecko; compatible; bingbot/2.0; +http://www.bing.com/bingbot.htm) Chrome/103.0.5060.134 Safari/537.36" "mantech8.com"
207.46.13.125 - - [08/Dec/2022:17:31:41 -0800] "GET /index.php/nwtf-d4b1faeb-4akos.ii HTTP/1.1" 200 68412 "-" "Mozilla/5.0 AppleWebKit/537.36 (KHTML, like Gecko; compatible; bingbot/2.0; +http://www.bing.com/bingbot.htm) Chrome/103.0.5060.134 Safari/537.36" "mantech8.com"
185.191.171.24 - - [08/Dec/2022:17:31:58 -0800] "GET /?camp-fire%2F84023816.html HTTP/1.1" 500 - "-" "Mozilla/5.0 (compatible; SemrushBot/7~bl; +http://www.semrush.com/bot.html)" "mantech8.com"
157.55.39.138 - - [08/Dec/2022:17:32:42 -0800] "GET /index.php/txf8-ef3a3faf-ZQ9fm.Ii HTTP/1.1" 200 65461 "-" "Mozilla/5.0 (compatible; bingbot/2.0; +http://www.bing.com/bingbot.htm)" "mantech8.com"
40.77.167.26 - - [08/Dec/2022:17:33:20 -0800] "GET /index.php/ae50ffdec HTTP/1.1" 200 61882 "-" "Mozilla/5.0 AppleWebKit/537.36 (KHTML, like Gecko; compatible; bingbot/2.0; +http://www.bing.com/bingbot.htm) Chrome/103.0.5060.134 Safari/537.36" "mantech8.com"
40.77.167.26 - - [08/Dec/2022:17:33:21 -0800] "GET /index.php/nwtf-a4fab-3lup3.ii HTTP/1.1" 200 68652 "-" "Mozilla/5.0 (compatible; bingbot/2.0; +http://www.bing.com/bingbot.htm)" "mantech8.com"
40.77.167.26 - - [08/Dec/2022:17:33:22 -0800] "GET /index.php/vmbp-ebdbcfadc-umlyj.ii HTTP/1.1" 200 70402 "-" "Mozilla/5.0 (compatible; bingbot/2.0; +http://www.bing.com/bingbot.htm)" "mantech8.com"
40.77.167.26 - - [08/Dec/2022:17:33:22 -0800] "GET /index.php/ccc2dabdf HTTP/1.1" 200 71812 "-" "Mozilla/5.0 AppleWebKit/537.36 (KHTML, like Gecko; compatible; bingbot/2.0; +http://www.bing.com/bingbot.htm) Chrome/103.0.5060.134 Safari/537.36" "mantech8.com"
157.55.39.123 - - [08/Dec/2022:17:33:23 -0800] "GET /index.php/Mcko-0f8dbffe-VbGwq.Ii HTTP/1.1" 200 62667 "-" "Mozilla/5.0 (compatible; bingbot/2.0; +http://www.bing.com/bingbot.htm)" "mantech8.com"
40.77.167.26 - - [08/Dec/2022:17:33:24 -0800] "GET /index.php/6a90afdbdb HTTP/1.1" 200 63385 "-" "Mozilla/5.0 AppleWebKit/537.36 (KHTML, like Gecko; compatible; bingbot/2.0; +http://www.bing.com/bingbot.htm) Chrome/103.0.5060.134 Safari/537.36" "mantech8.com"
207.46.13.100 - - [08/Dec/2022:17:33:33 -0800] "GET /index.php/mcko-4623dabbdb-vbfh5.ii HTTP/1.1" 200 66662 "-" "Mozilla/5.0 (compatible; bingbot/2.0; +http://www.bing.com/bingbot.htm)" "mantech8.com"
207.46.13.100 - - [08/Dec/2022:17:33:35 -0800] "GET /index.php/d9da HTTP/1.1" 200 65845 "-" "Mozilla/5.0 (compatible; bingbot/2.0; +http://www.bing.com/bingbot.htm)" "mantech8.com"
207.46.13.100 - - [08/Dec/2022:17:33:35 -0800] "GET /index.php/031cbfcab HTTP/1.1" 200 65619 "-" "Mozilla/5.0 (compatible; bingbot/2.0; +http://www.bing.com/bingbot.htm)" "mantech8.com"
157.55.39.123 - - [08/Dec/2022:17:33:38 -0800] "GET /index.php/8caf HTTP/1.1" 200 73509 "-" "Mozilla/5.0 AppleWebKit/537.36 (KHTML, like Gecko; compatible; bingbot/2.0; +http://www.bing.com/bingbot.htm) Chrome/103.0.5060.134 Safari/537.36" "mantech8.com"
185.191.171.34 - - [08/Dec/2022:17:33:41 -0800] "GET /?camp-fire%2F75972806.html HTTP/1.1" 500 - "-" "Mozilla/5.0 (compatible; SemrushBot/7~bl; +http://www.semrush.com/bot.html)" "mantech8.com"
207.46.13.125 - - [08/Dec/2022:17:33:51 -0800] "GET /index.php/pstd-04df-iecfy.ii HTTP/1.1" 200 69279 "-" "Mozilla/5.0 (compatible; bingbot/2.0; +http://www.bing.com/bingbot.htm)" "mantech8.com"
185.191.171.11 - - [08/Dec/2022:17:34:07 -0800] "GET /?camp-fire%2F27047198.html HTTP/1.1" 500 - "-" "Mozilla/5.0 (compatible; SemrushBot/7~bl; +http://www.semrush.com/bot.html)" "mantech8.com"
185.191.171.20 - - [08/Dec/2022:17:34:34 -0800] "GET /?camp-fire%2F91556006.html HTTP/1.1" 500 - "-" "Mozilla/5.0 (compatible; SemrushBot/7~bl; +http://www.semrush.com/bot.html)" "mantech8.com"
185.191.171.36 - - [08/Dec/2022:17:34:48 -0800] "GET /?camp-fire%2F39542125.html HTTP/1.1" 500 - "-" "Mozilla/5.0 (compatible; SemrushBot/7~bl; +http://www.semrush.com/bot.html)" "mantech8.com"
207.46.13.125 - - [08/Dec/2022:17:35:00 -0800] "GET /index.php/egy1-fa204bee-vsaff.ii HTTP/1.1" 200 65742 "-" "Mozilla/5.0 AppleWebKit/537.36 (KHTML, like Gecko; compatible; bingbot/2.0; +http://www.bing.com/bingbot.htm) Chrome/103.0.5060.134 Safari/537.36" "mantech8.com"
207.46.13.125 - - [08/Dec/2022:17:35:01 -0800] "GET /index.php/700eaacbb HTTP/1.1" 200 65829 "-" "Mozilla/5.0 (compatible; bingbot/2.0; +http://www.bing.com/bingbot.htm)" "mantech8.com"
207.46.13.125 - - [08/Dec/2022:17:35:02 -0800] "GET /index.php/kjz2-42474ece-hzidu.ii HTTP/1.1" 200 68783 "-" "Mozilla/5.0 AppleWebKit/537.36 (KHTML, like Gecko; compatible; bingbot/2.0; +http://www.bing.com/bingbot.htm) Chrome/103.0.5060.134 Safari/537.36" "mantech8.com"
207.46.13.100 - - [08/Dec/2022:17:35:03 -0800] "GET /index.php/mkjw-04fa-bgtfx.ii HTTP/1.1" 200 58972 "-" "Mozilla/5.0 AppleWebKit/537.36 (KHTML, like Gecko; compatible; bingbot/2.0; +http://www.bing.com/bingbot.htm) Chrome/103.0.5060.134 Safari/537.36" "mantech8.com"
207.46.13.100 - - [08/Dec/2022:17:35:14 -0800] "GET /index.php/kjz2-61dce-ylfo7.ii HTTP/1.1" 200 68465 "-" "Mozilla/5.0 (compatible; bingbot/2.0; +http://www.bing.com/bingbot.htm)" "mantech8.com"
207.46.13.100 - - [08/Dec/2022:17:35:33 -0800] "GET /index.php/mkjw-599c6dabe-bhxyj.ii HTTP/1.1" 200 64937 "-" "Mozilla/5.0 AppleWebKit/537.36 (KHTML, like Gecko; compatible; bingbot/2.0; +http://www.bing.com/bingbot.htm) Chrome/103.0.5060.134 Safari/537.36" "mantech8.com"
185.191.171.24 - - [08/Dec/2022:17:36:07 -0800] "GET /?camp-fire%2F99435172.html HTTP/1.1" 500 - "-" "Mozilla/5.0 (compatible; SemrushBot/7~bl; +http://www.semrush.com/bot.html)" "mantech8.com"
185.191.171.4 - - [08/Dec/2022:17:36:08 -0800] "GET /?camp-fire%2F98151926.html HTTP/1.1" 500 - "-" "Mozilla/5.0 (compatible; SemrushBot/7~bl; +http://www.semrush.com/bot.html)" "mantech8.com"
207.46.13.100 - - [08/Dec/2022:17:36:14 -0800] "GET /index.php/20daca HTTP/1.1" 200 105542 "-" "Mozilla/5.0 AppleWebKit/537.36 (KHTML, like Gecko; compatible; bingbot/2.0; +http://www.bing.com/bingbot.htm) Chrome/103.0.5060.134 Safari/537.36" "mantech8.com"
185.191.171.9 - - [08/Dec/2022:17:36:17 -0800] "GET /?camp-fire%2F70341384.html HTTP/1.1" 500 - "-" "Mozilla/5.0 (compatible; SemrushBot/7~bl; +http://www.semrush.com/bot.html)" "mantech8.com"
40.77.167.26 - - [08/Dec/2022:17:36:30 -0800] "GET /index.php/nWTf-2becee-4Qzey.Ii HTTP/1.1" 200 65489 "-" "Mozilla/5.0 (compatible; bingbot/2.0; +http://www.bing.com/bingbot.htm)" "mantech8.com"
40.77.167.26 - - [08/Dec/2022:17:36:31 -0800] "GET /index.php/kd2b-46f6dbfaf-skibt.ii HTTP/1.1" 200 68856 "-" "Mozilla/5.0 (compatible; bingbot/2.0; +http://www.bing.com/bingbot.htm)" "mantech8.com"
40.77.167.26 - - [08/Dec/2022:17:36:31 -0800] "GET /index.php/wtzk-a6ea-nleso.ii HTTP/1.1" 200 68874 "-" "Mozilla/5.0 (compatible; bingbot/2.0; +http://www.bing.com/bingbot.htm)" "mantech8.com"
40.77.167.26 - - [08/Dec/2022:17:36:32 -0800] "GET /index.php/4c6dbabaf HTTP/1.1" 200 64778 "-" "Mozilla/5.0 AppleWebKit/537.36 (KHTML, like Gecko; compatible; bingbot/2.0; +http://www.bing.com/bingbot.htm) Chrome/103.0.5060.134 Safari/537.36" "mantech8.com"
207.46.13.125 - - [08/Dec/2022:17:37:32 -0800] "GET /index.php/pstd-ebdeec-isrop.ii HTTP/1.1" 200 66290 "-" "Mozilla/5.0 AppleWebKit/537.36 (KHTML, like Gecko; compatible; bingbot/2.0; +http://www.bing.com/bingbot.htm) Chrome/103.0.5060.134 Safari/537.36" "mantech8.com"
207.46.13.125 - - [08/Dec/2022:17:37:33 -0800] "GET /index.php/egy1-47db-vsimn.ii HTTP/1.1" 200 64925 "-" "Mozilla/5.0 (compatible; bingbot/2.0; +http://www.bing.com/bingbot.htm)" "mantech8.com"
40.77.167.26 - - [08/Dec/2022:17:37:40 -0800] "GET /index.php/s0KV-f5bcc-owPhb.Ii HTTP/1.1" 200 61483 "-" "Mozilla/5.0 AppleWebKit/537.36 (KHTML, like Gecko; compatible; bingbot/2.0; +http://www.bing.com/bingbot.htm) Chrome/103.0.5060.134 Safari/537.36" "mantech8.com"
185.191.171.5 - - [08/Dec/2022:17:37:56 -0800] "GET /?camp-fire%2F34916593.html HTTP/1.1" 500 - "-" "Mozilla/5.0 (compatible; SemrushBot/7~bl; +http://www.semrush.com/bot.html)" "mantech8.com"
185.191.171.11 - - [08/Dec/2022:17:38:00 -0800] "GET /?camp-fire%2F36550550.html HTTP/1.1" 500 - "-" "Mozilla/5.0 (compatible; SemrushBot/7~bl; +http://www.semrush.com/bot.html)" "mantech8.com"
207.46.13.125 - - [08/Dec/2022:17:38:01 -0800] "GET /index.php/bljc-18d2ffdff-kwwlc.ii HTTP/1.1" 200 66654 "-" "Mozilla/5.0 AppleWebKit/537.36 (KHTML, like Gecko; compatible; bingbot/2.0; +http://www.bing.com/bingbot.htm) Chrome/103.0.5060.134 Safari/537.36" "mantech8.com"
207.46.13.125 - - [08/Dec/2022:17:38:02 -0800] "GET /index.php/eayh-16206cfa-rmoim.ii HTTP/1.1" 200 71167 "-" "Mozilla/5.0 (compatible; bingbot/2.0; +http://www.bing.com/bingbot.htm)" "mantech8.com"
157.55.39.123 - - [08/Dec/2022:17:38:04 -0800] "GET /index.php/Pstd-4dfde-iSJBT.Ii HTTP/1.1" 200 66366 "-" "Mozilla/5.0 AppleWebKit/537.36 (KHTML, like Gecko; compatible; bingbot/2.0; +http://www.bing.com/bingbot.htm) Chrome/103.0.5060.134 Safari/537.36" "mantech8.com"
40.77.167.20 - - [08/Dec/2022:17:38:10 -0800] "GET /index.php?/wp-content/uploads/2022/05/202205excel.jpg HTTP/1.1" 200 69998 "-" "Mozilla/5.0 AppleWebKit/537.36 (KHTML, like Gecko; compatible; bingbot/2.0; +http://www.bing.com/bingbot.htm) Chrome/103.0.5060.134 Safari/537.36" "mantech8.com"
40.77.167.20 - - [08/Dec/2022:17:38:10 -0800] "GET /index.php/YhFG-e1b04fdbc-pkGaI.Ii HTTP/1.1" 200 62494 "-" "Mozilla/5.0 (compatible; bingbot/2.0; +http://www.bing.com/bingbot.htm)" "mantech8.com"
40.77.167.20 - - [08/Dec/2022:17:38:11 -0800] "GET /index.php/nWTf-5c2a8bfcbd-4QTES.Ii HTTP/1.1" 200 64995 "-" "Mozilla/5.0 (compatible; bingbot/2.0; +http://www.bing.com/bingbot.htm)" "mantech8.com"
