207.46.13.100 - - [09/Dec/2022:02:28:46 -0800] "GET /index.php/mcko-49e8caeec-vgcyz.ii HTTP/1.1" 200 72594 "-" "Mozilla/5.0 AppleWebKit/537.36 (KHTML, like Gecko; compatible; bingbot/2.0; +http://www.bing.com/bingbot.htm) Chrome/103.0.5060.134 Safari/537.36" "mantech8.com"
40.77.167.20 - - [09/Dec/2022:02:29:13 -0800] "GET /index.php/vmbp-3b1bdfee-ujwql.ii HTTP/1.1" 200 78567 "-" "Mozilla/5.0 (compatible; bingbot/2.0; +http://www.bing.com/bingbot.htm)" "mantech8.com"
40.77.167.20 - - [09/Dec/2022:02:29:14 -0800] "GET /index.php/egy1-b2dabbeffa-vsjha.ii HTTP/1.1" 200 65860 "-" "Mozilla/5.0 (compatible; bingbot/2.0; +http://www.bing.com/bingbot.htm)" "mantech8.com"
40.77.167.20 - - [09/Dec/2022:02:29:14 -0800] "GET /index.php/nwtf-c73bcebec-4askr.ii HTTP/1.1" 200 67052 "-" "Mozilla/5.0 (compatible; bingbot/2.0; +http://www.bing.com/bingbot.htm)" "mantech8.com"
207.46.13.100 - - [09/Dec/2022:02:29:17 -0800] "GET /index.php/b78eccdd HTTP/1.1" 200 67317 "-" "Mozilla/5.0 (compatible; bingbot/2.0; +http://www.bing.com/bingbot.htm)" "mantech8.com"
185.191.171.40 - - [09/Dec/2022:02:29:23 -0800] "GET /?camp-fire%2F66301703.html HTTP/1.1" 500 - "-" "Mozilla/5.0 (compatible; SemrushBot/7~bl; +http://www.semrush.com/bot.html)" "mantech8.com"
207.46.13.100 - - [09/Dec/2022:02:29:44 -0800] "GET /index.php/egy1-c6decacf-vsfe1.ii HTTP/1.1" 200 67718 "-" "Mozilla/5.0 AppleWebKit/537.36 (KHTML, like Gecko; compatible; bingbot/2.0; +http://www.bing.com/bingbot.htm) Chrome/103.0.5060.134 Safari/537.36" "mantech8.com"
207.46.13.100 - - [09/Dec/2022:02:29:44 -0800] "GET /index.php/om8t-9db26dab-eqslk.ii HTTP/1.1" 200 64164 "-" "Mozilla/5.0 (compatible; bingbot/2.0; +http://www.bing.com/bingbot.htm)" "mantech8.com"
207.46.13.100 - - [09/Dec/2022:02:29:46 -0800] "GET /index.php/d9da HTTP/1.1" 200 65282 "-" "Mozilla/5.0 AppleWebKit/537.36 (KHTML, like Gecko; compatible; bingbot/2.0; +http://www.bing.com/bingbot.htm) Chrome/103.0.5060.134 Safari/537.36" "mantech8.com"
157.55.39.123 - - [09/Dec/2022:02:30:14 -0800] "GET /index.php/KJZ2-d6dab-hAdac.Ii HTTP/1.1" 200 66627 "-" "Mozilla/5.0 (compatible; bingbot/2.0; +http://www.bing.com/bingbot.htm)" "mantech8.com"
157.55.39.123 - - [09/Dec/2022:02:30:15 -0800] "GET /index.php/mcko-88ffa-vyrs1.ii HTTP/1.1" 200 66741 "-" "Mozilla/5.0 AppleWebKit/537.36 (KHTML, like Gecko; compatible; bingbot/2.0; +http://www.bing.com/bingbot.htm) Chrome/103.0.5060.134 Safari/537.36" "mantech8.com"
157.55.39.123 - - [09/Dec/2022:02:30:15 -0800] "GET /index.php/txf8-c6629acb-alteb.ii HTTP/1.1" 200 65598 "-" "Mozilla/5.0 AppleWebKit/537.36 (KHTML, like Gecko; compatible; bingbot/2.0; +http://www.bing.com/bingbot.htm) Chrome/103.0.5060.134 Safari/537.36" "mantech8.com"
157.55.39.123 - - [09/Dec/2022:02:30:16 -0800] "GET /index.php/8caf HTTP/1.1" 200 73012 "-" "Mozilla/5.0 (compatible; bingbot/2.0; +http://www.bing.com/bingbot.htm)" "mantech8.com"
40.77.167.20 - - [09/Dec/2022:02:30:23 -0800] "GET /index.php/k937-f73dffcadd-71av4.ii HTTP/1.1" 200 67396 "-" "Mozilla/5.0 (compatible; bingbot/2.0; +http://www.bing.com/bingbot.htm)" "mantech8.com"
40.77.167.20 - - [09/Dec/2022:02:30:25 -0800] "GET /index.php/wf2o-494edefef-g56al.ii HTTP/1.1" 200 72966 "-" "Mozilla/5.0 (compatible; bingbot/2.0; +http://www.bing.com/bingbot.htm)" "mantech8.com"
157.55.39.138 - - [09/Dec/2022:02:30:35 -0800] "GET /index.php/aps-dbe5affdd-ojahn.ii HTTP/1.1" 200 70910 "-" "Mozilla/5.0 (compatible; bingbot/2.0; +http://www.bing.com/bingbot.htm)" "mantech8.com"
157.55.39.138 - - [09/Dec/2022:02:30:36 -0800] "GET /index.php/pstd-02efd-iechb.ii HTTP/1.1" 200 73547 "-" "Mozilla/5.0 (compatible; bingbot/2.0; +http://www.bing.com/bingbot.htm)" "mantech8.com"
207.46.13.125 - - [09/Dec/2022:02:30:43 -0800] "GET /index.php/mcko-85ba-vykyo.ii HTTP/1.1" 200 80131 "-" "Mozilla/5.0 AppleWebKit/537.36 (KHTML, like Gecko; compatible; bingbot/2.0; +http://www.bing.com/bingbot.htm) Chrome/103.0.5060.134 Safari/537.36" "mantech8.com"
185.191.171.5 - - [09/Dec/2022:02:30:53 -0800] "GET /?camp-fire%2F39451903.html HTTP/1.1" 500 - "-" "Mozilla/5.0 (compatible; SemrushBot/7~bl; +http://www.semrush.com/bot.html)" "mantech8.com"
157.55.39.123 - - [09/Dec/2022:02:30:55 -0800] "GET /index.php/om8t-d9246fae-xpt4h.ii HTTP/1.1" 200 66458 "-" "Mozilla/5.0 AppleWebKit/537.36 (KHTML, like Gecko; compatible; bingbot/2.0; +http://www.bing.com/bingbot.htm) Chrome/103.0.5060.134 Safari/537.36" "mantech8.com"
40.77.167.26 - - [09/Dec/2022:02:30:59 -0800] "GET /index.php/a9ffffbfa HTTP/1.1" 200 102884 "-" "Mozilla/5.0 AppleWebKit/537.36 (KHTML, like Gecko; compatible; bingbot/2.0; +http://www.bing.com/bingbot.htm) Chrome/103.0.5060.134 Safari/537.36" "mantech8.com"
40.77.167.26 - - [09/Dec/2022:02:31:00 -0800] "GET /index.php/wtzk-91a7effeed-n1gki.ii HTTP/1.1" 200 68509 "-" "Mozilla/5.0 (compatible; bingbot/2.0; +http://www.bing.com/bingbot.htm)" "mantech8.com"
40.77.167.26 - - [09/Dec/2022:02:31:00 -0800] "GET /index.php/vmbp-ebdbcfadc-umlyj.ii HTTP/1.1" 200 70313 "-" "Mozilla/5.0 AppleWebKit/537.36 (KHTML, like Gecko; compatible; bingbot/2.0; +http://www.bing.com/bingbot.htm) Chrome/103.0.5060.134 Safari/537.36" "mantech8.com"
40.77.167.26 - - [09/Dec/2022:02:31:00 -0800] "GET /index.php/egy1-e09eedeaf-vssyr.ii HTTP/1.1" 200 62783 "-" "Mozilla/5.0 (compatible; bingbot/2.0; +http://www.bing.com/bingbot.htm)" "mantech8.com"
40.77.167.26 - - [09/Dec/2022:02:31:02 -0800] "GET /index.php/nwtf-a4fab-3lup3.ii HTTP/1.1" 200 67988 "-" "Mozilla/5.0 (compatible; bingbot/2.0; +http://www.bing.com/bingbot.htm)" "mantech8.com"
207.46.13.100 - - [09/Dec/2022:02:31:05 -0800] "GET /index.php/mcko-706aabef-vtxel.ii HTTP/1.1" 200 63111 "-" "Mozilla/5.0 (compatible; bingbot/2.0; +http://www.bing.com/bingbot.htm)" "mantech8.com"
157.55.39.123 - - [09/Dec/2022:02:31:10 -0800] "GET /index.php/mcko-f3d2cfceca-vtjcl.ii HTTP/1.1" 200 71566 "-" "Mozilla/5.0 AppleWebKit/537.36 (KHTML, like Gecko; compatible; bingbot/2.0; +http://www.bing.com/bingbot.htm) Chrome/103.0.5060.134 Safari/537.36" "mantech8.com"
185.191.171.5 - - [09/Dec/2022:02:31:32 -0800] "GET /?camp-fire%2F36738938.html HTTP/1.1" 500 - "-" "Mozilla/5.0 (compatible; SemrushBot/7~bl; +http://www.semrush.com/bot.html)" "mantech8.com"
207.46.13.125 - - [09/Dec/2022:02:31:43 -0800] "GET /index.php/nwtf-d4b1faeb-4akos.ii HTTP/1.1" 200 68452 "-" "Mozilla/5.0 (compatible; bingbot/2.0; +http://www.bing.com/bingbot.htm)" "mantech8.com"
157.55.39.123 - - [09/Dec/2022:02:31:54 -0800] "GET /index.php/YhFG-9a27edcfda-poIZo.Ii HTTP/1.1" 200 65638 "-" "Mozilla/5.0 AppleWebKit/537.36 (KHTML, like Gecko; compatible; bingbot/2.0; +http://www.bing.com/bingbot.htm) Chrome/103.0.5060.134 Safari/537.36" "mantech8.com"
207.46.13.125 - - [09/Dec/2022:02:32:02 -0800] "GET /index.php/txf8-dbc98efaa-Ap0pI.Ii HTTP/1.1" 200 65891 "-" "Mozilla/5.0 (compatible; bingbot/2.0; +http://www.bing.com/bingbot.htm)" "mantech8.com"
157.55.39.123 - - [09/Dec/2022:02:32:16 -0800] "GET /index.php/naq6-a6fa3dcf-inqle.ii HTTP/1.1" 200 64466 "-" "Mozilla/5.0 (compatible; bingbot/2.0; +http://www.bing.com/bingbot.htm)" "mantech8.com"
185.191.171.7 - - [09/Dec/2022:02:32:23 -0800] "GET /robots.txt HTTP/1.1" 200 106 "-" "Mozilla/5.0 (compatible; SemrushBot/7~bl; +http://www.semrush.com/bot.html)" "mantech8.com"
185.191.171.15 - - [09/Dec/2022:02:32:23 -0800] "GET /?camp-fire%2F35526380.html HTTP/1.1" 500 - "-" "Mozilla/5.0 (compatible; SemrushBot/7~bl; +http://www.semrush.com/bot.html)" "mantech8.com"
185.191.171.24 - - [09/Dec/2022:02:32:28 -0800] "GET /?camp-fire%2F39583550.html HTTP/1.1" 500 - "-" "Mozilla/5.0 (compatible; SemrushBot/7~bl; +http://www.semrush.com/bot.html)" "mantech8.com"
185.191.171.26 - - [09/Dec/2022:02:32:48 -0800] "GET /?camp-fire%2F93266502.html HTTP/1.1" 500 - "-" "Mozilla/5.0 (compatible; SemrushBot/7~bl; +http://www.semrush.com/bot.html)" "mantech8.com"
185.191.171.10 - - [09/Dec/2022:02:32:49 -0800] "GET /?camp-fire%2F40133688.html HTTP/1.1" 500 - "-" "Mozilla/5.0 (compatible; SemrushBot/7~bl; +http://www.semrush.com/bot.html)" "mantech8.com"
185.191.171.12 - - [09/Dec/2022:02:32:51 -0800] "GET /?camp-fire%2F39899402.html HTTP/1.1" 500 - "-" "Mozilla/5.0 (compatible; SemrushBot/7~bl; +http://www.semrush.com/bot.html)" "mantech8.com"
40.77.167.26 - - [09/Dec/2022:02:33:09 -0800] "GET /index.php/ae50ffdec HTTP/1.1" 200 61848 "-" "Mozilla/5.0 AppleWebKit/537.36 (KHTML, like Gecko; compatible; bingbot/2.0; +http://www.bing.com/bingbot.htm) Chrome/103.0.5060.134 Safari/537.36" "mantech8.com"
185.191.171.8 - - [09/Dec/2022:02:34:04 -0800] "GET /?camp-fire%2F31423641.html HTTP/1.1" 500 - "-" "Mozilla/5.0 (compatible; SemrushBot/7~bl; +http://www.semrush.com/bot.html)" "mantech8.com"
157.55.39.138 - - [09/Dec/2022:02:34:15 -0800] "GET /index.php/a50b0faefe HTTP/1.1" 200 101460 "-" "Mozilla/5.0 (compatible; bingbot/2.0; +http://www.bing.com/bingbot.htm)" "mantech8.com"
157.55.39.138 - - [09/Dec/2022:02:34:16 -0800] "GET /index.php/7ba6defccb HTTP/1.1" 200 62416 "-" "Mozilla/5.0 AppleWebKit/537.36 (KHTML, like Gecko; compatible; bingbot/2.0; +http://www.bing.com/bingbot.htm) Chrome/103.0.5060.134 Safari/537.36" "mantech8.com"
157.55.39.138 - - [09/Dec/2022:02:34:16 -0800] "GET /index.php/1zve-f39dfedb-jtsle.ii HTTP/1.1" 200 67973 "-" "Mozilla/5.0 AppleWebKit/537.36 (KHTML, like Gecko; compatible; bingbot/2.0; +http://www.bing.com/bingbot.htm) Chrome/103.0.5060.134 Safari/537.36" "mantech8.com"
185.191.171.10 - - [09/Dec/2022:02:35:03 -0800] "GET /?camp-fire%2F94348085.html HTTP/1.1" 500 - "-" "Mozilla/5.0 (compatible; SemrushBot/7~bl; +http://www.semrush.com/bot.html)" "mantech8.com"
207.46.13.100 - - [09/Dec/2022:02:35:05 -0800] "GET /index.php/kjz2-61dce-ylfo7.ii HTTP/1.1" 200 68423 "-" "Mozilla/5.0 (compatible; bingbot/2.0; +http://www.bing.com/bingbot.htm)" "mantech8.com"
157.55.39.138 - - [09/Dec/2022:02:35:48 -0800] "GET /index.php/b6afc HTTP/1.1" 200 69084 "-" "Mozilla/5.0 (compatible; bingbot/2.0; +http://www.bing.com/bingbot.htm)" "mantech8.com"
40.77.167.20 - - [09/Dec/2022:02:35:54 -0800] "GET /index.php/fbdfaccac HTTP/1.1" 200 63579 "-" "Mozilla/5.0 (compatible; bingbot/2.0; +http://www.bing.com/bingbot.htm)" "mantech8.com"
40.77.167.26 - - [09/Dec/2022:02:36:00 -0800] "GET /index.php/wtzk-a6ea-nleso.ii HTTP/1.1" 200 69341 "-" "Mozilla/5.0 (compatible; bingbot/2.0; +http://www.bing.com/bingbot.htm)" "mantech8.com"
40.77.167.26 - - [09/Dec/2022:02:36:00 -0800] "GET /index.php/9bc6bcbc HTTP/1.1" 200 64824 "-" "Mozilla/5.0 (compatible; bingbot/2.0; +http://www.bing.com/bingbot.htm)" "mantech8.com"
207.46.13.100 - - [09/Dec/2022:02:36:15 -0800] "GET /index.php/1c5dfeefc HTTP/1.1" 200 60931 "-" "Mozilla/5.0 AppleWebKit/537.36 (KHTML, like Gecko; compatible; bingbot/2.0; +http://www.bing.com/bingbot.htm) Chrome/103.0.5060.134 Safari/537.36" "mantech8.com"
207.46.13.100 - - [09/Dec/2022:02:36:19 -0800] "GET /index.php/fece HTTP/1.1" 200 69948 "-" "Mozilla/5.0 AppleWebKit/537.36 (KHTML, like Gecko; compatible; bingbot/2.0; +http://www.bing.com/bingbot.htm) Chrome/103.0.5060.134 Safari/537.36" "mantech8.com"
207.46.13.100 - - [09/Dec/2022:02:36:25 -0800] "GET /index.php/3bc56bbba HTTP/1.1" 200 62241 "-" "Mozilla/5.0 (compatible; bingbot/2.0; +http://www.bing.com/bingbot.htm)" "mantech8.com"
207.46.13.100 - - [09/Dec/2022:02:36:28 -0800] "GET /index.php/8beaa/9cded HTTP/1.1" 200 63340 "-" "Mozilla/5.0 (compatible; bingbot/2.0; +http://www.bing.com/bingbot.htm)" "mantech8.com"
185.191.171.8 - - [09/Dec/2022:02:36:49 -0800] "GET /?camp-fire%2F81038271.html HTTP/1.1" 500 - "-" "Mozilla/5.0 (compatible; SemrushBot/7~bl; +http://www.semrush.com/bot.html)" "mantech8.com"
157.55.39.123 - - [09/Dec/2022:02:37:26 -0800] "GET /index.php?/wp-content/uploads/2022/07/202007-202206sunsyousai.jpg HTTP/1.1" 200 78156 "-" "Mozilla/5.0 (compatible; bingbot/2.0; +http://www.bing.com/bingbot.htm)" "mantech8.com"
185.191.171.21 - - [09/Dec/2022:02:38:00 -0800] "GET /?camp-fire%2F79360042.html HTTP/1.1" 500 - "-" "Mozilla/5.0 (compatible; SemrushBot/7~bl; +http://www.semrush.com/bot.html)" "mantech8.com"
185.191.171.20 - - [09/Dec/2022:02:38:34 -0800] "GET /?camp-fire%2F36111133.html HTTP/1.1" 500 - "-" "Mozilla/5.0 (compatible; SemrushBot/7~bl; +http://www.semrush.com/bot.html)" "mantech8.com"
185.191.171.10 - - [09/Dec/2022:02:38:42 -0800] "GET /?camp-fire%2F40168288.html HTTP/1.1" 500 - "-" "Mozilla/5.0 (compatible; SemrushBot/7~bl; +http://www.semrush.com/bot.html)" "mantech8.com"
185.191.171.40 - - [09/Dec/2022:02:38:52 -0800] "GET /?camp-fire%2F39033335.html HTTP/1.1" 500 - "-" "Mozilla/5.0 (compatible; SemrushBot/7~bl; +http://www.semrush.com/bot.html)" "mantech8.com"
185.191.171.14 - - [09/Dec/2022:02:39:12 -0800] "GET /?camp-fire%2F58233429.html HTTP/1.1" 500 - "-" "Mozilla/5.0 (compatible; SemrushBot/7~bl; +http://www.semrush.com/bot.html)" "mantech8.com"
207.46.13.100 - - [09/Dec/2022:02:39:35 -0800] "GET /index.php/20daca HTTP/1.1" 200 104584 "-" "Mozilla/5.0 (compatible; bingbot/2.0; +http://www.bing.com/bingbot.htm)" "mantech8.com"
207.46.13.100 - - [09/Dec/2022:02:39:37 -0800] "GET /index.php/031cbfcab HTTP/1.1" 200 65614 "-" "Mozilla/5.0 AppleWebKit/537.36 (KHTML, like Gecko; compatible; bingbot/2.0; +http://www.bing.com/bingbot.htm) Chrome/103.0.5060.134 Safari/537.36" "mantech8.com"
185.191.171.22 - - [09/Dec/2022:02:39:43 -0800] "GET /?camp-fire%2F42363855.html HTTP/1.1" 500 - "-" "Mozilla/5.0 (compatible; SemrushBot/7~bl; +http://www.semrush.com/bot.html)" "mantech8.com"
157.55.39.138 - - [09/Dec/2022:02:40:06 -0800] "GET /index.php/nwtf-5a2fbceea-4aiga.ii HTTP/1.1" 200 65871 "-" "Mozilla/5.0 AppleWebKit/537.36 (KHTML, like Gecko; compatible; bingbot/2.0; +http://www.bing.com/bingbot.htm) Chrome/103.0.5060.134 Safari/537.36" "mantech8.com"
157.55.39.138 - - [09/Dec/2022:02:40:07 -0800] "GET /index.php/wf2o-c1079bcdb-g6dz0.ii HTTP/1.1" 200 63274 "-" "Mozilla/5.0 (compatible; bingbot/2.0; +http://www.bing.com/bingbot.htm)" "mantech8.com"
185.191.171.9 - - [09/Dec/2022:02:40:15 -0800] "GET /?camp-fire%2F39071772.html HTTP/1.1" 500 - "-" "Mozilla/5.0 (compatible; SemrushBot/7~bl; +http://www.semrush.com/bot.html)" "mantech8.com"
185.191.171.42 - - [09/Dec/2022:02:40:20 -0800] "GET /?camp-fire%2F91984455.html HTTP/1.1" 500 - "-" "Mozilla/5.0 (compatible; SemrushBot/7~bl; +http://www.semrush.com/bot.html)" "mantech8.com"
40.77.167.26 - - [09/Dec/2022:02:40:39 -0800] "GET /index.php/WtZk-0f1c2abffa-n1nMb.Ii HTTP/1.1" 200 71237 "-" "Mozilla/5.0 (compatible; bingbot/2.0; +http://www.bing.com/bingbot.htm)" "mantech8.com"
40.77.167.26 - - [09/Dec/2022:02:40:40 -0800] "GET /index.php/mcko-2eaa7fce-vthxf.ii HTTP/1.1" 200 70221 "-" "Mozilla/5.0 AppleWebKit/537.36 (KHTML, like Gecko; compatible; bingbot/2.0; +http://www.bing.com/bingbot.htm) Chrome/103.0.5060.134 Safari/537.36" "mantech8.com"
185.191.171.21 - - [09/Dec/2022:02:40:42 -0800] "GET /?camp-fire%2F35659250.html HTTP/1.1" 500 - "-" "Mozilla/5.0 (compatible; SemrushBot/7~bl; +http://www.semrush.com/bot.html)" "mantech8.com"
207.46.13.125 - - [09/Dec/2022:02:41:13 -0800] "GET /index.php/e5lu-77ecc-7zsyu.ii HTTP/1.1" 200 67759 "-" "Mozilla/5.0 (compatible; bingbot/2.0; +http://www.bing.com/bingbot.htm)" "mantech8.com"
207.46.13.125 - - [09/Dec/2022:02:41:16 -0800] "GET /index.php/yhfg-1b06bdddf-plbst.ii HTTP/1.1" 200 70143 "-" "Mozilla/5.0 (compatible; bingbot/2.0; +http://www.bing.com/bingbot.htm)" "mantech8.com"
207.46.13.125 - - [09/Dec/2022:02:41:17 -0800] "GET /index.php/pstd-ebdeec-isrop.ii HTTP/1.1" 200 66270 "-" "Mozilla/5.0 (compatible; bingbot/2.0; +http://www.bing.com/bingbot.htm)" "mantech8.com"
207.46.13.125 - - [09/Dec/2022:02:41:18 -0800] "GET /index.php/egy1-47db-vsimn.ii HTTP/1.1" 200 65502 "-" "Mozilla/5.0 (compatible; bingbot/2.0; +http://www.bing.com/bingbot.htm)" "mantech8.com"
207.46.13.125 - - [09/Dec/2022:02:41:18 -0800] "GET /index.php/s0kv-2f3deadfec-ozqqy.ii HTTP/1.1" 200 65050 "-" "Mozilla/5.0 (compatible; bingbot/2.0; +http://www.bing.com/bingbot.htm)" "mantech8.com"
157.55.39.123 - - [09/Dec/2022:02:42:17 -0800] "GET /index.php/aqji-d8ffbebfa-nsuva.ii HTTP/1.1" 200 63140 "-" "Mozilla/5.0 (compatible; bingbot/2.0; +http://www.bing.com/bingbot.htm)" "mantech8.com"
207.46.13.100 - - [09/Dec/2022:02:42:25 -0800] "GET /index.php/nwtf-e9de-4avfi.ii HTTP/1.1" 200 61153 "-" "Mozilla/5.0 (compatible; bingbot/2.0; +http://www.bing.com/bingbot.htm)" "mantech8.com"
157.55.39.123 - - [09/Dec/2022:02:42:45 -0800] "GET /index.php/9hDJ-afc32bbaad-BlcRl.Ii HTTP/1.1" 200 70556 "-" "Mozilla/5.0 (compatible; bingbot/2.0; +http://www.bing.com/bingbot.htm)" "mantech8.com"
157.55.39.123 - - [09/Dec/2022:02:42:46 -0800] "GET /WtZk-85dffa-n3TPy.Ii HTTP/1.1" 404 88 "-" "Mozilla/5.0 (compatible; bingbot/2.0; +http://www.bing.com/bingbot.htm)" "mantech8.com"
185.191.171.25 - - [09/Dec/2022:02:43:01 -0800] "GET /?camp-fire%2F47713734.html HTTP/1.1" 500 - "-" "Mozilla/5.0 (compatible; SemrushBot/7~bl; +http://www.semrush.com/bot.html)" "mantech8.com"
157.55.39.123 - - [09/Dec/2022:02:43:06 -0800] "GET /WtZk-85dffa-n3TPy.Ii HTTP/1.1" 404 88 "-" "Mozilla/5.0 AppleWebKit/537.36 (KHTML, like Gecko; compatible; bingbot/2.0; +http://www.bing.com/bingbot.htm) Chrome/103.0.5060.134 Safari/537.36" "mantech8.com"
207.46.13.100 - - [09/Dec/2022:02:43:36 -0800] "GET /index.php/nwtf-2e376adba-4aaux.ii HTTP/1.1" 200 65638 "-" "Mozilla/5.0 AppleWebKit/537.36 (KHTML, like Gecko; compatible; bingbot/2.0; +http://www.bing.com/bingbot.htm) Chrome/103.0.5060.134 Safari/537.36" "mantech8.com"
185.191.171.42 - - [09/Dec/2022:02:43:55 -0800] "GET /?camp-fire%2F76907029.html HTTP/1.1" 500 - "-" "Mozilla/5.0 (compatible; SemrushBot/7~bl; +http://www.semrush.com/bot.html)" "mantech8.com"
40.77.167.20 - - [09/Dec/2022:02:43:55 -0800] "GET /index.php/db426cfade HTTP/1.1" 200 75136 "-" "Mozilla/5.0 AppleWebKit/537.36 (KHTML, like Gecko; compatible; bingbot/2.0; +http://www.bing.com/bingbot.htm) Chrome/103.0.5060.134 Safari/537.36" "mantech8.com"
40.77.167.20 - - [09/Dec/2022:02:43:58 -0800] "GET /index.php/eddace HTTP/1.1" 200 70183 "-" "Mozilla/5.0 AppleWebKit/537.36 (KHTML, like Gecko; compatible; bingbot/2.0; +http://www.bing.com/bingbot.htm) Chrome/103.0.5060.134 Safari/537.36" "mantech8.com"
40.77.167.20 - - [09/Dec/2022:02:43:59 -0800] "GET /index.php/s0kv-aeffddcaf-oevxh.ii HTTP/1.1" 200 71321 "-" "Mozilla/5.0 AppleWebKit/537.36 (KHTML, like Gecko; compatible; bingbot/2.0; +http://www.bing.com/bingbot.htm) Chrome/103.0.5060.134 Safari/537.36" "mantech8.com"
207.46.13.100 - - [09/Dec/2022:02:43:54 -0800] "GET /index.php/Pstd-19c70bcce-iDVfO.Ii HTTP/1.1" 200 63557 "-" "Mozilla/5.0 AppleWebKit/537.36 (KHTML, like Gecko; compatible; bingbot/2.0; +http://www.bing.com/bingbot.htm) Chrome/103.0.5060.134 Safari/537.36" "mantech8.com"
157.55.39.138 - - [09/Dec/2022:02:44:37 -0800] "GET /index.php/vmbp-90caa-uivnc.ii HTTP/1.1" 200 63651 "-" "Mozilla/5.0 AppleWebKit/537.36 (KHTML, like Gecko; compatible; bingbot/2.0; +http://www.bing.com/bingbot.htm) Chrome/103.0.5060.134 Safari/537.36" "mantech8.com"
157.55.39.138 - - [09/Dec/2022:02:44:38 -0800] "GET /index.php/pstd-d8fce-ishwl.ii HTTP/1.1" 200 66456 "-" "Mozilla/5.0 (compatible; bingbot/2.0; +http://www.bing.com/bingbot.htm)" "mantech8.com"
157.55.39.138 - - [09/Dec/2022:02:44:39 -0800] "GET /index.php/ufsz-0159cacedf-chscx.ii HTTP/1.1" 200 64415 "-" "Mozilla/5.0 (compatible; bingbot/2.0; +http://www.bing.com/bingbot.htm)" "mantech8.com"
185.191.171.2 - - [09/Dec/2022:02:44:43 -0800] "GET /?camp-fire%2F38818992.html HTTP/1.1" 500 - "-" "Mozilla/5.0 (compatible; SemrushBot/7~bl; +http://www.semrush.com/bot.html)" "mantech8.com"
157.55.39.138 - - [09/Dec/2022:02:44:56 -0800] "GET / HTTP/1.1" 200 63927 "-" "Mozilla/5.0 (compatible; bingbot/2.0; +http://www.bing.com/bingbot.htm)" "www.mantech8.com"
40.77.167.26 - - [09/Dec/2022:02:45:01 -0800] "GET /index.php/73badcdcc HTTP/1.1" 200 69227 "-" "Mozilla/5.0 (compatible; bingbot/2.0; +http://www.bing.com/bingbot.htm)" "mantech8.com"
40.77.167.26 - - [09/Dec/2022:02:45:02 -0800] "GET /index.php/nwtf-2bbbbe-3prep.ii HTTP/1.1" 200 68094 "-" "Mozilla/5.0 (compatible; bingbot/2.0; +http://www.bing.com/bingbot.htm)" "mantech8.com"
40.77.167.26 - - [09/Dec/2022:02:45:02 -0800] "GET /index.php/wtzk-f180cfcea-npfjt.ii HTTP/1.1" 200 84103 "-" "Mozilla/5.0 AppleWebKit/537.36 (KHTML, like Gecko; compatible; bingbot/2.0; +http://www.bing.com/bingbot.htm) Chrome/103.0.5060.134 Safari/537.36" "mantech8.com"
185.191.171.8 - - [09/Dec/2022:02:45:08 -0800] "GET /?camp-fire%2F41600688.html HTTP/1.1" 500 - "-" "Mozilla/5.0 (compatible; SemrushBot/7~bl; +http://www.semrush.com/bot.html)" "mantech8.com"
207.46.13.100 - - [09/Dec/2022:02:46:16 -0800] "GET /index.php/8fefeb HTTP/1.1" 200 64097 "-" "Mozilla/5.0 (compatible; bingbot/2.0; +http://www.bing.com/bingbot.htm)" "mantech8.com"
207.46.13.100 - - [09/Dec/2022:02:46:17 -0800] "GET /index.php/nwtf-56eabc-3psdr.ii HTTP/1.1" 200 72091 "-" "Mozilla/5.0 AppleWebKit/537.36 (KHTML, like Gecko; compatible; bingbot/2.0; +http://www.bing.com/bingbot.htm) Chrome/103.0.5060.134 Safari/537.36" "mantech8.com"
207.46.13.100 - - [09/Dec/2022:02:46:17 -0800] "GET /index.php/mcko-9517bddd-vyq9l.ii HTTP/1.1" 200 64605 "-" "Mozilla/5.0 AppleWebKit/537.36 (KHTML, like Gecko; compatible; bingbot/2.0; +http://www.bing.com/bingbot.htm) Chrome/103.0.5060.134 Safari/537.36" "mantech8.com"
185.191.171.33 - - [09/Dec/2022:02:46:56 -0800] "GET /?camp-fire%2F39054203.html HTTP/1.1" 500 - "-" "Mozilla/5.0 (compatible; SemrushBot/7~bl; +http://www.semrush.com/bot.html)" "mantech8.com"
207.46.13.100 - - [09/Dec/2022:02:47:45 -0800] "GET /index.php/pstd-3afff-ien03.ii HTTP/1.1" 200 73867 "-" "Mozilla/5.0 (compatible; bingbot/2.0; +http://www.bing.com/bingbot.htm)" "mantech8.com"
207.46.13.100 - - [09/Dec/2022:02:48:25 -0800] "GET /aqJi-86eaffcca-nX28x.Ii HTTP/1.1" 404 88 "-" "Mozilla/5.0 AppleWebKit/537.36 (KHTML, like Gecko; compatible; bingbot/2.0; +http://www.bing.com/bingbot.htm) Chrome/103.0.5060.134 Safari/537.36" "www.mantech8.com"
185.191.171.20 - - [09/Dec/2022:02:48:43 -0800] "GET /?camp-fire%2F41400771.html HTTP/1.1" 500 - "-" "Mozilla/5.0 (compatible; SemrushBot/7~bl; +http://www.semrush.com/bot.html)" "mantech8.com"
207.46.13.100 - - [09/Dec/2022:02:48:44 -0800] "GET /aqJi-86eaffcca-nX28x.Ii HTTP/1.1" 404 88 "-" "Mozilla/5.0 (compatible; bingbot/2.0; +http://www.bing.com/bingbot.htm)" "www.mantech8.com"
95.214.55.43 - - [09/Dec/2022:02:48:56 -0800] "GET /contact.php HTTP/1.1" 200 29238 "http://mantech8.com/contact.php" "Mozilla/5.0 (Windows NT 6.3) AppleWebKit/537.36 (KHTML, like Gecko) Chrome/90.0.4430.72 Safari/537.36" "mantech8.com"
185.194.142.194 - - [09/Dec/2022:02:49:01 -0800] "GET /verificationimage.php?6565 HTTP/1.1" 200 1351 "http://mantech8.com/contact.php" "Mozilla/5.0 (Windows NT 6.3) AppleWebKit/537.36 (KHTML, like Gecko) Chrome/90.0.4430.72 Safari/537.36" "mantech8.com"
185.191.171.16 - - [09/Dec/2022:02:49:03 -0800] "GET /?camp-fire%2F76869677.html HTTP/1.1" 500 - "-" "Mozilla/5.0 (compatible; SemrushBot/7~bl; +http://www.semrush.com/bot.html)" "mantech8.com"
185.194.142.194 - - [09/Dec/2022:02:49:03 -0800] "POST /mailer.php HTTP/1.1" 500 - "http://mantech8.com/contact.php" "Mozilla/5.0 (Windows NT 6.3) AppleWebKit/537.36 (KHTML, like Gecko) Chrome/90.0.4430.72 Safari/537.36" "mantech8.com"
109.70.100.27 - - [09/Dec/2022:02:49:05 -0800] "GET /contact.php HTTP/1.1" 200 29238 "http://mantech8.com/contact.php" "Mozilla/5.0 (Windows NT 6.3) AppleWebKit/537.36 (KHTML, like Gecko) Chrome/90.0.4430.72 Safari/537.36" "mantech8.com"
113.31.105.130 - - [09/Dec/2022:02:49:23 -0800] "GET / HTTP/1.1" 500 - "-" "Mozilla/5.0 (X11; CrOS i686 3912.101.0) AppleWebKit/537.36 (KHTML, like Gecko) Chrome/27.0.1453.116 Safari/537.36" "mantech8.com"
185.191.171.9 - - [09/Dec/2022:02:50:00 -0800] "GET /?camp-fire%2F41822203.html HTTP/1.1" 500 - "-" "Mozilla/5.0 (compatible; SemrushBot/7~bl; +http://www.semrush.com/bot.html)" "mantech8.com"
185.191.171.14 - - [09/Dec/2022:02:50:08 -0800] "GET /?camp-fire%2F26785721.html HTTP/1.1" 500 - "-" "Mozilla/5.0 (compatible; SemrushBot/7~bl; +http://www.semrush.com/bot.html)" "mantech8.com"
49.87.154.98 - - [09/Dec/2022:02:50:38 -0800] "GET /contact.php HTTP/1.1" 200 29238 "http://mantech8.com/contact.php" "Mozilla/5.0 (Windows NT 6.3; Win64; x64) AppleWebKit/537.36 (KHTML, like Gecko) Chrome/90.0.4430.72 Safari/537.36" "mantech8.com"
49.87.154.98 - - [09/Dec/2022:02:50:43 -0800] "POST /mailer.php HTTP/1.1" 500 - "http://mantech8.com/contact.php" "Mozilla/5.0 (Windows NT 6.3; Win64; x64) AppleWebKit/537.36 (KHTML, like Gecko) Chrome/90.0.4430.72 Safari/537.36" "mantech8.com"
185.191.171.45 - - [09/Dec/2022:02:51:02 -0800] "GET /?camp-fire%2F61708530.html HTTP/1.1" 500 - "-" "Mozilla/5.0 (compatible; SemrushBot/7~bl; +http://www.semrush.com/bot.html)" "mantech8.com"
185.191.171.19 - - [09/Dec/2022:02:51:31 -0800] "GET /?camp-fire%2F40307150.html HTTP/1.1" 500 - "-" "Mozilla/5.0 (compatible; SemrushBot/7~bl; +http://www.semrush.com/bot.html)" "mantech8.com"
185.191.171.2 - - [09/Dec/2022:02:52:35 -0800] "GET /?camp-fire%2F35688050.html HTTP/1.1" 500 - "-" "Mozilla/5.0 (compatible; SemrushBot/7~bl; +http://www.semrush.com/bot.html)" "mantech8.com"
185.191.171.26 - - [09/Dec/2022:02:53:13 -0800] "GET /?camp-fire%2F94674984.html HTTP/1.1" 500 - "-" "Mozilla/5.0 (compatible; SemrushBot/7~bl; +http://www.semrush.com/bot.html)" "mantech8.com"
185.191.171.7 - - [09/Dec/2022:02:53:15 -0800] "GET /?camp-fire%2F39391093.html HTTP/1.1" 500 - "-" "Mozilla/5.0 (compatible; SemrushBot/7~bl; +http://www.semrush.com/bot.html)" "mantech8.com"
40.77.167.26 - - [09/Dec/2022:02:53:31 -0800] "GET /index.php/mcko-4d9f7dcf-vybnm.ii HTTP/1.1" 200 71703 "-" "Mozilla/5.0 (compatible; bingbot/2.0; +http://www.bing.com/bingbot.htm)" "mantech8.com"
40.77.167.26 - - [09/Dec/2022:02:53:32 -0800] "GET /index.php/zsuz-6f30ecdfd-skcmc.ii HTTP/1.1" 200 69680 "-" "Mozilla/5.0 (compatible; bingbot/2.0; +http://www.bing.com/bingbot.htm)" "mantech8.com"
40.77.167.26 - - [09/Dec/2022:02:53:32 -0800] "GET /index.php/5cebccead HTTP/1.1" 200 65834 "-" "Mozilla/5.0 (compatible; bingbot/2.0; +http://www.bing.com/bingbot.htm)" "mantech8.com"
40.77.167.26 - - [09/Dec/2022:02:53:33 -0800] "GET /index.php/naq6-a5f4abdcde-inbna.ii HTTP/1.1" 200 64875 "-" "Mozilla/5.0 (compatible; bingbot/2.0; +http://www.bing.com/bingbot.htm)" "mantech8.com"
40.77.167.26 - - [09/Dec/2022:02:53:33 -0800] "GET /index.php/8f1b2caf HTTP/1.1" 200 66030 "-" "Mozilla/5.0 AppleWebKit/537.36 (KHTML, like Gecko; compatible; bingbot/2.0; +http://www.bing.com/bingbot.htm) Chrome/103.0.5060.134 Safari/537.36" "mantech8.com"
185.191.171.2 - - [09/Dec/2022:02:53:36 -0800] "GET /?camp-fire%2F90459687.html HTTP/1.1" 500 - "-" "Mozilla/5.0 (compatible; SemrushBot/7~bl; +http://www.semrush.com/bot.html)" "mantech8.com"
40.77.167.26 - - [09/Dec/2022:02:53:42 -0800] "GET /index.php/kjz2-971dbccd-yl0e9.ii HTTP/1.1" 200 69528 "-" "Mozilla/5.0 AppleWebKit/537.36 (KHTML, like Gecko; compatible; bingbot/2.0; +http://www.bing.com/bingbot.htm) Chrome/103.0.5060.134 Safari/537.36" "mantech8.com"
185.191.171.6 - - [09/Dec/2022:02:53:56 -0800] "GET /?camp-fire%2F80686988.html HTTP/1.1" 500 - "-" "Mozilla/5.0 (compatible; SemrushBot/7~bl; +http://www.semrush.com/bot.html)" "mantech8.com"
185.191.171.45 - - [09/Dec/2022:02:54:34 -0800] "GET /?camp-fire%2F33760580.html HTTP/1.1" 500 - "-" "Mozilla/5.0 (compatible; SemrushBot/7~bl; +http://www.semrush.com/bot.html)" "mantech8.com"
113.31.105.130 - - [09/Dec/2022:02:55:11 -0800] "GET /static/image/star.png HTTP/1.1" 404 88 "-" "Mozilla/5.0 (X11; CrOS i686 3912.101.0) AppleWebKit/537.36 (KHTML, like Gecko) Chrome/27.0.1453.116 Safari/537.36" "mantech8.com"
113.31.105.130 - - [09/Dec/2022:02:55:11 -0800] "GET /static/js/jquery.qrcode.min.js HTTP/1.1" 404 88 "-" "Mozilla/5.0 (X11; CrOS i686 3912.101.0) AppleWebKit/537.36 (KHTML, like Gecko) Chrome/27.0.1453.116 Safari/537.36" "mantech8.com"
113.31.105.130 - - [09/Dec/2022:02:55:12 -0800] "GET /statics/assets/apkloading.png HTTP/1.1" 404 88 "-" "Mozilla/5.0 (X11; CrOS i686 3912.101.0) AppleWebKit/537.36 (KHTML, like Gecko) Chrome/27.0.1453.116 Safari/537.36" "mantech8.com"
185.191.171.9 - - [09/Dec/2022:02:55:42 -0800] "GET /?camp-fire%2F37846006.html HTTP/1.1" 500 - "-" "Mozilla/5.0 (compatible; SemrushBot/7~bl; +http://www.semrush.com/bot.html)" "mantech8.com"
207.46.13.100 - - [09/Dec/2022:02:55:47 -0800] "GET /index.php/52cfca HTTP/1.1" 200 66434 "-" "Mozilla/5.0 AppleWebKit/537.36 (KHTML, like Gecko; compatible; bingbot/2.0; +http://www.bing.com/bingbot.htm) Chrome/103.0.5060.134 Safari/537.36" "mantech8.com"
185.191.171.34 - - [09/Dec/2022:02:55:47 -0800] "GET /?camp-fire%2F40106597.html HTTP/1.1" 500 - "-" "Mozilla/5.0 (compatible; SemrushBot/7~bl; +http://www.semrush.com/bot.html)" "mantech8.com"
207.46.13.100 - - [09/Dec/2022:02:55:48 -0800] "GET /index.php/32d60cddf HTTP/1.1" 200 66313 "-" "Mozilla/5.0 (compatible; bingbot/2.0; +http://www.bing.com/bingbot.htm)" "mantech8.com"
185.191.171.39 - - [09/Dec/2022:02:56:33 -0800] "GET /?camp-fire%2F89160280.html HTTP/1.1" 500 - "-" "Mozilla/5.0 (compatible; SemrushBot/7~bl; +http://www.semrush.com/bot.html)" "mantech8.com"
207.46.13.100 - - [09/Dec/2022:02:56:47 -0800] "GET /index.php/nwtf-c1ec-4almp.ii HTTP/1.1" 200 66729 "-" "Mozilla/5.0 AppleWebKit/537.36 (KHTML, like Gecko; compatible; bingbot/2.0; +http://www.bing.com/bingbot.htm) Chrome/103.0.5060.134 Safari/537.36" "mantech8.com"
207.46.13.100 - - [09/Dec/2022:02:58:36 -0800] "GET /index.php/baca HTTP/1.1" 200 62516 "-" "Mozilla/5.0 AppleWebKit/537.36 (KHTML, like Gecko; compatible; bingbot/2.0; +http://www.bing.com/bingbot.htm) Chrome/103.0.5060.134 Safari/537.36" "mantech8.com"
185.191.171.4 - - [09/Dec/2022:02:58:53 -0800] "GET /?camp-fire%2F52189076.html HTTP/1.1" 500 - "-" "Mozilla/5.0 (compatible; SemrushBot/7~bl; +http://www.semrush.com/bot.html)" "mantech8.com"
207.46.13.100 - - [09/Dec/2022:02:58:57 -0800] "GET /index.php/11dd HTTP/1.1" 200 69269 "-" "Mozilla/5.0 AppleWebKit/537.36 (KHTML, like Gecko; compatible; bingbot/2.0; +http://www.bing.com/bingbot.htm) Chrome/103.0.5060.134 Safari/537.36" "mantech8.com"
185.191.171.22 - - [09/Dec/2022:02:59:05 -0800] "GET /?camp-fire%2F39983259.html HTTP/1.1" 500 - "-" "Mozilla/5.0 (compatible; SemrushBot/7~bl; +http://www.semrush.com/bot.html)" "mantech8.com"
185.191.171.16 - - [09/Dec/2022:02:59:31 -0800] "GET /?camp-fire%2F40980225.html HTTP/1.1" 500 - "-" "Mozilla/5.0 (compatible; SemrushBot/7~bl; +http://www.semrush.com/bot.html)" "mantech8.com"
185.191.171.22 - - [09/Dec/2022:03:02:41 -0800] "GET /?camp-fire%2F38062478.html HTTP/1.1" 500 - "-" "Mozilla/5.0 (compatible; SemrushBot/7~bl; +http://www.semrush.com/bot.html)" "mantech8.com"
185.191.171.1 - - [09/Dec/2022:03:02:44 -0800] "GET /?camp-fire%2F42089749.html HTTP/1.1" 500 - "-" "Mozilla/5.0 (compatible; SemrushBot/7~bl; +http://www.semrush.com/bot.html)" "mantech8.com"
40.77.167.20 - - [09/Dec/2022:03:02:56 -0800] "GET / HTTP/1.1" 200 64669 "-" "Mozilla/5.0 (compatible; bingbot/2.0; +http://www.bing.com/bingbot.htm)" "www.mantech8.com"
185.191.171.4 - - [09/Dec/2022:03:03:01 -0800] "GET /?camp-fire%2F78687503.html HTTP/1.1" 500 - "-" "Mozilla/5.0 (compatible; SemrushBot/7~bl; +http://www.semrush.com/bot.html)" "mantech8.com"
185.191.171.39 - - [09/Dec/2022:03:04:00 -0800] "GET /?camp-fire%2F90612359.html HTTP/1.1" 500 - "-" "Mozilla/5.0 (compatible; SemrushBot/7~bl; +http://www.semrush.com/bot.html)" "mantech8.com"
185.191.171.24 - - [09/Dec/2022:03:04:58 -0800] "GET /?camp-fire%2F54189298.html HTTP/1.1" 500 - "-" "Mozilla/5.0 (compatible; SemrushBot/7~bl; +http://www.semrush.com/bot.html)" "mantech8.com"
207.46.13.100 - - [09/Dec/2022:03:05:07 -0800] "GET /index.php/mcko-195a7afa-vbmqq.ii HTTP/1.1" 200 66528 "-" "Mozilla/5.0 (compatible; bingbot/2.0; +http://www.bing.com/bingbot.htm)" "mantech8.com"
185.191.171.11 - - [09/Dec/2022:03:05:26 -0800] "GET /?camp-fire%2F41394388.html HTTP/1.1" 500 - "-" "Mozilla/5.0 (compatible; SemrushBot/7~bl; +http://www.semrush.com/bot.html)" "mantech8.com"
216.244.66.241 - - [09/Dec/2022:03:05:42 -0800] "GET /robots.txt HTTP/1.1" 200 222 "-" "Mozilla/5.0 (compatible; DotBot/1.2; +https://opensiteexplorer.org/dotbot; help@moz.com)" "www.mantech8.com"
216.244.66.241 - - [09/Dec/2022:03:05:42 -0800] "GET /robots.txt HTTP/1.1" 200 222 "-" "Mozilla/5.0 (compatible; DotBot/1.2; +https://opensiteexplorer.org/dotbot; help@moz.com)" "mantech8.com"
40.77.167.26 - - [09/Dec/2022:03:05:58 -0800] "GET /F2si-0c0ceebb-DimXb.Ii HTTP/1.1" 404 88 "-" "Mozilla/5.0 (compatible; bingbot/2.0; +http://www.bing.com/bingbot.htm)" "www.mantech8.com"
207.46.13.100 - - [09/Dec/2022:03:06:07 -0800] "GET /index.php/gddj-54309ebdf-bupeo.ii HTTP/1.1" 200 65627 "-" "Mozilla/5.0 AppleWebKit/537.36 (KHTML, like Gecko; compatible; bingbot/2.0; +http://www.bing.com/bingbot.htm) Chrome/103.0.5060.134 Safari/537.36" "mantech8.com"
40.77.167.26 - - [09/Dec/2022:03:06:12 -0800] "GET /index.php/ba8s-62b3ebaadd-08mtx.ii HTTP/1.1" 200 77192 "-" "Mozilla/5.0 AppleWebKit/537.36 (KHTML, like Gecko; compatible; bingbot/2.0; +http://www.bing.com/bingbot.htm) Chrome/103.0.5060.134 Safari/537.36" "mantech8.com"
40.77.167.26 - - [09/Dec/2022:03:06:18 -0800] "GET /F2si-0c0ceebb-DimXb.Ii HTTP/1.1" 404 88 "-" "Mozilla/5.0 AppleWebKit/537.36 (KHTML, like Gecko; compatible; bingbot/2.0; +http://www.bing.com/bingbot.htm) Chrome/103.0.5060.134 Safari/537.36" "www.mantech8.com"
185.191.171.19 - - [09/Dec/2022:03:06:29 -0800] "GET /?camp-fire%2F68583238.html HTTP/1.1" 500 - "-" "Mozilla/5.0 (compatible; SemrushBot/7~bl; +http://www.semrush.com/bot.html)" "mantech8.com"
185.191.171.24 - - [09/Dec/2022:03:06:58 -0800] "GET /?camp-fire%2F76143069.html HTTP/1.1" 500 - "-" "Mozilla/5.0 (compatible; SemrushBot/7~bl; +http://www.semrush.com/bot.html)" "mantech8.com"
207.46.13.100 - - [09/Dec/2022:03:07:17 -0800] "GET /index.php/9hdj-9ef3dfbd-boktk.ii HTTP/1.1" 200 61124 "-" "Mozilla/5.0 (compatible; bingbot/2.0; +http://www.bing.com/bingbot.htm)" "mantech8.com"
40.77.167.26 - - [09/Dec/2022:03:07:58 -0800] "GET /index.php/naq6-425eafcde-iumgj.ii HTTP/1.1" 200 63197 "-" "Mozilla/5.0 AppleWebKit/537.36 (KHTML, like Gecko; compatible; bingbot/2.0; +http://www.bing.com/bingbot.htm) Chrome/103.0.5060.134 Safari/537.36" "mantech8.com"
40.77.167.26 - - [09/Dec/2022:03:08:08 -0800] "GET /index.php/52fbee HTTP/1.1" 200 66590 "-" "Mozilla/5.0 (compatible; bingbot/2.0; +http://www.bing.com/bingbot.htm)" "mantech8.com"
40.77.167.26 - - [09/Dec/2022:03:08:38 -0800] "GET /index.php/egy1-0fff-vdadr.ii HTTP/1.1" 200 65115 "-" "Mozilla/5.0 AppleWebKit/537.36 (KHTML, like Gecko; compatible; bingbot/2.0; +http://www.bing.com/bingbot.htm) Chrome/103.0.5060.134 Safari/537.36" "mantech8.com"
185.191.171.17 - - [09/Dec/2022:03:08:43 -0800] "GET /?camp-fire%2F87131509.html HTTP/1.1" 500 - "-" "Mozilla/5.0 (compatible; SemrushBot/7~bl; +http://www.semrush.com/bot.html)" "mantech8.com"
185.191.171.2 - - [09/Dec/2022:03:09:33 -0800] "GET /?camp-fire%2F38233671.html HTTP/1.1" 500 - "-" "Mozilla/5.0 (compatible; SemrushBot/7~bl; +http://www.semrush.com/bot.html)" "mantech8.com"
114.119.141.100 - - [09/Dec/2022:03:10:01 -0800] "GET /sitemap5221.xml HTTP/1.1" 404 88 "-" "Mozilla/5.0 (compatible;PetalBot;+https://webmaster.petalsearch.com/site/petalbot)" "mantech8.com"
40.77.167.26 - - [09/Dec/2022:03:10:08 -0800] "GET /index.php/b1ecaddfd HTTP/1.1" 200 79909 "-" "Mozilla/5.0 AppleWebKit/537.36 (KHTML, like Gecko; compatible; bingbot/2.0; +http://www.bing.com/bingbot.htm) Chrome/103.0.5060.134 Safari/537.36" "mantech8.com"
185.191.171.5 - - [09/Dec/2022:03:10:18 -0800] "GET /?camp-fire%2F27398980.html HTTP/1.1" 500 - "-" "Mozilla/5.0 (compatible; SemrushBot/7~bl; +http://www.semrush.com/bot.html)" "mantech8.com"
185.191.171.22 - - [09/Dec/2022:03:10:44 -0800] "GET /?camp-fire%2F27038865.html HTTP/1.1" 500 - "-" "Mozilla/5.0 (compatible; SemrushBot/7~bl; +http://www.semrush.com/bot.html)" "mantech8.com"
185.191.171.33 - - [09/Dec/2022:03:11:03 -0800] "GET /?camp-fire%2F89579159.html HTTP/1.1" 500 - "-" "Mozilla/5.0 (compatible; SemrushBot/7~bl; +http://www.semrush.com/bot.html)" "mantech8.com"
114.119.133.35 - - [09/Dec/2022:03:12:16 -0800] "GET /index.php/steaded.xml HTTP/1.1" 200 289370 "-" "Mozilla/5.0 (compatible;PetalBot;+https://webmaster.petalsearch.com/site/petalbot)" "mantech8.com"
207.46.13.100 - - [09/Dec/2022:03:12:18 -0800] "GET /index.php/wf2o-68fbf-g4zyz.ii HTTP/1.1" 200 75312 "-" "Mozilla/5.0 (compatible; bingbot/2.0; +http://www.bing.com/bingbot.htm)" "mantech8.com"
207.46.13.100 - - [09/Dec/2022:03:12:19 -0800] "GET /index.php/7d8adcaec HTTP/1.1" 200 65432 "-" "Mozilla/5.0 AppleWebKit/537.36 (KHTML, like Gecko; compatible; bingbot/2.0; +http://www.bing.com/bingbot.htm) Chrome/103.0.5060.134 Safari/537.36" "mantech8.com"
185.191.171.8 - - [09/Dec/2022:03:12:24 -0800] "GET /?camp-fire%2F42313668.html HTTP/1.1" 500 - "-" "Mozilla/5.0 (compatible; SemrushBot/7~bl; +http://www.semrush.com/bot.html)" "mantech8.com"
185.191.171.25 - - [09/Dec/2022:03:12:37 -0800] "GET /?camp-fire%2F41533371.html HTTP/1.1" 500 - "-" "Mozilla/5.0 (compatible; SemrushBot/7~bl; +http://www.semrush.com/bot.html)" "mantech8.com"
185.191.171.5 - - [09/Dec/2022:03:12:56 -0800] "GET /?camp-fire%2F37138178.html HTTP/1.1" 500 - "-" "Mozilla/5.0 (compatible; SemrushBot/7~bl; +http://www.semrush.com/bot.html)" "mantech8.com"
114.119.143.58 - - [09/Dec/2022:03:13:14 -0800] "GET /sitemap20195.xml HTTP/1.1" 404 88 "-" "Mozilla/5.0 (compatible;PetalBot;+https://webmaster.petalsearch.com/site/petalbot)" "mantech8.com"
185.191.171.9 - - [09/Dec/2022:03:13:36 -0800] "GET /?camp-fire%2F61765755.html HTTP/1.1" 500 - "-" "Mozilla/5.0 (compatible; SemrushBot/7~bl; +http://www.semrush.com/bot.html)" "mantech8.com"
207.46.13.100 - - [09/Dec/2022:03:13:38 -0800] "GET /index.php/zsuz-fe2cbeba-sohhq.ii HTTP/1.1" 200 64831 "-" "Mozilla/5.0 AppleWebKit/537.36 (KHTML, like Gecko; compatible; bingbot/2.0; +http://www.bing.com/bingbot.htm) Chrome/103.0.5060.134 Safari/537.36" "mantech8.com"
185.191.171.4 - - [09/Dec/2022:03:16:07 -0800] "GET /?camp-fire%2F38813017.html HTTP/1.1" 500 - "-" "Mozilla/5.0 (compatible; SemrushBot/7~bl; +http://www.semrush.com/bot.html)" "mantech8.com"
185.191.171.23 - - [09/Dec/2022:03:16:18 -0800] "GET /?camp-fire%2F41231864.html HTTP/1.1" 500 - "-" "Mozilla/5.0 (compatible; SemrushBot/7~bl; +http://www.semrush.com/bot.html)" "mantech8.com"
40.77.167.26 - - [09/Dec/2022:03:16:40 -0800] "GET /index.php/egy1-0dae-vxpva.ii HTTP/1.1" 200 66605 "-" "Mozilla/5.0 (compatible; bingbot/2.0; +http://www.bing.com/bingbot.htm)" "mantech8.com"
40.77.167.26 - - [09/Dec/2022:03:16:42 -0800] "GET /index.php/aacx-b56ffcafb-v2haw.ii HTTP/1.1" 200 70064 "-" "Mozilla/5.0 (compatible; bingbot/2.0; +http://www.bing.com/bingbot.htm)" "mantech8.com"
185.191.171.23 - - [09/Dec/2022:03:16:45 -0800] "GET /?camp-fire%2F35561766.html HTTP/1.1" 500 - "-" "Mozilla/5.0 (compatible; SemrushBot/7~bl; +http://www.semrush.com/bot.html)" "mantech8.com"
185.191.171.7 - - [09/Dec/2022:03:17:10 -0800] "GET /?camp-fire%2F41793203.html HTTP/1.1" 500 - "-" "Mozilla/5.0 (compatible; SemrushBot/7~bl; +http://www.semrush.com/bot.html)" "mantech8.com"
114.119.141.35 - - [09/Dec/2022:03:17:08 -0800] "GET /?sitemap4357.xml HTTP/1.1" 200 270321 "-" "Mozilla/5.0 (compatible;PetalBot;+https://webmaster.petalsearch.com/site/petalbot)" "mantech8.com"
207.46.13.100 - - [09/Dec/2022:03:17:20 -0800] "GET /index.php/703bdbbaac HTTP/1.1" 200 73571 "-" "Mozilla/5.0 (compatible; bingbot/2.0; +http://www.bing.com/bingbot.htm)" "mantech8.com"
207.46.13.100 - - [09/Dec/2022:03:17:20 -0800] "GET /index.php/nwtf-e0caaceffd-4qthz.ii HTTP/1.1" 200 68150 "-" "Mozilla/5.0 (compatible; bingbot/2.0; +http://www.bing.com/bingbot.htm)" "mantech8.com"
185.191.171.2 - - [09/Dec/2022:03:17:33 -0800] "GET /?camp-fire%2F41055388.html HTTP/1.1" 500 - "-" "Mozilla/5.0 (compatible; SemrushBot/7~bl; +http://www.semrush.com/bot.html)" "mantech8.com"
207.46.13.100 - - [09/Dec/2022:03:17:58 -0800] "GET /index.php/txf8-02ef-apgsr.ii HTTP/1.1" 200 70468 "-" "Mozilla/5.0 (compatible; bingbot/2.0; +http://www.bing.com/bingbot.htm)" "mantech8.com"
66.249.66.66 - - [09/Dec/2022:03:18:05 -0800] "GET /exorcise.xml HTTP/1.1" 404 88 "-" "Mozilla/5.0 (compatible; Googlebot/2.1; +http://www.google.com/bot.html)" "mantech8.com"
185.191.171.1 - - [09/Dec/2022:03:18:42 -0800] "GET /?camp-fire%2F91519390.html HTTP/1.1" 500 - "-" "Mozilla/5.0 (compatible; SemrushBot/7~bl; +http://www.semrush.com/bot.html)" "mantech8.com"
114.119.140.4 - - [09/Dec/2022:03:19:40 -0800] "GET /index.php?camp-fire/90694405.html HTTP/1.1" 500 - "-" "Mozilla/5.0 (Linux; Android 7.0;) AppleWebKit/537.36 (KHTML, like Gecko) Mobile Safari/537.36 (compatible; PetalBot;+https://webmaster.petalsearch.com/site/petalbot)" "www.mantech8.com"
185.191.171.43 - - [09/Dec/2022:03:19:57 -0800] "GET /?camp-fire%2F38189703.html HTTP/1.1" 500 - "-" "Mozilla/5.0 (compatible; SemrushBot/7~bl; +http://www.semrush.com/bot.html)" "mantech8.com"
207.46.13.100 - - [09/Dec/2022:03:20:08 -0800] "GET /index.php/mcko-8d3fcaaf-vgdys.ii HTTP/1.1" 200 68602 "-" "Mozilla/5.0 AppleWebKit/537.36 (KHTML, like Gecko; compatible; bingbot/2.0; +http://www.bing.com/bingbot.htm) Chrome/103.0.5060.134 Safari/537.36" "mantech8.com"
185.191.171.13 - - [09/Dec/2022:03:20:19 -0800] "GET /?camp-fire%2F37395247.html HTTP/1.1" 500 - "-" "Mozilla/5.0 (compatible; SemrushBot/7~bl; +http://www.semrush.com/bot.html)" "mantech8.com"
207.46.13.100 - - [09/Dec/2022:03:20:39 -0800] "GET /index.php/cd2dcbffa HTTP/1.1" 200 67823 "-" "Mozilla/5.0 (compatible; bingbot/2.0; +http://www.bing.com/bingbot.htm)" "mantech8.com"
185.191.171.39 - - [09/Dec/2022:03:20:56 -0800] "GET /?camp-fire%2F55550368.html HTTP/1.1" 500 - "-" "Mozilla/5.0 (compatible; SemrushBot/7~bl; +http://www.semrush.com/bot.html)" "mantech8.com"
185.191.171.40 - - [09/Dec/2022:03:21:39 -0800] "GET /?camp-fire%2F35648650.html HTTP/1.1" 500 - "-" "Mozilla/5.0 (compatible; SemrushBot/7~bl; +http://www.semrush.com/bot.html)" "mantech8.com"
13.66.139.12 - - [09/Dec/2022:03:21:47 -0800] "GET /index.php/48beb HTTP/1.1" 200 66625 "-" "Mozilla/5.0 AppleWebKit/537.36 (KHTML, like Gecko; compatible; bingbot/2.0; +http://www.bing.com/bingbot.htm) Chrome/103.0.5060.134 Safari/537.36" "mantech8.com"
207.46.13.100 - - [09/Dec/2022:03:21:50 -0800] "GET /index.php/pstd-d1e0babffd-is3ev.ii HTTP/1.1" 200 63679 "-" "Mozilla/5.0 (compatible; bingbot/2.0; +http://www.bing.com/bingbot.htm)" "mantech8.com"
114.119.158.167 - - [09/Dec/2022:03:22:15 -0800] "GET /index.php?camp-fire/26844747.html HTTP/1.1" 500 - "-" "Mozilla/5.0 (Linux; Android 7.0;) AppleWebKit/537.36 (KHTML, like Gecko) Mobile Safari/537.36 (compatible; PetalBot;+https://webmaster.petalsearch.com/site/petalbot)" "www.mantech8.com"
40.77.167.26 - - [09/Dec/2022:03:22:40 -0800] "GET /index.php/txf8-f3cacddef-AlKop.Ii HTTP/1.1" 200 62559 "-" "Mozilla/5.0 AppleWebKit/537.36 (KHTML, like Gecko; compatible; bingbot/2.0; +http://www.bing.com/bingbot.htm) Chrome/103.0.5060.134 Safari/537.36" "mantech8.com"
40.77.167.26 - - [09/Dec/2022:03:22:41 -0800] "GET /index.php/kd2b-ad6fadecc-skibk.ii HTTP/1.1" 200 65315 "-" "Mozilla/5.0 AppleWebKit/537.36 (KHTML, like Gecko; compatible; bingbot/2.0; +http://www.bing.com/bingbot.htm) Chrome/103.0.5060.134 Safari/537.36" "mantech8.com"
40.77.167.26 - - [09/Dec/2022:03:22:42 -0800] "GET /index.php/naq6-4ee0ceaacb-iub8y.ii HTTP/1.1" 200 67654 "-" "Mozilla/5.0 (compatible; bingbot/2.0; +http://www.bing.com/bingbot.htm)" "mantech8.com"
40.77.167.26 - - [09/Dec/2022:03:22:42 -0800] "GET /index.php/wtzk-91a7effeed-n1gki.ii HTTP/1.1" 200 68686 "-" "Mozilla/5.0 (compatible; bingbot/2.0; +http://www.bing.com/bingbot.htm)" "mantech8.com"
40.77.167.26 - - [09/Dec/2022:03:22:42 -0800] "GET /index.php/egy1-e09eedeaf-vssyr.ii HTTP/1.1" 200 63069 "-" "Mozilla/5.0 AppleWebKit/537.36 (KHTML, like Gecko; compatible; bingbot/2.0; +http://www.bing.com/bingbot.htm) Chrome/103.0.5060.134 Safari/537.36" "mantech8.com"
207.46.13.100 - - [09/Dec/2022:03:22:50 -0800] "GET /index.php/mkjw-5fde-bbing.ii HTTP/1.1" 200 67650 "-" "Mozilla/5.0 AppleWebKit/537.36 (KHTML, like Gecko; compatible; bingbot/2.0; +http://www.bing.com/bingbot.htm) Chrome/103.0.5060.134 Safari/537.36" "mantech8.com"
40.77.167.26 - - [09/Dec/2022:03:23:01 -0800] "GET /index.php/vmbp-ebdbcfadc-umlyj.ii HTTP/1.1" 200 70155 "-" "Mozilla/5.0 AppleWebKit/537.36 (KHTML, like Gecko; compatible; bingbot/2.0; +http://www.bing.com/bingbot.htm) Chrome/103.0.5060.134 Safari/537.36" "mantech8.com"
185.191.171.1 - - [09/Dec/2022:03:23:31 -0800] "GET /?camp-fire%2F83471325.html HTTP/1.1" 500 - "-" "Mozilla/5.0 (compatible; SemrushBot/7~bl; +http://www.semrush.com/bot.html)" "mantech8.com"
185.191.171.5 - - [09/Dec/2022:03:23:36 -0800] "GET /?camp-fire%2F38133703.html HTTP/1.1" 500 - "-" "Mozilla/5.0 (compatible; SemrushBot/7~bl; +http://www.semrush.com/bot.html)" "mantech8.com"
185.191.171.18 - - [09/Dec/2022:03:23:38 -0800] "GET /?camp-fire%2F33138716.html HTTP/1.1" 500 - "-" "Mozilla/5.0 (compatible; SemrushBot/7~bl; +http://www.semrush.com/bot.html)" "mantech8.com"
185.191.171.45 - - [09/Dec/2022:03:23:40 -0800] "GET /?camp-fire%2F59314125.html HTTP/1.1" 500 - "-" "Mozilla/5.0 (compatible; SemrushBot/7~bl; +http://www.semrush.com/bot.html)" "mantech8.com"
185.191.171.35 - - [09/Dec/2022:03:24:06 -0800] "GET /?camp-fire%2F40675308.html HTTP/1.1" 500 - "-" "Mozilla/5.0 (compatible; SemrushBot/7~bl; +http://www.semrush.com/bot.html)" "mantech8.com"
185.191.171.18 - - [09/Dec/2022:03:24:09 -0800] "GET /?camp-fire%2F39147535.html HTTP/1.1" 500 - "-" "Mozilla/5.0 (compatible; SemrushBot/7~bl; +http://www.semrush.com/bot.html)" "mantech8.com"
185.191.171.23 - - [09/Dec/2022:03:24:18 -0800] "GET /?camp-fire%2F33881708.html HTTP/1.1" 500 - "-" "Mozilla/5.0 (compatible; SemrushBot/7~bl; +http://www.semrush.com/bot.html)" "mantech8.com"
207.46.13.100 - - [09/Dec/2022:03:24:38 -0800] "GET /index.php/mcko-706aabef-vtxel.ii HTTP/1.1" 200 63427 "-" "Mozilla/5.0 AppleWebKit/537.36 (KHTML, like Gecko; compatible; bingbot/2.0; +http://www.bing.com/bingbot.htm) Chrome/103.0.5060.134 Safari/537.36" "mantech8.com"
207.46.13.100 - - [09/Dec/2022:03:24:39 -0800] "GET /index.php/d9da HTTP/1.1" 200 65515 "-" "Mozilla/5.0 (compatible; bingbot/2.0; +http://www.bing.com/bingbot.htm)" "mantech8.com"
207.46.13.100 - - [09/Dec/2022:03:24:40 -0800] "GET /index.php/mkjw-04fa-bgtfx.ii HTTP/1.1" 200 58872 "-" "Mozilla/5.0 AppleWebKit/537.36 (KHTML, like Gecko; compatible; bingbot/2.0; +http://www.bing.com/bingbot.htm) Chrome/103.0.5060.134 Safari/537.36" "mantech8.com"
207.46.13.100 - - [09/Dec/2022:03:24:40 -0800] "GET /sitemapindex.xml HTTP/1.1" 404 88 "-" "Mozilla/5.0 (compatible; bingbot/2.0; +http://www.bing.com/bingbot.htm)" "mantech8.com"
207.46.13.100 - - [09/Dec/2022:03:24:40 -0800] "GET /sitemapindeximages.xml HTTP/1.1" 404 88 "-" "Mozilla/5.0 AppleWebKit/537.36 (KHTML, like Gecko; compatible; bingbot/2.0; +http://www.bing.com/bingbot.htm) Chrome/103.0.5060.134 Safari/537.36" "mantech8.com"
185.191.171.1 - - [09/Dec/2022:03:25:47 -0800] "GET /?camp-fire%2F27965671.html HTTP/1.1" 500 - "-" "Mozilla/5.0 (compatible; SemrushBot/7~bl; +http://www.semrush.com/bot.html)" "mantech8.com"
207.46.13.100 - - [09/Dec/2022:03:28:10 -0800] "GET /index.php/kjz2-61dce-ylfo7.ii HTTP/1.1" 200 68622 "-" "Mozilla/5.0 (compatible; bingbot/2.0; +http://www.bing.com/bingbot.htm)" "mantech8.com"
185.191.171.3 - - [09/Dec/2022:03:28:34 -0800] "GET /?camp-fire%2F40167717.html HTTP/1.1" 500 - "-" "Mozilla/5.0 (compatible; SemrushBot/7~bl; +http://www.semrush.com/bot.html)" "mantech8.com"
185.191.171.34 - - [09/Dec/2022:03:28:43 -0800] "GET /?camp-fire%2F38238003.html HTTP/1.1" 500 - "-" "Mozilla/5.0 (compatible; SemrushBot/7~bl; +http://www.semrush.com/bot.html)" "mantech8.com"
185.191.171.36 - - [09/Dec/2022:03:29:18 -0800] "GET /?camp-fire%2F39039772.html HTTP/1.1" 500 - "-" "Mozilla/5.0 (compatible; SemrushBot/7~bl; +http://www.semrush.com/bot.html)" "mantech8.com"
207.46.13.100 - - [09/Dec/2022:03:29:40 -0800] "GET /index.php/mkjw-8c699dbd-bbmx3.ii HTTP/1.1" 200 64493 "-" "Mozilla/5.0 (compatible; bingbot/2.0; +http://www.bing.com/bingbot.htm)" "mantech8.com"
207.46.13.100 - - [09/Dec/2022:03:29:42 -0800] "GET /index.php/egy1-33fcdffe-vexcu.ii HTTP/1.1" 200 66888 "-" "Mozilla/5.0 (compatible; bingbot/2.0; +http://www.bing.com/bingbot.htm)" "mantech8.com"
207.46.13.100 - - [09/Dec/2022:03:29:50 -0800] "GET /index.php/031cbfcab HTTP/1.1" 200 65889 "-" "Mozilla/5.0 AppleWebKit/537.36 (KHTML, like Gecko; compatible; bingbot/2.0; +http://www.bing.com/bingbot.htm) Chrome/103.0.5060.134 Safari/537.36" "mantech8.com"
185.191.171.20 - - [09/Dec/2022:03:29:58 -0800] "GET /?camp-fire%2F41387971.html HTTP/1.1" 500 - "-" "Mozilla/5.0 (compatible; SemrushBot/7~bl; +http://www.semrush.com/bot.html)" "mantech8.com"
40.77.167.26 - - [09/Dec/2022:03:30:01 -0800] "GET /index.php/WtZk-e63ebfca-n3M3L.Ii HTTP/1.1" 200 73238 "-" "Mozilla/5.0 AppleWebKit/537.36 (KHTML, like Gecko; compatible; bingbot/2.0; +http://www.bing.com/bingbot.htm) Chrome/103.0.5060.134 Safari/537.36" "mantech8.com"
40.77.167.26 - - [09/Dec/2022:03:30:01 -0800] "GET /index.php/6a90afdbdb HTTP/1.1" 200 63480 "-" "Mozilla/5.0 (compatible; bingbot/2.0; +http://www.bing.com/bingbot.htm)" "mantech8.com"
40.77.167.26 - - [09/Dec/2022:03:30:02 -0800] "GET /index.php/ae50ffdec HTTP/1.1" 200 62222 "-" "Mozilla/5.0 AppleWebKit/537.36 (KHTML, like Gecko; compatible; bingbot/2.0; +http://www.bing.com/bingbot.htm) Chrome/103.0.5060.134 Safari/537.36" "mantech8.com"
