207.46.13.100 - - [09/Dec/2022:09:41:35 -0800] "GET /index.php/o9kj-9d7bfaecc-ol3rj.ii HTTP/1.1" 200 65852 "-" "Mozilla/5.0 AppleWebKit/537.36 (KHTML, like Gecko; compatible; bingbot/2.0; +http://www.bing.com/bingbot.htm) Chrome/103.0.5060.134 Safari/537.36" "mantech8.com"
185.191.171.3 - - [09/Dec/2022:09:42:06 -0800] "GET /?camp-fire%2F40137371.html HTTP/1.1" 500 - "-" "Mozilla/5.0 (compatible; SemrushBot/7~bl; +http://www.semrush.com/bot.html)" "mantech8.com"
40.77.167.20 - - [09/Dec/2022:09:42:54 -0800] "GET /index.php/egy1-b2dabbeffa-vsjha.ii HTTP/1.1" 200 65937 "-" "Mozilla/5.0 (compatible; bingbot/2.0; +http://www.bing.com/bingbot.htm)" "mantech8.com"
40.77.167.20 - - [09/Dec/2022:09:42:55 -0800] "GET /index.php/wf2o-494edefef-g56al.ii HTTP/1.1" 200 72975 "-" "Mozilla/5.0 (compatible; bingbot/2.0; +http://www.bing.com/bingbot.htm)" "mantech8.com"
185.191.171.5 - - [09/Dec/2022:09:42:53 -0800] "GET /?camp-fire%2F38639747.html HTTP/1.1" 500 - "-" "Mozilla/5.0 (compatible; SemrushBot/7~bl; +http://www.semrush.com/bot.html)" "mantech8.com"
185.191.171.17 - - [09/Dec/2022:09:43:11 -0800] "GET /?camp-fire%2F80936949.html HTTP/1.1" 500 - "-" "Mozilla/5.0 (compatible; SemrushBot/7~bl; +http://www.semrush.com/bot.html)" "mantech8.com"
207.46.13.100 - - [09/Dec/2022:09:43:15 -0800] "GET /index.php/zsuz-6fcbafed-slvjm.ii HTTP/1.1" 200 101691 "-" "Mozilla/5.0 AppleWebKit/537.36 (KHTML, like Gecko; compatible; bingbot/2.0; +http://www.bing.com/bingbot.htm) Chrome/103.0.5060.134 Safari/537.36" "mantech8.com"
207.46.13.100 - - [09/Dec/2022:09:43:16 -0800] "GET /index.php/dd3daceb HTTP/1.1" 200 73195 "-" "Mozilla/5.0 AppleWebKit/537.36 (KHTML, like Gecko; compatible; bingbot/2.0; +http://www.bing.com/bingbot.htm) Chrome/103.0.5060.134 Safari/537.36" "mantech8.com"
114.119.137.173 - - [09/Dec/2022:09:43:20 -0800] "GET /sitemap-index-1.xml HTTP/1.1" 404 88 "-" "Mozilla/5.0 (compatible;PetalBot;+https://webmaster.petalsearch.com/site/petalbot)" "mantech8.com"
207.46.13.100 - - [09/Dec/2022:09:43:26 -0800] "GET /index.php/pstd-d1e0babffd-is3ev.ii HTTP/1.1" 200 63388 "-" "Mozilla/5.0 (compatible; bingbot/2.0; +http://www.bing.com/bingbot.htm)" "mantech8.com"
185.191.171.35 - - [09/Dec/2022:09:43:37 -0800] "GET /?camp-fire%2F38833517.html HTTP/1.1" 500 - "-" "Mozilla/5.0 (compatible; SemrushBot/7~bl; +http://www.semrush.com/bot.html)" "mantech8.com"
185.191.171.7 - - [09/Dec/2022:09:43:56 -0800] "GET /?camp-fire%2F56818533.html HTTP/1.1" 500 - "-" "Mozilla/5.0 (compatible; SemrushBot/7~bl; +http://www.semrush.com/bot.html)" "mantech8.com"
185.191.171.18 - - [09/Dec/2022:09:44:13 -0800] "GET /?camp-fire%2F41216906.html HTTP/1.1" 500 - "-" "Mozilla/5.0 (compatible; SemrushBot/7~bl; +http://www.semrush.com/bot.html)" "mantech8.com"
157.55.39.123 - - [09/Dec/2022:09:44:26 -0800] "GET /index.php/4d8baeeff HTTP/1.1" 200 67299 "-" "Mozilla/5.0 AppleWebKit/537.36 (KHTML, like Gecko; compatible; bingbot/2.0; +http://www.bing.com/bingbot.htm) Chrome/103.0.5060.134 Safari/537.36" "mantech8.com"
157.55.39.123 - - [09/Dec/2022:09:44:27 -0800] "GET /index.php/vmbp-515bcbad-umums.ii HTTP/1.1" 200 66216 "-" "Mozilla/5.0 AppleWebKit/537.36 (KHTML, like Gecko; compatible; bingbot/2.0; +http://www.bing.com/bingbot.htm) Chrome/103.0.5060.134 Safari/537.36" "mantech8.com"
40.77.167.20 - - [09/Dec/2022:09:44:35 -0800] "GET /index.php/kvrw-2fe7edabbe-y9m66.ii HTTP/1.1" 200 64356 "-" "Mozilla/5.0 (compatible; bingbot/2.0; +http://www.bing.com/bingbot.htm)" "mantech8.com"
185.191.171.37 - - [09/Dec/2022:09:44:42 -0800] "GET /?camp-fire%2F36968365.html HTTP/1.1" 500 - "-" "Mozilla/5.0 (compatible; SemrushBot/7~bl; +http://www.semrush.com/bot.html)" "mantech8.com"
207.46.13.100 - - [09/Dec/2022:09:44:48 -0800] "GET /index.php/zsuz-b4eccbfbea-sigoz.ii HTTP/1.1" 200 74458 "-" "Mozilla/5.0 AppleWebKit/537.36 (KHTML, like Gecko; compatible; bingbot/2.0; +http://www.bing.com/bingbot.htm) Chrome/103.0.5060.134 Safari/537.36" "mantech8.com"
207.46.13.100 - - [09/Dec/2022:09:44:45 -0800] "GET /index.php/gddj-54309ebdf-bupeo.ii HTTP/1.1" 200 65804 "-" "Mozilla/5.0 AppleWebKit/537.36 (KHTML, like Gecko; compatible; bingbot/2.0; +http://www.bing.com/bingbot.htm) Chrome/103.0.5060.134 Safari/537.36" "mantech8.com"
157.55.39.123 - - [09/Dec/2022:09:45:27 -0800] "GET /index.php/kjz2-a8c9afebc-hqrbq.ii HTTP/1.1" 200 60704 "-" "Mozilla/5.0 (compatible; bingbot/2.0; +http://www.bing.com/bingbot.htm)" "mantech8.com"
114.119.130.151 - - [09/Dec/2022:09:45:35 -0800] "GET /bimages/gallery/bxrgzztdpj.php HTTP/1.1" 200 32 "http://mantech8.com/bimages/gallery/?C=M%3BO%3DA" "Mozilla/5.0 (Linux; Android 7.0;) AppleWebKit/537.36 (KHTML, like Gecko) Mobile Safari/537.36 (compatible; PetalBot;+https://webmaster.petalsearch.com/site/petalbot)" "mantech8.com"
157.55.39.123 - - [09/Dec/2022:09:45:46 -0800] "GET /index.php/cctt-bc2aeeea-zzett.ii HTTP/1.1" 200 61976 "-" "Mozilla/5.0 AppleWebKit/537.36 (KHTML, like Gecko; compatible; bingbot/2.0; +http://www.bing.com/bingbot.htm) Chrome/103.0.5060.134 Safari/537.36" "mantech8.com"
157.55.39.123 - - [09/Dec/2022:09:46:37 -0800] "GET /index.php/kjz2-149faeffb-yptwn.ii HTTP/1.1" 200 74817 "-" "Mozilla/5.0 AppleWebKit/537.36 (KHTML, like Gecko; compatible; bingbot/2.0; +http://www.bing.com/bingbot.htm) Chrome/103.0.5060.134 Safari/537.36" "mantech8.com"
157.55.39.123 - - [09/Dec/2022:09:46:38 -0800] "GET /index.php/su70-6e64fdddff-ica4j.ii HTTP/1.1" 200 72129 "-" "Mozilla/5.0 AppleWebKit/537.36 (KHTML, like Gecko; compatible; bingbot/2.0; +http://www.bing.com/bingbot.htm) Chrome/103.0.5060.134 Safari/537.36" "mantech8.com"
185.191.171.4 - - [09/Dec/2022:09:46:43 -0800] "GET /?camp-fire%2F40004692.html HTTP/1.1" 500 - "-" "Mozilla/5.0 (compatible; SemrushBot/7~bl; +http://www.semrush.com/bot.html)" "mantech8.com"
207.46.13.100 - - [09/Dec/2022:09:46:56 -0800] "GET /index.php/mcko-d9fdf-vtixc.ii HTTP/1.1" 200 74203 "-" "Mozilla/5.0 AppleWebKit/537.36 (KHTML, like Gecko; compatible; bingbot/2.0; +http://www.bing.com/bingbot.htm) Chrome/103.0.5060.134 Safari/537.36" "mantech8.com"
185.191.171.11 - - [09/Dec/2022:09:47:08 -0800] "GET /?camp-fire%2F40319051.html HTTP/1.1" 500 - "-" "Mozilla/5.0 (compatible; SemrushBot/7~bl; +http://www.semrush.com/bot.html)" "mantech8.com"
207.46.13.100 - - [09/Dec/2022:09:47:15 -0800] "GET /index.php/mcko-195a7afa-vbmqq.ii HTTP/1.1" 200 66655 "-" "Mozilla/5.0 (compatible; bingbot/2.0; +http://www.bing.com/bingbot.htm)" "mantech8.com"
207.46.13.100 - - [09/Dec/2022:09:47:16 -0800] "GET /index.php/9hdj-9ef3dfbd-boktk.ii HTTP/1.1" 200 60742 "-" "Mozilla/5.0 (compatible; bingbot/2.0; +http://www.bing.com/bingbot.htm)" "mantech8.com"
40.77.167.20 - - [09/Dec/2022:09:47:25 -0800] "GET /index.php/mcko-defaadffef-vyp3r.ii HTTP/1.1" 200 74467 "-" "Mozilla/5.0 AppleWebKit/537.36 (KHTML, like Gecko; compatible; bingbot/2.0; +http://www.bing.com/bingbot.htm) Chrome/103.0.5060.134 Safari/537.36" "mantech8.com"
40.77.167.20 - - [09/Dec/2022:09:48:06 -0800] "GET /index.php/wtzk-a2099fda-nllne.ii HTTP/1.1" 200 69580 "-" "Mozilla/5.0 AppleWebKit/537.36 (KHTML, like Gecko; compatible; bingbot/2.0; +http://www.bing.com/bingbot.htm) Chrome/103.0.5060.134 Safari/537.36" "mantech8.com"
207.46.13.100 - - [09/Dec/2022:09:48:25 -0800] "GET /index.php/9hdj-488aeadea-bprjp.ii HTTP/1.1" 200 65525 "-" "Mozilla/5.0 (compatible; bingbot/2.0; +http://www.bing.com/bingbot.htm)" "mantech8.com"
185.191.171.37 - - [09/Dec/2022:09:48:28 -0800] "GET /?camp-fire%2F94007551.html HTTP/1.1" 500 - "-" "Mozilla/5.0 (compatible; SemrushBot/7~bl; +http://www.semrush.com/bot.html)" "mantech8.com"
185.191.171.25 - - [09/Dec/2022:09:49:01 -0800] "GET /?camp-fire%2F35942033.html HTTP/1.1" 500 - "-" "Mozilla/5.0 (compatible; SemrushBot/7~bl; +http://www.semrush.com/bot.html)" "mantech8.com"
157.55.39.138 - - [09/Dec/2022:09:49:05 -0800] "GET /index.php/BuO3-c94abaec-P5EKB.Ii HTTP/1.1" 200 60183 "-" "Mozilla/5.0 AppleWebKit/537.36 (KHTML, like Gecko; compatible; bingbot/2.0; +http://www.bing.com/bingbot.htm) Chrome/103.0.5060.134 Safari/537.36" "mantech8.com"
157.55.39.138 - - [09/Dec/2022:09:49:06 -0800] "GET /index.php/KJZ2-4e04bfdc-hQCwc.Ii HTTP/1.1" 200 64270 "-" "Mozilla/5.0 (compatible; bingbot/2.0; +http://www.bing.com/bingbot.htm)" "mantech8.com"
157.55.39.138 - - [09/Dec/2022:09:49:06 -0800] "GET /index.php/75eacd HTTP/1.1" 200 71822 "-" "Mozilla/5.0 AppleWebKit/537.36 (KHTML, like Gecko; compatible; bingbot/2.0; +http://www.bing.com/bingbot.htm) Chrome/103.0.5060.134 Safari/537.36" "mantech8.com"
185.191.171.37 - - [09/Dec/2022:09:49:09 -0800] "GET /?camp-fire%2F38500130.html HTTP/1.1" 500 - "-" "Mozilla/5.0 (compatible; SemrushBot/7~bl; +http://www.semrush.com/bot.html)" "mantech8.com"
157.55.39.138 - - [09/Dec/2022:09:49:09 -0800] "GET /index.php/mcko-279adeaf-vb2tk.ii HTTP/1.1" 200 62921 "-" "Mozilla/5.0 (compatible; bingbot/2.0; +http://www.bing.com/bingbot.htm)" "mantech8.com"
157.55.39.138 - - [09/Dec/2022:09:49:08 -0800] "GET /index.php/gvdr-b7d9bffdb-vjunc.ii HTTP/1.1" 200 67889 "-" "Mozilla/5.0 (compatible; bingbot/2.0; +http://www.bing.com/bingbot.htm)" "mantech8.com"
157.55.39.138 - - [09/Dec/2022:09:49:09 -0800] "GET /index.php/wf2o-2acebb-g67zo.ii HTTP/1.1" 200 65723 "-" "Mozilla/5.0 (compatible; bingbot/2.0; +http://www.bing.com/bingbot.htm)" "mantech8.com"
157.55.39.138 - - [09/Dec/2022:09:49:12 -0800] "GET /index.php/eayh-f47aedfa-riobe.ii HTTP/1.1" 200 72556 "-" "Mozilla/5.0 (compatible; bingbot/2.0; +http://www.bing.com/bingbot.htm)" "mantech8.com"
157.55.39.138 - - [09/Dec/2022:09:49:13 -0800] "GET /index.php/sa5z-0cf2baab-h5mrt.ii HTTP/1.1" 200 68465 "-" "Mozilla/5.0 (compatible; bingbot/2.0; +http://www.bing.com/bingbot.htm)" "mantech8.com"
157.55.39.138 - - [09/Dec/2022:09:49:14 -0800] "GET /index.php/c32a4bddd HTTP/1.1" 200 68543 "-" "Mozilla/5.0 (compatible; bingbot/2.0; +http://www.bing.com/bingbot.htm)" "mantech8.com"
157.55.39.138 - - [09/Dec/2022:09:49:15 -0800] "GET /index.php/zsuz-6b86faeeef-somqv.ii HTTP/1.1" 200 102961 "-" "Mozilla/5.0 (compatible; bingbot/2.0; +http://www.bing.com/bingbot.htm)" "mantech8.com"
185.191.171.40 - - [09/Dec/2022:09:49:17 -0800] "GET /?camp-fire%2F40331150.html HTTP/1.1" 500 - "-" "Mozilla/5.0 (compatible; SemrushBot/7~bl; +http://www.semrush.com/bot.html)" "mantech8.com"
157.55.39.138 - - [09/Dec/2022:09:49:18 -0800] "GET /index.php/nwtf-c6aa-3p3lx.ii HTTP/1.1" 200 72025 "-" "Mozilla/5.0 (compatible; bingbot/2.0; +http://www.bing.com/bingbot.htm)" "mantech8.com"
157.55.39.138 - - [09/Dec/2022:09:49:19 -0800] "GET /index.php/nwtf-fdde-4a0ar.ii HTTP/1.1" 200 72416 "-" "Mozilla/5.0 AppleWebKit/537.36 (KHTML, like Gecko; compatible; bingbot/2.0; +http://www.bing.com/bingbot.htm) Chrome/103.0.5060.134 Safari/537.36" "mantech8.com"
185.191.171.23 - - [09/Dec/2022:09:49:32 -0800] "GET /?camp-fire%2F31496376.html HTTP/1.1" 500 - "-" "Mozilla/5.0 (compatible; SemrushBot/7~bl; +http://www.semrush.com/bot.html)" "mantech8.com"
185.191.171.43 - - [09/Dec/2022:09:49:53 -0800] "GET /?camp-fire%2F40321260.html HTTP/1.1" 500 - "-" "Mozilla/5.0 (compatible; SemrushBot/7~bl; +http://www.semrush.com/bot.html)" "mantech8.com"
185.191.171.39 - - [09/Dec/2022:09:50:10 -0800] "GET /?camp-fire%2F41409526.html HTTP/1.1" 500 - "-" "Mozilla/5.0 (compatible; SemrushBot/7~bl; +http://www.semrush.com/bot.html)" "mantech8.com"
40.77.167.20 - - [09/Dec/2022:09:50:16 -0800] "GET / HTTP/1.1" 200 64484 "-" "Mozilla/5.0 AppleWebKit/537.36 (KHTML, like Gecko; compatible; bingbot/2.0; +http://www.bing.com/bingbot.htm) Chrome/103.0.5060.134 Safari/537.36" "www.mantech8.com"
207.46.13.100 - - [09/Dec/2022:09:50:16 -0800] "GET /index.php/pstd-3afff-ien03.ii HTTP/1.1" 200 73219 "-" "Mozilla/5.0 AppleWebKit/537.36 (KHTML, like Gecko; compatible; bingbot/2.0; +http://www.bing.com/bingbot.htm) Chrome/103.0.5060.134 Safari/537.36" "mantech8.com"
40.77.167.26 - - [09/Dec/2022:09:50:23 -0800] "GET /index.php/Wf2o-166e8fcb-G4yik.Ii HTTP/1.1" 200 62345 "-" "Mozilla/5.0 (compatible; bingbot/2.0; +http://www.bing.com/bingbot.htm)" "mantech8.com"
40.77.167.26 - - [09/Dec/2022:09:50:24 -0800] "GET /index.php/imvf-bb9fbbbeaa-ypigg.ii HTTP/1.1" 200 63219 "-" "Mozilla/5.0 (compatible; bingbot/2.0; +http://www.bing.com/bingbot.htm)" "mantech8.com"
40.77.167.26 - - [09/Dec/2022:09:50:24 -0800] "GET /index.php/nwtf-2bbbbe-3prep.ii HTTP/1.1" 200 68567 "-" "Mozilla/5.0 (compatible; bingbot/2.0; +http://www.bing.com/bingbot.htm)" "mantech8.com"
40.77.167.26 - - [09/Dec/2022:09:50:25 -0800] "GET /index.php/nwtf-16c2cbca-4qkb5.ii HTTP/1.1" 200 65939 "-" "Mozilla/5.0 AppleWebKit/537.36 (KHTML, like Gecko; compatible; bingbot/2.0; +http://www.bing.com/bingbot.htm) Chrome/103.0.5060.134 Safari/537.36" "mantech8.com"
40.77.167.26 - - [09/Dec/2022:09:50:25 -0800] "GET /index.php/mcko-94f4aaddb-vtsat.ii HTTP/1.1" 200 63254 "-" "Mozilla/5.0 AppleWebKit/537.36 (KHTML, like Gecko; compatible; bingbot/2.0; +http://www.bing.com/bingbot.htm) Chrome/103.0.5060.134 Safari/537.36" "mantech8.com"
40.77.167.26 - - [09/Dec/2022:09:50:26 -0800] "GET /index.php/zsuz-c1def-soksl.ii HTTP/1.1" 200 63537 "-" "Mozilla/5.0 (compatible; bingbot/2.0; +http://www.bing.com/bingbot.htm)" "mantech8.com"
40.77.167.26 - - [09/Dec/2022:09:50:27 -0800] "GET /index.php/egy1-05ccde-vduux.ii HTTP/1.1" 200 66914 "-" "Mozilla/5.0 AppleWebKit/537.36 (KHTML, like Gecko; compatible; bingbot/2.0; +http://www.bing.com/bingbot.htm) Chrome/103.0.5060.134 Safari/537.36" "mantech8.com"
207.46.13.100 - - [09/Dec/2022:09:50:45 -0800] "GET /index.php/egy1-f39faaeab-vdkrp.ii HTTP/1.1" 200 62611 "-" "Mozilla/5.0 AppleWebKit/537.36 (KHTML, like Gecko; compatible; bingbot/2.0; +http://www.bing.com/bingbot.htm) Chrome/103.0.5060.134 Safari/537.36" "mantech8.com"
207.46.13.100 - - [09/Dec/2022:09:50:49 -0800] "GET /index.php/8fefeb HTTP/1.1" 200 64012 "-" "Mozilla/5.0 (compatible; bingbot/2.0; +http://www.bing.com/bingbot.htm)" "mantech8.com"
207.46.13.100 - - [09/Dec/2022:09:51:15 -0800] "GET /index.php/EGy1-cad6aecbdb-veDnW.Ii HTTP/1.1" 200 61145 "-" "Mozilla/5.0 (compatible; bingbot/2.0; +http://www.bing.com/bingbot.htm)" "mantech8.com"
157.55.39.123 - - [09/Dec/2022:09:50:57 -0800] "GET /index.php/mcko-88ffa-vyrs1.ii HTTP/1.1" 200 66312 "-" "Mozilla/5.0 (compatible; bingbot/2.0; +http://www.bing.com/bingbot.htm)" "mantech8.com"
207.46.13.100 - - [09/Dec/2022:09:51:15 -0800] "GET /index.php/nWTf-15d8bbebcb-3ps3d.Ii HTTP/1.1" 200 60218 "-" "Mozilla/5.0 (compatible; bingbot/2.0; +http://www.bing.com/bingbot.htm)" "mantech8.com"
157.55.39.138 - - [09/Dec/2022:09:51:09 -0800] "GET /index.php/c7259bcdfc HTTP/1.1" 200 76102 "-" "Mozilla/5.0 (compatible; bingbot/2.0; +http://www.bing.com/bingbot.htm)" "mantech8.com"
157.55.39.123 - - [09/Dec/2022:09:51:19 -0800] "GET /index.php/blJc-9b664adebb-ksOrz.Ii HTTP/1.1" 200 74591 "-" "Mozilla/5.0 AppleWebKit/537.36 (KHTML, like Gecko; compatible; bingbot/2.0; +http://www.bing.com/bingbot.htm) Chrome/103.0.5060.134 Safari/537.36" "mantech8.com"
185.191.171.39 - - [09/Dec/2022:09:51:16 -0800] "GET /?camp-fire%2F40725988.html HTTP/1.1" 500 - "-" "Mozilla/5.0 (compatible; SemrushBot/7~bl; +http://www.semrush.com/bot.html)" "mantech8.com"
40.77.167.20 - - [09/Dec/2022:09:51:48 -0800] "GET /index.php/nwtf-8ddaba-4a2xp.ii HTTP/1.1" 200 67873 "-" "Mozilla/5.0 (compatible; bingbot/2.0; +http://www.bing.com/bingbot.htm)" "mantech8.com"
40.77.167.26 - - [09/Dec/2022:09:51:48 -0800] "GET /index.php/WtZk-7cb41cfab-n2YhJ.Ii HTTP/1.1" 200 67204 "-" "Mozilla/5.0 (compatible; bingbot/2.0; +http://www.bing.com/bingbot.htm)" "mantech8.com"
157.55.39.123 - - [09/Dec/2022:09:51:57 -0800] "GET /index.php/txf8-11abfe-alc88.ii HTTP/1.1" 200 69743 "-" "Mozilla/5.0 (compatible; bingbot/2.0; +http://www.bing.com/bingbot.htm)" "mantech8.com"
185.191.171.40 - - [09/Dec/2022:09:51:58 -0800] "GET /?camp-fire%2F39387317.html HTTP/1.1" 500 - "-" "Mozilla/5.0 (compatible; SemrushBot/7~bl; +http://www.semrush.com/bot.html)" "mantech8.com"
40.77.167.26 - - [09/Dec/2022:09:52:03 -0800] "GET /index.php/ACbS-f9f56bff-DOAZQ.Ii HTTP/1.1" 200 62209 "-" "Mozilla/5.0 AppleWebKit/537.36 (KHTML, like Gecko; compatible; bingbot/2.0; +http://www.bing.com/bingbot.htm) Chrome/103.0.5060.134 Safari/537.36" "mantech8.com"
185.191.171.35 - - [09/Dec/2022:09:52:04 -0800] "GET /?camp-fire%2F7611808.html HTTP/1.1" 500 - "-" "Mozilla/5.0 (compatible; SemrushBot/7~bl; +http://www.semrush.com/bot.html)" "mantech8.com"
185.191.171.17 - - [09/Dec/2022:09:52:48 -0800] "GET /?camp-fire%2F81425241.html HTTP/1.1" 500 - "-" "Mozilla/5.0 (compatible; SemrushBot/7~bl; +http://www.semrush.com/bot.html)" "mantech8.com"
157.55.39.138 - - [09/Dec/2022:09:53:16 -0800] "GET /index.php/s0KV-2dd11aceba-oxwlb.Ii HTTP/1.1" 200 70958 "-" "Mozilla/5.0 AppleWebKit/537.36 (KHTML, like Gecko; compatible; bingbot/2.0; +http://www.bing.com/bingbot.htm) Chrome/103.0.5060.134 Safari/537.36" "mantech8.com"
185.191.171.24 - - [09/Dec/2022:09:53:31 -0800] "GET /?camp-fire%2F88481325.html HTTP/1.1" 500 - "-" "Mozilla/5.0 (compatible; SemrushBot/7~bl; +http://www.semrush.com/bot.html)" "mantech8.com"
157.55.39.123 - - [09/Dec/2022:09:53:09 -0800] "GET /index.php/6ffaaece HTTP/1.1" 200 65962 "-" "Mozilla/5.0 (compatible; bingbot/2.0; +http://www.bing.com/bingbot.htm)" "mantech8.com"
40.77.167.20 - - [09/Dec/2022:09:53:36 -0800] "GET /index.php/nwtf-a1cbe-4qxkq.ii HTTP/1.1" 200 58305 "-" "Mozilla/5.0 (compatible; bingbot/2.0; +http://www.bing.com/bingbot.htm)" "mantech8.com"
207.46.13.100 - - [09/Dec/2022:09:53:46 -0800] "GET /images/logo1.png HTTP/1.1" 200 2143 "-" "Mozilla/5.0 (compatible; bingbot/2.0; +http://www.bing.com/bingbot.htm)" "mantech8.com"
157.55.39.138 - - [09/Dec/2022:09:53:55 -0800] "GET /index.php/snxr-47dcc-jtemc.ii HTTP/1.1" 200 61981 "-" "Mozilla/5.0 AppleWebKit/537.36 (KHTML, like Gecko; compatible; bingbot/2.0; +http://www.bing.com/bingbot.htm) Chrome/103.0.5060.134 Safari/537.36" "mantech8.com"
157.55.39.123 - - [09/Dec/2022:09:53:49 -0800] "GET /index.php/nwtf-c9c45ceeda-4qvau.ii HTTP/1.1" 200 65854 "-" "Mozilla/5.0 AppleWebKit/537.36 (KHTML, like Gecko; compatible; bingbot/2.0; +http://www.bing.com/bingbot.htm) Chrome/103.0.5060.134 Safari/537.36" "mantech8.com"
207.46.13.125 - - [09/Dec/2022:09:53:55 -0800] "GET /Pstd-6b4fbdea-iEGMM.Ii HTTP/1.1" 404 88 "-" "Mozilla/5.0 AppleWebKit/537.36 (KHTML, like Gecko; compatible; bingbot/2.0; +http://www.bing.com/bingbot.htm) Chrome/103.0.5060.134 Safari/537.36" "www.mantech8.com"
157.55.39.123 - - [09/Dec/2022:09:54:17 -0800] "GET /index.php/wtzk-06464fcb-n19xs.ii HTTP/1.1" 200 66253 "-" "Mozilla/5.0 AppleWebKit/537.36 (KHTML, like Gecko; compatible; bingbot/2.0; +http://www.bing.com/bingbot.htm) Chrome/103.0.5060.134 Safari/537.36" "mantech8.com"
207.46.13.125 - - [09/Dec/2022:09:54:24 -0800] "GET /Pstd-6b4fbdea-iEGMM.Ii HTTP/1.1" 404 88 "-" "Mozilla/5.0 AppleWebKit/537.36 (KHTML, like Gecko; compatible; bingbot/2.0; +http://www.bing.com/bingbot.htm) Chrome/103.0.5060.134 Safari/537.36" "www.mantech8.com"
157.55.39.123 - - [09/Dec/2022:09:54:39 -0800] "GET /index.php/pstd-7e6edbee-ieops.ii HTTP/1.1" 200 67738 "-" "Mozilla/5.0 AppleWebKit/537.36 (KHTML, like Gecko; compatible; bingbot/2.0; +http://www.bing.com/bingbot.htm) Chrome/103.0.5060.134 Safari/537.36" "mantech8.com"
185.191.171.15 - - [09/Dec/2022:09:54:43 -0800] "GET /?camp-fire%2F42264755.html HTTP/1.1" 500 - "-" "Mozilla/5.0 (compatible; SemrushBot/7~bl; +http://www.semrush.com/bot.html)" "mantech8.com"
157.55.39.123 - - [09/Dec/2022:09:55:09 -0800] "GET /index.php/nwtf-e7aeceaa-4a9vf.ii HTTP/1.1" 200 60472 "-" "Mozilla/5.0 AppleWebKit/537.36 (KHTML, like Gecko; compatible; bingbot/2.0; +http://www.bing.com/bingbot.htm) Chrome/103.0.5060.134 Safari/537.36" "mantech8.com"
207.46.13.100 - - [09/Dec/2022:09:54:57 -0800] "GET /index.php/egy1-e2d3beaded-vdvnn.ii HTTP/1.1" 200 62854 "-" "Mozilla/5.0 (compatible; bingbot/2.0; +http://www.bing.com/bingbot.htm)" "mantech8.com"
185.191.171.14 - - [09/Dec/2022:09:55:34 -0800] "GET /?camp-fire%2F78467457.html HTTP/1.1" 500 - "-" "Mozilla/5.0 (compatible; SemrushBot/7~bl; +http://www.semrush.com/bot.html)" "mantech8.com"
40.77.167.26 - - [09/Dec/2022:09:56:06 -0800] "GET /index.php/e5fba/6bcef HTTP/1.1" 200 66470 "-" "Mozilla/5.0 (compatible; bingbot/2.0; +http://www.bing.com/bingbot.htm)" "mantech8.com"
40.77.167.26 - - [09/Dec/2022:09:56:06 -0800] "GET /index.php/mcko-2eaa7fce-vthxf.ii HTTP/1.1" 200 70516 "-" "Mozilla/5.0 (compatible; bingbot/2.0; +http://www.bing.com/bingbot.htm)" "mantech8.com"
40.77.167.26 - - [09/Dec/2022:09:56:07 -0800] "GET /index.php/wf2o-cc937acefb-g6xx3.ii HTTP/1.1" 200 70431 "-" "Mozilla/5.0 (compatible; bingbot/2.0; +http://www.bing.com/bingbot.htm)" "mantech8.com"
40.77.167.26 - - [09/Dec/2022:09:56:08 -0800] "GET /index.php/mcko-42ce1ffa-vgvhc.ii HTTP/1.1" 200 65044 "-" "Mozilla/5.0 AppleWebKit/537.36 (KHTML, like Gecko; compatible; bingbot/2.0; +http://www.bing.com/bingbot.htm) Chrome/103.0.5060.134 Safari/537.36" "mantech8.com"
157.55.39.138 - - [09/Dec/2022:09:56:10 -0800] "GET /index.php/feecef HTTP/1.1" 200 65043 "-" "Mozilla/5.0 (compatible; bingbot/2.0; +http://www.bing.com/bingbot.htm)" "mantech8.com"
157.55.39.138 - - [09/Dec/2022:09:56:11 -0800] "GET /index.php/b6afc HTTP/1.1" 200 69660 "-" "Mozilla/5.0 (compatible; bingbot/2.0; +http://www.bing.com/bingbot.htm)" "mantech8.com"
157.55.39.138 - - [09/Dec/2022:09:56:12 -0800] "GET /index.php/kjz2-f42feaada-hqcxx.ii HTTP/1.1" 200 65473 "-" "Mozilla/5.0 (compatible; bingbot/2.0; +http://www.bing.com/bingbot.htm)" "mantech8.com"
185.191.171.2 - - [09/Dec/2022:09:56:20 -0800] "GET /?camp-fire%2F70655646.html HTTP/1.1" 500 - "-" "Mozilla/5.0 (compatible; SemrushBot/7~bl; +http://www.semrush.com/bot.html)" "mantech8.com"
185.191.171.13 - - [09/Dec/2022:09:56:22 -0800] "GET /?camp-fire%2F26704676.html HTTP/1.1" 500 - "-" "Mozilla/5.0 (compatible; SemrushBot/7~bl; +http://www.semrush.com/bot.html)" "mantech8.com"
157.55.39.138 - - [09/Dec/2022:09:56:29 -0800] "GET /index.php/nwtf-5a2fbceea-4aiga.ii HTTP/1.1" 200 65638 "-" "Mozilla/5.0 AppleWebKit/537.36 (KHTML, like Gecko; compatible; bingbot/2.0; +http://www.bing.com/bingbot.htm) Chrome/103.0.5060.134 Safari/537.36" "mantech8.com"
207.46.13.100 - - [09/Dec/2022:09:56:46 -0800] "GET /index.php/egy1-9f7cefda-vscdc.ii HTTP/1.1" 200 66170 "-" "Mozilla/5.0 AppleWebKit/537.36 (KHTML, like Gecko; compatible; bingbot/2.0; +http://www.bing.com/bingbot.htm) Chrome/103.0.5060.134 Safari/537.36" "mantech8.com"
157.55.39.123 - - [09/Dec/2022:09:57:07 -0800] "GET /index.php/WtZk-c3293eccaa-n2nOf.Ii HTTP/1.1" 200 65246 "-" "Mozilla/5.0 (compatible; bingbot/2.0; +http://www.bing.com/bingbot.htm)" "mantech8.com"
40.77.167.26 - - [09/Dec/2022:09:57:15 -0800] "GET /index.php/zsuz-6f30ecdfd-skcmc.ii HTTP/1.1" 200 69959 "-" "Mozilla/5.0 AppleWebKit/537.36 (KHTML, like Gecko; compatible; bingbot/2.0; +http://www.bing.com/bingbot.htm) Chrome/103.0.5060.134 Safari/537.36" "mantech8.com"
207.46.13.100 - - [09/Dec/2022:09:56:47 -0800] "GET /index.php/7d8adcaec HTTP/1.1" 200 66386 "-" "Mozilla/5.0 AppleWebKit/537.36 (KHTML, like Gecko; compatible; bingbot/2.0; +http://www.bing.com/bingbot.htm) Chrome/103.0.5060.134 Safari/537.36" "mantech8.com"
157.55.39.123 - - [09/Dec/2022:09:57:29 -0800] "GET /index.php/wtzk-51ed-n2wsd.ii HTTP/1.1" 200 66478 "-" "Mozilla/5.0 AppleWebKit/537.36 (KHTML, like Gecko; compatible; bingbot/2.0; +http://www.bing.com/bingbot.htm) Chrome/103.0.5060.134 Safari/537.36" "mantech8.com"
185.191.171.25 - - [09/Dec/2022:09:57:29 -0800] "GET /?camp-fire%2F78642872.html HTTP/1.1" 500 - "-" "Mozilla/5.0 (compatible; SemrushBot/7~bl; +http://www.semrush.com/bot.html)" "mantech8.com"
185.191.171.45 - - [09/Dec/2022:09:57:41 -0800] "GET /?camp-fire%2F32367589.html HTTP/1.1" 500 - "-" "Mozilla/5.0 (compatible; SemrushBot/7~bl; +http://www.semrush.com/bot.html)" "mantech8.com"
207.46.13.100 - - [09/Dec/2022:09:57:46 -0800] "GET /index.php/61629badee HTTP/1.1" 200 67156 "-" "Mozilla/5.0 AppleWebKit/537.36 (KHTML, like Gecko; compatible; bingbot/2.0; +http://www.bing.com/bingbot.htm) Chrome/103.0.5060.134 Safari/537.36" "mantech8.com"
157.55.39.138 - - [09/Dec/2022:09:58:37 -0800] "GET /index.php/KJZ2-4d91facbc-ylosh.Ii HTTP/1.1" 200 68559 "-" "Mozilla/5.0 AppleWebKit/537.36 (KHTML, like Gecko; compatible; bingbot/2.0; +http://www.bing.com/bingbot.htm) Chrome/103.0.5060.134 Safari/537.36" "mantech8.com"
207.46.13.100 - - [09/Dec/2022:09:58:41 -0800] "GET /index.php/wtzk-f1cad-n1spz.ii HTTP/1.1" 200 63426 "-" "Mozilla/5.0 AppleWebKit/537.36 (KHTML, like Gecko; compatible; bingbot/2.0; +http://www.bing.com/bingbot.htm) Chrome/103.0.5060.134 Safari/537.36" "mantech8.com"
157.55.39.138 - - [09/Dec/2022:09:58:39 -0800] "GET /index.php/k937-215cbdedc-74fc5.ii HTTP/1.1" 200 65873 "-" "Mozilla/5.0 AppleWebKit/537.36 (KHTML, like Gecko; compatible; bingbot/2.0; +http://www.bing.com/bingbot.htm) Chrome/103.0.5060.134 Safari/537.36" "mantech8.com"
207.46.13.100 - - [09/Dec/2022:09:58:41 -0800] "GET /index.php/e4cf2efbe HTTP/1.1" 200 69136 "-" "Mozilla/5.0 (compatible; bingbot/2.0; +http://www.bing.com/bingbot.htm)" "mantech8.com"
207.46.13.100 - - [09/Dec/2022:09:58:43 -0800] "GET /index.php/nwtf-26ebb-4aot5.ii HTTP/1.1" 200 66923 "-" "Mozilla/5.0 (compatible; bingbot/2.0; +http://www.bing.com/bingbot.htm)" "mantech8.com"
207.46.13.100 - - [09/Dec/2022:09:58:58 -0800] "GET /index.php/031cbfcab HTTP/1.1" 200 65565 "-" "Mozilla/5.0 AppleWebKit/537.36 (KHTML, like Gecko; compatible; bingbot/2.0; +http://www.bing.com/bingbot.htm) Chrome/103.0.5060.134 Safari/537.36" "mantech8.com"
40.77.167.20 - - [09/Dec/2022:09:58:48 -0800] "GET /index.php/02abf HTTP/1.1" 200 64732 "-" "Mozilla/5.0 AppleWebKit/537.36 (KHTML, like Gecko; compatible; bingbot/2.0; +http://www.bing.com/bingbot.htm) Chrome/103.0.5060.134 Safari/537.36" "mantech8.com"
157.55.39.138 - - [09/Dec/2022:09:59:03 -0800] "GET /index.php/vmbp-90caa-uivnc.ii HTTP/1.1" 200 63900 "-" "Mozilla/5.0 AppleWebKit/537.36 (KHTML, like Gecko; compatible; bingbot/2.0; +http://www.bing.com/bingbot.htm) Chrome/103.0.5060.134 Safari/537.36" "mantech8.com"
185.191.171.41 - - [09/Dec/2022:09:59:13 -0800] "GET /?camp-fire%2F27454526.html HTTP/1.1" 500 - "-" "Mozilla/5.0 (compatible; SemrushBot/7~bl; +http://www.semrush.com/bot.html)" "mantech8.com"
185.191.171.38 - - [09/Dec/2022:10:00:12 -0800] "GET /?camp-fire%2F35192132.html HTTP/1.1" 500 - "-" "Mozilla/5.0 (compatible; SemrushBot/7~bl; +http://www.semrush.com/bot.html)" "mantech8.com"
185.191.171.44 - - [09/Dec/2022:09:59:54 -0800] "GET /?camp-fire%2F58124159.html HTTP/1.1" 500 - "-" "Mozilla/5.0 (compatible; SemrushBot/7~bl; +http://www.semrush.com/bot.html)" "mantech8.com"
185.191.171.42 - - [09/Dec/2022:10:00:20 -0800] "GET /?camp-fire%2F35853338.html HTTP/1.1" 500 - "-" "Mozilla/5.0 (compatible; SemrushBot/7~bl; +http://www.semrush.com/bot.html)" "mantech8.com"
40.77.167.26 - - [09/Dec/2022:10:00:26 -0800] "GET /index.php/kd2b-46f6dbfaf-skibt.ii HTTP/1.1" 200 68655 "-" "Mozilla/5.0 (compatible; bingbot/2.0; +http://www.bing.com/bingbot.htm)" "mantech8.com"
185.191.171.44 - - [09/Dec/2022:10:00:33 -0800] "GET /?camp-fire%2F48173908.html HTTP/1.1" 500 - "-" "Mozilla/5.0 (compatible; SemrushBot/7~bl; +http://www.semrush.com/bot.html)" "mantech8.com"
185.191.171.10 - - [09/Dec/2022:10:00:43 -0800] "GET /?camp-fire%2F41405088.html HTTP/1.1" 500 - "-" "Mozilla/5.0 (compatible; SemrushBot/7~bl; +http://www.semrush.com/bot.html)" "mantech8.com"
185.191.171.11 - - [09/Dec/2022:10:00:45 -0800] "GET /?camp-fire%2F27413097.html HTTP/1.1" 500 - "-" "Mozilla/5.0 (compatible; SemrushBot/7~bl; +http://www.semrush.com/bot.html)" "mantech8.com"
40.77.167.26 - - [09/Dec/2022:10:00:55 -0800] "GET /sa5z-37af-H4t1N.Ii HTTP/1.1" 404 88 "-" "Mozilla/5.0 AppleWebKit/537.36 (KHTML, like Gecko; compatible; bingbot/2.0; +http://www.bing.com/bingbot.htm) Chrome/103.0.5060.134 Safari/537.36" "www.mantech8.com"
207.46.13.100 - - [09/Dec/2022:10:01:06 -0800] "GET /index.php/nWTf-7faddfab-3perC.Ii HTTP/1.1" 200 67260 "-" "Mozilla/5.0 AppleWebKit/537.36 (KHTML, like Gecko; compatible; bingbot/2.0; +http://www.bing.com/bingbot.htm) Chrome/103.0.5060.134 Safari/537.36" "mantech8.com"
157.55.39.123 - - [09/Dec/2022:10:01:09 -0800] "GET /index.php/wtzk-a4589dcd-n22hf.ii HTTP/1.1" 200 62802 "-" "Mozilla/5.0 (compatible; bingbot/2.0; +http://www.bing.com/bingbot.htm)" "mantech8.com"
40.77.167.20 - - [09/Dec/2022:10:01:10 -0800] "GET /index.php/e74eaaffb HTTP/1.1" 200 65108 "-" "Mozilla/5.0 (compatible; bingbot/2.0; +http://www.bing.com/bingbot.htm)" "mantech8.com"
207.46.13.125 - - [09/Dec/2022:10:01:15 -0800] "GET /index.php/blJc-29bf-ksngI.Ii HTTP/1.1" 200 64648 "-" "Mozilla/5.0 AppleWebKit/537.36 (KHTML, like Gecko; compatible; bingbot/2.0; +http://www.bing.com/bingbot.htm) Chrome/103.0.5060.134 Safari/537.36" "mantech8.com"
207.46.13.125 - - [09/Dec/2022:10:01:16 -0800] "GET /index.php/Pstd-c6cd-iSxrx.Ii HTTP/1.1" 200 68729 "-" "Mozilla/5.0 (compatible; bingbot/2.0; +http://www.bing.com/bingbot.htm)" "mantech8.com"
207.46.13.125 - - [09/Dec/2022:10:01:16 -0800] "GET /index.php/nWTf-15ae6bbec-3lFSI.Ii HTTP/1.1" 200 63443 "-" "Mozilla/5.0 (compatible; bingbot/2.0; +http://www.bing.com/bingbot.htm)" "mantech8.com"
207.46.13.125 - - [09/Dec/2022:10:01:17 -0800] "GET /index.php?camp-fire/75512262.html HTTP/1.1" 200 69453 "-" "Mozilla/5.0 (compatible; bingbot/2.0; +http://www.bing.com/bingbot.htm)" "mantech8.com"
207.46.13.125 - - [09/Dec/2022:10:01:18 -0800] "GET /index.php/k937-a9bf-71e2a.ii HTTP/1.1" 200 62111 "-" "Mozilla/5.0 (compatible; bingbot/2.0; +http://www.bing.com/bingbot.htm)" "mantech8.com"
207.46.13.125 - - [09/Dec/2022:10:01:18 -0800] "GET /index.php/wtzk-82b5deebac-nlecp.ii HTTP/1.1" 200 66906 "-" "Mozilla/5.0 AppleWebKit/537.36 (KHTML, like Gecko; compatible; bingbot/2.0; +http://www.bing.com/bingbot.htm) Chrome/103.0.5060.134 Safari/537.36" "mantech8.com"
207.46.13.125 - - [09/Dec/2022:10:01:19 -0800] "GET /index.php/31l7-121d8fab-omwtz.ii HTTP/1.1" 200 67064 "-" "Mozilla/5.0 AppleWebKit/537.36 (KHTML, like Gecko; compatible; bingbot/2.0; +http://www.bing.com/bingbot.htm) Chrome/103.0.5060.134 Safari/537.36" "mantech8.com"
207.46.13.125 - - [09/Dec/2022:10:01:20 -0800] "GET /index.php/f2si-1ceaac-dkzep.ii HTTP/1.1" 200 65058 "-" "Mozilla/5.0 (compatible; bingbot/2.0; +http://www.bing.com/bingbot.htm)" "mantech8.com"
40.77.167.20 - - [09/Dec/2022:10:01:23 -0800] "GET /index.php/7b2ffcdc HTTP/1.1" 200 68938 "-" "Mozilla/5.0 (compatible; bingbot/2.0; +http://www.bing.com/bingbot.htm)" "mantech8.com"
207.46.13.125 - - [09/Dec/2022:10:01:28 -0800] "GET /index.php/mhxm-23e8aaacca-jtqnv.ii HTTP/1.1" 200 62156 "-" "Mozilla/5.0 (compatible; bingbot/2.0; +http://www.bing.com/bingbot.htm)" "mantech8.com"
157.55.39.123 - - [09/Dec/2022:10:01:28 -0800] "GET /index.php/hfdr-1ce5dedfd-ikwyh.ii HTTP/1.1" 200 60091 "-" "Mozilla/5.0 (compatible; bingbot/2.0; +http://www.bing.com/bingbot.htm)" "mantech8.com"
207.46.13.125 - - [09/Dec/2022:10:01:29 -0800] "GET /index.php/wf2o-6e70dfdccb-g4nu0.ii HTTP/1.1" 200 60703 "-" "Mozilla/5.0 AppleWebKit/537.36 (KHTML, like Gecko; compatible; bingbot/2.0; +http://www.bing.com/bingbot.htm) Chrome/103.0.5060.134 Safari/537.36" "mantech8.com"
207.46.13.125 - - [09/Dec/2022:10:01:32 -0800] "GET /index.php/naq6-9a6d3bee-iiztz.ii HTTP/1.1" 200 67989 "-" "Mozilla/5.0 AppleWebKit/537.36 (KHTML, like Gecko; compatible; bingbot/2.0; +http://www.bing.com/bingbot.htm) Chrome/103.0.5060.134 Safari/537.36" "mantech8.com"
207.46.13.125 - - [09/Dec/2022:10:01:32 -0800] "GET /index.php/yhfg-caae-pikey.ii HTTP/1.1" 200 62564 "-" "Mozilla/5.0 (compatible; bingbot/2.0; +http://www.bing.com/bingbot.htm)" "mantech8.com"
207.46.13.125 - - [09/Dec/2022:10:01:33 -0800] "GET /index.php/s0kv-69bb-oecsj.ii HTTP/1.1" 200 63904 "-" "Mozilla/5.0 (compatible; bingbot/2.0; +http://www.bing.com/bingbot.htm)" "mantech8.com"
207.46.13.125 - - [09/Dec/2022:10:01:35 -0800] "GET /index.php/a5caceaef HTTP/1.1" 200 64619 "-" "Mozilla/5.0 (compatible; bingbot/2.0; +http://www.bing.com/bingbot.htm)" "mantech8.com"
207.46.13.125 - - [09/Dec/2022:10:01:39 -0800] "GET /index.php/08fe HTTP/1.1" 200 66049 "-" "Mozilla/5.0 AppleWebKit/537.36 (KHTML, like Gecko; compatible; bingbot/2.0; +http://www.bing.com/bingbot.htm) Chrome/103.0.5060.134 Safari/537.36" "mantech8.com"
207.46.13.125 - - [09/Dec/2022:10:01:39 -0800] "GET /index.php/ouc0-00cfc-fyxrm.ii HTTP/1.1" 200 64262 "-" "Mozilla/5.0 AppleWebKit/537.36 (KHTML, like Gecko; compatible; bingbot/2.0; +http://www.bing.com/bingbot.htm) Chrome/103.0.5060.134 Safari/537.36" "mantech8.com"
207.46.13.125 - - [09/Dec/2022:10:01:40 -0800] "GET /index.php/kjz2-dd5b4eddcc-hanok.ii HTTP/1.1" 200 64083 "-" "Mozilla/5.0 (compatible; bingbot/2.0; +http://www.bing.com/bingbot.htm)" "mantech8.com"
40.77.167.26 - - [09/Dec/2022:10:02:37 -0800] "GET /index.php/18d6adddb HTTP/1.1" 200 62598 "-" "Mozilla/5.0 (compatible; bingbot/2.0; +http://www.bing.com/bingbot.htm)" "mantech8.com"
216.244.66.241 - - [09/Dec/2022:10:03:11 -0800] "GET /robots.txt HTTP/1.1" 200 222 "-" "Mozilla/5.0 (compatible; DotBot/1.2; +https://opensiteexplorer.org/dotbot; help@moz.com)" "www.mantech8.com"
216.244.66.241 - - [09/Dec/2022:10:03:11 -0800] "GET /robots.txt HTTP/1.1" 200 222 "-" "Mozilla/5.0 (compatible; DotBot/1.2; +https://opensiteexplorer.org/dotbot; help@moz.com)" "mantech8.com"
157.55.39.123 - - [09/Dec/2022:10:03:19 -0800] "GET /index.php/b5ddaf HTTP/1.1" 200 67528 "-" "Mozilla/5.0 (compatible; bingbot/2.0; +http://www.bing.com/bingbot.htm)" "mantech8.com"
40.77.167.20 - - [09/Dec/2022:10:03:26 -0800] "GET /index.php/db426cfade HTTP/1.1" 200 75018 "-" "Mozilla/5.0 AppleWebKit/537.36 (KHTML, like Gecko; compatible; bingbot/2.0; +http://www.bing.com/bingbot.htm) Chrome/103.0.5060.134 Safari/537.36" "mantech8.com"
40.77.167.20 - - [09/Dec/2022:10:03:28 -0800] "GET /index.php/s0kv-2c82dddfce-os2ca.ii HTTP/1.1" 200 68486 "-" "Mozilla/5.0 (compatible; bingbot/2.0; +http://www.bing.com/bingbot.htm)" "mantech8.com"
40.77.167.20 - - [09/Dec/2022:10:03:29 -0800] "GET /index.php/kjz2-7e5aacae-hafwq.ii HTTP/1.1" 200 68342 "-" "Mozilla/5.0 (compatible; bingbot/2.0; +http://www.bing.com/bingbot.htm)" "mantech8.com"
207.46.13.125 - - [09/Dec/2022:10:03:36 -0800] "GET /index.php/nWTf-eba8ffeed-4AMHn.Ii HTTP/1.1" 200 69244 "-" "Mozilla/5.0 AppleWebKit/537.36 (KHTML, like Gecko; compatible; bingbot/2.0; +http://www.bing.com/bingbot.htm) Chrome/103.0.5060.134 Safari/537.36" "mantech8.com"
157.55.39.138 - - [09/Dec/2022:10:03:40 -0800] "GET /index.php/Pstd-1d57acfbbf-iXMpc.Ii HTTP/1.1" 200 73155 "-" "Mozilla/5.0 (compatible; bingbot/2.0; +http://www.bing.com/bingbot.htm)" "mantech8.com"
185.191.171.24 - - [09/Dec/2022:10:03:43 -0800] "GET /?camp-fire%2F41405171.html HTTP/1.1" 500 - "-" "Mozilla/5.0 (compatible; SemrushBot/7~bl; +http://www.semrush.com/bot.html)" "mantech8.com"
207.46.13.100 - - [09/Dec/2022:10:03:47 -0800] "GET /index.php/mcko-a0fda-vyktk.ii HTTP/1.1" 200 74347 "-" "Mozilla/5.0 (compatible; bingbot/2.0; +http://www.bing.com/bingbot.htm)" "mantech8.com"
185.191.171.40 - - [09/Dec/2022:10:03:51 -0800] "GET /?camp-fire%2F33925789.html HTTP/1.1" 500 - "-" "Mozilla/5.0 (compatible; SemrushBot/7~bl; +http://www.semrush.com/bot.html)" "mantech8.com"
157.55.39.123 - - [09/Dec/2022:10:03:58 -0800] "GET /index.php/egy1-86f8dbad-vce9s.ii HTTP/1.1" 200 64725 "-" "Mozilla/5.0 AppleWebKit/537.36 (KHTML, like Gecko; compatible; bingbot/2.0; +http://www.bing.com/bingbot.htm) Chrome/103.0.5060.134 Safari/537.36" "mantech8.com"
185.191.171.14 - - [09/Dec/2022:10:04:10 -0800] "GET /?camp-fire%2F72820429.html HTTP/1.1" 500 - "-" "Mozilla/5.0 (compatible; SemrushBot/7~bl; +http://www.semrush.com/bot.html)" "mantech8.com"
185.191.171.15 - - [09/Dec/2022:10:04:16 -0800] "GET /?camp-fire%2F80243221.html HTTP/1.1" 500 - "-" "Mozilla/5.0 (compatible; SemrushBot/7~bl; +http://www.semrush.com/bot.html)" "mantech8.com"
114.119.155.96 - - [09/Dec/2022:10:04:26 -0800] "GET /index.php/sitemap-index-2.xml HTTP/1.1" 200 4843 "-" "Mozilla/5.0 (compatible;PetalBot;+https://webmaster.petalsearch.com/site/petalbot)" "mantech8.com"
157.55.39.138 - - [09/Dec/2022:10:04:46 -0800] "GET /index.php/GVdr-a57f5fad-vIHmb.Ii HTTP/1.1" 200 65830 "-" "Mozilla/5.0 (compatible; bingbot/2.0; +http://www.bing.com/bingbot.htm)" "mantech8.com"
40.77.167.20 - - [09/Dec/2022:10:04:51 -0800] "GET /index.php/sa5z-f4862cdb-h4ept.ii HTTP/1.1" 200 69796 "-" "Mozilla/5.0 (compatible; bingbot/2.0; +http://www.bing.com/bingbot.htm)" "mantech8.com"
40.77.167.26 - - [09/Dec/2022:10:05:06 -0800] "GET /index.php/bljc-f00cabbfb-kwswc.ii HTTP/1.1" 200 90036 "-" "Mozilla/5.0 AppleWebKit/537.36 (KHTML, like Gecko; compatible; bingbot/2.0; +http://www.bing.com/bingbot.htm) Chrome/103.0.5060.134 Safari/537.36" "mantech8.com"
40.77.167.26 - - [09/Dec/2022:10:05:06 -0800] "GET /index.php/1eca/00ca HTTP/1.1" 200 67947 "-" "Mozilla/5.0 (compatible; bingbot/2.0; +http://www.bing.com/bingbot.htm)" "mantech8.com"
40.77.167.26 - - [09/Dec/2022:10:05:07 -0800] "GET /index.php/vmbp-eb16dbbde-unp8l.ii HTTP/1.1" 200 65258 "-" "Mozilla/5.0 AppleWebKit/537.36 (KHTML, like Gecko; compatible; bingbot/2.0; +http://www.bing.com/bingbot.htm) Chrome/103.0.5060.134 Safari/537.36" "mantech8.com"
40.77.167.20 - - [09/Dec/2022:10:05:15 -0800] "GET /index.php/EGy1-05cbeabad-vxqfz.Ii HTTP/1.1" 200 68126 "-" "Mozilla/5.0 AppleWebKit/537.36 (KHTML, like Gecko; compatible; bingbot/2.0; +http://www.bing.com/bingbot.htm) Chrome/103.0.5060.134 Safari/537.36" "mantech8.com"
40.77.167.20 - - [09/Dec/2022:10:05:16 -0800] "GET /index.php/zsuz-c2cfe-sirub.ii HTTP/1.1" 200 76555 "-" "Mozilla/5.0 (compatible; bingbot/2.0; +http://www.bing.com/bingbot.htm)" "mantech8.com"
207.46.13.125 - - [09/Dec/2022:10:05:37 -0800] "GET /index.php/wtzk-c81cbecfc-n2ioi.ii HTTP/1.1" 200 63851 "-" "Mozilla/5.0 (compatible; bingbot/2.0; +http://www.bing.com/bingbot.htm)" "mantech8.com"
207.46.13.125 - - [09/Dec/2022:10:05:38 -0800] "GET /index.php/nwtf-b0ededac-4qfre.ii HTTP/1.1" 200 70398 "-" "Mozilla/5.0 (compatible; bingbot/2.0; +http://www.bing.com/bingbot.htm)" "mantech8.com"
157.55.39.138 - - [09/Dec/2022:10:06:28 -0800] "GET /index.php/sa5z-edeeedaf-H4d5e.Ii HTTP/1.1" 200 74841 "-" "Mozilla/5.0 AppleWebKit/537.36 (KHTML, like Gecko; compatible; bingbot/2.0; +http://www.bing.com/bingbot.htm) Chrome/103.0.5060.134 Safari/537.36" "mantech8.com"
157.55.39.138 - - [09/Dec/2022:10:06:29 -0800] "GET /index.php/075aaafe HTTP/1.1" 200 76234 "-" "Mozilla/5.0 AppleWebKit/537.36 (KHTML, like Gecko; compatible; bingbot/2.0; +http://www.bing.com/bingbot.htm) Chrome/103.0.5060.134 Safari/537.36" "mantech8.com"
40.77.167.20 - - [09/Dec/2022:10:07:08 -0800] "GET /index.php/s0kv-c3f6cdede-osqqv.ii HTTP/1.1" 200 63958 "-" "Mozilla/5.0 (compatible; bingbot/2.0; +http://www.bing.com/bingbot.htm)" "mantech8.com"
185.191.171.20 - - [09/Dec/2022:10:07:24 -0800] "GET /?camp-fire%2F57913965.html HTTP/1.1" 500 - "-" "Mozilla/5.0 (compatible; SemrushBot/7~bl; +http://www.semrush.com/bot.html)" "mantech8.com"
40.77.167.20 - - [09/Dec/2022:10:07:28 -0800] "GET /index.php/txf8-e2a7dcceac-algrl.ii HTTP/1.1" 200 62949 "-" "Mozilla/5.0 (compatible; bingbot/2.0; +http://www.bing.com/bingbot.htm)" "mantech8.com"
207.46.13.100 - - [09/Dec/2022:10:07:57 -0800] "GET /index.php/20daca HTTP/1.1" 200 105422 "-" "Mozilla/5.0 (compatible; bingbot/2.0; +http://www.bing.com/bingbot.htm)" "mantech8.com"
40.77.167.26 - - [09/Dec/2022:10:08:27 -0800] "GET /index.php/vmbp-ebdbcfadc-umlyj.ii HTTP/1.1" 200 70472 "-" "Mozilla/5.0 AppleWebKit/537.36 (KHTML, like Gecko; compatible; bingbot/2.0; +http://www.bing.com/bingbot.htm) Chrome/103.0.5060.134 Safari/537.36" "mantech8.com"
40.77.167.26 - - [09/Dec/2022:10:08:28 -0800] "GET /index.php/naq6-4261ceec-inqse.ii HTTP/1.1" 200 65427 "-" "Mozilla/5.0 (compatible; bingbot/2.0; +http://www.bing.com/bingbot.htm)" "mantech8.com"
40.77.167.26 - - [09/Dec/2022:10:08:28 -0800] "GET /index.php/3d002ccbc HTTP/1.1" 200 63880 "-" "Mozilla/5.0 AppleWebKit/537.36 (KHTML, like Gecko; compatible; bingbot/2.0; +http://www.bing.com/bingbot.htm) Chrome/103.0.5060.134 Safari/537.36" "mantech8.com"
207.46.13.125 - - [09/Dec/2022:10:08:32 -0800] "GET /index.php/wf2o-6e70dfdccb-g4nu0.ii HTTP/1.1" 200 60488 "-" "Mozilla/5.0 AppleWebKit/537.36 (KHTML, like Gecko; compatible; bingbot/2.0; +http://www.bing.com/bingbot.htm) Chrome/103.0.5060.134 Safari/537.36" "mantech8.com"
185.191.171.45 - - [09/Dec/2022:10:08:36 -0800] "GET /?camp-fire%2F39395692.html HTTP/1.1" 500 - "-" "Mozilla/5.0 (compatible; SemrushBot/7~bl; +http://www.semrush.com/bot.html)" "mantech8.com"
185.191.171.3 - - [09/Dec/2022:10:08:40 -0800] "GET /?camp-fire%2F33824708.html HTTP/1.1" 500 - "-" "Mozilla/5.0 (compatible; SemrushBot/7~bl; +http://www.semrush.com/bot.html)" "mantech8.com"
207.46.13.100 - - [09/Dec/2022:10:08:57 -0800] "GET /index.php/1zve-05afaaebea-jtzhd.ii HTTP/1.1" 200 103553 "-" "Mozilla/5.0 (compatible; bingbot/2.0; +http://www.bing.com/bingbot.htm)" "mantech8.com"
207.46.13.100 - - [09/Dec/2022:10:08:58 -0800] "GET /index.php/kjz2-61dce-ylfo7.ii HTTP/1.1" 200 68565 "-" "Mozilla/5.0 AppleWebKit/537.36 (KHTML, like Gecko; compatible; bingbot/2.0; +http://www.bing.com/bingbot.htm) Chrome/103.0.5060.134 Safari/537.36" "mantech8.com"
207.46.13.100 - - [09/Dec/2022:10:08:59 -0800] "GET /index.php/pstd-a42ccacbc-isaha.ii HTTP/1.1" 200 68386 "-" "Mozilla/5.0 AppleWebKit/537.36 (KHTML, like Gecko; compatible; bingbot/2.0; +http://www.bing.com/bingbot.htm) Chrome/103.0.5060.134 Safari/537.36" "mantech8.com"
40.77.167.26 - - [09/Dec/2022:10:09:27 -0800] "GET /index.php/mcko-2e1bbacd-vg49s.ii HTTP/1.1" 200 64089 "-" "Mozilla/5.0 AppleWebKit/537.36 (KHTML, like Gecko; compatible; bingbot/2.0; +http://www.bing.com/bingbot.htm) Chrome/103.0.5060.134 Safari/537.36" "mantech8.com"
157.55.39.123 - - [09/Dec/2022:10:09:48 -0800] "GET /index.php/bmk0-27ead-6uwxs.ii HTTP/1.1" 200 65230 "-" "Mozilla/5.0 AppleWebKit/537.36 (KHTML, like Gecko; compatible; bingbot/2.0; +http://www.bing.com/bingbot.htm) Chrome/103.0.5060.134 Safari/537.36" "mantech8.com"
185.191.171.43 - - [09/Dec/2022:10:09:49 -0800] "GET /?camp-fire%2F35992538.html HTTP/1.1" 500 - "-" "Mozilla/5.0 (compatible; SemrushBot/7~bl; +http://www.semrush.com/bot.html)" "mantech8.com"
157.55.39.123 - - [09/Dec/2022:10:09:49 -0800] "GET /index.php/zsuz-bfecc-sklru.ii HTTP/1.1" 200 68707 "-" "Mozilla/5.0 AppleWebKit/537.36 (KHTML, like Gecko; compatible; bingbot/2.0; +http://www.bing.com/bingbot.htm) Chrome/103.0.5060.134 Safari/537.36" "mantech8.com"
157.55.39.123 - - [09/Dec/2022:10:09:50 -0800] "GET /index.php/26ddfd HTTP/1.1" 200 68735 "-" "Mozilla/5.0 (compatible; bingbot/2.0; +http://www.bing.com/bingbot.htm)" "mantech8.com"
157.55.39.123 - - [09/Dec/2022:10:09:50 -0800] "GET /index.php/pstd-2288babeb-ixj46.ii HTTP/1.1" 200 69118 "-" "Mozilla/5.0 AppleWebKit/537.36 (KHTML, like Gecko; compatible; bingbot/2.0; +http://www.bing.com/bingbot.htm) Chrome/103.0.5060.134 Safari/537.36" "mantech8.com"
157.55.39.123 - - [09/Dec/2022:10:09:51 -0800] "GET /index.php/kvrw-f3aa-y9pg0.ii HTTP/1.1" 200 78316 "-" "Mozilla/5.0 (compatible; bingbot/2.0; +http://www.bing.com/bingbot.htm)" "mantech8.com"
157.55.39.123 - - [09/Dec/2022:10:09:53 -0800] "GET /index.php/32fd HTTP/1.1" 200 62359 "-" "Mozilla/5.0 AppleWebKit/537.36 (KHTML, like Gecko; compatible; bingbot/2.0; +http://www.bing.com/bingbot.htm) Chrome/103.0.5060.134 Safari/537.36" "mantech8.com"
185.191.171.12 - - [09/Dec/2022:10:09:59 -0800] "GET /?camp-fire%2F55384889.html HTTP/1.1" 500 - "-" "Mozilla/5.0 (compatible; SemrushBot/7~bl; +http://www.semrush.com/bot.html)" "mantech8.com"
207.46.13.125 - - [09/Dec/2022:10:10:08 -0800] "GET /index.php/bljc-622e4fcc-kslm5.ii HTTP/1.1" 200 58312 "-" "Mozilla/5.0 (compatible; bingbot/2.0; +http://www.bing.com/bingbot.htm)" "mantech8.com"
185.191.171.44 - - [09/Dec/2022:10:10:13 -0800] "GET /?camp-fire%2F40233959.html HTTP/1.1" 500 - "-" "Mozilla/5.0 (compatible; SemrushBot/7~bl; +http://www.semrush.com/bot.html)" "mantech8.com"
157.55.39.138 - - [09/Dec/2022:10:10:27 -0800] "GET /index.php/Wf2o-30a9ebdeaa-G4a9o.Ii HTTP/1.1" 200 65852 "-" "Mozilla/5.0 AppleWebKit/537.36 (KHTML, like Gecko; compatible; bingbot/2.0; +http://www.bing.com/bingbot.htm) Chrome/103.0.5060.134 Safari/537.36" "mantech8.com"
157.55.39.138 - - [09/Dec/2022:10:10:28 -0800] "GET /index.php/wf2o-11542ecc-g7tvk.ii HTTP/1.1" 200 61596 "-" "Mozilla/5.0 AppleWebKit/537.36 (KHTML, like Gecko; compatible; bingbot/2.0; +http://www.bing.com/bingbot.htm) Chrome/103.0.5060.134 Safari/537.36" "mantech8.com"
157.55.39.138 - - [09/Dec/2022:10:10:29 -0800] "GET /index.php/pstd-e9b0ddccc-iwkse.ii HTTP/1.1" 200 62576 "-" "Mozilla/5.0 (compatible; bingbot/2.0; +http://www.bing.com/bingbot.htm)" "mantech8.com"
185.191.171.4 - - [09/Dec/2022:10:11:26 -0800] "GET /?camp-fire%2F40969078.html HTTP/1.1" 500 - "-" "Mozilla/5.0 (compatible; SemrushBot/7~bl; +http://www.semrush.com/bot.html)" "mantech8.com"
207.46.13.100 - - [09/Dec/2022:10:11:26 -0800] "GET /index.php/WtZk-35a65febaf-n27BC.Ii HTTP/1.1" 200 65106 "-" "Mozilla/5.0 (compatible; bingbot/2.0; +http://www.bing.com/bingbot.htm)" "mantech8.com"
185.191.171.20 - - [09/Dec/2022:10:11:57 -0800] "GET /?camp-fire%2F40050635.html HTTP/1.1" 500 - "-" "Mozilla/5.0 (compatible; SemrushBot/7~bl; +http://www.semrush.com/bot.html)" "mantech8.com"
40.77.167.20 - - [09/Dec/2022:10:12:06 -0800] "GET /index.php/31L7-4cce-oJRIj.Ii HTTP/1.1" 200 65519 "-" "Mozilla/5.0 (compatible; bingbot/2.0; +http://www.bing.com/bingbot.htm)" "mantech8.com"
40.77.167.20 - - [09/Dec/2022:10:12:08 -0800] "GET /index.php/Wf2o-cbede-G8CGl.Ii HTTP/1.1" 200 68913 "-" "Mozilla/5.0 AppleWebKit/537.36 (KHTML, like Gecko; compatible; bingbot/2.0; +http://www.bing.com/bingbot.htm) Chrome/103.0.5060.134 Safari/537.36" "mantech8.com"
40.77.167.20 - - [09/Dec/2022:10:12:08 -0800] "GET /index.php/cegj-f73fcede-psgcc.ii HTTP/1.1" 200 64277 "-" "Mozilla/5.0 (compatible; bingbot/2.0; +http://www.bing.com/bingbot.htm)" "mantech8.com"
185.191.171.25 - - [09/Dec/2022:10:12:16 -0800] "GET /?camp-fire%2F26635947.html HTTP/1.1" 500 - "-" "Mozilla/5.0 (compatible; SemrushBot/7~bl; +http://www.semrush.com/bot.html)" "mantech8.com"
185.191.171.8 - - [09/Dec/2022:10:12:43 -0800] "GET /?camp-fire%2F38510878.html HTTP/1.1" 500 - "-" "Mozilla/5.0 (compatible; SemrushBot/7~bl; +http://www.semrush.com/bot.html)" "mantech8.com"
157.55.39.123 - - [09/Dec/2022:10:12:58 -0800] "GET /index.php/Pstd-4e433cbc-iWtWe.Ii HTTP/1.1" 200 68749 "-" "Mozilla/5.0 AppleWebKit/537.36 (KHTML, like Gecko; compatible; bingbot/2.0; +http://www.bing.com/bingbot.htm) Chrome/103.0.5060.134 Safari/537.36" "mantech8.com"
157.55.39.123 - - [09/Dec/2022:10:12:59 -0800] "GET /index.php/txf8-a22c5ade-apfhf.ii HTTP/1.1" 200 72120 "-" "Mozilla/5.0 (compatible; bingbot/2.0; +http://www.bing.com/bingbot.htm)" "mantech8.com"
157.55.39.123 - - [09/Dec/2022:10:13:00 -0800] "GET /index.php/nwtf-9bc9dceec-3prdd.ii HTTP/1.1" 200 66417 "-" "Mozilla/5.0 AppleWebKit/537.36 (KHTML, like Gecko; compatible; bingbot/2.0; +http://www.bing.com/bingbot.htm) Chrome/103.0.5060.134 Safari/537.36" "mantech8.com"
157.55.39.138 - - [09/Dec/2022:10:13:18 -0800] "GET /index.php/wtzk-b5ecdfeb-nlhcs.ii HTTP/1.1" 200 67192 "-" "Mozilla/5.0 (compatible; bingbot/2.0; +http://www.bing.com/bingbot.htm)" "mantech8.com"
157.55.39.138 - - [09/Dec/2022:10:13:19 -0800] "GET /index.php/nwtf-e1551cadab-4qlvl.ii HTTP/1.1" 200 69145 "-" "Mozilla/5.0 AppleWebKit/537.36 (KHTML, like Gecko; compatible; bingbot/2.0; +http://www.bing.com/bingbot.htm) Chrome/103.0.5060.134 Safari/537.36" "mantech8.com"
40.77.167.26 - - [09/Dec/2022:10:13:28 -0800] "GET /index.php/560efeaf HTTP/1.1" 200 72080 "-" "Mozilla/5.0 (compatible; bingbot/2.0; +http://www.bing.com/bingbot.htm)" "mantech8.com"
40.77.167.26 - - [09/Dec/2022:10:13:28 -0800] "GET /index.php/wtzk-f180cfcea-npfjt.ii HTTP/1.1" 200 84167 "-" "Mozilla/5.0 (compatible; bingbot/2.0; +http://www.bing.com/bingbot.htm)" "mantech8.com"
40.77.167.26 - - [09/Dec/2022:10:13:29 -0800] "GET /index.php/095acbdcd HTTP/1.1" 200 70926 "-" "Mozilla/5.0 (compatible; bingbot/2.0; +http://www.bing.com/bingbot.htm)" "mantech8.com"
185.191.171.20 - - [09/Dec/2022:10:13:42 -0800] "GET /?camp-fire%2F26591924.html HTTP/1.1" 500 - "-" "Mozilla/5.0 (compatible; SemrushBot/7~bl; +http://www.semrush.com/bot.html)" "mantech8.com"
40.77.167.26 - - [09/Dec/2022:10:13:55 -0800] "GET /index.php/1bfdaccc HTTP/1.1" 200 76701 "-" "Mozilla/5.0 (compatible; bingbot/2.0; +http://www.bing.com/bingbot.htm)" "mantech8.com"
120.28.216.218 - - [09/Dec/2022:10:14:03 -0800] "GET /contact.php HTTP/1.1" 200 29238 "http://mantech8.com/contact.php" "Mozilla/5.0 (Windows NT 10.0) AppleWebKit/537.36 (KHTML, like Gecko) Chrome/90.0.4430.93 Safari/537.36" "mantech8.com"
120.28.216.218 - - [09/Dec/2022:10:14:07 -0800] "POST /mailer.php HTTP/1.1" 500 - "http://mantech8.com/contact.php" "Mozilla/5.0 (Windows NT 10.0) AppleWebKit/537.36 (KHTML, like Gecko) Chrome/90.0.4430.93 Safari/537.36" "mantech8.com"
185.191.171.23 - - [09/Dec/2022:10:14:28 -0800] "GET /?camp-fire%2F38095878.html HTTP/1.1" 500 - "-" "Mozilla/5.0 (compatible; SemrushBot/7~bl; +http://www.semrush.com/bot.html)" "mantech8.com"
207.46.13.100 - - [09/Dec/2022:10:14:28 -0800] "GET /index.php/mcko-706aabef-vtxel.ii HTTP/1.1" 200 62991 "-" "Mozilla/5.0 (compatible; bingbot/2.0; +http://www.bing.com/bingbot.htm)" "mantech8.com"
207.46.13.125 - - [09/Dec/2022:10:14:56 -0800] "GET /index.php/Pstd-fcca-iWsYn.Ii HTTP/1.1" 200 68086 "-" "Mozilla/5.0 (compatible; bingbot/2.0; +http://www.bing.com/bingbot.htm)" "mantech8.com"
207.46.13.125 - - [09/Dec/2022:10:14:57 -0800] "GET /index.php/yhfg-7e3dcccc-pimcc.ii HTTP/1.1" 200 70324 "-" "Mozilla/5.0 (compatible; bingbot/2.0; +http://www.bing.com/bingbot.htm)" "mantech8.com"
