207.46.13.125 - - [09/Dec/2022:00:31:45 -0800] "GET /index.php/f2si-1ceaac-dkzep.ii HTTP/1.1" 200 65802 "-" "Mozilla/5.0 (compatible; bingbot/2.0; +http://www.bing.com/bingbot.htm)" "mantech8.com"
185.191.171.37 - - [09/Dec/2022:00:31:47 -0800] "GET /robots.txt HTTP/1.1" 200 106 "-" "Mozilla/5.0 (compatible; SemrushBot/7~bl; +http://www.semrush.com/bot.html)" "mantech8.com"
185.191.171.18 - - [09/Dec/2022:00:31:47 -0800] "GET /?camp-fire%2F78835378.html HTTP/1.1" 500 - "-" "Mozilla/5.0 (compatible; SemrushBot/7~bl; +http://www.semrush.com/bot.html)" "mantech8.com"
207.46.13.125 - - [09/Dec/2022:00:32:12 -0800] "GET /index.php/pstd-fdec-iefba.ii HTTP/1.1" 200 64773 "-" "Mozilla/5.0 (compatible; bingbot/2.0; +http://www.bing.com/bingbot.htm)" "mantech8.com"
185.191.171.33 - - [09/Dec/2022:00:32:58 -0800] "GET /?camp-fire%2F99545271.html HTTP/1.1" 500 - "-" "Mozilla/5.0 (compatible; SemrushBot/7~bl; +http://www.semrush.com/bot.html)" "mantech8.com"
185.191.171.9 - - [09/Dec/2022:00:32:59 -0800] "GET /?camp-fire%2F73256576.html HTTP/1.1" 500 - "-" "Mozilla/5.0 (compatible; SemrushBot/7~bl; +http://www.semrush.com/bot.html)" "mantech8.com"
185.191.171.5 - - [09/Dec/2022:00:33:22 -0800] "GET /?camp-fire%2F42927034.html HTTP/1.1" 500 - "-" "Mozilla/5.0 (compatible; SemrushBot/7~bl; +http://www.semrush.com/bot.html)" "mantech8.com"
207.46.13.100 - - [09/Dec/2022:00:33:33 -0800] "GET /index.php/wf2o-68fbf-g4zyz.ii HTTP/1.1" 200 75799 "-" "Mozilla/5.0 (compatible; bingbot/2.0; +http://www.bing.com/bingbot.htm)" "mantech8.com"
40.77.167.26 - - [09/Dec/2022:00:33:37 -0800] "GET /index.php/hFdr-b5fad-Ikise.Ii HTTP/1.1" 200 63154 "-" "Mozilla/5.0 AppleWebKit/537.36 (KHTML, like Gecko; compatible; bingbot/2.0; +http://www.bing.com/bingbot.htm) Chrome/103.0.5060.134 Safari/537.36" "mantech8.com"
40.77.167.26 - - [09/Dec/2022:00:33:38 -0800] "GET /index.php/Wf2o-e1dc-G5O5w.Ii HTTP/1.1" 200 64986 "-" "Mozilla/5.0 AppleWebKit/537.36 (KHTML, like Gecko; compatible; bingbot/2.0; +http://www.bing.com/bingbot.htm) Chrome/103.0.5060.134 Safari/537.36" "mantech8.com"
40.77.167.26 - - [09/Dec/2022:00:33:39 -0800] "GET /index.php/pstd-200fdccbb-iwlki.ii HTTP/1.1" 200 73063 "-" "Mozilla/5.0 (compatible; bingbot/2.0; +http://www.bing.com/bingbot.htm)" "mantech8.com"
207.46.13.100 - - [09/Dec/2022:00:34:13 -0800] "GET /index.php/eb6acfba HTTP/1.1" 200 66879 "-" "Mozilla/5.0 AppleWebKit/537.36 (KHTML, like Gecko; compatible; bingbot/2.0; +http://www.bing.com/bingbot.htm) Chrome/103.0.5060.134 Safari/537.36" "mantech8.com"
185.191.171.5 - - [09/Dec/2022:00:34:24 -0800] "GET /?camp-fire%2F40901750.html HTTP/1.1" 500 - "-" "Mozilla/5.0 (compatible; SemrushBot/7~bl; +http://www.semrush.com/bot.html)" "mantech8.com"
185.191.171.25 - - [09/Dec/2022:00:34:49 -0800] "GET /?camp-fire%2F74993334.html HTTP/1.1" 500 - "-" "Mozilla/5.0 (compatible; SemrushBot/7~bl; +http://www.semrush.com/bot.html)" "mantech8.com"
157.55.39.123 - - [09/Dec/2022:00:35:04 -0800] "GET /index.php/txf8-11abfe-alc88.ii HTTP/1.1" 200 69461 "-" "Mozilla/5.0 AppleWebKit/537.36 (KHTML, like Gecko; compatible; bingbot/2.0; +http://www.bing.com/bingbot.htm) Chrome/103.0.5060.134 Safari/537.36" "mantech8.com"
157.55.39.123 - - [09/Dec/2022:00:35:05 -0800] "GET /index.php/bljc-3bcfd-kz95e.ii HTTP/1.1" 200 64743 "-" "Mozilla/5.0 (compatible; bingbot/2.0; +http://www.bing.com/bingbot.htm)" "mantech8.com"
40.77.167.20 - - [09/Dec/2022:00:35:11 -0800] "GET /index.php/Mcko-0dac-Vb0bG.Ii HTTP/1.1" 200 65222 "-" "Mozilla/5.0 (compatible; bingbot/2.0; +http://www.bing.com/bingbot.htm)" "mantech8.com"
40.77.167.20 - - [09/Dec/2022:00:35:12 -0800] "GET /index.php/egy1-a1dee-veioz.ii HTTP/1.1" 200 82816 "-" "Mozilla/5.0 (compatible; bingbot/2.0; +http://www.bing.com/bingbot.htm)" "mantech8.com"
207.46.13.100 - - [09/Dec/2022:00:35:13 -0800] "GET /index.php/zsuz-fe2cbeba-sohhq.ii HTTP/1.1" 200 64455 "-" "Mozilla/5.0 AppleWebKit/537.36 (KHTML, like Gecko; compatible; bingbot/2.0; +http://www.bing.com/bingbot.htm) Chrome/103.0.5060.134 Safari/537.36" "mantech8.com"
157.55.39.123 - - [09/Dec/2022:00:35:14 -0800] "GET /index.php/ufsz-73bba-cbqik.ii HTTP/1.1" 200 76867 "-" "Mozilla/5.0 AppleWebKit/537.36 (KHTML, like Gecko; compatible; bingbot/2.0; +http://www.bing.com/bingbot.htm) Chrome/103.0.5060.134 Safari/537.36" "mantech8.com"
207.46.13.100 - - [09/Dec/2022:00:35:23 -0800] "GET /index.php/efc65dbe HTTP/1.1" 200 66092 "-" "Mozilla/5.0 AppleWebKit/537.36 (KHTML, like Gecko; compatible; bingbot/2.0; +http://www.bing.com/bingbot.htm) Chrome/103.0.5060.134 Safari/537.36" "mantech8.com"
43.130.77.200 - - [09/Dec/2022:00:35:38 -0800] "GET /wp-admin/css/ HTTP/1.1" 404 88 "binance.com" "Mozilla/5.0 (Windows NT 10.0; Win64; x64) AppleWebKit/537.36 (KHTML, like Gecko) Chrome/90.0.4430.85 Safari/537.36" "www.mantech8.com"
43.130.77.200 - - [09/Dec/2022:00:35:43 -0800] "GET /sites/default/files/ HTTP/1.1" 404 88 "binance.com" "Mozilla/5.0 (Windows NT 10.0; Win64; x64) AppleWebKit/537.36 (KHTML, like Gecko) Chrome/90.0.4430.85 Safari/537.36" "www.mantech8.com"
185.191.171.24 - - [09/Dec/2022:00:35:44 -0800] "GET /?camp-fire%2F14162459.html HTTP/1.1" 500 - "-" "Mozilla/5.0 (compatible; SemrushBot/7~bl; +http://www.semrush.com/bot.html)" "mantech8.com"
185.191.171.22 - - [09/Dec/2022:00:35:47 -0800] "GET /?camp-fire%2F39794502.html HTTP/1.1" 500 - "-" "Mozilla/5.0 (compatible; SemrushBot/7~bl; +http://www.semrush.com/bot.html)" "mantech8.com"
207.46.13.125 - - [09/Dec/2022:00:36:21 -0800] "GET /index.php/yhfg-7e3dcccc-pimcc.ii HTTP/1.1" 200 71099 "-" "Mozilla/5.0 (compatible; bingbot/2.0; +http://www.bing.com/bingbot.htm)" "mantech8.com"
207.46.13.125 - - [09/Dec/2022:00:36:22 -0800] "GET /index.php/wf2o-c7efbaaeb-g4xtw.ii HTTP/1.1" 200 68926 "-" "Mozilla/5.0 AppleWebKit/537.36 (KHTML, like Gecko; compatible; bingbot/2.0; +http://www.bing.com/bingbot.htm) Chrome/103.0.5060.134 Safari/537.36" "mantech8.com"
207.46.13.125 - - [09/Dec/2022:00:36:23 -0800] "GET /index.php/egy1-3f8abbeaf-vdurp.ii HTTP/1.1" 200 72923 "-" "Mozilla/5.0 (compatible; bingbot/2.0; +http://www.bing.com/bingbot.htm)" "mantech8.com"
43.130.77.200 - - [09/Dec/2022:00:36:35 -0800] "GET /admin/controller/extension/extension/ HTTP/1.1" 404 88 "binance.com" "Mozilla/5.0 (Windows NT 10.0; Win64; x64) AppleWebKit/537.36 (KHTML, like Gecko) Chrome/90.0.4430.85 Safari/537.36" "www.mantech8.com"
43.130.77.200 - - [09/Dec/2022:00:36:38 -0800] "GET /uploads/ HTTP/1.1" 404 88 "binance.com" "Mozilla/5.0 (Windows NT 10.0; Win64; x64) AppleWebKit/537.36 (KHTML, like Gecko) Chrome/90.0.4430.85 Safari/537.36" "www.mantech8.com"
36.150.60.24 - - [09/Dec/2022:00:36:46 -0800] "GET / HTTP/1.1" 500 - "-" "Mozilla/5.0 (Macintosh; Intel Mac OS X 10_11) AppleWebKit/601.1.27 (KHTML, like Gecko) Chrome/47.0.2526.106 Safari/601.1.27" "mantech8.com"
36.150.60.24 - - [09/Dec/2022:00:36:49 -0800] "GET /favicon.ico HTTP/1.1" 404 88 "-" "Dalvik/2.1.0 (Linux; U; Android 9.0; ZTE BA520 Build/MRA58K)" "mantech8.com"
36.150.60.24 - - [09/Dec/2022:00:37:10 -0800] "GET / HTTP/1.1" 500 - "-" "Dalvik/2.1.0 (Linux; U; Android 9.0; ZTE BA520 Build/MRA58K)" "mantech8.com"
36.150.60.24 - - [09/Dec/2022:00:37:13 -0800] "GET / HTTP/1.1" 500 - "-" "Mozilla/5.0 (Macintosh; Intel Mac OS X 10_11) AppleWebKit/601.1.27 (KHTML, like Gecko) Chrome/47.0.2526.106 Safari/601.1.27" "mantech8.com"
43.130.77.200 - - [09/Dec/2022:00:37:19 -0800] "GET /files/ HTTP/1.1" 404 88 "binance.com" "Mozilla/5.0 (Windows NT 10.0; Win64; x64) AppleWebKit/537.36 (KHTML, like Gecko) Chrome/90.0.4430.85 Safari/537.36" "www.mantech8.com"
185.191.171.22 - - [09/Dec/2022:00:37:35 -0800] "GET /?camp-fire%2F72433683.html HTTP/1.1" 500 - "-" "Mozilla/5.0 (compatible; SemrushBot/7~bl; +http://www.semrush.com/bot.html)" "mantech8.com"
40.77.167.20 - - [09/Dec/2022:00:37:43 -0800] "GET /index.php/a1fb9cdbdb HTTP/1.1" 200 68781 "-" "Mozilla/5.0 (compatible; bingbot/2.0; +http://www.bing.com/bingbot.htm)" "mantech8.com"
40.77.167.26 - - [09/Dec/2022:00:37:57 -0800] "GET /index.php/EGy1-11fedd-vsHCg.Ii HTTP/1.1" 200 70049 "-" "Mozilla/5.0 AppleWebKit/537.36 (KHTML, like Gecko; compatible; bingbot/2.0; +http://www.bing.com/bingbot.htm) Chrome/103.0.5060.134 Safari/537.36" "mantech8.com"
36.150.60.24 - - [09/Dec/2022:00:38:00 -0800] "GET / HTTP/1.1" 500 - "-" "Dalvik/2.1.0 (Linux; U; Android 9.0; ZTE BA520 Build/MRA58K)" "mantech8.com"
40.77.167.26 - - [09/Dec/2022:00:38:09 -0800] "GET /index.php/1zve-cceefcace-jvdgj.ii HTTP/1.1" 200 73427 "-" "Mozilla/5.0 (compatible; bingbot/2.0; +http://www.bing.com/bingbot.htm)" "mantech8.com"
185.191.171.4 - - [09/Dec/2022:00:38:34 -0800] "GET /?camp-fire%2F39555872.html HTTP/1.1" 500 - "-" "Mozilla/5.0 (compatible; SemrushBot/7~bl; +http://www.semrush.com/bot.html)" "mantech8.com"
185.191.171.39 - - [09/Dec/2022:00:38:54 -0800] "GET /?camp-fire%2F41617871.html HTTP/1.1" 500 - "-" "Mozilla/5.0 (compatible; SemrushBot/7~bl; +http://www.semrush.com/bot.html)" "mantech8.com"
185.191.171.39 - - [09/Dec/2022:00:39:10 -0800] "GET /?camp-fire%2F54991578.html HTTP/1.1" 500 - "-" "Mozilla/5.0 (compatible; SemrushBot/7~bl; +http://www.semrush.com/bot.html)" "mantech8.com"
207.46.13.100 - - [09/Dec/2022:00:38:53 -0800] "GET /index.php/txf8-02ef-apgsr.ii HTTP/1.1" 200 70497 "-" "Mozilla/5.0 AppleWebKit/537.36 (KHTML, like Gecko; compatible; bingbot/2.0; +http://www.bing.com/bingbot.htm) Chrome/103.0.5060.134 Safari/537.36" "mantech8.com"
36.150.60.24 - - [09/Dec/2022:00:39:19 -0800] "GET / HTTP/1.1" 500 - "-" "Mozilla/5.0 (Linux; U; Android 8.0.0; zh-cn; FRD-AL10 Build/HUAWEIFRD-AL10) AppleWebKit/537.36 (KHTML, like Gecko) MQQBrowser/7.3 Chrome/37.0.0.0 Mobile Safari/537.36" "mantech8.com"
185.191.171.25 - - [09/Dec/2022:00:39:25 -0800] "GET /?camp-fire%2F79870000.html HTTP/1.1" 500 - "-" "Mozilla/5.0 (compatible; SemrushBot/7~bl; +http://www.semrush.com/bot.html)" "mantech8.com"
36.150.60.24 - - [09/Dec/2022:00:39:36 -0800] "GET / HTTP/1.1" 500 - "-" "Mozilla/5.0 (Windows; U; WinNT4.0; en-US; rv:1.3a) Gecko/20021212" "mantech8.com"
40.77.167.26 - - [09/Dec/2022:00:39:48 -0800] "GET /index.php/naq6-4ee0ceaacb-iub8y.ii HTTP/1.1" 200 67527 "-" "Mozilla/5.0 AppleWebKit/537.36 (KHTML, like Gecko; compatible; bingbot/2.0; +http://www.bing.com/bingbot.htm) Chrome/103.0.5060.134 Safari/537.36" "mantech8.com"
40.77.167.26 - - [09/Dec/2022:00:39:50 -0800] "GET /index.php/vmbp-ebdbcfadc-umlyj.ii HTTP/1.1" 200 70518 "-" "Mozilla/5.0 (compatible; bingbot/2.0; +http://www.bing.com/bingbot.htm)" "mantech8.com"
157.55.39.123 - - [09/Dec/2022:00:40:04 -0800] "GET /index.php/nWTf-32adc-3lADu.Ii HTTP/1.1" 200 59940 "-" "Mozilla/5.0 (compatible; bingbot/2.0; +http://www.bing.com/bingbot.htm)" "mantech8.com"
157.55.39.123 - - [09/Dec/2022:00:40:05 -0800] "GET /index.php/wf2o-2696bafddf-g7jfs.ii HTTP/1.1" 200 66858 "-" "Mozilla/5.0 (compatible; bingbot/2.0; +http://www.bing.com/bingbot.htm)" "mantech8.com"
40.77.167.26 - - [09/Dec/2022:00:40:18 -0800] "GET /index.php/wtzk-91a7effeed-n1gki.ii HTTP/1.1" 200 68887 "-" "Mozilla/5.0 (compatible; bingbot/2.0; +http://www.bing.com/bingbot.htm)" "mantech8.com"
40.77.167.26 - - [09/Dec/2022:00:40:18 -0800] "GET /index.php/egy1-e09eedeaf-vssyr.ii HTTP/1.1" 200 62434 "-" "Mozilla/5.0 AppleWebKit/537.36 (KHTML, like Gecko; compatible; bingbot/2.0; +http://www.bing.com/bingbot.htm) Chrome/103.0.5060.134 Safari/537.36" "mantech8.com"
185.191.171.26 - - [09/Dec/2022:00:40:24 -0800] "GET /?camp-fire%2F38133203.html HTTP/1.1" 500 - "-" "Mozilla/5.0 (compatible; SemrushBot/7~bl; +http://www.semrush.com/bot.html)" "mantech8.com"
157.55.39.123 - - [09/Dec/2022:00:40:24 -0800] "GET /index.php/vmbp-90ed-uuogx.ii HTTP/1.1" 200 65665 "-" "Mozilla/5.0 AppleWebKit/537.36 (KHTML, like Gecko; compatible; bingbot/2.0; +http://www.bing.com/bingbot.htm) Chrome/103.0.5060.134 Safari/537.36" "mantech8.com"
157.55.39.123 - - [09/Dec/2022:00:40:25 -0800] "GET /index.php/1zve-39e8abdfc-jvuaf.ii HTTP/1.1" 200 64524 "-" "Mozilla/5.0 (compatible; bingbot/2.0; +http://www.bing.com/bingbot.htm)" "mantech8.com"
157.55.39.123 - - [09/Dec/2022:00:40:26 -0800] "GET /index.php/txf8-c6629acb-alteb.ii HTTP/1.1" 200 65084 "-" "Mozilla/5.0 AppleWebKit/537.36 (KHTML, like Gecko; compatible; bingbot/2.0; +http://www.bing.com/bingbot.htm) Chrome/103.0.5060.134 Safari/537.36" "mantech8.com"
36.150.60.24 - - [09/Dec/2022:00:40:29 -0800] "GET /favicon.ico HTTP/1.1" 404 88 "-" "Dalvik/2.1.0 (Linux; U; Android 9.0; ZTE BA520 Build/MRA58K)" "mantech8.com"
185.191.171.42 - - [09/Dec/2022:00:40:34 -0800] "GET /?camp-fire%2F90054461.html HTTP/1.1" 500 - "-" "Mozilla/5.0 (compatible; SemrushBot/7~bl; +http://www.semrush.com/bot.html)" "mantech8.com"
157.55.39.123 - - [09/Dec/2022:00:40:34 -0800] "GET /index.php/8caf HTTP/1.1" 200 72829 "-" "Mozilla/5.0 (compatible; bingbot/2.0; +http://www.bing.com/bingbot.htm)" "mantech8.com"
185.191.171.20 - - [09/Dec/2022:00:40:53 -0800] "GET /?camp-fire%2F62934676.html HTTP/1.1" 500 - "-" "Mozilla/5.0 (compatible; SemrushBot/7~bl; +http://www.semrush.com/bot.html)" "mantech8.com"
40.77.167.20 - - [09/Dec/2022:00:41:03 -0800] "GET /index.php/afe05aec HTTP/1.1" 200 69494 "-" "Mozilla/5.0 AppleWebKit/537.36 (KHTML, like Gecko; compatible; bingbot/2.0; +http://www.bing.com/bingbot.htm) Chrome/103.0.5060.134 Safari/537.36" "mantech8.com"
40.77.167.20 - - [09/Dec/2022:00:41:03 -0800] "GET /index.php/nwtf-bc00cbaae-3ps6e.ii HTTP/1.1" 200 67253 "-" "Mozilla/5.0 AppleWebKit/537.36 (KHTML, like Gecko; compatible; bingbot/2.0; +http://www.bing.com/bingbot.htm) Chrome/103.0.5060.134 Safari/537.36" "mantech8.com"
207.46.13.100 - - [09/Dec/2022:00:41:13 -0800] "GET /index.php/mkjw-5fde-bbing.ii HTTP/1.1" 200 66861 "-" "Mozilla/5.0 AppleWebKit/537.36 (KHTML, like Gecko; compatible; bingbot/2.0; +http://www.bing.com/bingbot.htm) Chrome/103.0.5060.134 Safari/537.36" "mantech8.com"
207.46.13.100 - - [09/Dec/2022:00:41:14 -0800] "GET /index.php/d9da HTTP/1.1" 200 66039 "-" "Mozilla/5.0 AppleWebKit/537.36 (KHTML, like Gecko; compatible; bingbot/2.0; +http://www.bing.com/bingbot.htm) Chrome/103.0.5060.134 Safari/537.36" "mantech8.com"
207.46.13.100 - - [09/Dec/2022:00:41:23 -0800] "GET /index.php/kjz2-97fd-haejy.ii HTTP/1.1" 200 68596 "-" "Mozilla/5.0 (compatible; bingbot/2.0; +http://www.bing.com/bingbot.htm)" "mantech8.com"
40.77.167.20 - - [09/Dec/2022:00:41:32 -0800] "GET /index.php/vmbp-3b1bdfee-ujwql.ii HTTP/1.1" 200 78469 "-" "Mozilla/5.0 (compatible; bingbot/2.0; +http://www.bing.com/bingbot.htm)" "mantech8.com"
40.77.167.20 - - [09/Dec/2022:00:41:33 -0800] "GET /index.php/egy1-b2dabbeffa-vsjha.ii HTTP/1.1" 200 66216 "-" "Mozilla/5.0 AppleWebKit/537.36 (KHTML, like Gecko; compatible; bingbot/2.0; +http://www.bing.com/bingbot.htm) Chrome/103.0.5060.134 Safari/537.36" "mantech8.com"
185.191.171.25 - - [09/Dec/2022:00:42:00 -0800] "GET /?camp-fire%2F36533238.html HTTP/1.1" 500 - "-" "Mozilla/5.0 (compatible; SemrushBot/7~bl; +http://www.semrush.com/bot.html)" "mantech8.com"
40.77.167.20 - - [09/Dec/2022:00:42:02 -0800] "GET /index.php/wf2o-494edefef-g56al.ii HTTP/1.1" 200 73159 "-" "Mozilla/5.0 AppleWebKit/537.36 (KHTML, like Gecko; compatible; bingbot/2.0; +http://www.bing.com/bingbot.htm) Chrome/103.0.5060.134 Safari/537.36" "mantech8.com"
207.46.13.100 - - [09/Dec/2022:00:42:13 -0800] "GET /index.php/mcko-8d3fcaaf-vgdys.ii HTTP/1.1" 200 68323 "-" "Mozilla/5.0 (compatible; bingbot/2.0; +http://www.bing.com/bingbot.htm)" "mantech8.com"
207.46.13.100 - - [09/Dec/2022:00:42:14 -0800] "GET /index.php/mkjw-8c699dbd-bbmx3.ii HTTP/1.1" 200 64960 "-" "Mozilla/5.0 AppleWebKit/537.36 (KHTML, like Gecko; compatible; bingbot/2.0; +http://www.bing.com/bingbot.htm) Chrome/103.0.5060.134 Safari/537.36" "mantech8.com"
40.77.167.20 - - [09/Dec/2022:00:42:23 -0800] "GET /index.php/nwtf-8ddaba-4a2xp.ii HTTP/1.1" 200 67647 "-" "Mozilla/5.0 AppleWebKit/537.36 (KHTML, like Gecko; compatible; bingbot/2.0; +http://www.bing.com/bingbot.htm) Chrome/103.0.5060.134 Safari/537.36" "mantech8.com"
40.77.167.20 - - [09/Dec/2022:00:42:24 -0800] "GET /index.php/mcko-c7edeefdb-vypav.ii HTTP/1.1" 200 67144 "-" "Mozilla/5.0 (compatible; bingbot/2.0; +http://www.bing.com/bingbot.htm)" "mantech8.com"
113.31.105.130 - - [09/Dec/2022:00:41:58 -0800] "GET / HTTP/1.1" 500 - "-" "Mozilla/5.0 (Macintosh; Intel Mac OS X 10_11) AppleWebKit/601.1.27 (KHTML, like Gecko) Chrome/47.0.2526.106 Safari/601.1.27" "mantech8.com"
157.55.39.138 - - [09/Dec/2022:00:42:48 -0800] "GET /index.php/61fada HTTP/1.1" 200 67470 "-" "Mozilla/5.0 (compatible; bingbot/2.0; +http://www.bing.com/bingbot.htm)" "mantech8.com"
157.55.39.138 - - [09/Dec/2022:00:42:49 -0800] "GET /index.php/Pstd-b9af-iSqcd.Ii HTTP/1.1" 200 72070 "-" "Mozilla/5.0 AppleWebKit/537.36 (KHTML, like Gecko; compatible; bingbot/2.0; +http://www.bing.com/bingbot.htm) Chrome/103.0.5060.134 Safari/537.36" "mantech8.com"
157.55.39.138 - - [09/Dec/2022:00:42:50 -0800] "GET /index.php/wtzk-a2facaafa-n18gd.ii HTTP/1.1" 200 66431 "-" "Mozilla/5.0 AppleWebKit/537.36 (KHTML, like Gecko; compatible; bingbot/2.0; +http://www.bing.com/bingbot.htm) Chrome/103.0.5060.134 Safari/537.36" "mantech8.com"
157.55.39.138 - - [09/Dec/2022:00:42:50 -0800] "GET /index.php/mcko-fddecc-vg9jo.ii HTTP/1.1" 200 64721 "-" "Mozilla/5.0 AppleWebKit/537.36 (KHTML, like Gecko; compatible; bingbot/2.0; +http://www.bing.com/bingbot.htm) Chrome/103.0.5060.134 Safari/537.36" "mantech8.com"
157.55.39.138 - - [09/Dec/2022:00:42:51 -0800] "GET /index.php/s0kv-0cbacb-oe3ud.ii HTTP/1.1" 200 75253 "-" "Mozilla/5.0 (compatible; bingbot/2.0; +http://www.bing.com/bingbot.htm)" "mantech8.com"
157.55.39.138 - - [09/Dec/2022:00:42:55 -0800] "GET /index.php/mcko-f36c6dbf-vtirb.ii HTTP/1.1" 200 69470 "-" "Mozilla/5.0 (compatible; bingbot/2.0; +http://www.bing.com/bingbot.htm)" "mantech8.com"
157.55.39.138 - - [09/Dec/2022:00:42:44 -0800] "GET /index.php/nWTf-b667fbab-3lDzc.Ii HTTP/1.1" 200 58460 "-" "Mozilla/5.0 (compatible; bingbot/2.0; +http://www.bing.com/bingbot.htm)" "mantech8.com"
157.55.39.138 - - [09/Dec/2022:00:42:56 -0800] "GET /index.php/48ef HTTP/1.1" 200 63908 "-" "Mozilla/5.0 (compatible; bingbot/2.0; +http://www.bing.com/bingbot.htm)" "mantech8.com"
157.55.39.138 - - [09/Dec/2022:00:43:15 -0800] "GET /index.php/aps-dbe5affdd-ojahn.ii HTTP/1.1" 200 70660 "-" "Mozilla/5.0 (compatible; bingbot/2.0; +http://www.bing.com/bingbot.htm)" "mantech8.com"
157.55.39.138 - - [09/Dec/2022:00:43:16 -0800] "GET /index.php/nwtf-1deb1bac-3pieb.ii HTTP/1.1" 200 64878 "-" "Mozilla/5.0 AppleWebKit/537.36 (KHTML, like Gecko; compatible; bingbot/2.0; +http://www.bing.com/bingbot.htm) Chrome/103.0.5060.134 Safari/537.36" "mantech8.com"
157.55.39.138 - - [09/Dec/2022:00:43:17 -0800] "GET /index.php/q5w4-d5bb5ecdde-jo3je.ii HTTP/1.1" 200 62629 "-" "Mozilla/5.0 (compatible; bingbot/2.0; +http://www.bing.com/bingbot.htm)" "mantech8.com"
157.55.39.138 - - [09/Dec/2022:00:43:17 -0800] "GET /index.php/mcko-424f7cdcfb-vylpk.ii HTTP/1.1" 200 65670 "-" "Mozilla/5.0 (compatible; bingbot/2.0; +http://www.bing.com/bingbot.htm)" "mantech8.com"
185.191.171.40 - - [09/Dec/2022:00:43:58 -0800] "GET /?camp-fire%2F39164126.html HTTP/1.1" 500 - "-" "Mozilla/5.0 (compatible; SemrushBot/7~bl; +http://www.semrush.com/bot.html)" "mantech8.com"
113.31.105.130 - - [09/Dec/2022:00:44:04 -0800] "GET / HTTP/1.1" 500 - "-" "Dalvik/2.1.0 (Linux; U; Android 9.0; ZTE BA520 Build/MRA58K)" "mantech8.com"
185.191.171.38 - - [09/Dec/2022:00:44:08 -0800] "GET /?camp-fire%2F40978650.html HTTP/1.1" 500 - "-" "Mozilla/5.0 (compatible; SemrushBot/7~bl; +http://www.semrush.com/bot.html)" "mantech8.com"
40.77.167.26 - - [09/Dec/2022:00:44:13 -0800] "GET /index.php/kd2b-ad6fadecc-skibk.ii HTTP/1.1" 200 64590 "-" "Mozilla/5.0 (compatible; bingbot/2.0; +http://www.bing.com/bingbot.htm)" "mantech8.com"
40.77.167.26 - - [09/Dec/2022:00:44:08 -0800] "GET /index.php/nwtf-a4fab-3lup3.ii HTTP/1.1" 200 68784 "-" "Mozilla/5.0 (compatible; bingbot/2.0; +http://www.bing.com/bingbot.htm)" "mantech8.com"
40.77.167.26 - - [09/Dec/2022:00:44:14 -0800] "GET /index.php/nwtf-2ccd-4a04g.ii HTTP/1.1" 200 66952 "-" "Mozilla/5.0 (compatible; bingbot/2.0; +http://www.bing.com/bingbot.htm)" "mantech8.com"
36.150.60.24 - - [09/Dec/2022:00:44:24 -0800] "GET /static/image/star.png HTTP/1.1" 404 88 "-" "Dalvik/2.1.0 (Linux; U; Android 9.0; ZTE BA520 Build/MRA58K)" "mantech8.com"
36.150.60.24 - - [09/Dec/2022:00:44:24 -0800] "GET /static/js/jquery.qrcode.min.js HTTP/1.1" 404 88 "-" "Dalvik/2.1.0 (Linux; U; Android 9.0; ZTE BA520 Build/MRA58K)" "mantech8.com"
36.150.60.24 - - [09/Dec/2022:00:44:24 -0800] "GET /statics/assets/apkloading.png HTTP/1.1" 404 88 "-" "Dalvik/2.1.0 (Linux; U; Android 9.0; ZTE BA520 Build/MRA58K)" "mantech8.com"
36.150.60.24 - - [09/Dec/2022:00:44:24 -0800] "GET /jsees HTTP/1.1" 404 88 "-" "Dalvik/2.1.0 (Linux; U; Android 9.0; ZTE BA520 Build/MRA58K)" "mantech8.com"
36.150.60.24 - - [09/Dec/2022:00:44:27 -0800] "GET /jsees HTTP/1.1" 404 88 "-" "Mozilla/5.0 (Macintosh; Intel Mac OS X 10_11) AppleWebKit/601.1.27 (KHTML, like Gecko) Chrome/47.0.2526.106 Safari/601.1.27" "mantech8.com"
36.150.60.24 - - [09/Dec/2022:00:44:27 -0800] "GET /statics/assets/apkloading.png HTTP/1.1" 404 88 "-" "Mozilla/5.0 (Macintosh; Intel Mac OS X 10_11) AppleWebKit/601.1.27 (KHTML, like Gecko) Chrome/47.0.2526.106 Safari/601.1.27" "mantech8.com"
36.150.60.24 - - [09/Dec/2022:00:44:27 -0800] "GET /static/js/jquery.qrcode.min.js HTTP/1.1" 404 88 "-" "Mozilla/5.0 (Macintosh; Intel Mac OS X 10_11) AppleWebKit/601.1.27 (KHTML, like Gecko) Chrome/47.0.2526.106 Safari/601.1.27" "mantech8.com"
36.150.60.24 - - [09/Dec/2022:00:44:27 -0800] "GET /static/image/star.png HTTP/1.1" 404 88 "-" "Mozilla/5.0 (Macintosh; Intel Mac OS X 10_11) AppleWebKit/601.1.27 (KHTML, like Gecko) Chrome/47.0.2526.106 Safari/601.1.27" "mantech8.com"
36.150.60.24 - - [09/Dec/2022:00:44:30 -0800] "GET /static/js/jquery.qrcode.min.js HTTP/1.1" 404 88 "-" "Dalvik/2.1.0 (Linux; U; Android 9.0; ZTE BA520 Build/MRA58K)" "mantech8.com"
36.150.60.24 - - [09/Dec/2022:00:44:30 -0800] "GET /static/image/star.png HTTP/1.1" 404 88 "-" "Dalvik/2.1.0 (Linux; U; Android 9.0; ZTE BA520 Build/MRA58K)" "mantech8.com"
36.150.60.24 - - [09/Dec/2022:00:44:30 -0800] "GET /jsees HTTP/1.1" 404 88 "-" "Dalvik/2.1.0 (Linux; U; Android 9.0; ZTE BA520 Build/MRA58K)" "mantech8.com"
36.150.60.24 - - [09/Dec/2022:00:44:30 -0800] "GET /statics/assets/apkloading.png HTTP/1.1" 404 88 "-" "Dalvik/2.1.0 (Linux; U; Android 9.0; ZTE BA520 Build/MRA58K)" "mantech8.com"
40.77.167.26 - - [09/Dec/2022:00:44:59 -0800] "GET /index.php/ae50ffdec HTTP/1.1" 200 62125 "-" "Mozilla/5.0 AppleWebKit/537.36 (KHTML, like Gecko; compatible; bingbot/2.0; +http://www.bing.com/bingbot.htm) Chrome/103.0.5060.134 Safari/537.36" "mantech8.com"
185.191.171.3 - - [09/Dec/2022:00:45:16 -0800] "GET /?camp-fire%2F38420841.html HTTP/1.1" 500 - "-" "Mozilla/5.0 (compatible; SemrushBot/7~bl; +http://www.semrush.com/bot.html)" "mantech8.com"
185.191.171.41 - - [09/Dec/2022:00:45:18 -0800] "GET /?camp-fire%2F29445535.html HTTP/1.1" 500 - "-" "Mozilla/5.0 (compatible; SemrushBot/7~bl; +http://www.semrush.com/bot.html)" "mantech8.com"
157.55.39.138 - - [09/Dec/2022:00:45:54 -0800] "GET /index.php/WtZk-cd4accfcb-nLwgw.Ii HTTP/1.1" 200 63992 "-" "Mozilla/5.0 (compatible; bingbot/2.0; +http://www.bing.com/bingbot.htm)" "mantech8.com"
157.55.39.138 - - [09/Dec/2022:00:45:55 -0800] "GET /index.php/1zve-f39dfedb-jtsle.ii HTTP/1.1" 200 67688 "-" "Mozilla/5.0 (compatible; bingbot/2.0; +http://www.bing.com/bingbot.htm)" "mantech8.com"
216.244.66.241 - - [09/Dec/2022:00:46:20 -0800] "GET /robots.txt HTTP/1.1" 200 222 "-" "Mozilla/5.0 (compatible; DotBot/1.2; +https://opensiteexplorer.org/dotbot; help@moz.com)" "mantech8.com"
216.244.66.241 - - [09/Dec/2022:00:46:20 -0800] "GET /robots.txt HTTP/1.1" 200 222 "-" "Mozilla/5.0 (compatible; DotBot/1.2; +https://opensiteexplorer.org/dotbot; help@moz.com)" "www.mantech8.com"
185.191.171.26 - - [09/Dec/2022:00:46:47 -0800] "GET /?camp-fire%2F39268063.html HTTP/1.1" 500 - "-" "Mozilla/5.0 (compatible; SemrushBot/7~bl; +http://www.semrush.com/bot.html)" "mantech8.com"
207.46.13.100 - - [09/Dec/2022:00:47:14 -0800] "GET /index.php/kjz2-61dce-ylfo7.ii HTTP/1.1" 200 68739 "-" "Mozilla/5.0 AppleWebKit/537.36 (KHTML, like Gecko; compatible; bingbot/2.0; +http://www.bing.com/bingbot.htm) Chrome/103.0.5060.134 Safari/537.36" "mantech8.com"
207.46.13.100 - - [09/Dec/2022:00:47:15 -0800] "GET /index.php/nwtf-75bd-3lsko.ii HTTP/1.1" 200 72249 "-" "Mozilla/5.0 (compatible; bingbot/2.0; +http://www.bing.com/bingbot.htm)" "mantech8.com"
207.46.13.100 - - [09/Dec/2022:00:47:24 -0800] "GET /index.php/1c5dfeefc HTTP/1.1" 200 60901 "-" "Mozilla/5.0 (compatible; bingbot/2.0; +http://www.bing.com/bingbot.htm)" "mantech8.com"
207.46.13.100 - - [09/Dec/2022:00:47:25 -0800] "GET /index.php/8beaa/9cded HTTP/1.1" 200 64121 "-" "Mozilla/5.0 AppleWebKit/537.36 (KHTML, like Gecko; compatible; bingbot/2.0; +http://www.bing.com/bingbot.htm) Chrome/103.0.5060.134 Safari/537.36" "mantech8.com"
157.55.39.123 - - [09/Dec/2022:00:47:26 -0800] "GET /index.php/YhFG-92deaa-plYOo.Ii HTTP/1.1" 200 103431 "-" "Mozilla/5.0 AppleWebKit/537.36 (KHTML, like Gecko; compatible; bingbot/2.0; +http://www.bing.com/bingbot.htm) Chrome/103.0.5060.134 Safari/537.36" "mantech8.com"
157.55.39.123 - - [09/Dec/2022:00:47:28 -0800] "GET /index.php/kjz2-149faeffb-yptwn.ii HTTP/1.1" 200 74509 "-" "Mozilla/5.0 (compatible; bingbot/2.0; +http://www.bing.com/bingbot.htm)" "mantech8.com"
157.55.39.123 - - [09/Dec/2022:00:47:31 -0800] "GET /index.php/040bcfdaeb HTTP/1.1" 200 61346 "-" "Mozilla/5.0 (compatible; bingbot/2.0; +http://www.bing.com/bingbot.htm)" "mantech8.com"
157.55.39.123 - - [09/Dec/2022:00:47:32 -0800] "GET /index.php/egy1-d95bebdba-vevmv.ii HTTP/1.1" 200 66590 "-" "Mozilla/5.0 AppleWebKit/537.36 (KHTML, like Gecko; compatible; bingbot/2.0; +http://www.bing.com/bingbot.htm) Chrome/103.0.5060.134 Safari/537.36" "mantech8.com"
157.55.39.123 - - [09/Dec/2022:00:47:32 -0800] "GET /index.php/nwtf-9d30eefaa-4atem.ii HTTP/1.1" 200 65883 "-" "Mozilla/5.0 (compatible; bingbot/2.0; +http://www.bing.com/bingbot.htm)" "mantech8.com"
40.77.167.26 - - [09/Dec/2022:00:47:34 -0800] "GET /index.php/wtzk-a6ea-nleso.ii HTTP/1.1" 200 69514 "-" "Mozilla/5.0 (compatible; bingbot/2.0; +http://www.bing.com/bingbot.htm)" "mantech8.com"
40.77.167.26 - - [09/Dec/2022:00:47:34 -0800] "GET /index.php/ihsw-75dffa-xwshp.ii HTTP/1.1" 200 78163 "-" "Mozilla/5.0 AppleWebKit/537.36 (KHTML, like Gecko; compatible; bingbot/2.0; +http://www.bing.com/bingbot.htm) Chrome/103.0.5060.134 Safari/537.36" "mantech8.com"
185.191.171.23 - - [09/Dec/2022:00:47:37 -0800] "GET /?camp-fire%2F59059078.html HTTP/1.1" 500 - "-" "Mozilla/5.0 (compatible; SemrushBot/7~bl; +http://www.semrush.com/bot.html)" "mantech8.com"
157.55.39.138 - - [09/Dec/2022:00:47:45 -0800] "GET /index.php/b6afc HTTP/1.1" 200 69251 "-" "Mozilla/5.0 (compatible; bingbot/2.0; +http://www.bing.com/bingbot.htm)" "mantech8.com"
185.191.171.3 - - [09/Dec/2022:00:48:50 -0800] "GET /?camp-fire%2F38287403.html HTTP/1.1" 500 - "-" "Mozilla/5.0 (compatible; SemrushBot/7~bl; +http://www.semrush.com/bot.html)" "mantech8.com"
113.31.105.130 - - [09/Dec/2022:00:49:22 -0800] "GET /static/image/star.png HTTP/1.1" 404 88 "-" "Dalvik/2.1.0 (Linux; U; Android 9.0; ZTE BA520 Build/MRA58K)" "mantech8.com"
113.31.105.130 - - [09/Dec/2022:00:49:22 -0800] "GET /static/js/jquery.qrcode.min.js HTTP/1.1" 404 88 "-" "Dalvik/2.1.0 (Linux; U; Android 9.0; ZTE BA520 Build/MRA58K)" "mantech8.com"
113.31.105.130 - - [09/Dec/2022:00:49:22 -0800] "GET /jsees HTTP/1.1" 404 88 "-" "Dalvik/2.1.0 (Linux; U; Android 9.0; ZTE BA520 Build/MRA58K)" "mantech8.com"
113.31.105.130 - - [09/Dec/2022:00:49:22 -0800] "GET /statics/assets/apkloading.png HTTP/1.1" 404 88 "-" "Dalvik/2.1.0 (Linux; U; Android 9.0; ZTE BA520 Build/MRA58K)" "mantech8.com"
207.46.13.100 - - [09/Dec/2022:00:49:54 -0800] "GET /index.php/031cbfcab HTTP/1.1" 200 65156 "-" "Mozilla/5.0 AppleWebKit/537.36 (KHTML, like Gecko; compatible; bingbot/2.0; +http://www.bing.com/bingbot.htm) Chrome/103.0.5060.134 Safari/537.36" "mantech8.com"
185.191.171.6 - - [09/Dec/2022:00:50:07 -0800] "GET /?camp-fire%2F28263165.html HTTP/1.1" 500 - "-" "Mozilla/5.0 (compatible; SemrushBot/7~bl; +http://www.semrush.com/bot.html)" "mantech8.com"
185.191.171.22 - - [09/Dec/2022:00:50:25 -0800] "GET /?camp-fire%2F92331271.html HTTP/1.1" 500 - "-" "Mozilla/5.0 (compatible; SemrushBot/7~bl; +http://www.semrush.com/bot.html)" "mantech8.com"
113.31.105.130 - - [09/Dec/2022:00:52:02 -0800] "GET / HTTP/1.1" 500 - "-" "Dalvik/2.1.0 (Linux; U; Android 9.0; ZTE BA520 Build/MRA58K)" "mantech8.com"
185.191.171.18 - - [09/Dec/2022:00:52:18 -0800] "GET /?camp-fire%2F34705593.html HTTP/1.1" 500 - "-" "Mozilla/5.0 (compatible; SemrushBot/7~bl; +http://www.semrush.com/bot.html)" "mantech8.com"
207.46.13.100 - - [09/Dec/2022:00:52:25 -0800] "GET /index.php/20daca HTTP/1.1" 200 104538 "-" "Mozilla/5.0 AppleWebKit/537.36 (KHTML, like Gecko; compatible; bingbot/2.0; +http://www.bing.com/bingbot.htm) Chrome/103.0.5060.134 Safari/537.36" "mantech8.com"
207.46.13.100 - - [09/Dec/2022:00:52:26 -0800] "GET /index.php/31l7-37e31dca-ouwfu.ii HTTP/1.1" 200 68136 "-" "Mozilla/5.0 AppleWebKit/537.36 (KHTML, like Gecko; compatible; bingbot/2.0; +http://www.bing.com/bingbot.htm) Chrome/103.0.5060.134 Safari/537.36" "mantech8.com"
185.191.171.1 - - [09/Dec/2022:00:52:55 -0800] "GET /?camp-fire%2F97004350.html HTTP/1.1" 500 - "-" "Mozilla/5.0 (compatible; SemrushBot/7~bl; +http://www.semrush.com/bot.html)" "mantech8.com"
114.119.148.169 - - [09/Dec/2022:00:52:57 -0800] "GET /bimages/cleang/display_select_lang.lib.php HTTP/1.1" 200 32 "http://www.mantech8.com/bimages/cleang/?C=M%3BO%3DA" "Mozilla/5.0 (Linux; Android 7.0;) AppleWebKit/537.36 (KHTML, like Gecko) Mobile Safari/537.36 (compatible; PetalBot;+https://webmaster.petalsearch.com/site/petalbot)" "www.mantech8.com"
185.191.171.44 - - [09/Dec/2022:00:53:12 -0800] "GET /?camp-fire%2F38891517.html HTTP/1.1" 500 - "-" "Mozilla/5.0 (compatible; SemrushBot/7~bl; +http://www.semrush.com/bot.html)" "mantech8.com"
64.124.8.58 - - [09/Dec/2022:00:53:20 -0800] "GET /robots.txt HTTP/1.1" 200 106 "-" "Mozilla/5.0 (X11; Linux x86_64) AppleWebKit/537.36 (KHTML, like Gecko) Chrome/61.0.3163.79 Safari/537.36" "mantech8.com"
64.124.8.58 - - [09/Dec/2022:00:53:20 -0800] "GET /about.php HTTP/1.1" 404 88 "-" "Mozilla/5.0 (X11; Linux x86_64) AppleWebKit/537.36 (KHTML, like Gecko) Chrome/61.0.3163.79 Safari/537.36" "mantech8.com"
207.46.13.100 - - [09/Dec/2022:00:53:45 -0800] "GET /index.php/mcko-bcb6deaaf-vyaod.ii HTTP/1.1" 200 65286 "-" "Mozilla/5.0 (compatible; bingbot/2.0; +http://www.bing.com/bingbot.htm)" "mantech8.com"
64.124.8.58 - - [09/Dec/2022:00:54:07 -0800] "GET /scaffolding.php HTTP/1.1" 200 13407 "-" "Mozilla/5.0 (X11; Linux x86_64) AppleWebKit/537.36 (KHTML, like Gecko) Chrome/61.0.3163.79 Safari/537.36" "mantech8.com"
185.191.171.19 - - [09/Dec/2022:00:55:10 -0800] "GET /?camp-fire%2F37551808.html HTTP/1.1" 500 - "-" "Mozilla/5.0 (compatible; SemrushBot/7~bl; +http://www.semrush.com/bot.html)" "mantech8.com"
157.55.39.138 - - [09/Dec/2022:00:55:36 -0800] "GET / HTTP/1.1" 200 64638 "-" "Mozilla/5.0 AppleWebKit/537.36 (KHTML, like Gecko; compatible; bingbot/2.0; +http://www.bing.com/bingbot.htm) Chrome/103.0.5060.134 Safari/537.36" "www.mantech8.com"
185.191.171.9 - - [09/Dec/2022:00:55:42 -0800] "GET /?camp-fire%2F36595855.html HTTP/1.1" 500 - "-" "Mozilla/5.0 (compatible; SemrushBot/7~bl; +http://www.semrush.com/bot.html)" "mantech8.com"
66.249.66.11 - - [09/Dec/2022:00:55:44 -0800] "GET /ads.txt HTTP/1.1" 404 88 "-" "Mozilla/5.0 (compatible; Googlebot/2.1; +http://www.google.com/bot.html)" "www.mantech8.com"
185.191.171.39 - - [09/Dec/2022:00:55:55 -0800] "GET /?camp-fire%2F39780392.html HTTP/1.1" 500 - "-" "Mozilla/5.0 (compatible; SemrushBot/7~bl; +http://www.semrush.com/bot.html)" "mantech8.com"
185.191.171.10 - - [09/Dec/2022:00:56:26 -0800] "GET /?camp-fire%2F77046982.html HTTP/1.1" 500 - "-" "Mozilla/5.0 (compatible; SemrushBot/7~bl; +http://www.semrush.com/bot.html)" "mantech8.com"
207.46.13.100 - - [09/Dec/2022:00:56:35 -0800] "GET /index.php/Mcko-99ec-VyAon.Ii HTTP/1.1" 200 73691 "-" "Mozilla/5.0 (compatible; bingbot/2.0; +http://www.bing.com/bingbot.htm)" "mantech8.com"
185.191.171.3 - - [09/Dec/2022:00:56:35 -0800] "GET /?camp-fire%2F64922609.html HTTP/1.1" 500 - "-" "Mozilla/5.0 (compatible; SemrushBot/7~bl; +http://www.semrush.com/bot.html)" "mantech8.com"
207.46.13.100 - - [09/Dec/2022:00:56:36 -0800] "GET /index.php/nwtf-e9de-4avfi.ii HTTP/1.1" 200 60557 "-" "Mozilla/5.0 (compatible; bingbot/2.0; +http://www.bing.com/bingbot.htm)" "mantech8.com"
40.77.167.26 - - [09/Dec/2022:00:56:49 -0800] "GET /index.php/APS-aa452add-OkgEE.Ii HTTP/1.1" 200 64435 "-" "Mozilla/5.0 (compatible; bingbot/2.0; +http://www.bing.com/bingbot.htm)" "mantech8.com"
40.77.167.26 - - [09/Dec/2022:00:56:49 -0800] "GET /index.php/ba8S-fbfafe-00aCa.Ii HTTP/1.1" 200 75067 "-" "Mozilla/5.0 AppleWebKit/537.36 (KHTML, like Gecko; compatible; bingbot/2.0; +http://www.bing.com/bingbot.htm) Chrome/103.0.5060.134 Safari/537.36" "mantech8.com"
40.77.167.26 - - [09/Dec/2022:00:56:50 -0800] "GET /index.php/wtzk-bd9eabccc-n1bsw.ii HTTP/1.1" 200 65828 "-" "Mozilla/5.0 (compatible; bingbot/2.0; +http://www.bing.com/bingbot.htm)" "mantech8.com"
40.77.167.26 - - [09/Dec/2022:00:56:51 -0800] "GET /index.php/nwtf-2bbbbe-3prep.ii HTTP/1.1" 200 67620 "-" "Mozilla/5.0 AppleWebKit/537.36 (KHTML, like Gecko; compatible; bingbot/2.0; +http://www.bing.com/bingbot.htm) Chrome/103.0.5060.134 Safari/537.36" "mantech8.com"
40.77.167.26 - - [09/Dec/2022:00:56:51 -0800] "GET /index.php/wtzk-f180cfcea-npfjt.ii HTTP/1.1" 200 84806 "-" "Mozilla/5.0 (compatible; bingbot/2.0; +http://www.bing.com/bingbot.htm)" "mantech8.com"
40.77.167.26 - - [09/Dec/2022:00:56:52 -0800] "GET /index.php/yhfg-1feeaabae-polzx.ii HTTP/1.1" 200 69705 "-" "Mozilla/5.0 (compatible; bingbot/2.0; +http://www.bing.com/bingbot.htm)" "mantech8.com"
207.46.13.100 - - [09/Dec/2022:00:56:59 -0800] "GET /index.php/8fefeb HTTP/1.1" 200 64369 "-" "Mozilla/5.0 (compatible; bingbot/2.0; +http://www.bing.com/bingbot.htm)" "mantech8.com"
185.191.171.22 - - [09/Dec/2022:00:57:26 -0800] "GET /?camp-fire%2F94315172.html HTTP/1.1" 500 - "-" "Mozilla/5.0 (compatible; SemrushBot/7~bl; +http://www.semrush.com/bot.html)" "mantech8.com"
185.191.171.22 - - [09/Dec/2022:00:57:31 -0800] "GET /?camp-fire%2F38947447.html HTTP/1.1" 500 - "-" "Mozilla/5.0 (compatible; SemrushBot/7~bl; +http://www.semrush.com/bot.html)" "mantech8.com"
185.191.171.8 - - [09/Dec/2022:00:58:09 -0800] "GET /?camp-fire%2F42095109.html HTTP/1.1" 500 - "-" "Mozilla/5.0 (compatible; SemrushBot/7~bl; +http://www.semrush.com/bot.html)" "mantech8.com"
113.31.105.130 - - [09/Dec/2022:00:58:45 -0800] "GET /static/image/star.png HTTP/1.1" 404 88 "-" "Dalvik/2.1.0 (Linux; U; Android 9.0; ZTE BA520 Build/MRA58K)" "mantech8.com"
113.31.105.130 - - [09/Dec/2022:00:58:46 -0800] "GET /static/js/jquery.qrcode.min.js HTTP/1.1" 404 88 "-" "Dalvik/2.1.0 (Linux; U; Android 9.0; ZTE BA520 Build/MRA58K)" "mantech8.com"
113.31.105.130 - - [09/Dec/2022:00:58:46 -0800] "GET /jsees HTTP/1.1" 404 88 "-" "Dalvik/2.1.0 (Linux; U; Android 9.0; ZTE BA520 Build/MRA58K)" "mantech8.com"
113.31.105.130 - - [09/Dec/2022:00:58:46 -0800] "GET /statics/assets/apkloading.png HTTP/1.1" 404 88 "-" "Dalvik/2.1.0 (Linux; U; Android 9.0; ZTE BA520 Build/MRA58K)" "mantech8.com"
185.191.171.25 - - [09/Dec/2022:00:58:47 -0800] "GET /?camp-fire%2F21692835.html HTTP/1.1" 500 - "-" "Mozilla/5.0 (compatible; SemrushBot/7~bl; +http://www.semrush.com/bot.html)" "mantech8.com"
185.191.171.41 - - [09/Dec/2022:00:58:51 -0800] "GET /?camp-fire%2F39395492.html HTTP/1.1" 500 - "-" "Mozilla/5.0 (compatible; SemrushBot/7~bl; +http://www.semrush.com/bot.html)" "mantech8.com"
185.191.171.35 - - [09/Dec/2022:00:59:29 -0800] "GET /?camp-fire%2F39443426.html HTTP/1.1" 500 - "-" "Mozilla/5.0 (compatible; SemrushBot/7~bl; +http://www.semrush.com/bot.html)" "mantech8.com"
185.191.171.25 - - [09/Dec/2022:00:59:45 -0800] "GET /?camp-fire%2F42185271.html HTTP/1.1" 500 - "-" "Mozilla/5.0 (compatible; SemrushBot/7~bl; +http://www.semrush.com/bot.html)" "mantech8.com"
185.191.171.3 - - [09/Dec/2022:00:59:57 -0800] "GET /?camp-fire%2F36840830.html HTTP/1.1" 500 - "-" "Mozilla/5.0 (compatible; SemrushBot/7~bl; +http://www.semrush.com/bot.html)" "mantech8.com"
207.46.13.100 - - [09/Dec/2022:01:01:06 -0800] "GET /index.php/pstd-3afff-ien03.ii HTTP/1.1" 200 73305 "-" "Mozilla/5.0 (compatible; bingbot/2.0; +http://www.bing.com/bingbot.htm)" "mantech8.com"
185.191.171.45 - - [09/Dec/2022:01:01:15 -0800] "GET /?camp-fire%2F82960517.html HTTP/1.1" 500 - "-" "Mozilla/5.0 (compatible; SemrushBot/7~bl; +http://www.semrush.com/bot.html)" "mantech8.com"
40.77.167.26 - - [09/Dec/2022:01:03:52 -0800] "GET /index.php/txf8-f2fca-apbds.ii HTTP/1.1" 200 73994 "-" "Mozilla/5.0 (compatible; bingbot/2.0; +http://www.bing.com/bingbot.htm)" "mantech8.com"
40.77.167.26 - - [09/Dec/2022:01:03:54 -0800] "GET /index.php/vmbp-a6392beff-uuqfo.ii HTTP/1.1" 200 66955 "-" "Mozilla/5.0 AppleWebKit/537.36 (KHTML, like Gecko; compatible; bingbot/2.0; +http://www.bing.com/bingbot.htm) Chrome/103.0.5060.134 Safari/537.36" "mantech8.com"
40.77.167.26 - - [09/Dec/2022:01:03:54 -0800] "GET /index.php/ceedffbb HTTP/1.1" 200 64602 "-" "Mozilla/5.0 AppleWebKit/537.36 (KHTML, like Gecko; compatible; bingbot/2.0; +http://www.bing.com/bingbot.htm) Chrome/103.0.5060.134 Safari/537.36" "mantech8.com"
185.191.171.10 - - [09/Dec/2022:01:03:59 -0800] "GET /?camp-fire%2F35717738.html HTTP/1.1" 500 - "-" "Mozilla/5.0 (compatible; SemrushBot/7~bl; +http://www.semrush.com/bot.html)" "mantech8.com"
185.191.171.1 - - [09/Dec/2022:01:04:00 -0800] "GET /?camp-fire%2F38981970.html HTTP/1.1" 500 - "-" "Mozilla/5.0 (compatible; SemrushBot/7~bl; +http://www.semrush.com/bot.html)" "mantech8.com"
185.191.171.19 - - [09/Dec/2022:01:04:07 -0800] "GET /?camp-fire%2F80643565.html HTTP/1.1" 500 - "-" "Mozilla/5.0 (compatible; SemrushBot/7~bl; +http://www.semrush.com/bot.html)" "mantech8.com"
185.191.171.35 - - [09/Dec/2022:01:04:19 -0800] "GET /?camp-fire%2F61143572.html HTTP/1.1" 500 - "-" "Mozilla/5.0 (compatible; SemrushBot/7~bl; +http://www.semrush.com/bot.html)" "mantech8.com"
40.77.167.26 - - [09/Dec/2022:01:04:40 -0800] "GET /index.php/8f1b2caf HTTP/1.1" 200 65829 "-" "Mozilla/5.0 AppleWebKit/537.36 (KHTML, like Gecko; compatible; bingbot/2.0; +http://www.bing.com/bingbot.htm) Chrome/103.0.5060.134 Safari/537.36" "mantech8.com"
185.191.171.26 - - [09/Dec/2022:01:05:44 -0800] "GET /?camp-fire%2F36965038.html HTTP/1.1" 500 - "-" "Mozilla/5.0 (compatible; SemrushBot/7~bl; +http://www.semrush.com/bot.html)" "mantech8.com"
207.46.13.100 - - [09/Dec/2022:01:05:46 -0800] "GET /index.php/52cfca HTTP/1.1" 200 67038 "-" "Mozilla/5.0 AppleWebKit/537.36 (KHTML, like Gecko; compatible; bingbot/2.0; +http://www.bing.com/bingbot.htm) Chrome/103.0.5060.134 Safari/537.36" "mantech8.com"
185.191.171.39 - - [09/Dec/2022:01:07:00 -0800] "GET /?camp-fire%2F77719721.html HTTP/1.1" 500 - "-" "Mozilla/5.0 (compatible; SemrushBot/7~bl; +http://www.semrush.com/bot.html)" "mantech8.com"
185.191.171.22 - - [09/Dec/2022:01:07:09 -0800] "GET /?camp-fire%2F95518333.html HTTP/1.1" 500 - "-" "Mozilla/5.0 (compatible; SemrushBot/7~bl; +http://www.semrush.com/bot.html)" "mantech8.com"
185.191.171.38 - - [09/Dec/2022:01:07:24 -0800] "GET /?camp-fire%2F37054321.html HTTP/1.1" 500 - "-" "Mozilla/5.0 (compatible; SemrushBot/7~bl; +http://www.semrush.com/bot.html)" "mantech8.com"
185.191.171.19 - - [09/Dec/2022:01:08:48 -0800] "GET /?camp-fire%2F40147564.html HTTP/1.1" 500 - "-" "Mozilla/5.0 (compatible; SemrushBot/7~bl; +http://www.semrush.com/bot.html)" "mantech8.com"
207.46.13.100 - - [09/Dec/2022:01:09:26 -0800] "GET /index.php/nwtf-c1ec-4almp.ii HTTP/1.1" 200 66819 "-" "Mozilla/5.0 (compatible; bingbot/2.0; +http://www.bing.com/bingbot.htm)" "mantech8.com"
185.191.171.1 - - [09/Dec/2022:01:11:55 -0800] "GET /?camp-fire%2F40083682.html HTTP/1.1" 500 - "-" "Mozilla/5.0 (compatible; SemrushBot/7~bl; +http://www.semrush.com/bot.html)" "mantech8.com"
185.191.171.7 - - [09/Dec/2022:01:11:58 -0800] "GET /?camp-fire%2F39349772.html HTTP/1.1" 500 - "-" "Mozilla/5.0 (compatible; SemrushBot/7~bl; +http://www.semrush.com/bot.html)" "mantech8.com"
185.191.171.44 - - [09/Dec/2022:01:12:21 -0800] "GET /?camp-fire%2F39039635.html HTTP/1.1" 500 - "-" "Mozilla/5.0 (compatible; SemrushBot/7~bl; +http://www.semrush.com/bot.html)" "mantech8.com"
207.46.13.100 - - [09/Dec/2022:01:12:26 -0800] "GET /index.php/nwtf-08f6eedefd-4qbk6.ii HTTP/1.1" 200 65584 "-" "Mozilla/5.0 (compatible; bingbot/2.0; +http://www.bing.com/bingbot.htm)" "mantech8.com"
207.46.13.100 - - [09/Dec/2022:01:12:28 -0800] "GET /index.php/pstd-f79eebfc-ixstc.ii HTTP/1.1" 200 71929 "-" "Mozilla/5.0 AppleWebKit/537.36 (KHTML, like Gecko; compatible; bingbot/2.0; +http://www.bing.com/bingbot.htm) Chrome/103.0.5060.134 Safari/537.36" "mantech8.com"
185.191.171.17 - - [09/Dec/2022:01:12:57 -0800] "GET /?camp-fire%2F39815230.html HTTP/1.1" 500 - "-" "Mozilla/5.0 (compatible; SemrushBot/7~bl; +http://www.semrush.com/bot.html)" "mantech8.com"
185.191.171.8 - - [09/Dec/2022:01:13:41 -0800] "GET /?camp-fire%2F84250770.html HTTP/1.1" 500 - "-" "Mozilla/5.0 (compatible; SemrushBot/7~bl; +http://www.semrush.com/bot.html)" "mantech8.com"
40.77.167.26 - - [09/Dec/2022:01:13:42 -0800] "GET /index.php/e08daadf HTTP/1.1" 200 61491 "-" "Mozilla/5.0 (compatible; bingbot/2.0; +http://www.bing.com/bingbot.htm)" "mantech8.com"
185.191.171.18 - - [09/Dec/2022:01:13:51 -0800] "GET /?camp-fire%2F33514125.html HTTP/1.1" 500 - "-" "Mozilla/5.0 (compatible; SemrushBot/7~bl; +http://www.semrush.com/bot.html)" "mantech8.com"
185.191.171.22 - - [09/Dec/2022:01:14:05 -0800] "GET /?camp-fire%2F19261000.html HTTP/1.1" 500 - "-" "Mozilla/5.0 (compatible; SemrushBot/7~bl; +http://www.semrush.com/bot.html)" "mantech8.com"
207.46.13.125 - - [09/Dec/2022:01:14:05 -0800] "GET /index.php/hFdr-eeeb-Io9Pr.Ii HTTP/1.1" 200 67291 "-" "Mozilla/5.0 (compatible; bingbot/2.0; +http://www.bing.com/bingbot.htm)" "www.mantech8.com"
185.191.171.10 - - [09/Dec/2022:01:14:16 -0800] "GET /?camp-fire%2F36152771.html HTTP/1.1" 500 - "-" "Mozilla/5.0 (compatible; SemrushBot/7~bl; +http://www.semrush.com/bot.html)" "mantech8.com"
185.191.171.19 - - [09/Dec/2022:01:14:51 -0800] "GET /?camp-fire%2F38180972.html HTTP/1.1" 500 - "-" "Mozilla/5.0 (compatible; SemrushBot/7~bl; +http://www.semrush.com/bot.html)" "mantech8.com"
185.191.171.2 - - [09/Dec/2022:01:15:25 -0800] "GET /?camp-fire%2F39065226.html HTTP/1.1" 500 - "-" "Mozilla/5.0 (compatible; SemrushBot/7~bl; +http://www.semrush.com/bot.html)" "mantech8.com"
185.191.171.26 - - [09/Dec/2022:01:15:43 -0800] "GET /?camp-fire%2F40082982.html HTTP/1.1" 500 - "-" "Mozilla/5.0 (compatible; SemrushBot/7~bl; +http://www.semrush.com/bot.html)" "mantech8.com"
185.191.171.11 - - [09/Dec/2022:01:15:51 -0800] "GET /?camp-fire%2F88635926.html HTTP/1.1" 500 - "-" "Mozilla/5.0 (compatible; SemrushBot/7~bl; +http://www.semrush.com/bot.html)" "mantech8.com"
207.46.13.100 - - [09/Dec/2022:01:15:57 -0800] "GET /index.php/nwtf-03cbb-3lemc.ii HTTP/1.1" 200 65191 "-" "Mozilla/5.0 AppleWebKit/537.36 (KHTML, like Gecko; compatible; bingbot/2.0; +http://www.bing.com/bingbot.htm) Chrome/103.0.5060.134 Safari/537.36" "mantech8.com"
40.77.167.20 - - [09/Dec/2022:01:16:06 -0800] "GET / HTTP/1.1" 200 65090 "-" "Mozilla/5.0 AppleWebKit/537.36 (KHTML, like Gecko; compatible; bingbot/2.0; +http://www.bing.com/bingbot.htm) Chrome/103.0.5060.134 Safari/537.36" "www.mantech8.com"
207.46.13.100 - - [09/Dec/2022:01:16:17 -0800] "GET /index.php/mcko-195a7afa-vbmqq.ii HTTP/1.1" 200 66405 "-" "Mozilla/5.0 AppleWebKit/537.36 (KHTML, like Gecko; compatible; bingbot/2.0; +http://www.bing.com/bingbot.htm) Chrome/103.0.5060.134 Safari/537.36" "mantech8.com"
185.191.171.15 - - [09/Dec/2022:01:16:22 -0800] "GET /?camp-fire%2F39152703.html HTTP/1.1" 500 - "-" "Mozilla/5.0 (compatible; SemrushBot/7~bl; +http://www.semrush.com/bot.html)" "mantech8.com"
185.191.171.24 - - [09/Dec/2022:01:17:24 -0800] "GET /?camp-fire%2F43255503.html HTTP/1.1" 500 - "-" "Mozilla/5.0 (compatible; SemrushBot/7~bl; +http://www.semrush.com/bot.html)" "mantech8.com"
207.46.13.100 - - [09/Dec/2022:01:17:47 -0800] "GET /index.php/fzwc-7e7acbdcbc-vpap8.ii HTTP/1.1" 200 70825 "-" "Mozilla/5.0 AppleWebKit/537.36 (KHTML, like Gecko; compatible; bingbot/2.0; +http://www.bing.com/bingbot.htm) Chrome/103.0.5060.134 Safari/537.36" "mantech8.com"
185.191.171.3 - - [09/Dec/2022:01:17:54 -0800] "GET /?camp-fire%2F41802903.html HTTP/1.1" 500 - "-" "Mozilla/5.0 (compatible; SemrushBot/7~bl; +http://www.semrush.com/bot.html)" "mantech8.com"
113.31.105.130 - - [09/Dec/2022:01:18:09 -0800] "GET /favicon.ico HTTP/1.1" 404 88 "-" "Dalvik/2.1.0 (Linux; U; Android 9.0; ZTE BA520 Build/MRA58K)" "mantech8.com"
113.31.105.130 - - [09/Dec/2022:01:18:22 -0800] "GET /favicon.ico HTTP/1.1" 404 88 "-" "Dalvik/2.1.0 (Linux; U; Android 9.0; ZTE BA520 Build/MRA58K)" "mantech8.com"
185.191.171.45 - - [09/Dec/2022:01:18:26 -0800] "GET /?camp-fire%2F40606047.html HTTP/1.1" 500 - "-" "Mozilla/5.0 (compatible; SemrushBot/7~bl; +http://www.semrush.com/bot.html)" "mantech8.com"
207.46.13.100 - - [09/Dec/2022:01:19:07 -0800] "GET /index.php/9hdj-9ef3dfbd-boktk.ii HTTP/1.1" 200 61000 "-" "Mozilla/5.0 AppleWebKit/537.36 (KHTML, like Gecko; compatible; bingbot/2.0; +http://www.bing.com/bingbot.htm) Chrome/103.0.5060.134 Safari/537.36" "mantech8.com"
207.46.13.100 - - [09/Dec/2022:01:19:09 -0800] "GET /index.php/mcko-41cd-vtnxv.ii HTTP/1.1" 200 60893 "-" "Mozilla/5.0 (compatible; bingbot/2.0; +http://www.bing.com/bingbot.htm)" "mantech8.com"
49.234.150.132 - - [09/Dec/2022:01:19:24 -0800] "GET /statics/assets/apkloading.png HTTP/1.1" 404 88 "-" "Mozilla/5.0 (Linux; Android 6.0; Nexus 5 Build/MRA58N) AppleWebKit/537.36 (KHTML, like Gecko) Chrome/81.0.4044.138 Mobile Safari/537.36" "mantech8.com"
207.46.13.100 - - [09/Dec/2022:01:20:57 -0800] "GET /index.php/38bcee/edefaa HTTP/1.1" 200 94736 "-" "Mozilla/5.0 (compatible; bingbot/2.0; +http://www.bing.com/bingbot.htm)" "mantech8.com"
185.191.171.41 - - [09/Dec/2022:01:21:06 -0800] "GET /?camp-fire%2F39559492.html HTTP/1.1" 500 - "-" "Mozilla/5.0 (compatible; SemrushBot/7~bl; +http://www.semrush.com/bot.html)" "mantech8.com"
185.191.171.43 - - [09/Dec/2022:01:21:40 -0800] "GET /?camp-fire%2F38082472.html HTTP/1.1" 500 - "-" "Mozilla/5.0 (compatible; SemrushBot/7~bl; +http://www.semrush.com/bot.html)" "mantech8.com"
185.191.171.10 - - [09/Dec/2022:01:21:58 -0800] "GET /?camp-fire%2F41464771.html HTTP/1.1" 500 - "-" "Mozilla/5.0 (compatible; SemrushBot/7~bl; +http://www.semrush.com/bot.html)" "mantech8.com"
185.191.171.39 - - [09/Dec/2022:01:22:09 -0800] "GET /?camp-fire%2F39255335.html HTTP/1.1" 500 - "-" "Mozilla/5.0 (compatible; SemrushBot/7~bl; +http://www.semrush.com/bot.html)" "mantech8.com"
207.46.13.100 - - [09/Dec/2022:01:22:28 -0800] "GET /index.php/nwtf-eaabfb-4qgrd.ii HTTP/1.1" 200 76884 "-" "Mozilla/5.0 (compatible; bingbot/2.0; +http://www.bing.com/bingbot.htm)" "mantech8.com"
185.191.171.24 - - [09/Dec/2022:01:23:03 -0800] "GET /?camp-fire%2F39607597.html HTTP/1.1" 500 - "-" "Mozilla/5.0 (compatible; SemrushBot/7~bl; +http://www.semrush.com/bot.html)" "mantech8.com"
207.46.13.100 - - [09/Dec/2022:01:23:18 -0800] "GET /index.php/7d8adcaec HTTP/1.1" 200 65738 "-" "Mozilla/5.0 (compatible; bingbot/2.0; +http://www.bing.com/bingbot.htm)" "mantech8.com"
207.46.13.100 - - [09/Dec/2022:01:23:58 -0800] "GET /index.php/znf9-145b4ddf-qzafs.ii HTTP/1.1" 200 61031 "-" "Mozilla/5.0 (compatible; bingbot/2.0; +http://www.bing.com/bingbot.htm)" "mantech8.com"
185.191.171.13 - - [09/Dec/2022:01:24:02 -0800] "GET /?camp-fire%2F40330150.html HTTP/1.1" 500 - "-" "Mozilla/5.0 (compatible; SemrushBot/7~bl; +http://www.semrush.com/bot.html)" "mantech8.com"
185.191.171.15 - - [09/Dec/2022:01:24:50 -0800] "GET /?camp-fire%2F39105472.html HTTP/1.1" 500 - "-" "Mozilla/5.0 (compatible; SemrushBot/7~bl; +http://www.semrush.com/bot.html)" "mantech8.com"
185.191.171.10 - - [09/Dec/2022:01:25:10 -0800] "GET /?camp-fire%2F93091165.html HTTP/1.1" 500 - "-" "Mozilla/5.0 (compatible; SemrushBot/7~bl; +http://www.semrush.com/bot.html)" "mantech8.com"
185.191.171.6 - - [09/Dec/2022:01:25:48 -0800] "GET /?camp-fire%2F41397655.html HTTP/1.1" 500 - "-" "Mozilla/5.0 (compatible; SemrushBot/7~bl; +http://www.semrush.com/bot.html)" "mantech8.com"
40.77.167.26 - - [09/Dec/2022:01:25:53 -0800] "GET /index.php/mcko-facdfaada-vg4ra.ii HTTP/1.1" 200 64358 "-" "Mozilla/5.0 (compatible; bingbot/2.0; +http://www.bing.com/bingbot.htm)" "mantech8.com"
40.77.167.26 - - [09/Dec/2022:01:25:54 -0800] "GET /index.php/b1ecaddfd HTTP/1.1" 200 80579 "-" "Mozilla/5.0 (compatible; bingbot/2.0; +http://www.bing.com/bingbot.htm)" "mantech8.com"
40.77.167.26 - - [09/Dec/2022:01:25:54 -0800] "GET /index.php/o9kj-6e3dbdde-opirz.ii HTTP/1.1" 200 65455 "-" "Mozilla/5.0 (compatible; bingbot/2.0; +http://www.bing.com/bingbot.htm)" "mantech8.com"
40.77.167.26 - - [09/Dec/2022:01:25:55 -0800] "GET /index.php/8beefb HTTP/1.1" 200 71355 "-" "Mozilla/5.0 (compatible; bingbot/2.0; +http://www.bing.com/bingbot.htm)" "mantech8.com"
40.77.167.26 - - [09/Dec/2022:01:25:55 -0800] "GET /index.php/21cb4eecab HTTP/1.1" 200 73458 "-" "Mozilla/5.0 (compatible; bingbot/2.0; +http://www.bing.com/bingbot.htm)" "mantech8.com"
40.77.167.26 - - [09/Dec/2022:01:26:03 -0800] "GET /index.php/ddabdc HTTP/1.1" 200 60914 "-" "Mozilla/5.0 AppleWebKit/537.36 (KHTML, like Gecko; compatible; bingbot/2.0; +http://www.bing.com/bingbot.htm) Chrome/103.0.5060.134 Safari/537.36" "mantech8.com"
