118.200.211.175 - - [08/Dec/2022:00:54:05 -0800] "GET /css/font-awesome.css HTTP/1.1" 200 5793 "http://mantech8.com/css/style2.css" "Mozilla/5.0 (Windows NT 10.0; Win64; x64) AppleWebKit/537.36 (KHTML, like Gecko) Chrome/107.0.0.0 Safari/537.36 Edg/107.0.1418.62" "mantech8.com"
118.200.211.175 - - [08/Dec/2022:00:54:05 -0800] "GET /js/jquery.marquee.js?v=3 HTTP/1.1" 404 88 "http://mantech8.com/contact.php" "Mozilla/5.0 (Windows NT 10.0; Win64; x64) AppleWebKit/537.36 (KHTML, like Gecko) Chrome/107.0.0.0 Safari/537.36 Edg/107.0.1418.62" "mantech8.com"
118.200.211.175 - - [08/Dec/2022:00:54:06 -0800] "GET /js/jquery-1.11.3.min.js HTTP/1.1" 200 33279 "http://mantech8.com/contact.php" "Mozilla/5.0 (Windows NT 10.0; Win64; x64) AppleWebKit/537.36 (KHTML, like Gecko) Chrome/107.0.0.0 Safari/537.36 Edg/107.0.1418.62" "mantech8.com"
118.200.211.175 - - [08/Dec/2022:00:54:06 -0800] "GET /js/jquery-migrate-1.2.1.min.js HTTP/1.1" 200 3063 "http://mantech8.com/contact.php" "Mozilla/5.0 (Windows NT 10.0; Win64; x64) AppleWebKit/537.36 (KHTML, like Gecko) Chrome/107.0.0.0 Safari/537.36 Edg/107.0.1418.62" "mantech8.com"
118.200.211.175 - - [08/Dec/2022:00:54:06 -0800] "GET /js/custom.js HTTP/1.1" 200 1648 "http://mantech8.com/contact.php" "Mozilla/5.0 (Windows NT 10.0; Win64; x64) AppleWebKit/537.36 (KHTML, like Gecko) Chrome/107.0.0.0 Safari/537.36 Edg/107.0.1418.62" "mantech8.com"
118.200.211.175 - - [08/Dec/2022:00:54:06 -0800] "GET /revolution/js/jquery.themepunch.revolution.min.js HTTP/1.1" 200 14034 "http://mantech8.com/contact.php" "Mozilla/5.0 (Windows NT 10.0; Win64; x64) AppleWebKit/537.36 (KHTML, like Gecko) Chrome/107.0.0.0 Safari/537.36 Edg/107.0.1418.62" "mantech8.com"
118.200.211.175 - - [08/Dec/2022:00:54:06 -0800] "GET /revolution/js/jquery.themepunch.tools.min.js HTTP/1.1" 200 36033 "http://mantech8.com/contact.php" "Mozilla/5.0 (Windows NT 10.0; Win64; x64) AppleWebKit/537.36 (KHTML, like Gecko) Chrome/107.0.0.0 Safari/537.36 Edg/107.0.1418.62" "mantech8.com"
118.200.211.175 - - [08/Dec/2022:00:54:06 -0800] "GET /js/plugins.js HTTP/1.1" 200 67071 "http://mantech8.com/contact.php" "Mozilla/5.0 (Windows NT 10.0; Win64; x64) AppleWebKit/537.36 (KHTML, like Gecko) Chrome/107.0.0.0 Safari/537.36 Edg/107.0.1418.62" "mantech8.com"
118.200.211.175 - - [08/Dec/2022:00:54:06 -0800] "GET /fonts/MaterialIcons-Regular.woff2 HTTP/1.1" 200 36888 "http://mantech8.com/css/style.css" "Mozilla/5.0 (Windows NT 10.0; Win64; x64) AppleWebKit/537.36 (KHTML, like Gecko) Chrome/107.0.0.0 Safari/537.36 Edg/107.0.1418.62" "mantech8.com"
118.200.211.175 - - [08/Dec/2022:00:54:06 -0800] "GET /fonts/fontawesome-webfont.woff2?v=4.5.0 HTTP/1.1" 200 66624 "http://mantech8.com/css/style.css" "Mozilla/5.0 (Windows NT 10.0; Win64; x64) AppleWebKit/537.36 (KHTML, like Gecko) Chrome/107.0.0.0 Safari/537.36 Edg/107.0.1418.62" "mantech8.com"
118.200.211.175 - - [08/Dec/2022:00:54:06 -0800] "GET /images/flag-23-gif.gif HTTP/1.1" 200 20141 "http://mantech8.com/contact.php" "Mozilla/5.0 (Windows NT 10.0; Win64; x64) AppleWebKit/537.36 (KHTML, like Gecko) Chrome/107.0.0.0 Safari/537.36 Edg/107.0.1418.62" "mantech8.com"
118.200.211.175 - - [08/Dec/2022:00:54:07 -0800] "GET /images/form-loader.gif HTTP/1.1" 404 88 "http://mantech8.com/css/contact-form.css" "Mozilla/5.0 (Windows NT 10.0; Win64; x64) AppleWebKit/537.36 (KHTML, like Gecko) Chrome/107.0.0.0 Safari/537.36 Edg/107.0.1418.62" "mantech8.com"
118.200.211.175 - - [08/Dec/2022:00:54:07 -0800] "GET /js/bootstrap.min.js HTTP/1.1" 200 9765 "http://mantech8.com/contact.php" "Mozilla/5.0 (Windows NT 10.0; Win64; x64) AppleWebKit/537.36 (KHTML, like Gecko) Chrome/107.0.0.0 Safari/537.36 Edg/107.0.1418.62" "mantech8.com"
118.200.211.175 - - [08/Dec/2022:00:54:07 -0800] "GET /images/parallaxcont.jpg HTTP/1.1" 200 2613369 "http://mantech8.com/css/contactstyle.css" "Mozilla/5.0 (Windows NT 10.0; Win64; x64) AppleWebKit/537.36 (KHTML, like Gecko) Chrome/107.0.0.0 Safari/537.36 Edg/107.0.1418.62" "mantech8.com"
118.200.211.175 - - [08/Dec/2022:00:54:07 -0800] "GET /js/core.min1.js HTTP/1.1" 200 5104 "http://mantech8.com/contact.php" "Mozilla/5.0 (Windows NT 10.0; Win64; x64) AppleWebKit/537.36 (KHTML, like Gecko) Chrome/107.0.0.0 Safari/537.36 Edg/107.0.1418.62" "mantech8.com"
118.200.211.175 - - [08/Dec/2022:00:54:07 -0800] "GET /js/jquery.rd-parallax.js HTTP/1.1" 200 2021 "http://mantech8.com/contact.php" "Mozilla/5.0 (Windows NT 10.0; Win64; x64) AppleWebKit/537.36 (KHTML, like Gecko) Chrome/107.0.0.0 Safari/537.36 Edg/107.0.1418.62" "mantech8.com"
118.200.211.175 - - [08/Dec/2022:00:54:07 -0800] "GET /js/rd-smoothscroll.min1.js HTTP/1.1" 200 1124 "http://mantech8.com/contact.php" "Mozilla/5.0 (Windows NT 10.0; Win64; x64) AppleWebKit/537.36 (KHTML, like Gecko) Chrome/107.0.0.0 Safari/537.36 Edg/107.0.1418.62" "mantech8.com"
118.200.211.175 - - [08/Dec/2022:00:54:07 -0800] "GET /js/script.js HTTP/1.1" 200 7687 "http://mantech8.com/contact.php" "Mozilla/5.0 (Windows NT 10.0; Win64; x64) AppleWebKit/537.36 (KHTML, like Gecko) Chrome/107.0.0.0 Safari/537.36 Edg/107.0.1418.62" "mantech8.com"
118.200.211.175 - - [08/Dec/2022:00:54:07 -0800] "GET /revolution/js/revolution.extension.actions.min.js HTTP/1.1" 200 2110 "http://mantech8.com/contact.php" "Mozilla/5.0 (Windows NT 10.0; Win64; x64) AppleWebKit/537.36 (KHTML, like Gecko) Chrome/107.0.0.0 Safari/537.36 Edg/107.0.1418.62" "mantech8.com"
118.200.211.175 - - [08/Dec/2022:00:54:07 -0800] "GET /revolution/js/revolution.extension.carousel.min.js HTTP/1.1" 200 2465 "http://mantech8.com/contact.php" "Mozilla/5.0 (Windows NT 10.0; Win64; x64) AppleWebKit/537.36 (KHTML, like Gecko) Chrome/107.0.0.0 Safari/537.36 Edg/107.0.1418.62" "mantech8.com"
118.200.211.175 - - [08/Dec/2022:00:54:07 -0800] "GET /revolution/js/revolution.extension.migration.min.js HTTP/1.1" 200 1739 "http://mantech8.com/contact.php" "Mozilla/5.0 (Windows NT 10.0; Win64; x64) AppleWebKit/537.36 (KHTML, like Gecko) Chrome/107.0.0.0 Safari/537.36 Edg/107.0.1418.62" "mantech8.com"
118.200.211.175 - - [08/Dec/2022:00:54:07 -0800] "GET /revolution/js/revolution.extension.layeranimation.min.js HTTP/1.1" 200 8295 "http://mantech8.com/contact.php" "Mozilla/5.0 (Windows NT 10.0; Win64; x64) AppleWebKit/537.36 (KHTML, like Gecko) Chrome/107.0.0.0 Safari/537.36 Edg/107.0.1418.62" "mantech8.com"
118.200.211.175 - - [08/Dec/2022:00:54:07 -0800] "GET /revolution/js/revolution.extension.navigation.min.js HTTP/1.1" 200 6533 "http://mantech8.com/contact.php" "Mozilla/5.0 (Windows NT 10.0; Win64; x64) AppleWebKit/537.36 (KHTML, like Gecko) Chrome/107.0.0.0 Safari/537.36 Edg/107.0.1418.62" "mantech8.com"
118.200.211.175 - - [08/Dec/2022:00:54:07 -0800] "GET /revolution/js/revolution.extension.kenburn.min.js HTTP/1.1" 200 1285 "http://mantech8.com/contact.php" "Mozilla/5.0 (Windows NT 10.0; Win64; x64) AppleWebKit/537.36 (KHTML, like Gecko) Chrome/107.0.0.0 Safari/537.36 Edg/107.0.1418.62" "mantech8.com"
118.200.211.175 - - [08/Dec/2022:00:54:08 -0800] "GET /js/wow.min.js HTTP/1.1" 200 2731 "http://mantech8.com/contact.php" "Mozilla/5.0 (Windows NT 10.0; Win64; x64) AppleWebKit/537.36 (KHTML, like Gecko) Chrome/107.0.0.0 Safari/537.36 Edg/107.0.1418.62" "mantech8.com"
118.200.211.175 - - [08/Dec/2022:00:54:08 -0800] "GET /js/jquery.ui.totop.min.js HTTP/1.1" 200 510 "http://mantech8.com/contact.php" "Mozilla/5.0 (Windows NT 10.0; Win64; x64) AppleWebKit/537.36 (KHTML, like Gecko) Chrome/107.0.0.0 Safari/537.36 Edg/107.0.1418.62" "mantech8.com"
118.200.211.175 - - [08/Dec/2022:00:54:08 -0800] "GET /revolution/js/revolution.extension.parallax.min.js HTTP/1.1" 200 2490 "http://mantech8.com/contact.php" "Mozilla/5.0 (Windows NT 10.0; Win64; x64) AppleWebKit/537.36 (KHTML, like Gecko) Chrome/107.0.0.0 Safari/537.36 Edg/107.0.1418.62" "mantech8.com"
118.200.211.175 - - [08/Dec/2022:00:54:08 -0800] "GET /revolution/js/revolution.extension.slideanims.min.js HTTP/1.1" 200 6622 "http://mantech8.com/contact.php" "Mozilla/5.0 (Windows NT 10.0; Win64; x64) AppleWebKit/537.36 (KHTML, like Gecko) Chrome/107.0.0.0 Safari/537.36 Edg/107.0.1418.62" "mantech8.com"
118.200.211.175 - - [08/Dec/2022:00:54:08 -0800] "GET /verificationimage.php?9662 HTTP/1.1" 200 1343 "http://mantech8.com/contact.php" "Mozilla/5.0 (Windows NT 10.0; Win64; x64) AppleWebKit/537.36 (KHTML, like Gecko) Chrome/107.0.0.0 Safari/537.36 Edg/107.0.1418.62" "mantech8.com"
118.200.211.175 - - [08/Dec/2022:00:54:08 -0800] "GET /revolution/js/revolution.extension.video.min.js HTTP/1.1" 200 5233 "http://mantech8.com/contact.php" "Mozilla/5.0 (Windows NT 10.0; Win64; x64) AppleWebKit/537.36 (KHTML, like Gecko) Chrome/107.0.0.0 Safari/537.36 Edg/107.0.1418.62" "mantech8.com"
118.200.211.175 - - [08/Dec/2022:00:54:08 -0800] "GET /images/logo1.png HTTP/1.1" 200 2143 "http://mantech8.com/contact.php" "Mozilla/5.0 (Windows NT 10.0; Win64; x64) AppleWebKit/537.36 (KHTML, like Gecko) Chrome/107.0.0.0 Safari/537.36 Edg/107.0.1418.62" "mantech8.com"
157.55.39.138 - - [08/Dec/2022:00:54:19 -0800] "GET /index.php/6ec23ead HTTP/1.1" 200 71895 "-" "Mozilla/5.0 (compatible; bingbot/2.0; +http://www.bing.com/bingbot.htm)" "mantech8.com"
185.191.171.5 - - [08/Dec/2022:00:54:27 -0800] "GET /?camp-fire%2F31875830.html HTTP/1.1" 500 - "-" "Mozilla/5.0 (compatible; SemrushBot/7~bl; +http://www.semrush.com/bot.html)" "mantech8.com"
118.200.211.175 - - [08/Dec/2022:00:54:32 -0800] "GET / HTTP/1.1" 500 - "http://mantech8.com/contact.php" "Mozilla/5.0 (Windows NT 10.0; Win64; x64) AppleWebKit/537.36 (KHTML, like Gecko) Chrome/107.0.0.0 Safari/537.36 Edg/107.0.1418.62" "mantech8.com"
40.77.167.20 - - [08/Dec/2022:00:55:10 -0800] "GET /index.php/KJZ2-b1de-hAKai.Ii HTTP/1.1" 200 69419 "-" "Mozilla/5.0 AppleWebKit/537.36 (KHTML, like Gecko; compatible; bingbot/2.0; +http://www.bing.com/bingbot.htm) Chrome/103.0.5060.134 Safari/537.36" "mantech8.com"
185.191.171.3 - - [08/Dec/2022:00:55:40 -0800] "GET /?camp-fire%2F79202408.html HTTP/1.1" 500 - "-" "Mozilla/5.0 (compatible; SemrushBot/7~bl; +http://www.semrush.com/bot.html)" "mantech8.com"
185.191.171.34 - - [08/Dec/2022:00:55:47 -0800] "GET /?camp-fire%2F38879372.html HTTP/1.1" 500 - "-" "Mozilla/5.0 (compatible; SemrushBot/7~bl; +http://www.semrush.com/bot.html)" "mantech8.com"
185.191.171.42 - - [08/Dec/2022:00:55:49 -0800] "GET /?camp-fire%2F75703234.html HTTP/1.1" 500 - "-" "Mozilla/5.0 (compatible; SemrushBot/7~bl; +http://www.semrush.com/bot.html)" "mantech8.com"
185.191.171.36 - - [08/Dec/2022:00:55:57 -0800] "GET /?camp-fire%2F89952281.html HTTP/1.1" 500 - "-" "Mozilla/5.0 (compatible; SemrushBot/7~bl; +http://www.semrush.com/bot.html)" "mantech8.com"
157.55.39.138 - - [08/Dec/2022:00:56:09 -0800] "GET /index.php/mkjw-a7fa-bhplg.ii HTTP/1.1" 200 65129 "-" "Mozilla/5.0 (compatible; bingbot/2.0; +http://www.bing.com/bingbot.htm)" "mantech8.com"
199.249.230.141 - - [08/Dec/2022:00:56:12 -0800] "GET /contact.php HTTP/1.1" 200 29238 "http://mantech8.com/contact.php" "Mozilla/5.0 (Windows NT 10.0; Win64; x64) AppleWebKit/537.36 (KHTML, like Gecko) Chrome/90.0.4430.93 Safari/537.36" "mantech8.com"
199.249.230.141 - - [08/Dec/2022:00:56:14 -0800] "GET /verificationimage.php?3196 HTTP/1.1" 200 1389 "http://mantech8.com/contact.php" "Mozilla/5.0 (Windows NT 10.0; Win64; x64) AppleWebKit/537.36 (KHTML, like Gecko) Chrome/90.0.4430.93 Safari/537.36" "mantech8.com"
199.249.230.141 - - [08/Dec/2022:00:56:19 -0800] "POST /mailer.php HTTP/1.1" 500 - "http://mantech8.com/contact.php" "Mozilla/5.0 (Windows NT 10.0; Win64; x64) AppleWebKit/537.36 (KHTML, like Gecko) Chrome/90.0.4430.93 Safari/537.36" "mantech8.com"
157.55.39.138 - - [08/Dec/2022:00:56:20 -0800] "GET /index.php/nwtf-05adfedf-4asou.ii HTTP/1.1" 200 65614 "-" "Mozilla/5.0 AppleWebKit/537.36 (KHTML, like Gecko; compatible; bingbot/2.0; +http://www.bing.com/bingbot.htm) Chrome/103.0.5060.134 Safari/537.36" "mantech8.com"
46.38.236.202 - - [08/Dec/2022:00:56:26 -0800] "GET /contact.php HTTP/1.1" 200 29238 "http://mantech8.com/contact.php" "Mozilla/5.0 (Windows NT 10.0; Win64; x64) AppleWebKit/537.36 (KHTML, like Gecko) Chrome/90.0.4430.93 Safari/537.36" "mantech8.com"
185.191.171.41 - - [08/Dec/2022:00:56:30 -0800] "GET /?camp-fire%2F32782259.html HTTP/1.1" 500 - "-" "Mozilla/5.0 (compatible; SemrushBot/7~bl; +http://www.semrush.com/bot.html)" "mantech8.com"
207.46.13.100 - - [08/Dec/2022:00:56:49 -0800] "GET /index.php/mcko-8408ccdcfe-vbaer.ii HTTP/1.1" 200 65853 "-" "Mozilla/5.0 AppleWebKit/537.36 (KHTML, like Gecko; compatible; bingbot/2.0; +http://www.bing.com/bingbot.htm) Chrome/103.0.5060.134 Safari/537.36" "mantech8.com"
207.46.13.100 - - [08/Dec/2022:00:56:50 -0800] "GET /index.php/nwtf-eaabfb-4qgrd.ii HTTP/1.1" 200 77191 "-" "Mozilla/5.0 (compatible; bingbot/2.0; +http://www.bing.com/bingbot.htm)" "mantech8.com"
157.55.39.138 - - [08/Dec/2022:00:57:00 -0800] "GET /index.php/wtzk-dab92ccdaa-nlchs.ii HTTP/1.1" 200 67551 "-" "Mozilla/5.0 (compatible; bingbot/2.0; +http://www.bing.com/bingbot.htm)" "mantech8.com"
52.231.192.143 - - [08/Dec/2022:00:57:14 -0800] "GET /bimages/hgallery/thump/gb2.jpg HTTP/1.1" 200 80996 "-" "Mozilla/5.0 (Windows NT 6.1; WOW64) AppleWebKit/534+ (KHTML, like Gecko) BingPreview/1.0b" "mantech8.com"
52.231.192.143 - - [08/Dec/2022:00:57:19 -0800] "GET /bimages/SliderImage/new%20b4.jpg HTTP/1.1" 200 954130 "-" "Mozilla/5.0 (Windows NT 6.1; WOW64) AppleWebKit/534+ (KHTML, like Gecko) BingPreview/1.0b" "mantech8.com"
185.191.171.39 - - [08/Dec/2022:00:57:19 -0800] "GET /?camp-fire%2F77055906.html HTTP/1.1" 500 - "-" "Mozilla/5.0 (compatible; SemrushBot/7~bl; +http://www.semrush.com/bot.html)" "mantech8.com"
52.231.192.143 - - [08/Dec/2022:00:57:20 -0800] "GET /bimages/hgallery/thump/latest1%20big.jpg HTTP/1.1" 200 471168 "-" "Mozilla/5.0 (Windows NT 6.1; WOW64) AppleWebKit/534+ (KHTML, like Gecko) BingPreview/1.0b" "mantech8.com"
40.77.167.20 - - [08/Dec/2022:00:57:42 -0800] "GET /index.php/zsuz-c6afc-sooms.ii HTTP/1.1" 200 64753 "-" "Mozilla/5.0 AppleWebKit/537.36 (KHTML, like Gecko; compatible; bingbot/2.0; +http://www.bing.com/bingbot.htm) Chrome/103.0.5060.134 Safari/537.36" "mantech8.com"
118.200.211.175 - - [08/Dec/2022:00:57:47 -0800] "GET / HTTP/1.1" 500 - "https://www.google.com/" "Mozilla/5.0 (Windows NT 10.0; Win64; x64) AppleWebKit/537.36 (KHTML, like Gecko) Chrome/108.0.0.0 Safari/537.36" "www.mantech8.com"
118.200.211.175 - - [08/Dec/2022:00:57:49 -0800] "GET / HTTP/1.1" 500 - "-" "Mozilla/5.0 (Windows NT 10.0; Win64; x64) AppleWebKit/537.36 (KHTML, like Gecko) Chrome/108.0.0.0 Safari/537.36" "www.mantech8.com"
118.200.211.175 - - [08/Dec/2022:00:58:06 -0800] "GET / HTTP/1.1" 500 - "-" "Mozilla/5.0 (Windows NT 10.0; Win64; x64) AppleWebKit/537.36 (KHTML, like Gecko) Chrome/108.0.0.0 Safari/537.36" "www.mantech8.com"
157.55.39.138 - - [08/Dec/2022:00:58:09 -0800] "GET / HTTP/1.1" 200 64837 "-" "Mozilla/5.0 AppleWebKit/537.36 (KHTML, like Gecko; compatible; bingbot/2.0; +http://www.bing.com/bingbot.htm) Chrome/103.0.5060.134 Safari/537.36" "www.mantech8.com"
118.200.211.175 - - [08/Dec/2022:00:58:09 -0800] "GET / HTTP/1.1" 500 - "-" "Mozilla/5.0 (Windows NT 10.0; Win64; x64) AppleWebKit/537.36 (KHTML, like Gecko) Chrome/108.0.0.0 Safari/537.36" "www.mantech8.com"
40.77.167.20 - - [08/Dec/2022:00:58:22 -0800] "GET /index.php/31l7-2ceaa-onhat.ii HTTP/1.1" 200 60189 "-" "Mozilla/5.0 AppleWebKit/537.36 (KHTML, like Gecko; compatible; bingbot/2.0; +http://www.bing.com/bingbot.htm) Chrome/103.0.5060.134 Safari/537.36" "mantech8.com"
40.77.167.20 - - [08/Dec/2022:00:58:23 -0800] "GET /index.php/zsuz-fadf3fffad-slmpl.ii HTTP/1.1" 200 67236 "-" "Mozilla/5.0 (compatible; bingbot/2.0; +http://www.bing.com/bingbot.htm)" "mantech8.com"
40.77.167.20 - - [08/Dec/2022:00:58:23 -0800] "GET /index.php/92bbe HTTP/1.1" 200 63477 "-" "Mozilla/5.0 (compatible; bingbot/2.0; +http://www.bing.com/bingbot.htm)" "mantech8.com"
185.191.171.36 - - [08/Dec/2022:00:58:33 -0800] "GET /?camp-fire%2F35870751.html HTTP/1.1" 500 - "-" "Mozilla/5.0 (compatible; SemrushBot/7~bl; +http://www.semrush.com/bot.html)" "mantech8.com"
185.191.171.33 - - [08/Dec/2022:00:58:47 -0800] "GET /robots.txt HTTP/1.1" 200 106 "-" "Mozilla/5.0 (compatible; SemrushBot/7~bl; +http://www.semrush.com/bot.html)" "mantech8.com"
185.191.171.1 - - [08/Dec/2022:00:58:47 -0800] "GET /?camp-fire%2F45540002.html HTTP/1.1" 500 - "-" "Mozilla/5.0 (compatible; SemrushBot/7~bl; +http://www.semrush.com/bot.html)" "mantech8.com"
185.191.171.2 - - [08/Dec/2022:00:59:01 -0800] "GET /?camp-fire%2F42771903.html HTTP/1.1" 500 - "-" "Mozilla/5.0 (compatible; SemrushBot/7~bl; +http://www.semrush.com/bot.html)" "mantech8.com"
40.77.167.26 - - [08/Dec/2022:00:59:05 -0800] "GET /index.php/1a48dbce HTTP/1.1" 200 65504 "-" "Mozilla/5.0 AppleWebKit/537.36 (KHTML, like Gecko; compatible; bingbot/2.0; +http://www.bing.com/bingbot.htm) Chrome/103.0.5060.134 Safari/537.36" "mantech8.com"
40.77.167.26 - - [08/Dec/2022:00:59:06 -0800] "GET /index.php/GVdr-512c1cdc-vKqLq.Ii HTTP/1.1" 200 64588 "-" "Mozilla/5.0 (compatible; bingbot/2.0; +http://www.bing.com/bingbot.htm)" "mantech8.com"
40.77.167.26 - - [08/Dec/2022:00:59:06 -0800] "GET /index.php/imvf-bb9fbbbeaa-ypigg.ii HTTP/1.1" 200 62459 "-" "Mozilla/5.0 (compatible; bingbot/2.0; +http://www.bing.com/bingbot.htm)" "mantech8.com"
40.77.167.26 - - [08/Dec/2022:00:59:07 -0800] "GET /index.php/c0ead HTTP/1.1" 200 69654 "-" "Mozilla/5.0 AppleWebKit/537.36 (KHTML, like Gecko; compatible; bingbot/2.0; +http://www.bing.com/bingbot.htm) Chrome/103.0.5060.134 Safari/537.36" "mantech8.com"
40.77.167.26 - - [08/Dec/2022:00:59:07 -0800] "GET /index.php/kjz2-1c884aac-ypwnc.ii HTTP/1.1" 200 62848 "-" "Mozilla/5.0 AppleWebKit/537.36 (KHTML, like Gecko; compatible; bingbot/2.0; +http://www.bing.com/bingbot.htm) Chrome/103.0.5060.134 Safari/537.36" "mantech8.com"
185.191.171.6 - - [08/Dec/2022:00:59:08 -0800] "GET /?camp-fire%2F9700783.html HTTP/1.1" 500 - "-" "Mozilla/5.0 (compatible; SemrushBot/7~bl; +http://www.semrush.com/bot.html)" "mantech8.com"
40.77.167.26 - - [08/Dec/2022:00:59:10 -0800] "GET /index.php/naq6-4261ceec-inqse.ii HTTP/1.1" 200 65499 "-" "Mozilla/5.0 AppleWebKit/537.36 (KHTML, like Gecko; compatible; bingbot/2.0; +http://www.bing.com/bingbot.htm) Chrome/103.0.5060.134 Safari/537.36" "mantech8.com"
40.77.167.26 - - [08/Dec/2022:00:59:10 -0800] "GET /index.php/egy1-05ccde-vduux.ii HTTP/1.1" 200 66400 "-" "Mozilla/5.0 (compatible; bingbot/2.0; +http://www.bing.com/bingbot.htm)" "mantech8.com"
185.191.171.9 - - [08/Dec/2022:00:59:32 -0800] "GET /?camp-fire%2F41003078.html HTTP/1.1" 500 - "-" "Mozilla/5.0 (compatible; SemrushBot/7~bl; +http://www.semrush.com/bot.html)" "mantech8.com"
185.191.171.25 - - [08/Dec/2022:00:59:34 -0800] "GET /?camp-fire%2F39118735.html HTTP/1.1" 500 - "-" "Mozilla/5.0 (compatible; SemrushBot/7~bl; +http://www.semrush.com/bot.html)" "mantech8.com"
185.191.171.6 - - [08/Dec/2022:00:59:41 -0800] "GET /?camp-fire%2F79756565.html HTTP/1.1" 500 - "-" "Mozilla/5.0 (compatible; SemrushBot/7~bl; +http://www.semrush.com/bot.html)" "mantech8.com"
207.46.13.100 - - [08/Dec/2022:00:59:59 -0800] "GET /index.php/mkjw-5fde-bbing.ii HTTP/1.1" 200 66986 "-" "Mozilla/5.0 (compatible; bingbot/2.0; +http://www.bing.com/bingbot.htm)" "mantech8.com"
185.191.171.40 - - [08/Dec/2022:01:00:08 -0800] "GET /?camp-fire%2F31542241.html HTTP/1.1" 500 - "-" "Mozilla/5.0 (compatible; SemrushBot/7~bl; +http://www.semrush.com/bot.html)" "mantech8.com"
118.200.211.175 - - [08/Dec/2022:01:00:12 -0800] "GET / HTTP/1.1" 500 - "-" "Mozilla/5.0 (Windows NT 10.0; Win64; x64) AppleWebKit/537.36 (KHTML, like Gecko) Chrome/107.0.0.0 Safari/537.36 Edg/107.0.1418.62" "www.mantech8.com"
40.77.167.20 - - [08/Dec/2022:01:00:21 -0800] "GET /APS-07f6eabfd-OoFsS.Ii HTTP/1.1" 404 88 "-" "Mozilla/5.0 (compatible; bingbot/2.0; +http://www.bing.com/bingbot.htm)" "www.mantech8.com"
185.191.171.24 - - [08/Dec/2022:01:00:23 -0800] "GET /index.php/camp-fire/35669650.html HTTP/1.1" 500 - "-" "Mozilla/5.0 (compatible; SemrushBot/7~bl; +http://www.semrush.com/bot.html)" "mantech8.com"
40.77.167.20 - - [08/Dec/2022:01:00:41 -0800] "GET /APS-07f6eabfd-OoFsS.Ii HTTP/1.1" 404 88 "-" "Mozilla/5.0 (compatible; bingbot/2.0; +http://www.bing.com/bingbot.htm)" "www.mantech8.com"
40.77.167.20 - - [08/Dec/2022:01:00:50 -0800] "GET /index.php/fbdd HTTP/1.1" 200 67164 "-" "Mozilla/5.0 AppleWebKit/537.36 (KHTML, like Gecko; compatible; bingbot/2.0; +http://www.bing.com/bingbot.htm) Chrome/103.0.5060.134 Safari/537.36" "mantech8.com"
185.191.171.26 - - [08/Dec/2022:01:00:51 -0800] "GET /?camp-fire%2F35714050.html HTTP/1.1" 500 - "-" "Mozilla/5.0 (compatible; SemrushBot/7~bl; +http://www.semrush.com/bot.html)" "mantech8.com"
40.77.167.20 - - [08/Dec/2022:01:00:51 -0800] "GET /index.php/egy1-be3ebdcfde-vcsnk.ii HTTP/1.1" 200 65349 "-" "Mozilla/5.0 AppleWebKit/537.36 (KHTML, like Gecko; compatible; bingbot/2.0; +http://www.bing.com/bingbot.htm) Chrome/103.0.5060.134 Safari/537.36" "mantech8.com"
207.46.13.100 - - [08/Dec/2022:01:01:18 -0800] "GET /index.php/8d904dbc HTTP/1.1" 200 67943 "-" "Mozilla/5.0 AppleWebKit/537.36 (KHTML, like Gecko; compatible; bingbot/2.0; +http://www.bing.com/bingbot.htm) Chrome/103.0.5060.134 Safari/537.36" "mantech8.com"
114.119.134.230 - - [08/Dec/2022:01:01:25 -0800] "GET /infuriates.xml HTTP/1.1" 404 88 "-" "Mozilla/5.0 (compatible;PetalBot;+https://webmaster.petalsearch.com/site/petalbot)" "mantech8.com"
207.46.13.125 - - [08/Dec/2022:01:01:33 -0800] "GET /index.php/s0KV-af4fdedb-oePcB.Ii HTTP/1.1" 200 59207 "-" "Mozilla/5.0 (compatible; bingbot/2.0; +http://www.bing.com/bingbot.htm)" "mantech8.com"
207.46.13.125 - - [08/Dec/2022:01:01:34 -0800] "GET /index.php/wf2o-3ceb-g6ffn.ii HTTP/1.1" 200 72229 "-" "Mozilla/5.0 AppleWebKit/537.36 (KHTML, like Gecko; compatible; bingbot/2.0; +http://www.bing.com/bingbot.htm) Chrome/103.0.5060.134 Safari/537.36" "mantech8.com"
207.46.13.125 - - [08/Dec/2022:01:01:35 -0800] "GET /index.php/2d5ecbfd HTTP/1.1" 200 68169 "-" "Mozilla/5.0 AppleWebKit/537.36 (KHTML, like Gecko; compatible; bingbot/2.0; +http://www.bing.com/bingbot.htm) Chrome/103.0.5060.134 Safari/537.36" "mantech8.com"
207.46.13.125 - - [08/Dec/2022:01:01:35 -0800] "GET /index.php/eeffa HTTP/1.1" 200 62214 "-" "Mozilla/5.0 AppleWebKit/537.36 (KHTML, like Gecko; compatible; bingbot/2.0; +http://www.bing.com/bingbot.htm) Chrome/103.0.5060.134 Safari/537.36" "mantech8.com"
40.77.167.26 - - [08/Dec/2022:01:01:37 -0800] "GET /index.php/kjz2-3fcadacbae-hqqqb.ii HTTP/1.1" 200 69832 "-" "Mozilla/5.0 AppleWebKit/537.36 (KHTML, like Gecko; compatible; bingbot/2.0; +http://www.bing.com/bingbot.htm) Chrome/103.0.5060.134 Safari/537.36" "mantech8.com"
40.77.167.20 - - [08/Dec/2022:01:01:43 -0800] "GET /index.php/04bcf HTTP/1.1" 200 65445 "-" "Mozilla/5.0 AppleWebKit/537.36 (KHTML, like Gecko; compatible; bingbot/2.0; +http://www.bing.com/bingbot.htm) Chrome/103.0.5060.134 Safari/537.36" "mantech8.com"
114.119.140.153 - - [08/Dec/2022:01:02:06 -0800] "GET /ascensor.xml HTTP/1.1" 404 88 "-" "Mozilla/5.0 (compatible;PetalBot;+https://webmaster.petalsearch.com/site/petalbot)" "mantech8.com"
185.191.171.21 - - [08/Dec/2022:01:02:09 -0800] "GET /?camp-fire%2F91345487.html HTTP/1.1" 500 - "-" "Mozilla/5.0 (compatible; SemrushBot/7~bl; +http://www.semrush.com/bot.html)" "mantech8.com"
118.200.211.175 - - [08/Dec/2022:01:02:16 -0800] "GET / HTTP/1.1" 500 - "-" "Mozilla/5.0 (Windows NT 10.0; Win64; x64) AppleWebKit/537.36 (KHTML, like Gecko) Chrome/108.0.0.0 Safari/537.36 Edg/108.0.1462.42" "www.mantech8.com"
118.200.211.175 - - [08/Dec/2022:01:02:18 -0800] "GET / HTTP/1.1" 500 - "-" "Mozilla/5.0 (Windows NT 10.0; Win64; x64) AppleWebKit/537.36 (KHTML, like Gecko) Chrome/108.0.0.0 Safari/537.36 Edg/108.0.1462.42" "www.mantech8.com"
157.55.39.138 - - [08/Dec/2022:01:02:39 -0800] "GET /index.php/enl5-75ce-nqapr.ii HTTP/1.1" 200 65303 "-" "Mozilla/5.0 (compatible; bingbot/2.0; +http://www.bing.com/bingbot.htm)" "mantech8.com"
185.191.171.15 - - [08/Dec/2022:01:02:51 -0800] "GET /?camp-fire%2F96800502.html HTTP/1.1" 500 - "-" "Mozilla/5.0 (compatible; SemrushBot/7~bl; +http://www.semrush.com/bot.html)" "mantech8.com"
157.55.39.138 - - [08/Dec/2022:01:02:59 -0800] "GET /index.php/b8adf HTTP/1.1" 200 66095 "-" "Mozilla/5.0 AppleWebKit/537.36 (KHTML, like Gecko; compatible; bingbot/2.0; +http://www.bing.com/bingbot.htm) Chrome/103.0.5060.134 Safari/537.36" "mantech8.com"
157.55.39.138 - - [08/Dec/2022:01:03:20 -0800] "GET /index.php/pstd-0407eeabbb-iwnwf.ii HTTP/1.1" 200 67289 "-" "Mozilla/5.0 AppleWebKit/537.36 (KHTML, like Gecko; compatible; bingbot/2.0; +http://www.bing.com/bingbot.htm) Chrome/103.0.5060.134 Safari/537.36" "mantech8.com"
40.77.167.20 - - [08/Dec/2022:01:03:42 -0800] "GET /index.php/7b2ffcdc HTTP/1.1" 200 68923 "-" "Mozilla/5.0 AppleWebKit/537.36 (KHTML, like Gecko; compatible; bingbot/2.0; +http://www.bing.com/bingbot.htm) Chrome/103.0.5060.134 Safari/537.36" "mantech8.com"
207.46.13.100 - - [08/Dec/2022:01:03:48 -0800] "GET /index.php/nWTf-c1aa-4Qxpg.Ii HTTP/1.1" 200 69142 "-" "Mozilla/5.0 (compatible; bingbot/2.0; +http://www.bing.com/bingbot.htm)" "mantech8.com"
207.46.13.100 - - [08/Dec/2022:01:03:49 -0800] "GET /index.php/pstd-3afff-ien03.ii HTTP/1.1" 200 73846 "-" "Mozilla/5.0 AppleWebKit/537.36 (KHTML, like Gecko; compatible; bingbot/2.0; +http://www.bing.com/bingbot.htm) Chrome/103.0.5060.134 Safari/537.36" "mantech8.com"
40.77.167.20 - - [08/Dec/2022:01:04:02 -0800] "GET /index.php/afe05aec HTTP/1.1" 200 69426 "-" "Mozilla/5.0 (compatible; bingbot/2.0; +http://www.bing.com/bingbot.htm)" "mantech8.com"
40.77.167.20 - - [08/Dec/2022:01:04:24 -0800] "GET /index.php/db426cfade HTTP/1.1" 200 75323 "-" "Mozilla/5.0 AppleWebKit/537.36 (KHTML, like Gecko; compatible; bingbot/2.0; +http://www.bing.com/bingbot.htm) Chrome/103.0.5060.134 Safari/537.36" "mantech8.com"
40.77.167.26 - - [08/Dec/2022:01:05:17 -0800] "GET /index.php/pstd-cc44fbab-iddh1.ii HTTP/1.1" 200 70132 "-" "Mozilla/5.0 AppleWebKit/537.36 (KHTML, like Gecko; compatible; bingbot/2.0; +http://www.bing.com/bingbot.htm) Chrome/103.0.5060.134 Safari/537.36" "mantech8.com"
40.77.167.26 - - [08/Dec/2022:01:05:18 -0800] "GET /index.php/pstd-45faa-ix8rc.ii HTTP/1.1" 200 66281 "-" "Mozilla/5.0 AppleWebKit/537.36 (KHTML, like Gecko; compatible; bingbot/2.0; +http://www.bing.com/bingbot.htm) Chrome/103.0.5060.134 Safari/537.36" "mantech8.com"
40.77.167.26 - - [08/Dec/2022:01:05:18 -0800] "GET /index.php/c8gg-90adeb-utqpr.ii HTTP/1.1" 200 73399 "-" "Mozilla/5.0 (compatible; bingbot/2.0; +http://www.bing.com/bingbot.htm)" "mantech8.com"
185.191.171.42 - - [08/Dec/2022:01:05:26 -0800] "GET /?camp-fire%2F36222641.html HTTP/1.1" 500 - "-" "Mozilla/5.0 (compatible; SemrushBot/7~bl; +http://www.semrush.com/bot.html)" "mantech8.com"
185.191.171.1 - - [08/Dec/2022:01:05:39 -0800] "GET /?camp-fire%2F85349083.html HTTP/1.1" 500 - "-" "Mozilla/5.0 (compatible; SemrushBot/7~bl; +http://www.semrush.com/bot.html)" "mantech8.com"
185.191.171.7 - - [08/Dec/2022:01:06:11 -0800] "GET /?camp-fire%2F41918076.html HTTP/1.1" 500 - "-" "Mozilla/5.0 (compatible; SemrushBot/7~bl; +http://www.semrush.com/bot.html)" "mantech8.com"
40.77.167.20 - - [08/Dec/2022:01:06:22 -0800] "GET /index.php/q5w4-fbad7ded-jppcb.ii HTTP/1.1" 200 65716 "-" "Mozilla/5.0 (compatible; bingbot/2.0; +http://www.bing.com/bingbot.htm)" "mantech8.com"
40.77.167.20 - - [08/Dec/2022:01:06:23 -0800] "GET /index.php/mcko-3c72fadbad-vbqzp.ii HTTP/1.1" 200 64694 "-" "Mozilla/5.0 (compatible; bingbot/2.0; +http://www.bing.com/bingbot.htm)" "mantech8.com"
129.126.232.217 - - [08/Dec/2022:01:06:38 -0800] "GET /contact/privacy.php HTTP/1.1" 200 29238 "-" "Mozilla/5.0 (Windows NT 10.0; Win64; x64) AppleWebKit/537.36 (KHTML, like Gecko) HeadlessChrome/107.0.5304.121 Safari/537.36" "mantech8.com"
185.191.171.43 - - [08/Dec/2022:01:06:53 -0800] "GET /?camp-fire%2F41390371.html HTTP/1.1" 500 - "-" "Mozilla/5.0 (compatible; SemrushBot/7~bl; +http://www.semrush.com/bot.html)" "mantech8.com"
207.46.13.125 - - [08/Dec/2022:01:06:54 -0800] "GET /index.php/e05febaed HTTP/1.1" 200 64652 "-" "Mozilla/5.0 AppleWebKit/537.36 (KHTML, like Gecko; compatible; bingbot/2.0; +http://www.bing.com/bingbot.htm) Chrome/103.0.5060.134 Safari/537.36" "mantech8.com"
207.46.13.125 - - [08/Dec/2022:01:06:55 -0800] "GET /index.php/mhxm-50fc-jv0xd.ii HTTP/1.1" 200 66994 "-" "Mozilla/5.0 AppleWebKit/537.36 (KHTML, like Gecko; compatible; bingbot/2.0; +http://www.bing.com/bingbot.htm) Chrome/103.0.5060.134 Safari/537.36" "mantech8.com"
207.46.13.125 - - [08/Dec/2022:01:06:56 -0800] "GET /index.php/nwtf-d4b1faeb-4akos.ii HTTP/1.1" 200 68365 "-" "Mozilla/5.0 AppleWebKit/537.36 (KHTML, like Gecko; compatible; bingbot/2.0; +http://www.bing.com/bingbot.htm) Chrome/103.0.5060.134 Safari/537.36" "mantech8.com"
207.46.13.125 - - [08/Dec/2022:01:06:56 -0800] "GET /index.php/1zve-38abed-jtk2r.ii HTTP/1.1" 200 74608 "-" "Mozilla/5.0 (compatible; bingbot/2.0; +http://www.bing.com/bingbot.htm)" "mantech8.com"
207.46.13.125 - - [08/Dec/2022:01:06:57 -0800] "GET /index.php/wf2o-b8feba-g6rci.ii HTTP/1.1" 200 62096 "-" "Mozilla/5.0 (compatible; bingbot/2.0; +http://www.bing.com/bingbot.htm)" "mantech8.com"
207.46.13.125 - - [08/Dec/2022:01:06:59 -0800] "GET /index.php/baed8cde HTTP/1.1" 200 70718 "-" "Mozilla/5.0 AppleWebKit/537.36 (KHTML, like Gecko; compatible; bingbot/2.0; +http://www.bing.com/bingbot.htm) Chrome/103.0.5060.134 Safari/537.36" "mantech8.com"
185.191.171.38 - - [08/Dec/2022:01:06:59 -0800] "GET /?camp-fire%2F40226688.html HTTP/1.1" 500 - "-" "Mozilla/5.0 (compatible; SemrushBot/7~bl; +http://www.semrush.com/bot.html)" "mantech8.com"
185.191.171.7 - - [08/Dec/2022:01:07:07 -0800] "GET /?camp-fire%2F84160121.html HTTP/1.1" 500 - "-" "Mozilla/5.0 (compatible; SemrushBot/7~bl; +http://www.semrush.com/bot.html)" "mantech8.com"
185.191.171.4 - - [08/Dec/2022:01:07:16 -0800] "GET /?camp-fire%2F39962909.html HTTP/1.1" 500 - "-" "Mozilla/5.0 (compatible; SemrushBot/7~bl; +http://www.semrush.com/bot.html)" "mantech8.com"
40.77.167.26 - - [08/Dec/2022:01:07:16 -0800] "GET /index.php/Wf2o-09bdb-G5ilL.Ii HTTP/1.1" 200 61239 "-" "Mozilla/5.0 (compatible; bingbot/2.0; +http://www.bing.com/bingbot.htm)" "mantech8.com"
40.77.167.26 - - [08/Dec/2022:01:07:38 -0800] "GET /index.php/mcko-cc62adbeb-vbwkg.ii HTTP/1.1" 200 67339 "-" "Mozilla/5.0 (compatible; bingbot/2.0; +http://www.bing.com/bingbot.htm)" "mantech8.com"
207.46.13.100 - - [08/Dec/2022:01:07:42 -0800] "GET /index.php/1zve-f5513baa-jr9pl.ii HTTP/1.1" 200 71286 "-" "Mozilla/5.0 (compatible; bingbot/2.0; +http://www.bing.com/bingbot.htm)" "mantech8.com"
185.191.171.39 - - [08/Dec/2022:01:07:54 -0800] "GET /?camp-fire%2F38830992.html HTTP/1.1" 500 - "-" "Mozilla/5.0 (compatible; SemrushBot/7~bl; +http://www.semrush.com/bot.html)" "mantech8.com"
185.191.171.21 - - [08/Dec/2022:01:08:02 -0800] "GET /?camp-fire%2F69948487.html HTTP/1.1" 500 - "-" "Mozilla/5.0 (compatible; SemrushBot/7~bl; +http://www.semrush.com/bot.html)" "mantech8.com"
207.46.13.125 - - [08/Dec/2022:01:08:05 -0800] "GET /index.php/mkjw-2cec-bynjw.ii HTTP/1.1" 200 100284 "-" "Mozilla/5.0 (compatible; bingbot/2.0; +http://www.bing.com/bingbot.htm)" "mantech8.com"
207.46.13.125 - - [08/Dec/2022:01:08:25 -0800] "GET /index.php/yhfg-7d8bffeae-pphxj.ii HTTP/1.1" 200 63783 "-" "Mozilla/5.0 (compatible; bingbot/2.0; +http://www.bing.com/bingbot.htm)" "mantech8.com"
207.46.13.125 - - [08/Dec/2022:01:08:26 -0800] "GET /index.php/su70-4a5f1cddcb-ifrse.ii HTTP/1.1" 200 72799 "-" "Mozilla/5.0 (compatible; bingbot/2.0; +http://www.bing.com/bingbot.htm)" "mantech8.com"
185.191.171.5 - - [08/Dec/2022:01:08:28 -0800] "GET /?camp-fire%2F38949492.html HTTP/1.1" 500 - "-" "Mozilla/5.0 (compatible; SemrushBot/7~bl; +http://www.semrush.com/bot.html)" "mantech8.com"
157.55.39.138 - - [08/Dec/2022:01:08:30 -0800] "GET /index.php/egy1-89d4dbbbfe-vdmcj.ii HTTP/1.1" 200 61864 "-" "Mozilla/5.0 AppleWebKit/537.36 (KHTML, like Gecko; compatible; bingbot/2.0; +http://www.bing.com/bingbot.htm) Chrome/103.0.5060.134 Safari/537.36" "mantech8.com"
185.191.171.42 - - [08/Dec/2022:01:08:37 -0800] "GET /?camp-fire%2F79807998.html HTTP/1.1" 500 - "-" "Mozilla/5.0 (compatible; SemrushBot/7~bl; +http://www.semrush.com/bot.html)" "mantech8.com"
185.191.171.2 - - [08/Dec/2022:01:08:43 -0800] "GET /?camp-fire%2F7649308.html HTTP/1.1" 500 - "-" "Mozilla/5.0 (compatible; SemrushBot/7~bl; +http://www.semrush.com/bot.html)" "mantech8.com"
157.55.39.138 - - [08/Dec/2022:01:08:59 -0800] "GET /index.php/EEHW-aca0cbbcff-RMl1K.Ii HTTP/1.1" 200 63773 "-" "Mozilla/5.0 (compatible; bingbot/2.0; +http://www.bing.com/bingbot.htm)" "mantech8.com"
157.55.39.138 - - [08/Dec/2022:01:08:59 -0800] "GET /index.php/EEHW-dcbada-RMl1P.Ii HTTP/1.1" 200 76247 "-" "Mozilla/5.0 (compatible; bingbot/2.0; +http://www.bing.com/bingbot.htm)" "mantech8.com"
185.191.171.13 - - [08/Dec/2022:01:09:01 -0800] "GET /?camp-fire%2F88440763.html HTTP/1.1" 500 - "-" "Mozilla/5.0 (compatible; SemrushBot/7~bl; +http://www.semrush.com/bot.html)" "mantech8.com"
40.77.167.20 - - [08/Dec/2022:01:09:03 -0800] "GET /index.php/su70-c8dd-iczpp.ii HTTP/1.1" 200 70062 "-" "Mozilla/5.0 (compatible; bingbot/2.0; +http://www.bing.com/bingbot.htm)" "mantech8.com"
40.77.167.20 - - [08/Dec/2022:01:09:03 -0800] "GET /index.php/wtzk-86993dfdfb-nlkne.ii HTTP/1.1" 200 66423 "-" "Mozilla/5.0 (compatible; bingbot/2.0; +http://www.bing.com/bingbot.htm)" "mantech8.com"
207.46.13.125 - - [08/Dec/2022:01:09:08 -0800] "GET /index.php/ihSW-f4cfa-xw9Us.Ii HTTP/1.1" 200 61658 "-" "Mozilla/5.0 AppleWebKit/537.36 (KHTML, like Gecko; compatible; bingbot/2.0; +http://www.bing.com/bingbot.htm) Chrome/103.0.5060.134 Safari/537.36" "mantech8.com"
207.46.13.100 - - [08/Dec/2022:01:09:08 -0800] "GET /index.php/EEHW-870aecdc-RMl11.Ii HTTP/1.1" 200 64421 "-" "Mozilla/5.0 (compatible; bingbot/2.0; +http://www.bing.com/bingbot.htm)" "mantech8.com"
40.77.167.20 - - [08/Dec/2022:01:09:42 -0800] "GET /index.php/wf2o-64eb-g547v.ii HTTP/1.1" 200 66375 "-" "Mozilla/5.0 AppleWebKit/537.36 (KHTML, like Gecko; compatible; bingbot/2.0; +http://www.bing.com/bingbot.htm) Chrome/103.0.5060.134 Safari/537.36" "mantech8.com"
185.191.171.14 - - [08/Dec/2022:01:09:44 -0800] "GET /?camp-fire%2F39890176.html HTTP/1.1" 500 - "-" "Mozilla/5.0 (compatible; SemrushBot/7~bl; +http://www.semrush.com/bot.html)" "mantech8.com"
207.46.13.125 - - [08/Dec/2022:01:09:47 -0800] "GET /index.php/eayh-50ff-rmmbr.ii HTTP/1.1" 200 62187 "-" "Mozilla/5.0 (compatible; bingbot/2.0; +http://www.bing.com/bingbot.htm)" "mantech8.com"
207.46.13.100 - - [08/Dec/2022:01:09:52 -0800] "GET /index.php/txf8-0befbacf-apyif.ii HTTP/1.1" 200 68616 "-" "Mozilla/5.0 (compatible; bingbot/2.0; +http://www.bing.com/bingbot.htm)" "mantech8.com"
207.46.13.100 - - [08/Dec/2022:01:09:52 -0800] "GET /index.php/20daca HTTP/1.1" 200 104511 "-" "Mozilla/5.0 (compatible; bingbot/2.0; +http://www.bing.com/bingbot.htm)" "mantech8.com"
207.46.13.100 - - [08/Dec/2022:01:09:54 -0800] "GET /index.php/nwtf-8cbfda-4afqw.ii HTTP/1.1" 200 65585 "-" "Mozilla/5.0 AppleWebKit/537.36 (KHTML, like Gecko; compatible; bingbot/2.0; +http://www.bing.com/bingbot.htm) Chrome/103.0.5060.134 Safari/537.36" "mantech8.com"
157.90.181.220 - - [08/Dec/2022:01:10:12 -0800] "GET /robots.txt HTTP/1.1" 200 106 "-" "Mozilla/5.0 (compatible; BLEXBot/1.0; +http://webmeup-crawler.com/)" "www.mantech8.com"
157.90.181.220 - - [08/Dec/2022:01:10:13 -0800] "GET / HTTP/1.1" 500 - "-" "Mozilla/5.0 (compatible; BLEXBot/1.0; +http://webmeup-crawler.com/)" "www.mantech8.com"
40.77.167.20 - - [08/Dec/2022:01:10:13 -0800] "GET /index.php/q5w4-4cbcdbbb-jk6z1.ii HTTP/1.1" 200 69508 "-" "Mozilla/5.0 AppleWebKit/537.36 (KHTML, like Gecko; compatible; bingbot/2.0; +http://www.bing.com/bingbot.htm) Chrome/103.0.5060.134 Safari/537.36" "mantech8.com"
185.191.171.12 - - [08/Dec/2022:01:10:14 -0800] "GET /?camp-fire%2F87650768.html HTTP/1.1" 500 - "-" "Mozilla/5.0 (compatible; SemrushBot/7~bl; +http://www.semrush.com/bot.html)" "mantech8.com"
185.191.171.10 - - [08/Dec/2022:01:10:49 -0800] "GET /?camp-fire%2F65435324.html HTTP/1.1" 500 - "-" "Mozilla/5.0 (compatible; SemrushBot/7~bl; +http://www.semrush.com/bot.html)" "mantech8.com"
77.75.77.119 - - [08/Dec/2022:01:10:50 -0800] "GET /bimages/mission/ HTTP/1.1" 200 416 "-" "Mozilla/5.0 (compatible; SeznamBot/4.0-RC1; +http://napoveda.seznam.cz/seznambot-intro/)" "www.mantech8.com"
207.46.13.100 - - [08/Dec/2022:01:11:00 -0800] "GET /index.php/egy1-9f7cefda-vscdc.ii HTTP/1.1" 200 66562 "-" "Mozilla/5.0 AppleWebKit/537.36 (KHTML, like Gecko; compatible; bingbot/2.0; +http://www.bing.com/bingbot.htm) Chrome/103.0.5060.134 Safari/537.36" "mantech8.com"
207.46.13.100 - - [08/Dec/2022:01:11:10 -0800] "GET /index.php/yhfg-7bcccabee-ppzrb.ii HTTP/1.1" 200 71411 "-" "Mozilla/5.0 (compatible; bingbot/2.0; +http://www.bing.com/bingbot.htm)" "mantech8.com"
185.191.171.22 - - [08/Dec/2022:01:11:41 -0800] "GET /?camp-fire%2F40538202.html HTTP/1.1" 500 - "-" "Mozilla/5.0 (compatible; SemrushBot/7~bl; +http://www.semrush.com/bot.html)" "mantech8.com"
185.191.171.42 - - [08/Dec/2022:01:11:51 -0800] "GET /?camp-fire%2F31878730.html HTTP/1.1" 500 - "-" "Mozilla/5.0 (compatible; SemrushBot/7~bl; +http://www.semrush.com/bot.html)" "mantech8.com"
40.77.167.26 - - [08/Dec/2022:01:12:56 -0800] "GET /index.php/EEHW-f8fbdccbe-RMl13.Ii HTTP/1.1" 200 62148 "-" "Mozilla/5.0 AppleWebKit/537.36 (KHTML, like Gecko; compatible; bingbot/2.0; +http://www.bing.com/bingbot.htm) Chrome/103.0.5060.134 Safari/537.36" "mantech8.com"
40.77.167.26 - - [08/Dec/2022:01:12:56 -0800] "GET /index.php/KJZ2-f3a93baeb-ypEer.Ii HTTP/1.1" 200 72609 "-" "Mozilla/5.0 AppleWebKit/537.36 (KHTML, like Gecko; compatible; bingbot/2.0; +http://www.bing.com/bingbot.htm) Chrome/103.0.5060.134 Safari/537.36" "mantech8.com"
40.77.167.26 - - [08/Dec/2022:01:12:57 -0800] "GET /index.php/vmbp-f9ecc-unteu.ii HTTP/1.1" 200 68734 "-" "Mozilla/5.0 (compatible; bingbot/2.0; +http://www.bing.com/bingbot.htm)" "mantech8.com"
40.77.167.26 - - [08/Dec/2022:01:12:58 -0800] "GET /index.php/nwtf-a4fab-3lup3.ii HTTP/1.1" 200 68052 "-" "Mozilla/5.0 (compatible; bingbot/2.0; +http://www.bing.com/bingbot.htm)" "mantech8.com"
40.77.167.26 - - [08/Dec/2022:01:12:58 -0800] "GET /index.php/1zve-05abaf-jr4fw.ii HTTP/1.1" 200 65944 "-" "Mozilla/5.0 AppleWebKit/537.36 (KHTML, like Gecko; compatible; bingbot/2.0; +http://www.bing.com/bingbot.htm) Chrome/103.0.5060.134 Safari/537.36" "mantech8.com"
40.77.167.26 - - [08/Dec/2022:01:12:58 -0800] "GET /index.php/mcko-c6fa-vt8g6.ii HTTP/1.1" 200 65062 "-" "Mozilla/5.0 AppleWebKit/537.36 (KHTML, like Gecko; compatible; bingbot/2.0; +http://www.bing.com/bingbot.htm) Chrome/103.0.5060.134 Safari/537.36" "mantech8.com"
157.55.39.138 - - [08/Dec/2022:01:13:00 -0800] "GET /index.php/nwtf-e1551cadab-4qlvl.ii HTTP/1.1" 200 68887 "-" "Mozilla/5.0 (compatible; bingbot/2.0; +http://www.bing.com/bingbot.htm)" "mantech8.com"
157.55.39.138 - - [08/Dec/2022:01:13:11 -0800] "GET /index.php/pstd-4f9d0edb-is1mt.ii HTTP/1.1" 200 62713 "-" "Mozilla/5.0 AppleWebKit/537.36 (KHTML, like Gecko; compatible; bingbot/2.0; +http://www.bing.com/bingbot.htm) Chrome/103.0.5060.134 Safari/537.36" "mantech8.com"
157.55.39.138 - - [08/Dec/2022:01:13:11 -0800] "GET /index.php/6579fcffa HTTP/1.1" 200 70449 "-" "Mozilla/5.0 (compatible; bingbot/2.0; +http://www.bing.com/bingbot.htm)" "mantech8.com"
157.55.39.138 - - [08/Dec/2022:01:13:12 -0800] "GET /index.php/97vp-bd82dedfec-aicpd.ii HTTP/1.1" 200 65282 "-" "Mozilla/5.0 AppleWebKit/537.36 (KHTML, like Gecko; compatible; bingbot/2.0; +http://www.bing.com/bingbot.htm) Chrome/103.0.5060.134 Safari/537.36" "mantech8.com"
185.191.171.24 - - [08/Dec/2022:01:13:26 -0800] "GET /?camp-fire%2F43757834.html HTTP/1.1" 500 - "-" "Mozilla/5.0 (compatible; SemrushBot/7~bl; +http://www.semrush.com/bot.html)" "mantech8.com"
40.77.167.26 - - [08/Dec/2022:01:13:28 -0800] "GET /index.php/naq6-4ee0ceaacb-iub8y.ii HTTP/1.1" 200 66704 "-" "Mozilla/5.0 AppleWebKit/537.36 (KHTML, like Gecko; compatible; bingbot/2.0; +http://www.bing.com/bingbot.htm) Chrome/103.0.5060.134 Safari/537.36" "mantech8.com"
40.77.167.20 - - [08/Dec/2022:01:13:33 -0800] "GET /index.php/nwtf-0070fabfe-4avml.ii HTTP/1.1" 200 73470 "-" "Mozilla/5.0 (compatible; bingbot/2.0; +http://www.bing.com/bingbot.htm)" "mantech8.com"
40.77.167.20 - - [08/Dec/2022:01:13:34 -0800] "GET /index.php/f11dcdbca HTTP/1.1" 200 64182 "-" "Mozilla/5.0 (compatible; bingbot/2.0; +http://www.bing.com/bingbot.htm)" "mantech8.com"
185.191.171.4 - - [08/Dec/2022:01:13:47 -0800] "GET /?camp-fire%2F94314372.html HTTP/1.1" 500 - "-" "Mozilla/5.0 (compatible; SemrushBot/7~bl; +http://www.semrush.com/bot.html)" "mantech8.com"
185.191.171.5 - - [08/Dec/2022:01:14:00 -0800] "GET /?camp-fire%2F39812492.html HTTP/1.1" 500 - "-" "Mozilla/5.0 (compatible; SemrushBot/7~bl; +http://www.semrush.com/bot.html)" "mantech8.com"
40.77.167.20 - - [08/Dec/2022:01:14:04 -0800] "GET /index.php/jagj-d3ae-1vasp.ii HTTP/1.1" 200 66952 "-" "Mozilla/5.0 AppleWebKit/537.36 (KHTML, like Gecko; compatible; bingbot/2.0; +http://www.bing.com/bingbot.htm) Chrome/103.0.5060.134 Safari/537.36" "mantech8.com"
40.77.167.26 - - [08/Dec/2022:01:14:08 -0800] "GET /index.php/nwtf-6afe-3lhla.ii HTTP/1.1" 200 72027 "-" "Mozilla/5.0 (compatible; bingbot/2.0; +http://www.bing.com/bingbot.htm)" "mantech8.com"
207.46.13.100 - - [08/Dec/2022:01:14:13 -0800] "GET /index.php/8fefeb HTTP/1.1" 200 63875 "-" "Mozilla/5.0 AppleWebKit/537.36 (KHTML, like Gecko; compatible; bingbot/2.0; +http://www.bing.com/bingbot.htm) Chrome/103.0.5060.134 Safari/537.36" "mantech8.com"
207.46.13.100 - - [08/Dec/2022:01:14:14 -0800] "GET /index.php/egy1-685d6fbc-vdwiz.ii HTTP/1.1" 200 70341 "-" "Mozilla/5.0 AppleWebKit/537.36 (KHTML, like Gecko; compatible; bingbot/2.0; +http://www.bing.com/bingbot.htm) Chrome/103.0.5060.134 Safari/537.36" "mantech8.com"
185.191.171.6 - - [08/Dec/2022:01:14:29 -0800] "GET /?camp-fire%2F60212693.html HTTP/1.1" 500 - "-" "Mozilla/5.0 (compatible; SemrushBot/7~bl; +http://www.semrush.com/bot.html)" "mantech8.com"
40.77.167.20 - - [08/Dec/2022:01:14:34 -0800] "GET /index.php/kjz2-7e5aacae-hafwq.ii HTTP/1.1" 200 68434 "-" "Mozilla/5.0 AppleWebKit/537.36 (KHTML, like Gecko; compatible; bingbot/2.0; +http://www.bing.com/bingbot.htm) Chrome/103.0.5060.134 Safari/537.36" "mantech8.com"
185.191.171.6 - - [08/Dec/2022:01:15:00 -0800] "GET /index.php?camp-fire%2F13593900.html HTTP/1.1" 500 - "-" "Mozilla/5.0 (compatible; SemrushBot/7~bl; +http://www.semrush.com/bot.html)" "mantech8.com"
207.46.13.100 - - [08/Dec/2022:01:15:11 -0800] "GET /index.php/52cfca HTTP/1.1" 200 66041 "-" "Mozilla/5.0 (compatible; bingbot/2.0; +http://www.bing.com/bingbot.htm)" "mantech8.com"
185.191.171.24 - - [08/Dec/2022:01:15:21 -0800] "GET /?camp-fire%2F94592547.html HTTP/1.1" 500 - "-" "Mozilla/5.0 (compatible; SemrushBot/7~bl; +http://www.semrush.com/bot.html)" "mantech8.com"
185.191.171.16 - - [08/Dec/2022:01:15:38 -0800] "GET /?camp-fire%2F33792208.html HTTP/1.1" 500 - "-" "Mozilla/5.0 (compatible; SemrushBot/7~bl; +http://www.semrush.com/bot.html)" "mantech8.com"
40.77.167.20 - - [08/Dec/2022:01:15:42 -0800] "GET /index.php/31L7-14decdbed-oNbAA.Ii HTTP/1.1" 200 70995 "-" "Mozilla/5.0 AppleWebKit/537.36 (KHTML, like Gecko; compatible; bingbot/2.0; +http://www.bing.com/bingbot.htm) Chrome/103.0.5060.134 Safari/537.36" "mantech8.com"
40.77.167.20 - - [08/Dec/2022:01:15:43 -0800] "GET /index.php/pstd-9c0ffebf-iwgus.ii HTTP/1.1" 200 60214 "-" "Mozilla/5.0 (compatible; bingbot/2.0; +http://www.bing.com/bingbot.htm)" "mantech8.com"
185.191.171.44 - - [08/Dec/2022:01:16:28 -0800] "GET /?camp-fire%2F54082376.html HTTP/1.1" 500 - "-" "Mozilla/5.0 (compatible; SemrushBot/7~bl; +http://www.semrush.com/bot.html)" "mantech8.com"
207.46.13.100 - - [08/Dec/2022:01:16:30 -0800] "GET /index.php/1c5dfeefc HTTP/1.1" 200 60878 "-" "Mozilla/5.0 AppleWebKit/537.36 (KHTML, like Gecko; compatible; bingbot/2.0; +http://www.bing.com/bingbot.htm) Chrome/103.0.5060.134 Safari/537.36" "mantech8.com"
207.46.13.100 - - [08/Dec/2022:01:17:21 -0800] "GET /index.php/rsfy-f3deffee-gy1yc.ii HTTP/1.1" 200 59100 "-" "Mozilla/5.0 AppleWebKit/537.36 (KHTML, like Gecko; compatible; bingbot/2.0; +http://www.bing.com/bingbot.htm) Chrome/103.0.5060.134 Safari/537.36" "mantech8.com"
207.46.13.100 - - [08/Dec/2022:01:17:22 -0800] "GET /index.php/kjz2-3d7bfeabb-yp9mw.ii HTTP/1.1" 200 65271 "-" "Mozilla/5.0 AppleWebKit/537.36 (KHTML, like Gecko; compatible; bingbot/2.0; +http://www.bing.com/bingbot.htm) Chrome/103.0.5060.134 Safari/537.36" "mantech8.com"
185.191.171.43 - - [08/Dec/2022:01:17:35 -0800] "GET /?camp-fire%2F40499135.html HTTP/1.1" 500 - "-" "Mozilla/5.0 (compatible; SemrushBot/7~bl; +http://www.semrush.com/bot.html)" "mantech8.com"
185.191.171.10 - - [08/Dec/2022:01:17:47 -0800] "GET /index.php/camp-fire/1354290.html HTTP/1.1" 500 - "-" "Mozilla/5.0 (compatible; SemrushBot/7~bl; +http://www.semrush.com/bot.html)" "mantech8.com"
185.191.171.8 - - [08/Dec/2022:01:17:49 -0800] "GET /?camp-fire%2F41786703.html HTTP/1.1" 500 - "-" "Mozilla/5.0 (compatible; SemrushBot/7~bl; +http://www.semrush.com/bot.html)" "mantech8.com"
185.191.171.3 - - [08/Dec/2022:01:17:53 -0800] "GET /?camp-fire%2F81574155.html HTTP/1.1" 500 - "-" "Mozilla/5.0 (compatible; SemrushBot/7~bl; +http://www.semrush.com/bot.html)" "mantech8.com"
185.191.171.25 - - [08/Dec/2022:01:18:13 -0800] "GET /?camp-fire%2F38305178.html HTTP/1.1" 500 - "-" "Mozilla/5.0 (compatible; SemrushBot/7~bl; +http://www.semrush.com/bot.html)" "mantech8.com"
40.77.167.20 - - [08/Dec/2022:01:19:24 -0800] "GET /index.php/wf2o-494edefef-g56al.ii HTTP/1.1" 200 73142 "-" "Mozilla/5.0 AppleWebKit/537.36 (KHTML, like Gecko; compatible; bingbot/2.0; +http://www.bing.com/bingbot.htm) Chrome/103.0.5060.134 Safari/537.36" "mantech8.com"
185.191.171.43 - - [08/Dec/2022:01:19:31 -0800] "GET /?camp-fire%2F40154988.html HTTP/1.1" 500 - "-" "Mozilla/5.0 (compatible; SemrushBot/7~bl; +http://www.semrush.com/bot.html)" "mantech8.com"
207.46.13.100 - - [08/Dec/2022:01:20:00 -0800] "GET /index.php/nwtf-c1ec-4almp.ii HTTP/1.1" 200 66931 "-" "Mozilla/5.0 (compatible; bingbot/2.0; +http://www.bing.com/bingbot.htm)" "mantech8.com"
40.77.167.26 - - [08/Dec/2022:01:20:09 -0800] "GET /index.php/4753cdffe HTTP/1.1" 200 66550 "-" "Mozilla/5.0 (compatible; bingbot/2.0; +http://www.bing.com/bingbot.htm)" "mantech8.com"
40.77.167.26 - - [08/Dec/2022:01:20:10 -0800] "GET /index.php/ae50ffdec HTTP/1.1" 200 61840 "-" "Mozilla/5.0 (compatible; bingbot/2.0; +http://www.bing.com/bingbot.htm)" "mantech8.com"
40.77.167.20 - - [08/Dec/2022:01:20:54 -0800] "GET /nWTf-bddcd-4Q4Ou.Ii HTTP/1.1" 404 88 "-" "Mozilla/5.0 AppleWebKit/537.36 (KHTML, like Gecko; compatible; bingbot/2.0; +http://www.bing.com/bingbot.htm) Chrome/103.0.5060.134 Safari/537.36" "www.mantech8.com"
185.191.171.21 - - [08/Dec/2022:01:20:58 -0800] "GET /?camp-fire%2F42134398.html HTTP/1.1" 500 - "-" "Mozilla/5.0 (compatible; SemrushBot/7~bl; +http://www.semrush.com/bot.html)" "mantech8.com"
185.191.171.24 - - [08/Dec/2022:01:21:00 -0800] "GET /?camp-fire%2F82467957.html HTTP/1.1" 500 - "-" "Mozilla/5.0 (compatible; SemrushBot/7~bl; +http://www.semrush.com/bot.html)" "mantech8.com"
207.46.13.100 - - [08/Dec/2022:01:21:01 -0800] "GET /index.php/kjz2-61dedccfe-hzpev.ii HTTP/1.1" 200 67362 "-" "Mozilla/5.0 AppleWebKit/537.36 (KHTML, like Gecko; compatible; bingbot/2.0; +http://www.bing.com/bingbot.htm) Chrome/103.0.5060.134 Safari/537.36" "mantech8.com"
40.77.167.20 - - [08/Dec/2022:01:21:05 -0800] "GET /index.php/vmbp-3b1bdfee-ujwql.ii HTTP/1.1" 200 78689 "-" "Mozilla/5.0 AppleWebKit/537.36 (KHTML, like Gecko; compatible; bingbot/2.0; +http://www.bing.com/bingbot.htm) Chrome/103.0.5060.134 Safari/537.36" "mantech8.com"
185.191.171.21 - - [08/Dec/2022:01:21:08 -0800] "GET /?camp-fire%2F76047865.html HTTP/1.1" 500 - "-" "Mozilla/5.0 (compatible; SemrushBot/7~bl; +http://www.semrush.com/bot.html)" "mantech8.com"
40.77.167.20 - - [08/Dec/2022:01:22:25 -0800] "GET /index.php/yhfg-931caccac-popox.ii HTTP/1.1" 200 60805 "-" "Mozilla/5.0 (compatible; bingbot/2.0; +http://www.bing.com/bingbot.htm)" "mantech8.com"
185.191.171.9 - - [08/Dec/2022:01:22:27 -0800] "GET /?camp-fire%2F95822292.html HTTP/1.1" 500 - "-" "Mozilla/5.0 (compatible; SemrushBot/7~bl; +http://www.semrush.com/bot.html)" "mantech8.com"
40.77.167.26 - - [08/Dec/2022:01:22:38 -0800] "GET /index.php/nwtf-3f0cfcbb-4qro1.ii HTTP/1.1" 200 58538 "-" "Mozilla/5.0 AppleWebKit/537.36 (KHTML, like Gecko; compatible; bingbot/2.0; +http://www.bing.com/bingbot.htm) Chrome/103.0.5060.134 Safari/537.36" "mantech8.com"
40.77.167.26 - - [08/Dec/2022:01:22:39 -0800] "GET /index.php/nwtf-15faae-3p93w.ii HTTP/1.1" 200 65915 "-" "Mozilla/5.0 AppleWebKit/537.36 (KHTML, like Gecko; compatible; bingbot/2.0; +http://www.bing.com/bingbot.htm) Chrome/103.0.5060.134 Safari/537.36" "mantech8.com"
207.46.13.100 - - [08/Dec/2022:01:22:41 -0800] "GET /index.php/mcko-195a7afa-vbmqq.ii HTTP/1.1" 200 66587 "-" "Mozilla/5.0 AppleWebKit/537.36 (KHTML, like Gecko; compatible; bingbot/2.0; +http://www.bing.com/bingbot.htm) Chrome/103.0.5060.134 Safari/537.36" "mantech8.com"
185.191.171.8 - - [08/Dec/2022:01:22:44 -0800] "GET /?camp-fire%2F26911021.html HTTP/1.1" 500 - "-" "Mozilla/5.0 (compatible; SemrushBot/7~bl; +http://www.semrush.com/bot.html)" "mantech8.com"
157.55.39.138 - - [08/Dec/2022:01:22:52 -0800] "GET /index.php/6lfs-73c9eaeded-ymapp.ii HTTP/1.1" 200 69004 "-" "Mozilla/5.0 (compatible; bingbot/2.0; +http://www.bing.com/bingbot.htm)" "mantech8.com"
157.55.39.138 - - [08/Dec/2022:01:22:52 -0800] "GET /index.php/zsuz-6f392ccccb-slhpm.ii HTTP/1.1" 200 77649 "-" "Mozilla/5.0 AppleWebKit/537.36 (KHTML, like Gecko; compatible; bingbot/2.0; +http://www.bing.com/bingbot.htm) Chrome/103.0.5060.134 Safari/537.36" "mantech8.com"
