40.77.167.20 - - [07/Dec/2022:17:43:38 -0800] "GET /aqJi-b9ddef-nXVPJ.Ii HTTP/1.1" 404 88 "-" "Mozilla/5.0 (compatible; bingbot/2.0; +http://www.bing.com/bingbot.htm)" "www.mantech8.com"
40.77.167.26 - - [07/Dec/2022:17:43:54 -0800] "GET /index.php/501ffbaeb HTTP/1.1" 200 60221 "-" "Mozilla/5.0 (compatible; bingbot/2.0; +http://www.bing.com/bingbot.htm)" "mantech8.com"
40.77.167.26 - - [07/Dec/2022:17:43:54 -0800] "GET /index.php/49bdffffd HTTP/1.1" 200 67878 "-" "Mozilla/5.0 AppleWebKit/537.36 (KHTML, like Gecko; compatible; bingbot/2.0; +http://www.bing.com/bingbot.htm) Chrome/103.0.5060.134 Safari/537.36" "mantech8.com"
40.77.167.26 - - [07/Dec/2022:17:43:55 -0800] "GET /index.php/kjz2-3fcadacbae-hqqqb.ii HTTP/1.1" 200 69949 "-" "Mozilla/5.0 AppleWebKit/537.36 (KHTML, like Gecko; compatible; bingbot/2.0; +http://www.bing.com/bingbot.htm) Chrome/103.0.5060.134 Safari/537.36" "mantech8.com"
40.77.167.26 - - [07/Dec/2022:17:43:55 -0800] "GET /index.php/bljc-f00cabbfb-kwswc.ii HTTP/1.1" 200 89491 "-" "Mozilla/5.0 AppleWebKit/537.36 (KHTML, like Gecko; compatible; bingbot/2.0; +http://www.bing.com/bingbot.htm) Chrome/103.0.5060.134 Safari/537.36" "mantech8.com"
40.77.167.26 - - [07/Dec/2022:17:43:56 -0800] "GET /index.php/egy1-c9e9fccafd-ve2pj.ii HTTP/1.1" 200 58153 "-" "Mozilla/5.0 (compatible; bingbot/2.0; +http://www.bing.com/bingbot.htm)" "mantech8.com"
207.46.13.125 - - [07/Dec/2022:17:44:01 -0800] "GET /index.php/17a5ddabbd HTTP/1.1" 200 63944 "-" "Mozilla/5.0 (compatible; bingbot/2.0; +http://www.bing.com/bingbot.htm)" "mantech8.com"
207.46.13.125 - - [07/Dec/2022:17:44:02 -0800] "GET /index.php/blJc-385debfb-kwKes.Ii HTTP/1.1" 200 68647 "-" "Mozilla/5.0 (compatible; bingbot/2.0; +http://www.bing.com/bingbot.htm)" "mantech8.com"
207.46.13.125 - - [07/Dec/2022:17:44:02 -0800] "GET /index.php/WtZk-a7de-n3NZj.Ii HTTP/1.1" 200 64524 "-" "Mozilla/5.0 (compatible; bingbot/2.0; +http://www.bing.com/bingbot.htm)" "mantech8.com"
207.46.13.125 - - [07/Dec/2022:17:44:03 -0800] "GET /index.php/QLQc-83d5bdea-49bCS.Ii HTTP/1.1" 200 63847 "-" "Mozilla/5.0 (compatible; bingbot/2.0; +http://www.bing.com/bingbot.htm)" "mantech8.com"
207.46.13.125 - - [07/Dec/2022:17:44:03 -0800] "GET /index.php/wf2o-3ceb-g6ffn.ii HTTP/1.1" 200 72994 "-" "Mozilla/5.0 AppleWebKit/537.36 (KHTML, like Gecko; compatible; bingbot/2.0; +http://www.bing.com/bingbot.htm) Chrome/103.0.5060.134 Safari/537.36" "mantech8.com"
185.191.171.20 - - [07/Dec/2022:17:44:04 -0800] "GET /?camp-fire%2F80995734.html HTTP/1.1" 500 - "-" "Mozilla/5.0 (compatible; SemrushBot/7~bl; +http://www.semrush.com/bot.html)" "mantech8.com"
40.77.167.26 - - [07/Dec/2022:17:44:04 -0800] "GET /index.php/mcko-a76e2cef-vtvau.ii HTTP/1.1" 200 95223 "-" "Mozilla/5.0 AppleWebKit/537.36 (KHTML, like Gecko; compatible; bingbot/2.0; +http://www.bing.com/bingbot.htm) Chrome/103.0.5060.134 Safari/537.36" "mantech8.com"
207.46.13.125 - - [07/Dec/2022:17:44:05 -0800] "GET /index.php/mhxm-50fc-jv0xd.ii HTTP/1.1" 200 67059 "-" "Mozilla/5.0 AppleWebKit/537.36 (KHTML, like Gecko; compatible; bingbot/2.0; +http://www.bing.com/bingbot.htm) Chrome/103.0.5060.134 Safari/537.36" "mantech8.com"
207.46.13.125 - - [07/Dec/2022:17:44:06 -0800] "GET /index.php/egy1-fa204bee-vsaff.ii HTTP/1.1" 200 65639 "-" "Mozilla/5.0 AppleWebKit/537.36 (KHTML, like Gecko; compatible; bingbot/2.0; +http://www.bing.com/bingbot.htm) Chrome/103.0.5060.134 Safari/537.36" "mantech8.com"
207.46.13.125 - - [07/Dec/2022:17:44:06 -0800] "GET /index.php/cc157dac HTTP/1.1" 200 64202 "-" "Mozilla/5.0 AppleWebKit/537.36 (KHTML, like Gecko; compatible; bingbot/2.0; +http://www.bing.com/bingbot.htm) Chrome/103.0.5060.134 Safari/537.36" "mantech8.com"
207.46.13.125 - - [07/Dec/2022:17:44:07 -0800] "GET /index.php/wf2o-fd240adcc-g5uja.ii HTTP/1.1" 200 73072 "-" "Mozilla/5.0 AppleWebKit/537.36 (KHTML, like Gecko; compatible; bingbot/2.0; +http://www.bing.com/bingbot.htm) Chrome/103.0.5060.134 Safari/537.36" "mantech8.com"
207.46.13.125 - - [07/Dec/2022:17:44:08 -0800] "GET /index.php/wtzk-e6fb-n2ohi.ii HTTP/1.1" 200 67324 "-" "Mozilla/5.0 AppleWebKit/537.36 (KHTML, like Gecko; compatible; bingbot/2.0; +http://www.bing.com/bingbot.htm) Chrome/103.0.5060.134 Safari/537.36" "mantech8.com"
40.77.167.20 - - [07/Dec/2022:17:44:09 -0800] "GET /aqJi-b9ddef-nXVPJ.Ii HTTP/1.1" 404 88 "-" "Mozilla/5.0 (compatible; bingbot/2.0; +http://www.bing.com/bingbot.htm)" "www.mantech8.com"
40.77.167.26 - - [07/Dec/2022:17:44:11 -0800] "GET /index.php/nwtf-be8d3fbb-3lars.ii HTTP/1.1" 200 65624 "-" "Mozilla/5.0 (compatible; bingbot/2.0; +http://www.bing.com/bingbot.htm)" "mantech8.com"
40.77.167.26 - - [07/Dec/2022:17:44:11 -0800] "GET /bimages/client/client7.png HTTP/1.1" 200 34665 "-" "Mozilla/5.0 (compatible; bingbot/2.0; +http://www.bing.com/bingbot.htm)" "mantech8.com"
185.191.171.4 - - [07/Dec/2022:17:44:16 -0800] "GET /index.php/camp-fire/28092171.html HTTP/1.1" 500 - "-" "Mozilla/5.0 (compatible; SemrushBot/7~bl; +http://www.semrush.com/bot.html)" "mantech8.com"
185.191.171.13 - - [07/Dec/2022:17:44:24 -0800] "GET /?camp-fire%2F32009430.html HTTP/1.1" 500 - "-" "Mozilla/5.0 (compatible; SemrushBot/7~bl; +http://www.semrush.com/bot.html)" "mantech8.com"
207.46.13.100 - - [07/Dec/2022:17:44:27 -0800] "GET /index.php/mcko-8408ccdcfe-vbaer.ii HTTP/1.1" 200 65935 "-" "Mozilla/5.0 AppleWebKit/537.36 (KHTML, like Gecko; compatible; bingbot/2.0; +http://www.bing.com/bingbot.htm) Chrome/103.0.5060.134 Safari/537.36" "mantech8.com"
40.77.167.26 - - [07/Dec/2022:17:44:44 -0800] "GET /EGy1-faad-vewFP.Ii HTTP/1.1" 404 88 "-" "Mozilla/5.0 AppleWebKit/537.36 (KHTML, like Gecko; compatible; bingbot/2.0; +http://www.bing.com/bingbot.htm) Chrome/103.0.5060.134 Safari/537.36" "www.mantech8.com"
185.191.171.13 - - [07/Dec/2022:17:45:07 -0800] "GET /?camp-fire%2F80742185.html HTTP/1.1" 500 - "-" "Mozilla/5.0 (compatible; SemrushBot/7~bl; +http://www.semrush.com/bot.html)" "mantech8.com"
207.46.13.100 - - [07/Dec/2022:17:45:47 -0800] "GET /index.php/mcko-eb8efcadc-vbcjd.ii HTTP/1.1" 200 67642 "-" "Mozilla/5.0 AppleWebKit/537.36 (KHTML, like Gecko; compatible; bingbot/2.0; +http://www.bing.com/bingbot.htm) Chrome/103.0.5060.134 Safari/537.36" "mantech8.com"
207.46.13.100 - - [07/Dec/2022:17:45:58 -0800] "GET /index.php/23c99fef HTTP/1.1" 200 69044 "-" "Mozilla/5.0 (compatible; bingbot/2.0; +http://www.bing.com/bingbot.htm)" "mantech8.com"
207.46.13.100 - - [07/Dec/2022:17:45:59 -0800] "GET /index.php/yhfg-32cc4afa-pifs5.ii HTTP/1.1" 200 73567 "-" "Mozilla/5.0 (compatible; bingbot/2.0; +http://www.bing.com/bingbot.htm)" "mantech8.com"
207.46.13.100 - - [07/Dec/2022:17:46:17 -0800] "GET /index.php/QLQc-e59ebbcbe-48SLA.Ii HTTP/1.1" 200 67725 "-" "Mozilla/5.0 AppleWebKit/537.36 (KHTML, like Gecko; compatible; bingbot/2.0; +http://www.bing.com/bingbot.htm) Chrome/103.0.5060.134 Safari/537.36" "mantech8.com"
13.66.139.4 - - [07/Dec/2022:17:46:42 -0800] "GET /index.php/17a5ddabbd HTTP/1.1" 200 63210 "-" "Mozilla/5.0 AppleWebKit/537.36 (KHTML, like Gecko; compatible; bingbot/2.0; +http://www.bing.com/bingbot.htm) Chrome/103.0.5060.134 Safari/537.36" "mantech8.com"
207.46.13.100 - - [07/Dec/2022:17:46:57 -0800] "GET /index.php/txf8-6f9bbaceb-aocp4.ii HTTP/1.1" 200 76547 "-" "Mozilla/5.0 (compatible; bingbot/2.0; +http://www.bing.com/bingbot.htm)" "mantech8.com"
40.77.167.20 - - [07/Dec/2022:17:47:20 -0800] "GET /index.php/su70-c8dd-iczpp.ii HTTP/1.1" 200 69915 "-" "Mozilla/5.0 (compatible; bingbot/2.0; +http://www.bing.com/bingbot.htm)" "mantech8.com"
40.77.167.20 - - [07/Dec/2022:17:47:21 -0800] "GET /index.php/s0kv-0dab-ow6qw.ii HTTP/1.1" 200 63128 "-" "Mozilla/5.0 AppleWebKit/537.36 (KHTML, like Gecko; compatible; bingbot/2.0; +http://www.bing.com/bingbot.htm) Chrome/103.0.5060.134 Safari/537.36" "mantech8.com"
40.77.167.20 - - [07/Dec/2022:17:47:21 -0800] "GET /index.php/zsuz-c6afc-sooms.ii HTTP/1.1" 200 64461 "-" "Mozilla/5.0 (compatible; bingbot/2.0; +http://www.bing.com/bingbot.htm)" "mantech8.com"
40.77.167.20 - - [07/Dec/2022:17:47:21 -0800] "GET /index.php/nwtf-e1b4bbaef-3loun.ii HTTP/1.1" 200 63889 "-" "Mozilla/5.0 (compatible; bingbot/2.0; +http://www.bing.com/bingbot.htm)" "mantech8.com"
185.191.171.11 - - [07/Dec/2022:17:47:29 -0800] "GET /?camp-fire%2F54280050.html HTTP/1.1" 500 - "-" "Mozilla/5.0 (compatible; SemrushBot/7~bl; +http://www.semrush.com/bot.html)" "mantech8.com"
40.77.167.20 - - [07/Dec/2022:17:47:41 -0800] "GET /index.php/c894acbbc HTTP/1.1" 200 61788 "-" "Mozilla/5.0 AppleWebKit/537.36 (KHTML, like Gecko; compatible; bingbot/2.0; +http://www.bing.com/bingbot.htm) Chrome/103.0.5060.134 Safari/537.36" "mantech8.com"
185.191.171.33 - - [07/Dec/2022:17:47:50 -0800] "GET /index.php/camp-fire/1351129.html HTTP/1.1" 500 - "-" "Mozilla/5.0 (compatible; SemrushBot/7~bl; +http://www.semrush.com/bot.html)" "mantech8.com"
185.191.171.20 - - [07/Dec/2022:17:47:51 -0800] "GET /index.php/camp-fire/28149659.html HTTP/1.1" 500 - "-" "Mozilla/5.0 (compatible; SemrushBot/7~bl; +http://www.semrush.com/bot.html)" "mantech8.com"
207.46.13.100 - - [07/Dec/2022:17:48:19 -0800] "GET /index.php/r9js-5b77cabeb-aaghh.ii HTTP/1.1" 200 62119 "-" "Mozilla/5.0 (compatible; bingbot/2.0; +http://www.bing.com/bingbot.htm)" "mantech8.com"
185.191.171.25 - - [07/Dec/2022:17:48:23 -0800] "GET /?camp-fire%2F67198835.html HTTP/1.1" 500 - "-" "Mozilla/5.0 (compatible; SemrushBot/7~bl; +http://www.semrush.com/bot.html)" "mantech8.com"
207.46.13.100 - - [07/Dec/2022:17:48:48 -0800] "GET /index.php/fzwc-7e7acbdcbc-vpap8.ii HTTP/1.1" 200 70438 "-" "Mozilla/5.0 (compatible; bingbot/2.0; +http://www.bing.com/bingbot.htm)" "mantech8.com"
185.191.171.37 - - [07/Dec/2022:17:49:17 -0800] "GET /?camp-fire%2F66083656.html HTTP/1.1" 500 - "-" "Mozilla/5.0 (compatible; SemrushBot/7~bl; +http://www.semrush.com/bot.html)" "mantech8.com"
207.46.13.100 - - [07/Dec/2022:17:49:38 -0800] "GET /index.php/pstd-3afff-ien03.ii HTTP/1.1" 200 73899 "-" "Mozilla/5.0 AppleWebKit/537.36 (KHTML, like Gecko; compatible; bingbot/2.0; +http://www.bing.com/bingbot.htm) Chrome/103.0.5060.134 Safari/537.36" "mantech8.com"
216.244.66.241 - - [07/Dec/2022:17:49:45 -0800] "GET /robots.txt HTTP/1.1" 200 222 "-" "Mozilla/5.0 (compatible; DotBot/1.2; +https://opensiteexplorer.org/dotbot; help@moz.com)" "www.mantech8.com"
216.244.66.241 - - [07/Dec/2022:17:49:46 -0800] "GET /robots.txt HTTP/1.1" 200 222 "-" "Mozilla/5.0 (compatible; DotBot/1.2; +https://opensiteexplorer.org/dotbot; help@moz.com)" "mantech8.com"
207.46.13.100 - - [07/Dec/2022:17:50:27 -0800] "GET /sitemapindex.xml HTTP/1.1" 404 88 "-" "Mozilla/5.0 AppleWebKit/537.36 (KHTML, like Gecko; compatible; bingbot/2.0; +http://www.bing.com/bingbot.htm) Chrome/103.0.5060.134 Safari/537.36" "mantech8.com"
207.46.13.100 - - [07/Dec/2022:17:50:27 -0800] "GET /sitemapindeximages.xml HTTP/1.1" 404 88 "-" "Mozilla/5.0 (compatible; bingbot/2.0; +http://www.bing.com/bingbot.htm)" "mantech8.com"
185.191.171.24 - - [07/Dec/2022:17:50:33 -0800] "GET /?camp-fire%2F29416700.html HTTP/1.1" 500 - "-" "Mozilla/5.0 (compatible; SemrushBot/7~bl; +http://www.semrush.com/bot.html)" "mantech8.com"
185.191.171.15 - - [07/Dec/2022:17:50:34 -0800] "GET /index.php?camp-fire%2F2154453.html HTTP/1.1" 500 - "-" "Mozilla/5.0 (compatible; SemrushBot/7~bl; +http://www.semrush.com/bot.html)" "mantech8.com"
185.191.171.4 - - [07/Dec/2022:17:50:42 -0800] "GET /?camp-fire%2F98603959.html HTTP/1.1" 500 - "-" "Mozilla/5.0 (compatible; SemrushBot/7~bl; +http://www.semrush.com/bot.html)" "mantech8.com"
185.191.171.34 - - [07/Dec/2022:17:51:05 -0800] "GET /index.php?camp-fire%2F19803298.html HTTP/1.1" 500 - "-" "Mozilla/5.0 (compatible; SemrushBot/7~bl; +http://www.semrush.com/bot.html)" "mantech8.com"
157.55.39.138 - - [07/Dec/2022:17:51:37 -0800] "GET /index.php/KJZ2-f42feaada-hQcXX.Ii HTTP/1.1" 200 67644 "-" "Mozilla/5.0 AppleWebKit/537.36 (KHTML, like Gecko; compatible; bingbot/2.0; +http://www.bing.com/bingbot.htm) Chrome/103.0.5060.134 Safari/537.36" "mantech8.com"
157.55.39.138 - - [07/Dec/2022:17:51:38 -0800] "GET /index.php/6lfs-73c9eaeded-ymapp.ii HTTP/1.1" 200 69417 "-" "Mozilla/5.0 AppleWebKit/537.36 (KHTML, like Gecko; compatible; bingbot/2.0; +http://www.bing.com/bingbot.htm) Chrome/103.0.5060.134 Safari/537.36" "mantech8.com"
157.55.39.138 - - [07/Dec/2022:17:51:39 -0800] "GET /index.php/1f98bbbbf HTTP/1.1" 200 62726 "-" "Mozilla/5.0 (compatible; bingbot/2.0; +http://www.bing.com/bingbot.htm)" "mantech8.com"
157.55.39.138 - - [07/Dec/2022:17:51:40 -0800] "GET /index.php/b8adf HTTP/1.1" 200 66603 "-" "Mozilla/5.0 AppleWebKit/537.36 (KHTML, like Gecko; compatible; bingbot/2.0; +http://www.bing.com/bingbot.htm) Chrome/103.0.5060.134 Safari/537.36" "mantech8.com"
157.55.39.138 - - [07/Dec/2022:17:51:41 -0800] "GET /index.php/5abf HTTP/1.1" 200 79916 "-" "Mozilla/5.0 (compatible; bingbot/2.0; +http://www.bing.com/bingbot.htm)" "mantech8.com"
185.191.171.16 - - [07/Dec/2022:17:51:45 -0800] "GET /?camp-fire%2F40322160.html HTTP/1.1" 500 - "-" "Mozilla/5.0 (compatible; SemrushBot/7~bl; +http://www.semrush.com/bot.html)" "mantech8.com"
157.55.39.138 - - [07/Dec/2022:17:52:00 -0800] "GET /index.php/pstd-0407eeabbb-iwnwf.ii HTTP/1.1" 200 67421 "-" "Mozilla/5.0 (compatible; bingbot/2.0; +http://www.bing.com/bingbot.htm)" "mantech8.com"
157.55.39.138 - - [07/Dec/2022:17:52:38 -0800] "GET /index.php/zsuz-6f392ccccb-slhpm.ii HTTP/1.1" 200 77291 "-" "Mozilla/5.0 AppleWebKit/537.36 (KHTML, like Gecko; compatible; bingbot/2.0; +http://www.bing.com/bingbot.htm) Chrome/103.0.5060.134 Safari/537.36" "mantech8.com"
185.191.171.21 - - [07/Dec/2022:17:53:27 -0800] "GET /index.php?camp-fire%2F15654465.html HTTP/1.1" 500 - "-" "Mozilla/5.0 (compatible; SemrushBot/7~bl; +http://www.semrush.com/bot.html)" "mantech8.com"
185.191.171.34 - - [07/Dec/2022:17:53:44 -0800] "GET /?camp-fire%2F42148749.html HTTP/1.1" 500 - "-" "Mozilla/5.0 (compatible; SemrushBot/7~bl; +http://www.semrush.com/bot.html)" "mantech8.com"
185.191.171.43 - - [07/Dec/2022:17:53:55 -0800] "GET /?camp-fire%2F60164350.html HTTP/1.1" 500 - "-" "Mozilla/5.0 (compatible; SemrushBot/7~bl; +http://www.semrush.com/bot.html)" "mantech8.com"
157.55.39.123 - - [07/Dec/2022:17:54:17 -0800] "GET /index.php/EGy1-8b1eebebf-vdfPD.Ii HTTP/1.1" 200 60106 "-" "Mozilla/5.0 AppleWebKit/537.36 (KHTML, like Gecko; compatible; bingbot/2.0; +http://www.bing.com/bingbot.htm) Chrome/103.0.5060.134 Safari/537.36" "mantech8.com"
157.55.39.123 - - [07/Dec/2022:17:54:18 -0800] "GET /index.php/pstd-2288babeb-ixj46.ii HTTP/1.1" 200 68952 "-" "Mozilla/5.0 (compatible; bingbot/2.0; +http://www.bing.com/bingbot.htm)" "mantech8.com"
157.55.39.123 - - [07/Dec/2022:17:54:19 -0800] "GET /index.php/aqji-d8ffbebfa-nsuva.ii HTTP/1.1" 200 63308 "-" "Mozilla/5.0 (compatible; bingbot/2.0; +http://www.bing.com/bingbot.htm)" "mantech8.com"
157.55.39.123 - - [07/Dec/2022:17:54:20 -0800] "GET /index.php/nwtf-a2dbbecb-4qydt.ii HTTP/1.1" 200 68212 "-" "Mozilla/5.0 (compatible; bingbot/2.0; +http://www.bing.com/bingbot.htm)" "mantech8.com"
157.55.39.123 - - [07/Dec/2022:17:54:20 -0800] "GET /index.php/nwtf-23bcb-4au6b.ii HTTP/1.1" 200 61444 "-" "Mozilla/5.0 AppleWebKit/537.36 (KHTML, like Gecko; compatible; bingbot/2.0; +http://www.bing.com/bingbot.htm) Chrome/103.0.5060.134 Safari/537.36" "mantech8.com"
157.55.39.123 - - [07/Dec/2022:17:54:27 -0800] "GET /index.php/aps-68cdec-ojh00.ii HTTP/1.1" 200 63163 "-" "Mozilla/5.0 AppleWebKit/537.36 (KHTML, like Gecko; compatible; bingbot/2.0; +http://www.bing.com/bingbot.htm) Chrome/103.0.5060.134 Safari/537.36" "mantech8.com"
157.55.39.123 - - [07/Dec/2022:17:54:28 -0800] "GET /sitemapmobileindex.xml HTTP/1.1" 404 88 "-" "Mozilla/5.0 AppleWebKit/537.36 (KHTML, like Gecko; compatible; bingbot/2.0; +http://www.bing.com/bingbot.htm) Chrome/103.0.5060.134 Safari/537.36" "mantech8.com"
157.55.39.123 - - [07/Dec/2022:17:54:28 -0800] "GET /index.php/b583afaea HTTP/1.1" 200 64285 "-" "Mozilla/5.0 AppleWebKit/537.36 (KHTML, like Gecko; compatible; bingbot/2.0; +http://www.bing.com/bingbot.htm) Chrome/103.0.5060.134 Safari/537.36" "mantech8.com"
207.46.13.100 - - [07/Dec/2022:17:54:32 -0800] "GET /index.php/nwtf-41cedebc-3liub.ii HTTP/1.1" 200 71731 "-" "Mozilla/5.0 (compatible; bingbot/2.0; +http://www.bing.com/bingbot.htm)" "mantech8.com"
185.191.171.18 - - [07/Dec/2022:17:54:47 -0800] "GET /index.php?camp-fire%2F18220261.html HTTP/1.1" 500 - "-" "Mozilla/5.0 (compatible; SemrushBot/7~bl; +http://www.semrush.com/bot.html)" "mantech8.com"
157.55.39.123 - - [07/Dec/2022:17:54:59 -0800] "GET /index.php/wf2o-c27dfbfdc-g7gii.ii HTTP/1.1" 200 100426 "-" "Mozilla/5.0 (compatible; bingbot/2.0; +http://www.bing.com/bingbot.htm)" "mantech8.com"
185.191.171.8 - - [07/Dec/2022:17:55:02 -0800] "GET /?camp-fire%2F14082596.html HTTP/1.1" 500 - "-" "Mozilla/5.0 (compatible; SemrushBot/7~bl; +http://www.semrush.com/bot.html)" "mantech8.com"
185.191.171.21 - - [07/Dec/2022:17:55:22 -0800] "GET /?camp-fire%2F66083756.html HTTP/1.1" 500 - "-" "Mozilla/5.0 (compatible; SemrushBot/7~bl; +http://www.semrush.com/bot.html)" "mantech8.com"
207.46.13.125 - - [07/Dec/2022:17:55:33 -0800] "GET /index.php/5e89ffadaf HTTP/1.1" 200 65692 "-" "Mozilla/5.0 (compatible; bingbot/2.0; +http://www.bing.com/bingbot.htm)" "mantech8.com"
207.46.13.125 - - [07/Dec/2022:17:55:34 -0800] "GET /index.php/nwtf-c42ebbabb-4atqr.ii HTTP/1.1" 200 60712 "-" "Mozilla/5.0 (compatible; bingbot/2.0; +http://www.bing.com/bingbot.htm)" "mantech8.com"
207.46.13.125 - - [07/Dec/2022:17:55:34 -0800] "GET /index.php/mcko-39cdbb-vg93a.ii HTTP/1.1" 200 70742 "-" "Mozilla/5.0 (compatible; bingbot/2.0; +http://www.bing.com/bingbot.htm)" "mantech8.com"
207.46.13.125 - - [07/Dec/2022:17:55:35 -0800] "GET /index.php/zsuz-92ded-sii4l.ii HTTP/1.1" 200 58481 "-" "Mozilla/5.0 AppleWebKit/537.36 (KHTML, like Gecko; compatible; bingbot/2.0; +http://www.bing.com/bingbot.htm) Chrome/103.0.5060.134 Safari/537.36" "mantech8.com"
207.46.13.125 - - [07/Dec/2022:17:55:36 -0800] "GET /index.php/znf9-e8e95dccdc-qzvpc.ii HTTP/1.1" 200 64934 "-" "Mozilla/5.0 AppleWebKit/537.36 (KHTML, like Gecko; compatible; bingbot/2.0; +http://www.bing.com/bingbot.htm) Chrome/103.0.5060.134 Safari/537.36" "mantech8.com"
207.46.13.125 - - [07/Dec/2022:17:55:43 -0800] "GET /index.php/1zve-38abed-jtk2r.ii HTTP/1.1" 200 74395 "-" "Mozilla/5.0 (compatible; bingbot/2.0; +http://www.bing.com/bingbot.htm)" "mantech8.com"
207.46.13.125 - - [07/Dec/2022:17:55:43 -0800] "GET /index.php/nwtf-d4b1faeb-4akos.ii HTTP/1.1" 200 68525 "-" "Mozilla/5.0 AppleWebKit/537.36 (KHTML, like Gecko; compatible; bingbot/2.0; +http://www.bing.com/bingbot.htm) Chrome/103.0.5060.134 Safari/537.36" "mantech8.com"
207.46.13.125 - - [07/Dec/2022:17:55:44 -0800] "GET /index.php/su70-4a5f1cddcb-ifrse.ii HTTP/1.1" 200 72698 "-" "Mozilla/5.0 AppleWebKit/537.36 (KHTML, like Gecko; compatible; bingbot/2.0; +http://www.bing.com/bingbot.htm) Chrome/103.0.5060.134 Safari/537.36" "mantech8.com"
207.46.13.125 - - [07/Dec/2022:17:55:44 -0800] "GET /index.php/yhfg-7d8bffeae-pphxj.ii HTTP/1.1" 200 64091 "-" "Mozilla/5.0 (compatible; bingbot/2.0; +http://www.bing.com/bingbot.htm)" "mantech8.com"
207.46.13.125 - - [07/Dec/2022:17:55:45 -0800] "GET /index.php/nwtf-2d84eddd-3laqm.ii HTTP/1.1" 200 61705 "-" "Mozilla/5.0 (compatible; bingbot/2.0; +http://www.bing.com/bingbot.htm)" "mantech8.com"
185.191.171.18 - - [07/Dec/2022:17:55:47 -0800] "GET /index.php/camp-fire/24260150.html HTTP/1.1" 500 - "-" "Mozilla/5.0 (compatible; SemrushBot/7~bl; +http://www.semrush.com/bot.html)" "mantech8.com"
207.46.13.125 - - [07/Dec/2022:17:55:47 -0800] "GET /index.php/pstd-6a7cdcdd-ix6oc.ii HTTP/1.1" 200 62036 "-" "Mozilla/5.0 (compatible; bingbot/2.0; +http://www.bing.com/bingbot.htm)" "mantech8.com"
207.46.13.125 - - [07/Dec/2022:17:55:48 -0800] "GET /sitemapnewindex.xml HTTP/1.1" 404 88 "-" "Mozilla/5.0 (compatible; bingbot/2.0; +http://www.bing.com/bingbot.htm)" "mantech8.com"
207.46.13.100 - - [07/Dec/2022:17:55:59 -0800] "GET /index.php/20daca HTTP/1.1" 200 104828 "-" "Mozilla/5.0 (compatible; bingbot/2.0; +http://www.bing.com/bingbot.htm)" "mantech8.com"
64.124.8.27 - - [07/Dec/2022:17:56:59 -0800] "GET /robots.txt HTTP/1.1" 200 106 "-" "Mozilla/5.0 (X11; Linux x86_64) AppleWebKit/537.36 (KHTML, like Gecko) Chrome/61.0.3163.79 Safari/537.36" "mantech8.com"
64.124.8.27 - - [07/Dec/2022:17:56:59 -0800] "GET /hydro.php HTTP/1.1" 200 14239 "-" "Mozilla/5.0 (X11; Linux x86_64) AppleWebKit/537.36 (KHTML, like Gecko) Chrome/61.0.3163.79 Safari/537.36" "mantech8.com"
185.191.171.23 - - [07/Dec/2022:17:57:07 -0800] "GET /?camp-fire%2F42030225.html HTTP/1.1" 500 - "-" "Mozilla/5.0 (compatible; SemrushBot/7~bl; +http://www.semrush.com/bot.html)" "mantech8.com"
40.77.167.20 - - [07/Dec/2022:17:57:10 -0800] "GET /index.php/MhxM-fc94aeceed-jvurO.Ii HTTP/1.1" 200 69904 "-" "Mozilla/5.0 (compatible; bingbot/2.0; +http://www.bing.com/bingbot.htm)" "mantech8.com"
40.77.167.20 - - [07/Dec/2022:17:57:11 -0800] "GET /index.php/mcko-3c72fadbad-vbqzp.ii HTTP/1.1" 200 65349 "-" "Mozilla/5.0 (compatible; bingbot/2.0; +http://www.bing.com/bingbot.htm)" "mantech8.com"
185.191.171.4 - - [07/Dec/2022:17:57:12 -0800] "GET /?camp-fire%2F93183827.html HTTP/1.1" 500 - "-" "Mozilla/5.0 (compatible; SemrushBot/7~bl; +http://www.semrush.com/bot.html)" "mantech8.com"
40.77.167.20 - - [07/Dec/2022:17:57:12 -0800] "GET /index.php/mkjw-b8eb-bbqsr.ii HTTP/1.1" 200 70875 "-" "Mozilla/5.0 AppleWebKit/537.36 (KHTML, like Gecko; compatible; bingbot/2.0; +http://www.bing.com/bingbot.htm) Chrome/103.0.5060.134 Safari/537.36" "mantech8.com"
40.77.167.20 - - [07/Dec/2022:17:57:12 -0800] "GET /index.php/wtzk-86993dfdfb-nlkne.ii HTTP/1.1" 200 66849 "-" "Mozilla/5.0 AppleWebKit/537.36 (KHTML, like Gecko; compatible; bingbot/2.0; +http://www.bing.com/bingbot.htm) Chrome/103.0.5060.134 Safari/537.36" "mantech8.com"
40.77.167.26 - - [07/Dec/2022:17:57:19 -0800] "GET /index.php/YhFG-9a0eddac-pkAeu.Ii HTTP/1.1" 200 74557 "-" "Mozilla/5.0 (compatible; bingbot/2.0; +http://www.bing.com/bingbot.htm)" "mantech8.com"
40.77.167.26 - - [07/Dec/2022:17:57:20 -0800] "GET /index.php/nwtf-3f0cfcbb-4qro1.ii HTTP/1.1" 200 58900 "-" "Mozilla/5.0 (compatible; bingbot/2.0; +http://www.bing.com/bingbot.htm)" "mantech8.com"
40.77.167.26 - - [07/Dec/2022:17:57:21 -0800] "GET /index.php/283ecaebf HTTP/1.1" 200 77418 "-" "Mozilla/5.0 (compatible; bingbot/2.0; +http://www.bing.com/bingbot.htm)" "mantech8.com"
40.77.167.26 - - [07/Dec/2022:17:57:22 -0800] "GET /index.php/nwtf-a4fab-3lup3.ii HTTP/1.1" 200 68224 "-" "Mozilla/5.0 AppleWebKit/537.36 (KHTML, like Gecko; compatible; bingbot/2.0; +http://www.bing.com/bingbot.htm) Chrome/103.0.5060.134 Safari/537.36" "mantech8.com"
40.77.167.26 - - [07/Dec/2022:17:57:23 -0800] "GET /index.php/vmbp-f9ecc-unteu.ii HTTP/1.1" 200 68385 "-" "Mozilla/5.0 AppleWebKit/537.36 (KHTML, like Gecko; compatible; bingbot/2.0; +http://www.bing.com/bingbot.htm) Chrome/103.0.5060.134 Safari/537.36" "mantech8.com"
40.77.167.26 - - [07/Dec/2022:17:57:26 -0800] "GET /index.php/egy1-d911babdcb-vxlmk.ii HTTP/1.1" 200 61806 "-" "Mozilla/5.0 AppleWebKit/537.36 (KHTML, like Gecko; compatible; bingbot/2.0; +http://www.bing.com/bingbot.htm) Chrome/103.0.5060.134 Safari/537.36" "mantech8.com"
40.77.167.26 - - [07/Dec/2022:17:57:27 -0800] "GET /index.php/pstd-31ceeaeda-ie90i.ii HTTP/1.1" 200 66477 "-" "Mozilla/5.0 (compatible; bingbot/2.0; +http://www.bing.com/bingbot.htm)" "mantech8.com"
40.77.167.20 - - [07/Dec/2022:17:57:32 -0800] "GET /index.php/nwtf-c73bcebec-4askr.ii HTTP/1.1" 200 67137 "-" "Mozilla/5.0 AppleWebKit/537.36 (KHTML, like Gecko; compatible; bingbot/2.0; +http://www.bing.com/bingbot.htm) Chrome/103.0.5060.134 Safari/537.36" "mantech8.com"
185.191.171.24 - - [07/Dec/2022:17:57:48 -0800] "GET /index.php?camp-fire%2F16589146.html HTTP/1.1" 500 - "-" "Mozilla/5.0 (compatible; SemrushBot/7~bl; +http://www.semrush.com/bot.html)" "mantech8.com"
185.191.171.43 - - [07/Dec/2022:17:57:50 -0800] "GET /?camp-fire%2F28264335.html HTTP/1.1" 500 - "-" "Mozilla/5.0 (compatible; SemrushBot/7~bl; +http://www.semrush.com/bot.html)" "mantech8.com"
185.191.171.36 - - [07/Dec/2022:17:57:58 -0800] "GET /?camp-fire%2F39950502.html HTTP/1.1" 500 - "-" "Mozilla/5.0 (compatible; SemrushBot/7~bl; +http://www.semrush.com/bot.html)" "mantech8.com"
157.55.39.138 - - [07/Dec/2022:17:57:58 -0800] "GET /index.php/Mcko-c9dad-VtHL3.Ii HTTP/1.1" 200 70977 "-" "Mozilla/5.0 (compatible; bingbot/2.0; +http://www.bing.com/bingbot.htm)" "mantech8.com"
185.191.171.8 - - [07/Dec/2022:17:57:59 -0800] "GET /?camp-fire%2F38203872.html HTTP/1.1" 500 - "-" "Mozilla/5.0 (compatible; SemrushBot/7~bl; +http://www.semrush.com/bot.html)" "mantech8.com"
157.55.39.138 - - [07/Dec/2022:17:58:00 -0800] "GET /index.php/31l7-bde0eefdeb-outxi.ii HTTP/1.1" 200 65333 "-" "Mozilla/5.0 AppleWebKit/537.36 (KHTML, like Gecko; compatible; bingbot/2.0; +http://www.bing.com/bingbot.htm) Chrome/103.0.5060.134 Safari/537.36" "mantech8.com"
157.55.39.138 - - [07/Dec/2022:17:58:00 -0800] "GET /index.php/vmbp-9e588edda-uuszy.ii HTTP/1.1" 200 59368 "-" "Mozilla/5.0 AppleWebKit/537.36 (KHTML, like Gecko; compatible; bingbot/2.0; +http://www.bing.com/bingbot.htm) Chrome/103.0.5060.134 Safari/537.36" "mantech8.com"
157.55.39.138 - - [07/Dec/2022:17:58:01 -0800] "GET /index.php/egy1-89d4dbbbfe-vdmcj.ii HTTP/1.1" 200 61560 "-" "Mozilla/5.0 AppleWebKit/537.36 (KHTML, like Gecko; compatible; bingbot/2.0; +http://www.bing.com/bingbot.htm) Chrome/103.0.5060.134 Safari/537.36" "mantech8.com"
157.55.39.138 - - [07/Dec/2022:17:58:02 -0800] "GET /index.php/d764abede HTTP/1.1" 200 68692 "-" "Mozilla/5.0 (compatible; bingbot/2.0; +http://www.bing.com/bingbot.htm)" "mantech8.com"
40.77.167.26 - - [07/Dec/2022:17:58:07 -0800] "GET /index.php/1zve-05abaf-jr4fw.ii HTTP/1.1" 200 66753 "-" "Mozilla/5.0 AppleWebKit/537.36 (KHTML, like Gecko; compatible; bingbot/2.0; +http://www.bing.com/bingbot.htm) Chrome/103.0.5060.134 Safari/537.36" "mantech8.com"
40.77.167.20 - - [07/Dec/2022:17:58:12 -0800] "GET /index.php/s0kv-aeffddcaf-oevxh.ii HTTP/1.1" 200 71355 "-" "Mozilla/5.0 AppleWebKit/537.36 (KHTML, like Gecko; compatible; bingbot/2.0; +http://www.bing.com/bingbot.htm) Chrome/103.0.5060.134 Safari/537.36" "mantech8.com"
207.46.13.100 - - [07/Dec/2022:17:58:12 -0800] "GET /index.php/egy1-9f7cefda-vscdc.ii HTTP/1.1" 200 66179 "-" "Mozilla/5.0 (compatible; bingbot/2.0; +http://www.bing.com/bingbot.htm)" "mantech8.com"
40.77.167.20 - - [07/Dec/2022:17:58:22 -0800] "GET /index.php/f11dcdbca HTTP/1.1" 200 64515 "-" "Mozilla/5.0 AppleWebKit/537.36 (KHTML, like Gecko; compatible; bingbot/2.0; +http://www.bing.com/bingbot.htm) Chrome/103.0.5060.134 Safari/537.36" "mantech8.com"
185.191.171.1 - - [07/Dec/2022:17:58:53 -0800] "GET /?camp-fire%2F3968874.html HTTP/1.1" 500 - "-" "Mozilla/5.0 (compatible; SemrushBot/7~bl; +http://www.semrush.com/bot.html)" "mantech8.com"
40.77.167.20 - - [07/Dec/2022:17:59:52 -0800] "GET /index.php/kjz2-7e5aacae-hafwq.ii HTTP/1.1" 200 68733 "-" "Mozilla/5.0 (compatible; bingbot/2.0; +http://www.bing.com/bingbot.htm)" "mantech8.com"
207.46.13.100 - - [07/Dec/2022:17:59:59 -0800] "GET /index.php/pstd-cafbc-is2zh.ii HTTP/1.1" 200 66848 "-" "Mozilla/5.0 (compatible; bingbot/2.0; +http://www.bing.com/bingbot.htm)" "mantech8.com"
207.46.13.100 - - [07/Dec/2022:17:59:59 -0800] "GET /index.php/egy1-685d6fbc-vdwiz.ii HTTP/1.1" 200 70478 "-" "Mozilla/5.0 AppleWebKit/537.36 (KHTML, like Gecko; compatible; bingbot/2.0; +http://www.bing.com/bingbot.htm) Chrome/103.0.5060.134 Safari/537.36" "mantech8.com"
207.46.13.100 - - [07/Dec/2022:18:00:08 -0800] "GET /index.php/a30befccb HTTP/1.1" 200 64893 "-" "Mozilla/5.0 AppleWebKit/537.36 (KHTML, like Gecko; compatible; bingbot/2.0; +http://www.bing.com/bingbot.htm) Chrome/103.0.5060.134 Safari/537.36" "mantech8.com"
40.77.167.20 - - [07/Dec/2022:18:00:40 -0800] "GET /index.php?/a/0/19/1903/190339.jpg HTTP/1.1" 200 65581 "-" "Mozilla/5.0 AppleWebKit/537.36 (KHTML, like Gecko; compatible; bingbot/2.0; +http://www.bing.com/bingbot.htm) Chrome/103.0.5060.134 Safari/537.36" "www.mantech8.com"
40.77.167.20 - - [07/Dec/2022:18:00:50 -0800] "GET /index.php?/a/0/19/1903/190335.jpg HTTP/1.1" 200 66710 "-" "Mozilla/5.0 (compatible; bingbot/2.0; +http://www.bing.com/bingbot.htm)" "www.mantech8.com"
185.191.171.37 - - [07/Dec/2022:18:01:28 -0800] "GET /index.php/camp-fire/19999965.html HTTP/1.1" 500 - "-" "Mozilla/5.0 (compatible; SemrushBot/7~bl; +http://www.semrush.com/bot.html)" "mantech8.com"
207.46.13.100 - - [07/Dec/2022:18:01:39 -0800] "GET /index.php/8fefeb HTTP/1.1" 200 64668 "-" "Mozilla/5.0 (compatible; bingbot/2.0; +http://www.bing.com/bingbot.htm)" "mantech8.com"
185.191.171.24 - - [07/Dec/2022:18:01:43 -0800] "GET /index.php?camp-fire%2F19863632.html HTTP/1.1" 500 - "-" "Mozilla/5.0 (compatible; SemrushBot/7~bl; +http://www.semrush.com/bot.html)" "mantech8.com"
157.55.39.138 - - [07/Dec/2022:18:01:58 -0800] "GET /index.php/EGy1-b0df-vd6er.Ii HTTP/1.1" 200 62354 "-" "Mozilla/5.0 AppleWebKit/537.36 (KHTML, like Gecko; compatible; bingbot/2.0; +http://www.bing.com/bingbot.htm) Chrome/103.0.5060.134 Safari/537.36" "mantech8.com"
157.55.39.138 - - [07/Dec/2022:18:01:59 -0800] "GET /index.php/k937-f9f4cdffe-7458s.ii HTTP/1.1" 200 64322 "-" "Mozilla/5.0 (compatible; bingbot/2.0; +http://www.bing.com/bingbot.htm)" "mantech8.com"
157.55.39.138 - - [07/Dec/2022:18:02:00 -0800] "GET /index.php/wf2o-a5c6beadac-g6gaj.ii HTTP/1.1" 200 64325 "-" "Mozilla/5.0 (compatible; bingbot/2.0; +http://www.bing.com/bingbot.htm)" "mantech8.com"
157.55.39.138 - - [07/Dec/2022:18:02:01 -0800] "GET /index.php/97vp-bd82dedfec-aicpd.ii HTTP/1.1" 200 64772 "-" "Mozilla/5.0 (compatible; bingbot/2.0; +http://www.bing.com/bingbot.htm)" "mantech8.com"
185.191.171.12 - - [07/Dec/2022:18:02:08 -0800] "GET /?camp-fire%2F45126602.html HTTP/1.1" 500 - "-" "Mozilla/5.0 (compatible; SemrushBot/7~bl; +http://www.semrush.com/bot.html)" "mantech8.com"
207.46.13.100 - - [07/Dec/2022:18:02:29 -0800] "GET /index.php/1c5dfeefc HTTP/1.1" 200 61042 "-" "Mozilla/5.0 (compatible; bingbot/2.0; +http://www.bing.com/bingbot.htm)" "mantech8.com"
157.55.39.138 - - [07/Dec/2022:18:02:41 -0800] "GET /index.php/wtzk-ff97cafed-npk6e.ii HTTP/1.1" 200 66270 "-" "Mozilla/5.0 AppleWebKit/537.36 (KHTML, like Gecko; compatible; bingbot/2.0; +http://www.bing.com/bingbot.htm) Chrome/103.0.5060.134 Safari/537.36" "mantech8.com"
185.191.171.25 - - [07/Dec/2022:18:03:11 -0800] "GET /index.php/camp-fire/11940676.html HTTP/1.1" 500 - "-" "Mozilla/5.0 (compatible; SemrushBot/7~bl; +http://www.semrush.com/bot.html)" "mantech8.com"
185.191.171.43 - - [07/Dec/2022:18:03:14 -0800] "GET /?camp-fire%2F92329971.html HTTP/1.1" 500 - "-" "Mozilla/5.0 (compatible; SemrushBot/7~bl; +http://www.semrush.com/bot.html)" "mantech8.com"
207.46.13.100 - - [07/Dec/2022:18:03:21 -0800] "GET /index.php/52cfca HTTP/1.1" 200 66289 "-" "Mozilla/5.0 AppleWebKit/537.36 (KHTML, like Gecko; compatible; bingbot/2.0; +http://www.bing.com/bingbot.htm) Chrome/103.0.5060.134 Safari/537.36" "mantech8.com"
185.191.171.44 - - [07/Dec/2022:18:03:31 -0800] "GET /?camp-fire%2F33518625.html HTTP/1.1" 500 - "-" "Mozilla/5.0 (compatible; SemrushBot/7~bl; +http://www.semrush.com/bot.html)" "mantech8.com"
185.191.171.17 - - [07/Dec/2022:18:04:00 -0800] "GET /?camp-fire%2F71037280.html HTTP/1.1" 500 - "-" "Mozilla/5.0 (compatible; SemrushBot/7~bl; +http://www.semrush.com/bot.html)" "mantech8.com"
207.46.13.125 - - [07/Dec/2022:18:04:33 -0800] "GET /index.php/Pstd-1efce-iS1gu.Ii HTTP/1.1" 200 61041 "-" "Mozilla/5.0 AppleWebKit/537.36 (KHTML, like Gecko; compatible; bingbot/2.0; +http://www.bing.com/bingbot.htm) Chrome/103.0.5060.134 Safari/537.36" "mantech8.com"
207.46.13.125 - - [07/Dec/2022:18:04:33 -0800] "GET /index.php/nWTf-7c8baeaf-4QX2z.Ii HTTP/1.1" 200 73949 "-" "Mozilla/5.0 (compatible; bingbot/2.0; +http://www.bing.com/bingbot.htm)" "mantech8.com"
207.46.13.125 - - [07/Dec/2022:18:04:34 -0800] "GET /index.php/KJZ2-eacaad-hAiPd.Ii HTTP/1.1" 200 65217 "-" "Mozilla/5.0 (compatible; bingbot/2.0; +http://www.bing.com/bingbot.htm)" "mantech8.com"
207.46.13.125 - - [07/Dec/2022:18:04:35 -0800] "GET /index.php/nwtf-f5d11acdb-4af92.ii HTTP/1.1" 200 63411 "-" "Mozilla/5.0 (compatible; bingbot/2.0; +http://www.bing.com/bingbot.htm)" "mantech8.com"
207.46.13.125 - - [07/Dec/2022:18:04:35 -0800] "GET /index.php/k937-1aafa-74yec.ii HTTP/1.1" 200 71958 "-" "Mozilla/5.0 AppleWebKit/537.36 (KHTML, like Gecko; compatible; bingbot/2.0; +http://www.bing.com/bingbot.htm) Chrome/103.0.5060.134 Safari/537.36" "mantech8.com"
207.46.13.125 - - [07/Dec/2022:18:04:36 -0800] "GET /index.php/ecec HTTP/1.1" 200 66487 "-" "Mozilla/5.0 AppleWebKit/537.36 (KHTML, like Gecko; compatible; bingbot/2.0; +http://www.bing.com/bingbot.htm) Chrome/103.0.5060.134 Safari/537.36" "mantech8.com"
207.46.13.125 - - [07/Dec/2022:18:04:37 -0800] "GET /index.php/egy1-87b0ebdc-vdive.ii HTTP/1.1" 200 64203 "-" "Mozilla/5.0 AppleWebKit/537.36 (KHTML, like Gecko; compatible; bingbot/2.0; +http://www.bing.com/bingbot.htm) Chrome/103.0.5060.134 Safari/537.36" "mantech8.com"
207.46.13.125 - - [07/Dec/2022:18:05:05 -0800] "GET /index.php/bljc-26b1bfcfdc-ksbop.ii HTTP/1.1" 200 70244 "-" "Mozilla/5.0 AppleWebKit/537.36 (KHTML, like Gecko; compatible; bingbot/2.0; +http://www.bing.com/bingbot.htm) Chrome/103.0.5060.134 Safari/537.36" "mantech8.com"
157.55.39.123 - - [07/Dec/2022:18:05:10 -0800] "GET /index.php/84dcbdabb HTTP/1.1" 200 64869 "-" "Mozilla/5.0 AppleWebKit/537.36 (KHTML, like Gecko; compatible; bingbot/2.0; +http://www.bing.com/bingbot.htm) Chrome/103.0.5060.134 Safari/537.36" "mantech8.com"
157.55.39.123 - - [07/Dec/2022:18:05:11 -0800] "GET /index.php/WtZk-69fc-nLdTn.Ii HTTP/1.1" 200 72627 "-" "Mozilla/5.0 AppleWebKit/537.36 (KHTML, like Gecko; compatible; bingbot/2.0; +http://www.bing.com/bingbot.htm) Chrome/103.0.5060.134 Safari/537.36" "mantech8.com"
157.55.39.123 - - [07/Dec/2022:18:05:11 -0800] "GET /index.php/vmbp-5b881fdbcc-ummil.ii HTTP/1.1" 200 103338 "-" "Mozilla/5.0 (compatible; bingbot/2.0; +http://www.bing.com/bingbot.htm)" "mantech8.com"
157.55.39.123 - - [07/Dec/2022:18:05:12 -0800] "GET /index.php/txf8-a22c5ade-apfhf.ii HTTP/1.1" 200 72074 "-" "Mozilla/5.0 (compatible; bingbot/2.0; +http://www.bing.com/bingbot.htm)" "mantech8.com"
40.77.167.20 - - [07/Dec/2022:18:05:12 -0800] "GET /index.php/fbdfaccac HTTP/1.1" 200 63472 "-" "Mozilla/5.0 AppleWebKit/537.36 (KHTML, like Gecko; compatible; bingbot/2.0; +http://www.bing.com/bingbot.htm) Chrome/103.0.5060.134 Safari/537.36" "mantech8.com"
157.55.39.123 - - [07/Dec/2022:18:05:13 -0800] "GET /index.php/pstd-a89bbeaf-is57b.ii HTTP/1.1" 200 66195 "-" "Mozilla/5.0 (compatible; bingbot/2.0; +http://www.bing.com/bingbot.htm)" "mantech8.com"
40.77.167.20 - - [07/Dec/2022:18:05:15 -0800] "GET /index.php/jagj-d3ae-1vasp.ii HTTP/1.1" 200 67356 "-" "Mozilla/5.0 (compatible; bingbot/2.0; +http://www.bing.com/bingbot.htm)" "mantech8.com"
40.77.167.20 - - [07/Dec/2022:18:05:15 -0800] "GET /index.php/wf2o-494edefef-g56al.ii HTTP/1.1" 200 73233 "-" "Mozilla/5.0 AppleWebKit/537.36 (KHTML, like Gecko; compatible; bingbot/2.0; +http://www.bing.com/bingbot.htm) Chrome/103.0.5060.134 Safari/537.36" "mantech8.com"
157.55.39.123 - - [07/Dec/2022:18:05:19 -0800] "GET /index.php/imvf-3f3defefc-ypigi.ii HTTP/1.1" 200 65150 "-" "Mozilla/5.0 (compatible; bingbot/2.0; +http://www.bing.com/bingbot.htm)" "mantech8.com"
157.55.39.123 - - [07/Dec/2022:18:05:19 -0800] "GET /index.php/wtzk-4faad-n1mom.ii HTTP/1.1" 200 67873 "-" "Mozilla/5.0 AppleWebKit/537.36 (KHTML, like Gecko; compatible; bingbot/2.0; +http://www.bing.com/bingbot.htm) Chrome/103.0.5060.134 Safari/537.36" "mantech8.com"
157.55.39.123 - - [07/Dec/2022:18:05:20 -0800] "GET /index.php/wtzk-c8ae2effb-n10rp.ii HTTP/1.1" 200 64840 "-" "Mozilla/5.0 (compatible; bingbot/2.0; +http://www.bing.com/bingbot.htm)" "mantech8.com"
185.191.171.15 - - [07/Dec/2022:18:05:21 -0800] "GET /?camp-fire%2F41551872.html HTTP/1.1" 500 - "-" "Mozilla/5.0 (compatible; SemrushBot/7~bl; +http://www.semrush.com/bot.html)" "mantech8.com"
157.55.39.123 - - [07/Dec/2022:18:05:21 -0800] "GET /index.php/mcko-e6a2adef-vysbk.ii HTTP/1.1" 200 74218 "-" "Mozilla/5.0 (compatible; bingbot/2.0; +http://www.bing.com/bingbot.htm)" "mantech8.com"
207.46.13.100 - - [07/Dec/2022:18:05:40 -0800] "GET /index.php/Mcko-ad960eae-VbuJm.Ii HTTP/1.1" 200 63635 "-" "Mozilla/5.0 AppleWebKit/537.36 (KHTML, like Gecko; compatible; bingbot/2.0; +http://www.bing.com/bingbot.htm) Chrome/103.0.5060.134 Safari/537.36" "mantech8.com"
207.46.13.100 - - [07/Dec/2022:18:05:42 -0800] "GET /index.php/146f8fff HTTP/1.1" 200 66129 "-" "Mozilla/5.0 AppleWebKit/537.36 (KHTML, like Gecko; compatible; bingbot/2.0; +http://www.bing.com/bingbot.htm) Chrome/103.0.5060.134 Safari/537.36" "mantech8.com"
185.191.171.1 - - [07/Dec/2022:18:06:09 -0800] "GET /?camp-fire%2F61325835.html HTTP/1.1" 500 - "-" "Mozilla/5.0 (compatible; SemrushBot/7~bl; +http://www.semrush.com/bot.html)" "mantech8.com"
185.191.171.4 - - [07/Dec/2022:18:06:15 -0800] "GET /index.php/camp-fire/102498489.html HTTP/1.1" 500 - "-" "Mozilla/5.0 (compatible; SemrushBot/7~bl; +http://www.semrush.com/bot.html)" "mantech8.com"
185.191.171.33 - - [07/Dec/2022:18:06:41 -0800] "GET /?camp-fire%2F56051746.html HTTP/1.1" 500 - "-" "Mozilla/5.0 (compatible; SemrushBot/7~bl; +http://www.semrush.com/bot.html)" "mantech8.com"
185.191.171.11 - - [07/Dec/2022:18:07:18 -0800] "GET /?camp-fire%2F44829266.html HTTP/1.1" 500 - "-" "Mozilla/5.0 (compatible; SemrushBot/7~bl; +http://www.semrush.com/bot.html)" "mantech8.com"
157.55.39.138 - - [07/Dec/2022:18:07:29 -0800] "GET /index.php/sa5z-0cf2baab-H5mRt.Ii HTTP/1.1" 200 66483 "-" "Mozilla/5.0 AppleWebKit/537.36 (KHTML, like Gecko; compatible; bingbot/2.0; +http://www.bing.com/bingbot.htm) Chrome/103.0.5060.134 Safari/537.36" "mantech8.com"
157.55.39.138 - - [07/Dec/2022:18:07:31 -0800] "GET /index.php/wf2o-11542ecc-g7tvk.ii HTTP/1.1" 200 61948 "-" "Mozilla/5.0 (compatible; bingbot/2.0; +http://www.bing.com/bingbot.htm)" "mantech8.com"
207.46.13.100 - - [07/Dec/2022:18:07:50 -0800] "GET /index.php/nwtf-c1ec-4almp.ii HTTP/1.1" 200 66687 "-" "Mozilla/5.0 (compatible; bingbot/2.0; +http://www.bing.com/bingbot.htm)" "mantech8.com"
40.77.167.26 - - [07/Dec/2022:18:08:06 -0800] "GET /index.php/24744afd HTTP/1.1" 200 63201 "-" "Mozilla/5.0 (compatible; bingbot/2.0; +http://www.bing.com/bingbot.htm)" "mantech8.com"
40.77.167.26 - - [07/Dec/2022:18:08:07 -0800] "GET /index.php/202ffbabfc HTTP/1.1" 200 63977 "-" "Mozilla/5.0 (compatible; bingbot/2.0; +http://www.bing.com/bingbot.htm)" "mantech8.com"
40.77.167.26 - - [07/Dec/2022:18:08:07 -0800] "GET /index.php/oM8T-adfaca-EAClr.Ii HTTP/1.1" 200 75285 "-" "Mozilla/5.0 AppleWebKit/537.36 (KHTML, like Gecko; compatible; bingbot/2.0; +http://www.bing.com/bingbot.htm) Chrome/103.0.5060.134 Safari/537.36" "mantech8.com"
40.77.167.26 - - [07/Dec/2022:18:08:08 -0800] "GET /index.php/naq6-425eafcde-iumgj.ii HTTP/1.1" 200 63260 "-" "Mozilla/5.0 AppleWebKit/537.36 (KHTML, like Gecko; compatible; bingbot/2.0; +http://www.bing.com/bingbot.htm) Chrome/103.0.5060.134 Safari/537.36" "mantech8.com"
40.77.167.26 - - [07/Dec/2022:18:08:08 -0800] "GET /index.php/txf8-f2fca-apbds.ii HTTP/1.1" 200 73996 "-" "Mozilla/5.0 (compatible; bingbot/2.0; +http://www.bing.com/bingbot.htm)" "mantech8.com"
40.77.167.20 - - [07/Dec/2022:18:08:11 -0800] "GET /index.php/c08b6cae HTTP/1.1" 200 68098 "-" "Mozilla/5.0 AppleWebKit/537.36 (KHTML, like Gecko; compatible; bingbot/2.0; +http://www.bing.com/bingbot.htm) Chrome/103.0.5060.134 Safari/537.36" "mantech8.com"
40.77.167.20 - - [07/Dec/2022:18:08:12 -0800] "GET /index.php/mcko-defaadffef-vyp3r.ii HTTP/1.1" 200 75392 "-" "Mozilla/5.0 AppleWebKit/537.36 (KHTML, like Gecko; compatible; bingbot/2.0; +http://www.bing.com/bingbot.htm) Chrome/103.0.5060.134 Safari/537.36" "mantech8.com"
40.77.167.20 - - [07/Dec/2022:18:08:12 -0800] "GET /index.php/vmbp-3b1bdfee-ujwql.ii HTTP/1.1" 200 78411 "-" "Mozilla/5.0 AppleWebKit/537.36 (KHTML, like Gecko; compatible; bingbot/2.0; +http://www.bing.com/bingbot.htm) Chrome/103.0.5060.134 Safari/537.36" "mantech8.com"
40.77.167.26 - - [07/Dec/2022:18:08:16 -0800] "GET /index.php/4753cdffe HTTP/1.1" 200 66575 "-" "Mozilla/5.0 (compatible; bingbot/2.0; +http://www.bing.com/bingbot.htm)" "mantech8.com"
185.191.171.39 - - [07/Dec/2022:18:08:20 -0800] "GET /?camp-fire%2F27291070.html HTTP/1.1" 500 - "-" "Mozilla/5.0 (compatible; SemrushBot/7~bl; +http://www.semrush.com/bot.html)" "mantech8.com"
40.77.167.26 - - [07/Dec/2022:18:08:21 -0800] "GET /index.php/ae50ffdec HTTP/1.1" 200 61749 "-" "Mozilla/5.0 (compatible; bingbot/2.0; +http://www.bing.com/bingbot.htm)" "mantech8.com"
40.77.167.26 - - [07/Dec/2022:18:08:21 -0800] "GET /index.php/nwtf-599feddce-4abgs.ii HTTP/1.1" 200 65787 "-" "Mozilla/5.0 (compatible; bingbot/2.0; +http://www.bing.com/bingbot.htm)" "mantech8.com"
40.77.167.26 - - [07/Dec/2022:18:08:22 -0800] "GET /bimages/service/s1111.jpg HTTP/1.1" 200 140398 "-" "Mozilla/5.0 AppleWebKit/537.36 (KHTML, like Gecko; compatible; bingbot/2.0; +http://www.bing.com/bingbot.htm) Chrome/103.0.5060.134 Safari/537.36" "mantech8.com"
185.191.171.33 - - [07/Dec/2022:18:08:26 -0800] "GET /index.php/camp-fire/43953249.html HTTP/1.1" 500 - "-" "Mozilla/5.0 (compatible; SemrushBot/7~bl; +http://www.semrush.com/bot.html)" "mantech8.com"
185.191.171.25 - - [07/Dec/2022:18:08:27 -0800] "GET /index.php?camp-fire%2F16543280.html HTTP/1.1" 500 - "-" "Mozilla/5.0 (compatible; SemrushBot/7~bl; +http://www.semrush.com/bot.html)" "mantech8.com"
207.46.13.100 - - [07/Dec/2022:18:08:29 -0800] "GET /index.php/mcko-195a7afa-vbmqq.ii HTTP/1.1" 200 66621 "-" "Mozilla/5.0 (compatible; bingbot/2.0; +http://www.bing.com/bingbot.htm)" "mantech8.com"
185.191.171.38 - - [07/Dec/2022:18:08:33 -0800] "GET /?camp-fire%2F39808392.html HTTP/1.1" 500 - "-" "Mozilla/5.0 (compatible; SemrushBot/7~bl; +http://www.semrush.com/bot.html)" "mantech8.com"
40.77.167.20 - - [07/Dec/2022:18:08:33 -0800] "GET /index.php/ba8s-80ace-0qxf3.ii HTTP/1.1" 200 63697 "-" "Mozilla/5.0 (compatible; bingbot/2.0; +http://www.bing.com/bingbot.htm)" "mantech8.com"
185.191.171.23 - - [07/Dec/2022:18:08:49 -0800] "GET /index.php?camp-fire%2F16520965.html HTTP/1.1" 500 - "-" "Mozilla/5.0 (compatible; SemrushBot/7~bl; +http://www.semrush.com/bot.html)" "mantech8.com"
185.191.171.37 - - [07/Dec/2022:18:09:00 -0800] "GET /index.php/camp-fire/44400859.html HTTP/1.1" 500 - "-" "Mozilla/5.0 (compatible; SemrushBot/7~bl; +http://www.semrush.com/bot.html)" "mantech8.com"
185.191.171.15 - - [07/Dec/2022:18:10:08 -0800] "GET /?camp-fire%2F39897259.html HTTP/1.1" 500 - "-" "Mozilla/5.0 (compatible; SemrushBot/7~bl; +http://www.semrush.com/bot.html)" "mantech8.com"
185.191.171.15 - - [07/Dec/2022:18:10:10 -0800] "GET /?camp-fire%2F3993374.html HTTP/1.1" 500 - "-" "Mozilla/5.0 (compatible; SemrushBot/7~bl; +http://www.semrush.com/bot.html)" "mantech8.com"
157.55.39.138 - - [07/Dec/2022:18:10:30 -0800] "GET /index.php/nwtf-2c7bfbbfc-3l3ej.ii HTTP/1.1" 200 67434 "-" "Mozilla/5.0 (compatible; bingbot/2.0; +http://www.bing.com/bingbot.htm)" "mantech8.com"
157.55.39.138 - - [07/Dec/2022:18:10:31 -0800] "GET /index.php/s0kv-cccca-oewff.ii HTTP/1.1" 200 62623 "-" "Mozilla/5.0 AppleWebKit/537.36 (KHTML, like Gecko; compatible; bingbot/2.0; +http://www.bing.com/bingbot.htm) Chrome/103.0.5060.134 Safari/537.36" "mantech8.com"
157.55.39.138 - - [07/Dec/2022:18:10:32 -0800] "GET /index.php/feecef HTTP/1.1" 200 64842 "-" "Mozilla/5.0 AppleWebKit/537.36 (KHTML, like Gecko; compatible; bingbot/2.0; +http://www.bing.com/bingbot.htm) Chrome/103.0.5060.134 Safari/537.36" "mantech8.com"
185.191.171.26 - - [07/Dec/2022:18:10:48 -0800] "GET /?camp-fire%2F61301164.html HTTP/1.1" 500 - "-" "Mozilla/5.0 (compatible; SemrushBot/7~bl; +http://www.semrush.com/bot.html)" "mantech8.com"
185.191.171.14 - - [07/Dec/2022:18:11:01 -0800] "GET /index.php/camp-fire/26223382.html HTTP/1.1" 500 - "-" "Mozilla/5.0 (compatible; SemrushBot/7~bl; +http://www.semrush.com/bot.html)" "mantech8.com"
185.191.171.24 - - [07/Dec/2022:18:11:29 -0800] "GET /?camp-fire%2F38421441.html HTTP/1.1" 500 - "-" "Mozilla/5.0 (compatible; SemrushBot/7~bl; +http://www.semrush.com/bot.html)" "mantech8.com"
185.191.171.35 - - [07/Dec/2022:18:11:34 -0800] "GET /?camp-fire%2F89953581.html HTTP/1.1" 500 - "-" "Mozilla/5.0 (compatible; SemrushBot/7~bl; +http://www.semrush.com/bot.html)" "mantech8.com"
207.46.13.125 - - [07/Dec/2022:18:11:34 -0800] "GET /index.php/sa5z-32cd2bbed-H6Cod.Ii HTTP/1.1" 200 70207 "-" "Mozilla/5.0 (compatible; bingbot/2.0; +http://www.bing.com/bingbot.htm)" "mantech8.com"
185.191.171.4 - - [07/Dec/2022:18:11:39 -0800] "GET /?camp-fire%2F40458350.html HTTP/1.1" 500 - "-" "Mozilla/5.0 (compatible; SemrushBot/7~bl; +http://www.semrush.com/bot.html)" "mantech8.com"
207.46.13.125 - - [07/Dec/2022:18:11:36 -0800] "GET /index.php/f2si-1ceaac-dkzep.ii HTTP/1.1" 200 65509 "-" "Mozilla/5.0 (compatible; bingbot/2.0; +http://www.bing.com/bingbot.htm)" "mantech8.com"
207.46.13.125 - - [07/Dec/2022:18:11:39 -0800] "GET /index.php/nwtf-04bcc-4ann1.ii HTTP/1.1" 200 64601 "-" "Mozilla/5.0 AppleWebKit/537.36 (KHTML, like Gecko; compatible; bingbot/2.0; +http://www.bing.com/bingbot.htm) Chrome/103.0.5060.134 Safari/537.36" "mantech8.com"
207.46.13.125 - - [07/Dec/2022:18:11:43 -0800] "GET /index.php/wtzk-c81cbecfc-n2ioi.ii HTTP/1.1" 200 63783 "-" "Mozilla/5.0 AppleWebKit/537.36 (KHTML, like Gecko; compatible; bingbot/2.0; +http://www.bing.com/bingbot.htm) Chrome/103.0.5060.134 Safari/537.36" "mantech8.com"
136.243.220.212 - - [07/Dec/2022:18:12:08 -0800] "GET /robots.txt HTTP/1.1" 200 106 "-" "Mozilla/5.0 (compatible; DataForSeoBot/1.0; +https://dataforseo.com/dataforseo-bot)" "www.mantech8.com"
136.243.220.213 - - [07/Dec/2022:18:12:09 -0800] "GET /sitemapindex.xml HTTP/1.1" 404 88 "-" "Mozilla/5.0 (compatible; DataForSeoBot/1.0; +https://dataforseo.com/dataforseo-bot)" "mantech8.com"
136.243.220.213 - - [07/Dec/2022:18:12:10 -0800] "GET /sitemapindeximages.xml HTTP/1.1" 404 88 "-" "Mozilla/5.0 (compatible; DataForSeoBot/1.0; +https://dataforseo.com/dataforseo-bot)" "mantech8.com"
207.46.13.100 - - [07/Dec/2022:18:12:10 -0800] "GET /index.php/k937-65f17fcaa-74dki.ii HTTP/1.1" 200 72358 "-" "Mozilla/5.0 AppleWebKit/537.36 (KHTML, like Gecko; compatible; bingbot/2.0; +http://www.bing.com/bingbot.htm) Chrome/103.0.5060.134 Safari/537.36" "mantech8.com"
136.243.220.213 - - [07/Dec/2022:18:12:11 -0800] "GET /sitemapnewindex.xml HTTP/1.1" 404 88 "-" "Mozilla/5.0 (compatible; DataForSeoBot/1.0; +https://dataforseo.com/dataforseo-bot)" "mantech8.com"
136.243.220.213 - - [07/Dec/2022:18:12:12 -0800] "GET /sitemapmobileindex.xml HTTP/1.1" 404 88 "-" "Mozilla/5.0 (compatible; DataForSeoBot/1.0; +https://dataforseo.com/dataforseo-bot)" "mantech8.com"
185.191.171.16 - - [07/Dec/2022:18:12:48 -0800] "GET /?camp-fire%2F64451571.html HTTP/1.1" 500 - "-" "Mozilla/5.0 (compatible; SemrushBot/7~bl; +http://www.semrush.com/bot.html)" "mantech8.com"
207.46.13.125 - - [07/Dec/2022:18:12:54 -0800] "GET /index.php/blJc-9d52beddec-kzSXa.Ii HTTP/1.1" 200 71113 "-" "Mozilla/5.0 AppleWebKit/537.36 (KHTML, like Gecko; compatible; bingbot/2.0; +http://www.bing.com/bingbot.htm) Chrome/103.0.5060.134 Safari/537.36" "mantech8.com"
207.46.13.125 - - [07/Dec/2022:18:12:54 -0800] "GET /index.php/nWTf-b9065bfdf-4ATZd.Ii HTTP/1.1" 200 70207 "-" "Mozilla/5.0 (compatible; bingbot/2.0; +http://www.bing.com/bingbot.htm)" "mantech8.com"
207.46.13.125 - - [07/Dec/2022:18:12:55 -0800] "GET /index.php/bljc-e1d04fac-kw4vf.ii HTTP/1.1" 200 65495 "-" "Mozilla/5.0 AppleWebKit/537.36 (KHTML, like Gecko; compatible; bingbot/2.0; +http://www.bing.com/bingbot.htm) Chrome/103.0.5060.134 Safari/537.36" "mantech8.com"
207.46.13.100 - - [07/Dec/2022:18:13:01 -0800] "GET /index.php/yhfg-6b4fafdaa-pkorg.ii HTTP/1.1" 200 60166 "-" "Mozilla/5.0 (compatible; bingbot/2.0; +http://www.bing.com/bingbot.htm)" "mantech8.com"
157.55.39.123 - - [07/Dec/2022:18:13:20 -0800] "GET /index.php/ihSW-d7bd7bca-xzeXU.Ii HTTP/1.1" 200 64453 "-" "Mozilla/5.0 AppleWebKit/537.36 (KHTML, like Gecko; compatible; bingbot/2.0; +http://www.bing.com/bingbot.htm) Chrome/103.0.5060.134 Safari/537.36" "mantech8.com"
157.55.39.123 - - [07/Dec/2022:18:13:21 -0800] "GET /index.php/1zVE-fb1d6bab-JRgrS.Ii HTTP/1.1" 200 82032 "-" "Mozilla/5.0 AppleWebKit/537.36 (KHTML, like Gecko; compatible; bingbot/2.0; +http://www.bing.com/bingbot.htm) Chrome/103.0.5060.134 Safari/537.36" "mantech8.com"
157.55.39.123 - - [07/Dec/2022:18:13:21 -0800] "GET /index.php/Pstd-aec0bfecff-iEjuD.Ii HTTP/1.1" 200 66832 "-" "Mozilla/5.0 (compatible; bingbot/2.0; +http://www.bing.com/bingbot.htm)" "mantech8.com"
157.55.39.123 - - [07/Dec/2022:18:13:22 -0800] "GET /index.php/egy1-33abbe-vs6mr.ii HTTP/1.1" 200 57652 "-" "Mozilla/5.0 (compatible; bingbot/2.0; +http://www.bing.com/bingbot.htm)" "mantech8.com"
157.55.39.123 - - [07/Dec/2022:18:13:23 -0800] "GET /index.php/nwtf-9a7ececc-4qg1c.ii HTTP/1.1" 200 62005 "-" "Mozilla/5.0 (compatible; bingbot/2.0; +http://www.bing.com/bingbot.htm)" "mantech8.com"
207.46.13.100 - - [07/Dec/2022:18:13:30 -0800] "GET /index.php/egy1-492dbaecb-vswyy.ii HTTP/1.1" 200 63226 "-" "Mozilla/5.0 (compatible; bingbot/2.0; +http://www.bing.com/bingbot.htm)" "mantech8.com"
185.191.171.19 - - [07/Dec/2022:18:13:59 -0800] "GET /index.php?camp-fire%2F15180256.html HTTP/1.1" 500 - "-" "Mozilla/5.0 (compatible; SemrushBot/7~bl; +http://www.semrush.com/bot.html)" "mantech8.com"
207.46.13.100 - - [07/Dec/2022:18:14:11 -0800] "GET /Mcko-c9be8cad-VyTh5.Ii HTTP/1.1" 404 88 "-" "Mozilla/5.0 (compatible; bingbot/2.0; +http://www.bing.com/bingbot.htm)" "www.mantech8.com"
