40.77.167.26 - - [08/Dec/2022:12:20:02 -0800] "GET /index.php/mcko-2eaa7fce-vthxf.ii HTTP/1.1" 200 69617 "-" "Mozilla/5.0 AppleWebKit/537.36 (KHTML, like Gecko; compatible; bingbot/2.0; +http://www.bing.com/bingbot.htm) Chrome/103.0.5060.134 Safari/537.36" "mantech8.com"
40.77.167.26 - - [08/Dec/2022:12:20:02 -0800] "GET /index.php/pstd-16ea3eab-idcwc.ii HTTP/1.1" 200 58810 "-" "Mozilla/5.0 (compatible; bingbot/2.0; +http://www.bing.com/bingbot.htm)" "mantech8.com"
207.46.13.100 - - [08/Dec/2022:12:20:05 -0800] "GET /index.php/kjz2-5dbc-hq1zd.ii HTTP/1.1" 200 67163 "-" "Mozilla/5.0 (compatible; bingbot/2.0; +http://www.bing.com/bingbot.htm)" "mantech8.com"
157.55.39.138 - - [08/Dec/2022:12:20:36 -0800] "GET /index.php/5fcc HTTP/1.1" 200 68132 "-" "Mozilla/5.0 AppleWebKit/537.36 (KHTML, like Gecko; compatible; bingbot/2.0; +http://www.bing.com/bingbot.htm) Chrome/103.0.5060.134 Safari/537.36" "mantech8.com"
157.55.39.138 - - [08/Dec/2022:12:20:45 -0800] "GET /index.php/nwtf-05adfedf-4asou.ii HTTP/1.1" 200 66022 "-" "Mozilla/5.0 AppleWebKit/537.36 (KHTML, like Gecko; compatible; bingbot/2.0; +http://www.bing.com/bingbot.htm) Chrome/103.0.5060.134 Safari/537.36" "mantech8.com"
207.46.13.100 - - [08/Dec/2022:12:20:53 -0800] "GET /index.php/8fefeb HTTP/1.1" 200 63510 "-" "Mozilla/5.0 (compatible; bingbot/2.0; +http://www.bing.com/bingbot.htm)" "mantech8.com"
40.77.167.20 - - [08/Dec/2022:12:20:58 -0800] "GET /index.php/sa5z-adacd-h54au.ii HTTP/1.1" 200 65097 "-" "Mozilla/5.0 (compatible; bingbot/2.0; +http://www.bing.com/bingbot.htm)" "mantech8.com"
114.119.150.90 - - [08/Dec/2022:12:21:01 -0800] "GET /index.php/sitemap1644.xml HTTP/1.1" 200 289473 "-" "Mozilla/5.0 (compatible;PetalBot;+https://webmaster.petalsearch.com/site/petalbot)" "mantech8.com"
207.46.13.125 - - [08/Dec/2022:12:21:22 -0800] "GET /index.php/bljc-18d2ffdff-kwwlc.ii HTTP/1.1" 200 66290 "-" "Mozilla/5.0 (compatible; bingbot/2.0; +http://www.bing.com/bingbot.htm)" "mantech8.com"
207.46.13.125 - - [08/Dec/2022:12:21:23 -0800] "GET /index.php/d8b9edffed HTTP/1.1" 200 74614 "-" "Mozilla/5.0 AppleWebKit/537.36 (KHTML, like Gecko; compatible; bingbot/2.0; +http://www.bing.com/bingbot.htm) Chrome/103.0.5060.134 Safari/537.36" "mantech8.com"
207.46.13.125 - - [08/Dec/2022:12:21:25 -0800] "GET /index.php/e5fba HTTP/1.1" 200 63947 "-" "Mozilla/5.0 AppleWebKit/537.36 (KHTML, like Gecko; compatible; bingbot/2.0; +http://www.bing.com/bingbot.htm) Chrome/103.0.5060.134 Safari/537.36" "mantech8.com"
207.46.13.125 - - [08/Dec/2022:12:21:49 -0800] "GET /index.php/ba8S-9cb7dfecbe-00STj.Ii HTTP/1.1" 500 - "-" "Mozilla/5.0 AppleWebKit/537.36 (KHTML, like Gecko; compatible; bingbot/2.0; +http://www.bing.com/bingbot.htm) Chrome/103.0.5060.134 Safari/537.36" "mantech8.com"
40.77.167.20 - - [08/Dec/2022:12:22:28 -0800] "GET /index.php/wf2o-64eb-g547v.ii HTTP/1.1" 500 - "-" "Mozilla/5.0 (compatible; bingbot/2.0; +http://www.bing.com/bingbot.htm)" "mantech8.com"
157.55.39.138 - - [08/Dec/2022:12:22:34 -0800] "GET /index.php/zsUZ-12ccdb-sIrzi.Ii HTTP/1.1" 200 64112 "-" "Mozilla/5.0 (compatible; bingbot/2.0; +http://www.bing.com/bingbot.htm)" "mantech8.com"
157.55.39.138 - - [08/Dec/2022:12:22:35 -0800] "GET /index.php/nwtf-a4f2cedbdb-3ldhp.ii HTTP/1.1" 200 60731 "-" "Mozilla/5.0 (compatible; bingbot/2.0; +http://www.bing.com/bingbot.htm)" "mantech8.com"
185.191.171.38 - - [08/Dec/2022:12:22:39 -0800] "GET /?camp-fire%2F96627176.html HTTP/1.1" 500 - "-" "Mozilla/5.0 (compatible; SemrushBot/7~bl; +http://www.semrush.com/bot.html)" "mantech8.com"
185.191.171.17 - - [08/Dec/2022:12:22:43 -0800] "GET /?camp-fire%2F47107303.html HTTP/1.1" 500 - "-" "Mozilla/5.0 (compatible; SemrushBot/7~bl; +http://www.semrush.com/bot.html)" "mantech8.com"
207.46.13.100 - - [08/Dec/2022:12:22:53 -0800] "GET /index.php/c7081fae HTTP/1.1" 200 68472 "-" "Mozilla/5.0 AppleWebKit/537.36 (KHTML, like Gecko; compatible; bingbot/2.0; +http://www.bing.com/bingbot.htm) Chrome/103.0.5060.134 Safari/537.36" "mantech8.com"
207.46.13.100 - - [08/Dec/2022:12:22:55 -0800] "GET /index.php/19c30beb HTTP/1.1" 200 67170 "-" "Mozilla/5.0 (compatible; bingbot/2.0; +http://www.bing.com/bingbot.htm)" "mantech8.com"
40.77.167.20 - - [08/Dec/2022:12:22:57 -0800] "GET /index.php/KJZ2-b373effe-ypcEL.Ii HTTP/1.1" 500 - "-" "Mozilla/5.0 AppleWebKit/537.36 (KHTML, like Gecko; compatible; bingbot/2.0; +http://www.bing.com/bingbot.htm) Chrome/103.0.5060.134 Safari/537.36" "mantech8.com"
157.55.39.138 - - [08/Dec/2022:12:22:57 -0800] "GET /index.php/egy1-89d4dbbbfe-vdmcj.ii HTTP/1.1" 200 61682 "-" "Mozilla/5.0 (compatible; bingbot/2.0; +http://www.bing.com/bingbot.htm)" "mantech8.com"
40.77.167.26 - - [08/Dec/2022:12:23:02 -0800] "GET /index.php/9cc9ebefc HTTP/1.1" 200 65491 "-" "Mozilla/5.0 (compatible; bingbot/2.0; +http://www.bing.com/bingbot.htm)" "mantech8.com"
40.77.167.26 - - [08/Dec/2022:12:23:04 -0800] "GET /index.php/wtzk-f180cfcea-npfjt.ii HTTP/1.1" 200 84364 "-" "Mozilla/5.0 AppleWebKit/537.36 (KHTML, like Gecko; compatible; bingbot/2.0; +http://www.bing.com/bingbot.htm) Chrome/103.0.5060.134 Safari/537.36" "mantech8.com"
185.191.171.23 - - [08/Dec/2022:12:23:09 -0800] "GET /?camp-fire%2F71417025.html HTTP/1.1" 500 - "-" "Mozilla/5.0 (compatible; SemrushBot/7~bl; +http://www.semrush.com/bot.html)" "mantech8.com"
207.46.13.125 - - [08/Dec/2022:12:23:09 -0800] "GET /index.php/ba8S-9cb7dfecbe-00STj.Ii HTTP/1.1" 200 70723 "-" "Mozilla/5.0 (compatible; bingbot/2.0; +http://www.bing.com/bingbot.htm)" "mantech8.com"
207.46.13.125 - - [08/Dec/2022:12:23:11 -0800] "GET /index.php/nWTf-b7fbdc-3pxXx.Ii HTTP/1.1" 200 62542 "-" "Mozilla/5.0 (compatible; bingbot/2.0; +http://www.bing.com/bingbot.htm)" "mantech8.com"
185.191.171.35 - - [08/Dec/2022:12:23:13 -0800] "GET /?camp-fire%2F39611503.html HTTP/1.1" 500 - "-" "Mozilla/5.0 (compatible; SemrushBot/7~bl; +http://www.semrush.com/bot.html)" "mantech8.com"
40.77.167.20 - - [08/Dec/2022:12:23:16 -0800] "GET /index.php/s0KV-93c35dbef-osvWJ.Ii HTTP/1.1" 200 62945 "-" "Mozilla/5.0 AppleWebKit/537.36 (KHTML, like Gecko; compatible; bingbot/2.0; +http://www.bing.com/bingbot.htm) Chrome/103.0.5060.134 Safari/537.36" "mantech8.com"
40.77.167.20 - - [08/Dec/2022:12:23:17 -0800] "GET /index.php/KJZ2-b373effe-ypcEL.Ii HTTP/1.1" 200 76780 "-" "Mozilla/5.0 (compatible; bingbot/2.0; +http://www.bing.com/bingbot.htm)" "mantech8.com"
185.191.171.10 - - [08/Dec/2022:12:23:20 -0800] "GET /?camp-fire%2F27906859.html HTTP/1.1" 500 - "-" "Mozilla/5.0 (compatible; SemrushBot/7~bl; +http://www.semrush.com/bot.html)" "mantech8.com"
207.46.13.100 - - [08/Dec/2022:12:23:34 -0800] "GET /index.php/pstd-3afff-ien03.ii HTTP/1.1" 200 73354 "-" "Mozilla/5.0 (compatible; bingbot/2.0; +http://www.bing.com/bingbot.htm)" "mantech8.com"
185.191.171.35 - - [08/Dec/2022:12:23:37 -0800] "GET /?camp-fire%2F40118733.html HTTP/1.1" 500 - "-" "Mozilla/5.0 (compatible; SemrushBot/7~bl; +http://www.semrush.com/bot.html)" "mantech8.com"
185.191.171.25 - - [08/Dec/2022:12:23:39 -0800] "GET /?camp-fire%2F37846887.html HTTP/1.1" 500 - "-" "Mozilla/5.0 (compatible; SemrushBot/7~bl; +http://www.semrush.com/bot.html)" "mantech8.com"
157.55.39.138 - - [08/Dec/2022:12:23:46 -0800] "GET /index.php/vmbp-90caa-uivnc.ii HTTP/1.1" 200 63675 "-" "Mozilla/5.0 (compatible; bingbot/2.0; +http://www.bing.com/bingbot.htm)" "mantech8.com"
40.77.167.20 - - [08/Dec/2022:12:23:59 -0800] "GET /index.php/txf8-f7aa-zq8ig.ii HTTP/1.1" 200 66623 "-" "Mozilla/5.0 AppleWebKit/537.36 (KHTML, like Gecko; compatible; bingbot/2.0; +http://www.bing.com/bingbot.htm) Chrome/103.0.5060.134 Safari/537.36" "mantech8.com"
207.46.13.125 - - [08/Dec/2022:12:24:03 -0800] "GET /index.php/mcko-9debeeab-vtaae.ii HTTP/1.1" 200 65736 "-" "Mozilla/5.0 (compatible; bingbot/2.0; +http://www.bing.com/bingbot.htm)" "mantech8.com"
40.77.167.26 - - [08/Dec/2022:12:24:32 -0800] "GET /index.php/nwtf-2bbbbe-3prep.ii HTTP/1.1" 200 67959 "-" "Mozilla/5.0 AppleWebKit/537.36 (KHTML, like Gecko; compatible; bingbot/2.0; +http://www.bing.com/bingbot.htm) Chrome/103.0.5060.134 Safari/537.36" "mantech8.com"
40.77.167.26 - - [08/Dec/2022:12:25:40 -0800] "GET /index.php/d4Mn-1e5dcdbcd-awB74.Ii HTTP/1.1" 200 65837 "-" "Mozilla/5.0 (compatible; bingbot/2.0; +http://www.bing.com/bingbot.htm)" "mantech8.com"
40.77.167.26 - - [08/Dec/2022:12:25:42 -0800] "GET /index.php/wtzk-4f655adcb-n2hpv.ii HTTP/1.1" 200 69288 "-" "Mozilla/5.0 (compatible; bingbot/2.0; +http://www.bing.com/bingbot.htm)" "mantech8.com"
157.55.39.123 - - [08/Dec/2022:12:26:04 -0800] "GET /index.php/VMbP-93a44ccefa-uNma5.Ii HTTP/1.1" 200 72378 "-" "Mozilla/5.0 AppleWebKit/537.36 (KHTML, like Gecko; compatible; bingbot/2.0; +http://www.bing.com/bingbot.htm) Chrome/103.0.5060.134 Safari/537.36" "mantech8.com"
157.55.39.123 - - [08/Dec/2022:12:26:05 -0800] "GET /index.php/Mcko-9e4fcede-VtEAf.Ii HTTP/1.1" 200 65612 "-" "Mozilla/5.0 (compatible; bingbot/2.0; +http://www.bing.com/bingbot.htm)" "mantech8.com"
157.55.39.123 - - [08/Dec/2022:12:26:05 -0800] "GET /index.php/Mcko-01f1abfead-VgKOW.Ii HTTP/1.1" 200 69991 "-" "Mozilla/5.0 AppleWebKit/537.36 (KHTML, like Gecko; compatible; bingbot/2.0; +http://www.bing.com/bingbot.htm) Chrome/103.0.5060.134 Safari/537.36" "mantech8.com"
157.55.39.123 - - [08/Dec/2022:12:26:06 -0800] "GET /index.php/QLQc-dccdbc-48G98.Ii HTTP/1.1" 200 71413 "-" "Mozilla/5.0 AppleWebKit/537.36 (KHTML, like Gecko; compatible; bingbot/2.0; +http://www.bing.com/bingbot.htm) Chrome/103.0.5060.134 Safari/537.36" "mantech8.com"
157.55.39.123 - - [08/Dec/2022:12:26:06 -0800] "GET /index.php/84bfe HTTP/1.1" 200 65193 "-" "Mozilla/5.0 AppleWebKit/537.36 (KHTML, like Gecko; compatible; bingbot/2.0; +http://www.bing.com/bingbot.htm) Chrome/103.0.5060.134 Safari/537.36" "mantech8.com"
157.55.39.123 - - [08/Dec/2022:12:26:07 -0800] "GET /index.php/WtZk-732c9dfebe-nLtEc.Ii HTTP/1.1" 200 62623 "-" "Mozilla/5.0 AppleWebKit/537.36 (KHTML, like Gecko; compatible; bingbot/2.0; +http://www.bing.com/bingbot.htm) Chrome/103.0.5060.134 Safari/537.36" "mantech8.com"
157.55.39.123 - - [08/Dec/2022:12:26:09 -0800] "GET /index.php/nwtf-9bc9dceec-3prdd.ii HTTP/1.1" 200 65896 "-" "Mozilla/5.0 (compatible; bingbot/2.0; +http://www.bing.com/bingbot.htm)" "mantech8.com"
157.55.39.123 - - [08/Dec/2022:12:26:10 -0800] "GET /index.php/egy1-86f8dbad-vce9s.ii HTTP/1.1" 200 65005 "-" "Mozilla/5.0 AppleWebKit/537.36 (KHTML, like Gecko; compatible; bingbot/2.0; +http://www.bing.com/bingbot.htm) Chrome/103.0.5060.134 Safari/537.36" "mantech8.com"
157.55.39.123 - - [08/Dec/2022:12:26:10 -0800] "GET /index.php/ujzg-4dfd-elhwi.ii HTTP/1.1" 200 85766 "-" "Mozilla/5.0 AppleWebKit/537.36 (KHTML, like Gecko; compatible; bingbot/2.0; +http://www.bing.com/bingbot.htm) Chrome/103.0.5060.134 Safari/537.36" "mantech8.com"
157.55.39.123 - - [08/Dec/2022:12:26:11 -0800] "GET /index.php/dd346fbf HTTP/1.1" 200 75952 "-" "Mozilla/5.0 (compatible; bingbot/2.0; +http://www.bing.com/bingbot.htm)" "mantech8.com"
157.55.39.123 - - [08/Dec/2022:12:26:25 -0800] "GET /index.php/kvrw-f3aa-y9pg0.ii HTTP/1.1" 200 79032 "-" "Mozilla/5.0 AppleWebKit/537.36 (KHTML, like Gecko; compatible; bingbot/2.0; +http://www.bing.com/bingbot.htm) Chrome/103.0.5060.134 Safari/537.36" "mantech8.com"
185.191.171.17 - - [08/Dec/2022:12:26:36 -0800] "GET /?camp-fire%2F94024474.html HTTP/1.1" 500 - "-" "Mozilla/5.0 (compatible; SemrushBot/7~bl; +http://www.semrush.com/bot.html)" "mantech8.com"
185.191.171.17 - - [08/Dec/2022:12:26:46 -0800] "GET /?camp-fire%2F41390771.html HTTP/1.1" 500 - "-" "Mozilla/5.0 (compatible; SemrushBot/7~bl; +http://www.semrush.com/bot.html)" "mantech8.com"
207.46.13.125 - - [08/Dec/2022:12:26:52 -0800] "GET /index.php/yhfg-c962edcae-pkhml.ii HTTP/1.1" 200 61426 "-" "Mozilla/5.0 (compatible; bingbot/2.0; +http://www.bing.com/bingbot.htm)" "mantech8.com"
207.46.13.125 - - [08/Dec/2022:12:26:53 -0800] "GET /index.php/almp-6b7fdebea-uwaqj.ii HTTP/1.1" 200 64820 "-" "Mozilla/5.0 (compatible; bingbot/2.0; +http://www.bing.com/bingbot.htm)" "mantech8.com"
185.191.171.10 - - [08/Dec/2022:12:27:00 -0800] "GET /?camp-fire%2F39872476.html HTTP/1.1" 500 - "-" "Mozilla/5.0 (compatible; SemrushBot/7~bl; +http://www.semrush.com/bot.html)" "mantech8.com"
207.46.13.100 - - [08/Dec/2022:12:28:04 -0800] "GET /index.php/nwtf-c1ec-4almp.ii HTTP/1.1" 200 66800 "-" "Mozilla/5.0 (compatible; bingbot/2.0; +http://www.bing.com/bingbot.htm)" "mantech8.com"
157.55.39.138 - - [08/Dec/2022:12:28:08 -0800] "GET /index.php/k937-f9f4cdffe-7458s.ii HTTP/1.1" 200 64279 "-" "Mozilla/5.0 (compatible; bingbot/2.0; +http://www.bing.com/bingbot.htm)" "mantech8.com"
185.191.171.18 - - [08/Dec/2022:12:28:20 -0800] "GET /?camp-fire%2F41488771.html HTTP/1.1" 500 - "-" "Mozilla/5.0 (compatible; SemrushBot/7~bl; +http://www.semrush.com/bot.html)" "mantech8.com"
185.191.171.1 - - [08/Dec/2022:12:28:25 -0800] "GET /?camp-fire%2F28021159.html HTTP/1.1" 500 - "-" "Mozilla/5.0 (compatible; SemrushBot/7~bl; +http://www.semrush.com/bot.html)" "mantech8.com"
40.77.167.26 - - [08/Dec/2022:12:28:41 -0800] "GET /index.php/NAQ6-14fb4aca-InUvs.Ii HTTP/1.1" 200 65699 "-" "Mozilla/5.0 AppleWebKit/537.36 (KHTML, like Gecko; compatible; bingbot/2.0; +http://www.bing.com/bingbot.htm) Chrome/103.0.5060.134 Safari/537.36" "mantech8.com"
40.77.167.26 - - [08/Dec/2022:12:28:42 -0800] "GET /index.php/egy1-49ebd-veg6z.ii HTTP/1.1" 200 65516 "-" "Mozilla/5.0 (compatible; bingbot/2.0; +http://www.bing.com/bingbot.htm)" "mantech8.com"
207.46.13.125 - - [08/Dec/2022:12:28:45 -0800] "GET /index.php/e3dace HTTP/1.1" 200 65012 "-" "Mozilla/5.0 AppleWebKit/537.36 (KHTML, like Gecko; compatible; bingbot/2.0; +http://www.bing.com/bingbot.htm) Chrome/103.0.5060.134 Safari/537.36" "mantech8.com"
185.191.171.25 - - [08/Dec/2022:12:28:46 -0800] "GET /?camp-fire%2F69126142.html HTTP/1.1" 500 - "-" "Mozilla/5.0 (compatible; SemrushBot/7~bl; +http://www.semrush.com/bot.html)" "mantech8.com"
185.191.171.3 - - [08/Dec/2022:12:28:59 -0800] "GET /?camp-fire%2F39176035.html HTTP/1.1" 500 - "-" "Mozilla/5.0 (compatible; SemrushBot/7~bl; +http://www.semrush.com/bot.html)" "mantech8.com"
40.77.167.20 - - [08/Dec/2022:12:29:08 -0800] "GET /index.php/nWTf-41dacedd-4QeWc.Ii HTTP/1.1" 200 74495 "-" "Mozilla/5.0 (compatible; bingbot/2.0; +http://www.bing.com/bingbot.htm)" "mantech8.com"
40.77.167.20 - - [08/Dec/2022:12:29:08 -0800] "GET /index.php/7b2ffcdc HTTP/1.1" 200 68506 "-" "Mozilla/5.0 (compatible; bingbot/2.0; +http://www.bing.com/bingbot.htm)" "mantech8.com"
185.191.171.8 - - [08/Dec/2022:12:29:12 -0800] "GET /?camp-fire%2F39407463.html HTTP/1.1" 500 - "-" "Mozilla/5.0 (compatible; SemrushBot/7~bl; +http://www.semrush.com/bot.html)" "mantech8.com"
185.191.171.2 - - [08/Dec/2022:12:29:22 -0800] "GET /?camp-fire%2F90813176.html HTTP/1.1" 500 - "-" "Mozilla/5.0 (compatible; SemrushBot/7~bl; +http://www.semrush.com/bot.html)" "mantech8.com"
157.55.39.123 - - [08/Dec/2022:12:29:26 -0800] "GET /index.php/wsum-00bef-ep5au.ii HTTP/1.1" 200 67848 "-" "Mozilla/5.0 (compatible; bingbot/2.0; +http://www.bing.com/bingbot.htm)" "mantech8.com"
157.55.39.123 - - [08/Dec/2022:12:29:26 -0800] "GET /index.php/bljc-b312dcbca-kwusb.ii HTTP/1.1" 200 68064 "-" "Mozilla/5.0 (compatible; bingbot/2.0; +http://www.bing.com/bingbot.htm)" "mantech8.com"
157.55.39.123 - - [08/Dec/2022:12:29:27 -0800] "GET /index.php/mcko-625fbeef-vbols.ii HTTP/1.1" 200 67971 "-" "Mozilla/5.0 (compatible; bingbot/2.0; +http://www.bing.com/bingbot.htm)" "mantech8.com"
157.55.39.123 - - [08/Dec/2022:12:29:28 -0800] "GET /index.php/32fd HTTP/1.1" 200 62349 "-" "Mozilla/5.0 (compatible; bingbot/2.0; +http://www.bing.com/bingbot.htm)" "mantech8.com"
40.77.167.20 - - [08/Dec/2022:12:29:30 -0800] "GET /index.php/mcko-2f3b3bbb-vt02t.ii HTTP/1.1" 200 65160 "-" "Mozilla/5.0 AppleWebKit/537.36 (KHTML, like Gecko; compatible; bingbot/2.0; +http://www.bing.com/bingbot.htm) Chrome/103.0.5060.134 Safari/537.36" "mantech8.com"
157.55.39.138 - - [08/Dec/2022:12:29:45 -0800] "GET /index.php/d44cfbcec HTTP/1.1" 200 65376 "-" "Mozilla/5.0 (compatible; bingbot/2.0; +http://www.bing.com/bingbot.htm)" "mantech8.com"
157.55.39.138 - - [08/Dec/2022:12:29:46 -0800] "GET /index.php/snxr-47dcc-jtemc.ii HTTP/1.1" 200 62500 "-" "Mozilla/5.0 AppleWebKit/537.36 (KHTML, like Gecko; compatible; bingbot/2.0; +http://www.bing.com/bingbot.htm) Chrome/103.0.5060.134 Safari/537.36" "mantech8.com"
40.77.167.20 - - [08/Dec/2022:12:29:48 -0800] "GET / HTTP/1.1" 200 64439 "-" "Mozilla/5.0 (compatible; bingbot/2.0; +http://www.bing.com/bingbot.htm)" "www.mantech8.com"
207.46.13.100 - - [08/Dec/2022:12:29:49 -0800] "GET /index.php/92bf2acf HTTP/1.1" 200 96237 "-" "Mozilla/5.0 (compatible; bingbot/2.0; +http://www.bing.com/bingbot.htm)" "mantech8.com"
157.55.39.123 - - [08/Dec/2022:12:29:55 -0800] "GET /index.php/q5w4-937bdddaed-jojmw.ii HTTP/1.1" 200 67137 "-" "Mozilla/5.0 AppleWebKit/537.36 (KHTML, like Gecko; compatible; bingbot/2.0; +http://www.bing.com/bingbot.htm) Chrome/103.0.5060.134 Safari/537.36" "mantech8.com"
185.191.171.13 - - [08/Dec/2022:12:30:03 -0800] "GET /?camp-fire%2F38938559.html HTTP/1.1" 500 - "-" "Mozilla/5.0 (compatible; SemrushBot/7~bl; +http://www.semrush.com/bot.html)" "mantech8.com"
157.55.39.138 - - [08/Dec/2022:12:30:15 -0800] "GET /index.php/6lfs-73c9eaeded-ymapp.ii HTTP/1.1" 200 69623 "-" "Mozilla/5.0 (compatible; bingbot/2.0; +http://www.bing.com/bingbot.htm)" "mantech8.com"
157.55.39.138 - - [08/Dec/2022:12:30:35 -0800] "GET /index.php/gvdr-b7d9bffdb-vjunc.ii HTTP/1.1" 200 67137 "-" "Mozilla/5.0 (compatible; bingbot/2.0; +http://www.bing.com/bingbot.htm)" "mantech8.com"
185.191.171.4 - - [08/Dec/2022:12:30:41 -0800] "GET /?camp-fire%2F39617759.html HTTP/1.1" 500 - "-" "Mozilla/5.0 (compatible; SemrushBot/7~bl; +http://www.semrush.com/bot.html)" "mantech8.com"
185.191.171.26 - - [08/Dec/2022:12:30:44 -0800] "GET /?camp-fire%2F75174350.html HTTP/1.1" 500 - "-" "Mozilla/5.0 (compatible; SemrushBot/7~bl; +http://www.semrush.com/bot.html)" "mantech8.com"
207.46.13.100 - - [08/Dec/2022:12:31:04 -0800] "GET /index.php/naq6-0b9dfdfd-iujsz.ii HTTP/1.1" 200 66339 "-" "Mozilla/5.0 (compatible; bingbot/2.0; +http://www.bing.com/bingbot.htm)" "mantech8.com"
185.191.171.41 - - [08/Dec/2022:12:31:28 -0800] "GET /?camp-fire%2F41345176.html HTTP/1.1" 500 - "-" "Mozilla/5.0 (compatible; SemrushBot/7~bl; +http://www.semrush.com/bot.html)" "mantech8.com"
185.191.171.11 - - [08/Dec/2022:12:31:45 -0800] "GET /?camp-fire%2F36739138.html HTTP/1.1" 500 - "-" "Mozilla/5.0 (compatible; SemrushBot/7~bl; +http://www.semrush.com/bot.html)" "mantech8.com"
157.55.39.123 - - [08/Dec/2022:12:31:56 -0800] "GET /index.php/3568aaceb HTTP/1.1" 200 68521 "-" "Mozilla/5.0 (compatible; bingbot/2.0; +http://www.bing.com/bingbot.htm)" "mantech8.com"
40.77.167.26 - - [08/Dec/2022:12:32:03 -0800] "GET /index.php/d7dec HTTP/1.1" 200 72793 "-" "Mozilla/5.0 (compatible; bingbot/2.0; +http://www.bing.com/bingbot.htm)" "mantech8.com"
185.191.171.13 - - [08/Dec/2022:12:32:16 -0800] "GET /?camp-fire%2F38839392.html HTTP/1.1" 500 - "-" "Mozilla/5.0 (compatible; SemrushBot/7~bl; +http://www.semrush.com/bot.html)" "mantech8.com"
207.46.13.125 - - [08/Dec/2022:12:32:41 -0800] "GET /index.php/13cfcc HTTP/1.1" 200 62633 "-" "Mozilla/5.0 (compatible; bingbot/2.0; +http://www.bing.com/bingbot.htm)" "mantech8.com"
207.46.13.125 - - [08/Dec/2022:12:32:42 -0800] "GET /index.php/nwtf-b0ededac-4qfre.ii HTTP/1.1" 200 70281 "-" "Mozilla/5.0 (compatible; bingbot/2.0; +http://www.bing.com/bingbot.htm)" "mantech8.com"
40.77.167.20 - - [08/Dec/2022:12:33:09 -0800] "GET /index.php/a7dcbf HTTP/1.1" 200 68354 "-" "Mozilla/5.0 (compatible; bingbot/2.0; +http://www.bing.com/bingbot.htm)" "mantech8.com"
40.77.167.20 - - [08/Dec/2022:12:33:10 -0800] "GET /index.php/q5w4-eede-jkmbo.ii HTTP/1.1" 200 63215 "-" "Mozilla/5.0 (compatible; bingbot/2.0; +http://www.bing.com/bingbot.htm)" "mantech8.com"
157.55.39.138 - - [08/Dec/2022:12:33:25 -0800] "GET /index.php/075aaafe HTTP/1.1" 200 76177 "-" "Mozilla/5.0 (compatible; bingbot/2.0; +http://www.bing.com/bingbot.htm)" "mantech8.com"
185.191.171.20 - - [08/Dec/2022:12:33:31 -0800] "GET /?camp-fire%2F74935949.html HTTP/1.1" 500 - "-" "Mozilla/5.0 (compatible; SemrushBot/7~bl; +http://www.semrush.com/bot.html)" "mantech8.com"
185.191.171.6 - - [08/Dec/2022:12:34:26 -0800] "GET /?camp-fire%2F74678878.html HTTP/1.1" 500 - "-" "Mozilla/5.0 (compatible; SemrushBot/7~bl; +http://www.semrush.com/bot.html)" "mantech8.com"
185.191.171.34 - - [08/Dec/2022:12:34:50 -0800] "GET /?camp-fire%2F59865316.html HTTP/1.1" 500 - "-" "Mozilla/5.0 (compatible; SemrushBot/7~bl; +http://www.semrush.com/bot.html)" "mantech8.com"
40.77.167.26 - - [08/Dec/2022:12:35:12 -0800] "GET /index.php/nwtf-151a2cbfbd-4aium.ii HTTP/1.1" 200 66627 "-" "Mozilla/5.0 AppleWebKit/537.36 (KHTML, like Gecko; compatible; bingbot/2.0; +http://www.bing.com/bingbot.htm) Chrome/103.0.5060.134 Safari/537.36" "mantech8.com"
40.77.167.26 - - [08/Dec/2022:12:35:13 -0800] "GET /index.php/8f1b2caf HTTP/1.1" 200 65791 "-" "Mozilla/5.0 (compatible; bingbot/2.0; +http://www.bing.com/bingbot.htm)" "mantech8.com"
40.77.167.26 - - [08/Dec/2022:12:35:13 -0800] "GET /index.php/d5cda HTTP/1.1" 200 66492 "-" "Mozilla/5.0 (compatible; bingbot/2.0; +http://www.bing.com/bingbot.htm)" "mantech8.com"
185.191.171.17 - - [08/Dec/2022:12:36:10 -0800] "GET /?camp-fire%2F39971776.html HTTP/1.1" 500 - "-" "Mozilla/5.0 (compatible; SemrushBot/7~bl; +http://www.semrush.com/bot.html)" "mantech8.com"
207.46.13.100 - - [08/Dec/2022:12:36:15 -0800] "GET /index.php/52cfca HTTP/1.1" 200 66733 "-" "Mozilla/5.0 AppleWebKit/537.36 (KHTML, like Gecko; compatible; bingbot/2.0; +http://www.bing.com/bingbot.htm) Chrome/103.0.5060.134 Safari/537.36" "mantech8.com"
207.46.13.100 - - [08/Dec/2022:12:36:16 -0800] "GET /index.php/nwtf-b6bfec-4avfg.ii HTTP/1.1" 200 64287 "-" "Mozilla/5.0 (compatible; bingbot/2.0; +http://www.bing.com/bingbot.htm)" "mantech8.com"
185.191.171.8 - - [08/Dec/2022:12:36:54 -0800] "GET /?camp-fire%2F87063457.html HTTP/1.1" 500 - "-" "Mozilla/5.0 (compatible; SemrushBot/7~bl; +http://www.semrush.com/bot.html)" "mantech8.com"
185.191.171.15 - - [08/Dec/2022:12:37:20 -0800] "GET /?camp-fire%2F37774451.html HTTP/1.1" 500 - "-" "Mozilla/5.0 (compatible; SemrushBot/7~bl; +http://www.semrush.com/bot.html)" "mantech8.com"
40.77.167.26 - - [08/Dec/2022:12:37:23 -0800] "GET /index.php/egy1-d911babdcb-vxlmk.ii HTTP/1.1" 200 62060 "-" "Mozilla/5.0 AppleWebKit/537.36 (KHTML, like Gecko; compatible; bingbot/2.0; +http://www.bing.com/bingbot.htm) Chrome/103.0.5060.134 Safari/537.36" "mantech8.com"
157.55.39.123 - - [08/Dec/2022:12:37:27 -0800] "GET /index.php/txf8-a22c5ade-apfhf.ii HTTP/1.1" 200 72028 "-" "Mozilla/5.0 AppleWebKit/537.36 (KHTML, like Gecko; compatible; bingbot/2.0; +http://www.bing.com/bingbot.htm) Chrome/103.0.5060.134 Safari/537.36" "mantech8.com"
185.191.171.8 - - [08/Dec/2022:12:37:28 -0800] "GET /?camp-fire%2F36195400.html HTTP/1.1" 500 - "-" "Mozilla/5.0 (compatible; SemrushBot/7~bl; +http://www.semrush.com/bot.html)" "mantech8.com"
157.55.39.138 - - [08/Dec/2022:12:37:56 -0800] "GET /index.php/9ed92feb HTTP/1.1" 200 68582 "-" "Mozilla/5.0 AppleWebKit/537.36 (KHTML, like Gecko; compatible; bingbot/2.0; +http://www.bing.com/bingbot.htm) Chrome/103.0.5060.134 Safari/537.36" "mantech8.com"
157.55.39.138 - - [08/Dec/2022:12:37:57 -0800] "GET /index.php/2cee/02ff HTTP/1.1" 200 63774 "-" "Mozilla/5.0 AppleWebKit/537.36 (KHTML, like Gecko; compatible; bingbot/2.0; +http://www.bing.com/bingbot.htm) Chrome/103.0.5060.134 Safari/537.36" "mantech8.com"
185.191.171.9 - - [08/Dec/2022:12:38:09 -0800] "GET /?camp-fire%2F79357164.html HTTP/1.1" 500 - "-" "Mozilla/5.0 (compatible; SemrushBot/7~bl; +http://www.semrush.com/bot.html)" "mantech8.com"
157.55.39.138 - - [08/Dec/2022:12:38:17 -0800] "GET /index.php/2ce91cfb HTTP/1.1" 200 60967 "-" "Mozilla/5.0 (compatible; bingbot/2.0; +http://www.bing.com/bingbot.htm)" "mantech8.com"
157.55.39.138 - - [08/Dec/2022:12:38:19 -0800] "GET /index.php/zsuz-6f392ccccb-slhpm.ii HTTP/1.1" 200 77775 "-" "Mozilla/5.0 (compatible; bingbot/2.0; +http://www.bing.com/bingbot.htm)" "mantech8.com"
157.55.39.138 - - [08/Dec/2022:12:38:20 -0800] "GET /index.php/txf8-f947dccab-zaals.ii HTTP/1.1" 200 70319 "-" "Mozilla/5.0 AppleWebKit/537.36 (KHTML, like Gecko; compatible; bingbot/2.0; +http://www.bing.com/bingbot.htm) Chrome/103.0.5060.134 Safari/537.36" "mantech8.com"
185.191.171.25 - - [08/Dec/2022:12:38:25 -0800] "GET /?camp-fire%2F39671571.html HTTP/1.1" 500 - "-" "Mozilla/5.0 (compatible; SemrushBot/7~bl; +http://www.semrush.com/bot.html)" "mantech8.com"
207.46.13.100 - - [08/Dec/2022:12:38:36 -0800] "GET /index.php/egy1-54cb-vee3a.ii HTTP/1.1" 200 70328 "-" "Mozilla/5.0 AppleWebKit/537.36 (KHTML, like Gecko; compatible; bingbot/2.0; +http://www.bing.com/bingbot.htm) Chrome/103.0.5060.134 Safari/537.36" "mantech8.com"
207.46.13.125 - - [08/Dec/2022:12:39:13 -0800] "GET /index.php/yhfg-cebcf-pkiet.ii HTTP/1.1" 200 102792 "-" "Mozilla/5.0 (compatible; bingbot/2.0; +http://www.bing.com/bingbot.htm)" "mantech8.com"
157.55.39.123 - - [08/Dec/2022:12:39:27 -0800] "GET /index.php/zsuz-bfecc-sklru.ii HTTP/1.1" 200 69627 "-" "Mozilla/5.0 AppleWebKit/537.36 (KHTML, like Gecko; compatible; bingbot/2.0; +http://www.bing.com/bingbot.htm) Chrome/103.0.5060.134 Safari/537.36" "mantech8.com"
185.191.171.2 - - [08/Dec/2022:12:39:29 -0800] "GET /?camp-fire%2F35012225.html HTTP/1.1" 500 - "-" "Mozilla/5.0 (compatible; SemrushBot/7~bl; +http://www.semrush.com/bot.html)" "mantech8.com"
207.46.13.100 - - [08/Dec/2022:12:39:36 -0800] "GET /index.php/s0kv-32becbcb-ozbcc.ii HTTP/1.1" 200 73997 "-" "Mozilla/5.0 (compatible; bingbot/2.0; +http://www.bing.com/bingbot.htm)" "mantech8.com"
207.46.13.125 - - [08/Dec/2022:12:40:03 -0800] "GET /index.php/wf2o-52bbaaeac-g6u64.ii HTTP/1.1" 200 64339 "-" "Mozilla/5.0 AppleWebKit/537.36 (KHTML, like Gecko; compatible; bingbot/2.0; +http://www.bing.com/bingbot.htm) Chrome/103.0.5060.134 Safari/537.36" "mantech8.com"
185.191.171.1 - - [08/Dec/2022:12:40:29 -0800] "GET /?camp-fire%2F37041106.html HTTP/1.1" 500 - "-" "Mozilla/5.0 (compatible; SemrushBot/7~bl; +http://www.semrush.com/bot.html)" "mantech8.com"
185.191.171.5 - - [08/Dec/2022:12:40:33 -0800] "GET /robots.txt HTTP/1.1" 200 106 "-" "Mozilla/5.0 (compatible; SemrushBot/7~bl; +http://www.semrush.com/bot.html)" "mantech8.com"
185.191.171.15 - - [08/Dec/2022:12:40:33 -0800] "GET /?camp-fire%2F25906776.html HTTP/1.1" 500 - "-" "Mozilla/5.0 (compatible; SemrushBot/7~bl; +http://www.semrush.com/bot.html)" "mantech8.com"
207.46.13.125 - - [08/Dec/2022:12:40:33 -0800] "GET /index.php/txf8-4e23dcaf-zabcl.ii HTTP/1.1" 200 64124 "-" "Mozilla/5.0 AppleWebKit/537.36 (KHTML, like Gecko; compatible; bingbot/2.0; +http://www.bing.com/bingbot.htm) Chrome/103.0.5060.134 Safari/537.36" "mantech8.com"
185.191.171.1 - - [08/Dec/2022:12:40:43 -0800] "GET /?camp-fire%2F41390871.html HTTP/1.1" 500 - "-" "Mozilla/5.0 (compatible; SemrushBot/7~bl; +http://www.semrush.com/bot.html)" "mantech8.com"
207.46.13.125 - - [08/Dec/2022:12:40:43 -0800] "GET /index.php/mcko-c1caf-vt0nm.ii HTTP/1.1" 200 58658 "-" "Mozilla/5.0 (compatible; bingbot/2.0; +http://www.bing.com/bingbot.htm)" "mantech8.com"
157.55.39.138 - - [08/Dec/2022:12:40:44 -0800] "GET /index.php/nWTf-c8abecda-4AUos.Ii HTTP/1.1" 200 61931 "-" "Mozilla/5.0 (compatible; bingbot/2.0; +http://www.bing.com/bingbot.htm)" "mantech8.com"
207.46.13.125 - - [08/Dec/2022:12:40:44 -0800] "GET /index.php/mhxm-50fc-jv0xd.ii HTTP/1.1" 200 66902 "-" "Mozilla/5.0 AppleWebKit/537.36 (KHTML, like Gecko; compatible; bingbot/2.0; +http://www.bing.com/bingbot.htm) Chrome/103.0.5060.134 Safari/537.36" "mantech8.com"
207.46.13.100 - - [08/Dec/2022:12:40:46 -0800] "GET /index.php/mcko-195a7afa-vbmqq.ii HTTP/1.1" 200 66885 "-" "Mozilla/5.0 AppleWebKit/537.36 (KHTML, like Gecko; compatible; bingbot/2.0; +http://www.bing.com/bingbot.htm) Chrome/103.0.5060.134 Safari/537.36" "mantech8.com"
157.55.39.138 - - [08/Dec/2022:12:40:56 -0800] "GET /index.php/6579fcffa HTTP/1.1" 500 - "-" "Mozilla/5.0 (compatible; bingbot/2.0; +http://www.bing.com/bingbot.htm)" "mantech8.com"
207.46.13.100 - - [08/Dec/2022:12:41:01 -0800] "GET /index.php/mkjw-5ebb-bhkij.ii HTTP/1.1" 200 63996 "-" "Mozilla/5.0 AppleWebKit/537.36 (KHTML, like Gecko; compatible; bingbot/2.0; +http://www.bing.com/bingbot.htm) Chrome/103.0.5060.134 Safari/537.36" "mantech8.com"
185.191.171.20 - - [08/Dec/2022:12:41:03 -0800] "GET /?camp-fire%2F90168124.html HTTP/1.1" 500 - "-" "Mozilla/5.0 (compatible; SemrushBot/7~bl; +http://www.semrush.com/bot.html)" "mantech8.com"
157.55.39.123 - - [08/Dec/2022:12:41:16 -0800] "GET /index.php/YhFG-27aeefbbd-plyUv.Ii HTTP/1.1" 200 63819 "-" "Mozilla/5.0 AppleWebKit/537.36 (KHTML, like Gecko; compatible; bingbot/2.0; +http://www.bing.com/bingbot.htm) Chrome/103.0.5060.134 Safari/537.36" "mantech8.com"
40.77.167.20 - - [08/Dec/2022:12:41:20 -0800] "GET /index.php/su70-c8dd-iczpp.ii HTTP/1.1" 200 70099 "-" "Mozilla/5.0 (compatible; bingbot/2.0; +http://www.bing.com/bingbot.htm)" "mantech8.com"
40.77.167.20 - - [08/Dec/2022:12:41:20 -0800] "GET /index.php/mcko-defaadffef-vyp3r.ii HTTP/1.1" 200 75000 "-" "Mozilla/5.0 (compatible; bingbot/2.0; +http://www.bing.com/bingbot.htm)" "mantech8.com"
40.77.167.20 - - [08/Dec/2022:12:41:21 -0800] "GET /index.php/vmbp-9d0c9cddb-umsyd.ii HTTP/1.1" 200 61264 "-" "Mozilla/5.0 AppleWebKit/537.36 (KHTML, like Gecko; compatible; bingbot/2.0; +http://www.bing.com/bingbot.htm) Chrome/103.0.5060.134 Safari/537.36" "mantech8.com"
40.77.167.20 - - [08/Dec/2022:12:41:22 -0800] "GET /index.php/kjz2-7e5aacae-hafwq.ii HTTP/1.1" 200 68502 "-" "Mozilla/5.0 (compatible; bingbot/2.0; +http://www.bing.com/bingbot.htm)" "mantech8.com"
185.191.171.24 - - [08/Dec/2022:12:41:28 -0800] "GET /?camp-fire%2F39877402.html HTTP/1.1" 500 - "-" "Mozilla/5.0 (compatible; SemrushBot/7~bl; +http://www.semrush.com/bot.html)" "mantech8.com"
207.46.13.125 - - [08/Dec/2022:12:41:42 -0800] "GET /index.php/s0kv-fdbd1beba-oepjo.ii HTTP/1.1" 200 63670 "-" "Mozilla/5.0 AppleWebKit/537.36 (KHTML, like Gecko; compatible; bingbot/2.0; +http://www.bing.com/bingbot.htm) Chrome/103.0.5060.134 Safari/537.36" "mantech8.com"
185.191.171.19 - - [08/Dec/2022:12:41:48 -0800] "GET /?camp-fire%2F41382171.html HTTP/1.1" 500 - "-" "Mozilla/5.0 (compatible; SemrushBot/7~bl; +http://www.semrush.com/bot.html)" "mantech8.com"
207.46.13.125 - - [08/Dec/2022:12:42:02 -0800] "GET /index.php/bljc-3b82fcafc-kzgrt.ii HTTP/1.1" 200 59167 "-" "Mozilla/5.0 (compatible; bingbot/2.0; +http://www.bing.com/bingbot.htm)" "mantech8.com"
157.55.39.138 - - [08/Dec/2022:12:42:17 -0800] "GET /index.php/feecef HTTP/1.1" 200 64786 "-" "Mozilla/5.0 AppleWebKit/537.36 (KHTML, like Gecko; compatible; bingbot/2.0; +http://www.bing.com/bingbot.htm) Chrome/103.0.5060.134 Safari/537.36" "mantech8.com"
185.191.171.12 - - [08/Dec/2022:12:42:40 -0800] "GET /?camp-fire%2F36974138.html HTTP/1.1" 500 - "-" "Mozilla/5.0 (compatible; SemrushBot/7~bl; +http://www.semrush.com/bot.html)" "mantech8.com"
185.191.171.33 - - [08/Dec/2022:12:43:05 -0800] "GET /?camp-fire%2F40356588.html HTTP/1.1" 500 - "-" "Mozilla/5.0 (compatible; SemrushBot/7~bl; +http://www.semrush.com/bot.html)" "mantech8.com"
207.46.13.100 - - [08/Dec/2022:12:43:05 -0800] "GET /index.php/9hdj-9ef3dfbd-boktk.ii HTTP/1.1" 200 60431 "-" "Mozilla/5.0 (compatible; bingbot/2.0; +http://www.bing.com/bingbot.htm)" "mantech8.com"
185.191.171.26 - - [08/Dec/2022:12:43:07 -0800] "GET /?camp-fire%2F93231526.html HTTP/1.1" 500 - "-" "Mozilla/5.0 (compatible; SemrushBot/7~bl; +http://www.semrush.com/bot.html)" "mantech8.com"
157.55.39.138 - - [08/Dec/2022:12:43:25 -0800] "GET /index.php/sa5z-c4bbddaa-H35AM.Ii HTTP/1.1" 200 66081 "-" "Mozilla/5.0 AppleWebKit/537.36 (KHTML, like Gecko; compatible; bingbot/2.0; +http://www.bing.com/bingbot.htm) Chrome/103.0.5060.134 Safari/537.36" "mantech8.com"
207.46.13.100 - - [08/Dec/2022:12:43:35 -0800] "GET /index.php/zsuz-38666bcfff-sidkc.ii HTTP/1.1" 500 - "-" "Mozilla/5.0 AppleWebKit/537.36 (KHTML, like Gecko; compatible; bingbot/2.0; +http://www.bing.com/bingbot.htm) Chrome/103.0.5060.134 Safari/537.36" "mantech8.com"
40.77.167.20 - - [08/Dec/2022:12:43:41 -0800] "GET /index.php/vmbp-4aaced-ujt86.ii HTTP/1.1" 200 68693 "-" "Mozilla/5.0 AppleWebKit/537.36 (KHTML, like Gecko; compatible; bingbot/2.0; +http://www.bing.com/bingbot.htm) Chrome/103.0.5060.134 Safari/537.36" "mantech8.com"
207.46.13.100 - - [08/Dec/2022:12:43:46 -0800] "GET /index.php/7d8adcaec HTTP/1.1" 200 65576 "-" "Mozilla/5.0 (compatible; bingbot/2.0; +http://www.bing.com/bingbot.htm)" "mantech8.com"
185.191.171.22 - - [08/Dec/2022:12:44:04 -0800] "GET /?camp-fire%2F94069982.html HTTP/1.1" 500 - "-" "Mozilla/5.0 (compatible; SemrushBot/7~bl; +http://www.semrush.com/bot.html)" "mantech8.com"
185.191.171.10 - - [08/Dec/2022:12:44:19 -0800] "GET /?camp-fire%2F39883576.html HTTP/1.1" 500 - "-" "Mozilla/5.0 (compatible; SemrushBot/7~bl; +http://www.semrush.com/bot.html)" "mantech8.com"
207.46.13.125 - - [08/Dec/2022:12:44:31 -0800] "GET /index.php/NAQ6-8cbae-Imhde.Ii HTTP/1.1" 200 60515 "-" "Mozilla/5.0 AppleWebKit/537.36 (KHTML, like Gecko; compatible; bingbot/2.0; +http://www.bing.com/bingbot.htm) Chrome/103.0.5060.134 Safari/537.36" "mantech8.com"
207.46.13.125 - - [08/Dec/2022:12:44:52 -0800] "GET /index.php/mcko-39cdbb-vg93a.ii HTTP/1.1" 200 70175 "-" "Mozilla/5.0 AppleWebKit/537.36 (KHTML, like Gecko; compatible; bingbot/2.0; +http://www.bing.com/bingbot.htm) Chrome/103.0.5060.134 Safari/537.36" "mantech8.com"
207.46.13.125 - - [08/Dec/2022:12:44:53 -0800] "GET /index.php/pstd-fdec-iefba.ii HTTP/1.1" 200 64430 "-" "Mozilla/5.0 (compatible; bingbot/2.0; +http://www.bing.com/bingbot.htm)" "mantech8.com"
40.77.167.26 - - [08/Dec/2022:12:45:13 -0800] "GET /index.php/88efafcee HTTP/1.1" 200 62005 "-" "Mozilla/5.0 (compatible; bingbot/2.0; +http://www.bing.com/bingbot.htm)" "mantech8.com"
40.77.167.26 - - [08/Dec/2022:12:45:33 -0800] "GET /index.php/b1ecaddfd HTTP/1.1" 200 80558 "-" "Mozilla/5.0 AppleWebKit/537.36 (KHTML, like Gecko; compatible; bingbot/2.0; +http://www.bing.com/bingbot.htm) Chrome/103.0.5060.134 Safari/537.36" "mantech8.com"
40.77.167.26 - - [08/Dec/2022:12:45:34 -0800] "GET /index.php/80b9baeec HTTP/1.1" 200 61642 "-" "Mozilla/5.0 (compatible; bingbot/2.0; +http://www.bing.com/bingbot.htm)" "mantech8.com"
40.77.167.26 - - [08/Dec/2022:12:45:35 -0800] "GET /index.php/ufsz-fa1decdad-cgwd8.ii HTTP/1.1" 200 63950 "-" "Mozilla/5.0 (compatible; bingbot/2.0; +http://www.bing.com/bingbot.htm)" "mantech8.com"
185.191.171.43 - - [08/Dec/2022:12:45:50 -0800] "GET /?camp-fire%2F99851059.html HTTP/1.1" 500 - "-" "Mozilla/5.0 (compatible; SemrushBot/7~bl; +http://www.semrush.com/bot.html)" "mantech8.com"
185.191.171.3 - - [08/Dec/2022:12:45:53 -0800] "GET /?camp-fire%2F40306592.html HTTP/1.1" 500 - "-" "Mozilla/5.0 (compatible; SemrushBot/7~bl; +http://www.semrush.com/bot.html)" "mantech8.com"
207.46.13.125 - - [08/Dec/2022:12:46:04 -0800] "GET /index.php/vmbp-92bdcdac-umupc.ii HTTP/1.1" 200 67482 "-" "Mozilla/5.0 AppleWebKit/537.36 (KHTML, like Gecko; compatible; bingbot/2.0; +http://www.bing.com/bingbot.htm) Chrome/103.0.5060.134 Safari/537.36" "mantech8.com"
77.75.79.119 - - [08/Dec/2022:12:46:05 -0800] "GET /sitemapindeximages.xml HTTP/1.1" 404 88 "-" "Mozilla/5.0 (compatible; SeznamBot/4.0-RC1; +http://napoveda.seznam.cz/seznambot-intro/)" "mantech8.com"
207.46.13.125 - - [08/Dec/2022:12:46:05 -0800] "GET /index.php/jzx6-65ac-fbtew.ii HTTP/1.1" 200 61720 "-" "Mozilla/5.0 AppleWebKit/537.36 (KHTML, like Gecko; compatible; bingbot/2.0; +http://www.bing.com/bingbot.htm) Chrome/103.0.5060.134 Safari/537.36" "mantech8.com"
157.55.39.138 - - [08/Dec/2022:12:46:07 -0800] "GET /index.php/wf2o-11542ecc-g7tvk.ii HTTP/1.1" 200 61745 "-" "Mozilla/5.0 (compatible; bingbot/2.0; +http://www.bing.com/bingbot.htm)" "mantech8.com"
157.55.39.123 - - [08/Dec/2022:12:46:08 -0800] "GET /index.php/mcko-590edfbb-vyleb.ii HTTP/1.1" 200 65505 "-" "Mozilla/5.0 AppleWebKit/537.36 (KHTML, like Gecko; compatible; bingbot/2.0; +http://www.bing.com/bingbot.htm) Chrome/103.0.5060.134 Safari/537.36" "mantech8.com"
157.55.39.123 - - [08/Dec/2022:12:46:10 -0800] "GET /index.php/wtzk-14bafdae-n1apl.ii HTTP/1.1" 200 67429 "-" "Mozilla/5.0 (compatible; bingbot/2.0; +http://www.bing.com/bingbot.htm)" "mantech8.com"
185.191.171.34 - - [08/Dec/2022:12:46:12 -0800] "GET /?camp-fire%2F32615030.html HTTP/1.1" 500 - "-" "Mozilla/5.0 (compatible; SemrushBot/7~bl; +http://www.semrush.com/bot.html)" "mantech8.com"
207.46.13.100 - - [08/Dec/2022:12:46:16 -0800] "GET /index.php/gddj-54309ebdf-bupeo.ii HTTP/1.1" 200 66139 "-" "Mozilla/5.0 (compatible; bingbot/2.0; +http://www.bing.com/bingbot.htm)" "mantech8.com"
157.55.39.138 - - [08/Dec/2022:12:46:20 -0800] "GET /index.php/nwtf-eeb75fcb-3ppoc.ii HTTP/1.1" 200 67679 "-" "Mozilla/5.0 AppleWebKit/537.36 (KHTML, like Gecko; compatible; bingbot/2.0; +http://www.bing.com/bingbot.htm) Chrome/103.0.5060.134 Safari/537.36" "mantech8.com"
157.55.39.138 - - [08/Dec/2022:12:46:21 -0800] "GET /index.php/mcko-eacfd-vt22z.ii HTTP/1.1" 200 65578 "-" "Mozilla/5.0 (compatible; bingbot/2.0; +http://www.bing.com/bingbot.htm)" "mantech8.com"
157.55.39.138 - - [08/Dec/2022:12:46:22 -0800] "GET /index.php/wf2o-249dfcdeb-g4uig.ii HTTP/1.1" 200 83815 "-" "Mozilla/5.0 AppleWebKit/537.36 (KHTML, like Gecko; compatible; bingbot/2.0; +http://www.bing.com/bingbot.htm) Chrome/103.0.5060.134 Safari/537.36" "mantech8.com"
157.55.39.123 - - [08/Dec/2022:12:46:37 -0800] "GET /index.php/pstd-2288babeb-ixj46.ii HTTP/1.1" 200 68837 "-" "Mozilla/5.0 (compatible; bingbot/2.0; +http://www.bing.com/bingbot.htm)" "mantech8.com"
157.55.39.138 - - [08/Dec/2022:12:46:41 -0800] "GET /index.php/k937-215cbdedc-74fc5.ii HTTP/1.1" 200 65447 "-" "Mozilla/5.0 (compatible; bingbot/2.0; +http://www.bing.com/bingbot.htm)" "mantech8.com"
40.77.167.26 - - [08/Dec/2022:12:46:55 -0800] "GET /index.php/egy1-c9e9fccafd-ve2pj.ii HTTP/1.1" 200 57545 "-" "Mozilla/5.0 AppleWebKit/537.36 (KHTML, like Gecko; compatible; bingbot/2.0; +http://www.bing.com/bingbot.htm) Chrome/103.0.5060.134 Safari/537.36" "mantech8.com"
185.191.171.36 - - [08/Dec/2022:12:47:00 -0800] "GET /?camp-fire%2F37972860.html HTTP/1.1" 500 - "-" "Mozilla/5.0 (compatible; SemrushBot/7~bl; +http://www.semrush.com/bot.html)" "mantech8.com"
157.55.39.138 - - [08/Dec/2022:12:47:07 -0800] "GET /index.php/egy1-aad3befccd-vs7wr.ii HTTP/1.1" 200 66669 "-" "Mozilla/5.0 AppleWebKit/537.36 (KHTML, like Gecko; compatible; bingbot/2.0; +http://www.bing.com/bingbot.htm) Chrome/103.0.5060.134 Safari/537.36" "mantech8.com"
157.55.39.138 - - [08/Dec/2022:12:47:17 -0800] "GET /index.php/nwtf-47cde-4agee.ii HTTP/1.1" 200 68776 "-" "Mozilla/5.0 AppleWebKit/537.36 (KHTML, like Gecko; compatible; bingbot/2.0; +http://www.bing.com/bingbot.htm) Chrome/103.0.5060.134 Safari/537.36" "mantech8.com"
185.191.171.7 - - [08/Dec/2022:12:48:07 -0800] "GET /?camp-fire%2F39185703.html HTTP/1.1" 500 - "-" "Mozilla/5.0 (compatible; SemrushBot/7~bl; +http://www.semrush.com/bot.html)" "mantech8.com"
185.191.171.17 - - [08/Dec/2022:12:48:13 -0800] "GET /?camp-fire%2F41241650.html HTTP/1.1" 500 - "-" "Mozilla/5.0 (compatible; SemrushBot/7~bl; +http://www.semrush.com/bot.html)" "mantech8.com"
185.191.171.2 - - [08/Dec/2022:12:48:28 -0800] "GET /?camp-fire%2F44213359.html HTTP/1.1" 500 - "-" "Mozilla/5.0 (compatible; SemrushBot/7~bl; +http://www.semrush.com/bot.html)" "mantech8.com"
185.191.171.1 - - [08/Dec/2022:12:48:45 -0800] "GET /?camp-fire%2F37281460.html HTTP/1.1" 500 - "-" "Mozilla/5.0 (compatible; SemrushBot/7~bl; +http://www.semrush.com/bot.html)" "mantech8.com"
207.46.13.125 - - [08/Dec/2022:12:48:53 -0800] "GET /index.php/06aabddbdf HTTP/1.1" 200 70887 "-" "Mozilla/5.0 (compatible; bingbot/2.0; +http://www.bing.com/bingbot.htm)" "mantech8.com"
207.46.13.125 - - [08/Dec/2022:12:48:54 -0800] "GET /index.php/eeffa HTTP/1.1" 200 62879 "-" "Mozilla/5.0 AppleWebKit/537.36 (KHTML, like Gecko; compatible; bingbot/2.0; +http://www.bing.com/bingbot.htm) Chrome/103.0.5060.134 Safari/537.36" "mantech8.com"
207.46.13.125 - - [08/Dec/2022:12:48:55 -0800] "GET /index.php/qlqc-58cbec-48jbr.ii HTTP/1.1" 200 60126 "-" "Mozilla/5.0 AppleWebKit/537.36 (KHTML, like Gecko; compatible; bingbot/2.0; +http://www.bing.com/bingbot.htm) Chrome/103.0.5060.134 Safari/537.36" "mantech8.com"
207.46.13.100 - - [08/Dec/2022:12:49:16 -0800] "GET /index.php/kjz2-61dedccfe-hzpev.ii HTTP/1.1" 200 68048 "-" "Mozilla/5.0 AppleWebKit/537.36 (KHTML, like Gecko; compatible; bingbot/2.0; +http://www.bing.com/bingbot.htm) Chrome/103.0.5060.134 Safari/537.36" "mantech8.com"
157.55.39.138 - - [08/Dec/2022:12:49:26 -0800] "GET /index.php/95cbe HTTP/1.1" 200 74632 "-" "Mozilla/5.0 AppleWebKit/537.36 (KHTML, like Gecko; compatible; bingbot/2.0; +http://www.bing.com/bingbot.htm) Chrome/103.0.5060.134 Safari/537.36" "mantech8.com"
157.55.39.138 - - [08/Dec/2022:12:49:27 -0800] "GET /index.php/mcko-e5ecc-vyzeq.ii HTTP/1.1" 200 60973 "-" "Mozilla/5.0 (compatible; bingbot/2.0; +http://www.bing.com/bingbot.htm)" "mantech8.com"
207.46.13.125 - - [08/Dec/2022:12:49:35 -0800] "GET /index.php/f2si-1ceaac-dkzep.ii HTTP/1.1" 200 65462 "-" "Mozilla/5.0 (compatible; bingbot/2.0; +http://www.bing.com/bingbot.htm)" "mantech8.com"
40.77.167.20 - - [08/Dec/2022:12:49:41 -0800] "GET /index.php/31l7-2ceaa-onhat.ii HTTP/1.1" 200 60318 "-" "Mozilla/5.0 AppleWebKit/537.36 (KHTML, like Gecko; compatible; bingbot/2.0; +http://www.bing.com/bingbot.htm) Chrome/103.0.5060.134 Safari/537.36" "mantech8.com"
40.77.167.20 - - [08/Dec/2022:12:50:01 -0800] "GET /index.php/mkjw-7e5eedeed-by6ud.ii HTTP/1.1" 200 64225 "-" "Mozilla/5.0 (compatible; bingbot/2.0; +http://www.bing.com/bingbot.htm)" "mantech8.com"
185.191.171.11 - - [08/Dec/2022:12:51:12 -0800] "GET /?camp-fire%2F38683650.html HTTP/1.1" 500 - "-" "Mozilla/5.0 (compatible; SemrushBot/7~bl; +http://www.semrush.com/bot.html)" "mantech8.com"
157.55.39.123 - - [08/Dec/2022:12:52:18 -0800] "GET /index.php/26ddfd HTTP/1.1" 200 68441 "-" "Mozilla/5.0 (compatible; bingbot/2.0; +http://www.bing.com/bingbot.htm)" "mantech8.com"
157.55.39.123 - - [08/Dec/2022:12:52:18 -0800] "GET /index.php/kjz2-a8c9afebc-hqrbq.ii HTTP/1.1" 200 61094 "-" "Mozilla/5.0 (compatible; bingbot/2.0; +http://www.bing.com/bingbot.htm)" "mantech8.com"
40.77.167.20 - - [08/Dec/2022:12:52:31 -0800] "GET /index.php/nwtf-0070fabfe-4avml.ii HTTP/1.1" 200 73846 "-" "Mozilla/5.0 (compatible; bingbot/2.0; +http://www.bing.com/bingbot.htm)" "mantech8.com"
185.191.171.23 - - [08/Dec/2022:12:52:46 -0800] "GET /?camp-fire%2F39118303.html HTTP/1.1" 500 - "-" "Mozilla/5.0 (compatible; SemrushBot/7~bl; +http://www.semrush.com/bot.html)" "mantech8.com"
185.191.171.40 - - [08/Dec/2022:12:52:49 -0800] "GET /?camp-fire%2F94673484.html HTTP/1.1" 500 - "-" "Mozilla/5.0 (compatible; SemrushBot/7~bl; +http://www.semrush.com/bot.html)" "mantech8.com"
216.244.66.241 - - [08/Dec/2022:12:53:16 -0800] "GET /robots.txt HTTP/1.1" 200 222 "-" "Mozilla/5.0 (compatible; DotBot/1.2; +https://opensiteexplorer.org/dotbot; help@moz.com)" "www.mantech8.com"
216.244.66.241 - - [08/Dec/2022:12:53:16 -0800] "GET /robots.txt HTTP/1.1" 200 222 "-" "Mozilla/5.0 (compatible; DotBot/1.2; +https://opensiteexplorer.org/dotbot; help@moz.com)" "mantech8.com"
40.77.167.26 - - [08/Dec/2022:12:53:23 -0800] "GET /index.php/naq6-4ee0ceaacb-iub8y.ii HTTP/1.1" 200 67257 "-" "Mozilla/5.0 AppleWebKit/537.36 (KHTML, like Gecko; compatible; bingbot/2.0; +http://www.bing.com/bingbot.htm) Chrome/103.0.5060.134 Safari/537.36" "mantech8.com"
40.77.167.26 - - [08/Dec/2022:12:53:24 -0800] "GET /index.php/mcko-d88efcfe-vyihe.ii HTTP/1.1" 200 66813 "-" "Mozilla/5.0 (compatible; bingbot/2.0; +http://www.bing.com/bingbot.htm)" "mantech8.com"
40.77.167.26 - - [08/Dec/2022:12:53:25 -0800] "GET /index.php/cb7aeccc HTTP/1.1" 200 68914 "-" "Mozilla/5.0 AppleWebKit/537.36 (KHTML, like Gecko; compatible; bingbot/2.0; +http://www.bing.com/bingbot.htm) Chrome/103.0.5060.134 Safari/537.36" "mantech8.com"
185.191.171.11 - - [08/Dec/2022:12:53:35 -0800] "GET /?camp-fire%2F75175450.html HTTP/1.1" 500 - "-" "Mozilla/5.0 (compatible; SemrushBot/7~bl; +http://www.semrush.com/bot.html)" "mantech8.com"
207.46.13.100 - - [08/Dec/2022:12:54:07 -0800] "GET /index.php/wsum-f2fa-e1iwa.ii HTTP/1.1" 200 62380 "-" "Mozilla/5.0 AppleWebKit/537.36 (KHTML, like Gecko; compatible; bingbot/2.0; +http://www.bing.com/bingbot.htm) Chrome/103.0.5060.134 Safari/537.36" "mantech8.com"
40.77.167.20 - - [08/Dec/2022:12:54:10 -0800] "GET /index.php/c385accbfe HTTP/1.1" 200 75910 "-" "Mozilla/5.0 (compatible; bingbot/2.0; +http://www.bing.com/bingbot.htm)" "mantech8.com"
157.55.39.123 - - [08/Dec/2022:12:54:11 -0800] "GET /index.php/txf8-c6629acb-alteb.ii HTTP/1.1" 200 65885 "-" "Mozilla/5.0 AppleWebKit/537.36 (KHTML, like Gecko; compatible; bingbot/2.0; +http://www.bing.com/bingbot.htm) Chrome/103.0.5060.134 Safari/537.36" "mantech8.com"
157.55.39.123 - - [08/Dec/2022:12:54:12 -0800] "GET /index.php/nwtf-c253dfdbc-4ayus.ii HTTP/1.1" 200 65851 "-" "Mozilla/5.0 AppleWebKit/537.36 (KHTML, like Gecko; compatible; bingbot/2.0; +http://www.bing.com/bingbot.htm) Chrome/103.0.5060.134 Safari/537.36" "mantech8.com"
157.55.39.123 - - [08/Dec/2022:12:54:13 -0800] "GET /index.php/deaf HTTP/1.1" 200 65262 "-" "Mozilla/5.0 AppleWebKit/537.36 (KHTML, like Gecko; compatible; bingbot/2.0; +http://www.bing.com/bingbot.htm) Chrome/103.0.5060.134 Safari/537.36" "mantech8.com"
185.191.171.1 - - [08/Dec/2022:12:54:14 -0800] "GET /?camp-fire%2F37160778.html HTTP/1.1" 500 - "-" "Mozilla/5.0 (compatible; SemrushBot/7~bl; +http://www.semrush.com/bot.html)" "mantech8.com"
40.77.167.20 - - [08/Dec/2022:12:54:21 -0800] "GET /index.php/a1fb9cdbdb HTTP/1.1" 200 68781 "-" "Mozilla/5.0 (compatible; bingbot/2.0; +http://www.bing.com/bingbot.htm)" "mantech8.com"
40.77.167.20 - - [08/Dec/2022:12:54:22 -0800] "GET /index.php/egy1-35b36acd-vslhu.ii HTTP/1.1" 200 67731 "-" "Mozilla/5.0 (compatible; bingbot/2.0; +http://www.bing.com/bingbot.htm)" "mantech8.com"
40.77.167.20 - - [08/Dec/2022:12:54:22 -0800] "GET /index.php/vmbp-3b1bdfee-ujwql.ii HTTP/1.1" 200 78194 "-" "Mozilla/5.0 AppleWebKit/537.36 (KHTML, like Gecko; compatible; bingbot/2.0; +http://www.bing.com/bingbot.htm) Chrome/103.0.5060.134 Safari/537.36" "mantech8.com"
40.77.167.20 - - [08/Dec/2022:12:54:23 -0800] "GET /index.php/wf2o-494edefef-g56al.ii HTTP/1.1" 200 73652 "-" "Mozilla/5.0 (compatible; bingbot/2.0; +http://www.bing.com/bingbot.htm)" "mantech8.com"
207.46.13.100 - - [08/Dec/2022:12:54:36 -0800] "GET /index.php/almp-a765ebbed-uahhf.ii HTTP/1.1" 200 77471 "-" "Mozilla/5.0 AppleWebKit/537.36 (KHTML, like Gecko; compatible; bingbot/2.0; +http://www.bing.com/bingbot.htm) Chrome/103.0.5060.134 Safari/537.36" "mantech8.com"
185.191.171.10 - - [08/Dec/2022:12:55:42 -0800] "GET /?camp-fire%2F38822617.html HTTP/1.1" 500 - "-" "Mozilla/5.0 (compatible; SemrushBot/7~bl; +http://www.semrush.com/bot.html)" "mantech8.com"
185.191.171.20 - - [08/Dec/2022:12:55:54 -0800] "GET /?camp-fire%2F38487225.html HTTP/1.1" 500 - "-" "Mozilla/5.0 (compatible; SemrushBot/7~bl; +http://www.semrush.com/bot.html)" "mantech8.com"
185.191.171.24 - - [08/Dec/2022:12:56:07 -0800] "GET /?camp-fire%2F40580938.html HTTP/1.1" 500 - "-" "Mozilla/5.0 (compatible; SemrushBot/7~bl; +http://www.semrush.com/bot.html)" "mantech8.com"
185.191.171.23 - - [08/Dec/2022:12:56:09 -0800] "GET /?camp-fire%2F61884192.html HTTP/1.1" 500 - "-" "Mozilla/5.0 (compatible; SemrushBot/7~bl; +http://www.semrush.com/bot.html)" "mantech8.com"
185.191.171.15 - - [08/Dec/2022:12:56:14 -0800] "GET /?camp-fire%2F88878330.html HTTP/1.1" 500 - "-" "Mozilla/5.0 (compatible; SemrushBot/7~bl; +http://www.semrush.com/bot.html)" "mantech8.com"
185.191.171.35 - - [08/Dec/2022:12:56:26 -0800] "GET /?camp-fire%2F37947578.html HTTP/1.1" 500 - "-" "Mozilla/5.0 (compatible; SemrushBot/7~bl; +http://www.semrush.com/bot.html)" "mantech8.com"
207.46.13.100 - - [08/Dec/2022:12:56:26 -0800] "GET /sitemapindex.xml HTTP/1.1" 404 88 "-" "Mozilla/5.0 AppleWebKit/537.36 (KHTML, like Gecko; compatible; bingbot/2.0; +http://www.bing.com/bingbot.htm) Chrome/103.0.5060.134 Safari/537.36" "mantech8.com"
185.191.171.35 - - [08/Dec/2022:12:56:33 -0800] "GET /?camp-fire%2F41150961.html HTTP/1.1" 500 - "-" "Mozilla/5.0 (compatible; SemrushBot/7~bl; +http://www.semrush.com/bot.html)" "mantech8.com"
40.77.167.26 - - [08/Dec/2022:12:56:44 -0800] "GET /index.php/YhFG-ba9acabbad-ppKWi.Ii HTTP/1.1" 200 68766 "-" "Mozilla/5.0 AppleWebKit/537.36 (KHTML, like Gecko; compatible; bingbot/2.0; +http://www.bing.com/bingbot.htm) Chrome/103.0.5060.134 Safari/537.36" "mantech8.com"
40.77.167.26 - - [08/Dec/2022:12:56:45 -0800] "GET /index.php/naq6-d589adfe-innou.ii HTTP/1.1" 200 62559 "-" "Mozilla/5.0 AppleWebKit/537.36 (KHTML, like Gecko; compatible; bingbot/2.0; +http://www.bing.com/bingbot.htm) Chrome/103.0.5060.134 Safari/537.36" "mantech8.com"
40.77.167.26 - - [08/Dec/2022:12:56:45 -0800] "GET /index.php/kd2b-ad6fadecc-skibk.ii HTTP/1.1" 200 64207 "-" "Mozilla/5.0 AppleWebKit/537.36 (KHTML, like Gecko; compatible; bingbot/2.0; +http://www.bing.com/bingbot.htm) Chrome/103.0.5060.134 Safari/537.36" "mantech8.com"
40.77.167.26 - - [08/Dec/2022:12:56:46 -0800] "GET /index.php/egy1-559bdfedc-vd8ci.ii HTTP/1.1" 200 65627 "-" "Mozilla/5.0 (compatible; bingbot/2.0; +http://www.bing.com/bingbot.htm)" "mantech8.com"
185.191.171.22 - - [08/Dec/2022:12:56:51 -0800] "GET /?camp-fire%2F40320850.html HTTP/1.1" 500 - "-" "Mozilla/5.0 (compatible; SemrushBot/7~bl; +http://www.semrush.com/bot.html)" "mantech8.com"
185.191.171.18 - - [08/Dec/2022:12:57:03 -0800] "GET /?camp-fire%2F94593747.html HTTP/1.1" 500 - "-" "Mozilla/5.0 (compatible; SemrushBot/7~bl; +http://www.semrush.com/bot.html)" "mantech8.com"
