157.55.39.138 - - [08/Dec/2022:02:16:16 -0800] "GET /index.php/075aaafe HTTP/1.1" 500 - "-" "Mozilla/5.0 (compatible; bingbot/2.0; +http://www.bing.com/bingbot.htm)" "mantech8.com"
103.78.53.119 - - [08/Dec/2022:02:16:51 -0800] "GET /contact.php HTTP/1.1" 200 29238 "http://www.mantech8.com/contact.php" "Mozilla/5.0 (Windows NT 10.0; Win64; x64) AppleWebKit/537.36 (KHTML, like Gecko) Chrome/108.0.0.0 Safari/537.36" "www.mantech8.com"
103.78.53.119 - - [08/Dec/2022:02:16:52 -0800] "GET /verificationimage.php?7686 HTTP/1.1" 200 1366 "http://www.mantech8.com/contact.php" "Mozilla/5.0 (Windows NT 10.0; Win64; x64) AppleWebKit/537.36 (KHTML, like Gecko) Chrome/108.0.0.0 Safari/537.36" "www.mantech8.com"
103.78.53.119 - - [08/Dec/2022:02:16:52 -0800] "GET /js/jquery.marquee.js?v=3 HTTP/1.1" 404 88 "http://www.mantech8.com/contact.php" "Mozilla/5.0 (Windows NT 10.0; Win64; x64) AppleWebKit/537.36 (KHTML, like Gecko) Chrome/108.0.0.0 Safari/537.36" "www.mantech8.com"
103.78.53.119 - - [08/Dec/2022:02:16:52 -0800] "GET /images/form-loader.gif HTTP/1.1" 404 88 "http://www.mantech8.com/css/contact-form.css" "Mozilla/5.0 (Windows NT 10.0; Win64; x64) AppleWebKit/537.36 (KHTML, like Gecko) Chrome/108.0.0.0 Safari/537.36" "www.mantech8.com"
185.191.171.2 - - [08/Dec/2022:02:16:57 -0800] "GET /?camp-fire%2F38277103.html HTTP/1.1" 500 - "-" "Mozilla/5.0 (compatible; SemrushBot/7~bl; +http://www.semrush.com/bot.html)" "mantech8.com"
157.55.39.138 - - [08/Dec/2022:02:16:58 -0800] "GET /index.php/snxr-47dcc-jtemc.ii HTTP/1.1" 200 61625 "-" "Mozilla/5.0 AppleWebKit/537.36 (KHTML, like Gecko; compatible; bingbot/2.0; +http://www.bing.com/bingbot.htm) Chrome/103.0.5060.134 Safari/537.36" "mantech8.com"
185.191.171.37 - - [08/Dec/2022:02:16:58 -0800] "GET /?camp-fire%2F39799417.html HTTP/1.1" 500 - "-" "Mozilla/5.0 (compatible; SemrushBot/7~bl; +http://www.semrush.com/bot.html)" "mantech8.com"
103.78.53.119 - - [08/Dec/2022:02:17:13 -0800] "GET /about.php HTTP/1.1" 404 88 "http://www.mantech8.com/contact.php" "Mozilla/5.0 (Windows NT 10.0; Win64; x64) AppleWebKit/537.36 (KHTML, like Gecko) Chrome/108.0.0.0 Safari/537.36" "www.mantech8.com"
207.46.13.100 - - [08/Dec/2022:02:17:16 -0800] "GET /index.php/c3ff HTTP/1.1" 200 63231 "-" "Mozilla/5.0 (compatible; bingbot/2.0; +http://www.bing.com/bingbot.htm)" "mantech8.com"
103.78.53.119 - - [08/Dec/2022:02:17:17 -0800] "GET /contact.php HTTP/1.1" 200 29238 "http://www.mantech8.com/contact.php" "Mozilla/5.0 (Windows NT 10.0; Win64; x64) AppleWebKit/537.36 (KHTML, like Gecko) Chrome/108.0.0.0 Safari/537.36" "www.mantech8.com"
207.46.13.100 - - [08/Dec/2022:02:17:17 -0800] "GET /index.php/kjz2-61dce-ylfo7.ii HTTP/1.1" 200 68440 "-" "Mozilla/5.0 (compatible; bingbot/2.0; +http://www.bing.com/bingbot.htm)" "mantech8.com"
103.78.53.119 - - [08/Dec/2022:02:17:18 -0800] "GET /verificationimage.php?5123 HTTP/1.1" 200 1318 "http://www.mantech8.com/contact.php" "Mozilla/5.0 (Windows NT 10.0; Win64; x64) AppleWebKit/537.36 (KHTML, like Gecko) Chrome/108.0.0.0 Safari/537.36" "www.mantech8.com"
207.46.13.100 - - [08/Dec/2022:02:17:18 -0800] "GET /index.php/gvdr-61bd-vinhg.ii HTTP/1.1" 200 74851 "-" "Mozilla/5.0 (compatible; bingbot/2.0; +http://www.bing.com/bingbot.htm)" "mantech8.com"
207.46.13.100 - - [08/Dec/2022:02:17:27 -0800] "GET /index.php/f0cea HTTP/1.1" 200 67795 "-" "Mozilla/5.0 AppleWebKit/537.36 (KHTML, like Gecko; compatible; bingbot/2.0; +http://www.bing.com/bingbot.htm) Chrome/103.0.5060.134 Safari/537.36" "mantech8.com"
185.191.171.34 - - [08/Dec/2022:02:17:33 -0800] "GET /?camp-fire%2F26643682.html HTTP/1.1" 500 - "-" "Mozilla/5.0 (compatible; SemrushBot/7~bl; +http://www.semrush.com/bot.html)" "mantech8.com"
185.191.171.39 - - [08/Dec/2022:02:17:41 -0800] "GET /?camp-fire%2F40400550.html HTTP/1.1" 500 - "-" "Mozilla/5.0 (compatible; SemrushBot/7~bl; +http://www.semrush.com/bot.html)" "mantech8.com"
185.191.171.17 - - [08/Dec/2022:02:17:43 -0800] "GET /index.php?camp-fire%2F13762876.html HTTP/1.1" 500 - "-" "Mozilla/5.0 (compatible; SemrushBot/7~bl; +http://www.semrush.com/bot.html)" "mantech8.com"
185.191.171.22 - - [08/Dec/2022:02:17:53 -0800] "GET /?camp-fire%2F41218538.html HTTP/1.1" 500 - "-" "Mozilla/5.0 (compatible; SemrushBot/7~bl; +http://www.semrush.com/bot.html)" "mantech8.com"
40.77.167.26 - - [08/Dec/2022:02:18:03 -0800] "GET /index.php/nwtf-6ababc-3pefa.ii HTTP/1.1" 200 65541 "-" "Mozilla/5.0 AppleWebKit/537.36 (KHTML, like Gecko; compatible; bingbot/2.0; +http://www.bing.com/bingbot.htm) Chrome/103.0.5060.134 Safari/537.36" "mantech8.com"
216.244.66.241 - - [08/Dec/2022:02:18:04 -0800] "GET /robots.txt HTTP/1.1" 200 222 "-" "Mozilla/5.0 (compatible; DotBot/1.2; +https://opensiteexplorer.org/dotbot; help@moz.com)" "www.mantech8.com"
216.244.66.241 - - [08/Dec/2022:02:18:04 -0800] "GET /robots.txt HTTP/1.1" 200 222 "-" "Mozilla/5.0 (compatible; DotBot/1.2; +https://opensiteexplorer.org/dotbot; help@moz.com)" "mantech8.com"
40.77.167.26 - - [08/Dec/2022:02:18:04 -0800] "GET /index.php/mcko-23d9beface-vtmbp.ii HTTP/1.1" 200 76905 "-" "Mozilla/5.0 (compatible; bingbot/2.0; +http://www.bing.com/bingbot.htm)" "mantech8.com"
185.191.171.6 - - [08/Dec/2022:02:18:07 -0800] "GET /?camp-fire%2F27630071.html HTTP/1.1" 500 - "-" "Mozilla/5.0 (compatible; SemrushBot/7~bl; +http://www.semrush.com/bot.html)" "mantech8.com"
185.191.171.38 - - [08/Dec/2022:02:18:22 -0800] "GET /?camp-fire%2F78984200.html HTTP/1.1" 500 - "-" "Mozilla/5.0 (compatible; SemrushBot/7~bl; +http://www.semrush.com/bot.html)" "mantech8.com"
207.46.13.125 - - [08/Dec/2022:02:18:23 -0800] "GET /index.php/qlqc-58cbec-48jbr.ii HTTP/1.1" 200 60316 "-" "Mozilla/5.0 (compatible; bingbot/2.0; +http://www.bing.com/bingbot.htm)" "mantech8.com"
157.55.39.138 - - [08/Dec/2022:02:18:28 -0800] "GET /index.php/48ef HTTP/1.1" 200 63474 "-" "Mozilla/5.0 (compatible; bingbot/2.0; +http://www.bing.com/bingbot.htm)" "mantech8.com"
40.77.167.20 - - [08/Dec/2022:02:18:49 -0800] "GET /index.php/s0kv-2c82dddfce-os2ca.ii HTTP/1.1" 200 68468 "-" "Mozilla/5.0 AppleWebKit/537.36 (KHTML, like Gecko; compatible; bingbot/2.0; +http://www.bing.com/bingbot.htm) Chrome/103.0.5060.134 Safari/537.36" "mantech8.com"
185.191.171.9 - - [08/Dec/2022:02:19:32 -0800] "GET /?camp-fire%2F32403060.html HTTP/1.1" 500 - "-" "Mozilla/5.0 (compatible; SemrushBot/7~bl; +http://www.semrush.com/bot.html)" "mantech8.com"
185.191.171.14 - - [08/Dec/2022:02:19:41 -0800] "GET /?camp-fire%2F38811317.html HTTP/1.1" 500 - "-" "Mozilla/5.0 (compatible; SemrushBot/7~bl; +http://www.semrush.com/bot.html)" "mantech8.com"
157.55.39.138 - - [08/Dec/2022:02:19:47 -0800] "GET /index.php/mcko-279adeaf-vb2tk.ii HTTP/1.1" 200 63104 "-" "Mozilla/5.0 AppleWebKit/537.36 (KHTML, like Gecko; compatible; bingbot/2.0; +http://www.bing.com/bingbot.htm) Chrome/103.0.5060.134 Safari/537.36" "mantech8.com"
185.191.171.39 - - [08/Dec/2022:02:19:52 -0800] "GET /?camp-fire%2F40142788.html HTTP/1.1" 500 - "-" "Mozilla/5.0 (compatible; SemrushBot/7~bl; +http://www.semrush.com/bot.html)" "mantech8.com"
185.191.171.34 - - [08/Dec/2022:02:20:27 -0800] "GET /?camp-fire%2F45828317.html HTTP/1.1" 500 - "-" "Mozilla/5.0 (compatible; SemrushBot/7~bl; +http://www.semrush.com/bot.html)" "mantech8.com"
157.55.39.138 - - [08/Dec/2022:02:20:56 -0800] "GET /index.php/wtzk-1ee7adedf-nlcth.ii HTTP/1.1" 200 62428 "-" "Mozilla/5.0 AppleWebKit/537.36 (KHTML, like Gecko; compatible; bingbot/2.0; +http://www.bing.com/bingbot.htm) Chrome/103.0.5060.134 Safari/537.36" "mantech8.com"
157.55.39.138 - - [08/Dec/2022:02:20:57 -0800] "GET /index.php/vmbp-4d22dfdaa-ujuvt.ii HTTP/1.1" 200 59796 "-" "Mozilla/5.0 AppleWebKit/537.36 (KHTML, like Gecko; compatible; bingbot/2.0; +http://www.bing.com/bingbot.htm) Chrome/103.0.5060.134 Safari/537.36" "mantech8.com"
40.77.167.20 - - [08/Dec/2022:02:21:09 -0800] "GET /index.php/s0KV-44bbdcfa-osVLm.Ii HTTP/1.1" 200 68570 "-" "Mozilla/5.0 (compatible; bingbot/2.0; +http://www.bing.com/bingbot.htm)" "mantech8.com"
40.77.167.20 - - [08/Dec/2022:02:21:10 -0800] "GET /index.php/egy1-0345cffdda-ve77x.ii HTTP/1.1" 200 66686 "-" "Mozilla/5.0 AppleWebKit/537.36 (KHTML, like Gecko; compatible; bingbot/2.0; +http://www.bing.com/bingbot.htm) Chrome/103.0.5060.134 Safari/537.36" "mantech8.com"
185.191.171.26 - - [08/Dec/2022:02:21:14 -0800] "GET /?camp-fire%2F39808092.html HTTP/1.1" 500 - "-" "Mozilla/5.0 (compatible; SemrushBot/7~bl; +http://www.semrush.com/bot.html)" "mantech8.com"
40.77.167.26 - - [08/Dec/2022:02:21:45 -0800] "GET /index.php/s0kv-f32efdeaf-oebtn.ii HTTP/1.1" 200 65018 "-" "Mozilla/5.0 (compatible; bingbot/2.0; +http://www.bing.com/bingbot.htm)" "mantech8.com"
40.77.167.26 - - [08/Dec/2022:02:21:45 -0800] "GET /index.php/o6yj-0613fdddaa-pidud.ii HTTP/1.1" 200 68216 "-" "Mozilla/5.0 AppleWebKit/537.36 (KHTML, like Gecko; compatible; bingbot/2.0; +http://www.bing.com/bingbot.htm) Chrome/103.0.5060.134 Safari/537.36" "mantech8.com"
40.77.167.26 - - [08/Dec/2022:02:21:45 -0800] "GET /index.php/nwtf-2bbbbe-3prep.ii HTTP/1.1" 200 67731 "-" "Mozilla/5.0 AppleWebKit/537.36 (KHTML, like Gecko; compatible; bingbot/2.0; +http://www.bing.com/bingbot.htm) Chrome/103.0.5060.134 Safari/537.36" "mantech8.com"
40.77.167.26 - - [08/Dec/2022:02:21:46 -0800] "GET /index.php/31l7-f5a04cfb-ojo4h.ii HTTP/1.1" 200 64495 "-" "Mozilla/5.0 (compatible; bingbot/2.0; +http://www.bing.com/bingbot.htm)" "mantech8.com"
157.55.39.138 - - [08/Dec/2022:02:21:57 -0800] "GET /index.php/mcko-e5ecc-vyzeq.ii HTTP/1.1" 200 60722 "-" "Mozilla/5.0 AppleWebKit/537.36 (KHTML, like Gecko; compatible; bingbot/2.0; +http://www.bing.com/bingbot.htm) Chrome/103.0.5060.134 Safari/537.36" "mantech8.com"
157.55.39.138 - - [08/Dec/2022:02:21:58 -0800] "GET /index.php/qlqc-86dc-407uo.ii HTTP/1.1" 200 73855 "-" "Mozilla/5.0 AppleWebKit/537.36 (KHTML, like Gecko; compatible; bingbot/2.0; +http://www.bing.com/bingbot.htm) Chrome/103.0.5060.134 Safari/537.36" "mantech8.com"
157.55.39.138 - - [08/Dec/2022:02:21:59 -0800] "GET /index.php/buo3-31fde-p5cju.ii HTTP/1.1" 200 69993 "-" "Mozilla/5.0 (compatible; bingbot/2.0; +http://www.bing.com/bingbot.htm)" "mantech8.com"
207.46.13.100 - - [08/Dec/2022:02:22:17 -0800] "GET /index.php/1zve-05afaaebea-jtzhd.ii HTTP/1.1" 200 103765 "-" "Mozilla/5.0 (compatible; bingbot/2.0; +http://www.bing.com/bingbot.htm)" "mantech8.com"
207.46.13.100 - - [08/Dec/2022:02:22:18 -0800] "GET /index.php/31l7-22dbd-oifqz.ii HTTP/1.1" 200 73396 "-" "Mozilla/5.0 AppleWebKit/537.36 (KHTML, like Gecko; compatible; bingbot/2.0; +http://www.bing.com/bingbot.htm) Chrome/103.0.5060.134 Safari/537.36" "mantech8.com"
185.191.171.24 - - [08/Dec/2022:02:22:56 -0800] "GET /?camp-fire%2F42209149.html HTTP/1.1" 500 - "-" "Mozilla/5.0 (compatible; SemrushBot/7~bl; +http://www.semrush.com/bot.html)" "mantech8.com"
207.46.13.125 - - [08/Dec/2022:02:23:03 -0800] "GET /index.php/txf8-3cdbdb-alndg.ii HTTP/1.1" 200 67623 "-" "Mozilla/5.0 (compatible; bingbot/2.0; +http://www.bing.com/bingbot.htm)" "mantech8.com"
207.46.13.125 - - [08/Dec/2022:02:23:04 -0800] "GET /index.php/700eaacbb HTTP/1.1" 200 65805 "-" "Mozilla/5.0 (compatible; bingbot/2.0; +http://www.bing.com/bingbot.htm)" "mantech8.com"
185.191.171.25 - - [08/Dec/2022:02:23:04 -0800] "GET /?camp-fire%2F38822092.html HTTP/1.1" 500 - "-" "Mozilla/5.0 (compatible; SemrushBot/7~bl; +http://www.semrush.com/bot.html)" "mantech8.com"
207.46.13.125 - - [08/Dec/2022:02:23:05 -0800] "GET /index.php/raig-b81f7bcd-ntol1.ii HTTP/1.1" 200 70154 "-" "Mozilla/5.0 AppleWebKit/537.36 (KHTML, like Gecko; compatible; bingbot/2.0; +http://www.bing.com/bingbot.htm) Chrome/103.0.5060.134 Safari/537.36" "mantech8.com"
207.46.13.125 - - [08/Dec/2022:02:23:14 -0800] "GET /index.php/17a8cbfbb HTTP/1.1" 200 69872 "-" "Mozilla/5.0 AppleWebKit/537.36 (KHTML, like Gecko; compatible; bingbot/2.0; +http://www.bing.com/bingbot.htm) Chrome/103.0.5060.134 Safari/537.36" "mantech8.com"
185.191.171.34 - - [08/Dec/2022:02:23:43 -0800] "GET /?camp-fire%2F94007451.html HTTP/1.1" 500 - "-" "Mozilla/5.0 (compatible; SemrushBot/7~bl; +http://www.semrush.com/bot.html)" "mantech8.com"
185.191.171.12 - - [08/Dec/2022:02:24:13 -0800] "GET /?camp-fire%2F38898392.html HTTP/1.1" 500 - "-" "Mozilla/5.0 (compatible; SemrushBot/7~bl; +http://www.semrush.com/bot.html)" "mantech8.com"
185.191.171.24 - - [08/Dec/2022:02:24:26 -0800] "GET /?camp-fire%2F53814093.html HTTP/1.1" 500 - "-" "Mozilla/5.0 (compatible; SemrushBot/7~bl; +http://www.semrush.com/bot.html)" "mantech8.com"
185.191.171.22 - - [08/Dec/2022:02:24:41 -0800] "GET /?camp-fire%2F35715038.html HTTP/1.1" 500 - "-" "Mozilla/5.0 (compatible; SemrushBot/7~bl; +http://www.semrush.com/bot.html)" "mantech8.com"
157.55.39.138 - - [08/Dec/2022:02:25:06 -0800] "GET /index.php/Mcko-b6ecc-VbFIT.Ii HTTP/1.1" 200 66992 "-" "Mozilla/5.0 (compatible; bingbot/2.0; +http://www.bing.com/bingbot.htm)" "mantech8.com"
157.55.39.138 - - [08/Dec/2022:02:25:07 -0800] "GET /index.php/e4bfc HTTP/1.1" 200 68814 "-" "Mozilla/5.0 AppleWebKit/537.36 (KHTML, like Gecko; compatible; bingbot/2.0; +http://www.bing.com/bingbot.htm) Chrome/103.0.5060.134 Safari/537.36" "mantech8.com"
157.55.39.138 - - [08/Dec/2022:02:25:08 -0800] "GET /index.php/wf2o-c1079bcdb-g6dz0.ii HTTP/1.1" 200 63745 "-" "Mozilla/5.0 AppleWebKit/537.36 (KHTML, like Gecko; compatible; bingbot/2.0; +http://www.bing.com/bingbot.htm) Chrome/103.0.5060.134 Safari/537.36" "mantech8.com"
157.55.39.138 - - [08/Dec/2022:02:25:08 -0800] "GET /index.php/a50b0faefe HTTP/1.1" 200 101719 "-" "Mozilla/5.0 AppleWebKit/537.36 (KHTML, like Gecko; compatible; bingbot/2.0; +http://www.bing.com/bingbot.htm) Chrome/103.0.5060.134 Safari/537.36" "mantech8.com"
207.46.13.100 - - [08/Dec/2022:02:25:28 -0800] "GET /index.php/mkjw-1d3beafcb-bgdvd.ii HTTP/1.1" 200 71352 "-" "Mozilla/5.0 AppleWebKit/537.36 (KHTML, like Gecko; compatible; bingbot/2.0; +http://www.bing.com/bingbot.htm) Chrome/103.0.5060.134 Safari/537.36" "mantech8.com"
185.191.171.19 - - [08/Dec/2022:02:25:38 -0800] "GET /?camp-fire%2F31973141.html HTTP/1.1" 500 - "-" "Mozilla/5.0 (compatible; SemrushBot/7~bl; +http://www.semrush.com/bot.html)" "mantech8.com"
185.191.171.6 - - [08/Dec/2022:02:25:41 -0800] "GET /?camp-fire%2F39568670.html HTTP/1.1" 500 - "-" "Mozilla/5.0 (compatible; SemrushBot/7~bl; +http://www.semrush.com/bot.html)" "mantech8.com"
185.191.171.40 - - [08/Dec/2022:02:25:58 -0800] "GET /?camp-fire%2F57593016.html HTTP/1.1" 500 - "-" "Mozilla/5.0 (compatible; SemrushBot/7~bl; +http://www.semrush.com/bot.html)" "mantech8.com"
185.191.171.26 - - [08/Dec/2022:02:26:18 -0800] "GET /?camp-fire%2F37540076.html HTTP/1.1" 500 - "-" "Mozilla/5.0 (compatible; SemrushBot/7~bl; +http://www.semrush.com/bot.html)" "mantech8.com"
40.77.167.20 - - [08/Dec/2022:02:26:31 -0800] "GET /index.php/s0kv-c3f6cdede-osqqv.ii HTTP/1.1" 200 64393 "-" "Mozilla/5.0 AppleWebKit/537.36 (KHTML, like Gecko; compatible; bingbot/2.0; +http://www.bing.com/bingbot.htm) Chrome/103.0.5060.134 Safari/537.36" "mantech8.com"
40.77.167.20 - - [08/Dec/2022:02:26:31 -0800] "GET /index.php/e8ddb HTTP/1.1" 200 73638 "-" "Mozilla/5.0 AppleWebKit/537.36 (KHTML, like Gecko; compatible; bingbot/2.0; +http://www.bing.com/bingbot.htm) Chrome/103.0.5060.134 Safari/537.36" "mantech8.com"
185.191.171.26 - - [08/Dec/2022:02:26:36 -0800] "GET /?camp-fire%2F36181938.html HTTP/1.1" 500 - "-" "Mozilla/5.0 (compatible; SemrushBot/7~bl; +http://www.semrush.com/bot.html)" "mantech8.com"
185.191.171.3 - - [08/Dec/2022:02:26:43 -0800] "GET /?camp-fire%2F92696638.html HTTP/1.1" 500 - "-" "Mozilla/5.0 (compatible; SemrushBot/7~bl; +http://www.semrush.com/bot.html)" "mantech8.com"
185.191.171.22 - - [08/Dec/2022:02:27:00 -0800] "GET /?camp-fire%2F40264488.html HTTP/1.1" 500 - "-" "Mozilla/5.0 (compatible; SemrushBot/7~bl; +http://www.semrush.com/bot.html)" "mantech8.com"
185.191.171.37 - - [08/Dec/2022:02:27:05 -0800] "GET /index.php?camp-fire%2F12887193.html HTTP/1.1" 500 - "-" "Mozilla/5.0 (compatible; SemrushBot/7~bl; +http://www.semrush.com/bot.html)" "mantech8.com"
40.77.167.26 - - [08/Dec/2022:02:27:05 -0800] "GET /index.php/mkjw-b7dac-bhhkb.ii HTTP/1.1" 200 65283 "-" "Mozilla/5.0 (compatible; bingbot/2.0; +http://www.bing.com/bingbot.htm)" "mantech8.com"
40.77.167.26 - - [08/Dec/2022:02:27:05 -0800] "GET /index.php/mhxm-df97aeabae-jtdsr.ii HTTP/1.1" 200 62157 "-" "Mozilla/5.0 (compatible; bingbot/2.0; +http://www.bing.com/bingbot.htm)" "mantech8.com"
40.77.167.26 - - [08/Dec/2022:02:27:06 -0800] "GET /index.php/b1ecaddfd HTTP/1.1" 200 80374 "-" "Mozilla/5.0 AppleWebKit/537.36 (KHTML, like Gecko; compatible; bingbot/2.0; +http://www.bing.com/bingbot.htm) Chrome/103.0.5060.134 Safari/537.36" "mantech8.com"
207.46.13.100 - - [08/Dec/2022:02:27:27 -0800] "GET /index.php/9hdj-9ef3dfbd-boktk.ii HTTP/1.1" 200 60569 "-" "Mozilla/5.0 AppleWebKit/537.36 (KHTML, like Gecko; compatible; bingbot/2.0; +http://www.bing.com/bingbot.htm) Chrome/103.0.5060.134 Safari/537.36" "mantech8.com"
185.191.171.37 - - [08/Dec/2022:02:27:34 -0800] "GET /?camp-fire%2F76796772.html HTTP/1.1" 500 - "-" "Mozilla/5.0 (compatible; SemrushBot/7~bl; +http://www.semrush.com/bot.html)" "mantech8.com"
207.46.13.100 - - [08/Dec/2022:02:27:37 -0800] "GET /index.php/dhro-e079bdfdb-xse05.ii HTTP/1.1" 200 71486 "-" "Mozilla/5.0 (compatible; bingbot/2.0; +http://www.bing.com/bingbot.htm)" "mantech8.com"
114.119.149.237 - - [08/Dec/2022:02:28:59 -0800] "GET /sitemap91.xml HTTP/1.1" 404 88 "-" "Mozilla/5.0 (compatible;PetalBot;+https://webmaster.petalsearch.com/site/petalbot)" "mantech8.com"
185.191.171.6 - - [08/Dec/2022:02:29:00 -0800] "GET /?camp-fire%2F18760376.html HTTP/1.1" 500 - "-" "Mozilla/5.0 (compatible; SemrushBot/7~bl; +http://www.semrush.com/bot.html)" "mantech8.com"
207.46.13.125 - - [08/Dec/2022:02:29:13 -0800] "GET /index.php/pstd-fdec-iefba.ii HTTP/1.1" 200 64232 "-" "Mozilla/5.0 (compatible; bingbot/2.0; +http://www.bing.com/bingbot.htm)" "mantech8.com"
207.46.13.125 - - [08/Dec/2022:02:29:14 -0800] "GET /index.php/44feffbbec HTTP/1.1" 200 93834 "-" "Mozilla/5.0 AppleWebKit/537.36 (KHTML, like Gecko; compatible; bingbot/2.0; +http://www.bing.com/bingbot.htm) Chrome/103.0.5060.134 Safari/537.36" "mantech8.com"
207.46.13.125 - - [08/Dec/2022:02:29:16 -0800] "GET /index.php/pstd-7f6e9aad-ixbul.ii HTTP/1.1" 200 76654 "-" "Mozilla/5.0 (compatible; bingbot/2.0; +http://www.bing.com/bingbot.htm)" "mantech8.com"
207.46.13.125 - - [08/Dec/2022:02:29:16 -0800] "GET /index.php/egy1-81cb4abeeb-vsrtm.ii HTTP/1.1" 200 78144 "-" "Mozilla/5.0 (compatible; bingbot/2.0; +http://www.bing.com/bingbot.htm)" "mantech8.com"
207.46.13.100 - - [08/Dec/2022:02:29:17 -0800] "GET /index.php/nwtf-e7bab-3ptac.ii HTTP/1.1" 200 63947 "-" "Mozilla/5.0 AppleWebKit/537.36 (KHTML, like Gecko; compatible; bingbot/2.0; +http://www.bing.com/bingbot.htm) Chrome/103.0.5060.134 Safari/537.36" "mantech8.com"
157.55.39.123 - - [08/Dec/2022:02:29:18 -0800] "GET /index.php/9WFK-11ed-tyYlG.Ii HTTP/1.1" 200 62918 "-" "Mozilla/5.0 (compatible; bingbot/2.0; +http://www.bing.com/bingbot.htm)" "mantech8.com"
157.55.39.123 - - [08/Dec/2022:02:29:19 -0800] "GET /index.php/eayh-15beb-rmfcf.ii HTTP/1.1" 200 67667 "-" "Mozilla/5.0 AppleWebKit/537.36 (KHTML, like Gecko; compatible; bingbot/2.0; +http://www.bing.com/bingbot.htm) Chrome/103.0.5060.134 Safari/537.36" "mantech8.com"
157.55.39.123 - - [08/Dec/2022:02:29:19 -0800] "GET /index.php/8caf HTTP/1.1" 200 72742 "-" "Mozilla/5.0 AppleWebKit/537.36 (KHTML, like Gecko; compatible; bingbot/2.0; +http://www.bing.com/bingbot.htm) Chrome/103.0.5060.134 Safari/537.36" "mantech8.com"
157.55.39.123 - - [08/Dec/2022:02:29:20 -0800] "GET /index.php/mhxm-edbffbbde-jycdd.ii HTTP/1.1" 200 64832 "-" "Mozilla/5.0 AppleWebKit/537.36 (KHTML, like Gecko; compatible; bingbot/2.0; +http://www.bing.com/bingbot.htm) Chrome/103.0.5060.134 Safari/537.36" "mantech8.com"
157.55.39.123 - - [08/Dec/2022:02:29:21 -0800] "GET /index.php/bljc-c3d5ebdbb-kwtu3.ii HTTP/1.1" 200 65645 "-" "Mozilla/5.0 (compatible; bingbot/2.0; +http://www.bing.com/bingbot.htm)" "mantech8.com"
157.55.39.138 - - [08/Dec/2022:02:29:27 -0800] "GET /index.php/gvdr-b7d9bffdb-vjunc.ii HTTP/1.1" 200 68037 "-" "Mozilla/5.0 AppleWebKit/537.36 (KHTML, like Gecko; compatible; bingbot/2.0; +http://www.bing.com/bingbot.htm) Chrome/103.0.5060.134 Safari/537.36" "mantech8.com"
185.191.171.23 - - [08/Dec/2022:02:29:31 -0800] "GET /?camp-fire%2F39815730.html HTTP/1.1" 500 - "-" "Mozilla/5.0 (compatible; SemrushBot/7~bl; +http://www.semrush.com/bot.html)" "mantech8.com"
157.55.39.123 - - [08/Dec/2022:02:29:32 -0800] "GET /index.php/kjz2-b981babbae-hqisz.ii HTTP/1.1" 200 64573 "-" "Mozilla/5.0 (compatible; bingbot/2.0; +http://www.bing.com/bingbot.htm)" "mantech8.com"
185.191.171.25 - - [08/Dec/2022:02:29:33 -0800] "GET /?camp-fire%2F40082282.html HTTP/1.1" 500 - "-" "Mozilla/5.0 (compatible; SemrushBot/7~bl; +http://www.semrush.com/bot.html)" "mantech8.com"
157.55.39.123 - - [08/Dec/2022:02:29:33 -0800] "GET /index.php/1zve-39e8abdfc-jvuaf.ii HTTP/1.1" 200 64587 "-" "Mozilla/5.0 AppleWebKit/537.36 (KHTML, like Gecko; compatible; bingbot/2.0; +http://www.bing.com/bingbot.htm) Chrome/103.0.5060.134 Safari/537.36" "mantech8.com"
157.55.39.138 - - [08/Dec/2022:02:29:37 -0800] "GET /index.php/mcko-029aaacabc-vguci.ii HTTP/1.1" 200 65861 "-" "Mozilla/5.0 AppleWebKit/537.36 (KHTML, like Gecko; compatible; bingbot/2.0; +http://www.bing.com/bingbot.htm) Chrome/103.0.5060.134 Safari/537.36" "mantech8.com"
157.55.39.138 - - [08/Dec/2022:02:29:38 -0800] "GET /index.php/nwtf-08a2eebee-4qbcc.ii HTTP/1.1" 200 66779 "-" "Mozilla/5.0 (compatible; bingbot/2.0; +http://www.bing.com/bingbot.htm)" "mantech8.com"
207.46.13.100 - - [08/Dec/2022:02:29:41 -0800] "GET /index.php/pstd-7baa-isd0n.ii HTTP/1.1" 200 70916 "-" "Mozilla/5.0 (compatible; bingbot/2.0; +http://www.bing.com/bingbot.htm)" "mantech8.com"
207.46.13.100 - - [08/Dec/2022:02:29:42 -0800] "GET /index.php/gvdr-59f2becaf-vmtqe.ii HTTP/1.1" 200 59610 "-" "Mozilla/5.0 AppleWebKit/537.36 (KHTML, like Gecko; compatible; bingbot/2.0; +http://www.bing.com/bingbot.htm) Chrome/103.0.5060.134 Safari/537.36" "mantech8.com"
207.46.13.100 - - [08/Dec/2022:02:29:43 -0800] "GET /index.php/031cbfcab HTTP/1.1" 200 65568 "-" "Mozilla/5.0 AppleWebKit/537.36 (KHTML, like Gecko; compatible; bingbot/2.0; +http://www.bing.com/bingbot.htm) Chrome/103.0.5060.134 Safari/537.36" "mantech8.com"
207.46.13.100 - - [08/Dec/2022:02:29:57 -0800] "GET /index.php/7d8adcaec HTTP/1.1" 200 65871 "-" "Mozilla/5.0 AppleWebKit/537.36 (KHTML, like Gecko; compatible; bingbot/2.0; +http://www.bing.com/bingbot.htm) Chrome/103.0.5060.134 Safari/537.36" "mantech8.com"
157.55.39.138 - - [08/Dec/2022:02:30:08 -0800] "GET /index.php/e3dcaada HTTP/1.1" 200 67797 "-" "Mozilla/5.0 (compatible; bingbot/2.0; +http://www.bing.com/bingbot.htm)" "mantech8.com"
40.77.167.20 - - [08/Dec/2022:02:30:20 -0800] "GET /index.php/d4a90ccaea HTTP/1.1" 200 66820 "-" "Mozilla/5.0 AppleWebKit/537.36 (KHTML, like Gecko; compatible; bingbot/2.0; +http://www.bing.com/bingbot.htm) Chrome/103.0.5060.134 Safari/537.36" "mantech8.com"
185.191.171.14 - - [08/Dec/2022:02:30:28 -0800] "GET /?camp-fire%2F35047925.html HTTP/1.1" 500 - "-" "Mozilla/5.0 (compatible; SemrushBot/7~bl; +http://www.semrush.com/bot.html)" "mantech8.com"
40.77.167.20 - - [08/Dec/2022:02:30:40 -0800] "GET /index.php/zsuz-c6afc-sooms.ii HTTP/1.1" 200 64312 "-" "Mozilla/5.0 (compatible; bingbot/2.0; +http://www.bing.com/bingbot.htm)" "mantech8.com"
185.191.171.45 - - [08/Dec/2022:02:31:46 -0800] "GET /?camp-fire%2F37014766.html HTTP/1.1" 500 - "-" "Mozilla/5.0 (compatible; SemrushBot/7~bl; +http://www.semrush.com/bot.html)" "mantech8.com"
40.77.167.26 - - [08/Dec/2022:02:32:05 -0800] "GET /index.php/wtzk-91a7effeed-n1gki.ii HTTP/1.1" 200 68807 "-" "Mozilla/5.0 AppleWebKit/537.36 (KHTML, like Gecko; compatible; bingbot/2.0; +http://www.bing.com/bingbot.htm) Chrome/103.0.5060.134 Safari/537.36" "mantech8.com"
185.191.171.9 - - [08/Dec/2022:02:32:07 -0800] "GET /?camp-fire%2F39584866.html HTTP/1.1" 500 - "-" "Mozilla/5.0 (compatible; SemrushBot/7~bl; +http://www.semrush.com/bot.html)" "mantech8.com"
157.55.39.138 - - [08/Dec/2022:02:32:38 -0800] "GET /index.php/k937-215cbdedc-74fc5.ii HTTP/1.1" 200 65566 "-" "Mozilla/5.0 (compatible; bingbot/2.0; +http://www.bing.com/bingbot.htm)" "mantech8.com"
157.55.39.138 - - [08/Dec/2022:02:32:39 -0800] "GET /index.php/nwtf-05adfedf-4asou.ii HTTP/1.1" 200 65889 "-" "Mozilla/5.0 AppleWebKit/537.36 (KHTML, like Gecko; compatible; bingbot/2.0; +http://www.bing.com/bingbot.htm) Chrome/103.0.5060.134 Safari/537.36" "mantech8.com"
185.191.171.22 - - [08/Dec/2022:02:32:56 -0800] "GET /index.php/camp-fire/35783608.html HTTP/1.1" 500 - "-" "Mozilla/5.0 (compatible; SemrushBot/7~bl; +http://www.semrush.com/bot.html)" "mantech8.com"
157.55.39.138 - - [08/Dec/2022:02:33:08 -0800] "GET /index.php/41ca HTTP/1.1" 200 64742 "-" "Mozilla/5.0 (compatible; bingbot/2.0; +http://www.bing.com/bingbot.htm)" "mantech8.com"
185.191.171.35 - - [08/Dec/2022:02:33:11 -0800] "GET /?camp-fire%2F66375483.html HTTP/1.1" 500 - "-" "Mozilla/5.0 (compatible; SemrushBot/7~bl; +http://www.semrush.com/bot.html)" "mantech8.com"
185.191.171.6 - - [08/Dec/2022:02:33:13 -0800] "GET /?camp-fire%2F38219372.html HTTP/1.1" 500 - "-" "Mozilla/5.0 (compatible; SemrushBot/7~bl; +http://www.semrush.com/bot.html)" "mantech8.com"
185.191.171.44 - - [08/Dec/2022:02:33:16 -0800] "GET /?camp-fire%2F40182976.html HTTP/1.1" 500 - "-" "Mozilla/5.0 (compatible; SemrushBot/7~bl; +http://www.semrush.com/bot.html)" "mantech8.com"
207.46.13.100 - - [08/Dec/2022:02:33:18 -0800] "GET /index.php/mcko-8408ccdcfe-vbaer.ii HTTP/1.1" 200 66448 "-" "Mozilla/5.0 (compatible; bingbot/2.0; +http://www.bing.com/bingbot.htm)" "mantech8.com"
207.46.13.100 - - [08/Dec/2022:02:33:19 -0800] "GET /index.php/d9da HTTP/1.1" 200 65864 "-" "Mozilla/5.0 (compatible; bingbot/2.0; +http://www.bing.com/bingbot.htm)" "mantech8.com"
185.191.171.45 - - [08/Dec/2022:02:33:24 -0800] "GET /?camp-fire%2F33652460.html HTTP/1.1" 500 - "-" "Mozilla/5.0 (compatible; SemrushBot/7~bl; +http://www.semrush.com/bot.html)" "mantech8.com"
185.191.171.6 - - [08/Dec/2022:02:33:26 -0800] "GET /?camp-fire%2F36352364.html HTTP/1.1" 500 - "-" "Mozilla/5.0 (compatible; SemrushBot/7~bl; +http://www.semrush.com/bot.html)" "mantech8.com"
185.191.171.10 - - [08/Dec/2022:02:33:48 -0800] "GET /?camp-fire%2F41219338.html HTTP/1.1" 500 - "-" "Mozilla/5.0 (compatible; SemrushBot/7~bl; +http://www.semrush.com/bot.html)" "mantech8.com"
185.191.171.26 - - [08/Dec/2022:02:33:53 -0800] "GET /?camp-fire%2F40129088.html HTTP/1.1" 500 - "-" "Mozilla/5.0 (compatible; SemrushBot/7~bl; +http://www.semrush.com/bot.html)" "mantech8.com"
185.191.171.13 - - [08/Dec/2022:02:35:07 -0800] "GET /?camp-fire%2F42066932.html HTTP/1.1" 500 - "-" "Mozilla/5.0 (compatible; SemrushBot/7~bl; +http://www.semrush.com/bot.html)" "mantech8.com"
157.55.39.123 - - [08/Dec/2022:02:35:28 -0800] "GET /index.php/32fd HTTP/1.1" 200 62350 "-" "Mozilla/5.0 AppleWebKit/537.36 (KHTML, like Gecko; compatible; bingbot/2.0; +http://www.bing.com/bingbot.htm) Chrome/103.0.5060.134 Safari/537.36" "mantech8.com"
157.55.39.123 - - [08/Dec/2022:02:35:29 -0800] "GET /index.php/hfdr-1ce5dedfd-ikwyh.ii HTTP/1.1" 200 60209 "-" "Mozilla/5.0 (compatible; bingbot/2.0; +http://www.bing.com/bingbot.htm)" "mantech8.com"
157.55.39.123 - - [08/Dec/2022:02:35:30 -0800] "GET /index.php/eb5r-8d7fdafabe-lcrgg.ii HTTP/1.1" 200 68189 "-" "Mozilla/5.0 (compatible; bingbot/2.0; +http://www.bing.com/bingbot.htm)" "mantech8.com"
157.55.39.123 - - [08/Dec/2022:02:35:31 -0800] "GET /index.php/mcko-590edfbb-vyleb.ii HTTP/1.1" 200 65383 "-" "Mozilla/5.0 (compatible; bingbot/2.0; +http://www.bing.com/bingbot.htm)" "mantech8.com"
157.55.39.123 - - [08/Dec/2022:02:35:32 -0800] "GET /index.php/a53e5ebb HTTP/1.1" 200 64246 "-" "Mozilla/5.0 (compatible; bingbot/2.0; +http://www.bing.com/bingbot.htm)" "mantech8.com"
185.191.171.35 - - [08/Dec/2022:02:36:13 -0800] "GET /?camp-fire%2F35039525.html HTTP/1.1" 500 - "-" "Mozilla/5.0 (compatible; SemrushBot/7~bl; +http://www.semrush.com/bot.html)" "mantech8.com"
207.46.13.125 - - [08/Dec/2022:02:36:13 -0800] "GET /index.php/cb2dcdcb HTTP/1.1" 200 68688 "-" "Mozilla/5.0 (compatible; bingbot/2.0; +http://www.bing.com/bingbot.htm)" "mantech8.com"
207.46.13.125 - - [08/Dec/2022:02:36:14 -0800] "GET /index.php/zsuz-dcbeea-sinag.ii HTTP/1.1" 200 69543 "-" "Mozilla/5.0 AppleWebKit/537.36 (KHTML, like Gecko; compatible; bingbot/2.0; +http://www.bing.com/bingbot.htm) Chrome/103.0.5060.134 Safari/537.36" "mantech8.com"
207.46.13.125 - - [08/Dec/2022:02:36:15 -0800] "GET /index.php/bljc-a8af-ksrgr.ii HTTP/1.1" 200 65687 "-" "Mozilla/5.0 AppleWebKit/537.36 (KHTML, like Gecko; compatible; bingbot/2.0; +http://www.bing.com/bingbot.htm) Chrome/103.0.5060.134 Safari/537.36" "mantech8.com"
207.46.13.125 - - [08/Dec/2022:02:36:15 -0800] "GET /index.php/cc157dac HTTP/1.1" 200 63652 "-" "Mozilla/5.0 AppleWebKit/537.36 (KHTML, like Gecko; compatible; bingbot/2.0; +http://www.bing.com/bingbot.htm) Chrome/103.0.5060.134 Safari/537.36" "mantech8.com"
207.46.13.125 - - [08/Dec/2022:02:36:16 -0800] "GET /index.php/eeffa HTTP/1.1" 200 62788 "-" "Mozilla/5.0 (compatible; bingbot/2.0; +http://www.bing.com/bingbot.htm)" "mantech8.com"
185.191.171.42 - - [08/Dec/2022:02:36:46 -0800] "GET /?camp-fire%2F41360576.html HTTP/1.1" 500 - "-" "Mozilla/5.0 (compatible; SemrushBot/7~bl; +http://www.semrush.com/bot.html)" "mantech8.com"
185.191.171.38 - - [08/Dec/2022:02:36:56 -0800] "GET /?camp-fire%2F302298.html HTTP/1.1" 500 - "-" "Mozilla/5.0 (compatible; SemrushBot/7~bl; +http://www.semrush.com/bot.html)" "mantech8.com"
207.46.13.100 - - [08/Dec/2022:02:36:57 -0800] "GET /index.php/txf8-02ef-apgsr.ii HTTP/1.1" 200 70077 "-" "Mozilla/5.0 AppleWebKit/537.36 (KHTML, like Gecko; compatible; bingbot/2.0; +http://www.bing.com/bingbot.htm) Chrome/103.0.5060.134 Safari/537.36" "mantech8.com"
40.77.167.20 - - [08/Dec/2022:02:37:12 -0800] "GET /index.php/egy1-a1edcb-vdb26.ii HTTP/1.1" 200 65436 "-" "Mozilla/5.0 AppleWebKit/537.36 (KHTML, like Gecko; compatible; bingbot/2.0; +http://www.bing.com/bingbot.htm) Chrome/103.0.5060.134 Safari/537.36" "mantech8.com"
157.55.39.138 - - [08/Dec/2022:02:37:18 -0800] "GET /index.php/k937-71efdace-737c5.ii HTTP/1.1" 200 62811 "-" "Mozilla/5.0 AppleWebKit/537.36 (KHTML, like Gecko; compatible; bingbot/2.0; +http://www.bing.com/bingbot.htm) Chrome/103.0.5060.134 Safari/537.36" "mantech8.com"
185.191.171.12 - - [08/Dec/2022:02:37:29 -0800] "GET /?camp-fire%2F27543426.html HTTP/1.1" 500 - "-" "Mozilla/5.0 (compatible; SemrushBot/7~bl; +http://www.semrush.com/bot.html)" "mantech8.com"
185.191.171.11 - - [08/Dec/2022:02:37:51 -0800] "GET /robots.txt HTTP/1.1" 200 106 "-" "Mozilla/5.0 (compatible; SemrushBot/7~bl; +http://www.semrush.com/bot.html)" "mantech8.com"
157.55.39.123 - - [08/Dec/2022:02:37:58 -0800] "GET /index.php/e4f6bdeeea HTTP/1.1" 200 62825 "-" "Mozilla/5.0 (compatible; bingbot/2.0; +http://www.bing.com/bingbot.htm)" "mantech8.com"
157.55.39.123 - - [08/Dec/2022:02:37:59 -0800] "GET /index.php/nwtf-23bcb-4au6b.ii HTTP/1.1" 200 60974 "-" "Mozilla/5.0 (compatible; bingbot/2.0; +http://www.bing.com/bingbot.htm)" "mantech8.com"
157.55.39.123 - - [08/Dec/2022:02:38:00 -0800] "GET /index.php/mcko-c5f87ddc-vbnsu.ii HTTP/1.1" 200 67967 "-" "Mozilla/5.0 AppleWebKit/537.36 (KHTML, like Gecko; compatible; bingbot/2.0; +http://www.bing.com/bingbot.htm) Chrome/103.0.5060.134 Safari/537.36" "mantech8.com"
207.46.13.125 - - [08/Dec/2022:02:38:14 -0800] "GET /index.php/Mcko-efa3fcaf-Vbslb.Ii HTTP/1.1" 200 62581 "-" "Mozilla/5.0 AppleWebKit/537.36 (KHTML, like Gecko; compatible; bingbot/2.0; +http://www.bing.com/bingbot.htm) Chrome/103.0.5060.134 Safari/537.36" "mantech8.com"
207.46.13.125 - - [08/Dec/2022:02:38:14 -0800] "GET /index.php/yhfg-7e3dcccc-pimcc.ii HTTP/1.1" 200 70502 "-" "Mozilla/5.0 AppleWebKit/537.36 (KHTML, like Gecko; compatible; bingbot/2.0; +http://www.bing.com/bingbot.htm) Chrome/103.0.5060.134 Safari/537.36" "mantech8.com"
157.55.39.138 - - [08/Dec/2022:02:38:18 -0800] "GET /index.php/q5w4-b6da-jk3e2.ii HTTP/1.1" 200 67570 "-" "Mozilla/5.0 AppleWebKit/537.36 (KHTML, like Gecko; compatible; bingbot/2.0; +http://www.bing.com/bingbot.htm) Chrome/103.0.5060.134 Safari/537.36" "mantech8.com"
185.191.171.13 - - [08/Dec/2022:02:38:29 -0800] "GET /?camp-fire%2F32541009.html HTTP/1.1" 500 - "-" "Mozilla/5.0 (compatible; SemrushBot/7~bl; +http://www.semrush.com/bot.html)" "mantech8.com"
185.191.171.13 - - [08/Dec/2022:02:38:30 -0800] "GET /?camp-fire%2F39375809.html HTTP/1.1" 500 - "-" "Mozilla/5.0 (compatible; SemrushBot/7~bl; +http://www.semrush.com/bot.html)" "mantech8.com"
185.191.171.44 - - [08/Dec/2022:02:38:31 -0800] "GET /?camp-fire%2F65760672.html HTTP/1.1" 500 - "-" "Mozilla/5.0 (compatible; SemrushBot/7~bl; +http://www.semrush.com/bot.html)" "mantech8.com"
185.191.171.1 - - [08/Dec/2022:02:38:33 -0800] "GET /?camp-fire%2F35773038.html HTTP/1.1" 500 - "-" "Mozilla/5.0 (compatible; SemrushBot/7~bl; +http://www.semrush.com/bot.html)" "mantech8.com"
185.191.171.8 - - [08/Dec/2022:02:38:47 -0800] "GET /?camp-fire%2F91548653.html HTTP/1.1" 500 - "-" "Mozilla/5.0 (compatible; SemrushBot/7~bl; +http://www.semrush.com/bot.html)" "mantech8.com"
185.191.171.2 - - [08/Dec/2022:02:39:05 -0800] "GET /?camp-fire%2F36654938.html HTTP/1.1" 500 - "-" "Mozilla/5.0 (compatible; SemrushBot/7~bl; +http://www.semrush.com/bot.html)" "mantech8.com"
5.227.29.114 - - [08/Dec/2022:02:39:05 -0800] "GET /contact.php HTTP/1.1" 200 29238 "http://mantech8.com/contact.php" "Mozilla/5.0 (Windows NT 6.1) AppleWebKit/537.36 (KHTML, like Gecko) Chrome/90.0.4430.85 Safari/537.36" "mantech8.com"
5.227.29.114 - - [08/Dec/2022:02:39:09 -0800] "GET /verificationimage.php?1899 HTTP/1.1" 200 1350 "http://mantech8.com/contact.php" "Mozilla/5.0 (Windows NT 6.1) AppleWebKit/537.36 (KHTML, like Gecko) Chrome/90.0.4430.85 Safari/537.36" "mantech8.com"
5.227.29.114 - - [08/Dec/2022:02:39:09 -0800] "POST /mailer.php HTTP/1.1" 500 - "http://mantech8.com/contact.php" "Mozilla/5.0 (Windows NT 6.1) AppleWebKit/537.36 (KHTML, like Gecko) Chrome/90.0.4430.85 Safari/537.36" "mantech8.com"
157.55.39.138 - - [08/Dec/2022:02:39:18 -0800] "GET /index.php/b8adf HTTP/1.1" 200 66599 "-" "Mozilla/5.0 (compatible; bingbot/2.0; +http://www.bing.com/bingbot.htm)" "mantech8.com"
157.55.39.123 - - [08/Dec/2022:02:39:39 -0800] "GET /index.php/nwtf-a2dbbecb-4qydt.ii HTTP/1.1" 200 68236 "-" "Mozilla/5.0 AppleWebKit/537.36 (KHTML, like Gecko; compatible; bingbot/2.0; +http://www.bing.com/bingbot.htm) Chrome/103.0.5060.134 Safari/537.36" "mantech8.com"
157.55.39.123 - - [08/Dec/2022:02:39:40 -0800] "GET /index.php/k937-f11eaafdd-73opr.ii HTTP/1.1" 200 70473 "-" "Mozilla/5.0 AppleWebKit/537.36 (KHTML, like Gecko; compatible; bingbot/2.0; +http://www.bing.com/bingbot.htm) Chrome/103.0.5060.134 Safari/537.36" "mantech8.com"
185.191.171.1 - - [08/Dec/2022:02:39:50 -0800] "GET /?camp-fire%2F40862176.html HTTP/1.1" 500 - "-" "Mozilla/5.0 (compatible; SemrushBot/7~bl; +http://www.semrush.com/bot.html)" "mantech8.com"
83.149.21.85 - - [08/Dec/2022:02:39:50 -0800] "GET /contact.php HTTP/1.1" 200 29238 "http://mantech8.com/contact.php" "Mozilla/5.0 (Windows NT 10.0; Win64; x64) AppleWebKit/537.36 (KHTML, like Gecko) Chrome/90.0.4430.72 Safari/537.36" "mantech8.com"
83.149.21.85 - - [08/Dec/2022:02:39:51 -0800] "GET /verificationimage.php?6483 HTTP/1.1" 200 1416 "http://mantech8.com/contact.php" "Mozilla/5.0 (Windows NT 10.0; Win64; x64) AppleWebKit/537.36 (KHTML, like Gecko) Chrome/90.0.4430.72 Safari/537.36" "mantech8.com"
185.191.171.33 - - [08/Dec/2022:02:39:52 -0800] "GET /?camp-fire%2F35812450.html HTTP/1.1" 500 - "-" "Mozilla/5.0 (compatible; SemrushBot/7~bl; +http://www.semrush.com/bot.html)" "mantech8.com"
83.149.21.85 - - [08/Dec/2022:02:39:53 -0800] "POST /mailer.php HTTP/1.1" 500 - "http://mantech8.com/contact.php" "Mozilla/5.0 (Windows NT 10.0; Win64; x64) AppleWebKit/537.36 (KHTML, like Gecko) Chrome/90.0.4430.72 Safari/537.36" "mantech8.com"
40.77.167.26 - - [08/Dec/2022:02:39:55 -0800] "GET /index.php/egy1-0c160bac-ve8wu.ii HTTP/1.1" 200 64322 "-" "Mozilla/5.0 AppleWebKit/537.36 (KHTML, like Gecko; compatible; bingbot/2.0; +http://www.bing.com/bingbot.htm) Chrome/103.0.5060.134 Safari/537.36" "mantech8.com"
40.77.167.26 - - [08/Dec/2022:02:39:56 -0800] "GET /index.php/pstd-45faa-ix8rc.ii HTTP/1.1" 200 66375 "-" "Mozilla/5.0 AppleWebKit/537.36 (KHTML, like Gecko; compatible; bingbot/2.0; +http://www.bing.com/bingbot.htm) Chrome/103.0.5060.134 Safari/537.36" "mantech8.com"
40.77.167.20 - - [08/Dec/2022:02:40:02 -0800] "GET /index.php/7b2ffcdc HTTP/1.1" 200 68650 "-" "Mozilla/5.0 AppleWebKit/537.36 (KHTML, like Gecko; compatible; bingbot/2.0; +http://www.bing.com/bingbot.htm) Chrome/103.0.5060.134 Safari/537.36" "mantech8.com"
207.46.13.100 - - [08/Dec/2022:02:40:29 -0800] "GET /index.php/nwtf-04b9abba-4qvmb.ii HTTP/1.1" 200 67460 "-" "Mozilla/5.0 (compatible; bingbot/2.0; +http://www.bing.com/bingbot.htm)" "mantech8.com"
40.77.167.20 - - [08/Dec/2022:02:40:33 -0800] "GET /index.php/db426cfade HTTP/1.1" 200 75004 "-" "Mozilla/5.0 AppleWebKit/537.36 (KHTML, like Gecko; compatible; bingbot/2.0; +http://www.bing.com/bingbot.htm) Chrome/103.0.5060.134 Safari/537.36" "mantech8.com"
157.55.39.123 - - [08/Dec/2022:02:40:48 -0800] "GET /index.php/YhFG-e8bbd-plxFQ.Ii HTTP/1.1" 200 68270 "-" "Mozilla/5.0 (compatible; bingbot/2.0; +http://www.bing.com/bingbot.htm)" "mantech8.com"
185.191.171.12 - - [08/Dec/2022:02:40:49 -0800] "GET /?camp-fire%2F93049834.html HTTP/1.1" 500 - "-" "Mozilla/5.0 (compatible; SemrushBot/7~bl; +http://www.semrush.com/bot.html)" "mantech8.com"
40.77.167.20 - - [08/Dec/2022:02:40:52 -0800] "GET /index.php/mhxm-4f0abbda-jtemc.ii HTTP/1.1" 200 68282 "-" "Mozilla/5.0 AppleWebKit/537.36 (KHTML, like Gecko; compatible; bingbot/2.0; +http://www.bing.com/bingbot.htm) Chrome/103.0.5060.134 Safari/537.36" "mantech8.com"
185.191.171.18 - - [08/Dec/2022:02:40:58 -0800] "GET /?camp-fire%2F40010335.html HTTP/1.1" 500 - "-" "Mozilla/5.0 (compatible; SemrushBot/7~bl; +http://www.semrush.com/bot.html)" "mantech8.com"
40.77.167.20 - - [08/Dec/2022:02:41:11 -0800] "GET /index.php/eayh-0afaeacae-rmcep.ii HTTP/1.1" 200 65643 "-" "Mozilla/5.0 AppleWebKit/537.36 (KHTML, like Gecko; compatible; bingbot/2.0; +http://www.bing.com/bingbot.htm) Chrome/103.0.5060.134 Safari/537.36" "mantech8.com"
207.46.13.125 - - [08/Dec/2022:02:41:15 -0800] "GET /index.php?/page/offerlist.htm HTTP/1.1" 200 66934 "-" "Mozilla/5.0 (compatible; bingbot/2.0; +http://www.bing.com/bingbot.htm)" "mantech8.com"
157.55.39.138 - - [08/Dec/2022:02:41:21 -0800] "GET /index.php/mkjw-6e1dfaee-bhqdl.ii HTTP/1.1" 200 64160 "-" "Mozilla/5.0 AppleWebKit/537.36 (KHTML, like Gecko; compatible; bingbot/2.0; +http://www.bing.com/bingbot.htm) Chrome/103.0.5060.134 Safari/537.36" "mantech8.com"
157.55.39.138 - - [08/Dec/2022:02:41:21 -0800] "GET /index.php/pstd-0407eeabbb-iwnwf.ii HTTP/1.1" 200 67724 "-" "Mozilla/5.0 (compatible; bingbot/2.0; +http://www.bing.com/bingbot.htm)" "mantech8.com"
40.77.167.20 - - [08/Dec/2022:02:42:02 -0800] "GET /index.php/egy1-35b36acd-vslhu.ii HTTP/1.1" 200 68100 "-" "Mozilla/5.0 AppleWebKit/537.36 (KHTML, like Gecko; compatible; bingbot/2.0; +http://www.bing.com/bingbot.htm) Chrome/103.0.5060.134 Safari/537.36" "mantech8.com"
40.77.167.20 - - [08/Dec/2022:02:42:03 -0800] "GET /index.php/q5w4-fbad7ded-jppcb.ii HTTP/1.1" 200 65882 "-" "Mozilla/5.0 AppleWebKit/537.36 (KHTML, like Gecko; compatible; bingbot/2.0; +http://www.bing.com/bingbot.htm) Chrome/103.0.5060.134 Safari/537.36" "mantech8.com"
157.55.39.138 - - [08/Dec/2022:02:42:10 -0800] "GET /index.php/nwtf-a9f73deff-4ahux.ii HTTP/1.1" 200 69751 "-" "Mozilla/5.0 (compatible; bingbot/2.0; +http://www.bing.com/bingbot.htm)" "mantech8.com"
185.191.171.44 - - [08/Dec/2022:02:42:34 -0800] "GET /?camp-fire%2F41872825.html HTTP/1.1" 500 - "-" "Mozilla/5.0 (compatible; SemrushBot/7~bl; +http://www.semrush.com/bot.html)" "mantech8.com"
40.77.167.20 - - [08/Dec/2022:02:42:43 -0800] "GET /index.php/zsuz-b981ffffc-slycm.ii HTTP/1.1" 200 73993 "-" "Mozilla/5.0 AppleWebKit/537.36 (KHTML, like Gecko; compatible; bingbot/2.0; +http://www.bing.com/bingbot.htm) Chrome/103.0.5060.134 Safari/537.36" "mantech8.com"
207.46.13.125 - - [08/Dec/2022:02:42:47 -0800] "GET /index.php/1zve-38abed-jtk2r.ii HTTP/1.1" 200 74684 "-" "Mozilla/5.0 AppleWebKit/537.36 (KHTML, like Gecko; compatible; bingbot/2.0; +http://www.bing.com/bingbot.htm) Chrome/103.0.5060.134 Safari/537.36" "mantech8.com"
207.46.13.125 - - [08/Dec/2022:02:42:48 -0800] "GET /index.php/nwtf-d4b1faeb-4akos.ii HTTP/1.1" 200 68248 "-" "Mozilla/5.0 AppleWebKit/537.36 (KHTML, like Gecko; compatible; bingbot/2.0; +http://www.bing.com/bingbot.htm) Chrome/103.0.5060.134 Safari/537.36" "mantech8.com"
157.55.39.123 - - [08/Dec/2022:02:42:52 -0800] "GET /index.php/wf2o-c27dfbfdc-g7gii.ii HTTP/1.1" 200 100264 "-" "Mozilla/5.0 AppleWebKit/537.36 (KHTML, like Gecko; compatible; bingbot/2.0; +http://www.bing.com/bingbot.htm) Chrome/103.0.5060.134 Safari/537.36" "mantech8.com"
185.191.171.11 - - [08/Dec/2022:02:43:23 -0800] "GET /index.php?camp-fire%2F12821069.html HTTP/1.1" 500 - "-" "Mozilla/5.0 (compatible; SemrushBot/7~bl; +http://www.semrush.com/bot.html)" "mantech8.com"
185.191.171.40 - - [08/Dec/2022:02:43:35 -0800] "GET /?camp-fire%2F33214470.html HTTP/1.1" 500 - "-" "Mozilla/5.0 (compatible; SemrushBot/7~bl; +http://www.semrush.com/bot.html)" "mantech8.com"
185.191.171.15 - - [08/Dec/2022:02:43:40 -0800] "GET /?camp-fire%2F64993782.html HTTP/1.1" 500 - "-" "Mozilla/5.0 (compatible; SemrushBot/7~bl; +http://www.semrush.com/bot.html)" "mantech8.com"
185.191.171.3 - - [08/Dec/2022:02:43:46 -0800] "GET /?camp-fire%2F15277056.html HTTP/1.1" 500 - "-" "Mozilla/5.0 (compatible; SemrushBot/7~bl; +http://www.semrush.com/bot.html)" "mantech8.com"
157.55.39.138 - - [08/Dec/2022:02:43:47 -0800] "GET /index.php/q5W4-93ab-jPggj.Ii HTTP/1.1" 200 65449 "-" "Mozilla/5.0 (compatible; bingbot/2.0; +http://www.bing.com/bingbot.htm)" "mantech8.com"
157.55.39.138 - - [08/Dec/2022:02:43:48 -0800] "GET /index.php/eb5r-3b4b1abb-lcrgl.ii HTTP/1.1" 200 64669 "-" "Mozilla/5.0 (compatible; bingbot/2.0; +http://www.bing.com/bingbot.htm)" "mantech8.com"
185.191.171.8 - - [08/Dec/2022:02:44:11 -0800] "GET /?camp-fire%2F36973838.html HTTP/1.1" 500 - "-" "Mozilla/5.0 (compatible; SemrushBot/7~bl; +http://www.semrush.com/bot.html)" "mantech8.com"
40.77.167.20 - - [08/Dec/2022:02:44:13 -0800] "GET /index.php/mcko-3c72fadbad-vbqzp.ii HTTP/1.1" 200 64477 "-" "Mozilla/5.0 AppleWebKit/537.36 (KHTML, like Gecko; compatible; bingbot/2.0; +http://www.bing.com/bingbot.htm) Chrome/103.0.5060.134 Safari/537.36" "mantech8.com"
40.77.167.20 - - [08/Dec/2022:02:44:14 -0800] "GET /index.php/f11dcdbca HTTP/1.1" 200 64747 "-" "Mozilla/5.0 AppleWebKit/537.36 (KHTML, like Gecko; compatible; bingbot/2.0; +http://www.bing.com/bingbot.htm) Chrome/103.0.5060.134 Safari/537.36" "mantech8.com"
157.55.39.138 - - [08/Dec/2022:02:44:19 -0800] "GET /index.php/egy1-89d4dbbbfe-vdmcj.ii HTTP/1.1" 200 61261 "-" "Mozilla/5.0 AppleWebKit/537.36 (KHTML, like Gecko; compatible; bingbot/2.0; +http://www.bing.com/bingbot.htm) Chrome/103.0.5060.134 Safari/537.36" "mantech8.com"
185.191.171.17 - - [08/Dec/2022:02:44:41 -0800] "GET /?camp-fire%2F41413571.html HTTP/1.1" 500 - "-" "Mozilla/5.0 (compatible; SemrushBot/7~bl; +http://www.semrush.com/bot.html)" "mantech8.com"
207.46.13.100 - - [08/Dec/2022:02:44:48 -0800] "GET /index.php/bb6caecfb HTTP/1.1" 200 70962 "-" "Mozilla/5.0 AppleWebKit/537.36 (KHTML, like Gecko; compatible; bingbot/2.0; +http://www.bing.com/bingbot.htm) Chrome/103.0.5060.134 Safari/537.36" "mantech8.com"
207.46.13.100 - - [08/Dec/2022:02:44:49 -0800] "GET /index.php/pstd-3afff-ien03.ii HTTP/1.1" 200 73615 "-" "Mozilla/5.0 (compatible; bingbot/2.0; +http://www.bing.com/bingbot.htm)" "mantech8.com"
207.46.13.100 - - [08/Dec/2022:02:44:49 -0800] "GET /index.php/egy1-9f7cefda-vscdc.ii HTTP/1.1" 200 66412 "-" "Mozilla/5.0 (compatible; bingbot/2.0; +http://www.bing.com/bingbot.htm)" "mantech8.com"
207.46.13.100 - - [08/Dec/2022:02:45:38 -0800] "GET /index.php/20daca HTTP/1.1" 200 104771 "-" "Mozilla/5.0 AppleWebKit/537.36 (KHTML, like Gecko; compatible; bingbot/2.0; +http://www.bing.com/bingbot.htm) Chrome/103.0.5060.134 Safari/537.36" "mantech8.com"
207.46.13.100 - - [08/Dec/2022:02:45:39 -0800] "GET /index.php/nwtf-8cfdbc-3plap.ii HTTP/1.1" 200 67456 "-" "Mozilla/5.0 (compatible; bingbot/2.0; +http://www.bing.com/bingbot.htm)" "mantech8.com"
207.46.13.125 - - [08/Dec/2022:02:45:45 -0800] "GET /index.php/nwtf-e1eef-4azn5.ii HTTP/1.1" 200 69772 "-" "Mozilla/5.0 AppleWebKit/537.36 (KHTML, like Gecko; compatible; bingbot/2.0; +http://www.bing.com/bingbot.htm) Chrome/103.0.5060.134 Safari/537.36" "mantech8.com"
207.46.13.125 - - [08/Dec/2022:02:45:46 -0800] "GET /index.php/337adadab HTTP/1.1" 200 63956 "-" "Mozilla/5.0 AppleWebKit/537.36 (KHTML, like Gecko; compatible; bingbot/2.0; +http://www.bing.com/bingbot.htm) Chrome/103.0.5060.134 Safari/537.36" "mantech8.com"
207.46.13.125 - - [08/Dec/2022:02:45:47 -0800] "GET /index.php/su70-4a5f1cddcb-ifrse.ii HTTP/1.1" 200 72715 "-" "Mozilla/5.0 AppleWebKit/537.36 (KHTML, like Gecko; compatible; bingbot/2.0; +http://www.bing.com/bingbot.htm) Chrome/103.0.5060.134 Safari/537.36" "mantech8.com"
207.46.13.125 - - [08/Dec/2022:02:45:48 -0800] "GET /index.php/yhfg-7d8bffeae-pphxj.ii HTTP/1.1" 200 63951 "-" "Mozilla/5.0 AppleWebKit/537.36 (KHTML, like Gecko; compatible; bingbot/2.0; +http://www.bing.com/bingbot.htm) Chrome/103.0.5060.134 Safari/537.36" "mantech8.com"
207.46.13.125 - - [08/Dec/2022:02:45:49 -0800] "GET /index.php/06aabddbdf HTTP/1.1" 200 70893 "-" "Mozilla/5.0 AppleWebKit/537.36 (KHTML, like Gecko; compatible; bingbot/2.0; +http://www.bing.com/bingbot.htm) Chrome/103.0.5060.134 Safari/537.36" "mantech8.com"
207.46.13.125 - - [08/Dec/2022:02:45:49 -0800] "GET /index.php/pstd-224d9fbb-iwlnk.ii HTTP/1.1" 200 64719 "-" "Mozilla/5.0 (compatible; bingbot/2.0; +http://www.bing.com/bingbot.htm)" "mantech8.com"
185.191.171.8 - - [08/Dec/2022:02:46:05 -0800] "GET /?camp-fire%2F4619885.html HTTP/1.1" 500 - "-" "Mozilla/5.0 (compatible; SemrushBot/7~bl; +http://www.semrush.com/bot.html)" "mantech8.com"
185.191.171.41 - - [08/Dec/2022:02:46:08 -0800] "GET /index.php/camp-fire/26231082.html HTTP/1.1" 500 - "-" "Mozilla/5.0 (compatible; SemrushBot/7~bl; +http://www.semrush.com/bot.html)" "mantech8.com"
157.55.39.123 - - [08/Dec/2022:02:46:10 -0800] "GET /index.php/txf8-c6629acb-alteb.ii HTTP/1.1" 200 65645 "-" "Mozilla/5.0 AppleWebKit/537.36 (KHTML, like Gecko; compatible; bingbot/2.0; +http://www.bing.com/bingbot.htm) Chrome/103.0.5060.134 Safari/537.36" "mantech8.com"
185.191.171.25 - - [08/Dec/2022:02:46:12 -0800] "GET /?camp-fire%2F40305292.html HTTP/1.1" 500 - "-" "Mozilla/5.0 (compatible; SemrushBot/7~bl; +http://www.semrush.com/bot.html)" "mantech8.com"
185.191.171.4 - - [08/Dec/2022:02:46:14 -0800] "GET /?camp-fire%2F41217306.html HTTP/1.1" 500 - "-" "Mozilla/5.0 (compatible; SemrushBot/7~bl; +http://www.semrush.com/bot.html)" "mantech8.com"
40.77.167.20 - - [08/Dec/2022:02:46:33 -0800] "GET /index.php/wtzk-86993dfdfb-nlkne.ii HTTP/1.1" 200 66902 "-" "Mozilla/5.0 (compatible; bingbot/2.0; +http://www.bing.com/bingbot.htm)" "mantech8.com"
157.55.39.138 - - [08/Dec/2022:02:46:39 -0800] "GET /index.php/1f98bbbbf HTTP/1.1" 200 63479 "-" "Mozilla/5.0 AppleWebKit/537.36 (KHTML, like Gecko; compatible; bingbot/2.0; +http://www.bing.com/bingbot.htm) Chrome/103.0.5060.134 Safari/537.36" "mantech8.com"
207.46.13.125 - - [08/Dec/2022:02:46:55 -0800] "GET /index.php/eayh-50ff-rmmbr.ii HTTP/1.1" 200 62095 "-" "Mozilla/5.0 AppleWebKit/537.36 (KHTML, like Gecko; compatible; bingbot/2.0; +http://www.bing.com/bingbot.htm) Chrome/103.0.5060.134 Safari/537.36" "mantech8.com"
185.191.171.15 - - [08/Dec/2022:02:47:18 -0800] "GET /?camp-fire%2F89966635.html HTTP/1.1" 500 - "-" "Mozilla/5.0 (compatible; SemrushBot/7~bl; +http://www.semrush.com/bot.html)" "mantech8.com"
185.191.171.26 - - [08/Dec/2022:02:47:23 -0800] "GET /?camp-fire%2F35728638.html HTTP/1.1" 500 - "-" "Mozilla/5.0 (compatible; SemrushBot/7~bl; +http://www.semrush.com/bot.html)" "mantech8.com"
207.46.13.100 - - [08/Dec/2022:02:47:30 -0800] "GET /index.php/pstd-cafbc-is2zh.ii HTTP/1.1" 200 66627 "-" "Mozilla/5.0 AppleWebKit/537.36 (KHTML, like Gecko; compatible; bingbot/2.0; +http://www.bing.com/bingbot.htm) Chrome/103.0.5060.134 Safari/537.36" "mantech8.com"
185.191.171.18 - - [08/Dec/2022:02:47:37 -0800] "GET /?camp-fire%2F30089589.html HTTP/1.1" 500 - "-" "Mozilla/5.0 (compatible; SemrushBot/7~bl; +http://www.semrush.com/bot.html)" "mantech8.com"
185.191.171.4 - - [08/Dec/2022:02:47:40 -0800] "GET /?camp-fire%2F41782703.html HTTP/1.1" 500 - "-" "Mozilla/5.0 (compatible; SemrushBot/7~bl; +http://www.semrush.com/bot.html)" "mantech8.com"
185.191.171.45 - - [08/Dec/2022:02:47:45 -0800] "GET /?camp-fire%2F96109230.html HTTP/1.1" 500 - "-" "Mozilla/5.0 (compatible; SemrushBot/7~bl; +http://www.semrush.com/bot.html)" "mantech8.com"
157.55.39.138 - - [08/Dec/2022:02:47:50 -0800] "GET /index.php/pstd-c27dfbeef-isoti.ii HTTP/1.1" 200 68008 "-" "Mozilla/5.0 AppleWebKit/537.36 (KHTML, like Gecko; compatible; bingbot/2.0; +http://www.bing.com/bingbot.htm) Chrome/103.0.5060.134 Safari/537.36" "mantech8.com"
185.191.171.14 - - [08/Dec/2022:02:47:53 -0800] "GET /?camp-fire%2F38958221.html HTTP/1.1" 500 - "-" "Mozilla/5.0 (compatible; SemrushBot/7~bl; +http://www.semrush.com/bot.html)" "mantech8.com"
