40.77.167.26 - - [08/Dec/2022:01:52:02 -0800] "GET /index.php/pstd-45faa-ix8rc.ii HTTP/1.1" 200 66508 "-" "Mozilla/5.0 (compatible; bingbot/2.0; +http://www.bing.com/bingbot.htm)" "mantech8.com"
185.191.171.26 - - [08/Dec/2022:01:52:08 -0800] "GET /?camp-fire%2F12414909.html HTTP/1.1" 500 - "-" "Mozilla/5.0 (compatible; SemrushBot/7~bl; +http://www.semrush.com/bot.html)" "mantech8.com"
40.77.167.20 - - [08/Dec/2022:01:52:16 -0800] "GET /index.php/EGy1-19399ceabc-vsJyU.Ii HTTP/1.1" 200 62782 "-" "Mozilla/5.0 (compatible; bingbot/2.0; +http://www.bing.com/bingbot.htm)" "mantech8.com"
40.77.167.20 - - [08/Dec/2022:01:52:17 -0800] "GET /index.php/db426cfade HTTP/1.1" 200 75525 "-" "Mozilla/5.0 AppleWebKit/537.36 (KHTML, like Gecko; compatible; bingbot/2.0; +http://www.bing.com/bingbot.htm) Chrome/103.0.5060.134 Safari/537.36" "mantech8.com"
185.191.171.25 - - [08/Dec/2022:01:52:21 -0800] "GET /?camp-fire%2F76785883.html HTTP/1.1" 500 - "-" "Mozilla/5.0 (compatible; SemrushBot/7~bl; +http://www.semrush.com/bot.html)" "mantech8.com"
185.191.171.10 - - [08/Dec/2022:01:52:23 -0800] "GET /?camp-fire%2F76005532.html HTTP/1.1" 500 - "-" "Mozilla/5.0 (compatible; SemrushBot/7~bl; +http://www.semrush.com/bot.html)" "mantech8.com"
157.55.39.123 - - [08/Dec/2022:01:52:23 -0800] "GET /bimages/service/s999.jpg HTTP/1.1" 200 134475 "-" "Mozilla/5.0 AppleWebKit/537.36 (KHTML, like Gecko; compatible; bingbot/2.0; +http://www.bing.com/bingbot.htm) Chrome/103.0.5060.134 Safari/537.36" "www.mantech8.com"
185.191.171.18 - - [08/Dec/2022:01:52:26 -0800] "GET /?camp-fire%2F43388757.html HTTP/1.1" 500 - "-" "Mozilla/5.0 (compatible; SemrushBot/7~bl; +http://www.semrush.com/bot.html)" "mantech8.com"
207.46.13.100 - - [08/Dec/2022:01:52:33 -0800] "GET /index.php/wf2o-ffacd-g4ibc.ii HTTP/1.1" 200 73333 "-" "Mozilla/5.0 (compatible; bingbot/2.0; +http://www.bing.com/bingbot.htm)" "mantech8.com"
157.55.39.123 - - [08/Dec/2022:01:52:38 -0800] "GET /index.php/k937-f11eaafdd-73opr.ii HTTP/1.1" 200 70560 "-" "Mozilla/5.0 (compatible; bingbot/2.0; +http://www.bing.com/bingbot.htm)" "mantech8.com"
157.55.39.138 - - [08/Dec/2022:01:52:45 -0800] "GET /index.php/pstd-0407eeabbb-iwnwf.ii HTTP/1.1" 200 67110 "-" "Mozilla/5.0 AppleWebKit/537.36 (KHTML, like Gecko; compatible; bingbot/2.0; +http://www.bing.com/bingbot.htm) Chrome/103.0.5060.134 Safari/537.36" "mantech8.com"
157.55.39.138 - - [08/Dec/2022:01:52:46 -0800] "GET /index.php/mcko-a1fd-vt7jw.ii HTTP/1.1" 200 62920 "-" "Mozilla/5.0 (compatible; bingbot/2.0; +http://www.bing.com/bingbot.htm)" "mantech8.com"
185.191.171.15 - - [08/Dec/2022:01:53:18 -0800] "GET /index.php/camp-fire/17403465.html HTTP/1.1" 500 - "-" "Mozilla/5.0 (compatible; SemrushBot/7~bl; +http://www.semrush.com/bot.html)" "mantech8.com"
185.191.171.6 - - [08/Dec/2022:01:53:21 -0800] "GET /?camp-fire%2F35041325.html HTTP/1.1" 500 - "-" "Mozilla/5.0 (compatible; SemrushBot/7~bl; +http://www.semrush.com/bot.html)" "mantech8.com"
185.191.171.12 - - [08/Dec/2022:01:53:33 -0800] "GET /?camp-fire%2F52397359.html HTTP/1.1" 500 - "-" "Mozilla/5.0 (compatible; SemrushBot/7~bl; +http://www.semrush.com/bot.html)" "mantech8.com"
157.55.39.123 - - [08/Dec/2022:01:54:04 -0800] "GET /index.php/nWTf-da25ccdfc-4AJES.Ii HTTP/1.1" 200 66949 "-" "Mozilla/5.0 AppleWebKit/537.36 (KHTML, like Gecko; compatible; bingbot/2.0; +http://www.bing.com/bingbot.htm) Chrome/103.0.5060.134 Safari/537.36" "mantech8.com"
157.55.39.138 - - [08/Dec/2022:01:54:45 -0800] "GET /index.php/kvrw-a85f7ddfb-y9spo.ii HTTP/1.1" 200 65565 "-" "Mozilla/5.0 AppleWebKit/537.36 (KHTML, like Gecko; compatible; bingbot/2.0; +http://www.bing.com/bingbot.htm) Chrome/103.0.5060.134 Safari/537.36" "mantech8.com"
40.77.167.20 - - [08/Dec/2022:01:54:48 -0800] "GET /index.php/pstd-da7e8afa-is47t.ii HTTP/1.1" 200 72280 "-" "Mozilla/5.0 (compatible; bingbot/2.0; +http://www.bing.com/bingbot.htm)" "mantech8.com"
40.77.167.20 - - [08/Dec/2022:01:54:49 -0800] "GET /index.php/txf8-974a3faae-aputi.ii HTTP/1.1" 200 92113 "-" "Mozilla/5.0 AppleWebKit/537.36 (KHTML, like Gecko; compatible; bingbot/2.0; +http://www.bing.com/bingbot.htm) Chrome/103.0.5060.134 Safari/537.36" "mantech8.com"
40.77.167.20 - - [08/Dec/2022:01:54:50 -0800] "GET /index.php/q5w4-fbad7ded-jppcb.ii HTTP/1.1" 200 65600 "-" "Mozilla/5.0 AppleWebKit/537.36 (KHTML, like Gecko; compatible; bingbot/2.0; +http://www.bing.com/bingbot.htm) Chrome/103.0.5060.134 Safari/537.36" "mantech8.com"
40.77.167.20 - - [08/Dec/2022:01:54:50 -0800] "GET /index.php/pstd-cc3a2cade-ietgg.ii HTTP/1.1" 200 62834 "-" "Mozilla/5.0 AppleWebKit/537.36 (KHTML, like Gecko; compatible; bingbot/2.0; +http://www.bing.com/bingbot.htm) Chrome/103.0.5060.134 Safari/537.36" "mantech8.com"
157.55.39.123 - - [08/Dec/2022:01:55:05 -0800] "GET /index.php/su70-56c4cfbe-iflvt.ii HTTP/1.1" 200 64618 "-" "Mozilla/5.0 (compatible; bingbot/2.0; +http://www.bing.com/bingbot.htm)" "mantech8.com"
157.55.39.123 - - [08/Dec/2022:01:55:06 -0800] "GET /index.php/q5w4-4ddc-jobop.ii HTTP/1.1" 200 68335 "-" "Mozilla/5.0 (compatible; bingbot/2.0; +http://www.bing.com/bingbot.htm)" "mantech8.com"
40.77.167.20 - - [08/Dec/2022:01:55:10 -0800] "GET /index.php/mcko-3c72fadbad-vbqzp.ii HTTP/1.1" 200 64421 "-" "Mozilla/5.0 AppleWebKit/537.36 (KHTML, like Gecko; compatible; bingbot/2.0; +http://www.bing.com/bingbot.htm) Chrome/103.0.5060.134 Safari/537.36" "mantech8.com"
207.46.13.125 - - [08/Dec/2022:01:55:39 -0800] "GET /index.php/EGy1-025ccefe-vsqot.Ii HTTP/1.1" 200 70730 "-" "Mozilla/5.0 AppleWebKit/537.36 (KHTML, like Gecko; compatible; bingbot/2.0; +http://www.bing.com/bingbot.htm) Chrome/103.0.5060.134 Safari/537.36" "mantech8.com"
207.46.13.125 - - [08/Dec/2022:01:55:40 -0800] "GET /index.php/WtZk-a5adc-n2Buh.Ii HTTP/1.1" 200 63205 "-" "Mozilla/5.0 (compatible; bingbot/2.0; +http://www.bing.com/bingbot.htm)" "mantech8.com"
207.46.13.125 - - [08/Dec/2022:01:55:40 -0800] "GET /index.php/k937-08ffb-72ojl.ii HTTP/1.1" 200 72174 "-" "Mozilla/5.0 (compatible; bingbot/2.0; +http://www.bing.com/bingbot.htm)" "mantech8.com"
207.46.13.125 - - [08/Dec/2022:01:55:41 -0800] "GET /index.php/nwtf-d4b1faeb-4akos.ii HTTP/1.1" 200 68317 "-" "Mozilla/5.0 (compatible; bingbot/2.0; +http://www.bing.com/bingbot.htm)" "mantech8.com"
207.46.13.125 - - [08/Dec/2022:01:55:41 -0800] "GET /index.php/70beda HTTP/1.1" 200 64289 "-" "Mozilla/5.0 AppleWebKit/537.36 (KHTML, like Gecko; compatible; bingbot/2.0; +http://www.bing.com/bingbot.htm) Chrome/103.0.5060.134 Safari/537.36" "mantech8.com"
40.77.167.26 - - [08/Dec/2022:01:55:42 -0800] "GET /index.php/mcko-facdfaada-vg4ra.ii HTTP/1.1" 200 63892 "-" "Mozilla/5.0 (compatible; bingbot/2.0; +http://www.bing.com/bingbot.htm)" "mantech8.com"
207.46.13.125 - - [08/Dec/2022:01:55:42 -0800] "GET /index.php/1zve-38abed-jtk2r.ii HTTP/1.1" 200 75098 "-" "Mozilla/5.0 AppleWebKit/537.36 (KHTML, like Gecko; compatible; bingbot/2.0; +http://www.bing.com/bingbot.htm) Chrome/103.0.5060.134 Safari/537.36" "mantech8.com"
40.77.167.26 - - [08/Dec/2022:01:55:52 -0800] "GET /index.php/wsum-6bded-e1djt.ii HTTP/1.1" 200 68422 "-" "Mozilla/5.0 (compatible; bingbot/2.0; +http://www.bing.com/bingbot.htm)" "mantech8.com"
157.55.39.138 - - [08/Dec/2022:01:55:57 -0800] "GET /index.php/egy1-89d4dbbbfe-vdmcj.ii HTTP/1.1" 200 61588 "-" "Mozilla/5.0 (compatible; bingbot/2.0; +http://www.bing.com/bingbot.htm)" "mantech8.com"
207.46.13.100 - - [08/Dec/2022:01:56:34 -0800] "GET /index.php/17f72adefa HTTP/1.1" 200 67549 "-" "Mozilla/5.0 AppleWebKit/537.36 (KHTML, like Gecko; compatible; bingbot/2.0; +http://www.bing.com/bingbot.htm) Chrome/103.0.5060.134 Safari/537.36" "mantech8.com"
185.191.171.17 - - [08/Dec/2022:01:56:36 -0800] "GET /?camp-fire%2F29671133.html HTTP/1.1" 500 - "-" "Mozilla/5.0 (compatible; SemrushBot/7~bl; +http://www.semrush.com/bot.html)" "mantech8.com"
185.191.171.1 - - [08/Dec/2022:01:56:41 -0800] "GET /?camp-fire%2F76143469.html HTTP/1.1" 500 - "-" "Mozilla/5.0 (compatible; SemrushBot/7~bl; +http://www.semrush.com/bot.html)" "mantech8.com"
157.55.39.123 - - [08/Dec/2022:01:56:45 -0800] "GET /index.php/wf2o-c27dfbfdc-g7gii.ii HTTP/1.1" 200 100660 "-" "Mozilla/5.0 AppleWebKit/537.36 (KHTML, like Gecko; compatible; bingbot/2.0; +http://www.bing.com/bingbot.htm) Chrome/103.0.5060.134 Safari/537.36" "mantech8.com"
157.55.39.123 - - [08/Dec/2022:01:56:46 -0800] "GET /index.php/deaf HTTP/1.1" 200 64466 "-" "Mozilla/5.0 AppleWebKit/537.36 (KHTML, like Gecko; compatible; bingbot/2.0; +http://www.bing.com/bingbot.htm) Chrome/103.0.5060.134 Safari/537.36" "mantech8.com"
185.191.171.38 - - [08/Dec/2022:01:57:03 -0800] "GET /?camp-fire%2F38076972.html HTTP/1.1" 500 - "-" "Mozilla/5.0 (compatible; SemrushBot/7~bl; +http://www.semrush.com/bot.html)" "mantech8.com"
185.191.171.1 - - [08/Dec/2022:01:57:04 -0800] "GET /?camp-fire%2F79760766.html HTTP/1.1" 500 - "-" "Mozilla/5.0 (compatible; SemrushBot/7~bl; +http://www.semrush.com/bot.html)" "mantech8.com"
157.55.39.123 - - [08/Dec/2022:01:57:35 -0800] "GET /index.php/txf8-c6629acb-alteb.ii HTTP/1.1" 200 65698 "-" "Mozilla/5.0 AppleWebKit/537.36 (KHTML, like Gecko; compatible; bingbot/2.0; +http://www.bing.com/bingbot.htm) Chrome/103.0.5060.134 Safari/537.36" "mantech8.com"
185.191.171.15 - - [08/Dec/2022:01:57:37 -0800] "GET /?camp-fire%2F27302570.html HTTP/1.1" 500 - "-" "Mozilla/5.0 (compatible; SemrushBot/7~bl; +http://www.semrush.com/bot.html)" "mantech8.com"
207.46.13.100 - - [08/Dec/2022:01:57:54 -0800] "GET /index.php/egy1-9f7cefda-vscdc.ii HTTP/1.1" 200 66734 "-" "Mozilla/5.0 (compatible; bingbot/2.0; +http://www.bing.com/bingbot.htm)" "mantech8.com"
207.46.13.100 - - [08/Dec/2022:01:57:55 -0800] "GET /index.php/20daca HTTP/1.1" 200 105215 "-" "Mozilla/5.0 AppleWebKit/537.36 (KHTML, like Gecko; compatible; bingbot/2.0; +http://www.bing.com/bingbot.htm) Chrome/103.0.5060.134 Safari/537.36" "mantech8.com"
157.55.39.123 - - [08/Dec/2022:01:58:04 -0800] "GET /index.php/nwtf-639efdaac-3lkoq.ii HTTP/1.1" 200 75949 "-" "Mozilla/5.0 (compatible; bingbot/2.0; +http://www.bing.com/bingbot.htm)" "mantech8.com"
185.191.171.6 - - [08/Dec/2022:01:58:09 -0800] "GET /?camp-fire%2F58081888.html HTTP/1.1" 500 - "-" "Mozilla/5.0 (compatible; SemrushBot/7~bl; +http://www.semrush.com/bot.html)" "mantech8.com"
185.191.171.23 - - [08/Dec/2022:01:58:24 -0800] "GET /?camp-fire%2F32758725.html HTTP/1.1" 500 - "-" "Mozilla/5.0 (compatible; SemrushBot/7~bl; +http://www.semrush.com/bot.html)" "mantech8.com"
40.77.167.20 - - [08/Dec/2022:01:58:28 -0800] "GET /index.php/wtzk-86993dfdfb-nlkne.ii HTTP/1.1" 200 66563 "-" "Mozilla/5.0 (compatible; bingbot/2.0; +http://www.bing.com/bingbot.htm)" "mantech8.com"
40.77.167.20 - - [08/Dec/2022:01:58:29 -0800] "GET /index.php/f11dcdbca HTTP/1.1" 200 64632 "-" "Mozilla/5.0 (compatible; bingbot/2.0; +http://www.bing.com/bingbot.htm)" "mantech8.com"
185.191.171.17 - - [08/Dec/2022:01:58:29 -0800] "GET /?camp-fire%2F41382671.html HTTP/1.1" 500 - "-" "Mozilla/5.0 (compatible; SemrushBot/7~bl; +http://www.semrush.com/bot.html)" "mantech8.com"
185.191.171.23 - - [08/Dec/2022:01:58:40 -0800] "GET /?camp-fire%2F33909908.html HTTP/1.1" 500 - "-" "Mozilla/5.0 (compatible; SemrushBot/7~bl; +http://www.semrush.com/bot.html)" "mantech8.com"
40.77.167.26 - - [08/Dec/2022:01:58:41 -0800] "GET /index.php/mcko-94f4aaddb-vtsat.ii HTTP/1.1" 200 63316 "-" "Mozilla/5.0 AppleWebKit/537.36 (KHTML, like Gecko; compatible; bingbot/2.0; +http://www.bing.com/bingbot.htm) Chrome/103.0.5060.134 Safari/537.36" "mantech8.com"
40.77.167.26 - - [08/Dec/2022:01:58:42 -0800] "GET /index.php/1zve-05abaf-jr4fw.ii HTTP/1.1" 200 66605 "-" "Mozilla/5.0 (compatible; bingbot/2.0; +http://www.bing.com/bingbot.htm)" "mantech8.com"
40.77.167.26 - - [08/Dec/2022:01:58:43 -0800] "GET /index.php/vmbp-f9ecc-unteu.ii HTTP/1.1" 200 68393 "-" "Mozilla/5.0 (compatible; bingbot/2.0; +http://www.bing.com/bingbot.htm)" "mantech8.com"
40.77.167.26 - - [08/Dec/2022:01:58:43 -0800] "GET /index.php/nwtf-a4fab-3lup3.ii HTTP/1.1" 200 68719 "-" "Mozilla/5.0 (compatible; bingbot/2.0; +http://www.bing.com/bingbot.htm)" "mantech8.com"
207.46.13.100 - - [08/Dec/2022:01:58:53 -0800] "GET /index.php/d896cebf HTTP/1.1" 200 69863 "-" "Mozilla/5.0 AppleWebKit/537.36 (KHTML, like Gecko; compatible; bingbot/2.0; +http://www.bing.com/bingbot.htm) Chrome/103.0.5060.134 Safari/537.36" "mantech8.com"
207.46.13.125 - - [08/Dec/2022:01:58:59 -0800] "GET /index.php/yPSP-a5e67feee-wKRWn.Ii HTTP/1.1" 200 65105 "-" "Mozilla/5.0 (compatible; bingbot/2.0; +http://www.bing.com/bingbot.htm)" "mantech8.com"
207.46.13.125 - - [08/Dec/2022:01:59:00 -0800] "GET /index.php/nWTf-dcfdecfab-4AySo.Ii HTTP/1.1" 200 65139 "-" "Mozilla/5.0 (compatible; bingbot/2.0; +http://www.bing.com/bingbot.htm)" "mantech8.com"
207.46.13.125 - - [08/Dec/2022:01:59:01 -0800] "GET /index.php/eayh-50ff-rmmbr.ii HTTP/1.1" 200 61695 "-" "Mozilla/5.0 AppleWebKit/537.36 (KHTML, like Gecko; compatible; bingbot/2.0; +http://www.bing.com/bingbot.htm) Chrome/103.0.5060.134 Safari/537.36" "mantech8.com"
207.46.13.125 - - [08/Dec/2022:01:59:01 -0800] "GET /index.php/yhfg-7d8bffeae-pphxj.ii HTTP/1.1" 200 63908 "-" "Mozilla/5.0 (compatible; bingbot/2.0; +http://www.bing.com/bingbot.htm)" "mantech8.com"
207.46.13.125 - - [08/Dec/2022:01:59:01 -0800] "GET /index.php/su70-4a5f1cddcb-ifrse.ii HTTP/1.1" 200 72576 "-" "Mozilla/5.0 (compatible; bingbot/2.0; +http://www.bing.com/bingbot.htm)" "mantech8.com"
207.46.13.125 - - [08/Dec/2022:01:59:02 -0800] "GET /index.php/06aabddbdf HTTP/1.1" 200 71320 "-" "Mozilla/5.0 AppleWebKit/537.36 (KHTML, like Gecko; compatible; bingbot/2.0; +http://www.bing.com/bingbot.htm) Chrome/103.0.5060.134 Safari/537.36" "mantech8.com"
185.191.171.19 - - [08/Dec/2022:01:59:14 -0800] "GET /?camp-fire%2F97326135.html HTTP/1.1" 500 - "-" "Mozilla/5.0 (compatible; SemrushBot/7~bl; +http://www.semrush.com/bot.html)" "mantech8.com"
207.46.13.125 - - [08/Dec/2022:01:59:21 -0800] "GET /index.php/pstd-ebdeec-isrop.ii HTTP/1.1" 200 66904 "-" "Mozilla/5.0 AppleWebKit/537.36 (KHTML, like Gecko; compatible; bingbot/2.0; +http://www.bing.com/bingbot.htm) Chrome/103.0.5060.134 Safari/537.36" "mantech8.com"
207.46.13.100 - - [08/Dec/2022:01:59:25 -0800] "GET /index.php/mkjw-9eeadeed-bhr41.ii HTTP/1.1" 200 78638 "-" "Mozilla/5.0 AppleWebKit/537.36 (KHTML, like Gecko; compatible; bingbot/2.0; +http://www.bing.com/bingbot.htm) Chrome/103.0.5060.134 Safari/537.36" "mantech8.com"
157.55.39.138 - - [08/Dec/2022:01:59:55 -0800] "GET /index.php/97vp-bd82dedfec-aicpd.ii HTTP/1.1" 200 65384 "-" "Mozilla/5.0 (compatible; bingbot/2.0; +http://www.bing.com/bingbot.htm)" "mantech8.com"
207.46.13.125 - - [08/Dec/2022:02:00:11 -0800] "GET /index.php/k937-1aafa-74yec.ii HTTP/1.1" 200 72337 "-" "Mozilla/5.0 AppleWebKit/537.36 (KHTML, like Gecko; compatible; bingbot/2.0; +http://www.bing.com/bingbot.htm) Chrome/103.0.5060.134 Safari/537.36" "mantech8.com"
157.55.39.123 - - [08/Dec/2022:02:00:16 -0800] "GET /index.php/egy1-93fbf-vdaob.ii HTTP/1.1" 200 68846 "-" "Mozilla/5.0 (compatible; bingbot/2.0; +http://www.bing.com/bingbot.htm)" "mantech8.com"
185.191.171.6 - - [08/Dec/2022:02:00:18 -0800] "GET /?camp-fire%2F35956125.html HTTP/1.1" 500 - "-" "Mozilla/5.0 (compatible; SemrushBot/7~bl; +http://www.semrush.com/bot.html)" "mantech8.com"
207.46.13.100 - - [08/Dec/2022:02:00:25 -0800] "GET /index.php/pstd-cafbc-is2zh.ii HTTP/1.1" 200 66142 "-" "Mozilla/5.0 (compatible; bingbot/2.0; +http://www.bing.com/bingbot.htm)" "mantech8.com"
207.46.13.100 - - [08/Dec/2022:02:00:25 -0800] "GET /index.php/egy1-685d6fbc-vdwiz.ii HTTP/1.1" 200 70557 "-" "Mozilla/5.0 AppleWebKit/537.36 (KHTML, like Gecko; compatible; bingbot/2.0; +http://www.bing.com/bingbot.htm) Chrome/103.0.5060.134 Safari/537.36" "mantech8.com"
157.55.39.138 - - [08/Dec/2022:02:00:46 -0800] "GET /index.php/ba8S-bb3b6fcca-00adO.Ii HTTP/1.1" 200 61123 "-" "Mozilla/5.0 AppleWebKit/537.36 (KHTML, like Gecko; compatible; bingbot/2.0; +http://www.bing.com/bingbot.htm) Chrome/103.0.5060.134 Safari/537.36" "mantech8.com"
157.55.39.138 - - [08/Dec/2022:02:00:48 -0800] "GET /index.php/nwtf-6cabd-3pgvc.ii HTTP/1.1" 200 65010 "-" "Mozilla/5.0 AppleWebKit/537.36 (KHTML, like Gecko; compatible; bingbot/2.0; +http://www.bing.com/bingbot.htm) Chrome/103.0.5060.134 Safari/537.36" "mantech8.com"
40.77.167.20 - - [08/Dec/2022:02:00:58 -0800] "GET /index.php/jagj-d3ae-1vasp.ii HTTP/1.1" 200 67235 "-" "Mozilla/5.0 AppleWebKit/537.36 (KHTML, like Gecko; compatible; bingbot/2.0; +http://www.bing.com/bingbot.htm) Chrome/103.0.5060.134 Safari/537.36" "mantech8.com"
185.191.171.44 - - [08/Dec/2022:02:00:59 -0800] "GET /index.php?camp-fire%2F17592980.html HTTP/1.1" 500 - "-" "Mozilla/5.0 (compatible; SemrushBot/7~bl; +http://www.semrush.com/bot.html)" "mantech8.com"
40.77.167.26 - - [08/Dec/2022:02:01:12 -0800] "GET /index.php/egy1-90dc-vxp50.ii HTTP/1.1" 200 63448 "-" "Mozilla/5.0 (compatible; bingbot/2.0; +http://www.bing.com/bingbot.htm)" "mantech8.com"
185.191.171.44 - - [08/Dec/2022:02:01:16 -0800] "GET /index.php/camp-fire/27791646.html HTTP/1.1" 500 - "-" "Mozilla/5.0 (compatible; SemrushBot/7~bl; +http://www.semrush.com/bot.html)" "mantech8.com"
157.55.39.123 - - [08/Dec/2022:02:01:17 -0800] "GET /index.php/mcko-f1baef-vtvso.ii HTTP/1.1" 200 71318 "-" "Mozilla/5.0 (compatible; bingbot/2.0; +http://www.bing.com/bingbot.htm)" "mantech8.com"
157.55.39.123 - - [08/Dec/2022:02:01:17 -0800] "GET /index.php/mcko-625fbeef-vbols.ii HTTP/1.1" 200 68270 "-" "Mozilla/5.0 (compatible; bingbot/2.0; +http://www.bing.com/bingbot.htm)" "mantech8.com"
185.191.171.26 - - [08/Dec/2022:02:01:49 -0800] "GET /?camp-fire%2F35650550.html HTTP/1.1" 500 - "-" "Mozilla/5.0 (compatible; SemrushBot/7~bl; +http://www.semrush.com/bot.html)" "mantech8.com"
185.191.171.44 - - [08/Dec/2022:02:01:53 -0800] "GET /?camp-fire%2F34275932.html HTTP/1.1" 500 - "-" "Mozilla/5.0 (compatible; SemrushBot/7~bl; +http://www.semrush.com/bot.html)" "mantech8.com"
185.191.171.10 - - [08/Dec/2022:02:02:09 -0800] "GET /?camp-fire%2F70819065.html HTTP/1.1" 500 - "-" "Mozilla/5.0 (compatible; SemrushBot/7~bl; +http://www.semrush.com/bot.html)" "mantech8.com"
40.77.167.26 - - [08/Dec/2022:02:02:22 -0800] "GET /index.php/naq6-4ee0ceaacb-iub8y.ii HTTP/1.1" 200 67720 "-" "Mozilla/5.0 (compatible; bingbot/2.0; +http://www.bing.com/bingbot.htm)" "mantech8.com"
207.46.13.100 - - [08/Dec/2022:02:02:24 -0800] "GET /index.php/egy1-e2d3beaded-vdvnn.ii HTTP/1.1" 200 63009 "-" "Mozilla/5.0 (compatible; bingbot/2.0; +http://www.bing.com/bingbot.htm)" "mantech8.com"
157.55.39.123 - - [08/Dec/2022:02:02:26 -0800] "GET /index.php/31L7-6d8debddd-oNxGd.Ii HTTP/1.1" 200 66168 "-" "Mozilla/5.0 (compatible; bingbot/2.0; +http://www.bing.com/bingbot.htm)" "mantech8.com"
185.191.171.11 - - [08/Dec/2022:02:02:30 -0800] "GET /?camp-fire%2F37035378.html HTTP/1.1" 500 - "-" "Mozilla/5.0 (compatible; SemrushBot/7~bl; +http://www.semrush.com/bot.html)" "mantech8.com"
40.77.167.20 - - [08/Dec/2022:02:02:38 -0800] "GET /index.php/kjz2-7e5aacae-hafwq.ii HTTP/1.1" 200 68332 "-" "Mozilla/5.0 AppleWebKit/537.36 (KHTML, like Gecko; compatible; bingbot/2.0; +http://www.bing.com/bingbot.htm) Chrome/103.0.5060.134 Safari/537.36" "mantech8.com"
185.191.171.8 - - [08/Dec/2022:02:02:51 -0800] "GET /?camp-fire%2F93232126.html HTTP/1.1" 500 - "-" "Mozilla/5.0 (compatible; SemrushBot/7~bl; +http://www.semrush.com/bot.html)" "mantech8.com"
157.55.39.123 - - [08/Dec/2022:02:03:25 -0800] "GET /index.php/vmbp-515bcbad-umums.ii HTTP/1.1" 200 66139 "-" "Mozilla/5.0 (compatible; bingbot/2.0; +http://www.bing.com/bingbot.htm)" "mantech8.com"
157.55.39.123 - - [08/Dec/2022:02:03:27 -0800] "GET /index.php/imvf-3f3defefc-ypigi.ii HTTP/1.1" 200 65019 "-" "Mozilla/5.0 AppleWebKit/537.36 (KHTML, like Gecko; compatible; bingbot/2.0; +http://www.bing.com/bingbot.htm) Chrome/103.0.5060.134 Safari/537.36" "mantech8.com"
185.191.171.14 - - [08/Dec/2022:02:03:29 -0800] "GET /?camp-fire%2F90852484.html HTTP/1.1" 500 - "-" "Mozilla/5.0 (compatible; SemrushBot/7~bl; +http://www.semrush.com/bot.html)" "mantech8.com"
185.191.171.24 - - [08/Dec/2022:02:03:34 -0800] "GET /?camp-fire%2F38151403.html HTTP/1.1" 500 - "-" "Mozilla/5.0 (compatible; SemrushBot/7~bl; +http://www.semrush.com/bot.html)" "mantech8.com"
40.77.167.26 - - [08/Dec/2022:02:03:42 -0800] "GET /index.php/nwtf-6afe-3lhla.ii HTTP/1.1" 200 71932 "-" "Mozilla/5.0 (compatible; bingbot/2.0; +http://www.bing.com/bingbot.htm)" "mantech8.com"
157.55.39.138 - - [08/Dec/2022:02:03:46 -0800] "GET /index.php/wtzk-a6e8ffef-nloge.ii HTTP/1.1" 200 66507 "-" "Mozilla/5.0 (compatible; bingbot/2.0; +http://www.bing.com/bingbot.htm)" "mantech8.com"
157.55.39.123 - - [08/Dec/2022:02:03:47 -0800] "GET /index.php/egy1-3cf8fdbbc-vsymo.ii HTTP/1.1" 200 68307 "-" "Mozilla/5.0 AppleWebKit/537.36 (KHTML, like Gecko; compatible; bingbot/2.0; +http://www.bing.com/bingbot.htm) Chrome/103.0.5060.134 Safari/537.36" "mantech8.com"
207.46.13.100 - - [08/Dec/2022:02:03:55 -0800] "GET /index.php/8fefeb HTTP/1.1" 200 64113 "-" "Mozilla/5.0 AppleWebKit/537.36 (KHTML, like Gecko; compatible; bingbot/2.0; +http://www.bing.com/bingbot.htm) Chrome/103.0.5060.134 Safari/537.36" "mantech8.com"
207.46.13.100 - - [08/Dec/2022:02:03:56 -0800] "GET /index.php/52cfca HTTP/1.1" 200 66233 "-" "Mozilla/5.0 AppleWebKit/537.36 (KHTML, like Gecko; compatible; bingbot/2.0; +http://www.bing.com/bingbot.htm) Chrome/103.0.5060.134 Safari/537.36" "mantech8.com"
207.46.13.125 - - [08/Dec/2022:02:04:02 -0800] "GET /index.php/bljc-26b1bfcfdc-ksbop.ii HTTP/1.1" 200 70083 "-" "Mozilla/5.0 AppleWebKit/537.36 (KHTML, like Gecko; compatible; bingbot/2.0; +http://www.bing.com/bingbot.htm) Chrome/103.0.5060.134 Safari/537.36" "mantech8.com"
185.191.171.20 - - [08/Dec/2022:02:04:04 -0800] "GET /?camp-fire%2F40862676.html HTTP/1.1" 500 - "-" "Mozilla/5.0 (compatible; SemrushBot/7~bl; +http://www.semrush.com/bot.html)" "mantech8.com"
207.46.13.125 - - [08/Dec/2022:02:04:04 -0800] "GET /index.php/mcko-82bcc-vygum.ii HTTP/1.1" 200 63377 "-" "Mozilla/5.0 (compatible; bingbot/2.0; +http://www.bing.com/bingbot.htm)" "mantech8.com"
157.55.39.138 - - [08/Dec/2022:02:04:07 -0800] "GET /index.php/mcko-bd79beeddb-vt5mo.ii HTTP/1.1" 200 65209 "-" "Mozilla/5.0 (compatible; bingbot/2.0; +http://www.bing.com/bingbot.htm)" "mantech8.com"
157.55.39.138 - - [08/Dec/2022:02:04:07 -0800] "GET /index.php/f2si-b3cea-dlecz.ii HTTP/1.1" 200 68750 "-" "Mozilla/5.0 (compatible; bingbot/2.0; +http://www.bing.com/bingbot.htm)" "mantech8.com"
40.77.167.20 - - [08/Dec/2022:02:04:39 -0800] "GET /index.php/pstd-0045dafcba-ieryo.ii HTTP/1.1" 200 68883 "-" "Mozilla/5.0 (compatible; bingbot/2.0; +http://www.bing.com/bingbot.htm)" "mantech8.com"
40.77.167.20 - - [08/Dec/2022:02:04:40 -0800] "GET /index.php/kjz2-7afff-ham5l.ii HTTP/1.1" 200 65296 "-" "Mozilla/5.0 AppleWebKit/537.36 (KHTML, like Gecko; compatible; bingbot/2.0; +http://www.bing.com/bingbot.htm) Chrome/103.0.5060.134 Safari/537.36" "mantech8.com"
157.55.39.138 - - [08/Dec/2022:02:04:56 -0800] "GET /index.php/om8t-d8cbf-xo2et.ii HTTP/1.1" 200 69111 "-" "Mozilla/5.0 (compatible; bingbot/2.0; +http://www.bing.com/bingbot.htm)" "mantech8.com"
157.55.39.138 - - [08/Dec/2022:02:04:56 -0800] "GET /index.php/c276bfcfc HTTP/1.1" 200 61189 "-" "Mozilla/5.0 AppleWebKit/537.36 (KHTML, like Gecko; compatible; bingbot/2.0; +http://www.bing.com/bingbot.htm) Chrome/103.0.5060.134 Safari/537.36" "mantech8.com"
40.77.167.26 - - [08/Dec/2022:02:05:03 -0800] "GET /index.php/q5W4-11bfc-jPBTl.Ii HTTP/1.1" 200 64119 "-" "Mozilla/5.0 (compatible; bingbot/2.0; +http://www.bing.com/bingbot.htm)" "mantech8.com"
185.191.171.22 - - [08/Dec/2022:02:05:05 -0800] "GET /?camp-fire%2F33445068.html HTTP/1.1" 500 - "-" "Mozilla/5.0 (compatible; SemrushBot/7~bl; +http://www.semrush.com/bot.html)" "mantech8.com"
40.77.167.26 - - [08/Dec/2022:02:05:05 -0800] "GET /index.php/4753cdffe HTTP/1.1" 200 66763 "-" "Mozilla/5.0 (compatible; bingbot/2.0; +http://www.bing.com/bingbot.htm)" "mantech8.com"
157.55.39.123 - - [08/Dec/2022:02:05:15 -0800] "GET /index.php/nwtf-d0bee-3pnrb.ii HTTP/1.1" 200 62235 "-" "Mozilla/5.0 (compatible; bingbot/2.0; +http://www.bing.com/bingbot.htm)" "mantech8.com"
40.77.167.20 - - [08/Dec/2022:02:05:37 -0800] "GET /index.php/51cc HTTP/1.1" 200 68525 "-" "Mozilla/5.0 (compatible; bingbot/2.0; +http://www.bing.com/bingbot.htm)" "mantech8.com"
40.77.167.20 - - [08/Dec/2022:02:05:39 -0800] "GET /index.php/e93ebebf HTTP/1.1" 200 60799 "-" "Mozilla/5.0 AppleWebKit/537.36 (KHTML, like Gecko; compatible; bingbot/2.0; +http://www.bing.com/bingbot.htm) Chrome/103.0.5060.134 Safari/537.36" "mantech8.com"
40.77.167.20 - - [08/Dec/2022:02:05:57 -0800] "GET /index.php/wf2o-494edefef-g56al.ii HTTP/1.1" 200 73795 "-" "Mozilla/5.0 (compatible; bingbot/2.0; +http://www.bing.com/bingbot.htm)" "mantech8.com"
157.55.39.138 - - [08/Dec/2022:02:06:17 -0800] "GET /index.php/pstd-4df0eddfed-ixq2t.ii HTTP/1.1" 200 64075 "-" "Mozilla/5.0 AppleWebKit/537.36 (KHTML, like Gecko; compatible; bingbot/2.0; +http://www.bing.com/bingbot.htm) Chrome/103.0.5060.134 Safari/537.36" "mantech8.com"
185.191.171.22 - - [08/Dec/2022:02:06:45 -0800] "GET /?camp-fire%2F43669472.html HTTP/1.1" 500 - "-" "Mozilla/5.0 (compatible; SemrushBot/7~bl; +http://www.semrush.com/bot.html)" "mantech8.com"
157.55.39.138 - - [08/Dec/2022:02:06:46 -0800] "GET /index.php/6e9eeaaa HTTP/1.1" 200 69568 "-" "Mozilla/5.0 (compatible; bingbot/2.0; +http://www.bing.com/bingbot.htm)" "mantech8.com"
207.46.13.125 - - [08/Dec/2022:02:07:01 -0800] "GET /index.php/vmbp-7a62efaced-umw73.ii HTTP/1.1" 200 59996 "-" "Mozilla/5.0 (compatible; bingbot/2.0; +http://www.bing.com/bingbot.htm)" "mantech8.com"
207.46.13.125 - - [08/Dec/2022:02:07:02 -0800] "GET /index.php/egy1-47db-vsimn.ii HTTP/1.1" 200 65265 "-" "Mozilla/5.0 (compatible; bingbot/2.0; +http://www.bing.com/bingbot.htm)" "mantech8.com"
185.191.171.6 - - [08/Dec/2022:02:07:04 -0800] "GET /?camp-fire%2F7595721.html HTTP/1.1" 500 - "-" "Mozilla/5.0 (compatible; SemrushBot/7~bl; +http://www.semrush.com/bot.html)" "mantech8.com"
207.46.13.100 - - [08/Dec/2022:02:07:35 -0800] "GET /index.php/nwtf-c1ec-4almp.ii HTTP/1.1" 200 66922 "-" "Mozilla/5.0 (compatible; bingbot/2.0; +http://www.bing.com/bingbot.htm)" "mantech8.com"
207.46.13.100 - - [08/Dec/2022:02:07:37 -0800] "GET /index.php/1c5dfeefc HTTP/1.1" 200 61889 "-" "Mozilla/5.0 AppleWebKit/537.36 (KHTML, like Gecko; compatible; bingbot/2.0; +http://www.bing.com/bingbot.htm) Chrome/103.0.5060.134 Safari/537.36" "mantech8.com"
185.191.171.20 - - [08/Dec/2022:02:07:53 -0800] "GET /?camp-fire%2F96761551.html HTTP/1.1" 500 - "-" "Mozilla/5.0 (compatible; SemrushBot/7~bl; +http://www.semrush.com/bot.html)" "mantech8.com"
157.55.39.138 - - [08/Dec/2022:02:08:05 -0800] "GET /index.php/8ceacfabdb HTTP/1.1" 200 73396 "-" "Mozilla/5.0 AppleWebKit/537.36 (KHTML, like Gecko; compatible; bingbot/2.0; +http://www.bing.com/bingbot.htm) Chrome/103.0.5060.134 Safari/537.36" "mantech8.com"
157.55.39.138 - - [08/Dec/2022:02:08:06 -0800] "GET /index.php/feecef HTTP/1.1" 200 64708 "-" "Mozilla/5.0 (compatible; bingbot/2.0; +http://www.bing.com/bingbot.htm)" "mantech8.com"
185.191.171.3 - - [08/Dec/2022:02:08:13 -0800] "GET /?camp-fire%2F38840992.html HTTP/1.1" 500 - "-" "Mozilla/5.0 (compatible; SemrushBot/7~bl; +http://www.semrush.com/bot.html)" "mantech8.com"
157.55.39.123 - - [08/Dec/2022:02:08:16 -0800] "GET /index.php/egy1-86f8dbad-vce9s.ii HTTP/1.1" 200 64739 "-" "Mozilla/5.0 (compatible; bingbot/2.0; +http://www.bing.com/bingbot.htm)" "mantech8.com"
40.77.167.26 - - [08/Dec/2022:02:08:22 -0800] "GET /index.php/ae50ffdec HTTP/1.1" 200 62123 "-" "Mozilla/5.0 AppleWebKit/537.36 (KHTML, like Gecko; compatible; bingbot/2.0; +http://www.bing.com/bingbot.htm) Chrome/103.0.5060.134 Safari/537.36" "mantech8.com"
40.77.167.26 - - [08/Dec/2022:02:08:23 -0800] "GET /index.php/aaffbdfda/befdfebdb HTTP/1.1" 200 68239 "-" "Mozilla/5.0 (compatible; bingbot/2.0; +http://www.bing.com/bingbot.htm)" "mantech8.com"
185.191.171.23 - - [08/Dec/2022:02:08:24 -0800] "GET /?camp-fire%2F27810346.html HTTP/1.1" 500 - "-" "Mozilla/5.0 (compatible; SemrushBot/7~bl; +http://www.semrush.com/bot.html)" "mantech8.com"
207.46.13.100 - - [08/Dec/2022:02:08:25 -0800] "GET /index.php/c5ade/1aedb HTTP/1.1" 200 65548 "-" "Mozilla/5.0 AppleWebKit/537.36 (KHTML, like Gecko; compatible; bingbot/2.0; +http://www.bing.com/bingbot.htm) Chrome/103.0.5060.134 Safari/537.36" "mantech8.com"
185.191.171.8 - - [08/Dec/2022:02:08:26 -0800] "GET /?camp-fire%2F39930076.html HTTP/1.1" 500 - "-" "Mozilla/5.0 (compatible; SemrushBot/7~bl; +http://www.semrush.com/bot.html)" "mantech8.com"
185.191.171.37 - - [08/Dec/2022:02:08:31 -0800] "GET /?camp-fire%2F36506525.html HTTP/1.1" 500 - "-" "Mozilla/5.0 (compatible; SemrushBot/7~bl; +http://www.semrush.com/bot.html)" "mantech8.com"
185.191.171.16 - - [08/Dec/2022:02:08:36 -0800] "GET /?camp-fire%2F42662841.html HTTP/1.1" 500 - "-" "Mozilla/5.0 (compatible; SemrushBot/7~bl; +http://www.semrush.com/bot.html)" "mantech8.com"
103.78.53.119 - - [08/Dec/2022:02:08:53 -0800] "GET /contact.php HTTP/1.1" 200 29238 "https://www.google.com/" "Mozilla/5.0 (Windows NT 10.0; Win64; x64) AppleWebKit/537.36 (KHTML, like Gecko) Chrome/108.0.0.0 Safari/537.36" "www.mantech8.com"
103.78.53.119 - - [08/Dec/2022:02:08:54 -0800] "GET /revolution/css/settings.css HTTP/1.1" 200 7703 "http://www.mantech8.com/contact.php" "Mozilla/5.0 (Windows NT 10.0; Win64; x64) AppleWebKit/537.36 (KHTML, like Gecko) Chrome/108.0.0.0 Safari/537.36" "www.mantech8.com"
103.78.53.119 - - [08/Dec/2022:02:08:54 -0800] "GET /engine1/style.css HTTP/1.1" 200 2450 "http://www.mantech8.com/contact.php" "Mozilla/5.0 (Windows NT 10.0; Win64; x64) AppleWebKit/537.36 (KHTML, like Gecko) Chrome/108.0.0.0 Safari/537.36" "www.mantech8.com"
103.78.53.119 - - [08/Dec/2022:02:08:54 -0800] "GET /revolution/css/layers.css HTTP/1.1" 200 7418 "http://www.mantech8.com/contact.php" "Mozilla/5.0 (Windows NT 10.0; Win64; x64) AppleWebKit/537.36 (KHTML, like Gecko) Chrome/108.0.0.0 Safari/537.36" "www.mantech8.com"
103.78.53.119 - - [08/Dec/2022:02:08:54 -0800] "GET /revolution/css/navigation.css HTTP/1.1" 200 8028 "http://www.mantech8.com/contact.php" "Mozilla/5.0 (Windows NT 10.0; Win64; x64) AppleWebKit/537.36 (KHTML, like Gecko) Chrome/108.0.0.0 Safari/537.36" "www.mantech8.com"
103.78.53.119 - - [08/Dec/2022:02:08:54 -0800] "GET /css/contact-form.css HTTP/1.1" 200 1554 "http://www.mantech8.com/contact.php" "Mozilla/5.0 (Windows NT 10.0; Win64; x64) AppleWebKit/537.36 (KHTML, like Gecko) Chrome/108.0.0.0 Safari/537.36" "www.mantech8.com"
103.78.53.119 - - [08/Dec/2022:02:08:54 -0800] "GET /css/contactstyle.css HTTP/1.1" 200 2844 "http://www.mantech8.com/contact.php" "Mozilla/5.0 (Windows NT 10.0; Win64; x64) AppleWebKit/537.36 (KHTML, like Gecko) Chrome/108.0.0.0 Safari/537.36" "www.mantech8.com"
103.78.53.119 - - [08/Dec/2022:02:08:54 -0800] "GET /css/style2.css HTTP/1.1" 200 8414 "http://www.mantech8.com/contact.php" "Mozilla/5.0 (Windows NT 10.0; Win64; x64) AppleWebKit/537.36 (KHTML, like Gecko) Chrome/108.0.0.0 Safari/537.36" "www.mantech8.com"
103.78.53.119 - - [08/Dec/2022:02:08:54 -0800] "GET /css/grid.css HTTP/1.1" 200 1400 "http://www.mantech8.com/contact.php" "Mozilla/5.0 (Windows NT 10.0; Win64; x64) AppleWebKit/537.36 (KHTML, like Gecko) Chrome/108.0.0.0 Safari/537.36" "www.mantech8.com"
103.78.53.119 - - [08/Dec/2022:02:08:54 -0800] "GET /css/responsive1.css HTTP/1.1" 200 1710 "http://www.mantech8.com/contact.php" "Mozilla/5.0 (Windows NT 10.0; Win64; x64) AppleWebKit/537.36 (KHTML, like Gecko) Chrome/108.0.0.0 Safari/537.36" "www.mantech8.com"
103.78.53.119 - - [08/Dec/2022:02:08:54 -0800] "GET /css/animate.css HTTP/1.1" 200 4264 "http://www.mantech8.com/contact.php" "Mozilla/5.0 (Windows NT 10.0; Win64; x64) AppleWebKit/537.36 (KHTML, like Gecko) Chrome/108.0.0.0 Safari/537.36" "www.mantech8.com"
103.78.53.119 - - [08/Dec/2022:02:08:54 -0800] "GET /css/style.css HTTP/1.1" 200 126990 "http://www.mantech8.com/contact.php" "Mozilla/5.0 (Windows NT 10.0; Win64; x64) AppleWebKit/537.36 (KHTML, like Gecko) Chrome/108.0.0.0 Safari/537.36" "www.mantech8.com"
103.78.53.119 - - [08/Dec/2022:02:08:55 -0800] "GET /css/font-awesome.css HTTP/1.1" 200 5793 "http://www.mantech8.com/css/style2.css" "Mozilla/5.0 (Windows NT 10.0; Win64; x64) AppleWebKit/537.36 (KHTML, like Gecko) Chrome/108.0.0.0 Safari/537.36" "www.mantech8.com"
103.78.53.119 - - [08/Dec/2022:02:08:55 -0800] "GET /css/hover.css HTTP/1.1" 200 8530 "http://www.mantech8.com/css/style2.css" "Mozilla/5.0 (Windows NT 10.0; Win64; x64) AppleWebKit/537.36 (KHTML, like Gecko) Chrome/108.0.0.0 Safari/537.36" "www.mantech8.com"
103.78.53.119 - - [08/Dec/2022:02:08:55 -0800] "GET /css/flaticon.css HTTP/1.1" 200 321 "http://www.mantech8.com/css/style2.css" "Mozilla/5.0 (Windows NT 10.0; Win64; x64) AppleWebKit/537.36 (KHTML, like Gecko) Chrome/108.0.0.0 Safari/537.36" "www.mantech8.com"
103.78.53.119 - - [08/Dec/2022:02:08:55 -0800] "GET /js/jquery.marquee.js?v=3 HTTP/1.1" 404 88 "http://www.mantech8.com/contact.php" "Mozilla/5.0 (Windows NT 10.0; Win64; x64) AppleWebKit/537.36 (KHTML, like Gecko) Chrome/108.0.0.0 Safari/537.36" "www.mantech8.com"
103.78.53.119 - - [08/Dec/2022:02:08:55 -0800] "GET /js/jquery-1.11.3.min.js HTTP/1.1" 200 33279 "http://www.mantech8.com/contact.php" "Mozilla/5.0 (Windows NT 10.0; Win64; x64) AppleWebKit/537.36 (KHTML, like Gecko) Chrome/108.0.0.0 Safari/537.36" "www.mantech8.com"
103.78.53.119 - - [08/Dec/2022:02:08:56 -0800] "GET /js/jquery-migrate-1.2.1.min.js HTTP/1.1" 200 3063 "http://www.mantech8.com/contact.php" "Mozilla/5.0 (Windows NT 10.0; Win64; x64) AppleWebKit/537.36 (KHTML, like Gecko) Chrome/108.0.0.0 Safari/537.36" "www.mantech8.com"
103.78.53.119 - - [08/Dec/2022:02:08:56 -0800] "GET /revolution/js/jquery.themepunch.tools.min.js HTTP/1.1" 200 36033 "http://www.mantech8.com/contact.php" "Mozilla/5.0 (Windows NT 10.0; Win64; x64) AppleWebKit/537.36 (KHTML, like Gecko) Chrome/108.0.0.0 Safari/537.36" "www.mantech8.com"
103.78.53.119 - - [08/Dec/2022:02:08:57 -0800] "GET /revolution/js/jquery.themepunch.revolution.min.js HTTP/1.1" 200 14034 "http://www.mantech8.com/contact.php" "Mozilla/5.0 (Windows NT 10.0; Win64; x64) AppleWebKit/537.36 (KHTML, like Gecko) Chrome/108.0.0.0 Safari/537.36" "www.mantech8.com"
103.78.53.119 - - [08/Dec/2022:02:08:57 -0800] "GET /js/plugins.js HTTP/1.1" 200 67071 "http://www.mantech8.com/contact.php" "Mozilla/5.0 (Windows NT 10.0; Win64; x64) AppleWebKit/537.36 (KHTML, like Gecko) Chrome/108.0.0.0 Safari/537.36" "www.mantech8.com"
103.78.53.119 - - [08/Dec/2022:02:08:58 -0800] "GET /js/custom.js HTTP/1.1" 200 1648 "http://www.mantech8.com/contact.php" "Mozilla/5.0 (Windows NT 10.0; Win64; x64) AppleWebKit/537.36 (KHTML, like Gecko) Chrome/108.0.0.0 Safari/537.36" "www.mantech8.com"
103.78.53.119 - - [08/Dec/2022:02:08:58 -0800] "GET /js/bootstrap.min.js HTTP/1.1" 200 9765 "http://www.mantech8.com/contact.php" "Mozilla/5.0 (Windows NT 10.0; Win64; x64) AppleWebKit/537.36 (KHTML, like Gecko) Chrome/108.0.0.0 Safari/537.36" "www.mantech8.com"
103.78.53.119 - - [08/Dec/2022:02:08:58 -0800] "GET /js/core.min1.js HTTP/1.1" 200 5104 "http://www.mantech8.com/contact.php" "Mozilla/5.0 (Windows NT 10.0; Win64; x64) AppleWebKit/537.36 (KHTML, like Gecko) Chrome/108.0.0.0 Safari/537.36" "www.mantech8.com"
103.78.53.119 - - [08/Dec/2022:02:08:58 -0800] "GET /js/rd-smoothscroll.min1.js HTTP/1.1" 200 1124 "http://www.mantech8.com/contact.php" "Mozilla/5.0 (Windows NT 10.0; Win64; x64) AppleWebKit/537.36 (KHTML, like Gecko) Chrome/108.0.0.0 Safari/537.36" "www.mantech8.com"
103.78.53.119 - - [08/Dec/2022:02:08:58 -0800] "GET /js/jquery.rd-parallax.js HTTP/1.1" 200 2021 "http://www.mantech8.com/contact.php" "Mozilla/5.0 (Windows NT 10.0; Win64; x64) AppleWebKit/537.36 (KHTML, like Gecko) Chrome/108.0.0.0 Safari/537.36" "www.mantech8.com"
103.78.53.119 - - [08/Dec/2022:02:08:58 -0800] "GET /images/flag-23-gif.gif HTTP/1.1" 200 20141 "http://www.mantech8.com/contact.php" "Mozilla/5.0 (Windows NT 10.0; Win64; x64) AppleWebKit/537.36 (KHTML, like Gecko) Chrome/108.0.0.0 Safari/537.36" "www.mantech8.com"
103.78.53.119 - - [08/Dec/2022:02:08:58 -0800] "GET /fonts/fontawesome-webfont.woff2?v=4.5.0 HTTP/1.1" 200 66624 "http://www.mantech8.com/css/style.css" "Mozilla/5.0 (Windows NT 10.0; Win64; x64) AppleWebKit/537.36 (KHTML, like Gecko) Chrome/108.0.0.0 Safari/537.36" "www.mantech8.com"
103.78.53.119 - - [08/Dec/2022:02:08:58 -0800] "GET /fonts/MaterialIcons-Regular.woff2 HTTP/1.1" 200 36888 "http://www.mantech8.com/css/style.css" "Mozilla/5.0 (Windows NT 10.0; Win64; x64) AppleWebKit/537.36 (KHTML, like Gecko) Chrome/108.0.0.0 Safari/537.36" "www.mantech8.com"
103.78.53.119 - - [08/Dec/2022:02:08:58 -0800] "GET /js/script.js HTTP/1.1" 200 7687 "http://www.mantech8.com/contact.php" "Mozilla/5.0 (Windows NT 10.0; Win64; x64) AppleWebKit/537.36 (KHTML, like Gecko) Chrome/108.0.0.0 Safari/537.36" "www.mantech8.com"
103.78.53.119 - - [08/Dec/2022:02:08:58 -0800] "GET /images/form-loader.gif HTTP/1.1" 404 88 "http://www.mantech8.com/css/contact-form.css" "Mozilla/5.0 (Windows NT 10.0; Win64; x64) AppleWebKit/537.36 (KHTML, like Gecko) Chrome/108.0.0.0 Safari/537.36" "www.mantech8.com"
103.78.53.119 - - [08/Dec/2022:02:08:58 -0800] "GET /images/parallaxcont.jpg HTTP/1.1" 200 2613369 "http://www.mantech8.com/css/contactstyle.css" "Mozilla/5.0 (Windows NT 10.0; Win64; x64) AppleWebKit/537.36 (KHTML, like Gecko) Chrome/108.0.0.0 Safari/537.36" "www.mantech8.com"
103.78.53.119 - - [08/Dec/2022:02:08:58 -0800] "GET /revolution/js/revolution.extension.actions.min.js HTTP/1.1" 200 2110 "http://www.mantech8.com/contact.php" "Mozilla/5.0 (Windows NT 10.0; Win64; x64) AppleWebKit/537.36 (KHTML, like Gecko) Chrome/108.0.0.0 Safari/537.36" "www.mantech8.com"
103.78.53.119 - - [08/Dec/2022:02:08:58 -0800] "GET /revolution/js/revolution.extension.carousel.min.js HTTP/1.1" 200 2465 "http://www.mantech8.com/contact.php" "Mozilla/5.0 (Windows NT 10.0; Win64; x64) AppleWebKit/537.36 (KHTML, like Gecko) Chrome/108.0.0.0 Safari/537.36" "www.mantech8.com"
103.78.53.119 - - [08/Dec/2022:02:08:58 -0800] "GET /js/wow.min.js HTTP/1.1" 200 2731 "http://www.mantech8.com/contact.php" "Mozilla/5.0 (Windows NT 10.0; Win64; x64) AppleWebKit/537.36 (KHTML, like Gecko) Chrome/108.0.0.0 Safari/537.36" "www.mantech8.com"
103.78.53.119 - - [08/Dec/2022:02:08:58 -0800] "GET /js/jquery.ui.totop.min.js HTTP/1.1" 200 510 "http://www.mantech8.com/contact.php" "Mozilla/5.0 (Windows NT 10.0; Win64; x64) AppleWebKit/537.36 (KHTML, like Gecko) Chrome/108.0.0.0 Safari/537.36" "www.mantech8.com"
40.77.167.20 - - [08/Dec/2022:02:08:58 -0800] "GET /index.php/egy1-93f1eacfd-vsqdi.ii HTTP/1.1" 200 67975 "-" "Mozilla/5.0 (compatible; bingbot/2.0; +http://www.bing.com/bingbot.htm)" "mantech8.com"
103.78.53.119 - - [08/Dec/2022:02:08:59 -0800] "GET /revolution/js/revolution.extension.kenburn.min.js HTTP/1.1" 200 1285 "http://www.mantech8.com/contact.php" "Mozilla/5.0 (Windows NT 10.0; Win64; x64) AppleWebKit/537.36 (KHTML, like Gecko) Chrome/108.0.0.0 Safari/537.36" "www.mantech8.com"
103.78.53.119 - - [08/Dec/2022:02:08:59 -0800] "GET /revolution/js/revolution.extension.layeranimation.min.js HTTP/1.1" 200 8295 "http://www.mantech8.com/contact.php" "Mozilla/5.0 (Windows NT 10.0; Win64; x64) AppleWebKit/537.36 (KHTML, like Gecko) Chrome/108.0.0.0 Safari/537.36" "www.mantech8.com"
103.78.53.119 - - [08/Dec/2022:02:08:59 -0800] "GET /revolution/js/revolution.extension.migration.min.js HTTP/1.1" 200 1739 "http://www.mantech8.com/contact.php" "Mozilla/5.0 (Windows NT 10.0; Win64; x64) AppleWebKit/537.36 (KHTML, like Gecko) Chrome/108.0.0.0 Safari/537.36" "www.mantech8.com"
103.78.53.119 - - [08/Dec/2022:02:08:59 -0800] "GET /revolution/js/revolution.extension.navigation.min.js HTTP/1.1" 200 6533 "http://www.mantech8.com/contact.php" "Mozilla/5.0 (Windows NT 10.0; Win64; x64) AppleWebKit/537.36 (KHTML, like Gecko) Chrome/108.0.0.0 Safari/537.36" "www.mantech8.com"
103.78.53.119 - - [08/Dec/2022:02:08:59 -0800] "GET /revolution/js/revolution.extension.parallax.min.js HTTP/1.1" 200 2490 "http://www.mantech8.com/contact.php" "Mozilla/5.0 (Windows NT 10.0; Win64; x64) AppleWebKit/537.36 (KHTML, like Gecko) Chrome/108.0.0.0 Safari/537.36" "www.mantech8.com"
103.78.53.119 - - [08/Dec/2022:02:08:59 -0800] "GET /revolution/js/revolution.extension.slideanims.min.js HTTP/1.1" 200 6622 "http://www.mantech8.com/contact.php" "Mozilla/5.0 (Windows NT 10.0; Win64; x64) AppleWebKit/537.36 (KHTML, like Gecko) Chrome/108.0.0.0 Safari/537.36" "www.mantech8.com"
103.78.53.119 - - [08/Dec/2022:02:08:59 -0800] "GET /revolution/js/revolution.extension.video.min.js HTTP/1.1" 200 5233 "http://www.mantech8.com/contact.php" "Mozilla/5.0 (Windows NT 10.0; Win64; x64) AppleWebKit/537.36 (KHTML, like Gecko) Chrome/108.0.0.0 Safari/537.36" "www.mantech8.com"
103.78.53.119 - - [08/Dec/2022:02:08:59 -0800] "GET /images/logo1.png HTTP/1.1" 200 2143 "http://www.mantech8.com/contact.php" "Mozilla/5.0 (Windows NT 10.0; Win64; x64) AppleWebKit/537.36 (KHTML, like Gecko) Chrome/108.0.0.0 Safari/537.36" "www.mantech8.com"
103.78.53.119 - - [08/Dec/2022:02:08:59 -0800] "GET /verificationimage.php?8401 HTTP/1.1" 200 1358 "http://www.mantech8.com/contact.php" "Mozilla/5.0 (Windows NT 10.0; Win64; x64) AppleWebKit/537.36 (KHTML, like Gecko) Chrome/108.0.0.0 Safari/537.36" "www.mantech8.com"
40.77.167.20 - - [08/Dec/2022:02:08:59 -0800] "GET /index.php/vmbp-3b1bdfee-ujwql.ii HTTP/1.1" 200 78429 "-" "Mozilla/5.0 (compatible; bingbot/2.0; +http://www.bing.com/bingbot.htm)" "mantech8.com"
207.46.13.100 - - [08/Dec/2022:02:09:06 -0800] "GET /index.php/wf2o-ddcfabdbac-g4sfd.ii HTTP/1.1" 200 70267 "-" "Mozilla/5.0 (compatible; bingbot/2.0; +http://www.bing.com/bingbot.htm)" "mantech8.com"
103.78.53.119 - - [08/Dec/2022:02:09:14 -0800] "GET /images/favicon.ico HTTP/1.1" 200 241886 "http://www.mantech8.com/contact.php" "Mozilla/5.0 (Windows NT 10.0; Win64; x64) AppleWebKit/537.36 (KHTML, like Gecko) Chrome/108.0.0.0 Safari/537.36" "www.mantech8.com"
185.191.171.20 - - [08/Dec/2022:02:09:15 -0800] "GET /?camp-fire%2F95396426.html HTTP/1.1" 500 - "-" "Mozilla/5.0 (compatible; SemrushBot/7~bl; +http://www.semrush.com/bot.html)" "mantech8.com"
207.46.13.100 - - [08/Dec/2022:02:09:35 -0800] "GET /index.php/egy1-9a9e8dbd-vsimq.ii HTTP/1.1" 200 59307 "-" "Mozilla/5.0 AppleWebKit/537.36 (KHTML, like Gecko; compatible; bingbot/2.0; +http://www.bing.com/bingbot.htm) Chrome/103.0.5060.134 Safari/537.36" "mantech8.com"
114.119.133.103 - - [08/Dec/2022:02:09:52 -0800] "GET /index.php?sitemap55.xml HTTP/1.1" 200 289315 "-" "Mozilla/5.0 (compatible;PetalBot;+https://webmaster.petalsearch.com/site/petalbot)" "mantech8.com"
207.46.13.100 - - [08/Dec/2022:02:09:55 -0800] "GET /index.php/wf2o-68fbf-g4zyz.ii HTTP/1.1" 200 75478 "-" "Mozilla/5.0 AppleWebKit/537.36 (KHTML, like Gecko; compatible; bingbot/2.0; +http://www.bing.com/bingbot.htm) Chrome/103.0.5060.134 Safari/537.36" "mantech8.com"
207.46.13.100 - - [08/Dec/2022:02:09:56 -0800] "GET /index.php/mcko-195a7afa-vbmqq.ii HTTP/1.1" 200 66767 "-" "Mozilla/5.0 (compatible; bingbot/2.0; +http://www.bing.com/bingbot.htm)" "mantech8.com"
185.191.171.3 - - [08/Dec/2022:02:10:24 -0800] "GET /?camp-fire%2F78607317.html HTTP/1.1" 500 - "-" "Mozilla/5.0 (compatible; SemrushBot/7~bl; +http://www.semrush.com/bot.html)" "mantech8.com"
185.191.171.10 - - [08/Dec/2022:02:10:26 -0800] "GET /?camp-fire%2F47877493.html HTTP/1.1" 500 - "-" "Mozilla/5.0 (compatible; SemrushBot/7~bl; +http://www.semrush.com/bot.html)" "mantech8.com"
40.77.167.26 - - [08/Dec/2022:02:10:32 -0800] "GET /index.php/mcko-2eaa7fce-vthxf.ii HTTP/1.1" 200 69825 "-" "Mozilla/5.0 AppleWebKit/537.36 (KHTML, like Gecko; compatible; bingbot/2.0; +http://www.bing.com/bingbot.htm) Chrome/103.0.5060.134 Safari/537.36" "mantech8.com"
185.191.171.4 - - [08/Dec/2022:02:10:55 -0800] "GET /?camp-fire%2F97049938.html HTTP/1.1" 500 - "-" "Mozilla/5.0 (compatible; SemrushBot/7~bl; +http://www.semrush.com/bot.html)" "mantech8.com"
40.77.167.20 - - [08/Dec/2022:02:10:58 -0800] "GET /index.php/yhfg-931caccac-popox.ii HTTP/1.1" 200 60382 "-" "Mozilla/5.0 (compatible; bingbot/2.0; +http://www.bing.com/bingbot.htm)" "mantech8.com"
185.191.171.40 - - [08/Dec/2022:02:10:59 -0800] "GET /?camp-fire%2F39413417.html HTTP/1.1" 500 - "-" "Mozilla/5.0 (compatible; SemrushBot/7~bl; +http://www.semrush.com/bot.html)" "mantech8.com"
185.191.171.40 - - [08/Dec/2022:02:11:05 -0800] "GET /?camp-fire%2F39205971.html HTTP/1.1" 500 - "-" "Mozilla/5.0 (compatible; SemrushBot/7~bl; +http://www.semrush.com/bot.html)" "mantech8.com"
114.119.132.163 - - [08/Dec/2022:02:11:07 -0800] "GET /chuppah.xml HTTP/1.1" 404 88 "-" "Mozilla/5.0 (compatible;PetalBot;+https://webmaster.petalsearch.com/site/petalbot)" "mantech8.com"
207.46.13.100 - - [08/Dec/2022:02:11:15 -0800] "GET /index.php/caddaf HTTP/1.1" 200 64194 "-" "Mozilla/5.0 (compatible; bingbot/2.0; +http://www.bing.com/bingbot.htm)" "mantech8.com"
157.55.39.123 - - [08/Dec/2022:02:11:19 -0800] "GET /index.php/nwtf-9a7ececc-4qg1c.ii HTTP/1.1" 200 61655 "-" "Mozilla/5.0 AppleWebKit/537.36 (KHTML, like Gecko; compatible; bingbot/2.0; +http://www.bing.com/bingbot.htm) Chrome/103.0.5060.134 Safari/537.36" "mantech8.com"
207.46.13.125 - - [08/Dec/2022:02:12:01 -0800] "GET /index.php/wf2o-fea0bbafac-g4qad.ii HTTP/1.1" 200 65186 "-" "Mozilla/5.0 AppleWebKit/537.36 (KHTML, like Gecko; compatible; bingbot/2.0; +http://www.bing.com/bingbot.htm) Chrome/103.0.5060.134 Safari/537.36" "mantech8.com"
207.46.13.125 - - [08/Dec/2022:02:12:02 -0800] "GET /index.php/d2aaeefeb HTTP/1.1" 200 67565 "-" "Mozilla/5.0 (compatible; bingbot/2.0; +http://www.bing.com/bingbot.htm)" "mantech8.com"
185.191.171.26 - - [08/Dec/2022:02:12:08 -0800] "GET /?camp-fire%2F35795138.html HTTP/1.1" 500 - "-" "Mozilla/5.0 (compatible; SemrushBot/7~bl; +http://www.semrush.com/bot.html)" "mantech8.com"
157.55.39.123 - - [08/Dec/2022:02:12:10 -0800] "GET /index.php/pstd-ebeebefa-ieqdt.ii HTTP/1.1" 200 78210 "-" "Mozilla/5.0 (compatible; bingbot/2.0; +http://www.bing.com/bingbot.htm)" "mantech8.com"
157.55.39.123 - - [08/Dec/2022:02:12:46 -0800] "GET /index.php/4626accb HTTP/1.1" 200 66861 "-" "Mozilla/5.0 AppleWebKit/537.36 (KHTML, like Gecko; compatible; bingbot/2.0; +http://www.bing.com/bingbot.htm) Chrome/103.0.5060.134 Safari/537.36" "mantech8.com"
157.55.39.138 - - [08/Dec/2022:02:13:06 -0800] "GET /index.php/nwtf-22366bab-3pliz.ii HTTP/1.1" 200 71925 "-" "Mozilla/5.0 (compatible; bingbot/2.0; +http://www.bing.com/bingbot.htm)" "mantech8.com"
157.55.39.123 - - [08/Dec/2022:02:13:11 -0800] "GET /index.php/wf2o-b7edde-g4mzv.ii HTTP/1.1" 200 64603 "-" "Mozilla/5.0 AppleWebKit/537.36 (KHTML, like Gecko; compatible; bingbot/2.0; +http://www.bing.com/bingbot.htm) Chrome/103.0.5060.134 Safari/537.36" "mantech8.com"
157.55.39.138 - - [08/Dec/2022:02:13:47 -0800] "GET /index.php/nwtf-0e7dbbfcc-3lxzj.ii HTTP/1.1" 200 67098 "-" "Mozilla/5.0 AppleWebKit/537.36 (KHTML, like Gecko; compatible; bingbot/2.0; +http://www.bing.com/bingbot.htm) Chrome/103.0.5060.134 Safari/537.36" "mantech8.com"
185.191.171.33 - - [08/Dec/2022:02:13:57 -0800] "GET /?camp-fire%2F89575181.html HTTP/1.1" 500 - "-" "Mozilla/5.0 (compatible; SemrushBot/7~bl; +http://www.semrush.com/bot.html)" "mantech8.com"
40.77.167.26 - - [08/Dec/2022:02:14:34 -0800] "GET /index.php/egy1-1c9bcbbafc-vxpav.ii HTTP/1.1" 200 69234 "-" "Mozilla/5.0 (compatible; bingbot/2.0; +http://www.bing.com/bingbot.htm)" "mantech8.com"
40.77.167.20 - - [08/Dec/2022:02:14:39 -0800] "GET /index.php/egy1-792cdeba-vsvum.ii HTTP/1.1" 200 65080 "-" "Mozilla/5.0 (compatible; bingbot/2.0; +http://www.bing.com/bingbot.htm)" "mantech8.com"
40.77.167.20 - - [08/Dec/2022:02:14:40 -0800] "GET /index.php/naq6-f3adfaadd-inkmr.ii HTTP/1.1" 200 75116 "-" "Mozilla/5.0 AppleWebKit/537.36 (KHTML, like Gecko; compatible; bingbot/2.0; +http://www.bing.com/bingbot.htm) Chrome/103.0.5060.134 Safari/537.36" "mantech8.com"
207.46.13.100 - - [08/Dec/2022:02:14:46 -0800] "GET /index.php/kjz2-97fd-haejy.ii HTTP/1.1" 200 68986 "-" "Mozilla/5.0 (compatible; bingbot/2.0; +http://www.bing.com/bingbot.htm)" "mantech8.com"
157.55.39.138 - - [08/Dec/2022:02:14:57 -0800] "GET /index.php/k937-ad3bbccb-71sut.ii HTTP/1.1" 200 64890 "-" "Mozilla/5.0 (compatible; bingbot/2.0; +http://www.bing.com/bingbot.htm)" "mantech8.com"
157.55.39.138 - - [08/Dec/2022:02:14:58 -0800] "GET /index.php/s0kv-99eb8ddeca-oe9cu.ii HTTP/1.1" 200 64662 "-" "Mozilla/5.0 (compatible; bingbot/2.0; +http://www.bing.com/bingbot.htm)" "mantech8.com"
40.77.167.20 - - [08/Dec/2022:02:15:01 -0800] "GET /index.php/txf8-f7aa-zq8ig.ii HTTP/1.1" 200 67159 "-" "Mozilla/5.0 (compatible; bingbot/2.0; +http://www.bing.com/bingbot.htm)" "mantech8.com"
185.191.171.6 - - [08/Dec/2022:02:15:22 -0800] "GET /?camp-fire%2F38126503.html HTTP/1.1" 500 - "-" "Mozilla/5.0 (compatible; SemrushBot/7~bl; +http://www.semrush.com/bot.html)" "mantech8.com"
185.191.171.11 - - [08/Dec/2022:02:15:36 -0800] "GET /?camp-fire%2F26354706.html HTTP/1.1" 500 - "-" "Mozilla/5.0 (compatible; SemrushBot/7~bl; +http://www.semrush.com/bot.html)" "mantech8.com"
40.77.167.20 - - [08/Dec/2022:02:15:50 -0800] "GET /index.php/mcko-4140bffa-vyntk.ii HTTP/1.1" 500 - "-" "Mozilla/5.0 (compatible; bingbot/2.0; +http://www.bing.com/bingbot.htm)" "mantech8.com"
185.191.171.7 - - [08/Dec/2022:02:16:32 -0800] "GET /?camp-fire%2F14723224.html HTTP/1.1" 500 - "-" "Mozilla/5.0 (compatible; SemrushBot/7~bl; +http://www.semrush.com/bot.html)" "mantech8.com"
157.55.39.123 - - [08/Dec/2022:02:16:26 -0800] "GET /index.php/txf8-11abfe-alc88.ii HTTP/1.1" 200 69109 "-" "Mozilla/5.0 AppleWebKit/537.36 (KHTML, like Gecko; compatible; bingbot/2.0; +http://www.bing.com/bingbot.htm) Chrome/103.0.5060.134 Safari/537.36" "mantech8.com"
