40.77.167.20 - - [07/Dec/2022:22:07:27 -0800] "GET /index.php/mcko-cc3b5ccad-vg3s4.ii HTTP/1.1" 500 - "-" "Mozilla/5.0 AppleWebKit/537.36 (KHTML, like Gecko; compatible; bingbot/2.0; +http://www.bing.com/bingbot.htm) Chrome/103.0.5060.134 Safari/537.36" "mantech8.com"
40.77.167.20 - - [07/Dec/2022:22:07:27 -0800] "GET /index.php/wf2o-494edefef-g56al.ii HTTP/1.1" 200 73255 "-" "Mozilla/5.0 (compatible; bingbot/2.0; +http://www.bing.com/bingbot.htm)" "mantech8.com"
40.77.167.20 - - [07/Dec/2022:22:07:28 -0800] "GET /index.php/hooa-00cdbb-60fop.ii HTTP/1.1" 200 60421 "-" "Mozilla/5.0 AppleWebKit/537.36 (KHTML, like Gecko; compatible; bingbot/2.0; +http://www.bing.com/bingbot.htm) Chrome/103.0.5060.134 Safari/537.36" "mantech8.com"
40.77.167.20 - - [07/Dec/2022:22:07:29 -0800] "GET /index.php/jsxi-bf47abcda-bkdhk.ii HTTP/1.1" 200 60668 "-" "Mozilla/5.0 (compatible; bingbot/2.0; +http://www.bing.com/bingbot.htm)" "mantech8.com"
40.77.167.20 - - [07/Dec/2022:22:07:30 -0800] "GET /index.php/nwtf-b5aa-4a3nv.ii HTTP/1.1" 200 70972 "-" "Mozilla/5.0 AppleWebKit/537.36 (KHTML, like Gecko; compatible; bingbot/2.0; +http://www.bing.com/bingbot.htm) Chrome/103.0.5060.134 Safari/537.36" "mantech8.com"
40.77.167.20 - - [07/Dec/2022:22:07:31 -0800] "GET /index.php/txf8-047a5cabad-apy8c.ii HTTP/1.1" 200 76973 "-" "Mozilla/5.0 (compatible; bingbot/2.0; +http://www.bing.com/bingbot.htm)" "mantech8.com"
40.77.167.20 - - [07/Dec/2022:22:07:32 -0800] "GET /index.php/kjz2-aad44eafde-ypga5.ii HTTP/1.1" 200 66705 "-" "Mozilla/5.0 AppleWebKit/537.36 (KHTML, like Gecko; compatible; bingbot/2.0; +http://www.bing.com/bingbot.htm) Chrome/103.0.5060.134 Safari/537.36" "mantech8.com"
40.77.167.20 - - [07/Dec/2022:22:07:34 -0800] "GET /index.php/pstd-62aedeef-ieoil.ii HTTP/1.1" 200 66115 "-" "Mozilla/5.0 (compatible; bingbot/2.0; +http://www.bing.com/bingbot.htm)" "mantech8.com"
207.46.13.100 - - [07/Dec/2022:22:07:41 -0800] "GET /index.php/Mcko-4c7d4bbdae-VhSyz.Ii HTTP/1.1" 200 64838 "-" "Mozilla/5.0 AppleWebKit/537.36 (KHTML, like Gecko; compatible; bingbot/2.0; +http://www.bing.com/bingbot.htm) Chrome/103.0.5060.134 Safari/537.36" "mantech8.com"
157.55.39.123 - - [07/Dec/2022:22:08:32 -0800] "GET /index.php/txf8-beec8eedc-AlarO.Ii HTTP/1.1" 200 72259 "-" "Mozilla/5.0 AppleWebKit/537.36 (KHTML, like Gecko; compatible; bingbot/2.0; +http://www.bing.com/bingbot.htm) Chrome/103.0.5060.134 Safari/537.36" "mantech8.com"
157.55.39.123 - - [07/Dec/2022:22:08:33 -0800] "GET /index.php/egy1-86f8dbad-vce9s.ii HTTP/1.1" 200 65349 "-" "Mozilla/5.0 (compatible; bingbot/2.0; +http://www.bing.com/bingbot.htm)" "mantech8.com"
157.55.39.138 - - [07/Dec/2022:22:08:34 -0800] "GET /index.php/feecef HTTP/1.1" 200 64566 "-" "Mozilla/5.0 (compatible; bingbot/2.0; +http://www.bing.com/bingbot.htm)" "mantech8.com"
207.46.13.100 - - [07/Dec/2022:22:08:42 -0800] "GET /index.php/nwtf-c1ec-4almp.ii HTTP/1.1" 200 66911 "-" "Mozilla/5.0 (compatible; bingbot/2.0; +http://www.bing.com/bingbot.htm)" "mantech8.com"
157.55.39.138 - - [07/Dec/2022:22:09:22 -0800] "GET /index.php/Pstd-18c2ccdce-iX7OA.Ii HTTP/1.1" 200 71377 "-" "Mozilla/5.0 (compatible; bingbot/2.0; +http://www.bing.com/bingbot.htm)" "mantech8.com"
157.55.39.138 - - [07/Dec/2022:22:09:23 -0800] "GET /index.php/vmbp-90caa-uivnc.ii HTTP/1.1" 200 63635 "-" "Mozilla/5.0 (compatible; bingbot/2.0; +http://www.bing.com/bingbot.htm)" "mantech8.com"
40.77.167.26 - - [07/Dec/2022:22:09:31 -0800] "GET /index.php/EGy1-25babaead-vduqW.Ii HTTP/1.1" 200 61229 "-" "Mozilla/5.0 (compatible; bingbot/2.0; +http://www.bing.com/bingbot.htm)" "mantech8.com"
40.77.167.26 - - [07/Dec/2022:22:09:31 -0800] "GET /index.php/ae50ffdec HTTP/1.1" 200 61835 "-" "Mozilla/5.0 (compatible; bingbot/2.0; +http://www.bing.com/bingbot.htm)" "mantech8.com"
207.46.13.100 - - [07/Dec/2022:22:09:31 -0800] "GET /index.php/zsUZ-6b7acdce-sLYQF.Ii HTTP/1.1" 200 70648 "-" "Mozilla/5.0 (compatible; bingbot/2.0; +http://www.bing.com/bingbot.htm)" "mantech8.com"
207.46.13.100 - - [07/Dec/2022:22:09:36 -0800] "GET /index.php/mcko-706aabef-vtxel.ii HTTP/1.1" 200 63483 "-" "Mozilla/5.0 AppleWebKit/537.36 (KHTML, like Gecko; compatible; bingbot/2.0; +http://www.bing.com/bingbot.htm) Chrome/103.0.5060.134 Safari/537.36" "mantech8.com"
207.46.13.100 - - [07/Dec/2022:22:09:37 -0800] "GET /index.php/mcko-195a7afa-vbmqq.ii HTTP/1.1" 200 66374 "-" "Mozilla/5.0 AppleWebKit/537.36 (KHTML, like Gecko; compatible; bingbot/2.0; +http://www.bing.com/bingbot.htm) Chrome/103.0.5060.134 Safari/537.36" "mantech8.com"
207.46.13.100 - - [07/Dec/2022:22:09:38 -0800] "GET /index.php/wf2o-f70b4cccdf-g4vnh.ii HTTP/1.1" 200 63245 "-" "Mozilla/5.0 (compatible; bingbot/2.0; +http://www.bing.com/bingbot.htm)" "mantech8.com"
157.55.39.138 - - [07/Dec/2022:22:09:43 -0800] "GET /index.php/egy1-2dcdedea-vduwl.ii HTTP/1.1" 200 70895 "-" "Mozilla/5.0 AppleWebKit/537.36 (KHTML, like Gecko; compatible; bingbot/2.0; +http://www.bing.com/bingbot.htm) Chrome/103.0.5060.134 Safari/537.36" "mantech8.com"
207.46.13.100 - - [07/Dec/2022:22:09:53 -0800] "GET /index.php/b32bebeac HTTP/1.1" 200 64033 "-" "Mozilla/5.0 (compatible; bingbot/2.0; +http://www.bing.com/bingbot.htm)" "mantech8.com"
157.55.39.138 - - [07/Dec/2022:22:09:54 -0800] "GET /index.php/nwtf-1deb1bac-3pieb.ii HTTP/1.1" 200 64576 "-" "Mozilla/5.0 (compatible; bingbot/2.0; +http://www.bing.com/bingbot.htm)" "mantech8.com"
40.77.167.20 - - [07/Dec/2022:22:09:57 -0800] "GET /index.php/WtZk-a2dbbdbca-n38i1.Ii HTTP/1.1" 200 66722 "-" "Mozilla/5.0 AppleWebKit/537.36 (KHTML, like Gecko; compatible; bingbot/2.0; +http://www.bing.com/bingbot.htm) Chrome/103.0.5060.134 Safari/537.36" "mantech8.com"
185.191.171.15 - - [07/Dec/2022:22:10:01 -0800] "GET /?camp-fire%2F39749792.html HTTP/1.1" 500 - "-" "Mozilla/5.0 (compatible; SemrushBot/7~bl; +http://www.semrush.com/bot.html)" "mantech8.com"
185.191.171.12 - - [07/Dec/2022:22:10:13 -0800] "GET /?camp-fire%2F13962359.html HTTP/1.1" 500 - "-" "Mozilla/5.0 (compatible; SemrushBot/7~bl; +http://www.semrush.com/bot.html)" "mantech8.com"
40.77.167.20 - - [07/Dec/2022:22:10:17 -0800] "GET /index.php/vmbp-3b1bdfee-ujwql.ii HTTP/1.1" 200 78825 "-" "Mozilla/5.0 AppleWebKit/537.36 (KHTML, like Gecko; compatible; bingbot/2.0; +http://www.bing.com/bingbot.htm) Chrome/103.0.5060.134 Safari/537.36" "mantech8.com"
185.191.171.9 - - [07/Dec/2022:22:10:55 -0800] "GET /index.php/camp-fire/101542609.html HTTP/1.1" 500 - "-" "Mozilla/5.0 (compatible; SemrushBot/7~bl; +http://www.semrush.com/bot.html)" "mantech8.com"
207.46.13.125 - - [07/Dec/2022:22:10:57 -0800] "GET /index.php/eaYH-11ec-Rk4dg.Ii HTTP/1.1" 200 61392 "-" "Mozilla/5.0 (compatible; bingbot/2.0; +http://www.bing.com/bingbot.htm)" "mantech8.com"
207.46.13.125 - - [07/Dec/2022:22:10:58 -0800] "GET /index.php/Wf2o-cbb5dbdda-G7i3f.Ii HTTP/1.1" 200 70020 "-" "Mozilla/5.0 AppleWebKit/537.36 (KHTML, like Gecko; compatible; bingbot/2.0; +http://www.bing.com/bingbot.htm) Chrome/103.0.5060.134 Safari/537.36" "mantech8.com"
185.191.171.40 - - [07/Dec/2022:22:11:00 -0800] "GET /index.php/camp-fire/18651665.html HTTP/1.1" 500 - "-" "Mozilla/5.0 (compatible; SemrushBot/7~bl; +http://www.semrush.com/bot.html)" "mantech8.com"
207.46.13.125 - - [07/Dec/2022:22:11:00 -0800] "GET /index.php/kvrw-4e9bfedc-y8tvl.ii HTTP/1.1" 200 66399 "-" "Mozilla/5.0 AppleWebKit/537.36 (KHTML, like Gecko; compatible; bingbot/2.0; +http://www.bing.com/bingbot.htm) Chrome/103.0.5060.134 Safari/537.36" "mantech8.com"
157.55.39.123 - - [07/Dec/2022:22:11:12 -0800] "GET /index.php/6cd8fdaea HTTP/1.1" 200 66348 "-" "Mozilla/5.0 (compatible; bingbot/2.0; +http://www.bing.com/bingbot.htm)" "mantech8.com"
185.191.171.8 - - [07/Dec/2022:22:11:14 -0800] "GET /index.php/camp-fire/40731292.html HTTP/1.1" 500 - "-" "Mozilla/5.0 (compatible; SemrushBot/7~bl; +http://www.semrush.com/bot.html)" "mantech8.com"
40.77.167.20 - - [07/Dec/2022:22:11:16 -0800] "GET /index.php/yhfg-931caccac-popox.ii HTTP/1.1" 200 60327 "-" "Mozilla/5.0 AppleWebKit/537.36 (KHTML, like Gecko; compatible; bingbot/2.0; +http://www.bing.com/bingbot.htm) Chrome/103.0.5060.134 Safari/537.36" "mantech8.com"
40.77.167.20 - - [07/Dec/2022:22:11:17 -0800] "GET /index.php/pstd-41fc-ix9ev.ii HTTP/1.1" 200 65915 "-" "Mozilla/5.0 (compatible; bingbot/2.0; +http://www.bing.com/bingbot.htm)" "mantech8.com"
40.77.167.26 - - [07/Dec/2022:22:11:42 -0800] "GET /index.php/vmbp-d4a81adf-uu8vc.ii HTTP/1.1" 200 66142 "-" "Mozilla/5.0 AppleWebKit/537.36 (KHTML, like Gecko; compatible; bingbot/2.0; +http://www.bing.com/bingbot.htm) Chrome/103.0.5060.134 Safari/537.36" "mantech8.com"
207.46.13.100 - - [07/Dec/2022:22:11:46 -0800] "GET /index.php/KJZ2-d3a07dbe-hAObc.Ii HTTP/1.1" 200 67291 "-" "Mozilla/5.0 AppleWebKit/537.36 (KHTML, like Gecko; compatible; bingbot/2.0; +http://www.bing.com/bingbot.htm) Chrome/103.0.5060.134 Safari/537.36" "mantech8.com"
157.55.39.123 - - [07/Dec/2022:22:12:03 -0800] "GET /index.php/wf2o-16622dfe-g56nb.ii HTTP/1.1" 200 65658 "-" "Mozilla/5.0 (compatible; bingbot/2.0; +http://www.bing.com/bingbot.htm)" "mantech8.com"
157.55.39.123 - - [07/Dec/2022:22:12:05 -0800] "GET /index.php/nwtf-9a7ececc-4qg1c.ii HTTP/1.1" 200 61965 "-" "Mozilla/5.0 (compatible; bingbot/2.0; +http://www.bing.com/bingbot.htm)" "mantech8.com"
185.191.171.25 - - [07/Dec/2022:22:12:11 -0800] "GET /index.php?camp-fire%2F15345356.html HTTP/1.1" 500 - "-" "Mozilla/5.0 (compatible; SemrushBot/7~bl; +http://www.semrush.com/bot.html)" "mantech8.com"
157.55.39.138 - - [07/Dec/2022:22:12:25 -0800] "GET /index.php/nwtf-22366bab-3pliz.ii HTTP/1.1" 200 71466 "-" "Mozilla/5.0 (compatible; bingbot/2.0; +http://www.bing.com/bingbot.htm)" "mantech8.com"
185.191.171.9 - - [07/Dec/2022:22:12:45 -0800] "GET /?camp-fire%2F55142317.html HTTP/1.1" 500 - "-" "Mozilla/5.0 (compatible; SemrushBot/7~bl; +http://www.semrush.com/bot.html)" "mantech8.com"
185.191.171.4 - - [07/Dec/2022:22:12:55 -0800] "GET /?camp-fire%2F73013888.html HTTP/1.1" 500 - "-" "Mozilla/5.0 (compatible; SemrushBot/7~bl; +http://www.semrush.com/bot.html)" "mantech8.com"
40.77.167.26 - - [07/Dec/2022:22:13:00 -0800] "GET /bimages/certificate/thump/C13.jpg HTTP/1.1" 200 142529 "-" "Mozilla/5.0 (compatible; bingbot/2.0; +http://www.bing.com/bingbot.htm)" "www.mantech8.com"
40.77.167.20 - - [07/Dec/2022:22:13:07 -0800] "GET /index.php/vmbp-cb37bfeae-umf13.ii HTTP/1.1" 200 70806 "-" "Mozilla/5.0 AppleWebKit/537.36 (KHTML, like Gecko; compatible; bingbot/2.0; +http://www.bing.com/bingbot.htm) Chrome/103.0.5060.134 Safari/537.36" "mantech8.com"
207.46.13.100 - - [07/Dec/2022:22:13:33 -0800] "GET /index.php/1cccd HTTP/1.1" 200 66613 "-" "Mozilla/5.0 AppleWebKit/537.36 (KHTML, like Gecko; compatible; bingbot/2.0; +http://www.bing.com/bingbot.htm) Chrome/103.0.5060.134 Safari/537.36" "mantech8.com"
207.46.13.100 - - [07/Dec/2022:22:13:35 -0800] "GET /index.php/eb6acfba HTTP/1.1" 200 67539 "-" "Mozilla/5.0 (compatible; bingbot/2.0; +http://www.bing.com/bingbot.htm)" "mantech8.com"
207.46.13.125 - - [07/Dec/2022:22:13:38 -0800] "GET /bimages/gallery/thump/IDN%20B6.jpg HTTP/1.1" 200 592494 "-" "Mozilla/5.0 AppleWebKit/537.36 (KHTML, like Gecko; compatible; bingbot/2.0; +http://www.bing.com/bingbot.htm) Chrome/103.0.5060.134 Safari/537.36" "www.mantech8.com"
207.46.13.125 - - [07/Dec/2022:22:13:38 -0800] "GET /index.php/fe17accacf HTTP/1.1" 200 94536 "-" "Mozilla/5.0 AppleWebKit/537.36 (KHTML, like Gecko; compatible; bingbot/2.0; +http://www.bing.com/bingbot.htm) Chrome/103.0.5060.134 Safari/537.36" "mantech8.com"
207.46.13.125 - - [07/Dec/2022:22:13:39 -0800] "GET /index.php/s0kv-fdbd1beba-oepjo.ii HTTP/1.1" 500 - "-" "Mozilla/5.0 (compatible; bingbot/2.0; +http://www.bing.com/bingbot.htm)" "mantech8.com"
207.46.13.125 - - [07/Dec/2022:22:13:39 -0800] "GET /index.php/egy1-fd1ecffca-vsswn.ii HTTP/1.1" 500 - "-" "Mozilla/5.0 AppleWebKit/537.36 (KHTML, like Gecko; compatible; bingbot/2.0; +http://www.bing.com/bingbot.htm) Chrome/103.0.5060.134 Safari/537.36" "mantech8.com"
207.46.13.125 - - [07/Dec/2022:22:13:40 -0800] "GET /index.php/17a8cbfbb HTTP/1.1" 200 70863 "-" "Mozilla/5.0 AppleWebKit/537.36 (KHTML, like Gecko; compatible; bingbot/2.0; +http://www.bing.com/bingbot.htm) Chrome/103.0.5060.134 Safari/537.36" "mantech8.com"
40.77.167.26 - - [07/Dec/2022:22:13:53 -0800] "GET /index.php/naq6-563bfabf-ijku3.ii HTTP/1.1" 200 67194 "-" "Mozilla/5.0 (compatible; bingbot/2.0; +http://www.bing.com/bingbot.htm)" "mantech8.com"
185.191.171.4 - - [07/Dec/2022:22:13:59 -0800] "GET /?camp-fire%2F94548181.html HTTP/1.1" 500 - "-" "Mozilla/5.0 (compatible; SemrushBot/7~bl; +http://www.semrush.com/bot.html)" "mantech8.com"
185.191.171.18 - - [07/Dec/2022:22:14:23 -0800] "GET /?camp-fire%2F41814703.html HTTP/1.1" 500 - "-" "Mozilla/5.0 (compatible; SemrushBot/7~bl; +http://www.semrush.com/bot.html)" "mantech8.com"
40.77.167.20 - - [07/Dec/2022:22:14:36 -0800] "GET /index.php/txf8-f7aa-zq8ig.ii HTTP/1.1" 200 66953 "-" "Mozilla/5.0 (compatible; bingbot/2.0; +http://www.bing.com/bingbot.htm)" "mantech8.com"
157.55.39.123 - - [07/Dec/2022:22:14:53 -0800] "GET /index.php/2fbbcfdcf HTTP/1.1" 200 62962 "-" "Mozilla/5.0 AppleWebKit/537.36 (KHTML, like Gecko; compatible; bingbot/2.0; +http://www.bing.com/bingbot.htm) Chrome/103.0.5060.134 Safari/537.36" "mantech8.com"
185.191.171.38 - - [07/Dec/2022:22:15:34 -0800] "GET /?camp-fire%2F47886659.html HTTP/1.1" 500 - "-" "Mozilla/5.0 (compatible; SemrushBot/7~bl; +http://www.semrush.com/bot.html)" "mantech8.com"
157.55.39.138 - - [07/Dec/2022:22:15:43 -0800] "GET /index.php/Pstd-93edad-iSKPo.Ii HTTP/1.1" 200 70099 "-" "Mozilla/5.0 (compatible; bingbot/2.0; +http://www.bing.com/bingbot.htm)" "mantech8.com"
157.55.39.138 - - [07/Dec/2022:22:15:45 -0800] "GET /index.php/075aaafe HTTP/1.1" 200 75779 "-" "Mozilla/5.0 (compatible; bingbot/2.0; +http://www.bing.com/bingbot.htm)" "mantech8.com"
185.191.171.44 - - [07/Dec/2022:22:15:46 -0800] "GET /index.php?camp-fire%2F1254272.html HTTP/1.1" 500 - "-" "Mozilla/5.0 (compatible; SemrushBot/7~bl; +http://www.semrush.com/bot.html)" "mantech8.com"
40.77.167.26 - - [07/Dec/2022:22:15:49 -0800] "GET /index.php/ae7dbabfb HTTP/1.1" 200 70354 "-" "Mozilla/5.0 AppleWebKit/537.36 (KHTML, like Gecko; compatible; bingbot/2.0; +http://www.bing.com/bingbot.htm) Chrome/103.0.5060.134 Safari/537.36" "mantech8.com"
40.77.167.20 - - [07/Dec/2022:22:15:55 -0800] "GET /index.php/egy1-792cdeba-vsvum.ii HTTP/1.1" 200 65017 "-" "Mozilla/5.0 (compatible; bingbot/2.0; +http://www.bing.com/bingbot.htm)" "mantech8.com"
40.77.167.20 - - [07/Dec/2022:22:15:56 -0800] "GET /index.php/naq6-f3adfaadd-inkmr.ii HTTP/1.1" 200 74869 "-" "Mozilla/5.0 AppleWebKit/537.36 (KHTML, like Gecko; compatible; bingbot/2.0; +http://www.bing.com/bingbot.htm) Chrome/103.0.5060.134 Safari/537.36" "mantech8.com"
207.46.13.100 - - [07/Dec/2022:22:16:04 -0800] "GET /index.php/s0kv-4a808ddeb-osr58.ii HTTP/1.1" 200 63639 "-" "Mozilla/5.0 (compatible; bingbot/2.0; +http://www.bing.com/bingbot.htm)" "mantech8.com"
40.77.167.20 - - [07/Dec/2022:22:16:15 -0800] "GET /index.php/Mcko-4d185aeb-Vg2rs.Ii HTTP/1.1" 200 67161 "-" "Mozilla/5.0 (compatible; bingbot/2.0; +http://www.bing.com/bingbot.htm)" "mantech8.com"
40.77.167.20 - - [07/Dec/2022:22:16:27 -0800] "GET /index.php/91a1cfcc HTTP/1.1" 200 69236 "-" "Mozilla/5.0 (compatible; bingbot/2.0; +http://www.bing.com/bingbot.htm)" "mantech8.com"
185.191.171.6 - - [07/Dec/2022:22:16:31 -0800] "GET /index.php/camp-fire/33514816.html HTTP/1.1" 500 - "-" "Mozilla/5.0 (compatible; SemrushBot/7~bl; +http://www.semrush.com/bot.html)" "mantech8.com"
207.46.13.100 - - [07/Dec/2022:22:16:34 -0800] "GET /index.php/egy1-f39faaeab-vdkrp.ii HTTP/1.1" 200 62928 "-" "Mozilla/5.0 (compatible; bingbot/2.0; +http://www.bing.com/bingbot.htm)" "mantech8.com"
207.46.13.100 - - [07/Dec/2022:22:16:43 -0800] "GET /index.php/gvdr-61bd-vinhg.ii HTTP/1.1" 200 74969 "-" "Mozilla/5.0 AppleWebKit/537.36 (KHTML, like Gecko; compatible; bingbot/2.0; +http://www.bing.com/bingbot.htm) Chrome/103.0.5060.134 Safari/537.36" "mantech8.com"
207.46.13.125 - - [07/Dec/2022:22:16:49 -0800] "GET /index.php/qlqc-58cbec-48jbr.ii HTTP/1.1" 200 60119 "-" "Mozilla/5.0 AppleWebKit/537.36 (KHTML, like Gecko; compatible; bingbot/2.0; +http://www.bing.com/bingbot.htm) Chrome/103.0.5060.134 Safari/537.36" "mantech8.com"
157.55.39.138 - - [07/Dec/2022:22:16:54 -0800] "GET /index.php/nwtf-a4f2cedbdb-3ldhp.ii HTTP/1.1" 200 60261 "-" "Mozilla/5.0 (compatible; bingbot/2.0; +http://www.bing.com/bingbot.htm)" "mantech8.com"
185.191.171.33 - - [07/Dec/2022:22:16:57 -0800] "GET /index.php/camp-fire/14443596.html HTTP/1.1" 500 - "-" "Mozilla/5.0 (compatible; SemrushBot/7~bl; +http://www.semrush.com/bot.html)" "mantech8.com"
157.55.39.123 - - [07/Dec/2022:22:16:58 -0800] "GET /index.php/txf8-11abfe-alc88.ii HTTP/1.1" 200 69423 "-" "Mozilla/5.0 (compatible; bingbot/2.0; +http://www.bing.com/bingbot.htm)" "mantech8.com"
185.191.171.18 - - [07/Dec/2022:22:17:13 -0800] "GET /robots.txt HTTP/1.1" 200 106 "-" "Mozilla/5.0 (compatible; SemrushBot/7~bl; +http://www.semrush.com/bot.html)" "mantech8.com"
185.191.171.33 - - [07/Dec/2022:22:17:14 -0800] "GET /index.php?camp-fire%2F1042869.html HTTP/1.1" 500 - "-" "Mozilla/5.0 (compatible; SemrushBot/7~bl; +http://www.semrush.com/bot.html)" "mantech8.com"
185.191.171.39 - - [07/Dec/2022:22:17:22 -0800] "GET /index.php?camp-fire%2F8301778.html HTTP/1.1" 500 - "-" "Mozilla/5.0 (compatible; SemrushBot/7~bl; +http://www.semrush.com/bot.html)" "mantech8.com"
157.55.39.138 - - [07/Dec/2022:22:17:34 -0800] "GET /index.php/snxr-47dcc-jtemc.ii HTTP/1.1" 200 62400 "-" "Mozilla/5.0 AppleWebKit/537.36 (KHTML, like Gecko; compatible; bingbot/2.0; +http://www.bing.com/bingbot.htm) Chrome/103.0.5060.134 Safari/537.36" "mantech8.com"
185.191.171.38 - - [07/Dec/2022:22:17:42 -0800] "GET /?camp-fire%2F53739234.html HTTP/1.1" 500 - "-" "Mozilla/5.0 (compatible; SemrushBot/7~bl; +http://www.semrush.com/bot.html)" "mantech8.com"
185.191.171.26 - - [07/Dec/2022:22:17:54 -0800] "GET /index.php/camp-fire/15042400.html HTTP/1.1" 500 - "-" "Mozilla/5.0 (compatible; SemrushBot/7~bl; +http://www.semrush.com/bot.html)" "mantech8.com"
207.46.13.125 - - [07/Dec/2022:22:17:59 -0800] "GET /index.php/vmbp-620fbfffd-um3wr.ii HTTP/1.1" 200 65493 "-" "Mozilla/5.0 AppleWebKit/537.36 (KHTML, like Gecko; compatible; bingbot/2.0; +http://www.bing.com/bingbot.htm) Chrome/103.0.5060.134 Safari/537.36" "mantech8.com"
207.46.13.125 - - [07/Dec/2022:22:18:00 -0800] "GET /index.php/mcko-92dcfefa-vtkwz.ii HTTP/1.1" 200 69941 "-" "Mozilla/5.0 (compatible; bingbot/2.0; +http://www.bing.com/bingbot.htm)" "mantech8.com"
207.46.13.125 - - [07/Dec/2022:22:18:19 -0800] "GET /index.php/pstd-45dde-isjff.ii HTTP/1.1" 200 68259 "-" "Mozilla/5.0 AppleWebKit/537.36 (KHTML, like Gecko; compatible; bingbot/2.0; +http://www.bing.com/bingbot.htm) Chrome/103.0.5060.134 Safari/537.36" "mantech8.com"
207.46.13.100 - - [07/Dec/2022:22:18:45 -0800] "GET /index.php/kjz2-61dce-ylfo7.ii HTTP/1.1" 200 68465 "-" "Mozilla/5.0 AppleWebKit/537.36 (KHTML, like Gecko; compatible; bingbot/2.0; +http://www.bing.com/bingbot.htm) Chrome/103.0.5060.134 Safari/537.36" "mantech8.com"
64.124.8.44 - - [07/Dec/2022:22:19:07 -0800] "GET /robots.txt HTTP/1.1" 200 106 "-" "Mozilla/5.0 (X11; Linux x86_64) AppleWebKit/537.36 (KHTML, like Gecko) Chrome/61.0.3163.79 Safari/537.36" "mantech8.com"
64.124.8.44 - - [07/Dec/2022:22:19:07 -0800] "GET /paintinggal.php HTTP/1.1" 200 18549 "-" "Mozilla/5.0 (X11; Linux x86_64) AppleWebKit/537.36 (KHTML, like Gecko) Chrome/61.0.3163.79 Safari/537.36" "mantech8.com"
157.55.39.123 - - [07/Dec/2022:22:19:15 -0800] "GET /index.php/ihsw-06bfcb-xsmki.ii HTTP/1.1" 200 65866 "-" "Mozilla/5.0 (compatible; bingbot/2.0; +http://www.bing.com/bingbot.htm)" "mantech8.com"
40.77.167.20 - - [07/Dec/2022:22:19:25 -0800] "GET /index.php/KJZ2-ddcbbc-hQ6J2.Ii HTTP/1.1" 200 65555 "-" "Mozilla/5.0 AppleWebKit/537.36 (KHTML, like Gecko; compatible; bingbot/2.0; +http://www.bing.com/bingbot.htm) Chrome/103.0.5060.134 Safari/537.36" "mantech8.com"
185.191.171.37 - - [07/Dec/2022:22:19:59 -0800] "GET /?camp-fire%2F84250570.html HTTP/1.1" 500 - "-" "Mozilla/5.0 (compatible; SemrushBot/7~bl; +http://www.semrush.com/bot.html)" "mantech8.com"
40.77.167.26 - - [07/Dec/2022:22:20:12 -0800] "GET /index.php/nwtf-6d6cddcee-4aocv.ii HTTP/1.1" 200 71082 "-" "Mozilla/5.0 AppleWebKit/537.36 (KHTML, like Gecko; compatible; bingbot/2.0; +http://www.bing.com/bingbot.htm) Chrome/103.0.5060.134 Safari/537.36" "mantech8.com"
40.77.167.26 - - [07/Dec/2022:22:20:14 -0800] "GET /index.php/s0kv-f32efdeaf-oebtn.ii HTTP/1.1" 200 65311 "-" "Mozilla/5.0 (compatible; bingbot/2.0; +http://www.bing.com/bingbot.htm)" "mantech8.com"
185.191.171.4 - - [07/Dec/2022:22:20:16 -0800] "GET /index.php/camp-fire/17453565.html HTTP/1.1" 500 - "-" "Mozilla/5.0 (compatible; SemrushBot/7~bl; +http://www.semrush.com/bot.html)" "mantech8.com"
207.46.13.125 - - [07/Dec/2022:22:20:19 -0800] "GET /index.php/mcko-c1caf-vt0nm.ii HTTP/1.1" 200 58707 "-" "Mozilla/5.0 AppleWebKit/537.36 (KHTML, like Gecko; compatible; bingbot/2.0; +http://www.bing.com/bingbot.htm) Chrome/103.0.5060.134 Safari/537.36" "mantech8.com"
40.77.167.26 - - [07/Dec/2022:22:20:32 -0800] "GET /index.php/nwtf-2bbbbe-3prep.ii HTTP/1.1" 200 67395 "-" "Mozilla/5.0 AppleWebKit/537.36 (KHTML, like Gecko; compatible; bingbot/2.0; +http://www.bing.com/bingbot.htm) Chrome/103.0.5060.134 Safari/537.36" "mantech8.com"
185.191.171.4 - - [07/Dec/2022:22:20:37 -0800] "GET /index.php/camp-fire/31063117.html HTTP/1.1" 500 - "-" "Mozilla/5.0 (compatible; SemrushBot/7~bl; +http://www.semrush.com/bot.html)" "mantech8.com"
40.77.167.26 - - [07/Dec/2022:22:21:12 -0800] "GET /index.php/31l7-f5a04cfb-ojo4h.ii HTTP/1.1" 200 65028 "-" "Mozilla/5.0 (compatible; bingbot/2.0; +http://www.bing.com/bingbot.htm)" "mantech8.com"
157.55.39.123 - - [07/Dec/2022:22:21:23 -0800] "GET /index.php/Wf2o-0abcacca-G8VWQ.Ii HTTP/1.1" 200 62110 "-" "Mozilla/5.0 (compatible; bingbot/2.0; +http://www.bing.com/bingbot.htm)" "mantech8.com"
157.55.39.123 - - [07/Dec/2022:22:21:25 -0800] "GET /index.php/aps-307efdbdaa-ojtr0.ii HTTP/1.1" 200 68734 "-" "Mozilla/5.0 (compatible; bingbot/2.0; +http://www.bing.com/bingbot.htm)" "mantech8.com"
185.191.171.9 - - [07/Dec/2022:22:21:59 -0800] "GET /index.php/camp-fire/15021859.html HTTP/1.1" 500 - "-" "Mozilla/5.0 (compatible; SemrushBot/7~bl; +http://www.semrush.com/bot.html)" "mantech8.com"
207.46.13.125 - - [07/Dec/2022:22:22:00 -0800] "GET /index.php/raig-b81f7bcd-ntol1.ii HTTP/1.1" 200 70009 "-" "Mozilla/5.0 (compatible; bingbot/2.0; +http://www.bing.com/bingbot.htm)" "mantech8.com"
207.46.13.100 - - [07/Dec/2022:22:22:05 -0800] "GET /index.php/d9da HTTP/1.1" 200 66124 "-" "Mozilla/5.0 (compatible; bingbot/2.0; +http://www.bing.com/bingbot.htm)" "mantech8.com"
40.77.167.20 - - [07/Dec/2022:22:22:07 -0800] "GET /index.php/egy1-0345cffdda-ve77x.ii HTTP/1.1" 200 66557 "-" "Mozilla/5.0 (compatible; bingbot/2.0; +http://www.bing.com/bingbot.htm)" "mantech8.com"
40.77.167.20 - - [07/Dec/2022:22:22:09 -0800] "GET /index.php/nwtf-bc00cbaae-3ps6e.ii HTTP/1.1" 200 67716 "-" "Mozilla/5.0 (compatible; bingbot/2.0; +http://www.bing.com/bingbot.htm)" "mantech8.com"
40.77.167.26 - - [07/Dec/2022:22:22:14 -0800] "GET /index.php/68cac HTTP/1.1" 200 74082 "-" "Mozilla/5.0 (compatible; bingbot/2.0; +http://www.bing.com/bingbot.htm)" "mantech8.com"
207.46.13.100 - - [07/Dec/2022:22:22:34 -0800] "GET /index.php/31l7-22dbd-oifqz.ii HTTP/1.1" 200 73700 "-" "Mozilla/5.0 (compatible; bingbot/2.0; +http://www.bing.com/bingbot.htm)" "mantech8.com"
185.191.171.1 - - [07/Dec/2022:22:22:47 -0800] "GET /?camp-fire%2F42217683.html HTTP/1.1" 500 - "-" "Mozilla/5.0 (compatible; SemrushBot/7~bl; +http://www.semrush.com/bot.html)" "mantech8.com"
185.191.171.15 - - [07/Dec/2022:22:22:54 -0800] "GET /?camp-fire%2F38077372.html HTTP/1.1" 500 - "-" "Mozilla/5.0 (compatible; SemrushBot/7~bl; +http://www.semrush.com/bot.html)" "mantech8.com"
185.191.171.38 - - [07/Dec/2022:22:22:59 -0800] "GET /?camp-fire%2F52793217.html HTTP/1.1" 500 - "-" "Mozilla/5.0 (compatible; SemrushBot/7~bl; +http://www.semrush.com/bot.html)" "mantech8.com"
185.191.171.4 - - [07/Dec/2022:22:23:09 -0800] "GET /?camp-fire%2F35654250.html HTTP/1.1" 500 - "-" "Mozilla/5.0 (compatible; SemrushBot/7~bl; +http://www.semrush.com/bot.html)" "mantech8.com"
185.191.171.44 - - [07/Dec/2022:22:23:20 -0800] "GET /index.php/camp-fire/595869.html HTTP/1.1" 500 - "-" "Mozilla/5.0 (compatible; SemrushBot/7~bl; +http://www.semrush.com/bot.html)" "mantech8.com"
185.191.171.16 - - [07/Dec/2022:22:23:42 -0800] "GET /?camp-fire%2F39806002.html HTTP/1.1" 500 - "-" "Mozilla/5.0 (compatible; SemrushBot/7~bl; +http://www.semrush.com/bot.html)" "mantech8.com"
157.55.39.138 - - [07/Dec/2022:22:23:55 -0800] "GET /index.php/wf2o-c1079bcdb-g6dz0.ii HTTP/1.1" 200 63405 "-" "Mozilla/5.0 (compatible; bingbot/2.0; +http://www.bing.com/bingbot.htm)" "mantech8.com"
157.55.39.123 - - [07/Dec/2022:22:24:00 -0800] "GET /index.php/kjz2-a8aef-yl9ru.ii HTTP/1.1" 200 65846 "-" "Mozilla/5.0 (compatible; bingbot/2.0; +http://www.bing.com/bingbot.htm)" "mantech8.com"
185.191.171.12 - - [07/Dec/2022:22:24:18 -0800] "GET /index.php/camp-fire/36516763.html HTTP/1.1" 500 - "-" "Mozilla/5.0 (compatible; SemrushBot/7~bl; +http://www.semrush.com/bot.html)" "mantech8.com"
207.46.13.100 - - [07/Dec/2022:22:24:24 -0800] "GET /index.php/mkjw-599c6dabe-bhxyj.ii HTTP/1.1" 200 64704 "-" "Mozilla/5.0 AppleWebKit/537.36 (KHTML, like Gecko; compatible; bingbot/2.0; +http://www.bing.com/bingbot.htm) Chrome/103.0.5060.134 Safari/537.36" "mantech8.com"
207.46.13.125 - - [07/Dec/2022:22:24:29 -0800] "GET /index.php/WtZk-01bf7eddff-nLcsK.Ii HTTP/1.1" 200 67273 "-" "Mozilla/5.0 AppleWebKit/537.36 (KHTML, like Gecko; compatible; bingbot/2.0; +http://www.bing.com/bingbot.htm) Chrome/103.0.5060.134 Safari/537.36" "mantech8.com"
40.77.167.26 - - [07/Dec/2022:22:24:34 -0800] "GET /index.php/b1ecaddfd HTTP/1.1" 200 79764 "-" "Mozilla/5.0 (compatible; bingbot/2.0; +http://www.bing.com/bingbot.htm)" "mantech8.com"
185.191.171.10 - - [07/Dec/2022:22:24:47 -0800] "GET /?camp-fire%2F41117888.html HTTP/1.1" 500 - "-" "Mozilla/5.0 (compatible; SemrushBot/7~bl; +http://www.semrush.com/bot.html)" "mantech8.com"
40.77.167.20 - - [07/Dec/2022:22:24:58 -0800] "GET /index.php/s0kv-c3f6cdede-osqqv.ii HTTP/1.1" 200 63724 "-" "Mozilla/5.0 (compatible; bingbot/2.0; +http://www.bing.com/bingbot.htm)" "mantech8.com"
207.46.13.125 - - [07/Dec/2022:22:25:10 -0800] "GET /index.php/egy1-8cfc-ve70n.ii HTTP/1.1" 200 70231 "-" "Mozilla/5.0 (compatible; bingbot/2.0; +http://www.bing.com/bingbot.htm)" "mantech8.com"
185.191.171.33 - - [07/Dec/2022:22:25:36 -0800] "GET /index.php?camp-fire%2F1374659.html HTTP/1.1" 500 - "-" "Mozilla/5.0 (compatible; SemrushBot/7~bl; +http://www.semrush.com/bot.html)" "mantech8.com"
207.46.13.125 - - [07/Dec/2022:22:25:41 -0800] "GET /index.php/pstd-7f6e9aad-ixbul.ii HTTP/1.1" 200 77083 "-" "Mozilla/5.0 (compatible; bingbot/2.0; +http://www.bing.com/bingbot.htm)" "mantech8.com"
157.55.39.138 - - [07/Dec/2022:22:25:54 -0800] "GET /index.php/kvrw-4fc9caface-y9mcy.ii HTTP/1.1" 200 81362 "-" "Mozilla/5.0 AppleWebKit/537.36 (KHTML, like Gecko; compatible; bingbot/2.0; +http://www.bing.com/bingbot.htm) Chrome/103.0.5060.134 Safari/537.36" "mantech8.com"
157.55.39.138 - - [07/Dec/2022:22:25:55 -0800] "GET /index.php/a50b0faefe HTTP/1.1" 200 102135 "-" "Mozilla/5.0 (compatible; bingbot/2.0; +http://www.bing.com/bingbot.htm)" "mantech8.com"
157.55.39.123 - - [07/Dec/2022:22:26:04 -0800] "GET /index.php/578bddbfc HTTP/1.1" 200 77888 "-" "Mozilla/5.0 (compatible; bingbot/2.0; +http://www.bing.com/bingbot.htm)" "mantech8.com"
157.55.39.123 - - [07/Dec/2022:22:26:05 -0800] "GET /index.php/kjz2-a6ebce-hqnna.ii HTTP/1.1" 200 120256 "-" "Mozilla/5.0 AppleWebKit/537.36 (KHTML, like Gecko; compatible; bingbot/2.0; +http://www.bing.com/bingbot.htm) Chrome/103.0.5060.134 Safari/537.36" "mantech8.com"
157.55.39.123 - - [07/Dec/2022:22:26:14 -0800] "GET /index.php/mhxm-edbffbbde-jycdd.ii HTTP/1.1" 200 65545 "-" "Mozilla/5.0 (compatible; bingbot/2.0; +http://www.bing.com/bingbot.htm)" "mantech8.com"
40.77.167.20 - - [07/Dec/2022:22:26:18 -0800] "GET /index.php/nwtf-f9b6badcf-4qfau.ii HTTP/1.1" 200 61626 "-" "Mozilla/5.0 AppleWebKit/537.36 (KHTML, like Gecko; compatible; bingbot/2.0; +http://www.bing.com/bingbot.htm) Chrome/103.0.5060.134 Safari/537.36" "mantech8.com"
40.77.167.26 - - [07/Dec/2022:22:26:41 -0800] "GET /index.php/imvf-bb9fbbbeaa-ypigg.ii HTTP/1.1" 200 63536 "-" "Mozilla/5.0 AppleWebKit/537.36 (KHTML, like Gecko; compatible; bingbot/2.0; +http://www.bing.com/bingbot.htm) Chrome/103.0.5060.134 Safari/537.36" "mantech8.com"
157.55.39.123 - - [07/Dec/2022:22:26:46 -0800] "GET /index.php/bljc-3bcfd-kz95e.ii HTTP/1.1" 200 64553 "-" "Mozilla/5.0 (compatible; bingbot/2.0; +http://www.bing.com/bingbot.htm)" "mantech8.com"
157.55.39.123 - - [07/Dec/2022:22:26:48 -0800] "GET /index.php/bljc-c3d5ebdbb-kwtu3.ii HTTP/1.1" 200 65314 "-" "Mozilla/5.0 (compatible; bingbot/2.0; +http://www.bing.com/bingbot.htm)" "mantech8.com"
40.77.167.26 - - [07/Dec/2022:22:26:52 -0800] "GET /index.php/egy1-9f71adbaa-vshlc.ii HTTP/1.1" 200 61867 "-" "Mozilla/5.0 AppleWebKit/537.36 (KHTML, like Gecko; compatible; bingbot/2.0; +http://www.bing.com/bingbot.htm) Chrome/103.0.5060.134 Safari/537.36" "mantech8.com"
185.191.171.9 - - [07/Dec/2022:22:26:54 -0800] "GET /index.php?camp-fire%2F1683753.html HTTP/1.1" 500 - "-" "Mozilla/5.0 (compatible; SemrushBot/7~bl; +http://www.semrush.com/bot.html)" "mantech8.com"
207.46.13.100 - - [07/Dec/2022:22:26:56 -0800] "GET /index.php/dhro-e079bdfdb-xse05.ii HTTP/1.1" 200 71429 "-" "Mozilla/5.0 (compatible; bingbot/2.0; +http://www.bing.com/bingbot.htm)" "mantech8.com"
40.77.167.26 - - [07/Dec/2022:22:27:03 -0800] "GET /index.php/mhxm-df97aeabae-jtdsr.ii HTTP/1.1" 200 61504 "-" "Mozilla/5.0 AppleWebKit/537.36 (KHTML, like Gecko; compatible; bingbot/2.0; +http://www.bing.com/bingbot.htm) Chrome/103.0.5060.134 Safari/537.36" "mantech8.com"
185.191.171.10 - - [07/Dec/2022:22:27:21 -0800] "GET /index.php?camp-fire%2F8347642.html HTTP/1.1" 500 - "-" "Mozilla/5.0 (compatible; SemrushBot/7~bl; +http://www.semrush.com/bot.html)" "mantech8.com"
185.191.171.20 - - [07/Dec/2022:22:27:32 -0800] "GET /?camp-fire%2F58124459.html HTTP/1.1" 500 - "-" "Mozilla/5.0 (compatible; SemrushBot/7~bl; +http://www.semrush.com/bot.html)" "mantech8.com"
40.77.167.26 - - [07/Dec/2022:22:27:32 -0800] "GET /index.php/wtzk-91a7effeed-n1gki.ii HTTP/1.1" 200 68269 "-" "Mozilla/5.0 AppleWebKit/537.36 (KHTML, like Gecko; compatible; bingbot/2.0; +http://www.bing.com/bingbot.htm) Chrome/103.0.5060.134 Safari/537.36" "mantech8.com"
185.191.171.3 - - [07/Dec/2022:22:27:41 -0800] "GET /index.php/camp-fire/6074359.html HTTP/1.1" 500 - "-" "Mozilla/5.0 (compatible; SemrushBot/7~bl; +http://www.semrush.com/bot.html)" "mantech8.com"
40.77.167.20 - - [07/Dec/2022:22:28:07 -0800] "GET /index.php/zsuz-fadf3fffad-slmpl.ii HTTP/1.1" 200 66983 "-" "Mozilla/5.0 AppleWebKit/537.36 (KHTML, like Gecko; compatible; bingbot/2.0; +http://www.bing.com/bingbot.htm) Chrome/103.0.5060.134 Safari/537.36" "mantech8.com"
157.55.39.123 - - [07/Dec/2022:22:28:45 -0800] "GET /index.php/eayh-15beb-rmfcf.ii HTTP/1.1" 200 66948 "-" "Mozilla/5.0 (compatible; bingbot/2.0; +http://www.bing.com/bingbot.htm)" "mantech8.com"
157.55.39.123 - - [07/Dec/2022:22:28:46 -0800] "GET /index.php/8caf HTTP/1.1" 200 72732 "-" "Mozilla/5.0 (compatible; bingbot/2.0; +http://www.bing.com/bingbot.htm)" "mantech8.com"
157.55.39.123 - - [07/Dec/2022:22:28:47 -0800] "GET /index.php/kjz2-b981babbae-hqisz.ii HTTP/1.1" 200 65242 "-" "Mozilla/5.0 (compatible; bingbot/2.0; +http://www.bing.com/bingbot.htm)" "mantech8.com"
185.191.171.38 - - [07/Dec/2022:22:28:52 -0800] "GET /index.php?camp-fire%2F9607493.html HTTP/1.1" 500 - "-" "Mozilla/5.0 (compatible; SemrushBot/7~bl; +http://www.semrush.com/bot.html)" "mantech8.com"
207.46.13.100 - - [07/Dec/2022:22:28:54 -0800] "GET /index.php/txf8-0befbacf-apyif.ii HTTP/1.1" 200 68947 "-" "Mozilla/5.0 (compatible; bingbot/2.0; +http://www.bing.com/bingbot.htm)" "mantech8.com"
207.46.13.100 - - [07/Dec/2022:22:28:55 -0800] "GET /index.php/mkjw-5fde-bbing.ii HTTP/1.1" 200 67214 "-" "Mozilla/5.0 AppleWebKit/537.36 (KHTML, like Gecko; compatible; bingbot/2.0; +http://www.bing.com/bingbot.htm) Chrome/103.0.5060.134 Safari/537.36" "mantech8.com"
207.46.13.100 - - [07/Dec/2022:22:28:56 -0800] "GET /index.php/9hdj-9ef3dfbd-boktk.ii HTTP/1.1" 200 60706 "-" "Mozilla/5.0 AppleWebKit/537.36 (KHTML, like Gecko; compatible; bingbot/2.0; +http://www.bing.com/bingbot.htm) Chrome/103.0.5060.134 Safari/537.36" "mantech8.com"
207.46.13.100 - - [07/Dec/2022:22:28:57 -0800] "GET /index.php/gvdr-59f2becaf-vmtqe.ii HTTP/1.1" 200 59308 "-" "Mozilla/5.0 (compatible; bingbot/2.0; +http://www.bing.com/bingbot.htm)" "mantech8.com"
207.46.13.100 - - [07/Dec/2022:22:29:35 -0800] "GET /index.php/nwtf-e7bab-3ptac.ii HTTP/1.1" 200 63759 "-" "Mozilla/5.0 AppleWebKit/537.36 (KHTML, like Gecko; compatible; bingbot/2.0; +http://www.bing.com/bingbot.htm) Chrome/103.0.5060.134 Safari/537.36" "mantech8.com"
207.46.13.100 - - [07/Dec/2022:22:29:36 -0800] "GET /index.php/031cbfcab HTTP/1.1" 200 65803 "-" "Mozilla/5.0 (compatible; bingbot/2.0; +http://www.bing.com/bingbot.htm)" "mantech8.com"
207.46.13.125 - - [07/Dec/2022:22:29:59 -0800] "GET /index.php/EGy1-5b1a1cebfa-vdHSF.Ii HTTP/1.1" 200 62567 "-" "Mozilla/5.0 (compatible; bingbot/2.0; +http://www.bing.com/bingbot.htm)" "mantech8.com"
207.46.13.125 - - [07/Dec/2022:22:30:00 -0800] "GET /index.php/egy1-14c9becac-veaiu.ii HTTP/1.1" 200 65778 "-" "Mozilla/5.0 (compatible; bingbot/2.0; +http://www.bing.com/bingbot.htm)" "mantech8.com"
185.191.171.37 - - [07/Dec/2022:22:30:06 -0800] "GET /index.php?camp-fire%2F3184878.html HTTP/1.1" 500 - "-" "Mozilla/5.0 (compatible; SemrushBot/7~bl; +http://www.semrush.com/bot.html)" "mantech8.com"
157.55.39.138 - - [07/Dec/2022:22:30:14 -0800] "GET /index.php/gvdr-b7d9bffdb-vjunc.ii HTTP/1.1" 200 67383 "-" "Mozilla/5.0 AppleWebKit/537.36 (KHTML, like Gecko; compatible; bingbot/2.0; +http://www.bing.com/bingbot.htm) Chrome/103.0.5060.134 Safari/537.36" "mantech8.com"
157.55.39.123 - - [07/Dec/2022:22:30:19 -0800] "GET /index.php/91ca HTTP/1.1" 200 64371 "-" "Mozilla/5.0 (compatible; bingbot/2.0; +http://www.bing.com/bingbot.htm)" "mantech8.com"
66.249.66.64 - - [07/Dec/2022:22:30:20 -0800] "GET /sitemapindeximages.xml HTTP/1.1" 404 88 "-" "Mozilla/5.0 (compatible; Googlebot/2.1; +http://www.google.com/bot.html)" "mantech8.com"
157.55.39.123 - - [07/Dec/2022:22:30:20 -0800] "GET /index.php/1zve-39e8abdfc-jvuaf.ii HTTP/1.1" 200 64533 "-" "Mozilla/5.0 AppleWebKit/537.36 (KHTML, like Gecko; compatible; bingbot/2.0; +http://www.bing.com/bingbot.htm) Chrome/103.0.5060.134 Safari/537.36" "mantech8.com"
207.46.13.125 - - [07/Dec/2022:22:30:24 -0800] "GET /index.php/wf2o-3ceb-g6ffn.ii HTTP/1.1" 200 72231 "-" "Mozilla/5.0 AppleWebKit/537.36 (KHTML, like Gecko; compatible; bingbot/2.0; +http://www.bing.com/bingbot.htm) Chrome/103.0.5060.134 Safari/537.36" "mantech8.com"
40.77.167.20 - - [07/Dec/2022:22:30:28 -0800] "GET /index.php/74feb HTTP/1.1" 200 63757 "-" "Mozilla/5.0 (compatible; bingbot/2.0; +http://www.bing.com/bingbot.htm)" "mantech8.com"
207.46.13.100 - - [07/Dec/2022:22:30:29 -0800] "GET /index.php/7d8adcaec HTTP/1.1" 200 65771 "-" "Mozilla/5.0 AppleWebKit/537.36 (KHTML, like Gecko; compatible; bingbot/2.0; +http://www.bing.com/bingbot.htm) Chrome/103.0.5060.134 Safari/537.36" "mantech8.com"
157.55.39.138 - - [07/Dec/2022:22:30:44 -0800] "GET / HTTP/1.1" 200 64154 "-" "Mozilla/5.0 (compatible; bingbot/2.0; +http://www.bing.com/bingbot.htm)" "www.mantech8.com"
40.77.167.20 - - [07/Dec/2022:22:30:48 -0800] "GET /index.php/7cfd7bbcbd HTTP/1.1" 200 66679 "-" "Mozilla/5.0 (compatible; bingbot/2.0; +http://www.bing.com/bingbot.htm)" "mantech8.com"
185.191.171.42 - - [07/Dec/2022:22:30:57 -0800] "GET /?camp-fire%2F40010235.html HTTP/1.1" 500 - "-" "Mozilla/5.0 (compatible; SemrushBot/7~bl; +http://www.semrush.com/bot.html)" "mantech8.com"
207.46.13.100 - - [07/Dec/2022:22:31:13 -0800] "GET /index.php/nWTf-6eaccd-4ACGp.Ii HTTP/1.1" 200 65208 "-" "Mozilla/5.0 AppleWebKit/537.36 (KHTML, like Gecko; compatible; bingbot/2.0; +http://www.bing.com/bingbot.htm) Chrome/103.0.5060.134 Safari/537.36" "mantech8.com"
185.191.171.35 - - [07/Dec/2022:22:31:17 -0800] "GET /?camp-fire%2F39814230.html HTTP/1.1" 500 - "-" "Mozilla/5.0 (compatible; SemrushBot/7~bl; +http://www.semrush.com/bot.html)" "mantech8.com"
157.55.39.138 - - [07/Dec/2022:22:31:18 -0800] "GET /index.php/nWTf-8f45bcbae-4AyiS.Ii HTTP/1.1" 200 68135 "-" "Mozilla/5.0 AppleWebKit/537.36 (KHTML, like Gecko; compatible; bingbot/2.0; +http://www.bing.com/bingbot.htm) Chrome/103.0.5060.134 Safari/537.36" "mantech8.com"
185.191.171.9 - - [07/Dec/2022:22:31:38 -0800] "GET /?camp-fire%2F41857708.html HTTP/1.1" 500 - "-" "Mozilla/5.0 (compatible; SemrushBot/7~bl; +http://www.semrush.com/bot.html)" "mantech8.com"
185.191.171.17 - - [07/Dec/2022:22:31:47 -0800] "GET /index.php/camp-fire/101472471.html HTTP/1.1" 500 - "-" "Mozilla/5.0 (compatible; SemrushBot/7~bl; +http://www.semrush.com/bot.html)" "mantech8.com"
40.77.167.26 - - [07/Dec/2022:22:31:52 -0800] "GET /index.php/egy1-0dae-vxpva.ii HTTP/1.1" 200 65914 "-" "Mozilla/5.0 (compatible; bingbot/2.0; +http://www.bing.com/bingbot.htm)" "mantech8.com"
185.191.171.35 - - [07/Dec/2022:22:31:53 -0800] "GET /?camp-fire%2F55866165.html HTTP/1.1" 500 - "-" "Mozilla/5.0 (compatible; SemrushBot/7~bl; +http://www.semrush.com/bot.html)" "mantech8.com"
40.77.167.26 - - [07/Dec/2022:22:31:53 -0800] "GET /index.php/k937-27db-74amw.ii HTTP/1.1" 200 69823 "-" "Mozilla/5.0 AppleWebKit/537.36 (KHTML, like Gecko; compatible; bingbot/2.0; +http://www.bing.com/bingbot.htm) Chrome/103.0.5060.134 Safari/537.36" "mantech8.com"
185.191.171.22 - - [07/Dec/2022:22:31:54 -0800] "GET /?camp-fire%2F41890703.html HTTP/1.1" 500 - "-" "Mozilla/5.0 (compatible; SemrushBot/7~bl; +http://www.semrush.com/bot.html)" "mantech8.com"
185.191.171.1 - - [07/Dec/2022:22:31:57 -0800] "GET /index.php/camp-fire/40287076.html HTTP/1.1" 500 - "-" "Mozilla/5.0 (compatible; SemrushBot/7~bl; +http://www.semrush.com/bot.html)" "mantech8.com"
185.191.171.35 - - [07/Dec/2022:22:32:00 -0800] "GET /index.php/camp-fire/18975698.html HTTP/1.1" 500 - "-" "Mozilla/5.0 (compatible; SemrushBot/7~bl; +http://www.semrush.com/bot.html)" "mantech8.com"
40.77.167.26 - - [07/Dec/2022:22:32:03 -0800] "GET /index.php/o6yj-0613fdddaa-pidud.ii HTTP/1.1" 200 68861 "-" "Mozilla/5.0 (compatible; bingbot/2.0; +http://www.bing.com/bingbot.htm)" "mantech8.com"
40.77.167.20 - - [07/Dec/2022:22:32:08 -0800] "GET /index.php/31l7-2ceaa-onhat.ii HTTP/1.1" 200 60854 "-" "Mozilla/5.0 (compatible; bingbot/2.0; +http://www.bing.com/bingbot.htm)" "mantech8.com"
185.191.171.4 - - [07/Dec/2022:22:32:19 -0800] "GET /index.php?camp-fire%2F15279424.html HTTP/1.1" 500 - "-" "Mozilla/5.0 (compatible; SemrushBot/7~bl; +http://www.semrush.com/bot.html)" "mantech8.com"
157.55.39.138 - - [07/Dec/2022:22:32:55 -0800] "GET /index.php/YhFG-7f6addadb-pkakR.Ii HTTP/1.1" 200 66850 "-" "Mozilla/5.0 AppleWebKit/537.36 (KHTML, like Gecko; compatible; bingbot/2.0; +http://www.bing.com/bingbot.htm) Chrome/103.0.5060.134 Safari/537.36" "mantech8.com"
157.55.39.138 - - [07/Dec/2022:22:32:57 -0800] "GET /index.php/nwtf-05adfedf-4asou.ii HTTP/1.1" 200 66535 "-" "Mozilla/5.0 (compatible; bingbot/2.0; +http://www.bing.com/bingbot.htm)" "mantech8.com"
207.46.13.125 - - [07/Dec/2022:22:33:00 -0800] "GET /bimages/client/client7.png HTTP/1.1" 200 34665 "-" "Mozilla/5.0 AppleWebKit/537.36 (KHTML, like Gecko; compatible; bingbot/2.0; +http://www.bing.com/bingbot.htm) Chrome/103.0.5060.134 Safari/537.36" "www.mantech8.com"
157.55.39.138 - - [07/Dec/2022:22:33:06 -0800] "GET /index.php/nwtf-173ddfdf-3lshh.ii HTTP/1.1" 200 65575 "-" "Mozilla/5.0 (compatible; bingbot/2.0; +http://www.bing.com/bingbot.htm)" "mantech8.com"
185.191.171.44 - - [07/Dec/2022:22:33:06 -0800] "GET /index.php?camp-fire%2F17367065.html HTTP/1.1" 500 - "-" "Mozilla/5.0 (compatible; SemrushBot/7~bl; +http://www.semrush.com/bot.html)" "mantech8.com"
157.55.39.123 - - [07/Dec/2022:22:33:15 -0800] "GET /index.php/hfdr-1ce5dedfd-ikwyh.ii HTTP/1.1" 200 60026 "-" "Mozilla/5.0 AppleWebKit/537.36 (KHTML, like Gecko; compatible; bingbot/2.0; +http://www.bing.com/bingbot.htm) Chrome/103.0.5060.134 Safari/537.36" "mantech8.com"
157.55.39.123 - - [07/Dec/2022:22:33:16 -0800] "GET /index.php/a53e5ebb HTTP/1.1" 200 64929 "-" "Mozilla/5.0 AppleWebKit/537.36 (KHTML, like Gecko; compatible; bingbot/2.0; +http://www.bing.com/bingbot.htm) Chrome/103.0.5060.134 Safari/537.36" "mantech8.com"
207.46.13.100 - - [07/Dec/2022:22:33:34 -0800] "GET /index.php/vmbp-d20bfefad-uirj3.ii HTTP/1.1" 200 65815 "-" "Mozilla/5.0 (compatible; bingbot/2.0; +http://www.bing.com/bingbot.htm)" "mantech8.com"
207.46.13.100 - - [07/Dec/2022:22:33:35 -0800] "GET /index.php/bdcdb HTTP/1.1" 200 70876 "-" "Mozilla/5.0 (compatible; bingbot/2.0; +http://www.bing.com/bingbot.htm)" "mantech8.com"
207.46.13.100 - - [07/Dec/2022:22:33:36 -0800] "GET /index.php/mcko-8408ccdcfe-vbaer.ii HTTP/1.1" 200 65741 "-" "Mozilla/5.0 AppleWebKit/537.36 (KHTML, like Gecko; compatible; bingbot/2.0; +http://www.bing.com/bingbot.htm) Chrome/103.0.5060.134 Safari/537.36" "mantech8.com"
207.46.13.125 - - [07/Dec/2022:22:33:40 -0800] "GET /index.php/mhxm-50fc-jv0xd.ii HTTP/1.1" 200 66772 "-" "Mozilla/5.0 AppleWebKit/537.36 (KHTML, like Gecko; compatible; bingbot/2.0; +http://www.bing.com/bingbot.htm) Chrome/103.0.5060.134 Safari/537.36" "mantech8.com"
157.55.39.138 - - [07/Dec/2022:22:33:44 -0800] "GET /YhFG-2c80bdead-ppMoe.Ii HTTP/1.1" 404 88 "-" "Mozilla/5.0 (compatible; bingbot/2.0; +http://www.bing.com/bingbot.htm)" "www.mantech8.com"
40.77.167.26 - - [07/Dec/2022:22:33:44 -0800] "GET /index.php/kjz2-3fcadacbae-hqqqb.ii HTTP/1.1" 200 69862 "-" "Mozilla/5.0 AppleWebKit/537.36 (KHTML, like Gecko; compatible; bingbot/2.0; +http://www.bing.com/bingbot.htm) Chrome/103.0.5060.134 Safari/537.36" "mantech8.com"
207.46.13.125 - - [07/Dec/2022:22:34:01 -0800] "GET /index.php/eeffa HTTP/1.1" 200 62512 "-" "Mozilla/5.0 (compatible; bingbot/2.0; +http://www.bing.com/bingbot.htm)" "mantech8.com"
157.55.39.138 - - [07/Dec/2022:22:34:05 -0800] "GET /YhFG-2c80bdead-ppMoe.Ii HTTP/1.1" 404 88 "-" "Mozilla/5.0 (compatible; bingbot/2.0; +http://www.bing.com/bingbot.htm)" "www.mantech8.com"
185.191.171.1 - - [07/Dec/2022:22:34:22 -0800] "GET /index.php/camp-fire/16823183.html HTTP/1.1" 500 - "-" "Mozilla/5.0 (compatible; SemrushBot/7~bl; +http://www.semrush.com/bot.html)" "mantech8.com"
185.191.171.2 - - [07/Dec/2022:22:35:15 -0800] "GET /?camp-fire%2F19712508.html HTTP/1.1" 500 - "-" "Mozilla/5.0 (compatible; SemrushBot/7~bl; +http://www.semrush.com/bot.html)" "mantech8.com"
40.77.167.26 - - [07/Dec/2022:22:35:53 -0800] "GET /index.php/nwtf-feeeeb-4abaa.ii HTTP/1.1" 200 66760 "-" "Mozilla/5.0 (compatible; bingbot/2.0; +http://www.bing.com/bingbot.htm)" "mantech8.com"
207.46.13.100 - - [07/Dec/2022:22:35:58 -0800] "GET /index.php/q5w4-70ba-jocjj.ii HTTP/1.1" 200 61025 "-" "Mozilla/5.0 (compatible; bingbot/2.0; +http://www.bing.com/bingbot.htm)" "mantech8.com"
207.46.13.100 - - [07/Dec/2022:22:36:05 -0800] "GET /index.php/pstd-3afff-ien03.ii HTTP/1.1" 200 73681 "-" "Mozilla/5.0 (compatible; bingbot/2.0; +http://www.bing.com/bingbot.htm)" "mantech8.com"
185.191.171.3 - - [07/Dec/2022:22:36:05 -0800] "GET /index.php?camp-fire%2F18985581.html HTTP/1.1" 500 - "-" "Mozilla/5.0 (compatible; SemrushBot/7~bl; +http://www.semrush.com/bot.html)" "mantech8.com"
185.191.171.25 - - [07/Dec/2022:22:36:21 -0800] "GET /index.php/camp-fire/75279553.html HTTP/1.1" 500 - "-" "Mozilla/5.0 (compatible; SemrushBot/7~bl; +http://www.semrush.com/bot.html)" "mantech8.com"
157.55.39.138 - - [07/Dec/2022:22:36:36 -0800] "GET /index.php/7b720eef HTTP/1.1" 200 60841 "-" "Mozilla/5.0 (compatible; bingbot/2.0; +http://www.bing.com/bingbot.htm)" "mantech8.com"
185.191.171.23 - - [07/Dec/2022:22:37:17 -0800] "GET /index.php?camp-fire%2F1361790.html HTTP/1.1" 500 - "-" "Mozilla/5.0 (compatible; SemrushBot/7~bl; +http://www.semrush.com/bot.html)" "mantech8.com"
185.191.171.23 - - [07/Dec/2022:22:38:00 -0800] "GET /?camp-fire%2F16499985.html HTTP/1.1" 500 - "-" "Mozilla/5.0 (compatible; SemrushBot/7~bl; +http://www.semrush.com/bot.html)" "mantech8.com"
157.55.39.123 - - [07/Dec/2022:22:38:05 -0800] "GET /index.php/mcko-590edfbb-vyleb.ii HTTP/1.1" 200 65290 "-" "Mozilla/5.0 (compatible; bingbot/2.0; +http://www.bing.com/bingbot.htm)" "mantech8.com"
157.55.39.123 - - [07/Dec/2022:22:38:06 -0800] "GET /index.php/eb5r-8d7fdafabe-lcrgg.ii HTTP/1.1" 200 68429 "-" "Mozilla/5.0 (compatible; bingbot/2.0; +http://www.bing.com/bingbot.htm)" "mantech8.com"
157.55.39.123 - - [07/Dec/2022:22:38:07 -0800] "GET /index.php/pstd-7e6edbee-ieops.ii HTTP/1.1" 200 67947 "-" "Mozilla/5.0 (compatible; bingbot/2.0; +http://www.bing.com/bingbot.htm)" "mantech8.com"
40.77.167.20 - - [07/Dec/2022:22:38:18 -0800] "GET /index.php/su70-c8dd-iczpp.ii HTTP/1.1" 200 70689 "-" "Mozilla/5.0 AppleWebKit/537.36 (KHTML, like Gecko; compatible; bingbot/2.0; +http://www.bing.com/bingbot.htm) Chrome/103.0.5060.134 Safari/537.36" "mantech8.com"
40.77.167.20 - - [07/Dec/2022:22:38:20 -0800] "GET /index.php/nwtf-5537aaadc-3pnus.ii HTTP/1.1" 200 64457 "-" "Mozilla/5.0 (compatible; bingbot/2.0; +http://www.bing.com/bingbot.htm)" "mantech8.com"
157.55.39.123 - - [07/Dec/2022:22:38:46 -0800] "GET /index.php/nwtf-23bcb-4au6b.ii HTTP/1.1" 200 60249 "-" "Mozilla/5.0 (compatible; bingbot/2.0; +http://www.bing.com/bingbot.htm)" "mantech8.com"
157.55.39.123 - - [07/Dec/2022:22:38:48 -0800] "GET /index.php/k937-f11eaafdd-73opr.ii HTTP/1.1" 200 70111 "-" "Mozilla/5.0 AppleWebKit/537.36 (KHTML, like Gecko; compatible; bingbot/2.0; +http://www.bing.com/bingbot.htm) Chrome/103.0.5060.134 Safari/537.36" "mantech8.com"
40.77.167.26 - - [07/Dec/2022:22:38:54 -0800] "GET /index.php/8b61dbcdf HTTP/1.1" 200 63373 "-" "Mozilla/5.0 AppleWebKit/537.36 (KHTML, like Gecko; compatible; bingbot/2.0; +http://www.bing.com/bingbot.htm) Chrome/103.0.5060.134 Safari/537.36" "mantech8.com"
157.55.39.138 - - [07/Dec/2022:22:38:58 -0800] "GET /index.php/imvf-98d4abaaec-hawns.ii HTTP/1.1" 200 63784 "-" "Mozilla/5.0 AppleWebKit/537.36 (KHTML, like Gecko; compatible; bingbot/2.0; +http://www.bing.com/bingbot.htm) Chrome/103.0.5060.134 Safari/537.36" "mantech8.com"
185.191.171.23 - - [07/Dec/2022:22:39:02 -0800] "GET /?camp-fire%2F75057278.html HTTP/1.1" 500 - "-" "Mozilla/5.0 (compatible; SemrushBot/7~bl; +http://www.semrush.com/bot.html)" "mantech8.com"
185.191.171.1 - - [07/Dec/2022:22:39:08 -0800] "GET /?camp-fire%2F94780293.html HTTP/1.1" 500 - "-" "Mozilla/5.0 (compatible; SemrushBot/7~bl; +http://www.semrush.com/bot.html)" "mantech8.com"
40.77.167.20 - - [07/Dec/2022:22:39:19 -0800] "GET /index.php/afe05aec HTTP/1.1" 200 69690 "-" "Mozilla/5.0 AppleWebKit/537.36 (KHTML, like Gecko; compatible; bingbot/2.0; +http://www.bing.com/bingbot.htm) Chrome/103.0.5060.134 Safari/537.36" "mantech8.com"
185.191.171.23 - - [07/Dec/2022:22:39:36 -0800] "GET /?camp-fire%2F19461781.html HTTP/1.1" 500 - "-" "Mozilla/5.0 (compatible; SemrushBot/7~bl; +http://www.semrush.com/bot.html)" "mantech8.com"
207.46.13.125 - - [07/Dec/2022:22:39:50 -0800] "GET /index.php/nWTf-4c14defc-3p6Au.Ii HTTP/1.1" 200 62846 "-" "Mozilla/5.0 AppleWebKit/537.36 (KHTML, like Gecko; compatible; bingbot/2.0; +http://www.bing.com/bingbot.htm) Chrome/103.0.5060.134 Safari/537.36" "mantech8.com"
207.46.13.125 - - [07/Dec/2022:22:39:52 -0800] "GET /index.php/35acca HTTP/1.1" 200 66440 "-" "Mozilla/5.0 AppleWebKit/537.36 (KHTML, like Gecko; compatible; bingbot/2.0; +http://www.bing.com/bingbot.htm) Chrome/103.0.5060.134 Safari/537.36" "mantech8.com"
40.77.167.20 - - [07/Dec/2022:22:39:58 -0800] "GET /index.php/wf2o-64eb-g547v.ii HTTP/1.1" 200 66298 "-" "Mozilla/5.0 (compatible; bingbot/2.0; +http://www.bing.com/bingbot.htm)" "mantech8.com"
157.55.39.138 - - [07/Dec/2022:22:39:59 -0800] "GET /index.php/nwtf-e1551cadab-4qlvl.ii HTTP/1.1" 200 68922 "-" "Mozilla/5.0 AppleWebKit/537.36 (KHTML, like Gecko; compatible; bingbot/2.0; +http://www.bing.com/bingbot.htm) Chrome/103.0.5060.134 Safari/537.36" "mantech8.com"
185.191.171.17 - - [07/Dec/2022:22:40:00 -0800] "GET /index.php/camp-fire/28635689.html HTTP/1.1" 500 - "-" "Mozilla/5.0 (compatible; SemrushBot/7~bl; +http://www.semrush.com/bot.html)" "mantech8.com"
157.55.39.138 - - [07/Dec/2022:22:40:01 -0800] "GET /index.php/b8adf HTTP/1.1" 200 66628 "-" "Mozilla/5.0 AppleWebKit/537.36 (KHTML, like Gecko; compatible; bingbot/2.0; +http://www.bing.com/bingbot.htm) Chrome/103.0.5060.134 Safari/537.36" "mantech8.com"
157.55.39.138 - - [07/Dec/2022:22:40:14 -0800] "GET /index.php/Mcko-2e3eddeec-VhWXw.Ii HTTP/1.1" 200 74110 "-" "Mozilla/5.0 AppleWebKit/537.36 (KHTML, like Gecko; compatible; bingbot/2.0; +http://www.bing.com/bingbot.htm) Chrome/103.0.5060.134 Safari/537.36" "mantech8.com"
157.55.39.138 - - [07/Dec/2022:22:40:15 -0800] "GET /index.php/f475bdaad HTTP/1.1" 200 65298 "-" "Mozilla/5.0 AppleWebKit/537.36 (KHTML, like Gecko; compatible; bingbot/2.0; +http://www.bing.com/bingbot.htm) Chrome/103.0.5060.134 Safari/537.36" "mantech8.com"
40.77.167.20 - - [07/Dec/2022:22:40:28 -0800] "GET /index.php/q5w4-4cbcdbbb-jk6z1.ii HTTP/1.1" 200 70302 "-" "Mozilla/5.0 (compatible; bingbot/2.0; +http://www.bing.com/bingbot.htm)" "mantech8.com"
40.77.167.20 - - [07/Dec/2022:22:40:29 -0800] "GET /index.php/7b2ffcdc HTTP/1.1" 200 68544 "-" "Mozilla/5.0 AppleWebKit/537.36 (KHTML, like Gecko; compatible; bingbot/2.0; +http://www.bing.com/bingbot.htm) Chrome/103.0.5060.134 Safari/537.36" "mantech8.com"
