185.191.171.1 - - [08/Dec/2022:03:20:32 -0800] "GET /?camp-fire%2F42411671.html HTTP/1.1" 500 - "-" "Mozilla/5.0 (compatible; SemrushBot/7~bl; +http://www.semrush.com/bot.html)" "mantech8.com"
185.191.171.35 - - [08/Dec/2022:03:20:36 -0800] "GET /?camp-fire%2F42160559.html HTTP/1.1" 500 - "-" "Mozilla/5.0 (compatible; SemrushBot/7~bl; +http://www.semrush.com/bot.html)" "mantech8.com"
207.46.13.100 - - [08/Dec/2022:03:20:52 -0800] "GET /index.php/mcko-8408ccdcfe-vbaer.ii HTTP/1.1" 200 65768 "-" "Mozilla/5.0 (compatible; bingbot/2.0; +http://www.bing.com/bingbot.htm)" "mantech8.com"
185.191.171.21 - - [08/Dec/2022:03:20:56 -0800] "GET /?camp-fire%2F56768717.html HTTP/1.1" 500 - "-" "Mozilla/5.0 (compatible; SemrushBot/7~bl; +http://www.semrush.com/bot.html)" "mantech8.com"
185.191.171.7 - - [08/Dec/2022:03:21:35 -0800] "GET /?camp-fire%2F34710208.html HTTP/1.1" 500 - "-" "Mozilla/5.0 (compatible; SemrushBot/7~bl; +http://www.semrush.com/bot.html)" "mantech8.com"
157.55.39.123 - - [08/Dec/2022:03:21:43 -0800] "GET /index.php/hfdr-1ce5dedfd-ikwyh.ii HTTP/1.1" 200 59997 "-" "Mozilla/5.0 AppleWebKit/537.36 (KHTML, like Gecko; compatible; bingbot/2.0; +http://www.bing.com/bingbot.htm) Chrome/103.0.5060.134 Safari/537.36" "mantech8.com"
157.55.39.123 - - [08/Dec/2022:03:21:43 -0800] "GET /index.php/a53e5ebb HTTP/1.1" 200 64314 "-" "Mozilla/5.0 AppleWebKit/537.36 (KHTML, like Gecko; compatible; bingbot/2.0; +http://www.bing.com/bingbot.htm) Chrome/103.0.5060.134 Safari/537.36" "mantech8.com"
157.55.39.138 - - [08/Dec/2022:03:22:03 -0800] "GET /index.php/nwtf-05adfedf-4asou.ii HTTP/1.1" 200 65814 "-" "Mozilla/5.0 (compatible; bingbot/2.0; +http://www.bing.com/bingbot.htm)" "mantech8.com"
157.55.39.138 - - [08/Dec/2022:03:22:04 -0800] "GET /index.php/pstd-02efd-iechb.ii HTTP/1.1" 200 73410 "-" "Mozilla/5.0 AppleWebKit/537.36 (KHTML, like Gecko; compatible; bingbot/2.0; +http://www.bing.com/bingbot.htm) Chrome/103.0.5060.134 Safari/537.36" "mantech8.com"
207.46.13.100 - - [08/Dec/2022:03:22:12 -0800] "GET /index.php/Pstd-893d0bcf-iXix9.Ii HTTP/1.1" 200 70118 "-" "Mozilla/5.0 AppleWebKit/537.36 (KHTML, like Gecko; compatible; bingbot/2.0; +http://www.bing.com/bingbot.htm) Chrome/103.0.5060.134 Safari/537.36" "mantech8.com"
207.46.13.100 - - [08/Dec/2022:03:22:12 -0800] "GET /index.php/mkjw-599c6dabe-bhxyj.ii HTTP/1.1" 200 64673 "-" "Mozilla/5.0 AppleWebKit/537.36 (KHTML, like Gecko; compatible; bingbot/2.0; +http://www.bing.com/bingbot.htm) Chrome/103.0.5060.134 Safari/537.36" "mantech8.com"
40.77.167.20 - - [08/Dec/2022:03:22:14 -0800] "GET /index.php/Pstd-864dddeed-iXbN3.Ii HTTP/1.1" 200 68657 "-" "Mozilla/5.0 (compatible; bingbot/2.0; +http://www.bing.com/bingbot.htm)" "mantech8.com"
157.55.39.123 - - [08/Dec/2022:03:22:17 -0800] "GET /index.php/eb5r-8d7fdafabe-lcrgg.ii HTTP/1.1" 200 68728 "-" "Mozilla/5.0 AppleWebKit/537.36 (KHTML, like Gecko; compatible; bingbot/2.0; +http://www.bing.com/bingbot.htm) Chrome/103.0.5060.134 Safari/537.36" "mantech8.com"
185.191.171.17 - - [08/Dec/2022:03:22:19 -0800] "GET /?camp-fire%2F40122188.html HTTP/1.1" 500 - "-" "Mozilla/5.0 (compatible; SemrushBot/7~bl; +http://www.semrush.com/bot.html)" "mantech8.com"
185.191.171.20 - - [08/Dec/2022:03:22:34 -0800] "GET /index.php/camp-fire/31134955.html HTTP/1.1" 500 - "-" "Mozilla/5.0 (compatible; SemrushBot/7~bl; +http://www.semrush.com/bot.html)" "mantech8.com"
185.191.171.25 - - [08/Dec/2022:03:22:42 -0800] "GET /?camp-fire%2F37466330.html HTTP/1.1" 500 - "-" "Mozilla/5.0 (compatible; SemrushBot/7~bl; +http://www.semrush.com/bot.html)" "mantech8.com"
114.119.130.91 - - [08/Dec/2022:03:22:46 -0800] "GET /index.php?sitemap3086.xml HTTP/1.1" 200 289442 "-" "Mozilla/5.0 (compatible;PetalBot;+https://webmaster.petalsearch.com/site/petalbot)" "mantech8.com"
40.77.167.20 - - [08/Dec/2022:03:24:06 -0800] "GET /index.php/mkjw-47fe3deacf-bgmyf.ii HTTP/1.1" 200 74679 "-" "Mozilla/5.0 AppleWebKit/537.36 (KHTML, like Gecko; compatible; bingbot/2.0; +http://www.bing.com/bingbot.htm) Chrome/103.0.5060.134 Safari/537.36" "mantech8.com"
207.46.13.100 - - [08/Dec/2022:03:24:22 -0800] "GET /index.php/pstd-3afff-ien03.ii HTTP/1.1" 200 73438 "-" "Mozilla/5.0 AppleWebKit/537.36 (KHTML, like Gecko; compatible; bingbot/2.0; +http://www.bing.com/bingbot.htm) Chrome/103.0.5060.134 Safari/537.36" "mantech8.com"
207.46.13.125 - - [08/Dec/2022:03:24:27 -0800] "GET /index.php/Wf2o-487baccd-G6BJT.Ii HTTP/1.1" 200 71830 "-" "Mozilla/5.0 AppleWebKit/537.36 (KHTML, like Gecko; compatible; bingbot/2.0; +http://www.bing.com/bingbot.htm) Chrome/103.0.5060.134 Safari/537.36" "mantech8.com"
207.46.13.125 - - [08/Dec/2022:03:24:28 -0800] "GET /index.php/NAQ6-c3efd-IujFZ.Ii HTTP/1.1" 200 74460 "-" "Mozilla/5.0 AppleWebKit/537.36 (KHTML, like Gecko; compatible; bingbot/2.0; +http://www.bing.com/bingbot.htm) Chrome/103.0.5060.134 Safari/537.36" "mantech8.com"
185.191.171.11 - - [08/Dec/2022:03:24:29 -0800] "GET /robots.txt HTTP/1.1" 200 106 "-" "Mozilla/5.0 (compatible; SemrushBot/7~bl; +http://www.semrush.com/bot.html)" "mantech8.com"
185.191.171.40 - - [08/Dec/2022:03:24:29 -0800] "GET /?camp-fire%2F40468259.html HTTP/1.1" 500 - "-" "Mozilla/5.0 (compatible; SemrushBot/7~bl; +http://www.semrush.com/bot.html)" "mantech8.com"
207.46.13.125 - - [08/Dec/2022:03:24:29 -0800] "GET /index.php/eeffa HTTP/1.1" 200 62792 "-" "Mozilla/5.0 AppleWebKit/537.36 (KHTML, like Gecko; compatible; bingbot/2.0; +http://www.bing.com/bingbot.htm) Chrome/103.0.5060.134 Safari/537.36" "mantech8.com"
185.191.171.41 - - [08/Dec/2022:03:24:52 -0800] "GET /?camp-fire%2F39098863.html HTTP/1.1" 500 - "-" "Mozilla/5.0 (compatible; SemrushBot/7~bl; +http://www.semrush.com/bot.html)" "mantech8.com"
207.46.13.125 - - [08/Dec/2022:03:24:59 -0800] "GET /index.php/bljc-e1d04fac-kw4vf.ii HTTP/1.1" 200 66042 "-" "Mozilla/5.0 AppleWebKit/537.36 (KHTML, like Gecko; compatible; bingbot/2.0; +http://www.bing.com/bingbot.htm) Chrome/103.0.5060.134 Safari/537.36" "mantech8.com"
185.191.171.38 - - [08/Dec/2022:03:25:51 -0800] "GET /?camp-fire%2F27614547.html HTTP/1.1" 500 - "-" "Mozilla/5.0 (compatible; SemrushBot/7~bl; +http://www.semrush.com/bot.html)" "mantech8.com"
185.191.171.13 - - [08/Dec/2022:03:26:16 -0800] "GET /?camp-fire%2F40917989.html HTTP/1.1" 500 - "-" "Mozilla/5.0 (compatible; SemrushBot/7~bl; +http://www.semrush.com/bot.html)" "mantech8.com"
157.55.39.123 - - [08/Dec/2022:03:26:22 -0800] "GET /index.php/egy1-d95bebdba-vevmv.ii HTTP/1.1" 200 66430 "-" "Mozilla/5.0 AppleWebKit/537.36 (KHTML, like Gecko; compatible; bingbot/2.0; +http://www.bing.com/bingbot.htm) Chrome/103.0.5060.134 Safari/537.36" "mantech8.com"
157.55.39.123 - - [08/Dec/2022:03:26:23 -0800] "GET /index.php/nWTf-13fccada-4AfZT.Ii HTTP/1.1" 200 61095 "-" "Mozilla/5.0 (compatible; bingbot/2.0; +http://www.bing.com/bingbot.htm)" "mantech8.com"
157.55.39.123 - - [08/Dec/2022:03:26:23 -0800] "GET /index.php/egy1-86cc6aafce-vd3ss.ii HTTP/1.1" 200 67749 "-" "Mozilla/5.0 (compatible; bingbot/2.0; +http://www.bing.com/bingbot.htm)" "mantech8.com"
157.55.39.123 - - [08/Dec/2022:03:26:25 -0800] "GET /index.php/su70-2a4ddacfb-iflan.ii HTTP/1.1" 200 67616 "-" "Mozilla/5.0 (compatible; bingbot/2.0; +http://www.bing.com/bingbot.htm)" "mantech8.com"
157.55.39.123 - - [08/Dec/2022:03:26:25 -0800] "GET /index.php/ba8s-d8f0bbefc-00ebl.ii HTTP/1.1" 200 65957 "-" "Mozilla/5.0 (compatible; bingbot/2.0; +http://www.bing.com/bingbot.htm)" "mantech8.com"
157.55.39.123 - - [08/Dec/2022:03:26:27 -0800] "GET /index.php/nwtf-23bcb-4au6b.ii HTTP/1.1" 200 61118 "-" "Mozilla/5.0 AppleWebKit/537.36 (KHTML, like Gecko; compatible; bingbot/2.0; +http://www.bing.com/bingbot.htm) Chrome/103.0.5060.134 Safari/537.36" "mantech8.com"
157.55.39.123 - - [08/Dec/2022:03:26:28 -0800] "GET /index.php/mcko-c5f87ddc-vbnsu.ii HTTP/1.1" 200 67234 "-" "Mozilla/5.0 (compatible; bingbot/2.0; +http://www.bing.com/bingbot.htm)" "mantech8.com"
185.191.171.12 - - [08/Dec/2022:03:26:35 -0800] "GET /?camp-fire%2F26153778.html HTTP/1.1" 500 - "-" "Mozilla/5.0 (compatible; SemrushBot/7~bl; +http://www.semrush.com/bot.html)" "mantech8.com"
185.191.171.44 - - [08/Dec/2022:03:26:42 -0800] "GET /?camp-fire%2F40162688.html HTTP/1.1" 500 - "-" "Mozilla/5.0 (compatible; SemrushBot/7~bl; +http://www.semrush.com/bot.html)" "mantech8.com"
207.46.13.100 - - [08/Dec/2022:03:26:42 -0800] "GET /index.php/23eaec HTTP/1.1" 200 71149 "-" "Mozilla/5.0 AppleWebKit/537.36 (KHTML, like Gecko; compatible; bingbot/2.0; +http://www.bing.com/bingbot.htm) Chrome/103.0.5060.134 Safari/537.36" "mantech8.com"
185.191.171.7 - - [08/Dec/2022:03:26:47 -0800] "GET /?camp-fire%2F36959532.html HTTP/1.1" 500 - "-" "Mozilla/5.0 (compatible; SemrushBot/7~bl; +http://www.semrush.com/bot.html)" "mantech8.com"
40.77.167.26 - - [08/Dec/2022:03:27:00 -0800] "GET /index.php/mcko-2e1bbacd-vg49s.ii HTTP/1.1" 200 64756 "-" "Mozilla/5.0 AppleWebKit/537.36 (KHTML, like Gecko; compatible; bingbot/2.0; +http://www.bing.com/bingbot.htm) Chrome/103.0.5060.134 Safari/537.36" "mantech8.com"
185.191.171.25 - - [08/Dec/2022:03:27:05 -0800] "GET /?camp-fire%2F81523130.html HTTP/1.1" 500 - "-" "Mozilla/5.0 (compatible; SemrushBot/7~bl; +http://www.semrush.com/bot.html)" "mantech8.com"
185.191.171.24 - - [08/Dec/2022:03:27:26 -0800] "GET /?camp-fire%2F39563135.html HTTP/1.1" 500 - "-" "Mozilla/5.0 (compatible; SemrushBot/7~bl; +http://www.semrush.com/bot.html)" "mantech8.com"
40.77.167.20 - - [08/Dec/2022:03:27:27 -0800] "GET /index.php/afe05aec HTTP/1.1" 200 69751 "-" "Mozilla/5.0 (compatible; bingbot/2.0; +http://www.bing.com/bingbot.htm)" "mantech8.com"
40.77.167.20 - - [08/Dec/2022:03:27:46 -0800] "GET /index.php/zsuz-fadf3fffad-slmpl.ii HTTP/1.1" 200 67313 "-" "Mozilla/5.0 AppleWebKit/537.36 (KHTML, like Gecko; compatible; bingbot/2.0; +http://www.bing.com/bingbot.htm) Chrome/103.0.5060.134 Safari/537.36" "mantech8.com"
40.77.167.20 - - [08/Dec/2022:03:27:47 -0800] "GET /index.php/7b2ffcdc HTTP/1.1" 200 68317 "-" "Mozilla/5.0 AppleWebKit/537.36 (KHTML, like Gecko; compatible; bingbot/2.0; +http://www.bing.com/bingbot.htm) Chrome/103.0.5060.134 Safari/537.36" "mantech8.com"
185.191.171.10 - - [08/Dec/2022:03:27:54 -0800] "GET /?camp-fire%2F77912190.html HTTP/1.1" 500 - "-" "Mozilla/5.0 (compatible; SemrushBot/7~bl; +http://www.semrush.com/bot.html)" "mantech8.com"
185.191.171.19 - - [08/Dec/2022:03:27:55 -0800] "GET /?camp-fire%2F56795134.html HTTP/1.1" 500 - "-" "Mozilla/5.0 (compatible; SemrushBot/7~bl; +http://www.semrush.com/bot.html)" "mantech8.com"
157.55.39.138 - - [08/Dec/2022:03:28:03 -0800] "GET / HTTP/1.1" 200 63723 "-" "Mozilla/5.0 (compatible; bingbot/2.0; +http://www.bing.com/bingbot.htm)" "www.mantech8.com"
40.77.167.20 - - [08/Dec/2022:03:28:17 -0800] "GET /index.php/db426cfade HTTP/1.1" 200 75333 "-" "Mozilla/5.0 (compatible; bingbot/2.0; +http://www.bing.com/bingbot.htm)" "mantech8.com"
185.191.171.42 - - [08/Dec/2022:03:28:21 -0800] "GET /?camp-fire%2F89171383.html HTTP/1.1" 500 - "-" "Mozilla/5.0 (compatible; SemrushBot/7~bl; +http://www.semrush.com/bot.html)" "mantech8.com"
157.55.39.138 - - [08/Dec/2022:03:28:43 -0800] "GET /index.php/b8adf HTTP/1.1" 200 66580 "-" "Mozilla/5.0 (compatible; bingbot/2.0; +http://www.bing.com/bingbot.htm)" "mantech8.com"
40.77.167.20 - - [08/Dec/2022:03:28:47 -0800] "GET /index.php/31l7-2ceaa-onhat.ii HTTP/1.1" 200 60609 "-" "Mozilla/5.0 (compatible; bingbot/2.0; +http://www.bing.com/bingbot.htm)" "mantech8.com"
157.55.39.138 - - [08/Dec/2022:03:28:54 -0800] "GET /index.php/pstd-0407eeabbb-iwnwf.ii HTTP/1.1" 200 67179 "-" "Mozilla/5.0 AppleWebKit/537.36 (KHTML, like Gecko; compatible; bingbot/2.0; +http://www.bing.com/bingbot.htm) Chrome/103.0.5060.134 Safari/537.36" "mantech8.com"
185.191.171.25 - - [08/Dec/2022:03:28:56 -0800] "GET /?camp-fire%2F40139488.html HTTP/1.1" 500 - "-" "Mozilla/5.0 (compatible; SemrushBot/7~bl; +http://www.semrush.com/bot.html)" "mantech8.com"
207.46.13.100 - - [08/Dec/2022:03:29:02 -0800] "GET /index.php/txf8-0befbacf-apyif.ii HTTP/1.1" 200 68847 "-" "Mozilla/5.0 (compatible; bingbot/2.0; +http://www.bing.com/bingbot.htm)" "mantech8.com"
157.55.39.123 - - [08/Dec/2022:03:29:07 -0800] "GET /index.php/k937-f11eaafdd-73opr.ii HTTP/1.1" 200 70465 "-" "Mozilla/5.0 AppleWebKit/537.36 (KHTML, like Gecko; compatible; bingbot/2.0; +http://www.bing.com/bingbot.htm) Chrome/103.0.5060.134 Safari/537.36" "mantech8.com"
157.55.39.123 - - [08/Dec/2022:03:29:23 -0800] "GET /index.php/d231fbdfd HTTP/1.1" 200 74090 "-" "Mozilla/5.0 (compatible; bingbot/2.0; +http://www.bing.com/bingbot.htm)" "mantech8.com"
185.191.171.7 - - [08/Dec/2022:03:29:24 -0800] "GET /?camp-fire%2F41421671.html HTTP/1.1" 500 - "-" "Mozilla/5.0 (compatible; SemrushBot/7~bl; +http://www.semrush.com/bot.html)" "mantech8.com"
185.191.171.15 - - [08/Dec/2022:03:29:32 -0800] "GET /?camp-fire%2F64846725.html HTTP/1.1" 500 - "-" "Mozilla/5.0 (compatible; SemrushBot/7~bl; +http://www.semrush.com/bot.html)" "mantech8.com"
207.46.13.100 - - [08/Dec/2022:03:29:43 -0800] "GET /index.php/VMbP-d9af-uN7X6.Ii HTTP/1.1" 200 62137 "-" "Mozilla/5.0 AppleWebKit/537.36 (KHTML, like Gecko; compatible; bingbot/2.0; +http://www.bing.com/bingbot.htm) Chrome/103.0.5060.134 Safari/537.36" "mantech8.com"
207.46.13.100 - - [08/Dec/2022:03:29:45 -0800] "GET /index.php/mkjw-5fde-bbing.ii HTTP/1.1" 200 67006 "-" "Mozilla/5.0 (compatible; bingbot/2.0; +http://www.bing.com/bingbot.htm)" "mantech8.com"
40.77.167.20 - - [08/Dec/2022:03:29:57 -0800] "GET /index.php/q5w4-fbad7ded-jppcb.ii HTTP/1.1" 200 65671 "-" "Mozilla/5.0 (compatible; bingbot/2.0; +http://www.bing.com/bingbot.htm)" "mantech8.com"
40.77.167.26 - - [08/Dec/2022:03:30:10 -0800] "GET /index.php/imvf-bb9fbbbeaa-ypigg.ii HTTP/1.1" 200 62947 "-" "Mozilla/5.0 AppleWebKit/537.36 (KHTML, like Gecko; compatible; bingbot/2.0; +http://www.bing.com/bingbot.htm) Chrome/103.0.5060.134 Safari/537.36" "mantech8.com"
40.77.167.26 - - [08/Dec/2022:03:30:10 -0800] "GET /index.php/pstd-45faa-ix8rc.ii HTTP/1.1" 200 65862 "-" "Mozilla/5.0 (compatible; bingbot/2.0; +http://www.bing.com/bingbot.htm)" "mantech8.com"
207.46.13.125 - - [08/Dec/2022:03:30:18 -0800] "GET /index.php/VMbP-97eab-uMEPT.Ii HTTP/1.1" 200 68100 "-" "Mozilla/5.0 (compatible; bingbot/2.0; +http://www.bing.com/bingbot.htm)" "mantech8.com"
207.46.13.125 - - [08/Dec/2022:03:30:19 -0800] "GET /index.php/wf2o-3ceb-g6ffn.ii HTTP/1.1" 200 72479 "-" "Mozilla/5.0 (compatible; bingbot/2.0; +http://www.bing.com/bingbot.htm)" "mantech8.com"
207.46.13.125 - - [08/Dec/2022:03:30:19 -0800] "GET /index.php/nwtf-d4b1faeb-4akos.ii HTTP/1.1" 200 68452 "-" "Mozilla/5.0 AppleWebKit/537.36 (KHTML, like Gecko; compatible; bingbot/2.0; +http://www.bing.com/bingbot.htm) Chrome/103.0.5060.134 Safari/537.36" "mantech8.com"
40.77.167.26 - - [08/Dec/2022:03:30:20 -0800] "GET /index.php/kjz2-3fcadacbae-hqqqb.ii HTTP/1.1" 200 69955 "-" "Mozilla/5.0 (compatible; bingbot/2.0; +http://www.bing.com/bingbot.htm)" "mantech8.com"
207.46.13.125 - - [08/Dec/2022:03:30:20 -0800] "GET /index.php/1zve-38abed-jtk2r.ii HTTP/1.1" 200 73981 "-" "Mozilla/5.0 (compatible; bingbot/2.0; +http://www.bing.com/bingbot.htm)" "mantech8.com"
185.191.171.21 - - [08/Dec/2022:03:30:42 -0800] "GET /index.php/camp-fire/19131483.html HTTP/1.1" 500 - "-" "Mozilla/5.0 (compatible; SemrushBot/7~bl; +http://www.semrush.com/bot.html)" "mantech8.com"
157.55.39.138 - - [08/Dec/2022:03:31:12 -0800] "GET /QLQc-6c0efcaee-404Wz.Ii HTTP/1.1" 404 88 "-" "Mozilla/5.0 (compatible; bingbot/2.0; +http://www.bing.com/bingbot.htm)" "www.mantech8.com"
157.55.39.123 - - [08/Dec/2022:03:31:22 -0800] "GET /index.php/zsUZ-05cf-sOqmJ.Ii HTTP/1.1" 200 74628 "-" "Mozilla/5.0 AppleWebKit/537.36 (KHTML, like Gecko; compatible; bingbot/2.0; +http://www.bing.com/bingbot.htm) Chrome/103.0.5060.134 Safari/537.36" "mantech8.com"
157.55.39.123 - - [08/Dec/2022:03:31:24 -0800] "GET /index.php/wf2o-c27dfbfdc-g7gii.ii HTTP/1.1" 200 100804 "-" "Mozilla/5.0 (compatible; bingbot/2.0; +http://www.bing.com/bingbot.htm)" "mantech8.com"
157.55.39.138 - - [08/Dec/2022:03:31:33 -0800] "GET /QLQc-6c0efcaee-404Wz.Ii HTTP/1.1" 404 88 "-" "Mozilla/5.0 AppleWebKit/537.36 (KHTML, like Gecko; compatible; bingbot/2.0; +http://www.bing.com/bingbot.htm) Chrome/103.0.5060.134 Safari/537.36" "www.mantech8.com"
157.55.39.123 - - [08/Dec/2022:03:31:34 -0800] "GET /index.php/naq6-eebacc-inodd.ii HTTP/1.1" 200 60645 "-" "Mozilla/5.0 AppleWebKit/537.36 (KHTML, like Gecko; compatible; bingbot/2.0; +http://www.bing.com/bingbot.htm) Chrome/103.0.5060.134 Safari/537.36" "mantech8.com"
40.77.167.20 - - [08/Dec/2022:03:31:37 -0800] "GET /index.php/mkjw-1fdefd-bh3cj.ii HTTP/1.1" 200 69364 "-" "Mozilla/5.0 (compatible; bingbot/2.0; +http://www.bing.com/bingbot.htm)" "mantech8.com"
40.77.167.20 - - [08/Dec/2022:03:31:38 -0800] "GET /index.php/mcko-3c72fadbad-vbqzp.ii HTTP/1.1" 200 64599 "-" "Mozilla/5.0 (compatible; bingbot/2.0; +http://www.bing.com/bingbot.htm)" "mantech8.com"
157.55.39.123 - - [08/Dec/2022:03:31:43 -0800] "GET /sitemapmobileindex.xml HTTP/1.1" 404 88 "-" "Mozilla/5.0 AppleWebKit/537.36 (KHTML, like Gecko; compatible; bingbot/2.0; +http://www.bing.com/bingbot.htm) Chrome/103.0.5060.134 Safari/537.36" "mantech8.com"
207.46.13.100 - - [08/Dec/2022:03:31:53 -0800] "GET /sitemapindex.xml HTTP/1.1" 404 88 "-" "Mozilla/5.0 (compatible; bingbot/2.0; +http://www.bing.com/bingbot.htm)" "mantech8.com"
207.46.13.100 - - [08/Dec/2022:03:31:53 -0800] "GET /sitemapindeximages.xml HTTP/1.1" 404 88 "-" "Mozilla/5.0 (compatible; bingbot/2.0; +http://www.bing.com/bingbot.htm)" "mantech8.com"
185.191.171.5 - - [08/Dec/2022:03:31:54 -0800] "GET /?camp-fire%2F82090157.html HTTP/1.1" 500 - "-" "Mozilla/5.0 (compatible; SemrushBot/7~bl; +http://www.semrush.com/bot.html)" "mantech8.com"
157.55.39.123 - - [08/Dec/2022:03:31:57 -0800] "GET /index.php/nwtf-540ecdfb-4qcc1.ii HTTP/1.1" 200 62093 "-" "Mozilla/5.0 (compatible; bingbot/2.0; +http://www.bing.com/bingbot.htm)" "mantech8.com"
157.55.39.138 - - [08/Dec/2022:03:32:03 -0800] "GET /index.php/egy1-89d4dbbbfe-vdmcj.ii HTTP/1.1" 200 62068 "-" "Mozilla/5.0 AppleWebKit/537.36 (KHTML, like Gecko; compatible; bingbot/2.0; +http://www.bing.com/bingbot.htm) Chrome/103.0.5060.134 Safari/537.36" "mantech8.com"
207.46.13.125 - - [08/Dec/2022:03:32:09 -0800] "GET /index.php/yhfg-7d8bffeae-pphxj.ii HTTP/1.1" 200 63968 "-" "Mozilla/5.0 (compatible; bingbot/2.0; +http://www.bing.com/bingbot.htm)" "mantech8.com"
207.46.13.125 - - [08/Dec/2022:03:32:10 -0800] "GET /sitemapnewindex.xml HTTP/1.1" 404 88 "-" "Mozilla/5.0 AppleWebKit/537.36 (KHTML, like Gecko; compatible; bingbot/2.0; +http://www.bing.com/bingbot.htm) Chrome/103.0.5060.134 Safari/537.36" "mantech8.com"
185.191.171.34 - - [08/Dec/2022:03:33:27 -0800] "GET /?camp-fire%2F40152788.html HTTP/1.1" 500 - "-" "Mozilla/5.0 (compatible; SemrushBot/7~bl; +http://www.semrush.com/bot.html)" "mantech8.com"
207.46.13.100 - - [08/Dec/2022:03:33:53 -0800] "GET /index.php/20daca HTTP/1.1" 200 105130 "-" "Mozilla/5.0 AppleWebKit/537.36 (KHTML, like Gecko; compatible; bingbot/2.0; +http://www.bing.com/bingbot.htm) Chrome/103.0.5060.134 Safari/537.36" "mantech8.com"
207.46.13.125 - - [08/Dec/2022:03:34:00 -0800] "GET /index.php/su70-4a5f1cddcb-ifrse.ii HTTP/1.1" 200 72773 "-" "Mozilla/5.0 (compatible; bingbot/2.0; +http://www.bing.com/bingbot.htm)" "mantech8.com"
207.46.13.125 - - [08/Dec/2022:03:34:02 -0800] "GET /index.php/06aabddbdf HTTP/1.1" 200 71233 "-" "Mozilla/5.0 AppleWebKit/537.36 (KHTML, like Gecko; compatible; bingbot/2.0; +http://www.bing.com/bingbot.htm) Chrome/103.0.5060.134 Safari/537.36" "mantech8.com"
185.191.171.15 - - [08/Dec/2022:03:34:07 -0800] "GET /?camp-fire%2F79014988.html HTTP/1.1" 500 - "-" "Mozilla/5.0 (compatible; SemrushBot/7~bl; +http://www.semrush.com/bot.html)" "mantech8.com"
185.191.171.37 - - [08/Dec/2022:03:34:08 -0800] "GET /?camp-fire%2F39762135.html HTTP/1.1" 500 - "-" "Mozilla/5.0 (compatible; SemrushBot/7~bl; +http://www.semrush.com/bot.html)" "mantech8.com"
40.77.167.20 - - [08/Dec/2022:03:34:17 -0800] "GET /index.php/wtzk-86993dfdfb-nlkne.ii HTTP/1.1" 200 66634 "-" "Mozilla/5.0 AppleWebKit/537.36 (KHTML, like Gecko; compatible; bingbot/2.0; +http://www.bing.com/bingbot.htm) Chrome/103.0.5060.134 Safari/537.36" "mantech8.com"
207.46.13.125 - - [08/Dec/2022:03:34:22 -0800] "GET /index.php/eayh-50ff-rmmbr.ii HTTP/1.1" 200 61709 "-" "Mozilla/5.0 (compatible; bingbot/2.0; +http://www.bing.com/bingbot.htm)" "mantech8.com"
185.191.171.44 - - [08/Dec/2022:03:34:23 -0800] "GET /index.php?camp-fire%2F14002759.html HTTP/1.1" 500 - "-" "Mozilla/5.0 (compatible; SemrushBot/7~bl; +http://www.semrush.com/bot.html)" "mantech8.com"
157.55.39.123 - - [08/Dec/2022:03:34:33 -0800] "GET /index.php/mcko-590edfbb-vyleb.ii HTTP/1.1" 200 64853 "-" "Mozilla/5.0 (compatible; bingbot/2.0; +http://www.bing.com/bingbot.htm)" "mantech8.com"
157.55.39.123 - - [08/Dec/2022:03:34:34 -0800] "GET /index.php/txf8-c6629acb-alteb.ii HTTP/1.1" 200 65464 "-" "Mozilla/5.0 AppleWebKit/537.36 (KHTML, like Gecko; compatible; bingbot/2.0; +http://www.bing.com/bingbot.htm) Chrome/103.0.5060.134 Safari/537.36" "mantech8.com"
40.77.167.26 - - [08/Dec/2022:03:35:21 -0800] "GET /index.php/4c6dbabaf HTTP/1.1" 200 64847 "-" "Mozilla/5.0 (compatible; bingbot/2.0; +http://www.bing.com/bingbot.htm)" "mantech8.com"
40.77.167.26 - - [08/Dec/2022:03:35:21 -0800] "GET /index.php/vmbp-f9ecc-unteu.ii HTTP/1.1" 200 68314 "-" "Mozilla/5.0 AppleWebKit/537.36 (KHTML, like Gecko; compatible; bingbot/2.0; +http://www.bing.com/bingbot.htm) Chrome/103.0.5060.134 Safari/537.36" "mantech8.com"
40.77.167.26 - - [08/Dec/2022:03:35:22 -0800] "GET /index.php/nwtf-a4fab-3lup3.ii HTTP/1.1" 200 68792 "-" "Mozilla/5.0 AppleWebKit/537.36 (KHTML, like Gecko; compatible; bingbot/2.0; +http://www.bing.com/bingbot.htm) Chrome/103.0.5060.134 Safari/537.36" "mantech8.com"
185.191.171.42 - - [08/Dec/2022:03:35:46 -0800] "GET /?camp-fire%2F41287709.html HTTP/1.1" 500 - "-" "Mozilla/5.0 (compatible; SemrushBot/7~bl; +http://www.semrush.com/bot.html)" "mantech8.com"
157.55.39.123 - - [08/Dec/2022:03:35:54 -0800] "GET /index.php/1ce69cee HTTP/1.1" 200 69992 "-" "Mozilla/5.0 (compatible; bingbot/2.0; +http://www.bing.com/bingbot.htm)" "mantech8.com"
185.191.171.36 - - [08/Dec/2022:03:36:03 -0800] "GET /?camp-fire%2F57120397.html HTTP/1.1" 500 - "-" "Mozilla/5.0 (compatible; SemrushBot/7~bl; +http://www.semrush.com/bot.html)" "mantech8.com"
157.55.39.138 - - [08/Dec/2022:03:36:04 -0800] "GET /index.php/97vp-bd82dedfec-aicpd.ii HTTP/1.1" 200 65622 "-" "Mozilla/5.0 (compatible; bingbot/2.0; +http://www.bing.com/bingbot.htm)" "mantech8.com"
40.77.167.20 - - [08/Dec/2022:03:36:08 -0800] "GET /index.php/jagj-d3ae-1vasp.ii HTTP/1.1" 200 67364 "-" "Mozilla/5.0 (compatible; bingbot/2.0; +http://www.bing.com/bingbot.htm)" "mantech8.com"
207.46.13.100 - - [08/Dec/2022:03:36:08 -0800] "GET /index.php/8fefeb HTTP/1.1" 200 64079 "-" "Mozilla/5.0 AppleWebKit/537.36 (KHTML, like Gecko; compatible; bingbot/2.0; +http://www.bing.com/bingbot.htm) Chrome/103.0.5060.134 Safari/537.36" "mantech8.com"
185.191.171.8 - - [08/Dec/2022:03:36:10 -0800] "GET /?camp-fire%2F61885292.html HTTP/1.1" 500 - "-" "Mozilla/5.0 (compatible; SemrushBot/7~bl; +http://www.semrush.com/bot.html)" "mantech8.com"
40.77.167.26 - - [08/Dec/2022:03:36:13 -0800] "GET /index.php/kvrw-27fc-y7jgx.ii HTTP/1.1" 200 83876 "-" "Mozilla/5.0 (compatible; bingbot/2.0; +http://www.bing.com/bingbot.htm)" "mantech8.com"
40.77.167.20 - - [08/Dec/2022:03:36:48 -0800] "GET /index.php/kjz2-7e5aacae-hafwq.ii HTTP/1.1" 200 68191 "-" "Mozilla/5.0 AppleWebKit/537.36 (KHTML, like Gecko; compatible; bingbot/2.0; +http://www.bing.com/bingbot.htm) Chrome/103.0.5060.134 Safari/537.36" "mantech8.com"
185.191.171.1 - - [08/Dec/2022:03:36:52 -0800] "GET /?camp-fire%2F39879602.html HTTP/1.1" 500 - "-" "Mozilla/5.0 (compatible; SemrushBot/7~bl; +http://www.semrush.com/bot.html)" "mantech8.com"
207.46.13.100 - - [08/Dec/2022:03:37:04 -0800] "GET /index.php/pstd-cafbc-is2zh.ii HTTP/1.1" 200 66471 "-" "Mozilla/5.0 AppleWebKit/537.36 (KHTML, like Gecko; compatible; bingbot/2.0; +http://www.bing.com/bingbot.htm) Chrome/103.0.5060.134 Safari/537.36" "mantech8.com"
207.46.13.100 - - [08/Dec/2022:03:37:05 -0800] "GET /index.php/egy1-685d6fbc-vdwiz.ii HTTP/1.1" 200 70337 "-" "Mozilla/5.0 (compatible; bingbot/2.0; +http://www.bing.com/bingbot.htm)" "mantech8.com"
185.191.171.45 - - [08/Dec/2022:03:37:24 -0800] "GET /?camp-fire%2F85957825.html HTTP/1.1" 500 - "-" "Mozilla/5.0 (compatible; SemrushBot/7~bl; +http://www.semrush.com/bot.html)" "mantech8.com"
157.55.39.123 - - [08/Dec/2022:03:37:43 -0800] "GET /index.php/pstd-2288babeb-ixj46.ii HTTP/1.1" 200 69269 "-" "Mozilla/5.0 (compatible; bingbot/2.0; +http://www.bing.com/bingbot.htm)" "mantech8.com"
185.191.171.21 - - [08/Dec/2022:03:37:44 -0800] "GET /?camp-fire%2F40100476.html HTTP/1.1" 500 - "-" "Mozilla/5.0 (compatible; SemrushBot/7~bl; +http://www.semrush.com/bot.html)" "mantech8.com"
40.77.167.20 - - [08/Dec/2022:03:37:47 -0800] "GET /index.php/egy1-afab-vsczy.ii HTTP/1.1" 200 67452 "-" "Mozilla/5.0 (compatible; bingbot/2.0; +http://www.bing.com/bingbot.htm)" "mantech8.com"
157.55.39.123 - - [08/Dec/2022:03:37:55 -0800] "GET /index.php/imvf-3f3defefc-ypigi.ii HTTP/1.1" 200 65398 "-" "Mozilla/5.0 (compatible; bingbot/2.0; +http://www.bing.com/bingbot.htm)" "mantech8.com"
40.77.167.20 - - [08/Dec/2022:03:37:59 -0800] "GET /index.php/su70-c8dd-iczpp.ii HTTP/1.1" 200 70167 "-" "Mozilla/5.0 AppleWebKit/537.36 (KHTML, like Gecko; compatible; bingbot/2.0; +http://www.bing.com/bingbot.htm) Chrome/103.0.5060.134 Safari/537.36" "mantech8.com"
207.46.13.125 - - [08/Dec/2022:03:38:29 -0800] "GET /index.php/egy1-13deed-vxwui.ii HTTP/1.1" 200 67644 "-" "Mozilla/5.0 (compatible; bingbot/2.0; +http://www.bing.com/bingbot.htm)" "mantech8.com"
207.46.13.125 - - [08/Dec/2022:03:38:30 -0800] "GET /index.php/k937-1aafa-74yec.ii HTTP/1.1" 200 72033 "-" "Mozilla/5.0 (compatible; bingbot/2.0; +http://www.bing.com/bingbot.htm)" "mantech8.com"
185.191.171.22 - - [08/Dec/2022:03:38:31 -0800] "GET /?camp-fire%2F84885159.html HTTP/1.1" 500 - "-" "Mozilla/5.0 (compatible; SemrushBot/7~bl; +http://www.semrush.com/bot.html)" "mantech8.com"
185.191.171.9 - - [08/Dec/2022:03:38:32 -0800] "GET /?camp-fire%2F45145766.html HTTP/1.1" 500 - "-" "Mozilla/5.0 (compatible; SemrushBot/7~bl; +http://www.semrush.com/bot.html)" "mantech8.com"
185.191.171.11 - - [08/Dec/2022:03:38:34 -0800] "GET /?camp-fire%2F27211563.html HTTP/1.1" 500 - "-" "Mozilla/5.0 (compatible; SemrushBot/7~bl; +http://www.semrush.com/bot.html)" "mantech8.com"
157.55.39.138 - - [08/Dec/2022:03:38:35 -0800] "GET /index.php/mcko-5ece-vyba8.ii HTTP/1.1" 200 68501 "-" "Mozilla/5.0 (compatible; bingbot/2.0; +http://www.bing.com/bingbot.htm)" "mantech8.com"
40.77.167.20 - - [08/Dec/2022:03:38:45 -0800] "GET /index.php/Pstd-1aea-iDZNo.Ii HTTP/1.1" 200 66335 "-" "Mozilla/5.0 (compatible; bingbot/2.0; +http://www.bing.com/bingbot.htm)" "mantech8.com"
40.77.167.26 - - [08/Dec/2022:03:38:50 -0800] "GET /index.php/95fade HTTP/1.1" 200 66576 "-" "Mozilla/5.0 AppleWebKit/537.36 (KHTML, like Gecko; compatible; bingbot/2.0; +http://www.bing.com/bingbot.htm) Chrome/103.0.5060.134 Safari/537.36" "mantech8.com"
40.77.167.26 - - [08/Dec/2022:03:38:51 -0800] "GET /index.php/naq6-4ee0ceaacb-iub8y.ii HTTP/1.1" 200 67989 "-" "Mozilla/5.0 AppleWebKit/537.36 (KHTML, like Gecko; compatible; bingbot/2.0; +http://www.bing.com/bingbot.htm) Chrome/103.0.5060.134 Safari/537.36" "mantech8.com"
40.77.167.26 - - [08/Dec/2022:03:38:55 -0800] "GET /index.php/31fcf HTTP/1.1" 200 77294 "-" "Mozilla/5.0 AppleWebKit/537.36 (KHTML, like Gecko; compatible; bingbot/2.0; +http://www.bing.com/bingbot.htm) Chrome/103.0.5060.134 Safari/537.36" "mantech8.com"
157.55.39.138 - - [08/Dec/2022:03:39:05 -0800] "GET /index.php/31l7-77e9fcaafa-ompkh.ii HTTP/1.1" 200 62803 "-" "Mozilla/5.0 (compatible; bingbot/2.0; +http://www.bing.com/bingbot.htm)" "mantech8.com"
207.46.13.125 - - [08/Dec/2022:03:39:20 -0800] "GET /index.php/bljc-26b1bfcfdc-ksbop.ii HTTP/1.1" 200 70236 "-" "Mozilla/5.0 (compatible; bingbot/2.0; +http://www.bing.com/bingbot.htm)" "mantech8.com"
157.55.39.123 - - [08/Dec/2022:03:39:24 -0800] "GET /index.php/s0KV-dbbffa-oxYEv.Ii HTTP/1.1" 200 61263 "-" "Mozilla/5.0 AppleWebKit/537.36 (KHTML, like Gecko; compatible; bingbot/2.0; +http://www.bing.com/bingbot.htm) Chrome/103.0.5060.134 Safari/537.36" "mantech8.com"
40.77.167.26 - - [08/Dec/2022:03:39:42 -0800] "GET /index.php/nwtf-6afe-3lhla.ii HTTP/1.1" 200 72240 "-" "Mozilla/5.0 AppleWebKit/537.36 (KHTML, like Gecko; compatible; bingbot/2.0; +http://www.bing.com/bingbot.htm) Chrome/103.0.5060.134 Safari/537.36" "mantech8.com"
185.191.171.6 - - [08/Dec/2022:03:39:58 -0800] "GET /?camp-fire%2F41429871.html HTTP/1.1" 500 - "-" "Mozilla/5.0 (compatible; SemrushBot/7~bl; +http://www.semrush.com/bot.html)" "mantech8.com"
207.46.13.100 - - [08/Dec/2022:03:40:14 -0800] "GET /index.php/52cfca HTTP/1.1" 200 66842 "-" "Mozilla/5.0 (compatible; bingbot/2.0; +http://www.bing.com/bingbot.htm)" "mantech8.com"
40.77.167.20 - - [08/Dec/2022:03:40:17 -0800] "GET /index.php/vmbp-4aaced-ujt86.ii HTTP/1.1" 200 67895 "-" "Mozilla/5.0 AppleWebKit/537.36 (KHTML, like Gecko; compatible; bingbot/2.0; +http://www.bing.com/bingbot.htm) Chrome/103.0.5060.134 Safari/537.36" "mantech8.com"
157.55.39.138 - - [08/Dec/2022:03:40:18 -0800] "GET /index.php/egy1-aad3befccd-vs7wr.ii HTTP/1.1" 200 65640 "-" "Mozilla/5.0 (compatible; bingbot/2.0; +http://www.bing.com/bingbot.htm)" "mantech8.com"
185.191.171.1 - - [08/Dec/2022:03:40:29 -0800] "GET /?camp-fire%2F42047049.html HTTP/1.1" 500 - "-" "Mozilla/5.0 (compatible; SemrushBot/7~bl; +http://www.semrush.com/bot.html)" "mantech8.com"
207.46.13.100 - - [08/Dec/2022:03:40:34 -0800] "GET /index.php/1c5dfeefc HTTP/1.1" 200 61613 "-" "Mozilla/5.0 AppleWebKit/537.36 (KHTML, like Gecko; compatible; bingbot/2.0; +http://www.bing.com/bingbot.htm) Chrome/103.0.5060.134 Safari/537.36" "mantech8.com"
207.46.13.100 - - [08/Dec/2022:03:40:54 -0800] "GET /index.php/074eaacc HTTP/1.1" 200 98670 "-" "Mozilla/5.0 AppleWebKit/537.36 (KHTML, like Gecko; compatible; bingbot/2.0; +http://www.bing.com/bingbot.htm) Chrome/103.0.5060.134 Safari/537.36" "mantech8.com"
157.55.39.138 - - [08/Dec/2022:03:40:58 -0800] "GET /index.php/wtzk-b5ecdfeb-nlhcs.ii HTTP/1.1" 200 66672 "-" "Mozilla/5.0 (compatible; bingbot/2.0; +http://www.bing.com/bingbot.htm)" "mantech8.com"
185.191.171.17 - - [08/Dec/2022:03:41:29 -0800] "GET /?camp-fire%2F39932976.html HTTP/1.1" 500 - "-" "Mozilla/5.0 (compatible; SemrushBot/7~bl; +http://www.semrush.com/bot.html)" "mantech8.com"
185.191.171.41 - - [08/Dec/2022:03:41:41 -0800] "GET /?camp-fire%2F4088265.html HTTP/1.1" 500 - "-" "Mozilla/5.0 (compatible; SemrushBot/7~bl; +http://www.semrush.com/bot.html)" "mantech8.com"
185.191.171.24 - - [08/Dec/2022:03:41:44 -0800] "GET /?camp-fire%2F37896927.html HTTP/1.1" 500 - "-" "Mozilla/5.0 (compatible; SemrushBot/7~bl; +http://www.semrush.com/bot.html)" "mantech8.com"
40.77.167.26 - - [08/Dec/2022:03:41:52 -0800] "GET /index.php/6e0ceafdd HTTP/1.1" 200 65443 "-" "Mozilla/5.0 (compatible; bingbot/2.0; +http://www.bing.com/bingbot.htm)" "mantech8.com"
40.77.167.26 - - [08/Dec/2022:03:41:53 -0800] "GET /index.php/nwtf-4ade0aaa-3lccs.ii HTTP/1.1" 200 59109 "-" "Mozilla/5.0 AppleWebKit/537.36 (KHTML, like Gecko; compatible; bingbot/2.0; +http://www.bing.com/bingbot.htm) Chrome/103.0.5060.134 Safari/537.36" "mantech8.com"
40.77.167.20 - - [08/Dec/2022:03:42:01 -0800] "GET /index.php/wf2o-494edefef-g56al.ii HTTP/1.1" 200 73455 "-" "Mozilla/5.0 AppleWebKit/537.36 (KHTML, like Gecko; compatible; bingbot/2.0; +http://www.bing.com/bingbot.htm) Chrome/103.0.5060.134 Safari/537.36" "mantech8.com"
157.55.39.138 - - [08/Dec/2022:03:42:05 -0800] "GET /index.php/pstd-4f9d0edb-is1mt.ii HTTP/1.1" 200 63591 "-" "Mozilla/5.0 (compatible; bingbot/2.0; +http://www.bing.com/bingbot.htm)" "mantech8.com"
157.55.39.138 - - [08/Dec/2022:03:42:06 -0800] "GET /index.php/f2si-66f7aaecd-dkb7c.ii HTTP/1.1" 200 64377 "-" "Mozilla/5.0 (compatible; bingbot/2.0; +http://www.bing.com/bingbot.htm)" "mantech8.com"
40.77.167.26 - - [08/Dec/2022:03:42:11 -0800] "GET /index.php/1zve-05abaf-jr4fw.ii HTTP/1.1" 200 66671 "-" "Mozilla/5.0 AppleWebKit/537.36 (KHTML, like Gecko; compatible; bingbot/2.0; +http://www.bing.com/bingbot.htm) Chrome/103.0.5060.134 Safari/537.36" "mantech8.com"
142.252.18.207 - - [08/Dec/2022:03:42:11 -0800] "GET /contact.php HTTP/1.1" 200 29236 "-" "Mozilla/5.0 (Windows NT 10.0; Win64; x64) AppleWebKit/537.36 (KHTML, like Gecko) Chrome/103.0.0.0 Safari/537.36 Vivaldi/5.3.2679.68" "www.mantech8.com"
142.252.18.207 - - [08/Dec/2022:03:42:12 -0800] "GET /verificationimage.php?11 HTTP/1.1" 200 1411 "http://www.mantech8.com/mailer.php" "Mozilla/5.0 (Windows NT 10.0; Win64; x64) AppleWebKit/537.36 (KHTML, like Gecko) Chrome/103.0.0.0 Safari/537.36 Vivaldi/5.3.2679.68" "www.mantech8.com"
40.77.167.26 - - [08/Dec/2022:03:42:12 -0800] "GET /index.php/ae50ffdec HTTP/1.1" 200 61658 "-" "Mozilla/5.0 AppleWebKit/537.36 (KHTML, like Gecko; compatible; bingbot/2.0; +http://www.bing.com/bingbot.htm) Chrome/103.0.5060.134 Safari/537.36" "mantech8.com"
185.191.171.45 - - [08/Dec/2022:03:42:14 -0800] "GET /?camp-fire%2F35011525.html HTTP/1.1" 500 - "-" "Mozilla/5.0 (compatible; SemrushBot/7~bl; +http://www.semrush.com/bot.html)" "mantech8.com"
207.46.13.100 - - [08/Dec/2022:03:42:17 -0800] "GET /index.php/egy1-9f7cefda-vscdc.ii HTTP/1.1" 200 66772 "-" "Mozilla/5.0 AppleWebKit/537.36 (KHTML, like Gecko; compatible; bingbot/2.0; +http://www.bing.com/bingbot.htm) Chrome/103.0.5060.134 Safari/537.36" "mantech8.com"
207.46.13.100 - - [08/Dec/2022:03:42:19 -0800] "GET /index.php/nwtf-c1ec-4almp.ii HTTP/1.1" 200 67401 "-" "Mozilla/5.0 (compatible; bingbot/2.0; +http://www.bing.com/bingbot.htm)" "mantech8.com"
40.77.167.20 - - [08/Dec/2022:03:42:21 -0800] "GET /index.php/f11dcdbca HTTP/1.1" 200 64645 "-" "Mozilla/5.0 (compatible; bingbot/2.0; +http://www.bing.com/bingbot.htm)" "mantech8.com"
157.55.39.138 - - [08/Dec/2022:03:42:26 -0800] "GET /index.php/wf2o-11542ecc-g7tvk.ii HTTP/1.1" 200 61692 "-" "Mozilla/5.0 (compatible; bingbot/2.0; +http://www.bing.com/bingbot.htm)" "mantech8.com"
157.55.39.138 - - [08/Dec/2022:03:42:26 -0800] "GET /index.php/feecef HTTP/1.1" 200 65055 "-" "Mozilla/5.0 AppleWebKit/537.36 (KHTML, like Gecko; compatible; bingbot/2.0; +http://www.bing.com/bingbot.htm) Chrome/103.0.5060.134 Safari/537.36" "mantech8.com"
40.77.167.26 - - [08/Dec/2022:03:42:31 -0800] "GET /index.php/4753cdffe HTTP/1.1" 200 66456 "-" "Mozilla/5.0 (compatible; bingbot/2.0; +http://www.bing.com/bingbot.htm)" "mantech8.com"
207.46.13.125 - - [08/Dec/2022:03:42:32 -0800] "GET /index.php/egy1-fa204bee-vsaff.ii HTTP/1.1" 200 65149 "-" "Mozilla/5.0 (compatible; bingbot/2.0; +http://www.bing.com/bingbot.htm)" "mantech8.com"
207.46.13.125 - - [08/Dec/2022:03:42:33 -0800] "GET /index.php/egy1-47db-vsimn.ii HTTP/1.1" 200 65435 "-" "Mozilla/5.0 (compatible; bingbot/2.0; +http://www.bing.com/bingbot.htm)" "mantech8.com"
157.55.39.123 - - [08/Dec/2022:03:42:44 -0800] "GET /index.php/nwtf-9bc9dceec-3prdd.ii HTTP/1.1" 200 66418 "-" "Mozilla/5.0 (compatible; bingbot/2.0; +http://www.bing.com/bingbot.htm)" "mantech8.com"
157.55.39.123 - - [08/Dec/2022:03:42:45 -0800] "GET /index.php/egy1-86f8dbad-vce9s.ii HTTP/1.1" 200 64567 "-" "Mozilla/5.0 AppleWebKit/537.36 (KHTML, like Gecko; compatible; bingbot/2.0; +http://www.bing.com/bingbot.htm) Chrome/103.0.5060.134 Safari/537.36" "mantech8.com"
185.191.171.4 - - [08/Dec/2022:03:42:48 -0800] "GET /?camp-fire%2F78899271.html HTTP/1.1" 500 - "-" "Mozilla/5.0 (compatible; SemrushBot/7~bl; +http://www.semrush.com/bot.html)" "mantech8.com"
157.55.39.123 - - [08/Dec/2022:03:42:48 -0800] "GET /index.php/edcfdcedf HTTP/1.1" 200 68806 "-" "Mozilla/5.0 (compatible; bingbot/2.0; +http://www.bing.com/bingbot.htm)" "mantech8.com"
142.252.18.207 - - [08/Dec/2022:03:43:11 -0800] "GET /mailer.php?name=Regina+Slack+Slack&email=slack.regina%40googlemail.com&phone=03.75.65.52.15&message=Hello%2C+just+wondering...%0D%0A%0D%0AHope+you+are+having+a+good+day+at+work.+I%27m+just+wondering+if+you+have+heard+about+FlowDax.co.+They+are+an+all-in-one+sales+and+marketing+platform+designed+to+build+and+grow+your+business+online.%0D%0A%0D%0AThey+are+currently+offering+access+to+their+14+services+for+free.%0D%0A%0D%0AThought+you+might+want+to+check+them+out+and+see+if+it%E2%80%99s+a+good+fit+for+you.+The+site+is+https://flowdax.co.%0D%0A%0D%0ABest+Regards%0D%0A%0D%0ADave+Maven%0D%0A&verif_box=9276 HTTP/1.1" 500 - "http://www.mantech8.com/contact.php" "Mozilla/5.0 (Windows NT 10.0; Win64; x64) AppleWebKit/537.36 (KHTML, like Gecko) Chrome/103.0.0.0 Safari/537.36 Vivaldi/5.3.2679.68" "www.mantech8.com"
185.191.171.11 - - [08/Dec/2022:03:44:04 -0800] "GET /?camp-fire%2F31327856.html HTTP/1.1" 500 - "-" "Mozilla/5.0 (compatible; SemrushBot/7~bl; +http://www.semrush.com/bot.html)" "mantech8.com"
40.77.167.26 - - [08/Dec/2022:03:44:33 -0800] "GET /index.php/s0kv-2edb5bce-oszce.ii HTTP/1.1" 200 70830 "-" "Mozilla/5.0 (compatible; bingbot/2.0; +http://www.bing.com/bingbot.htm)" "mantech8.com"
40.77.167.20 - - [08/Dec/2022:03:44:37 -0800] "GET /index.php/Wf2o-1dabee-G63hw.Ii HTTP/1.1" 200 58139 "-" "Mozilla/5.0 (compatible; bingbot/2.0; +http://www.bing.com/bingbot.htm)" "mantech8.com"
157.55.39.138 - - [08/Dec/2022:03:44:44 -0800] "GET /index.php/MOQ1-dc6eeeccaa-lRsy7.Ii HTTP/1.1" 200 65467 "-" "Mozilla/5.0 AppleWebKit/537.36 (KHTML, like Gecko; compatible; bingbot/2.0; +http://www.bing.com/bingbot.htm) Chrome/103.0.5060.134 Safari/537.36" "mantech8.com"
40.77.167.20 - - [08/Dec/2022:03:44:48 -0800] "GET /index.php/Mcko-65200ede-VtCbu.Ii HTTP/1.1" 200 60645 "-" "Mozilla/5.0 (compatible; bingbot/2.0; +http://www.bing.com/bingbot.htm)" "mantech8.com"
157.55.39.123 - - [08/Dec/2022:03:44:56 -0800] "GET /index.php/ifnx-66dedb-7xkon.ii HTTP/1.1" 200 63595 "-" "Mozilla/5.0 AppleWebKit/537.36 (KHTML, like Gecko; compatible; bingbot/2.0; +http://www.bing.com/bingbot.htm) Chrome/103.0.5060.134 Safari/537.36" "mantech8.com"
185.191.171.25 - - [08/Dec/2022:03:45:04 -0800] "GET /?camp-fire%2F91511559.html HTTP/1.1" 500 - "-" "Mozilla/5.0 (compatible; SemrushBot/7~bl; +http://www.semrush.com/bot.html)" "mantech8.com"
185.191.171.34 - - [08/Dec/2022:03:45:29 -0800] "GET /?camp-fire%2F27661109.html HTTP/1.1" 500 - "-" "Mozilla/5.0 (compatible; SemrushBot/7~bl; +http://www.semrush.com/bot.html)" "mantech8.com"
185.191.171.33 - - [08/Dec/2022:03:45:39 -0800] "GET /?camp-fire%2F26249382.html HTTP/1.1" 500 - "-" "Mozilla/5.0 (compatible; SemrushBot/7~bl; +http://www.semrush.com/bot.html)" "mantech8.com"
185.191.171.8 - - [08/Dec/2022:03:45:52 -0800] "GET /?camp-fire%2F41600888.html HTTP/1.1" 500 - "-" "Mozilla/5.0 (compatible; SemrushBot/7~bl; +http://www.semrush.com/bot.html)" "mantech8.com"
185.191.171.14 - - [08/Dec/2022:03:46:18 -0800] "GET /?camp-fire%2F33705959.html HTTP/1.1" 500 - "-" "Mozilla/5.0 (compatible; SemrushBot/7~bl; +http://www.semrush.com/bot.html)" "mantech8.com"
157.55.39.138 - - [08/Dec/2022:03:46:34 -0800] "GET /index.php/6lfs-73c9eaeded-ymapp.ii HTTP/1.1" 200 69532 "-" "Mozilla/5.0 (compatible; bingbot/2.0; +http://www.bing.com/bingbot.htm)" "mantech8.com"
207.46.13.100 - - [08/Dec/2022:03:46:45 -0800] "GET /index.php/mcko-195a7afa-vbmqq.ii HTTP/1.1" 200 67233 "-" "Mozilla/5.0 (compatible; bingbot/2.0; +http://www.bing.com/bingbot.htm)" "mantech8.com"
40.77.167.20 - - [08/Dec/2022:03:46:59 -0800] "GET /index.php/vmbp-3b1bdfee-ujwql.ii HTTP/1.1" 200 78279 "-" "Mozilla/5.0 AppleWebKit/537.36 (KHTML, like Gecko; compatible; bingbot/2.0; +http://www.bing.com/bingbot.htm) Chrome/103.0.5060.134 Safari/537.36" "mantech8.com"
40.77.167.20 - - [08/Dec/2022:03:47:00 -0800] "GET /index.php/yhfg-931caccac-popox.ii HTTP/1.1" 200 60185 "-" "Mozilla/5.0 AppleWebKit/537.36 (KHTML, like Gecko; compatible; bingbot/2.0; +http://www.bing.com/bingbot.htm) Chrome/103.0.5060.134 Safari/537.36" "mantech8.com"
207.46.13.125 - - [08/Dec/2022:03:47:10 -0800] "GET /index.php/mhxm-50fc-jv0xd.ii HTTP/1.1" 200 66799 "-" "Mozilla/5.0 AppleWebKit/537.36 (KHTML, like Gecko; compatible; bingbot/2.0; +http://www.bing.com/bingbot.htm) Chrome/103.0.5060.134 Safari/537.36" "mantech8.com"
207.46.13.125 - - [08/Dec/2022:03:47:11 -0800] "GET /index.php/mcko-39cdbb-vg93a.ii HTTP/1.1" 200 70202 "-" "Mozilla/5.0 (compatible; bingbot/2.0; +http://www.bing.com/bingbot.htm)" "mantech8.com"
157.55.39.123 - - [08/Dec/2022:03:47:15 -0800] "GET /index.php/KJZ2-bbfe-hQjPa.Ii HTTP/1.1" 200 67190 "-" "Mozilla/5.0 AppleWebKit/537.36 (KHTML, like Gecko; compatible; bingbot/2.0; +http://www.bing.com/bingbot.htm) Chrome/103.0.5060.134 Safari/537.36" "mantech8.com"
157.55.39.123 - - [08/Dec/2022:03:47:15 -0800] "GET /index.php/aqji-d8ffbebfa-nsuva.ii HTTP/1.1" 200 62541 "-" "Mozilla/5.0 AppleWebKit/537.36 (KHTML, like Gecko; compatible; bingbot/2.0; +http://www.bing.com/bingbot.htm) Chrome/103.0.5060.134 Safari/537.36" "mantech8.com"
157.55.39.123 - - [08/Dec/2022:03:47:16 -0800] "GET /index.php/nwtf-9a7ececc-4qg1c.ii HTTP/1.1" 200 62156 "-" "Mozilla/5.0 AppleWebKit/537.36 (KHTML, like Gecko; compatible; bingbot/2.0; +http://www.bing.com/bingbot.htm) Chrome/103.0.5060.134 Safari/537.36" "mantech8.com"
185.191.171.45 - - [08/Dec/2022:03:47:32 -0800] "GET /?camp-fire%2F40774171.html HTTP/1.1" 500 - "-" "Mozilla/5.0 (compatible; SemrushBot/7~bl; +http://www.semrush.com/bot.html)" "mantech8.com"
185.191.171.38 - - [08/Dec/2022:03:47:51 -0800] "GET /?camp-fire%2F36351464.html HTTP/1.1" 500 - "-" "Mozilla/5.0 (compatible; SemrushBot/7~bl; +http://www.semrush.com/bot.html)" "mantech8.com"
157.55.39.138 - - [08/Dec/2022:03:47:55 -0800] "GET /index.php/zsuz-6f392ccccb-slhpm.ii HTTP/1.1" 200 77154 "-" "Mozilla/5.0 AppleWebKit/537.36 (KHTML, like Gecko; compatible; bingbot/2.0; +http://www.bing.com/bingbot.htm) Chrome/103.0.5060.134 Safari/537.36" "mantech8.com"
185.191.171.38 - - [08/Dec/2022:03:48:13 -0800] "GET /?camp-fire%2F39021472.html HTTP/1.1" 500 - "-" "Mozilla/5.0 (compatible; SemrushBot/7~bl; +http://www.semrush.com/bot.html)" "mantech8.com"
185.191.171.4 - - [08/Dec/2022:03:48:18 -0800] "GET /?camp-fire%2F41791150.html HTTP/1.1" 500 - "-" "Mozilla/5.0 (compatible; SemrushBot/7~bl; +http://www.semrush.com/bot.html)" "mantech8.com"
157.55.39.138 - - [08/Dec/2022:03:48:44 -0800] "GET /index.php/7fdeab HTTP/1.1" 200 65553 "-" "Mozilla/5.0 AppleWebKit/537.36 (KHTML, like Gecko; compatible; bingbot/2.0; +http://www.bing.com/bingbot.htm) Chrome/103.0.5060.134 Safari/537.36" "mantech8.com"
157.55.39.138 - - [08/Dec/2022:03:48:45 -0800] "GET /index.php/nwtf-22366bab-3pliz.ii HTTP/1.1" 200 71667 "-" "Mozilla/5.0 AppleWebKit/537.36 (KHTML, like Gecko; compatible; bingbot/2.0; +http://www.bing.com/bingbot.htm) Chrome/103.0.5060.134 Safari/537.36" "mantech8.com"
40.77.167.26 - - [08/Dec/2022:03:49:12 -0800] "GET /index.php/APS-30efffbf-OmfFK.Ii HTTP/1.1" 200 67584 "-" "Mozilla/5.0 (compatible; bingbot/2.0; +http://www.bing.com/bingbot.htm)" "mantech8.com"
185.191.171.45 - - [08/Dec/2022:03:49:12 -0800] "GET /?camp-fire%2F39395592.html HTTP/1.1" 500 - "-" "Mozilla/5.0 (compatible; SemrushBot/7~bl; +http://www.semrush.com/bot.html)" "mantech8.com"
40.77.167.20 - - [08/Dec/2022:03:49:17 -0800] "GET / HTTP/1.1" 200 64137 "-" "Mozilla/5.0 (compatible; bingbot/2.0; +http://www.bing.com/bingbot.htm)" "www.mantech8.com"
185.191.171.1 - - [08/Dec/2022:03:49:24 -0800] "GET /?camp-fire%2F40672492.html HTTP/1.1" 500 - "-" "Mozilla/5.0 (compatible; SemrushBot/7~bl; +http://www.semrush.com/bot.html)" "mantech8.com"
207.46.13.125 - - [08/Dec/2022:03:49:31 -0800] "GET /index.php/17a8cbfbb HTTP/1.1" 200 70486 "-" "Mozilla/5.0 AppleWebKit/537.36 (KHTML, like Gecko; compatible; bingbot/2.0; +http://www.bing.com/bingbot.htm) Chrome/103.0.5060.134 Safari/537.36" "mantech8.com"
185.191.171.11 - - [08/Dec/2022:03:49:47 -0800] "GET /?camp-fire%2F39824809.html HTTP/1.1" 500 - "-" "Mozilla/5.0 (compatible; SemrushBot/7~bl; +http://www.semrush.com/bot.html)" "mantech8.com"
185.191.171.6 - - [08/Dec/2022:03:50:00 -0800] "GET /?camp-fire%2F89385060.html HTTP/1.1" 500 - "-" "Mozilla/5.0 (compatible; SemrushBot/7~bl; +http://www.semrush.com/bot.html)" "mantech8.com"
207.46.13.125 - - [08/Dec/2022:03:50:32 -0800] "GET /index.php/qlqc-58cbec-48jbr.ii HTTP/1.1" 200 60355 "-" "Mozilla/5.0 AppleWebKit/537.36 (KHTML, like Gecko; compatible; bingbot/2.0; +http://www.bing.com/bingbot.htm) Chrome/103.0.5060.134 Safari/537.36" "mantech8.com"
185.191.171.8 - - [08/Dec/2022:03:50:58 -0800] "GET /?camp-fire%2F54549234.html HTTP/1.1" 500 - "-" "Mozilla/5.0 (compatible; SemrushBot/7~bl; +http://www.semrush.com/bot.html)" "mantech8.com"
40.77.167.20 - - [08/Dec/2022:03:50:58 -0800] "GET /index.php/naq6-f3adfaadd-inkmr.ii HTTP/1.1" 200 75338 "-" "Mozilla/5.0 AppleWebKit/537.36 (KHTML, like Gecko; compatible; bingbot/2.0; +http://www.bing.com/bingbot.htm) Chrome/103.0.5060.134 Safari/537.36" "mantech8.com"
40.77.167.20 - - [08/Dec/2022:03:50:58 -0800] "GET /index.php/txf8-f7aa-zq8ig.ii HTTP/1.1" 200 66936 "-" "Mozilla/5.0 AppleWebKit/537.36 (KHTML, like Gecko; compatible; bingbot/2.0; +http://www.bing.com/bingbot.htm) Chrome/103.0.5060.134 Safari/537.36" "mantech8.com"
40.77.167.20 - - [08/Dec/2022:03:51:18 -0800] "GET /index.php/egy1-792cdeba-vsvum.ii HTTP/1.1" 200 65242 "-" "Mozilla/5.0 AppleWebKit/537.36 (KHTML, like Gecko; compatible; bingbot/2.0; +http://www.bing.com/bingbot.htm) Chrome/103.0.5060.134 Safari/537.36" "mantech8.com"
40.77.167.20 - - [08/Dec/2022:03:51:19 -0800] "GET /index.php/q5w4-4cbcdbbb-jk6z1.ii HTTP/1.1" 200 69826 "-" "Mozilla/5.0 (compatible; bingbot/2.0; +http://www.bing.com/bingbot.htm)" "mantech8.com"
157.55.39.123 - - [08/Dec/2022:03:51:26 -0800] "GET /index.php/nwtf-68dece-4amog.ii HTTP/1.1" 200 65129 "-" "Mozilla/5.0 AppleWebKit/537.36 (KHTML, like Gecko; compatible; bingbot/2.0; +http://www.bing.com/bingbot.htm) Chrome/103.0.5060.134 Safari/537.36" "mantech8.com"
157.55.39.123 - - [08/Dec/2022:03:51:27 -0800] "GET /index.php/txf8-11abfe-alc88.ii HTTP/1.1" 200 69464 "-" "Mozilla/5.0 AppleWebKit/537.36 (KHTML, like Gecko; compatible; bingbot/2.0; +http://www.bing.com/bingbot.htm) Chrome/103.0.5060.134 Safari/537.36" "mantech8.com"
207.46.13.125 - - [08/Dec/2022:03:51:40 -0800] "GET /index.php/MhxM-ea3affac-jbyMt.Ii HTTP/1.1" 200 70500 "-" "Mozilla/5.0 AppleWebKit/537.36 (KHTML, like Gecko; compatible; bingbot/2.0; +http://www.bing.com/bingbot.htm) Chrome/103.0.5060.134 Safari/537.36" "mantech8.com"
207.46.13.125 - - [08/Dec/2022:03:51:41 -0800] "GET /index.php/f2si-1ceaac-dkzep.ii HTTP/1.1" 200 65449 "-" "Mozilla/5.0 AppleWebKit/537.36 (KHTML, like Gecko; compatible; bingbot/2.0; +http://www.bing.com/bingbot.htm) Chrome/103.0.5060.134 Safari/537.36" "mantech8.com"
157.55.39.138 - - [08/Dec/2022:03:51:55 -0800] "GET /index.php/nwtf-e1551cadab-4qlvl.ii HTTP/1.1" 200 68973 "-" "Mozilla/5.0 (compatible; bingbot/2.0; +http://www.bing.com/bingbot.htm)" "mantech8.com"
157.55.39.138 - - [08/Dec/2022:03:51:56 -0800] "GET /index.php/075aaafe HTTP/1.1" 200 76223 "-" "Mozilla/5.0 (compatible; bingbot/2.0; +http://www.bing.com/bingbot.htm)" "mantech8.com"
185.191.171.1 - - [08/Dec/2022:03:51:57 -0800] "GET /?camp-fire%2F52119402.html HTTP/1.1" 500 - "-" "Mozilla/5.0 (compatible; SemrushBot/7~bl; +http://www.semrush.com/bot.html)" "mantech8.com"
157.55.39.138 - - [08/Dec/2022:03:51:57 -0800] "GET /index.php/kjz2-41c5ccead-hzooe.ii HTTP/1.1" 200 65294 "-" "Mozilla/5.0 (compatible; bingbot/2.0; +http://www.bing.com/bingbot.htm)" "mantech8.com"
40.77.167.20 - - [08/Dec/2022:03:51:59 -0800] "GET /index.php/wf2o-64eb-g547v.ii HTTP/1.1" 200 66361 "-" "Mozilla/5.0 (compatible; bingbot/2.0; +http://www.bing.com/bingbot.htm)" "mantech8.com"
40.77.167.26 - - [08/Dec/2022:03:52:12 -0800] "GET /index.php/nwtf-3f0cfcbb-4qro1.ii HTTP/1.1" 200 59036 "-" "Mozilla/5.0 AppleWebKit/537.36 (KHTML, like Gecko; compatible; bingbot/2.0; +http://www.bing.com/bingbot.htm) Chrome/103.0.5060.134 Safari/537.36" "mantech8.com"
185.191.171.8 - - [08/Dec/2022:03:52:39 -0800] "GET /?camp-fire%2F97270534.html HTTP/1.1" 500 - "-" "Mozilla/5.0 (compatible; SemrushBot/7~bl; +http://www.semrush.com/bot.html)" "mantech8.com"
185.191.171.11 - - [08/Dec/2022:03:52:54 -0800] "GET /?camp-fire%2F28117590.html HTTP/1.1" 500 - "-" "Mozilla/5.0 (compatible; SemrushBot/7~bl; +http://www.semrush.com/bot.html)" "mantech8.com"
207.46.13.100 - - [08/Dec/2022:03:52:56 -0800] "GET /index.php/gvdr-61bd-vinhg.ii HTTP/1.1" 200 74711 "-" "Mozilla/5.0 AppleWebKit/537.36 (KHTML, like Gecko; compatible; bingbot/2.0; +http://www.bing.com/bingbot.htm) Chrome/103.0.5060.134 Safari/537.36" "mantech8.com"
185.191.171.44 - - [08/Dec/2022:03:53:16 -0800] "GET /?camp-fire%2F33095956.html HTTP/1.1" 500 - "-" "Mozilla/5.0 (compatible; SemrushBot/7~bl; +http://www.semrush.com/bot.html)" "mantech8.com"
216.244.66.241 - - [08/Dec/2022:03:53:23 -0800] "GET /robots.txt HTTP/1.1" 200 222 "-" "Mozilla/5.0 (compatible; DotBot/1.2; +https://opensiteexplorer.org/dotbot; help@moz.com)" "www.mantech8.com"
216.244.66.241 - - [08/Dec/2022:03:53:23 -0800] "GET /robots.txt HTTP/1.1" 200 222 "-" "Mozilla/5.0 (compatible; DotBot/1.2; +https://opensiteexplorer.org/dotbot; help@moz.com)" "mantech8.com"
185.191.171.26 - - [08/Dec/2022:03:53:30 -0800] "GET /?camp-fire%2F38340271.html HTTP/1.1" 500 - "-" "Mozilla/5.0 (compatible; SemrushBot/7~bl; +http://www.semrush.com/bot.html)" "mantech8.com"
207.46.13.100 - - [08/Dec/2022:03:53:26 -0800] "GET /index.php/kjz2-61dce-ylfo7.ii HTTP/1.1" 200 68048 "-" "Mozilla/5.0 AppleWebKit/537.36 (KHTML, like Gecko; compatible; bingbot/2.0; +http://www.bing.com/bingbot.htm) Chrome/103.0.5060.134 Safari/537.36" "mantech8.com"
