185.191.171.23 - - [03/Dec/2022:06:17:22 -0800] "GET /?camp-fire%2F40458550.html HTTP/1.1" 500 - "-" "Mozilla/5.0 (compatible; SemrushBot/7~bl; +http://www.semrush.com/bot.html)" "mantech8.com"
185.191.171.18 - - [03/Dec/2022:06:17:26 -0800] "GET /?camp-fire%2F79585335.html HTTP/1.1" 500 - "-" "Mozilla/5.0 (compatible; SemrushBot/7~bl; +http://www.semrush.com/bot.html)" "mantech8.com"
157.55.39.138 - - [03/Dec/2022:06:17:58 -0800] "GET /index.php/kvrw-4fc9caface-y9mcy.ii HTTP/1.1" 200 81611 "-" "Mozilla/5.0 AppleWebKit/537.36 (KHTML, like Gecko; compatible; bingbot/2.0; +http://www.bing.com/bingbot.htm) Chrome/103.0.5060.134 Safari/537.36" "mantech8.com"
185.191.171.9 - - [03/Dec/2022:06:18:00 -0800] "GET /?camp-fire%2F61444857.html HTTP/1.1" 500 - "-" "Mozilla/5.0 (compatible; SemrushBot/7~bl; +http://www.semrush.com/bot.html)" "mantech8.com"
185.191.171.35 - - [03/Dec/2022:06:18:02 -0800] "GET /?camp-fire%2F42746117.html HTTP/1.1" 500 - "-" "Mozilla/5.0 (compatible; SemrushBot/7~bl; +http://www.semrush.com/bot.html)" "mantech8.com"
157.55.39.138 - - [03/Dec/2022:06:18:18 -0800] "GET /index.php/wf2o-10bf-g5nkx.ii HTTP/1.1" 200 64480 "-" "Mozilla/5.0 (compatible; bingbot/2.0; +http://www.bing.com/bingbot.htm)" "mantech8.com"
185.191.171.17 - - [03/Dec/2022:06:18:50 -0800] "GET /?camp-fire%2F63518455.html HTTP/1.1" 500 - "-" "Mozilla/5.0 (compatible; SemrushBot/7~bl; +http://www.semrush.com/bot.html)" "mantech8.com"
207.46.13.100 - - [03/Dec/2022:06:18:56 -0800] "GET /index.php/mcko-8408ccdcfe-vbaer.ii HTTP/1.1" 200 65623 "-" "Mozilla/5.0 AppleWebKit/537.36 (KHTML, like Gecko; compatible; bingbot/2.0; +http://www.bing.com/bingbot.htm) Chrome/103.0.5060.134 Safari/537.36" "mantech8.com"
185.191.171.25 - - [03/Dec/2022:06:19:00 -0800] "GET /?camp-fire%2F36522738.html HTTP/1.1" 500 - "-" "Mozilla/5.0 (compatible; SemrushBot/7~bl; +http://www.semrush.com/bot.html)" "mantech8.com"
185.191.171.23 - - [03/Dec/2022:06:19:27 -0800] "GET /?camp-fire%2F39008906.html HTTP/1.1" 500 - "-" "Mozilla/5.0 (compatible; SemrushBot/7~bl; +http://www.semrush.com/bot.html)" "mantech8.com"
40.77.167.26 - - [03/Dec/2022:06:19:38 -0800] "GET /index.php/pstd-45faa-ix8rc.ii HTTP/1.1" 200 66435 "-" "Mozilla/5.0 (compatible; bingbot/2.0; +http://www.bing.com/bingbot.htm)" "mantech8.com"
40.77.167.67 - - [03/Dec/2022:06:20:16 -0800] "GET /index.php/18fc/89fe HTTP/1.1" 200 65540 "-" "Mozilla/5.0 (compatible; bingbot/2.0; +http://www.bing.com/bingbot.htm)" "mantech8.com"
185.191.171.42 - - [03/Dec/2022:06:20:20 -0800] "GET /?camp-fire%2F35841438.html HTTP/1.1" 500 - "-" "Mozilla/5.0 (compatible; SemrushBot/7~bl; +http://www.semrush.com/bot.html)" "mantech8.com"
157.55.39.138 - - [03/Dec/2022:06:20:38 -0800] "GET /index.php/vmbp-4d38aede-umh2s.ii HTTP/1.1" 200 63877 "-" "Mozilla/5.0 (compatible; bingbot/2.0; +http://www.bing.com/bingbot.htm)" "mantech8.com"
157.55.39.123 - - [03/Dec/2022:06:20:56 -0800] "GET /index.php/Mcko-2caa-Vt9Ex.Ii HTTP/1.1" 200 58831 "-" "Mozilla/5.0 (compatible; bingbot/2.0; +http://www.bing.com/bingbot.htm)" "mantech8.com"
40.77.167.26 - - [03/Dec/2022:06:21:27 -0800] "GET /index.php/nWTf-dbceeaebdf-3lIXG.Ii HTTP/1.1" 200 64933 "-" "Mozilla/5.0 (compatible; bingbot/2.0; +http://www.bing.com/bingbot.htm)" "mantech8.com"
40.77.167.26 - - [03/Dec/2022:06:21:28 -0800] "GET /index.php/90a83cbccf HTTP/1.1" 200 78019 "-" "Mozilla/5.0 AppleWebKit/537.36 (KHTML, like Gecko; compatible; bingbot/2.0; +http://www.bing.com/bingbot.htm) Chrome/103.0.5060.134 Safari/537.36" "mantech8.com"
185.191.171.24 - - [03/Dec/2022:06:21:39 -0800] "GET /?camp-fire%2F42846849.html HTTP/1.1" 500 - "-" "Mozilla/5.0 (compatible; SemrushBot/7~bl; +http://www.semrush.com/bot.html)" "mantech8.com"
185.191.171.4 - - [03/Dec/2022:06:21:43 -0800] "GET /?camp-fire%2F38359747.html HTTP/1.1" 500 - "-" "Mozilla/5.0 (compatible; SemrushBot/7~bl; +http://www.semrush.com/bot.html)" "mantech8.com"
185.191.171.11 - - [03/Dec/2022:06:21:49 -0800] "GET /?camp-fire%2F72549417.html HTTP/1.1" 500 - "-" "Mozilla/5.0 (compatible; SemrushBot/7~bl; +http://www.semrush.com/bot.html)" "mantech8.com"
185.191.171.36 - - [03/Dec/2022:06:22:21 -0800] "GET /?camp-fire%2F45091516.html HTTP/1.1" 500 - "-" "Mozilla/5.0 (compatible; SemrushBot/7~bl; +http://www.semrush.com/bot.html)" "mantech8.com"
43.130.78.90 - - [03/Dec/2022:06:23:02 -0800] "GET /wp-admin/css/ HTTP/1.1" 404 88 "binance.com" "Mozilla/5.0 (Windows NT 10.0; Win64; x64) AppleWebKit/537.36 (KHTML, like Gecko) Chrome/90.0.4430.85 Safari/537.36" "mantech8.com"
43.130.78.90 - - [03/Dec/2022:06:23:08 -0800] "GET /sites/default/files/ HTTP/1.1" 404 88 "binance.com" "Mozilla/5.0 (Windows NT 10.0; Win64; x64) AppleWebKit/537.36 (KHTML, like Gecko) Chrome/90.0.4430.85 Safari/537.36" "mantech8.com"
43.130.78.90 - - [03/Dec/2022:06:23:09 -0800] "GET /admin/controller/extension/extension/ HTTP/1.1" 404 88 "binance.com" "Mozilla/5.0 (Windows NT 10.0; Win64; x64) AppleWebKit/537.36 (KHTML, like Gecko) Chrome/90.0.4430.85 Safari/537.36" "mantech8.com"
43.130.78.90 - - [03/Dec/2022:06:23:11 -0800] "GET /uploads/ HTTP/1.1" 404 88 "binance.com" "Mozilla/5.0 (Windows NT 10.0; Win64; x64) AppleWebKit/537.36 (KHTML, like Gecko) Chrome/90.0.4430.85 Safari/537.36" "mantech8.com"
43.130.78.90 - - [03/Dec/2022:06:23:12 -0800] "GET /images/ HTTP/1.1" 200 6505 "binance.com" "Mozilla/5.0 (Windows NT 10.0; Win64; x64) AppleWebKit/537.36 (KHTML, like Gecko) Chrome/90.0.4430.85 Safari/537.36" "mantech8.com"
43.130.78.90 - - [03/Dec/2022:06:23:14 -0800] "GET /images/ HTTP/1.1" 200 6505 "binance.com" "Mozilla/5.0 (Windows NT 10.0; Win64; x64) AppleWebKit/537.36 (KHTML, like Gecko) Chrome/90.0.4430.85 Safari/537.36" "mantech8.com"
43.130.78.90 - - [03/Dec/2022:06:23:16 -0800] "GET /images/db_table_exists.lib.php HTTP/1.1" 200 32 "binance.com" "Mozilla/5.0 (Windows NT 10.0; Win64; x64) AppleWebKit/537.36 (KHTML, like Gecko) Chrome/90.0.4430.85 Safari/537.36" "mantech8.com"
43.130.78.90 - - [03/Dec/2022:06:23:17 -0800] "GET /files/ HTTP/1.1" 404 88 "binance.com" "Mozilla/5.0 (Windows NT 10.0; Win64; x64) AppleWebKit/537.36 (KHTML, like Gecko) Chrome/90.0.4430.85 Safari/537.36" "mantech8.com"
185.191.171.42 - - [03/Dec/2022:06:23:31 -0800] "GET /?camp-fire%2F42935493.html HTTP/1.1" 500 - "-" "Mozilla/5.0 (compatible; SemrushBot/7~bl; +http://www.semrush.com/bot.html)" "mantech8.com"
185.191.171.36 - - [03/Dec/2022:06:23:34 -0800] "GET /?camp-fire%2F41420771.html HTTP/1.1" 500 - "-" "Mozilla/5.0 (compatible; SemrushBot/7~bl; +http://www.semrush.com/bot.html)" "mantech8.com"
40.77.167.67 - - [03/Dec/2022:06:23:57 -0800] "GET /index.php/egy1-0345cffdda-ve77x.ii HTTP/1.1" 200 66585 "-" "Mozilla/5.0 AppleWebKit/537.36 (KHTML, like Gecko; compatible; bingbot/2.0; +http://www.bing.com/bingbot.htm) Chrome/103.0.5060.134 Safari/537.36" "mantech8.com"
207.46.13.100 - - [03/Dec/2022:06:24:26 -0800] "GET /index.php/mcko-08e7dcffbc-vt2oi.ii HTTP/1.1" 200 66909 "-" "Mozilla/5.0 AppleWebKit/537.36 (KHTML, like Gecko; compatible; bingbot/2.0; +http://www.bing.com/bingbot.htm) Chrome/103.0.5060.134 Safari/537.36" "mantech8.com"
185.191.171.3 - - [03/Dec/2022:06:24:32 -0800] "GET /?camp-fire%2F54825117.html HTTP/1.1" 500 - "-" "Mozilla/5.0 (compatible; SemrushBot/7~bl; +http://www.semrush.com/bot.html)" "mantech8.com"
207.46.13.125 - - [03/Dec/2022:06:24:46 -0800] "GET /bimages/cleang/thump/c2.jpg HTTP/1.1" 200 156958 "-" "Mozilla/5.0 (compatible; bingbot/2.0; +http://www.bing.com/bingbot.htm)" "mantech8.com"
185.191.171.14 - - [03/Dec/2022:06:25:04 -0800] "GET /?camp-fire%2F8199398.html HTTP/1.1" 500 - "-" "Mozilla/5.0 (compatible; SemrushBot/7~bl; +http://www.semrush.com/bot.html)" "mantech8.com"
185.191.171.10 - - [03/Dec/2022:06:25:10 -0800] "GET /?camp-fire%2F43703393.html HTTP/1.1" 500 - "-" "Mozilla/5.0 (compatible; SemrushBot/7~bl; +http://www.semrush.com/bot.html)" "mantech8.com"
185.191.171.39 - - [03/Dec/2022:06:25:29 -0800] "GET /?camp-fire%2F43191738.html HTTP/1.1" 500 - "-" "Mozilla/5.0 (compatible; SemrushBot/7~bl; +http://www.semrush.com/bot.html)" "mantech8.com"
185.191.171.43 - - [03/Dec/2022:06:25:33 -0800] "GET /?camp-fire%2F57575371.html HTTP/1.1" 500 - "-" "Mozilla/5.0 (compatible; SemrushBot/7~bl; +http://www.semrush.com/bot.html)" "mantech8.com"
185.191.171.33 - - [03/Dec/2022:06:25:51 -0800] "GET /?camp-fire%2F68644617.html HTTP/1.1" 500 - "-" "Mozilla/5.0 (compatible; SemrushBot/7~bl; +http://www.semrush.com/bot.html)" "mantech8.com"
185.191.171.24 - - [03/Dec/2022:06:27:24 -0800] "GET /?camp-fire%2F62436750.html HTTP/1.1" 500 - "-" "Mozilla/5.0 (compatible; SemrushBot/7~bl; +http://www.semrush.com/bot.html)" "mantech8.com"
185.191.171.1 - - [03/Dec/2022:06:27:59 -0800] "GET /?camp-fire%2F81522430.html HTTP/1.1" 500 - "-" "Mozilla/5.0 (compatible; SemrushBot/7~bl; +http://www.semrush.com/bot.html)" "mantech8.com"
207.46.13.125 - - [03/Dec/2022:06:29:18 -0800] "GET /index.php/mhxm-208abbbd-jgbah.ii HTTP/1.1" 200 63835 "-" "Mozilla/5.0 (compatible; bingbot/2.0; +http://www.bing.com/bingbot.htm)" "mantech8.com"
207.46.13.100 - - [03/Dec/2022:06:29:46 -0800] "GET /index.php/nwtf-d6ac-4aivv.ii HTTP/1.1" 200 65319 "-" "Mozilla/5.0 AppleWebKit/537.36 (KHTML, like Gecko; compatible; bingbot/2.0; +http://www.bing.com/bingbot.htm) Chrome/103.0.5060.134 Safari/537.36" "mantech8.com"
185.191.171.14 - - [03/Dec/2022:06:29:59 -0800] "GET /?camp-fire%2F42818134.html HTTP/1.1" 500 - "-" "Mozilla/5.0 (compatible; SemrushBot/7~bl; +http://www.semrush.com/bot.html)" "mantech8.com"
185.191.171.37 - - [03/Dec/2022:06:30:20 -0800] "GET /?camp-fire%2F49292225.html HTTP/1.1" 500 - "-" "Mozilla/5.0 (compatible; SemrushBot/7~bl; +http://www.semrush.com/bot.html)" "mantech8.com"
40.77.167.26 - - [03/Dec/2022:06:30:20 -0800] "GET /index.php/8f1b2caf HTTP/1.1" 200 66118 "-" "Mozilla/5.0 (compatible; bingbot/2.0; +http://www.bing.com/bingbot.htm)" "mantech8.com"
185.191.171.9 - - [03/Dec/2022:06:30:32 -0800] "GET /?camp-fire%2F42151750.html HTTP/1.1" 500 - "-" "Mozilla/5.0 (compatible; SemrushBot/7~bl; +http://www.semrush.com/bot.html)" "mantech8.com"
40.77.167.67 - - [03/Dec/2022:06:30:38 -0800] "GET /index.php/q5w4-af9e2ffcaa-jputk.ii HTTP/1.1" 200 66161 "-" "Mozilla/5.0 AppleWebKit/537.36 (KHTML, like Gecko; compatible; bingbot/2.0; +http://www.bing.com/bingbot.htm) Chrome/103.0.5060.134 Safari/537.36" "mantech8.com"
40.77.167.67 - - [03/Dec/2022:06:30:38 -0800] "GET /index.php/d4mn-1bcade-axcio.ii HTTP/1.1" 200 73872 "-" "Mozilla/5.0 (compatible; bingbot/2.0; +http://www.bing.com/bingbot.htm)" "mantech8.com"
157.55.39.123 - - [03/Dec/2022:06:30:47 -0800] "GET /index.php/00ea HTTP/1.1" 200 63585 "-" "Mozilla/5.0 AppleWebKit/537.36 (KHTML, like Gecko; compatible; bingbot/2.0; +http://www.bing.com/bingbot.htm) Chrome/103.0.5060.134 Safari/537.36" "mantech8.com"
185.191.171.38 - - [03/Dec/2022:06:30:52 -0800] "GET /?camp-fire%2F51132517.html HTTP/1.1" 500 - "-" "Mozilla/5.0 (compatible; SemrushBot/7~bl; +http://www.semrush.com/bot.html)" "mantech8.com"
185.191.171.3 - - [03/Dec/2022:06:30:59 -0800] "GET /?camp-fire%2F55751502.html HTTP/1.1" 500 - "-" "Mozilla/5.0 (compatible; SemrushBot/7~bl; +http://www.semrush.com/bot.html)" "mantech8.com"
185.191.171.24 - - [03/Dec/2022:06:31:04 -0800] "GET /?camp-fire%2F58786651.html HTTP/1.1" 500 - "-" "Mozilla/5.0 (compatible; SemrushBot/7~bl; +http://www.semrush.com/bot.html)" "mantech8.com"
157.55.39.138 - - [03/Dec/2022:06:31:17 -0800] "GET /index.php/wf2o-c1079bcdb-g6dz0.ii HTTP/1.1" 200 63512 "-" "Mozilla/5.0 AppleWebKit/537.36 (KHTML, like Gecko; compatible; bingbot/2.0; +http://www.bing.com/bingbot.htm) Chrome/103.0.5060.134 Safari/537.36" "mantech8.com"
185.191.171.45 - - [03/Dec/2022:06:31:28 -0800] "GET /?camp-fire%2F38362078.html HTTP/1.1" 500 - "-" "Mozilla/5.0 (compatible; SemrushBot/7~bl; +http://www.semrush.com/bot.html)" "mantech8.com"
157.55.39.138 - - [03/Dec/2022:06:31:39 -0800] "GET /index.php/okoc-80bde-luohk.ii HTTP/1.1" 200 72439 "-" "Mozilla/5.0 (compatible; bingbot/2.0; +http://www.bing.com/bingbot.htm)" "mantech8.com"
185.191.171.40 - - [03/Dec/2022:06:31:56 -0800] "GET /?camp-fire%2F91054624.html HTTP/1.1" 500 - "-" "Mozilla/5.0 (compatible; SemrushBot/7~bl; +http://www.semrush.com/bot.html)" "mantech8.com"
114.119.147.42 - - [03/Dec/2022:06:32:49 -0800] "GET /index.php/napperkids.xml HTTP/1.1" 200 289520 "-" "Mozilla/5.0 (compatible;PetalBot;+https://webmaster.petalsearch.com/site/petalbot)" "mantech8.com"
185.191.171.24 - - [03/Dec/2022:06:32:51 -0800] "GET /?camp-fire%2F42186349.html HTTP/1.1" 500 - "-" "Mozilla/5.0 (compatible; SemrushBot/7~bl; +http://www.semrush.com/bot.html)" "mantech8.com"
185.191.171.45 - - [03/Dec/2022:06:33:17 -0800] "GET /?camp-fire%2F42104434.html HTTP/1.1" 500 - "-" "Mozilla/5.0 (compatible; SemrushBot/7~bl; +http://www.semrush.com/bot.html)" "mantech8.com"
185.191.171.22 - - [03/Dec/2022:06:33:32 -0800] "GET /?camp-fire%2F36609964.html HTTP/1.1" 500 - "-" "Mozilla/5.0 (compatible; SemrushBot/7~bl; +http://www.semrush.com/bot.html)" "mantech8.com"
185.191.171.14 - - [03/Dec/2022:06:33:53 -0800] "GET /?camp-fire%2F41881003.html HTTP/1.1" 500 - "-" "Mozilla/5.0 (compatible; SemrushBot/7~bl; +http://www.semrush.com/bot.html)" "mantech8.com"
207.46.13.125 - - [03/Dec/2022:06:33:56 -0800] "GET /index.php/GVdr-dfaafa-vKSMi.Ii HTTP/1.1" 200 70729 "-" "Mozilla/5.0 AppleWebKit/537.36 (KHTML, like Gecko; compatible; bingbot/2.0; +http://www.bing.com/bingbot.htm) Chrome/103.0.5060.134 Safari/537.36" "mantech8.com"
207.46.13.125 - - [03/Dec/2022:06:33:57 -0800] "GET /index.php/blJc-7f66bdfcb-ksirU.Ii HTTP/1.1" 200 69647 "-" "Mozilla/5.0 (compatible; bingbot/2.0; +http://www.bing.com/bingbot.htm)" "mantech8.com"
185.191.171.44 - - [03/Dec/2022:06:34:13 -0800] "GET /?camp-fire%2F55211635.html HTTP/1.1" 500 - "-" "Mozilla/5.0 (compatible; SemrushBot/7~bl; +http://www.semrush.com/bot.html)" "mantech8.com"
185.191.171.15 - - [03/Dec/2022:06:34:16 -0800] "GET /?camp-fire%2F58058634.html HTTP/1.1" 500 - "-" "Mozilla/5.0 (compatible; SemrushBot/7~bl; +http://www.semrush.com/bot.html)" "mantech8.com"
40.77.167.67 - - [03/Dec/2022:06:34:37 -0800] "GET /index.php/egy1-792cdeba-vsvum.ii HTTP/1.1" 200 65673 "-" "Mozilla/5.0 AppleWebKit/537.36 (KHTML, like Gecko; compatible; bingbot/2.0; +http://www.bing.com/bingbot.htm) Chrome/103.0.5060.134 Safari/537.36" "mantech8.com"
40.77.167.67 - - [03/Dec/2022:06:34:58 -0800] "GET /index.php/mcko-d8efb-vy8rl.ii HTTP/1.1" 200 68842 "-" "Mozilla/5.0 (compatible; bingbot/2.0; +http://www.bing.com/bingbot.htm)" "mantech8.com"
40.77.167.26 - - [03/Dec/2022:06:35:30 -0800] "GET /index.php/gvdr-35bbbefc-vjy2l.ii HTTP/1.1" 200 62812 "-" "Mozilla/5.0 AppleWebKit/537.36 (KHTML, like Gecko; compatible; bingbot/2.0; +http://www.bing.com/bingbot.htm) Chrome/103.0.5060.134 Safari/537.36" "mantech8.com"
185.191.171.16 - - [03/Dec/2022:06:35:31 -0800] "GET /?camp-fire%2F52313050.html HTTP/1.1" 500 - "-" "Mozilla/5.0 (compatible; SemrushBot/7~bl; +http://www.semrush.com/bot.html)" "mantech8.com"
185.191.171.45 - - [03/Dec/2022:06:35:38 -0800] "GET /?camp-fire%2F60309900.html HTTP/1.1" 500 - "-" "Mozilla/5.0 (compatible; SemrushBot/7~bl; +http://www.semrush.com/bot.html)" "mantech8.com"
114.119.145.126 - - [03/Dec/2022:06:35:47 -0800] "GET /bimages/tank/ HTTP/1.1" 200 411 "http://www.mantech8.com/bimages/?C=M%3BO%3DA" "Mozilla/5.0 (Linux; Android 7.0;) AppleWebKit/537.36 (KHTML, like Gecko) Mobile Safari/537.36 (compatible; PetalBot;+https://webmaster.petalsearch.com/site/petalbot)" "www.mantech8.com"
185.191.171.44 - - [03/Dec/2022:06:36:16 -0800] "GET /?camp-fire%2F62819533.html HTTP/1.1" 500 - "-" "Mozilla/5.0 (compatible; SemrushBot/7~bl; +http://www.semrush.com/bot.html)" "mantech8.com"
114.119.143.101 - - [03/Dec/2022:06:36:23 -0800] "GET /index.php/manlundang.xml HTTP/1.1" 200 289167 "-" "Mozilla/5.0 (Linux; Android 7.0;) AppleWebKit/537.36 (KHTML, like Gecko) Mobile Safari/537.36 (compatible; PetalBot;+https://webmaster.petalsearch.com/site/petalbot)" "mantech8.com"
185.191.171.39 - - [03/Dec/2022:06:36:39 -0800] "GET /robots.txt HTTP/1.1" 200 106 "-" "Mozilla/5.0 (compatible; SemrushBot/7~bl; +http://www.semrush.com/bot.html)" "mantech8.com"
185.191.171.3 - - [03/Dec/2022:06:36:40 -0800] "GET /?camp-fire%2F81425941.html HTTP/1.1" 500 - "-" "Mozilla/5.0 (compatible; SemrushBot/7~bl; +http://www.semrush.com/bot.html)" "mantech8.com"
40.77.167.26 - - [03/Dec/2022:06:37:00 -0800] "GET /index.php/q5w4-11eb-jkyna.ii HTTP/1.1" 200 68630 "-" "Mozilla/5.0 (compatible; bingbot/2.0; +http://www.bing.com/bingbot.htm)" "mantech8.com"
185.191.171.10 - - [03/Dec/2022:06:37:04 -0800] "GET /?camp-fire%2F38237972.html HTTP/1.1" 500 - "-" "Mozilla/5.0 (compatible; SemrushBot/7~bl; +http://www.semrush.com/bot.html)" "mantech8.com"
157.55.39.138 - - [03/Dec/2022:06:37:05 -0800] "GET /index.php/eb5r-3b4b1abb-lcrgl.ii HTTP/1.1" 200 63901 "-" "Mozilla/5.0 (compatible; bingbot/2.0; +http://www.bing.com/bingbot.htm)" "mantech8.com"
157.55.39.123 - - [03/Dec/2022:06:37:09 -0800] "GET /index.php/vmbp-0dbcc-uurwf.ii HTTP/1.1" 200 83312 "-" "Mozilla/5.0 AppleWebKit/537.36 (KHTML, like Gecko; compatible; bingbot/2.0; +http://www.bing.com/bingbot.htm) Chrome/103.0.5060.134 Safari/537.36" "mantech8.com"
185.191.171.24 - - [03/Dec/2022:06:37:29 -0800] "GET /?camp-fire%2F48986489.html HTTP/1.1" 500 - "-" "Mozilla/5.0 (compatible; SemrushBot/7~bl; +http://www.semrush.com/bot.html)" "mantech8.com"
207.46.13.125 - - [03/Dec/2022:06:38:58 -0800] "GET /index.php/0b034eae HTTP/1.1" 200 62485 "-" "Mozilla/5.0 AppleWebKit/537.36 (KHTML, like Gecko; compatible; bingbot/2.0; +http://www.bing.com/bingbot.htm) Chrome/103.0.5060.134 Safari/537.36" "mantech8.com"
185.191.171.4 - - [03/Dec/2022:06:39:25 -0800] "GET /?camp-fire%2F56488350.html HTTP/1.1" 500 - "-" "Mozilla/5.0 (compatible; SemrushBot/7~bl; +http://www.semrush.com/bot.html)" "mantech8.com"
185.191.171.8 - - [03/Dec/2022:06:39:27 -0800] "GET /?camp-fire%2F82807309.html HTTP/1.1" 500 - "-" "Mozilla/5.0 (compatible; SemrushBot/7~bl; +http://www.semrush.com/bot.html)" "mantech8.com"
185.191.171.40 - - [03/Dec/2022:06:39:44 -0800] "GET /?camp-fire%2F55262963.html HTTP/1.1" 500 - "-" "Mozilla/5.0 (compatible; SemrushBot/7~bl; +http://www.semrush.com/bot.html)" "mantech8.com"
40.77.167.26 - - [03/Dec/2022:06:39:49 -0800] "GET /index.php/aaffbdfda/befdfebdb HTTP/1.1" 200 68516 "-" "Mozilla/5.0 AppleWebKit/537.36 (KHTML, like Gecko; compatible; bingbot/2.0; +http://www.bing.com/bingbot.htm) Chrome/103.0.5060.134 Safari/537.36" "mantech8.com"
185.191.171.14 - - [03/Dec/2022:06:40:29 -0800] "GET /?camp-fire%2F43893278.html HTTP/1.1" 500 - "-" "Mozilla/5.0 (compatible; SemrushBot/7~bl; +http://www.semrush.com/bot.html)" "mantech8.com"
66.249.70.180 - - [03/Dec/2022:06:40:57 -0800] "GET /sitemapmobile18448.xml HTTP/1.1" 404 88 "-" "Mozilla/5.0 (compatible; Googlebot/2.1; +http://www.google.com/bot.html)" "mantech8.com"
185.191.171.37 - - [03/Dec/2022:06:41:00 -0800] "GET /?camp-fire%2F43048290.html HTTP/1.1" 500 - "-" "Mozilla/5.0 (compatible; SemrushBot/7~bl; +http://www.semrush.com/bot.html)" "mantech8.com"
185.191.171.2 - - [03/Dec/2022:06:41:01 -0800] "GET /?camp-fire%2F51890332.html HTTP/1.1" 500 - "-" "Mozilla/5.0 (compatible; SemrushBot/7~bl; +http://www.semrush.com/bot.html)" "mantech8.com"
40.77.167.67 - - [03/Dec/2022:06:41:19 -0800] "GET /index.php/znf9-bb67fcbba-qzsj6.ii HTTP/1.1" 200 59794 "-" "Mozilla/5.0 (compatible; bingbot/2.0; +http://www.bing.com/bingbot.htm)" "mantech8.com"
185.191.171.6 - - [03/Dec/2022:06:41:22 -0800] "GET /?camp-fire%2F56896860.html HTTP/1.1" 500 - "-" "Mozilla/5.0 (compatible; SemrushBot/7~bl; +http://www.semrush.com/bot.html)" "mantech8.com"
40.77.167.26 - - [03/Dec/2022:06:41:51 -0800] "GET /index.php/wtzk-bd599bdba-nlspa.ii HTTP/1.1" 200 71466 "-" "Mozilla/5.0 (compatible; bingbot/2.0; +http://www.bing.com/bingbot.htm)" "mantech8.com"
40.77.167.26 - - [03/Dec/2022:06:41:53 -0800] "GET /index.php/sa5z-e520cfdcfd-h48dc.ii HTTP/1.1" 200 60822 "-" "Mozilla/5.0 AppleWebKit/537.36 (KHTML, like Gecko; compatible; bingbot/2.0; +http://www.bing.com/bingbot.htm) Chrome/103.0.5060.134 Safari/537.36" "mantech8.com"
185.191.171.13 - - [03/Dec/2022:06:42:26 -0800] "GET /?camp-fire%2F58650066.html HTTP/1.1" 500 - "-" "Mozilla/5.0 (compatible; SemrushBot/7~bl; +http://www.semrush.com/bot.html)" "mantech8.com"
185.191.171.24 - - [03/Dec/2022:06:42:54 -0800] "GET /?camp-fire%2F66434846.html HTTP/1.1" 500 - "-" "Mozilla/5.0 (compatible; SemrushBot/7~bl; +http://www.semrush.com/bot.html)" "mantech8.com"
185.191.171.8 - - [03/Dec/2022:06:43:09 -0800] "GET /?camp-fire%2F40701159.html HTTP/1.1" 500 - "-" "Mozilla/5.0 (compatible; SemrushBot/7~bl; +http://www.semrush.com/bot.html)" "mantech8.com"
185.191.171.11 - - [03/Dec/2022:06:43:28 -0800] "GET /?camp-fire%2F61254616.html HTTP/1.1" 500 - "-" "Mozilla/5.0 (compatible; SemrushBot/7~bl; +http://www.semrush.com/bot.html)" "mantech8.com"
185.191.171.4 - - [03/Dec/2022:06:43:40 -0800] "GET /?camp-fire%2F16302472.html HTTP/1.1" 500 - "-" "Mozilla/5.0 (compatible; SemrushBot/7~bl; +http://www.semrush.com/bot.html)" "mantech8.com"
185.191.171.40 - - [03/Dec/2022:06:43:58 -0800] "GET /?camp-fire%2F31751441.html HTTP/1.1" 500 - "-" "Mozilla/5.0 (compatible; SemrushBot/7~bl; +http://www.semrush.com/bot.html)" "mantech8.com"
185.191.171.15 - - [03/Dec/2022:06:44:20 -0800] "GET /?camp-fire%2F82030906.html HTTP/1.1" 500 - "-" "Mozilla/5.0 (compatible; SemrushBot/7~bl; +http://www.semrush.com/bot.html)" "mantech8.com"
103.131.71.230 - - [03/Dec/2022:06:44:28 -0800] "GET /robots.txt HTTP/1.1" 200 106 "-" "Mozilla/5.0 (compatible; coccocbot-web/1.0; +http://help.coccoc.com/searchengine)" "mantech8.com"
185.191.171.24 - - [03/Dec/2022:06:44:36 -0800] "GET /?camp-fire%2F63825550.html HTTP/1.1" 500 - "-" "Mozilla/5.0 (compatible; SemrushBot/7~bl; +http://www.semrush.com/bot.html)" "mantech8.com"
157.55.39.123 - - [03/Dec/2022:06:44:59 -0800] "GET /index.php/s0kv-96ad-osrap.ii HTTP/1.1" 200 65836 "-" "Mozilla/5.0 AppleWebKit/537.36 (KHTML, like Gecko; compatible; bingbot/2.0; +http://www.bing.com/bingbot.htm) Chrome/103.0.5060.134 Safari/537.36" "mantech8.com"
185.191.171.20 - - [03/Dec/2022:06:45:17 -0800] "GET /?camp-fire%2F41429171.html HTTP/1.1" 500 - "-" "Mozilla/5.0 (compatible; SemrushBot/7~bl; +http://www.semrush.com/bot.html)" "mantech8.com"
157.55.39.123 - - [03/Dec/2022:06:45:28 -0800] "GET /index.php/k937-f11eaafdd-73opr.ii HTTP/1.1" 200 70322 "-" "Mozilla/5.0 AppleWebKit/537.36 (KHTML, like Gecko; compatible; bingbot/2.0; +http://www.bing.com/bingbot.htm) Chrome/103.0.5060.134 Safari/537.36" "mantech8.com"
185.191.171.14 - - [03/Dec/2022:06:45:52 -0800] "GET /?camp-fire%2F42826134.html HTTP/1.1" 500 - "-" "Mozilla/5.0 (compatible; SemrushBot/7~bl; +http://www.semrush.com/bot.html)" "mantech8.com"
185.191.171.40 - - [03/Dec/2022:06:45:54 -0800] "GET /?camp-fire%2F83398535.html HTTP/1.1" 500 - "-" "Mozilla/5.0 (compatible; SemrushBot/7~bl; +http://www.semrush.com/bot.html)" "mantech8.com"
185.191.171.5 - - [03/Dec/2022:06:46:53 -0800] "GET /?camp-fire%2F77015003.html HTTP/1.1" 500 - "-" "Mozilla/5.0 (compatible; SemrushBot/7~bl; +http://www.semrush.com/bot.html)" "mantech8.com"
185.191.171.37 - - [03/Dec/2022:06:47:49 -0800] "GET /?camp-fire%2F41622509.html HTTP/1.1" 500 - "-" "Mozilla/5.0 (compatible; SemrushBot/7~bl; +http://www.semrush.com/bot.html)" "mantech8.com"
185.191.171.42 - - [03/Dec/2022:06:49:18 -0800] "GET /?camp-fire%2F52816349.html HTTP/1.1" 500 - "-" "Mozilla/5.0 (compatible; SemrushBot/7~bl; +http://www.semrush.com/bot.html)" "mantech8.com"
185.191.171.8 - - [03/Dec/2022:06:49:44 -0800] "GET /?camp-fire%2F8417878.html HTTP/1.1" 500 - "-" "Mozilla/5.0 (compatible; SemrushBot/7~bl; +http://www.semrush.com/bot.html)" "mantech8.com"
207.46.13.125 - - [03/Dec/2022:06:50:00 -0800] "GET /index.php/13cfcc HTTP/1.1" 200 62581 "-" "Mozilla/5.0 AppleWebKit/537.36 (KHTML, like Gecko; compatible; bingbot/2.0; +http://www.bing.com/bingbot.htm) Chrome/103.0.5060.134 Safari/537.36" "mantech8.com"
66.249.70.180 - - [03/Dec/2022:06:50:03 -0800] "GET /sitemapnew10090.xml HTTP/1.1" 404 88 "-" "Mozilla/5.0 (compatible; Googlebot/2.1; +http://www.google.com/bot.html)" "mantech8.com"
185.191.171.21 - - [03/Dec/2022:06:50:12 -0800] "GET /?camp-fire%2F79755965.html HTTP/1.1" 500 - "-" "Mozilla/5.0 (compatible; SemrushBot/7~bl; +http://www.semrush.com/bot.html)" "mantech8.com"
185.191.171.43 - - [03/Dec/2022:06:50:18 -0800] "GET /?camp-fire%2F42205549.html HTTP/1.1" 500 - "-" "Mozilla/5.0 (compatible; SemrushBot/7~bl; +http://www.semrush.com/bot.html)" "mantech8.com"
185.191.171.22 - - [03/Dec/2022:06:50:22 -0800] "GET /?camp-fire%2F79442261.html HTTP/1.1" 500 - "-" "Mozilla/5.0 (compatible; SemrushBot/7~bl; +http://www.semrush.com/bot.html)" "mantech8.com"
185.191.171.26 - - [03/Dec/2022:06:50:50 -0800] "GET /?camp-fire%2F75737742.html HTTP/1.1" 500 - "-" "Mozilla/5.0 (compatible; SemrushBot/7~bl; +http://www.semrush.com/bot.html)" "mantech8.com"
185.191.171.45 - - [03/Dec/2022:06:51:12 -0800] "GET /?camp-fire%2F58793776.html HTTP/1.1" 500 - "-" "Mozilla/5.0 (compatible; SemrushBot/7~bl; +http://www.semrush.com/bot.html)" "mantech8.com"
185.191.171.44 - - [03/Dec/2022:06:51:35 -0800] "GET /?camp-fire%2F48781634.html HTTP/1.1" 500 - "-" "Mozilla/5.0 (compatible; SemrushBot/7~bl; +http://www.semrush.com/bot.html)" "mantech8.com"
185.191.171.5 - - [03/Dec/2022:06:51:45 -0800] "GET /?camp-fire%2F42171749.html HTTP/1.1" 500 - "-" "Mozilla/5.0 (compatible; SemrushBot/7~bl; +http://www.semrush.com/bot.html)" "mantech8.com"
185.191.171.13 - - [03/Dec/2022:06:52:28 -0800] "GET /?camp-fire%2F40499235.html HTTP/1.1" 500 - "-" "Mozilla/5.0 (compatible; SemrushBot/7~bl; +http://www.semrush.com/bot.html)" "mantech8.com"
185.191.171.42 - - [03/Dec/2022:06:52:29 -0800] "GET /?camp-fire%2F70280834.html HTTP/1.1" 500 - "-" "Mozilla/5.0 (compatible; SemrushBot/7~bl; +http://www.semrush.com/bot.html)" "mantech8.com"
157.55.39.123 - - [03/Dec/2022:06:52:29 -0800] "GET /index.php/mhxm-c676cafea-jtjna.ii HTTP/1.1" 200 65734 "-" "Mozilla/5.0 (compatible; bingbot/2.0; +http://www.bing.com/bingbot.htm)" "mantech8.com"
185.191.171.4 - - [03/Dec/2022:06:52:35 -0800] "GET /?camp-fire%2F40727702.html HTTP/1.1" 500 - "-" "Mozilla/5.0 (compatible; SemrushBot/7~bl; +http://www.semrush.com/bot.html)" "mantech8.com"
185.191.171.18 - - [03/Dec/2022:06:52:37 -0800] "GET /?camp-fire%2F36490625.html HTTP/1.1" 500 - "-" "Mozilla/5.0 (compatible; SemrushBot/7~bl; +http://www.semrush.com/bot.html)" "mantech8.com"
185.191.171.2 - - [03/Dec/2022:06:52:56 -0800] "GET /?camp-fire%2F51122635.html HTTP/1.1" 500 - "-" "Mozilla/5.0 (compatible; SemrushBot/7~bl; +http://www.semrush.com/bot.html)" "mantech8.com"
114.119.128.233 - - [03/Dec/2022:06:53:54 -0800] "GET /bimages/gallery/alfacgiapi/bash.alfa HTTP/1.1" 200 1555 "http://mantech8.com/bimages/gallery/alfacgiapi/" "Mozilla/5.0 (Linux; Android 7.0;) AppleWebKit/537.36 (KHTML, like Gecko) Mobile Safari/537.36 (compatible; PetalBot;+https://webmaster.petalsearch.com/site/petalbot)" "mantech8.com"
157.55.39.138 - - [03/Dec/2022:06:54:01 -0800] "GET /index.php/wf2o-10bf-g5nkx.ii HTTP/1.1" 200 64600 "-" "Mozilla/5.0 (compatible; bingbot/2.0; +http://www.bing.com/bingbot.htm)" "mantech8.com"
185.191.171.13 - - [03/Dec/2022:06:54:27 -0800] "GET /?camp-fire%2F41810603.html HTTP/1.1" 500 - "-" "Mozilla/5.0 (compatible; SemrushBot/7~bl; +http://www.semrush.com/bot.html)" "mantech8.com"
185.191.171.5 - - [03/Dec/2022:06:54:29 -0800] "GET /?camp-fire%2F55738176.html HTTP/1.1" 500 - "-" "Mozilla/5.0 (compatible; SemrushBot/7~bl; +http://www.semrush.com/bot.html)" "mantech8.com"
185.191.171.13 - - [03/Dec/2022:06:55:54 -0800] "GET /?camp-fire%2F42645234.html HTTP/1.1" 500 - "-" "Mozilla/5.0 (compatible; SemrushBot/7~bl; +http://www.semrush.com/bot.html)" "mantech8.com"
185.191.171.3 - - [03/Dec/2022:06:56:09 -0800] "GET /?camp-fire%2F41361376.html HTTP/1.1" 500 - "-" "Mozilla/5.0 (compatible; SemrushBot/7~bl; +http://www.semrush.com/bot.html)" "mantech8.com"
185.191.171.9 - - [03/Dec/2022:06:56:56 -0800] "GET /?camp-fire%2F79757098.html HTTP/1.1" 500 - "-" "Mozilla/5.0 (compatible; SemrushBot/7~bl; +http://www.semrush.com/bot.html)" "mantech8.com"
185.191.171.41 - - [03/Dec/2022:06:57:02 -0800] "GET /?camp-fire%2F56609021.html HTTP/1.1" 500 - "-" "Mozilla/5.0 (compatible; SemrushBot/7~bl; +http://www.semrush.com/bot.html)" "mantech8.com"
207.46.13.100 - - [03/Dec/2022:06:57:29 -0800] "GET /index.php/gvdr-59f2becaf-vmtqe.ii HTTP/1.1" 200 59875 "-" "Mozilla/5.0 AppleWebKit/537.36 (KHTML, like Gecko; compatible; bingbot/2.0; +http://www.bing.com/bingbot.htm) Chrome/103.0.5060.134 Safari/537.36" "mantech8.com"
185.191.171.26 - - [03/Dec/2022:06:59:15 -0800] "GET /?camp-fire%2F42738603.html HTTP/1.1" 500 - "-" "Mozilla/5.0 (compatible; SemrushBot/7~bl; +http://www.semrush.com/bot.html)" "mantech8.com"
185.191.171.10 - - [03/Dec/2022:06:59:29 -0800] "GET /?camp-fire%2F38417559.html HTTP/1.1" 500 - "-" "Mozilla/5.0 (compatible; SemrushBot/7~bl; +http://www.semrush.com/bot.html)" "mantech8.com"
185.191.171.11 - - [03/Dec/2022:06:59:37 -0800] "GET /?camp-fire%2F53960103.html HTTP/1.1" 500 - "-" "Mozilla/5.0 (compatible; SemrushBot/7~bl; +http://www.semrush.com/bot.html)" "mantech8.com"
13.66.139.2 - - [03/Dec/2022:06:59:57 -0800] "GET /robots.txt HTTP/1.1" 200 106 "-" "Mozilla/5.0 (compatible; bingbot/2.0; +http://www.bing.com/bingbot.htm)" "mantech8.com"
13.66.139.4 - - [03/Dec/2022:07:00:11 -0800] "GET /index.php/blJc-7f66bdfcb-ksirU.Ii HTTP/1.1" 200 69724 "-" "Mozilla/5.0 AppleWebKit/537.36 (KHTML, like Gecko; compatible; bingbot/2.0; +http://www.bing.com/bingbot.htm) Chrome/103.0.5060.134 Safari/537.36" "mantech8.com"
185.191.171.23 - - [03/Dec/2022:07:00:22 -0800] "GET /?camp-fire%2F84096355.html HTTP/1.1" 500 - "-" "Mozilla/5.0 (compatible; SemrushBot/7~bl; +http://www.semrush.com/bot.html)" "mantech8.com"
185.191.171.40 - - [03/Dec/2022:07:00:25 -0800] "GET /?camp-fire%2F53997759.html HTTP/1.1" 500 - "-" "Mozilla/5.0 (compatible; SemrushBot/7~bl; +http://www.semrush.com/bot.html)" "mantech8.com"
185.191.171.11 - - [03/Dec/2022:07:00:38 -0800] "GET /?camp-fire%2F57940193.html HTTP/1.1" 500 - "-" "Mozilla/5.0 (compatible; SemrushBot/7~bl; +http://www.semrush.com/bot.html)" "mantech8.com"
185.191.171.45 - - [03/Dec/2022:07:01:05 -0800] "GET /?camp-fire%2F39269363.html HTTP/1.1" 500 - "-" "Mozilla/5.0 (compatible; SemrushBot/7~bl; +http://www.semrush.com/bot.html)" "mantech8.com"
207.46.13.100 - - [03/Dec/2022:07:01:10 -0800] "GET /index.php/pstd-3afff-ien03.ii HTTP/1.1" 200 73713 "-" "Mozilla/5.0 AppleWebKit/537.36 (KHTML, like Gecko; compatible; bingbot/2.0; +http://www.bing.com/bingbot.htm) Chrome/103.0.5060.134 Safari/537.36" "mantech8.com"
157.55.39.123 - - [03/Dec/2022:07:01:41 -0800] "GET /index.php/bljc-c3d5ebdbb-kwtu3.ii HTTP/1.1" 200 66110 "-" "Mozilla/5.0 AppleWebKit/537.36 (KHTML, like Gecko; compatible; bingbot/2.0; +http://www.bing.com/bingbot.htm) Chrome/103.0.5060.134 Safari/537.36" "mantech8.com"
185.191.171.26 - - [03/Dec/2022:07:01:51 -0800] "GET /?camp-fire%2F56144016.html HTTP/1.1" 500 - "-" "Mozilla/5.0 (compatible; SemrushBot/7~bl; +http://www.semrush.com/bot.html)" "mantech8.com"
185.191.171.23 - - [03/Dec/2022:07:02:14 -0800] "GET /?camp-fire%2F43597588.html HTTP/1.1" 500 - "-" "Mozilla/5.0 (compatible; SemrushBot/7~bl; +http://www.semrush.com/bot.html)" "mantech8.com"
185.191.171.39 - - [03/Dec/2022:07:02:22 -0800] "GET /?camp-fire%2F42894434.html HTTP/1.1" 500 - "-" "Mozilla/5.0 (compatible; SemrushBot/7~bl; +http://www.semrush.com/bot.html)" "mantech8.com"
185.191.171.41 - - [03/Dec/2022:07:02:57 -0800] "GET /?camp-fire%2F77047882.html HTTP/1.1" 500 - "-" "Mozilla/5.0 (compatible; SemrushBot/7~bl; +http://www.semrush.com/bot.html)" "mantech8.com"
207.46.13.125 - - [03/Dec/2022:07:03:01 -0800] "GET /index.php/mhxm-208abbbd-jgbah.ii HTTP/1.1" 200 63777 "-" "Mozilla/5.0 (compatible; bingbot/2.0; +http://www.bing.com/bingbot.htm)" "mantech8.com"
185.191.171.11 - - [03/Dec/2022:07:03:11 -0800] "GET /?camp-fire%2F62863002.html HTTP/1.1" 500 - "-" "Mozilla/5.0 (compatible; SemrushBot/7~bl; +http://www.semrush.com/bot.html)" "mantech8.com"
114.119.151.72 - - [03/Dec/2022:07:03:37 -0800] "GET /bimages/headg/thump/ HTTP/1.1" 200 484 "http://www.mantech8.com/bimages/headg/" "Mozilla/5.0 (Linux; Android 7.0;) AppleWebKit/537.36 (KHTML, like Gecko) Mobile Safari/537.36 (compatible; PetalBot;+https://webmaster.petalsearch.com/site/petalbot)" "www.mantech8.com"
207.46.13.100 - - [03/Dec/2022:07:03:39 -0800] "GET /index.php/nwtf-d6ac-4aivv.ii HTTP/1.1" 200 66520 "-" "Mozilla/5.0 AppleWebKit/537.36 (KHTML, like Gecko; compatible; bingbot/2.0; +http://www.bing.com/bingbot.htm) Chrome/103.0.5060.134 Safari/537.36" "mantech8.com"
157.55.39.138 - - [03/Dec/2022:07:04:01 -0800] "GET /index.php/93b6ecdfab HTTP/1.1" 200 65733 "-" "Mozilla/5.0 (compatible; bingbot/2.0; +http://www.bing.com/bingbot.htm)" "mantech8.com"
157.55.39.138 - - [03/Dec/2022:07:04:01 -0800] "GET /index.php/jjy6-c0ecbccfb-qg4tr.ii HTTP/1.1" 200 65653 "-" "Mozilla/5.0 (compatible; bingbot/2.0; +http://www.bing.com/bingbot.htm)" "mantech8.com"
40.77.167.67 - - [03/Dec/2022:07:04:11 -0800] "GET /index.php/q5w4-af9e2ffcaa-jputk.ii HTTP/1.1" 200 66463 "-" "Mozilla/5.0 (compatible; bingbot/2.0; +http://www.bing.com/bingbot.htm)" "mantech8.com"
35.88.231.5 - - [03/Dec/2022:07:05:03 -0800] "GET / HTTP/1.1" 500 - "-" "Mozilla/5.0 (X11; Linux x86_64) AppleWebKit/537.36 (KHTML, like Gecko) Chrome/83.0.4103.97 Safari/537.36" "mantech8.com"
66.249.70.176 - - [03/Dec/2022:07:05:19 -0800] "GET /sitemapnew15060.xml HTTP/1.1" 404 88 "-" "Mozilla/5.0 (compatible; Googlebot/2.1; +http://www.google.com/bot.html)" "mantech8.com"
157.55.39.138 - - [03/Dec/2022:07:05:22 -0800] "GET /index.php/okoc-80bde-luohk.ii HTTP/1.1" 200 72817 "-" "Mozilla/5.0 (compatible; bingbot/2.0; +http://www.bing.com/bingbot.htm)" "mantech8.com"
185.191.171.2 - - [03/Dec/2022:07:05:58 -0800] "GET /?camp-fire%2F66300903.html HTTP/1.1" 500 - "-" "Mozilla/5.0 (compatible; SemrushBot/7~bl; +http://www.semrush.com/bot.html)" "mantech8.com"
185.191.171.41 - - [03/Dec/2022:07:06:06 -0800] "GET /?camp-fire%2F42766303.html HTTP/1.1" 500 - "-" "Mozilla/5.0 (compatible; SemrushBot/7~bl; +http://www.semrush.com/bot.html)" "mantech8.com"
157.55.39.138 - - [03/Dec/2022:07:06:11 -0800] "GET /index.php/txf8-69bded-ZAJIO.Ii HTTP/1.1" 200 72356 "-" "Mozilla/5.0 AppleWebKit/537.36 (KHTML, like Gecko; compatible; bingbot/2.0; +http://www.bing.com/bingbot.htm) Chrome/103.0.5060.134 Safari/537.36" "mantech8.com"
185.191.171.16 - - [03/Dec/2022:07:06:19 -0800] "GET /?camp-fire%2F65761972.html HTTP/1.1" 500 - "-" "Mozilla/5.0 (compatible; SemrushBot/7~bl; +http://www.semrush.com/bot.html)" "mantech8.com"
40.77.167.26 - - [03/Dec/2022:07:06:23 -0800] "GET /index.php/ae50ffdec HTTP/1.1" 200 61576 "-" "Mozilla/5.0 AppleWebKit/537.36 (KHTML, like Gecko; compatible; bingbot/2.0; +http://www.bing.com/bingbot.htm) Chrome/103.0.5060.134 Safari/537.36" "mantech8.com"
40.77.167.26 - - [03/Dec/2022:07:06:24 -0800] "GET /index.php/8f1b2caf HTTP/1.1" 200 65813 "-" "Mozilla/5.0 (compatible; bingbot/2.0; +http://www.bing.com/bingbot.htm)" "mantech8.com"
207.46.13.100 - - [03/Dec/2022:07:06:30 -0800] "GET /index.php/vmbp-d20bfefad-uirj3.ii HTTP/1.1" 200 65618 "-" "Mozilla/5.0 (compatible; bingbot/2.0; +http://www.bing.com/bingbot.htm)" "mantech8.com"
185.191.171.41 - - [03/Dec/2022:07:06:32 -0800] "GET /?camp-fire%2F63335292.html HTTP/1.1" 500 - "-" "Mozilla/5.0 (compatible; SemrushBot/7~bl; +http://www.semrush.com/bot.html)" "mantech8.com"
185.191.171.42 - - [03/Dec/2022:07:06:49 -0800] "GET /?camp-fire%2F49391457.html HTTP/1.1" 500 - "-" "Mozilla/5.0 (compatible; SemrushBot/7~bl; +http://www.semrush.com/bot.html)" "mantech8.com"
185.191.171.26 - - [03/Dec/2022:07:06:53 -0800] "GET /?camp-fire%2F63822578.html HTTP/1.1" 500 - "-" "Mozilla/5.0 (compatible; SemrushBot/7~bl; +http://www.semrush.com/bot.html)" "mantech8.com"
185.191.171.17 - - [03/Dec/2022:07:07:07 -0800] "GET /?camp-fire%2F46652606.html HTTP/1.1" 500 - "-" "Mozilla/5.0 (compatible; SemrushBot/7~bl; +http://www.semrush.com/bot.html)" "mantech8.com"
185.191.171.1 - - [03/Dec/2022:07:07:49 -0800] "GET /?camp-fire%2F45679092.html HTTP/1.1" 500 - "-" "Mozilla/5.0 (compatible; SemrushBot/7~bl; +http://www.semrush.com/bot.html)" "mantech8.com"
207.46.13.100 - - [03/Dec/2022:07:08:39 -0800] "GET /index.php/nWTf-c8baf-3lQVM.Ii HTTP/1.1" 200 70202 "-" "Mozilla/5.0 AppleWebKit/537.36 (KHTML, like Gecko; compatible; bingbot/2.0; +http://www.bing.com/bingbot.htm) Chrome/103.0.5060.134 Safari/537.36" "mantech8.com"
40.77.167.67 - - [03/Dec/2022:07:08:43 -0800] "GET /index.php/egy1-792cdeba-vsvum.ii HTTP/1.1" 200 65479 "-" "Mozilla/5.0 AppleWebKit/537.36 (KHTML, like Gecko; compatible; bingbot/2.0; +http://www.bing.com/bingbot.htm) Chrome/103.0.5060.134 Safari/537.36" "mantech8.com"
185.191.171.26 - - [03/Dec/2022:07:08:54 -0800] "GET /?camp-fire%2F83471625.html HTTP/1.1" 500 - "-" "Mozilla/5.0 (compatible; SemrushBot/7~bl; +http://www.semrush.com/bot.html)" "mantech8.com"
185.191.171.39 - - [03/Dec/2022:07:08:57 -0800] "GET /?camp-fire%2F75576725.html HTTP/1.1" 500 - "-" "Mozilla/5.0 (compatible; SemrushBot/7~bl; +http://www.semrush.com/bot.html)" "mantech8.com"
40.77.167.67 - - [03/Dec/2022:07:09:01 -0800] "GET /index.php/mcko-d8efb-vy8rl.ii HTTP/1.1" 200 68743 "-" "Mozilla/5.0 (compatible; bingbot/2.0; +http://www.bing.com/bingbot.htm)" "mantech8.com"
185.191.171.16 - - [03/Dec/2022:07:09:41 -0800] "GET /?camp-fire%2F78705465.html HTTP/1.1" 500 - "-" "Mozilla/5.0 (compatible; SemrushBot/7~bl; +http://www.semrush.com/bot.html)" "mantech8.com"
40.77.167.26 - - [03/Dec/2022:07:09:54 -0800] "GET /index.php/gvdr-35bbbefc-vjy2l.ii HTTP/1.1" 200 62733 "-" "Mozilla/5.0 (compatible; bingbot/2.0; +http://www.bing.com/bingbot.htm)" "mantech8.com"
40.77.167.26 - - [03/Dec/2022:07:10:23 -0800] "GET /index.php/q5w4-11eb-jkyna.ii HTTP/1.1" 200 68284 "-" "Mozilla/5.0 AppleWebKit/537.36 (KHTML, like Gecko; compatible; bingbot/2.0; +http://www.bing.com/bingbot.htm) Chrome/103.0.5060.134 Safari/537.36" "mantech8.com"
185.191.171.33 - - [03/Dec/2022:07:10:38 -0800] "GET /?camp-fire%2F44649272.html HTTP/1.1" 500 - "-" "Mozilla/5.0 (compatible; SemrushBot/7~bl; +http://www.semrush.com/bot.html)" "mantech8.com"
157.55.39.138 - - [03/Dec/2022:07:10:44 -0800] "GET /index.php/eb5r-3b4b1abb-lcrgl.ii HTTP/1.1" 200 64380 "-" "Mozilla/5.0 AppleWebKit/537.36 (KHTML, like Gecko; compatible; bingbot/2.0; +http://www.bing.com/bingbot.htm) Chrome/103.0.5060.134 Safari/537.36" "mantech8.com"
185.191.171.42 - - [03/Dec/2022:07:11:08 -0800] "GET /index.php?camp-fire%2F1191698.html HTTP/1.1" 500 - "-" "Mozilla/5.0 (compatible; SemrushBot/7~bl; +http://www.semrush.com/bot.html)" "mantech8.com"
185.191.171.7 - - [03/Dec/2022:07:11:35 -0800] "GET /?camp-fire%2F42233976.html HTTP/1.1" 500 - "-" "Mozilla/5.0 (compatible; SemrushBot/7~bl; +http://www.semrush.com/bot.html)" "mantech8.com"
185.191.171.44 - - [03/Dec/2022:07:12:01 -0800] "GET /?camp-fire%2F65607496.html HTTP/1.1" 500 - "-" "Mozilla/5.0 (compatible; SemrushBot/7~bl; +http://www.semrush.com/bot.html)" "mantech8.com"
185.191.171.19 - - [03/Dec/2022:07:12:07 -0800] "GET /?camp-fire%2F50545617.html HTTP/1.1" 500 - "-" "Mozilla/5.0 (compatible; SemrushBot/7~bl; +http://www.semrush.com/bot.html)" "mantech8.com"
185.191.171.5 - - [03/Dec/2022:07:12:11 -0800] "GET /?camp-fire%2F75823174.html HTTP/1.1" 500 - "-" "Mozilla/5.0 (compatible; SemrushBot/7~bl; +http://www.semrush.com/bot.html)" "mantech8.com"
207.46.13.100 - - [03/Dec/2022:07:13:41 -0800] "GET /index.php/k937-65f17fcaa-74dki.ii HTTP/1.1" 200 72676 "-" "Mozilla/5.0 AppleWebKit/537.36 (KHTML, like Gecko; compatible; bingbot/2.0; +http://www.bing.com/bingbot.htm) Chrome/103.0.5060.134 Safari/537.36" "mantech8.com"
185.191.171.33 - - [03/Dec/2022:07:13:43 -0800] "GET /?camp-fire%2F75073617.html HTTP/1.1" 500 - "-" "Mozilla/5.0 (compatible; SemrushBot/7~bl; +http://www.semrush.com/bot.html)" "mantech8.com"
157.55.39.123 - - [03/Dec/2022:07:13:45 -0800] "GET /index.php/c2eee HTTP/1.1" 200 64604 "-" "Mozilla/5.0 (compatible; bingbot/2.0; +http://www.bing.com/bingbot.htm)" "mantech8.com"
185.191.171.24 - - [03/Dec/2022:07:14:10 -0800] "GET /?camp-fire%2F59375693.html HTTP/1.1" 500 - "-" "Mozilla/5.0 (compatible; SemrushBot/7~bl; +http://www.semrush.com/bot.html)" "mantech8.com"
185.191.171.4 - - [03/Dec/2022:07:14:13 -0800] "GET /?camp-fire%2F42379671.html HTTP/1.1" 500 - "-" "Mozilla/5.0 (compatible; SemrushBot/7~bl; +http://www.semrush.com/bot.html)" "mantech8.com"
185.191.171.45 - - [03/Dec/2022:07:14:16 -0800] "GET /?camp-fire%2F8339193.html HTTP/1.1" 500 - "-" "Mozilla/5.0 (compatible; SemrushBot/7~bl; +http://www.semrush.com/bot.html)" "mantech8.com"
40.77.167.26 - - [03/Dec/2022:07:14:43 -0800] "GET /index.php/wtzk-bd599bdba-nlspa.ii HTTP/1.1" 200 71989 "-" "Mozilla/5.0 (compatible; bingbot/2.0; +http://www.bing.com/bingbot.htm)" "mantech8.com"
40.77.167.26 - - [03/Dec/2022:07:14:44 -0800] "GET /index.php/nwtf-6afe-3lhla.ii HTTP/1.1" 200 71945 "-" "Mozilla/5.0 AppleWebKit/537.36 (KHTML, like Gecko; compatible; bingbot/2.0; +http://www.bing.com/bingbot.htm) Chrome/103.0.5060.134 Safari/537.36" "mantech8.com"
207.46.13.100 - - [03/Dec/2022:07:15:32 -0800] "GET /index.php/nwtf-db4dafcb-4amgh.ii HTTP/1.1" 200 62602 "-" "Mozilla/5.0 AppleWebKit/537.36 (KHTML, like Gecko; compatible; bingbot/2.0; +http://www.bing.com/bingbot.htm) Chrome/103.0.5060.134 Safari/537.36" "mantech8.com"
35.88.92.159 - - [03/Dec/2022:07:15:51 -0800] "GET / HTTP/1.1" 500 - "-" "Mozilla/5.0 (X11; Linux x86_64) AppleWebKit/537.36 (KHTML, like Gecko) Chrome/83.0.4103.97 Safari/537.36" "mantech8.com"
40.77.167.67 - - [03/Dec/2022:07:15:52 -0800] "GET /index.php/znf9-bb67fcbba-qzsj6.ii HTTP/1.1" 200 60239 "-" "Mozilla/5.0 (compatible; bingbot/2.0; +http://www.bing.com/bingbot.htm)" "mantech8.com"
40.77.167.26 - - [03/Dec/2022:07:16:02 -0800] "GET /index.php?/wp-content/uploads/2022/05/202005excel.jpg HTTP/1.1" 200 69459 "-" "Mozilla/5.0 (compatible; bingbot/2.0; +http://www.bing.com/bingbot.htm)" "www.mantech8.com"
185.191.171.23 - - [03/Dec/2022:07:16:31 -0800] "GET /?camp-fire%2F44938472.html HTTP/1.1" 500 - "-" "Mozilla/5.0 (compatible; SemrushBot/7~bl; +http://www.semrush.com/bot.html)" "mantech8.com"
185.191.171.12 - - [03/Dec/2022:07:16:38 -0800] "GET /?camp-fire%2F43861576.html HTTP/1.1" 500 - "-" "Mozilla/5.0 (compatible; SemrushBot/7~bl; +http://www.semrush.com/bot.html)" "mantech8.com"
185.191.171.14 - - [03/Dec/2022:07:16:53 -0800] "GET /?camp-fire%2F66137970.html HTTP/1.1" 500 - "-" "Mozilla/5.0 (compatible; SemrushBot/7~bl; +http://www.semrush.com/bot.html)" "mantech8.com"
185.191.171.4 - - [03/Dec/2022:07:17:10 -0800] "GET /?camp-fire%2F43836959.html HTTP/1.1" 500 - "-" "Mozilla/5.0 (compatible; SemrushBot/7~bl; +http://www.semrush.com/bot.html)" "mantech8.com"
40.77.167.26 - - [03/Dec/2022:07:17:24 -0800] "GET /index.php/sa5z-e520cfdcfd-h48dc.ii HTTP/1.1" 200 61535 "-" "Mozilla/5.0 AppleWebKit/537.36 (KHTML, like Gecko; compatible; bingbot/2.0; +http://www.bing.com/bingbot.htm) Chrome/103.0.5060.134 Safari/537.36" "mantech8.com"
207.46.13.100 - - [03/Dec/2022:07:17:31 -0800] "GET /html/company.html HTTP/1.1" 404 88 "-" "Mozilla/5.0 AppleWebKit/537.36 (KHTML, like Gecko; compatible; bingbot/2.0; +http://www.bing.com/bingbot.htm) Chrome/103.0.5060.134 Safari/537.36" "www.mantech8.com"
207.46.13.125 - - [03/Dec/2022:07:17:30 -0800] "GET /index.php/EGy1-34eed-vs1wq.Ii HTTP/1.1" 200 75953 "-" "Mozilla/5.0 AppleWebKit/537.36 (KHTML, like Gecko; compatible; bingbot/2.0; +http://www.bing.com/bingbot.htm) Chrome/103.0.5060.134 Safari/537.36" "mantech8.com"
185.191.171.24 - - [03/Dec/2022:07:18:14 -0800] "GET /?camp-fire%2F42832634.html HTTP/1.1" 500 - "-" "Mozilla/5.0 (compatible; SemrushBot/7~bl; +http://www.semrush.com/bot.html)" "mantech8.com"
34.223.7.249 - - [03/Dec/2022:07:18:42 -0800] "GET / HTTP/1.1" 500 - "-" "Mozilla/5.0 (X11; Linux x86_64) AppleWebKit/537.36 (KHTML, like Gecko) Chrome/83.0.4103.97 Safari/537.36" "mantech8.com"
157.55.39.123 - - [03/Dec/2022:07:18:53 -0800] "GET /index.php/kjz2-b981babbae-hqisz.ii HTTP/1.1" 200 65035 "-" "Mozilla/5.0 AppleWebKit/537.36 (KHTML, like Gecko; compatible; bingbot/2.0; +http://www.bing.com/bingbot.htm) Chrome/103.0.5060.134 Safari/537.36" "mantech8.com"
157.55.39.138 - - [03/Dec/2022:07:18:53 -0800] "GET / HTTP/1.1" 200 64415 "-" "Mozilla/5.0 (compatible; bingbot/2.0; +http://www.bing.com/bingbot.htm)" "www.mantech8.com"
157.55.39.123 - - [03/Dec/2022:07:18:55 -0800] "GET /index.php/s0kv-96ad-osrap.ii HTTP/1.1" 200 66759 "-" "Mozilla/5.0 (compatible; bingbot/2.0; +http://www.bing.com/bingbot.htm)" "mantech8.com"
185.191.171.33 - - [03/Dec/2022:07:19:20 -0800] "GET /?camp-fire%2F42046949.html HTTP/1.1" 500 - "-" "Mozilla/5.0 (compatible; SemrushBot/7~bl; +http://www.semrush.com/bot.html)" "mantech8.com"
185.191.171.17 - - [03/Dec/2022:07:19:29 -0800] "GET /?camp-fire%2F60771934.html HTTP/1.1" 500 - "-" "Mozilla/5.0 (compatible; SemrushBot/7~bl; +http://www.semrush.com/bot.html)" "mantech8.com"
185.191.171.7 - - [03/Dec/2022:07:19:38 -0800] "GET /?camp-fire%2F37179938.html HTTP/1.1" 500 - "-" "Mozilla/5.0 (compatible; SemrushBot/7~bl; +http://www.semrush.com/bot.html)" "mantech8.com"
185.191.171.14 - - [03/Dec/2022:07:20:31 -0800] "GET /?camp-fire%2F37049838.html HTTP/1.1" 500 - "-" "Mozilla/5.0 (compatible; SemrushBot/7~bl; +http://www.semrush.com/bot.html)" "mantech8.com"
185.191.171.37 - - [03/Dec/2022:07:21:03 -0800] "GET /?camp-fire%2F83471425.html HTTP/1.1" 500 - "-" "Mozilla/5.0 (compatible; SemrushBot/7~bl; +http://www.semrush.com/bot.html)" "mantech8.com"
207.46.13.125 - - [03/Dec/2022:07:21:03 -0800] "GET /index.php/13cfcc HTTP/1.1" 200 62767 "-" "Mozilla/5.0 (compatible; bingbot/2.0; +http://www.bing.com/bingbot.htm)" "mantech8.com"
185.191.171.19 - - [03/Dec/2022:07:22:05 -0800] "GET /?camp-fire%2F42662741.html HTTP/1.1" 500 - "-" "Mozilla/5.0 (compatible; SemrushBot/7~bl; +http://www.semrush.com/bot.html)" "mantech8.com"
40.77.167.67 - - [03/Dec/2022:07:22:11 -0800] "GET /YhFG-d1bce-poJc3.Ii HTTP/1.1" 404 88 "-" "Mozilla/5.0 AppleWebKit/537.36 (KHTML, like Gecko; compatible; bingbot/2.0; +http://www.bing.com/bingbot.htm) Chrome/103.0.5060.134 Safari/537.36" "www.mantech8.com"
185.191.171.24 - - [03/Dec/2022:07:22:30 -0800] "GET /?camp-fire%2F78899871.html HTTP/1.1" 500 - "-" "Mozilla/5.0 (compatible; SemrushBot/7~bl; +http://www.semrush.com/bot.html)" "mantech8.com"
40.77.167.67 - - [03/Dec/2022:07:22:41 -0800] "GET /YhFG-d1bce-poJc3.Ii HTTP/1.1" 404 88 "-" "Mozilla/5.0 (compatible; bingbot/2.0; +http://www.bing.com/bingbot.htm)" "www.mantech8.com"
40.77.167.67 - - [03/Dec/2022:07:23:02 -0800] "GET / HTTP/1.1" 200 64104 "-" "Mozilla/5.0 AppleWebKit/537.36 (KHTML, like Gecko; compatible; bingbot/2.0; +http://www.bing.com/bingbot.htm) Chrome/103.0.5060.134 Safari/537.36" "www.mantech8.com"
185.191.171.43 - - [03/Dec/2022:07:23:21 -0800] "GET /?camp-fire%2F41988371.html HTTP/1.1" 500 - "-" "Mozilla/5.0 (compatible; SemrushBot/7~bl; +http://www.semrush.com/bot.html)" "mantech8.com"
157.55.39.138 - - [03/Dec/2022:07:23:53 -0800] "GET /index.php/31L7-5a5b5cffee-oUVtb.Ii HTTP/1.1" 200 66795 "-" "Mozilla/5.0 (compatible; bingbot/2.0; +http://www.bing.com/bingbot.htm)" "mantech8.com"
185.191.171.6 - - [03/Dec/2022:07:23:56 -0800] "GET /?camp-fire%2F57470269.html HTTP/1.1" 500 - "-" "Mozilla/5.0 (compatible; SemrushBot/7~bl; +http://www.semrush.com/bot.html)" "mantech8.com"
185.191.171.16 - - [03/Dec/2022:07:24:01 -0800] "GET /?camp-fire%2F85491859.html HTTP/1.1" 500 - "-" "Mozilla/5.0 (compatible; SemrushBot/7~bl; +http://www.semrush.com/bot.html)" "mantech8.com"
185.191.171.15 - - [03/Dec/2022:07:24:07 -0800] "GET /?camp-fire%2F58256250.html HTTP/1.1" 500 - "-" "Mozilla/5.0 (compatible; SemrushBot/7~bl; +http://www.semrush.com/bot.html)" "mantech8.com"
34.217.13.168 - - [03/Dec/2022:07:25:04 -0800] "GET / HTTP/1.1" 500 - "-" "Mozilla/5.0 (X11; Linux x86_64) AppleWebKit/537.36 (KHTML, like Gecko) Chrome/83.0.4103.97 Safari/537.36" "mantech8.com"
185.191.171.15 - - [03/Dec/2022:07:25:07 -0800] "GET /?camp-fire%2F74873733.html HTTP/1.1" 500 - "-" "Mozilla/5.0 (compatible; SemrushBot/7~bl; +http://www.semrush.com/bot.html)" "mantech8.com"
185.191.171.5 - - [03/Dec/2022:07:25:43 -0800] "GET /?camp-fire%2F73197929.html HTTP/1.1" 500 - "-" "Mozilla/5.0 (compatible; SemrushBot/7~bl; +http://www.semrush.com/bot.html)" "mantech8.com"
185.191.171.24 - - [03/Dec/2022:07:25:52 -0800] "GET /?camp-fire%2F38088272.html HTTP/1.1" 500 - "-" "Mozilla/5.0 (compatible; SemrushBot/7~bl; +http://www.semrush.com/bot.html)" "mantech8.com"
66.249.70.176 - - [03/Dec/2022:07:26:03 -0800] "GET /sitemapmobile3826.xml HTTP/1.1" 404 88 "-" "Mozilla/5.0 (compatible; Googlebot/2.1; +http://www.google.com/bot.html)" "mantech8.com"
157.55.39.138 - - [03/Dec/2022:07:26:13 -0800] "GET /index.php/wf2o-10bf-g5nkx.ii HTTP/1.1" 200 64514 "-" "Mozilla/5.0 (compatible; bingbot/2.0; +http://www.bing.com/bingbot.htm)" "mantech8.com"
185.191.171.35 - - [03/Dec/2022:07:26:23 -0800] "GET /?camp-fire%2F82908476.html HTTP/1.1" 500 - "-" "Mozilla/5.0 (compatible; SemrushBot/7~bl; +http://www.semrush.com/bot.html)" "mantech8.com"
185.191.171.10 - - [03/Dec/2022:07:26:44 -0800] "GET /?camp-fire%2F36687538.html HTTP/1.1" 500 - "-" "Mozilla/5.0 (compatible; SemrushBot/7~bl; +http://www.semrush.com/bot.html)" "mantech8.com"
185.191.171.7 - - [03/Dec/2022:07:27:24 -0800] "GET /?camp-fire%2F71785887.html HTTP/1.1" 500 - "-" "Mozilla/5.0 (compatible; SemrushBot/7~bl; +http://www.semrush.com/bot.html)" "mantech8.com"
