185.191.171.38 - - [03/Dec/2022:11:00:50 -0800] "GET /robots.txt HTTP/1.1" 200 106 "-" "Mozilla/5.0 (compatible; SemrushBot/7~bl; +http://www.semrush.com/bot.html)" "mantech8.com"
185.191.171.24 - - [03/Dec/2022:11:00:50 -0800] "GET /index.php?camp-fire%2F3270898.html HTTP/1.1" 500 - "-" "Mozilla/5.0 (compatible; SemrushBot/7~bl; +http://www.semrush.com/bot.html)" "mantech8.com"
185.191.171.21 - - [03/Dec/2022:11:00:52 -0800] "GET /?camp-fire%2F78192570.html HTTP/1.1" 500 - "-" "Mozilla/5.0 (compatible; SemrushBot/7~bl; +http://www.semrush.com/bot.html)" "mantech8.com"
185.191.171.33 - - [03/Dec/2022:11:01:01 -0800] "GET /?camp-fire%2F81948071.html HTTP/1.1" 500 - "-" "Mozilla/5.0 (compatible; SemrushBot/7~bl; +http://www.semrush.com/bot.html)" "mantech8.com"
40.77.167.67 - - [03/Dec/2022:11:01:13 -0800] "GET /index.php/q5w4-af9e2ffcaa-jputk.ii HTTP/1.1" 200 66723 "-" "Mozilla/5.0 (compatible; bingbot/2.0; +http://www.bing.com/bingbot.htm)" "mantech8.com"
185.191.171.2 - - [03/Dec/2022:11:02:24 -0800] "GET /index.php/camp-fire/25875430.html HTTP/1.1" 500 - "-" "Mozilla/5.0 (compatible; SemrushBot/7~bl; +http://www.semrush.com/bot.html)" "mantech8.com"
185.191.171.20 - - [03/Dec/2022:11:02:57 -0800] "GET /?camp-fire%2F42904434.html HTTP/1.1" 500 - "-" "Mozilla/5.0 (compatible; SemrushBot/7~bl; +http://www.semrush.com/bot.html)" "mantech8.com"
185.191.171.20 - - [03/Dec/2022:11:03:03 -0800] "GET /?camp-fire%2F72470332.html HTTP/1.1" 500 - "-" "Mozilla/5.0 (compatible; SemrushBot/7~bl; +http://www.semrush.com/bot.html)" "mantech8.com"
185.191.171.11 - - [03/Dec/2022:11:03:07 -0800] "GET /index.php/camp-fire/15021259.html HTTP/1.1" 500 - "-" "Mozilla/5.0 (compatible; SemrushBot/7~bl; +http://www.semrush.com/bot.html)" "mantech8.com"
157.55.39.138 - - [03/Dec/2022:11:03:33 -0800] "GET /index.php/okoc-80bde-luohk.ii HTTP/1.1" 200 72915 "-" "Mozilla/5.0 AppleWebKit/537.36 (KHTML, like Gecko; compatible; bingbot/2.0; +http://www.bing.com/bingbot.htm) Chrome/103.0.5060.134 Safari/537.36" "mantech8.com"
185.191.171.15 - - [03/Dec/2022:11:03:36 -0800] "GET /?camp-fire%2F14434157.html HTTP/1.1" 500 - "-" "Mozilla/5.0 (compatible; SemrushBot/7~bl; +http://www.semrush.com/bot.html)" "mantech8.com"
185.191.171.38 - - [03/Dec/2022:11:03:37 -0800] "GET /?camp-fire%2F42720603.html HTTP/1.1" 500 - "-" "Mozilla/5.0 (compatible; SemrushBot/7~bl; +http://www.semrush.com/bot.html)" "mantech8.com"
207.46.13.125 - - [03/Dec/2022:11:03:53 -0800] "GET /index.php/dadcad HTTP/1.1" 200 69555 "-" "Mozilla/5.0 AppleWebKit/537.36 (KHTML, like Gecko; compatible; bingbot/2.0; +http://www.bing.com/bingbot.htm) Chrome/103.0.5060.134 Safari/537.36" "mantech8.com"
40.77.167.67 - - [03/Dec/2022:11:03:58 -0800] "GET /index.php/egy1-792cdeba-vsvum.ii HTTP/1.1" 200 64913 "-" "Mozilla/5.0 AppleWebKit/537.36 (KHTML, like Gecko; compatible; bingbot/2.0; +http://www.bing.com/bingbot.htm) Chrome/103.0.5060.134 Safari/537.36" "mantech8.com"
185.191.171.10 - - [03/Dec/2022:11:04:13 -0800] "GET /index.php?camp-fire%2F5924477.html HTTP/1.1" 500 - "-" "Mozilla/5.0 (compatible; SemrushBot/7~bl; +http://www.semrush.com/bot.html)" "mantech8.com"
185.191.171.10 - - [03/Dec/2022:11:05:07 -0800] "GET /?camp-fire%2F42212235.html HTTP/1.1" 500 - "-" "Mozilla/5.0 (compatible; SemrushBot/7~bl; +http://www.semrush.com/bot.html)" "mantech8.com"
114.119.134.116 - - [03/Dec/2022:11:05:34 -0800] "GET /?curlyhead.xml HTTP/1.1" 200 270415 "-" "Mozilla/5.0 (compatible;PetalBot;+https://webmaster.petalsearch.com/site/petalbot)" "mantech8.com"
40.77.167.67 - - [03/Dec/2022:11:06:03 -0800] "GET /index.php/mcko-d8efb-vy8rl.ii HTTP/1.1" 200 69053 "-" "Mozilla/5.0 (compatible; bingbot/2.0; +http://www.bing.com/bingbot.htm)" "mantech8.com"
185.191.171.41 - - [03/Dec/2022:11:06:36 -0800] "GET /index.php?camp-fire%2F16925826.html HTTP/1.1" 500 - "-" "Mozilla/5.0 (compatible; SemrushBot/7~bl; +http://www.semrush.com/bot.html)" "mantech8.com"
185.191.171.36 - - [03/Dec/2022:11:06:38 -0800] "GET /?camp-fire%2F43048090.html HTTP/1.1" 500 - "-" "Mozilla/5.0 (compatible; SemrushBot/7~bl; +http://www.semrush.com/bot.html)" "mantech8.com"
185.191.171.15 - - [03/Dec/2022:11:07:03 -0800] "GET /?camp-fire%2F53112289.html HTTP/1.1" 500 - "-" "Mozilla/5.0 (compatible; SemrushBot/7~bl; +http://www.semrush.com/bot.html)" "mantech8.com"
185.191.171.12 - - [03/Dec/2022:11:07:18 -0800] "GET /?camp-fire%2F83428868.html HTTP/1.1" 500 - "-" "Mozilla/5.0 (compatible; SemrushBot/7~bl; +http://www.semrush.com/bot.html)" "mantech8.com"
185.191.171.25 - - [03/Dec/2022:11:07:22 -0800] "GET /?camp-fire%2F69125442.html HTTP/1.1" 500 - "-" "Mozilla/5.0 (compatible; SemrushBot/7~bl; +http://www.semrush.com/bot.html)" "mantech8.com"
185.191.171.13 - - [03/Dec/2022:11:07:24 -0800] "GET /?camp-fire%2F6221777.html HTTP/1.1" 500 - "-" "Mozilla/5.0 (compatible; SemrushBot/7~bl; +http://www.semrush.com/bot.html)" "mantech8.com"
40.77.167.26 - - [03/Dec/2022:11:07:25 -0800] "GET /index.php/gvdr-35bbbefc-vjy2l.ii HTTP/1.1" 200 62792 "-" "Mozilla/5.0 (compatible; bingbot/2.0; +http://www.bing.com/bingbot.htm)" "mantech8.com"
185.191.171.25 - - [03/Dec/2022:11:07:26 -0800] "GET /?camp-fire%2F54029656.html HTTP/1.1" 500 - "-" "Mozilla/5.0 (compatible; SemrushBot/7~bl; +http://www.semrush.com/bot.html)" "mantech8.com"
207.46.13.125 - - [03/Dec/2022:11:07:44 -0800] "GET /index.php/raig-b81f7bcd-ntol1.ii HTTP/1.1" 200 70586 "-" "Mozilla/5.0 AppleWebKit/537.36 (KHTML, like Gecko; compatible; bingbot/2.0; +http://www.bing.com/bingbot.htm) Chrome/103.0.5060.134 Safari/537.36" "mantech8.com"
157.55.39.138 - - [03/Dec/2022:11:08:24 -0800] "GET /index.php/eb5r-3b4b1abb-lcrgl.ii HTTP/1.1" 200 64248 "-" "Mozilla/5.0 AppleWebKit/537.36 (KHTML, like Gecko; compatible; bingbot/2.0; +http://www.bing.com/bingbot.htm) Chrome/103.0.5060.134 Safari/537.36" "mantech8.com"
157.55.39.138 - - [03/Dec/2022:11:08:44 -0800] "GET / HTTP/1.1" 200 64247 "-" "Mozilla/5.0 (compatible; bingbot/2.0; +http://www.bing.com/bingbot.htm)" "www.mantech8.com"
185.191.171.17 - - [03/Dec/2022:11:09:19 -0800] "GET /?camp-fire%2F6820929.html HTTP/1.1" 500 - "-" "Mozilla/5.0 (compatible; SemrushBot/7~bl; +http://www.semrush.com/bot.html)" "mantech8.com"
157.55.39.138 - - [03/Dec/2022:11:09:24 -0800] "GET /blJc-a2e5cfcac-kssTe.Ii HTTP/1.1" 404 88 "-" "Mozilla/5.0 AppleWebKit/537.36 (KHTML, like Gecko; compatible; bingbot/2.0; +http://www.bing.com/bingbot.htm) Chrome/103.0.5060.134 Safari/537.36" "www.mantech8.com"
207.46.13.100 - - [03/Dec/2022:11:09:32 -0800] "GET /APS-5beedd-OmObn.Ii HTTP/1.1" 404 88 "-" "Mozilla/5.0 (compatible; bingbot/2.0; +http://www.bing.com/bingbot.htm)" "www.mantech8.com"
185.191.171.44 - - [03/Dec/2022:11:09:50 -0800] "GET /index.php/camp-fire/28831065.html HTTP/1.1" 500 - "-" "Mozilla/5.0 (compatible; SemrushBot/7~bl; +http://www.semrush.com/bot.html)" "mantech8.com"
157.55.39.138 - - [03/Dec/2022:11:09:54 -0800] "GET /blJc-a2e5cfcac-kssTe.Ii HTTP/1.1" 404 88 "-" "Mozilla/5.0 AppleWebKit/537.36 (KHTML, like Gecko; compatible; bingbot/2.0; +http://www.bing.com/bingbot.htm) Chrome/103.0.5060.134 Safari/537.36" "www.mantech8.com"
157.55.39.123 - - [03/Dec/2022:11:09:54 -0800] "GET /index.php/wf2o-c27dfbfdc-g7gii.ii HTTP/1.1" 200 100778 "-" "Mozilla/5.0 AppleWebKit/537.36 (KHTML, like Gecko; compatible; bingbot/2.0; +http://www.bing.com/bingbot.htm) Chrome/103.0.5060.134 Safari/537.36" "mantech8.com"
207.46.13.100 - - [03/Dec/2022:11:10:43 -0800] "GET /index.php/wtzk-1ebced-n3fyg.ii HTTP/1.1" 200 65278 "-" "Mozilla/5.0 (compatible; bingbot/2.0; +http://www.bing.com/bingbot.htm)" "mantech8.com"
185.191.171.16 - - [03/Dec/2022:11:10:59 -0800] "GET /?camp-fire%2F61704566.html HTTP/1.1" 500 - "-" "Mozilla/5.0 (compatible; SemrushBot/7~bl; +http://www.semrush.com/bot.html)" "mantech8.com"
185.191.171.25 - - [03/Dec/2022:11:11:01 -0800] "GET /index.php?camp-fire%2F4524100.html HTTP/1.1" 500 - "-" "Mozilla/5.0 (compatible; SemrushBot/7~bl; +http://www.semrush.com/bot.html)" "mantech8.com"
185.191.171.44 - - [03/Dec/2022:11:11:38 -0800] "GET /?camp-fire%2F17303790.html HTTP/1.1" 500 - "-" "Mozilla/5.0 (compatible; SemrushBot/7~bl; +http://www.semrush.com/bot.html)" "mantech8.com"
185.191.171.35 - - [03/Dec/2022:11:11:53 -0800] "GET /index.php/camp-fire/16549883.html HTTP/1.1" 500 - "-" "Mozilla/5.0 (compatible; SemrushBot/7~bl; +http://www.semrush.com/bot.html)" "mantech8.com"
40.77.167.26 - - [03/Dec/2022:11:11:55 -0800] "GET /index.php/wtzk-bd599bdba-nlspa.ii HTTP/1.1" 200 71786 "-" "Mozilla/5.0 (compatible; bingbot/2.0; +http://www.bing.com/bingbot.htm)" "mantech8.com"
40.77.167.67 - - [03/Dec/2022:11:12:35 -0800] "GET /index.php/znf9-bb67fcbba-qzsj6.ii HTTP/1.1" 200 59899 "-" "Mozilla/5.0 AppleWebKit/537.36 (KHTML, like Gecko; compatible; bingbot/2.0; +http://www.bing.com/bingbot.htm) Chrome/103.0.5060.134 Safari/537.36" "mantech8.com"
185.191.171.8 - - [03/Dec/2022:11:13:05 -0800] "GET /?camp-fire%2F73671626.html HTTP/1.1" 500 - "-" "Mozilla/5.0 (compatible; SemrushBot/7~bl; +http://www.semrush.com/bot.html)" "mantech8.com"
40.77.167.26 - - [03/Dec/2022:11:13:06 -0800] "GET /index.php/sa5z-e520cfdcfd-h48dc.ii HTTP/1.1" 200 61385 "-" "Mozilla/5.0 (compatible; bingbot/2.0; +http://www.bing.com/bingbot.htm)" "mantech8.com"
157.55.39.138 - - [03/Dec/2022:11:13:11 -0800] "GET /index.php/mcko-e6c29cdca-vtyud.ii HTTP/1.1" 200 74345 "-" "Mozilla/5.0 (compatible; bingbot/2.0; +http://www.bing.com/bingbot.htm)" "mantech8.com"
185.191.171.5 - - [03/Dec/2022:11:13:13 -0800] "GET /index.php?camp-fire%2F18017881.html HTTP/1.1" 500 - "-" "Mozilla/5.0 (compatible; SemrushBot/7~bl; +http://www.semrush.com/bot.html)" "mantech8.com"
185.191.171.39 - - [03/Dec/2022:11:14:09 -0800] "GET /?camp-fire%2F57475009.html HTTP/1.1" 500 - "-" "Mozilla/5.0 (compatible; SemrushBot/7~bl; +http://www.semrush.com/bot.html)" "mantech8.com"
185.191.171.43 - - [03/Dec/2022:11:14:11 -0800] "GET /?camp-fire%2F66547608.html HTTP/1.1" 500 - "-" "Mozilla/5.0 (compatible; SemrushBot/7~bl; +http://www.semrush.com/bot.html)" "mantech8.com"
185.191.171.7 - - [03/Dec/2022:11:14:17 -0800] "GET /index.php/camp-fire/15282584.html HTTP/1.1" 500 - "-" "Mozilla/5.0 (compatible; SemrushBot/7~bl; +http://www.semrush.com/bot.html)" "mantech8.com"
114.119.132.242 - - [03/Dec/2022:11:14:37 -0800] "GET /index.php?benfica.xml HTTP/1.1" 200 289293 "-" "Mozilla/5.0 (compatible;PetalBot;+https://webmaster.petalsearch.com/site/petalbot)" "mantech8.com"
185.191.171.11 - - [03/Dec/2022:11:14:38 -0800] "GET /?camp-fire%2F11904576.html HTTP/1.1" 500 - "-" "Mozilla/5.0 (compatible; SemrushBot/7~bl; +http://www.semrush.com/bot.html)" "mantech8.com"
185.191.171.2 - - [03/Dec/2022:11:14:42 -0800] "GET /?camp-fire%2F53997659.html HTTP/1.1" 500 - "-" "Mozilla/5.0 (compatible; SemrushBot/7~bl; +http://www.semrush.com/bot.html)" "mantech8.com"
157.55.39.123 - - [03/Dec/2022:11:15:05 -0800] "GET /index.php/s0kv-96ad-osrap.ii HTTP/1.1" 200 66390 "-" "Mozilla/5.0 AppleWebKit/537.36 (KHTML, like Gecko; compatible; bingbot/2.0; +http://www.bing.com/bingbot.htm) Chrome/103.0.5060.134 Safari/537.36" "mantech8.com"
185.191.171.40 - - [03/Dec/2022:11:15:36 -0800] "GET /?camp-fire%2F26102782.html HTTP/1.1" 500 - "-" "Mozilla/5.0 (compatible; SemrushBot/7~bl; +http://www.semrush.com/bot.html)" "mantech8.com"
185.191.171.12 - - [03/Dec/2022:11:16:06 -0800] "GET /index.php/camp-fire/12977342.html HTTP/1.1" 500 - "-" "Mozilla/5.0 (compatible; SemrushBot/7~bl; +http://www.semrush.com/bot.html)" "mantech8.com"
185.191.171.42 - - [03/Dec/2022:11:16:34 -0800] "GET /?camp-fire%2F67974702.html HTTP/1.1" 500 - "-" "Mozilla/5.0 (compatible; SemrushBot/7~bl; +http://www.semrush.com/bot.html)" "mantech8.com"
185.191.171.11 - - [03/Dec/2022:11:17:12 -0800] "GET /?camp-fire%2F88118165.html HTTP/1.1" 500 - "-" "Mozilla/5.0 (compatible; SemrushBot/7~bl; +http://www.semrush.com/bot.html)" "mantech8.com"
185.191.171.2 - - [03/Dec/2022:11:17:17 -0800] "GET /index.php?camp-fire%2F6379277.html HTTP/1.1" 500 - "-" "Mozilla/5.0 (compatible; SemrushBot/7~bl; +http://www.semrush.com/bot.html)" "mantech8.com"
40.77.167.67 - - [03/Dec/2022:11:17:35 -0800] "GET /index.php/e47bfcfc HTTP/1.1" 200 71246 "-" "Mozilla/5.0 AppleWebKit/537.36 (KHTML, like Gecko; compatible; bingbot/2.0; +http://www.bing.com/bingbot.htm) Chrome/103.0.5060.134 Safari/537.36" "mantech8.com"
40.77.167.67 - - [03/Dec/2022:11:17:36 -0800] "GET /index.php/naq6-f3adfaadd-inkmr.ii HTTP/1.1" 200 74934 "-" "Mozilla/5.0 (compatible; bingbot/2.0; +http://www.bing.com/bingbot.htm)" "mantech8.com"
207.46.13.125 - - [03/Dec/2022:11:17:46 -0800] "GET /index.php/egy1-139adffecd-vdqiv.ii HTTP/1.1" 200 66750 "-" "Mozilla/5.0 AppleWebKit/537.36 (KHTML, like Gecko; compatible; bingbot/2.0; +http://www.bing.com/bingbot.htm) Chrome/103.0.5060.134 Safari/537.36" "mantech8.com"
207.46.13.125 - - [03/Dec/2022:11:17:47 -0800] "GET /index.php/13cfcc HTTP/1.1" 200 62748 "-" "Mozilla/5.0 AppleWebKit/537.36 (KHTML, like Gecko; compatible; bingbot/2.0; +http://www.bing.com/bingbot.htm) Chrome/103.0.5060.134 Safari/537.36" "mantech8.com"
185.191.171.24 - - [03/Dec/2022:11:18:25 -0800] "GET /?camp-fire%2F42256734.html HTTP/1.1" 500 - "-" "Mozilla/5.0 (compatible; SemrushBot/7~bl; +http://www.semrush.com/bot.html)" "mantech8.com"
185.191.171.9 - - [03/Dec/2022:11:19:00 -0800] "GET /?camp-fire%2F43408272.html HTTP/1.1" 500 - "-" "Mozilla/5.0 (compatible; SemrushBot/7~bl; +http://www.semrush.com/bot.html)" "mantech8.com"
185.191.171.41 - - [03/Dec/2022:11:19:34 -0800] "GET /index.php/camp-fire/21332276.html HTTP/1.1" 500 - "-" "Mozilla/5.0 (compatible; SemrushBot/7~bl; +http://www.semrush.com/bot.html)" "mantech8.com"
185.191.171.2 - - [03/Dec/2022:11:19:45 -0800] "GET /index.php?camp-fire%2F15526346.html HTTP/1.1" 500 - "-" "Mozilla/5.0 (compatible; SemrushBot/7~bl; +http://www.semrush.com/bot.html)" "mantech8.com"
207.46.13.125 - - [03/Dec/2022:11:20:16 -0800] "GET /index.php/yhfg-7d8bffeae-pphxj.ii HTTP/1.1" 200 63559 "-" "Mozilla/5.0 (compatible; bingbot/2.0; +http://www.bing.com/bingbot.htm)" "mantech8.com"
40.77.167.26 - - [03/Dec/2022:11:20:47 -0800] "GET /index.php/6a90afdbdb HTTP/1.1" 200 63853 "-" "Mozilla/5.0 AppleWebKit/537.36 (KHTML, like Gecko; compatible; bingbot/2.0; +http://www.bing.com/bingbot.htm) Chrome/103.0.5060.134 Safari/537.36" "mantech8.com"
40.77.167.67 - - [03/Dec/2022:11:21:04 -0800] "GET /index.php/KJZ2-050dfaadf-hZ7jy.Ii HTTP/1.1" 200 75532 "-" "Mozilla/5.0 AppleWebKit/537.36 (KHTML, like Gecko; compatible; bingbot/2.0; +http://www.bing.com/bingbot.htm) Chrome/103.0.5060.134 Safari/537.36" "mantech8.com"
40.77.167.67 - - [03/Dec/2022:11:21:06 -0800] "GET /index.php/afe05aec HTTP/1.1" 200 69568 "-" "Mozilla/5.0 (compatible; bingbot/2.0; +http://www.bing.com/bingbot.htm)" "mantech8.com"
185.191.171.10 - - [03/Dec/2022:11:21:45 -0800] "GET /?camp-fire%2F39125735.html HTTP/1.1" 500 - "-" "Mozilla/5.0 (compatible; SemrushBot/7~bl; +http://www.semrush.com/bot.html)" "mantech8.com"
157.55.39.138 - - [03/Dec/2022:11:22:26 -0800] "GET /index.php/wf2o-10bf-g5nkx.ii HTTP/1.1" 200 64545 "-" "Mozilla/5.0 AppleWebKit/537.36 (KHTML, like Gecko; compatible; bingbot/2.0; +http://www.bing.com/bingbot.htm) Chrome/103.0.5060.134 Safari/537.36" "mantech8.com"
185.191.171.8 - - [03/Dec/2022:11:22:43 -0800] "GET /index.php?camp-fire%2F1902900.html HTTP/1.1" 500 - "-" "Mozilla/5.0 (compatible; SemrushBot/7~bl; +http://www.semrush.com/bot.html)" "mantech8.com"
157.55.39.123 - - [03/Dec/2022:11:22:44 -0800] "GET /sitemapmobileindex.xml HTTP/1.1" 404 88 "-" "Mozilla/5.0 (compatible; bingbot/2.0; +http://www.bing.com/bingbot.htm)" "mantech8.com"
185.191.171.44 - - [03/Dec/2022:11:22:51 -0800] "GET /index.php?camp-fire%2F1377872.html HTTP/1.1" 500 - "-" "Mozilla/5.0 (compatible; SemrushBot/7~bl; +http://www.semrush.com/bot.html)" "mantech8.com"
40.77.167.26 - - [03/Dec/2022:11:22:57 -0800] "GET /index.php/mhxm-a4f8accac-jg3sk.ii HTTP/1.1" 200 71564 "-" "Mozilla/5.0 (compatible; bingbot/2.0; +http://www.bing.com/bingbot.htm)" "mantech8.com"
185.191.171.40 - - [03/Dec/2022:11:23:36 -0800] "GET /?camp-fire%2F38310172.html HTTP/1.1" 500 - "-" "Mozilla/5.0 (compatible; SemrushBot/7~bl; +http://www.semrush.com/bot.html)" "mantech8.com"
185.191.171.35 - - [03/Dec/2022:11:23:50 -0800] "GET /index.php/camp-fire/41831503.html HTTP/1.1" 500 - "-" "Mozilla/5.0 (compatible; SemrushBot/7~bl; +http://www.semrush.com/bot.html)" "mantech8.com"
185.191.171.6 - - [03/Dec/2022:11:23:57 -0800] "GET /index.php/camp-fire/34194259.html HTTP/1.1" 500 - "-" "Mozilla/5.0 (compatible; SemrushBot/7~bl; +http://www.semrush.com/bot.html)" "mantech8.com"
185.191.171.4 - - [03/Dec/2022:11:25:20 -0800] "GET /?camp-fire%2F53400271.html HTTP/1.1" 500 - "-" "Mozilla/5.0 (compatible; SemrushBot/7~bl; +http://www.semrush.com/bot.html)" "mantech8.com"
185.191.171.16 - - [03/Dec/2022:11:25:24 -0800] "GET /?camp-fire%2F44786789.html HTTP/1.1" 500 - "-" "Mozilla/5.0 (compatible; SemrushBot/7~bl; +http://www.semrush.com/bot.html)" "mantech8.com"
40.77.167.26 - - [03/Dec/2022:11:25:37 -0800] "GET /index.php/11cfefcd HTTP/1.1" 200 70407 "-" "Mozilla/5.0 AppleWebKit/537.36 (KHTML, like Gecko; compatible; bingbot/2.0; +http://www.bing.com/bingbot.htm) Chrome/103.0.5060.134 Safari/537.36" "mantech8.com"
157.55.39.138 - - [03/Dec/2022:11:25:46 -0800] "GET /index.php/nWTf-cabb-3lto6.Ii HTTP/1.1" 200 66881 "-" "Mozilla/5.0 (compatible; bingbot/2.0; +http://www.bing.com/bingbot.htm)" "mantech8.com"
185.191.171.40 - - [03/Dec/2022:11:25:57 -0800] "GET /?camp-fire%2F41022838.html HTTP/1.1" 500 - "-" "Mozilla/5.0 (compatible; SemrushBot/7~bl; +http://www.semrush.com/bot.html)" "mantech8.com"
185.191.171.23 - - [03/Dec/2022:11:26:28 -0800] "GET /?camp-fire%2F54380646.html HTTP/1.1" 500 - "-" "Mozilla/5.0 (compatible; SemrushBot/7~bl; +http://www.semrush.com/bot.html)" "mantech8.com"
185.191.171.43 - - [03/Dec/2022:11:26:30 -0800] "GET /?camp-fire%2F43780978.html HTTP/1.1" 500 - "-" "Mozilla/5.0 (compatible; SemrushBot/7~bl; +http://www.semrush.com/bot.html)" "mantech8.com"
185.191.171.24 - - [03/Dec/2022:11:27:02 -0800] "GET /?camp-fire%2F59314525.html HTTP/1.1" 500 - "-" "Mozilla/5.0 (compatible; SemrushBot/7~bl; +http://www.semrush.com/bot.html)" "mantech8.com"
185.191.171.1 - - [03/Dec/2022:11:27:05 -0800] "GET /?camp-fire%2F56588564.html HTTP/1.1" 500 - "-" "Mozilla/5.0 (compatible; SemrushBot/7~bl; +http://www.semrush.com/bot.html)" "mantech8.com"
40.77.167.26 - - [03/Dec/2022:11:27:16 -0800] "GET /index.php/nWTf-71c67fac-4A2rf.Ii HTTP/1.1" 200 64600 "-" "Mozilla/5.0 (compatible; bingbot/2.0; +http://www.bing.com/bingbot.htm)" "mantech8.com"
185.191.171.15 - - [03/Dec/2022:11:28:18 -0800] "GET /index.php/camp-fire/10599098.html HTTP/1.1" 500 - "-" "Mozilla/5.0 (compatible; SemrushBot/7~bl; +http://www.semrush.com/bot.html)" "mantech8.com"
185.191.171.40 - - [03/Dec/2022:11:28:36 -0800] "GET /?camp-fire%2F50352197.html HTTP/1.1" 500 - "-" "Mozilla/5.0 (compatible; SemrushBot/7~bl; +http://www.semrush.com/bot.html)" "mantech8.com"
185.191.171.13 - - [03/Dec/2022:11:28:55 -0800] "GET /?camp-fire%2F13086976.html HTTP/1.1" 500 - "-" "Mozilla/5.0 (compatible; SemrushBot/7~bl; +http://www.semrush.com/bot.html)" "mantech8.com"
185.191.171.24 - - [03/Dec/2022:11:29:16 -0800] "GET /?camp-fire%2F35528455.html HTTP/1.1" 500 - "-" "Mozilla/5.0 (compatible; SemrushBot/7~bl; +http://www.semrush.com/bot.html)" "mantech8.com"
185.191.171.40 - - [03/Dec/2022:11:29:18 -0800] "GET /index.php?camp-fire%2F1220472.html HTTP/1.1" 500 - "-" "Mozilla/5.0 (compatible; SemrushBot/7~bl; +http://www.semrush.com/bot.html)" "mantech8.com"
185.191.171.21 - - [03/Dec/2022:11:29:28 -0800] "GET /index.php?camp-fire%2F4763765.html HTTP/1.1" 500 - "-" "Mozilla/5.0 (compatible; SemrushBot/7~bl; +http://www.semrush.com/bot.html)" "mantech8.com"
185.191.171.21 - - [03/Dec/2022:11:29:52 -0800] "GET /index.php?camp-fire%2F1732129.html HTTP/1.1" 500 - "-" "Mozilla/5.0 (compatible; SemrushBot/7~bl; +http://www.semrush.com/bot.html)" "mantech8.com"
40.77.167.26 - - [03/Dec/2022:11:30:07 -0800] "GET /index.php/mhxm-df97aeabae-jtdsr.ii HTTP/1.1" 200 61522 "-" "Mozilla/5.0 AppleWebKit/537.36 (KHTML, like Gecko; compatible; bingbot/2.0; +http://www.bing.com/bingbot.htm) Chrome/103.0.5060.134 Safari/537.36" "mantech8.com"
185.191.171.18 - - [03/Dec/2022:11:30:11 -0800] "GET /?camp-fire%2F67189447.html HTTP/1.1" 500 - "-" "Mozilla/5.0 (compatible; SemrushBot/7~bl; +http://www.semrush.com/bot.html)" "mantech8.com"
185.191.171.22 - - [03/Dec/2022:11:31:51 -0800] "GET /index.php/camp-fire/36075526.html HTTP/1.1" 500 - "-" "Mozilla/5.0 (compatible; SemrushBot/7~bl; +http://www.semrush.com/bot.html)" "mantech8.com"
207.46.13.100 - - [03/Dec/2022:11:31:55 -0800] "GET /index.php/vmbp-044cacec-uucll.ii HTTP/1.1" 200 72555 "-" "Mozilla/5.0 AppleWebKit/537.36 (KHTML, like Gecko; compatible; bingbot/2.0; +http://www.bing.com/bingbot.htm) Chrome/103.0.5060.134 Safari/537.36" "mantech8.com"
185.191.171.38 - - [03/Dec/2022:11:32:37 -0800] "GET /?camp-fire%2F45198050.html HTTP/1.1" 500 - "-" "Mozilla/5.0 (compatible; SemrushBot/7~bl; +http://www.semrush.com/bot.html)" "mantech8.com"
185.191.171.16 - - [03/Dec/2022:11:32:39 -0800] "GET /?camp-fire%2F45179116.html HTTP/1.1" 500 - "-" "Mozilla/5.0 (compatible; SemrushBot/7~bl; +http://www.semrush.com/bot.html)" "mantech8.com"
185.191.171.36 - - [03/Dec/2022:11:32:44 -0800] "GET /?camp-fire%2F83272921.html HTTP/1.1" 500 - "-" "Mozilla/5.0 (compatible; SemrushBot/7~bl; +http://www.semrush.com/bot.html)" "mantech8.com"
40.77.167.26 - - [03/Dec/2022:11:32:57 -0800] "GET /index.php/8f1b2caf HTTP/1.1" 200 66331 "-" "Mozilla/5.0 AppleWebKit/537.36 (KHTML, like Gecko; compatible; bingbot/2.0; +http://www.bing.com/bingbot.htm) Chrome/103.0.5060.134 Safari/537.36" "mantech8.com"
207.46.13.125 - - [03/Dec/2022:11:33:27 -0800] "GET /index.php/mhxm-208abbbd-jgbah.ii HTTP/1.1" 200 63484 "-" "Mozilla/5.0 AppleWebKit/537.36 (KHTML, like Gecko; compatible; bingbot/2.0; +http://www.bing.com/bingbot.htm) Chrome/103.0.5060.134 Safari/537.36" "mantech8.com"
185.191.171.18 - - [03/Dec/2022:11:34:06 -0800] "GET /?camp-fire%2F86593450.html HTTP/1.1" 500 - "-" "Mozilla/5.0 (compatible; SemrushBot/7~bl; +http://www.semrush.com/bot.html)" "mantech8.com"
207.46.13.100 - - [03/Dec/2022:11:34:55 -0800] "GET /index.php/nwtf-d6ac-4aivv.ii HTTP/1.1" 200 66394 "-" "Mozilla/5.0 AppleWebKit/537.36 (KHTML, like Gecko; compatible; bingbot/2.0; +http://www.bing.com/bingbot.htm) Chrome/103.0.5060.134 Safari/537.36" "mantech8.com"
207.46.13.100 - - [03/Dec/2022:11:34:56 -0800] "GET /index.php/7d8adcaec HTTP/1.1" 200 65841 "-" "Mozilla/5.0 (compatible; bingbot/2.0; +http://www.bing.com/bingbot.htm)" "mantech8.com"
185.191.171.34 - - [03/Dec/2022:11:35:45 -0800] "GET /?camp-fire%2F14501224.html HTTP/1.1" 500 - "-" "Mozilla/5.0 (compatible; SemrushBot/7~bl; +http://www.semrush.com/bot.html)" "mantech8.com"
157.55.39.138 - - [03/Dec/2022:11:36:07 -0800] "GET /index.php/k937-215cbdedc-74fc5.ii HTTP/1.1" 200 65777 "-" "Mozilla/5.0 AppleWebKit/537.36 (KHTML, like Gecko; compatible; bingbot/2.0; +http://www.bing.com/bingbot.htm) Chrome/103.0.5060.134 Safari/537.36" "mantech8.com"
40.77.167.67 - - [03/Dec/2022:11:36:16 -0800] "GET /index.php/q5w4-af9e2ffcaa-jputk.ii HTTP/1.1" 200 66438 "-" "Mozilla/5.0 AppleWebKit/537.36 (KHTML, like Gecko; compatible; bingbot/2.0; +http://www.bing.com/bingbot.htm) Chrome/103.0.5060.134 Safari/537.36" "mantech8.com"
185.191.171.3 - - [03/Dec/2022:11:36:20 -0800] "GET /index.php/camp-fire/34341608.html HTTP/1.1" 500 - "-" "Mozilla/5.0 (compatible; SemrushBot/7~bl; +http://www.semrush.com/bot.html)" "mantech8.com"
216.244.66.241 - - [03/Dec/2022:11:36:21 -0800] "GET /robots.txt HTTP/1.1" 200 222 "-" "Mozilla/5.0 (compatible; DotBot/1.2; +https://opensiteexplorer.org/dotbot; help@moz.com)" "mantech8.com"
216.244.66.241 - - [03/Dec/2022:11:36:21 -0800] "GET /robots.txt HTTP/1.1" 200 222 "-" "Mozilla/5.0 (compatible; DotBot/1.2; +https://opensiteexplorer.org/dotbot; help@moz.com)" "www.mantech8.com"
185.191.171.21 - - [03/Dec/2022:11:36:22 -0800] "GET /?camp-fire%2F56224777.html HTTP/1.1" 500 - "-" "Mozilla/5.0 (compatible; SemrushBot/7~bl; +http://www.semrush.com/bot.html)" "mantech8.com"
185.191.171.8 - - [03/Dec/2022:11:36:26 -0800] "GET /?camp-fire%2F55591225.html HTTP/1.1" 500 - "-" "Mozilla/5.0 (compatible; SemrushBot/7~bl; +http://www.semrush.com/bot.html)" "mantech8.com"
157.55.39.138 - - [03/Dec/2022:11:36:38 -0800] "GET /index.php/okoc-80bde-luohk.ii HTTP/1.1" 200 72509 "-" "Mozilla/5.0 AppleWebKit/537.36 (KHTML, like Gecko; compatible; bingbot/2.0; +http://www.bing.com/bingbot.htm) Chrome/103.0.5060.134 Safari/537.36" "mantech8.com"
185.191.171.3 - - [03/Dec/2022:11:36:47 -0800] "GET /?camp-fire%2F33635059.html HTTP/1.1" 500 - "-" "Mozilla/5.0 (compatible; SemrushBot/7~bl; +http://www.semrush.com/bot.html)" "mantech8.com"
185.191.171.22 - - [03/Dec/2022:11:37:15 -0800] "GET /index.php?camp-fire%2F6441677.html HTTP/1.1" 500 - "-" "Mozilla/5.0 (compatible; SemrushBot/7~bl; +http://www.semrush.com/bot.html)" "mantech8.com"
185.191.171.24 - - [03/Dec/2022:11:37:47 -0800] "GET /index.php?camp-fire%2F2017829.html HTTP/1.1" 500 - "-" "Mozilla/5.0 (compatible; SemrushBot/7~bl; +http://www.semrush.com/bot.html)" "mantech8.com"
185.191.171.2 - - [03/Dec/2022:11:37:55 -0800] "GET /?camp-fire%2F48572660.html HTTP/1.1" 500 - "-" "Mozilla/5.0 (compatible; SemrushBot/7~bl; +http://www.semrush.com/bot.html)" "mantech8.com"
185.191.171.36 - - [03/Dec/2022:11:38:13 -0800] "GET /?camp-fire%2F53111389.html HTTP/1.1" 500 - "-" "Mozilla/5.0 (compatible; SemrushBot/7~bl; +http://www.semrush.com/bot.html)" "mantech8.com"
185.191.171.14 - - [03/Dec/2022:11:38:43 -0800] "GET /?camp-fire%2F37947178.html HTTP/1.1" 500 - "-" "Mozilla/5.0 (compatible; SemrushBot/7~bl; +http://www.semrush.com/bot.html)" "mantech8.com"
40.77.167.67 - - [03/Dec/2022:11:39:16 -0800] "GET /index.php/egy1-792cdeba-vsvum.ii HTTP/1.1" 200 65244 "-" "Mozilla/5.0 (compatible; bingbot/2.0; +http://www.bing.com/bingbot.htm)" "mantech8.com"
185.191.171.25 - - [03/Dec/2022:11:39:47 -0800] "GET /index.php?camp-fire%2F2005559.html HTTP/1.1" 500 - "-" "Mozilla/5.0 (compatible; SemrushBot/7~bl; +http://www.semrush.com/bot.html)" "mantech8.com"
40.77.167.26 - - [03/Dec/2022:11:40:29 -0800] "GET /index.php/gvdr-35bbbefc-vjy2l.ii HTTP/1.1" 200 62722 "-" "Mozilla/5.0 (compatible; bingbot/2.0; +http://www.bing.com/bingbot.htm)" "mantech8.com"
40.77.167.26 - - [03/Dec/2022:11:40:30 -0800] "GET /index.php/q5w4-11eb-jkyna.ii HTTP/1.1" 200 68790 "-" "Mozilla/5.0 (compatible; bingbot/2.0; +http://www.bing.com/bingbot.htm)" "mantech8.com"
40.77.167.67 - - [03/Dec/2022:11:40:46 -0800] "GET /index.php/mcko-d8efb-vy8rl.ii HTTP/1.1" 200 68912 "-" "Mozilla/5.0 AppleWebKit/537.36 (KHTML, like Gecko; compatible; bingbot/2.0; +http://www.bing.com/bingbot.htm) Chrome/103.0.5060.134 Safari/537.36" "mantech8.com"
185.191.171.16 - - [03/Dec/2022:11:40:55 -0800] "GET /index.php/camp-fire/26395183.html HTTP/1.1" 500 - "-" "Mozilla/5.0 (compatible; SemrushBot/7~bl; +http://www.semrush.com/bot.html)" "mantech8.com"
157.55.39.123 - - [03/Dec/2022:11:41:06 -0800] "GET /index.php?/wp-content/uploads/2022/06/20220425-0525bat.jpg HTTP/1.1" 200 71211 "-" "Mozilla/5.0 AppleWebKit/537.36 (KHTML, like Gecko; compatible; bingbot/2.0; +http://www.bing.com/bingbot.htm) Chrome/103.0.5060.134 Safari/537.36" "www.mantech8.com"
40.77.167.26 - - [03/Dec/2022:11:41:39 -0800] "GET /index.php/pstd-45faa-ix8rc.ii HTTP/1.1" 200 66653 "-" "Mozilla/5.0 AppleWebKit/537.36 (KHTML, like Gecko; compatible; bingbot/2.0; +http://www.bing.com/bingbot.htm) Chrome/103.0.5060.134 Safari/537.36" "mantech8.com"
157.55.39.138 - - [03/Dec/2022:11:41:44 -0800] "GET /index.php/eb5r-3b4b1abb-lcrgl.ii HTTP/1.1" 200 64403 "-" "Mozilla/5.0 (compatible; bingbot/2.0; +http://www.bing.com/bingbot.htm)" "mantech8.com"
185.191.171.40 - - [03/Dec/2022:11:41:48 -0800] "GET /index.php/camp-fire/15538572.html HTTP/1.1" 500 - "-" "Mozilla/5.0 (compatible; SemrushBot/7~bl; +http://www.semrush.com/bot.html)" "mantech8.com"
207.46.13.100 - - [03/Dec/2022:11:41:55 -0800] "GET /index.php/mcko-8408ccdcfe-vbaer.ii HTTP/1.1" 200 65842 "-" "Mozilla/5.0 AppleWebKit/537.36 (KHTML, like Gecko; compatible; bingbot/2.0; +http://www.bing.com/bingbot.htm) Chrome/103.0.5060.134 Safari/537.36" "mantech8.com"
185.191.171.34 - - [03/Dec/2022:11:42:26 -0800] "GET /?camp-fire%2F73346753.html HTTP/1.1" 500 - "-" "Mozilla/5.0 (compatible; SemrushBot/7~bl; +http://www.semrush.com/bot.html)" "mantech8.com"
185.191.171.16 - - [03/Dec/2022:11:42:27 -0800] "GET /?camp-fire%2F36500525.html HTTP/1.1" 500 - "-" "Mozilla/5.0 (compatible; SemrushBot/7~bl; +http://www.semrush.com/bot.html)" "mantech8.com"
185.191.171.25 - - [03/Dec/2022:11:42:50 -0800] "GET /?camp-fire%2F53486071.html HTTP/1.1" 500 - "-" "Mozilla/5.0 (compatible; SemrushBot/7~bl; +http://www.semrush.com/bot.html)" "mantech8.com"
185.191.171.23 - - [03/Dec/2022:11:42:59 -0800] "GET /?camp-fire%2F57119450.html HTTP/1.1" 500 - "-" "Mozilla/5.0 (compatible; SemrushBot/7~bl; +http://www.semrush.com/bot.html)" "mantech8.com"
185.191.171.38 - - [03/Dec/2022:11:43:32 -0800] "GET /?camp-fire%2F30835642.html HTTP/1.1" 500 - "-" "Mozilla/5.0 (compatible; SemrushBot/7~bl; +http://www.semrush.com/bot.html)" "mantech8.com"
114.119.128.67 - - [03/Dec/2022:11:43:35 -0800] "GET /index.php/biters.xml HTTP/1.1" 200 289362 "-" "Mozilla/5.0 (compatible;PetalBot;+https://webmaster.petalsearch.com/site/petalbot)" "mantech8.com"
185.191.171.35 - - [03/Dec/2022:11:43:54 -0800] "GET /?camp-fire%2F57042125.html HTTP/1.1" 500 - "-" "Mozilla/5.0 (compatible; SemrushBot/7~bl; +http://www.semrush.com/bot.html)" "mantech8.com"
207.46.13.125 - - [03/Dec/2022:11:43:56 -0800] "GET /index.php/MKJW-1aee-BHmAx.Ii HTTP/1.1" 200 66543 "-" "Mozilla/5.0 AppleWebKit/537.36 (KHTML, like Gecko; compatible; bingbot/2.0; +http://www.bing.com/bingbot.htm) Chrome/103.0.5060.134 Safari/537.36" "mantech8.com"
185.191.171.10 - - [03/Dec/2022:11:44:44 -0800] "GET /index.php?camp-fire%2F3289298.html HTTP/1.1" 500 - "-" "Mozilla/5.0 (compatible; SemrushBot/7~bl; +http://www.semrush.com/bot.html)" "mantech8.com"
40.77.167.67 - - [03/Dec/2022:11:45:06 -0800] "GET /index.php/Mcko-5e830dece-Vg95d.Ii HTTP/1.1" 200 69632 "-" "Mozilla/5.0 (compatible; bingbot/2.0; +http://www.bing.com/bingbot.htm)" "mantech8.com"
157.55.39.123 - - [03/Dec/2022:11:45:17 -0800] "GET /index.php/1zVE-8e3fdcad-JTlLB.Ii HTTP/1.1" 200 68494 "-" "Mozilla/5.0 AppleWebKit/537.36 (KHTML, like Gecko; compatible; bingbot/2.0; +http://www.bing.com/bingbot.htm) Chrome/103.0.5060.134 Safari/537.36" "mantech8.com"
77.75.77.119 - - [03/Dec/2022:11:45:18 -0800] "GET /robots.txt HTTP/1.1" 200 106 "-" "Mozilla/5.0 (compatible; SeznamBot/4.0-RC1; +http://napoveda.seznam.cz/seznambot-intro/)" "www.mantech8.com"
77.75.79.31 - - [03/Dec/2022:11:45:18 -0800] "GET /bimages/scafg/ HTTP/1.1" 200 555 "-" "Mozilla/5.0 (compatible; SeznamBot/4.0-RC1; +http://napoveda.seznam.cz/seznambot-intro/)" "www.mantech8.com"
114.119.156.23 - - [03/Dec/2022:11:45:19 -0800] "GET /housewifelinesses.xml HTTP/1.1" 404 88 "-" "Mozilla/5.0 (compatible;PetalBot;+https://webmaster.petalsearch.com/site/petalbot)" "mantech8.com"
185.191.171.14 - - [03/Dec/2022:11:45:30 -0800] "GET /?camp-fire%2F32614860.html HTTP/1.1" 500 - "-" "Mozilla/5.0 (compatible; SemrushBot/7~bl; +http://www.semrush.com/bot.html)" "mantech8.com"
40.77.167.26 - - [03/Dec/2022:11:45:59 -0800] "GET /index.php/wtzk-bd599bdba-nlspa.ii HTTP/1.1" 200 71543 "-" "Mozilla/5.0 AppleWebKit/537.36 (KHTML, like Gecko; compatible; bingbot/2.0; +http://www.bing.com/bingbot.htm) Chrome/103.0.5060.134 Safari/537.36" "mantech8.com"
185.191.171.2 - - [03/Dec/2022:11:46:14 -0800] "GET /index.php/camp-fire/39281703.html HTTP/1.1" 500 - "-" "Mozilla/5.0 (compatible; SemrushBot/7~bl; +http://www.semrush.com/bot.html)" "mantech8.com"
185.191.171.26 - - [03/Dec/2022:11:46:16 -0800] "GET /?camp-fire%2F78936193.html HTTP/1.1" 500 - "-" "Mozilla/5.0 (compatible; SemrushBot/7~bl; +http://www.semrush.com/bot.html)" "mantech8.com"
40.77.167.26 - - [03/Dec/2022:11:46:39 -0800] "GET /index.php/sa5z-e520cfdcfd-h48dc.ii HTTP/1.1" 200 61423 "-" "Mozilla/5.0 (compatible; bingbot/2.0; +http://www.bing.com/bingbot.htm)" "mantech8.com"
185.191.171.26 - - [03/Dec/2022:11:46:54 -0800] "GET /?camp-fire%2F94069282.html HTTP/1.1" 500 - "-" "Mozilla/5.0 (compatible; SemrushBot/7~bl; +http://www.semrush.com/bot.html)" "mantech8.com"
185.191.171.16 - - [03/Dec/2022:11:47:00 -0800] "GET /?camp-fire%2F54940130.html HTTP/1.1" 500 - "-" "Mozilla/5.0 (compatible; SemrushBot/7~bl; +http://www.semrush.com/bot.html)" "mantech8.com"
40.77.167.67 - - [03/Dec/2022:11:47:07 -0800] "GET /index.php/egy1-0345cffdda-ve77x.ii HTTP/1.1" 200 67075 "-" "Mozilla/5.0 AppleWebKit/537.36 (KHTML, like Gecko; compatible; bingbot/2.0; +http://www.bing.com/bingbot.htm) Chrome/103.0.5060.134 Safari/537.36" "mantech8.com"
40.77.167.67 - - [03/Dec/2022:11:47:08 -0800] "GET /index.php/znf9-bb67fcbba-qzsj6.ii HTTP/1.1" 200 60714 "-" "Mozilla/5.0 AppleWebKit/537.36 (KHTML, like Gecko; compatible; bingbot/2.0; +http://www.bing.com/bingbot.htm) Chrome/103.0.5060.134 Safari/537.36" "mantech8.com"
185.191.171.16 - - [03/Dec/2022:11:47:23 -0800] "GET /?camp-fire%2F53097592.html HTTP/1.1" 500 - "-" "Mozilla/5.0 (compatible; SemrushBot/7~bl; +http://www.semrush.com/bot.html)" "mantech8.com"
185.191.171.9 - - [03/Dec/2022:11:47:49 -0800] "GET /index.php?camp-fire%2F2018951.html HTTP/1.1" 500 - "-" "Mozilla/5.0 (compatible; SemrushBot/7~bl; +http://www.semrush.com/bot.html)" "mantech8.com"
185.191.171.45 - - [03/Dec/2022:11:48:28 -0800] "GET /index.php?camp-fire%2F1372990.html HTTP/1.1" 500 - "-" "Mozilla/5.0 (compatible; SemrushBot/7~bl; +http://www.semrush.com/bot.html)" "mantech8.com"
207.46.13.125 - - [03/Dec/2022:11:48:37 -0800] "GET /index.php/wf2o-b0b50ccdc-g69py.ii HTTP/1.1" 200 65566 "-" "Mozilla/5.0 (compatible; bingbot/2.0; +http://www.bing.com/bingbot.htm)" "mantech8.com"
207.46.13.100 - - [03/Dec/2022:11:48:42 -0800] "GET /index.php/mcko-08e7dcffbc-vt2oi.ii HTTP/1.1" 200 66188 "-" "Mozilla/5.0 AppleWebKit/537.36 (KHTML, like Gecko; compatible; bingbot/2.0; +http://www.bing.com/bingbot.htm) Chrome/103.0.5060.134 Safari/537.36" "mantech8.com"
157.55.39.123 - - [03/Dec/2022:11:49:09 -0800] "GET /index.php/s0kv-96ad-osrap.ii HTTP/1.1" 200 65941 "-" "Mozilla/5.0 AppleWebKit/537.36 (KHTML, like Gecko; compatible; bingbot/2.0; +http://www.bing.com/bingbot.htm) Chrome/103.0.5060.134 Safari/537.36" "mantech8.com"
185.191.171.8 - - [03/Dec/2022:11:49:58 -0800] "GET /index.php/camp-fire/32414360.html HTTP/1.1" 500 - "-" "Mozilla/5.0 (compatible; SemrushBot/7~bl; +http://www.semrush.com/bot.html)" "mantech8.com"
185.191.171.10 - - [03/Dec/2022:11:49:59 -0800] "GET /?camp-fire%2F60396359.html HTTP/1.1" 500 - "-" "Mozilla/5.0 (compatible; SemrushBot/7~bl; +http://www.semrush.com/bot.html)" "mantech8.com"
185.191.171.15 - - [03/Dec/2022:11:50:18 -0800] "GET /?camp-fire%2F90429498.html HTTP/1.1" 500 - "-" "Mozilla/5.0 (compatible; SemrushBot/7~bl; +http://www.semrush.com/bot.html)" "mantech8.com"
157.55.39.123 - - [03/Dec/2022:11:50:19 -0800] "GET /index.php/mcko-c5f87ddc-vbnsu.ii HTTP/1.1" 200 67731 "-" "Mozilla/5.0 (compatible; bingbot/2.0; +http://www.bing.com/bingbot.htm)" "mantech8.com"
185.191.171.6 - - [03/Dec/2022:11:50:24 -0800] "GET /?camp-fire%2F58547481.html HTTP/1.1" 500 - "-" "Mozilla/5.0 (compatible; SemrushBot/7~bl; +http://www.semrush.com/bot.html)" "mantech8.com"
185.191.171.18 - - [03/Dec/2022:11:50:48 -0800] "GET /?camp-fire%2F19313281.html HTTP/1.1" 500 - "-" "Mozilla/5.0 (compatible; SemrushBot/7~bl; +http://www.semrush.com/bot.html)" "mantech8.com"
185.191.171.11 - - [03/Dec/2022:11:51:04 -0800] "GET /?camp-fire%2F43271203.html HTTP/1.1" 500 - "-" "Mozilla/5.0 (compatible; SemrushBot/7~bl; +http://www.semrush.com/bot.html)" "mantech8.com"
185.191.171.25 - - [03/Dec/2022:11:51:20 -0800] "GET /index.php?camp-fire%2F1443253.html HTTP/1.1" 500 - "-" "Mozilla/5.0 (compatible; SemrushBot/7~bl; +http://www.semrush.com/bot.html)" "mantech8.com"
185.191.171.37 - - [03/Dec/2022:11:52:08 -0800] "GET /?camp-fire%2F43589250.html HTTP/1.1" 500 - "-" "Mozilla/5.0 (compatible; SemrushBot/7~bl; +http://www.semrush.com/bot.html)" "mantech8.com"
185.191.171.16 - - [03/Dec/2022:11:52:35 -0800] "GET /index.php?camp-fire%2F16404365.html HTTP/1.1" 500 - "-" "Mozilla/5.0 (compatible; SemrushBot/7~bl; +http://www.semrush.com/bot.html)" "mantech8.com"
185.191.171.18 - - [03/Dec/2022:11:52:34 -0800] "GET /robots.txt HTTP/1.1" 200 106 "-" "Mozilla/5.0 (compatible; SemrushBot/7~bl; +http://www.semrush.com/bot.html)" "mantech8.com"
207.46.13.125 - - [03/Dec/2022:11:52:59 -0800] "GET /index.php/13cfcc HTTP/1.1" 200 63042 "-" "Mozilla/5.0 (compatible; bingbot/2.0; +http://www.bing.com/bingbot.htm)" "mantech8.com"
185.191.171.15 - - [03/Dec/2022:11:53:59 -0800] "GET /?camp-fire%2F61549878.html HTTP/1.1" 500 - "-" "Mozilla/5.0 (compatible; SemrushBot/7~bl; +http://www.semrush.com/bot.html)" "mantech8.com"
40.77.167.26 - - [03/Dec/2022:11:53:59 -0800] "GET /index.php/b1ecaddfd HTTP/1.1" 200 80042 "-" "Mozilla/5.0 AppleWebKit/537.36 (KHTML, like Gecko; compatible; bingbot/2.0; +http://www.bing.com/bingbot.htm) Chrome/103.0.5060.134 Safari/537.36" "mantech8.com"
185.191.171.34 - - [03/Dec/2022:11:54:18 -0800] "GET /?camp-fire%2F92991749.html HTTP/1.1" 500 - "-" "Mozilla/5.0 (compatible; SemrushBot/7~bl; +http://www.semrush.com/bot.html)" "mantech8.com"
207.46.13.125 - - [03/Dec/2022:11:54:39 -0800] "GET /index.php/nwtf-d4b1faeb-4akos.ii HTTP/1.1" 200 68298 "-" "Mozilla/5.0 AppleWebKit/537.36 (KHTML, like Gecko; compatible; bingbot/2.0; +http://www.bing.com/bingbot.htm) Chrome/103.0.5060.134 Safari/537.36" "mantech8.com"
185.191.171.10 - - [03/Dec/2022:11:56:20 -0800] "GET /?camp-fire%2F63280278.html HTTP/1.1" 500 - "-" "Mozilla/5.0 (compatible; SemrushBot/7~bl; +http://www.semrush.com/bot.html)" "mantech8.com"
185.191.171.23 - - [03/Dec/2022:11:56:28 -0800] "GET /?camp-fire%2F53399471.html HTTP/1.1" 500 - "-" "Mozilla/5.0 (compatible; SemrushBot/7~bl; +http://www.semrush.com/bot.html)" "mantech8.com"
157.55.39.123 - - [03/Dec/2022:11:56:39 -0800] "GET /index.php/nwtf-aa46ecfe-4qu1l.ii HTTP/1.1" 200 63255 "-" "Mozilla/5.0 (compatible; bingbot/2.0; +http://www.bing.com/bingbot.htm)" "mantech8.com"
185.191.171.17 - - [03/Dec/2022:11:56:39 -0800] "GET /index.php/camp-fire/5373598.html HTTP/1.1" 500 - "-" "Mozilla/5.0 (compatible; SemrushBot/7~bl; +http://www.semrush.com/bot.html)" "mantech8.com"
157.55.39.138 - - [03/Dec/2022:11:56:43 -0800] "GET /index.php/wf2o-10bf-g5nkx.ii HTTP/1.1" 200 64487 "-" "Mozilla/5.0 (compatible; bingbot/2.0; +http://www.bing.com/bingbot.htm)" "mantech8.com"
185.191.171.24 - - [03/Dec/2022:11:56:49 -0800] "GET /index.php?camp-fire%2F2448500.html HTTP/1.1" 500 - "-" "Mozilla/5.0 (compatible; SemrushBot/7~bl; +http://www.semrush.com/bot.html)" "mantech8.com"
185.191.171.44 - - [03/Dec/2022:11:57:18 -0800] "GET /?camp-fire%2F54828434.html HTTP/1.1" 500 - "-" "Mozilla/5.0 (compatible; SemrushBot/7~bl; +http://www.semrush.com/bot.html)" "mantech8.com"
185.191.171.41 - - [03/Dec/2022:11:57:26 -0800] "GET /index.php?camp-fire%2F9331178.html HTTP/1.1" 500 - "-" "Mozilla/5.0 (compatible; SemrushBot/7~bl; +http://www.semrush.com/bot.html)" "mantech8.com"
66.249.70.178 - - [03/Dec/2022:11:57:46 -0800] "GET /sitemapmobile16416.xml HTTP/1.1" 404 88 "-" "Mozilla/5.0 (compatible; Googlebot/2.1; +http://www.google.com/bot.html)" "mantech8.com"
185.191.171.15 - - [03/Dec/2022:11:57:55 -0800] "GET /index.php?camp-fire%2F3262898.html HTTP/1.1" 500 - "-" "Mozilla/5.0 (compatible; SemrushBot/7~bl; +http://www.semrush.com/bot.html)" "mantech8.com"
185.191.171.9 - - [03/Dec/2022:11:57:58 -0800] "GET /?camp-fire%2F32787251.html HTTP/1.1" 500 - "-" "Mozilla/5.0 (compatible; SemrushBot/7~bl; +http://www.semrush.com/bot.html)" "mantech8.com"
185.191.171.11 - - [03/Dec/2022:11:58:55 -0800] "GET /?camp-fire%2F36951235.html HTTP/1.1" 500 - "-" "Mozilla/5.0 (compatible; SemrushBot/7~bl; +http://www.semrush.com/bot.html)" "mantech8.com"
185.191.171.4 - - [03/Dec/2022:11:59:39 -0800] "GET /?camp-fire%2F80094847.html HTTP/1.1" 500 - "-" "Mozilla/5.0 (compatible; SemrushBot/7~bl; +http://www.semrush.com/bot.html)" "mantech8.com"
185.191.171.13 - - [03/Dec/2022:12:00:33 -0800] "GET /?camp-fire%2F85600689.html HTTP/1.1" 500 - "-" "Mozilla/5.0 (compatible; SemrushBot/7~bl; +http://www.semrush.com/bot.html)" "mantech8.com"
157.55.39.138 - - [03/Dec/2022:12:01:41 -0800] "GET /index.php/bc4fdcfdce HTTP/1.1" 200 71367 "-" "Mozilla/5.0 AppleWebKit/537.36 (KHTML, like Gecko; compatible; bingbot/2.0; +http://www.bing.com/bingbot.htm) Chrome/103.0.5060.134 Safari/537.36" "mantech8.com"
185.191.171.24 - - [03/Dec/2022:12:02:16 -0800] "GET /index.php/camp-fire/44949676.html HTTP/1.1" 500 - "-" "Mozilla/5.0 (compatible; SemrushBot/7~bl; +http://www.semrush.com/bot.html)" "mantech8.com"
185.191.171.42 - - [03/Dec/2022:12:03:02 -0800] "GET /?camp-fire%2F76731455.html HTTP/1.1" 500 - "-" "Mozilla/5.0 (compatible; SemrushBot/7~bl; +http://www.semrush.com/bot.html)" "mantech8.com"
40.77.167.26 - - [03/Dec/2022:12:03:20 -0800] "GET /index.php/cb7aeccc HTTP/1.1" 200 68465 "-" "Mozilla/5.0 AppleWebKit/537.36 (KHTML, like Gecko; compatible; bingbot/2.0; +http://www.bing.com/bingbot.htm) Chrome/103.0.5060.134 Safari/537.36" "mantech8.com"
185.191.171.36 - - [03/Dec/2022:12:03:37 -0800] "GET /?camp-fire%2F12049076.html HTTP/1.1" 500 - "-" "Mozilla/5.0 (compatible; SemrushBot/7~bl; +http://www.semrush.com/bot.html)" "mantech8.com"
185.191.171.12 - - [03/Dec/2022:12:03:40 -0800] "GET /?camp-fire%2F58649166.html HTTP/1.1" 500 - "-" "Mozilla/5.0 (compatible; SemrushBot/7~bl; +http://www.semrush.com/bot.html)" "mantech8.com"
185.191.171.6 - - [03/Dec/2022:12:03:42 -0800] "GET /?camp-fire%2F43107949.html HTTP/1.1" 500 - "-" "Mozilla/5.0 (compatible; SemrushBot/7~bl; +http://www.semrush.com/bot.html)" "mantech8.com"
185.191.171.5 - - [03/Dec/2022:12:04:30 -0800] "GET /?camp-fire%2F80591206.html HTTP/1.1" 500 - "-" "Mozilla/5.0 (compatible; SemrushBot/7~bl; +http://www.semrush.com/bot.html)" "mantech8.com"
185.191.171.3 - - [03/Dec/2022:12:04:57 -0800] "GET /index.php/camp-fire/8296578.html HTTP/1.1" 500 - "-" "Mozilla/5.0 (compatible; SemrushBot/7~bl; +http://www.semrush.com/bot.html)" "mantech8.com"
185.191.171.39 - - [03/Dec/2022:12:05:25 -0800] "GET /?camp-fire%2F71028083.html HTTP/1.1" 500 - "-" "Mozilla/5.0 (compatible; SemrushBot/7~bl; +http://www.semrush.com/bot.html)" "mantech8.com"
185.191.171.23 - - [03/Dec/2022:12:05:28 -0800] "GET /?camp-fire%2F83398383.html HTTP/1.1" 500 - "-" "Mozilla/5.0 (compatible; SemrushBot/7~bl; +http://www.semrush.com/bot.html)" "mantech8.com"
207.46.13.125 - - [03/Dec/2022:12:05:50 -0800] "GET /index.php/mhxm-208abbbd-jgbah.ii HTTP/1.1" 200 64119 "-" "Mozilla/5.0 AppleWebKit/537.36 (KHTML, like Gecko; compatible; bingbot/2.0; +http://www.bing.com/bingbot.htm) Chrome/103.0.5060.134 Safari/537.36" "mantech8.com"
185.191.171.33 - - [03/Dec/2022:12:05:58 -0800] "GET /index.php?camp-fire%2F562369.html HTTP/1.1" 500 - "-" "Mozilla/5.0 (compatible; SemrushBot/7~bl; +http://www.semrush.com/bot.html)" "mantech8.com"
114.119.141.40 - - [03/Dec/2022:12:06:06 -0800] "GET /index.php?camp-fire/26844747.html HTTP/1.1" 500 - "-" "Mozilla/5.0 (Linux; Android 7.0;) AppleWebKit/537.36 (KHTML, like Gecko) Mobile Safari/537.36 (compatible; PetalBot;+https://webmaster.petalsearch.com/site/petalbot)" "www.mantech8.com"
40.77.167.67 - - [03/Dec/2022:12:06:09 -0800] "GET /index.php/nwtf-b1bbedac-3p9ct.ii HTTP/1.1" 200 68179 "-" "Mozilla/5.0 (compatible; bingbot/2.0; +http://www.bing.com/bingbot.htm)" "mantech8.com"
185.191.171.7 - - [03/Dec/2022:12:06:10 -0800] "GET /index.php?camp-fire%2F4963474.html HTTP/1.1" 500 - "-" "Mozilla/5.0 (compatible; SemrushBot/7~bl; +http://www.semrush.com/bot.html)" "mantech8.com"
40.77.167.26 - - [03/Dec/2022:12:06:21 -0800] "GET /index.php/8f1b2caf HTTP/1.1" 200 65940 "-" "Mozilla/5.0 AppleWebKit/537.36 (KHTML, like Gecko; compatible; bingbot/2.0; +http://www.bing.com/bingbot.htm) Chrome/103.0.5060.134 Safari/537.36" "mantech8.com"
185.191.171.21 - - [03/Dec/2022:12:07:35 -0800] "GET /?camp-fire%2F45156271.html HTTP/1.1" 500 - "-" "Mozilla/5.0 (compatible; SemrushBot/7~bl; +http://www.semrush.com/bot.html)" "mantech8.com"
185.191.171.22 - - [03/Dec/2022:12:07:53 -0800] "GET /index.php/camp-fire/24673150.html HTTP/1.1" 500 - "-" "Mozilla/5.0 (compatible; SemrushBot/7~bl; +http://www.semrush.com/bot.html)" "mantech8.com"
185.191.171.6 - - [03/Dec/2022:12:08:13 -0800] "GET /?camp-fire%2F65374368.html HTTP/1.1" 500 - "-" "Mozilla/5.0 (compatible; SemrushBot/7~bl; +http://www.semrush.com/bot.html)" "mantech8.com"
207.46.13.100 - - [03/Dec/2022:12:09:19 -0800] "GET /index.php/nwtf-d6ac-4aivv.ii HTTP/1.1" 200 66236 "-" "Mozilla/5.0 (compatible; bingbot/2.0; +http://www.bing.com/bingbot.htm)" "mantech8.com"
185.191.171.45 - - [03/Dec/2022:12:09:42 -0800] "GET /?camp-fire%2F16500485.html HTTP/1.1" 500 - "-" "Mozilla/5.0 (compatible; SemrushBot/7~bl; +http://www.semrush.com/bot.html)" "mantech8.com"
40.77.167.67 - - [03/Dec/2022:12:09:49 -0800] "GET /index.php/q5w4-af9e2ffcaa-jputk.ii HTTP/1.1" 200 66158 "-" "Mozilla/5.0 AppleWebKit/537.36 (KHTML, like Gecko; compatible; bingbot/2.0; +http://www.bing.com/bingbot.htm) Chrome/103.0.5060.134 Safari/537.36" "mantech8.com"
185.191.171.14 - - [03/Dec/2022:12:10:17 -0800] "GET /?camp-fire%2F42961534.html HTTP/1.1" 500 - "-" "Mozilla/5.0 (compatible; SemrushBot/7~bl; +http://www.semrush.com/bot.html)" "mantech8.com"
185.191.171.6 - - [03/Dec/2022:12:10:23 -0800] "GET /?camp-fire%2F42047549.html HTTP/1.1" 500 - "-" "Mozilla/5.0 (compatible; SemrushBot/7~bl; +http://www.semrush.com/bot.html)" "mantech8.com"
157.55.39.138 - - [03/Dec/2022:12:10:40 -0800] "GET /index.php/okoc-80bde-luohk.ii HTTP/1.1" 200 72731 "-" "Mozilla/5.0 AppleWebKit/537.36 (KHTML, like Gecko; compatible; bingbot/2.0; +http://www.bing.com/bingbot.htm) Chrome/103.0.5060.134 Safari/537.36" "mantech8.com"
185.191.171.16 - - [03/Dec/2022:12:10:53 -0800] "GET /?camp-fire%2F61302064.html HTTP/1.1" 500 - "-" "Mozilla/5.0 (compatible; SemrushBot/7~bl; +http://www.semrush.com/bot.html)" "mantech8.com"
185.191.171.1 - - [03/Dec/2022:12:10:55 -0800] "GET /?camp-fire%2F56459947.html HTTP/1.1" 500 - "-" "Mozilla/5.0 (compatible; SemrushBot/7~bl; +http://www.semrush.com/bot.html)" "mantech8.com"
185.191.171.15 - - [03/Dec/2022:12:11:07 -0800] "GET /index.php/camp-fire/35208887.html HTTP/1.1" 500 - "-" "Mozilla/5.0 (compatible; SemrushBot/7~bl; +http://www.semrush.com/bot.html)" "mantech8.com"
185.191.171.44 - - [03/Dec/2022:12:11:25 -0800] "GET /index.php?camp-fire%2F5081859.html HTTP/1.1" 500 - "-" "Mozilla/5.0 (compatible; SemrushBot/7~bl; +http://www.semrush.com/bot.html)" "mantech8.com"
40.77.167.67 - - [03/Dec/2022:12:12:40 -0800] "GET /index.php/egy1-792cdeba-vsvum.ii HTTP/1.1" 200 65361 "-" "Mozilla/5.0 AppleWebKit/537.36 (KHTML, like Gecko; compatible; bingbot/2.0; +http://www.bing.com/bingbot.htm) Chrome/103.0.5060.134 Safari/537.36" "mantech8.com"
157.55.39.138 - - [03/Dec/2022:12:12:44 -0800] "GET /index.php/s0kv-bacceb-oeizw.ii HTTP/1.1" 200 61728 "-" "Mozilla/5.0 AppleWebKit/537.36 (KHTML, like Gecko; compatible; bingbot/2.0; +http://www.bing.com/bingbot.htm) Chrome/103.0.5060.134 Safari/537.36" "mantech8.com"
185.191.171.38 - - [03/Dec/2022:12:13:01 -0800] "GET /index.php?camp-fire%2F2239329.html HTTP/1.1" 500 - "-" "Mozilla/5.0 (compatible; SemrushBot/7~bl; +http://www.semrush.com/bot.html)" "mantech8.com"
185.191.171.24 - - [03/Dec/2022:12:13:25 -0800] "GET /index.php/camp-fire/26682606.html HTTP/1.1" 500 - "-" "Mozilla/5.0 (compatible; SemrushBot/7~bl; +http://www.semrush.com/bot.html)" "mantech8.com"
185.191.171.19 - - [03/Dec/2022:12:14:02 -0800] "GET /?camp-fire%2F77639683.html HTTP/1.1" 500 - "-" "Mozilla/5.0 (compatible; SemrushBot/7~bl; +http://www.semrush.com/bot.html)" "mantech8.com"
185.191.171.20 - - [03/Dec/2022:12:14:04 -0800] "GET /?camp-fire%2F44649072.html HTTP/1.1" 500 - "-" "Mozilla/5.0 (compatible; SemrushBot/7~bl; +http://www.semrush.com/bot.html)" "mantech8.com"
185.191.171.23 - - [03/Dec/2022:12:14:23 -0800] "GET /index.php?camp-fire%2F1442159.html HTTP/1.1" 500 - "-" "Mozilla/5.0 (compatible; SemrushBot/7~bl; +http://www.semrush.com/bot.html)" "mantech8.com"
185.191.171.45 - - [03/Dec/2022:12:14:40 -0800] "GET /?camp-fire%2F34596255.html HTTP/1.1" 500 - "-" "Mozilla/5.0 (compatible; SemrushBot/7~bl; +http://www.semrush.com/bot.html)" "mantech8.com"
40.77.167.67 - - [03/Dec/2022:12:14:40 -0800] "GET /index.php/mcko-d8efb-vy8rl.ii HTTP/1.1" 200 68172 "-" "Mozilla/5.0 (compatible; bingbot/2.0; +http://www.bing.com/bingbot.htm)" "mantech8.com"
40.77.167.26 - - [03/Dec/2022:12:15:03 -0800] "GET /index.php/gvdr-35bbbefc-vjy2l.ii HTTP/1.1" 200 63149 "-" "Mozilla/5.0 (compatible; bingbot/2.0; +http://www.bing.com/bingbot.htm)" "mantech8.com"
157.55.39.123 - - [03/Dec/2022:12:15:21 -0800] "GET /index.php/mhxm-c676cafea-jtjna.ii HTTP/1.1" 200 65547 "-" "Mozilla/5.0 AppleWebKit/537.36 (KHTML, like Gecko; compatible; bingbot/2.0; +http://www.bing.com/bingbot.htm) Chrome/103.0.5060.134 Safari/537.36" "mantech8.com"
185.191.171.35 - - [03/Dec/2022:12:16:08 -0800] "GET /?camp-fire%2F5824755.html HTTP/1.1" 500 - "-" "Mozilla/5.0 (compatible; SemrushBot/7~bl; +http://www.semrush.com/bot.html)" "mantech8.com"
157.55.39.138 - - [03/Dec/2022:12:17:03 -0800] "GET /index.php/eb5r-3b4b1abb-lcrgl.ii HTTP/1.1" 200 64137 "-" "Mozilla/5.0 AppleWebKit/537.36 (KHTML, like Gecko; compatible; bingbot/2.0; +http://www.bing.com/bingbot.htm) Chrome/103.0.5060.134 Safari/537.36" "mantech8.com"
