185.191.171.2 - - [01/Dec/2022:16:00:05 -0800] "GET /?camp-fire%2F55345787.html HTTP/1.1" 500 - "-" "Mozilla/5.0 (compatible; SemrushBot/7~bl; +http://www.semrush.com/bot.html)" "mantech8.com"
40.77.167.67 - - [01/Dec/2022:16:00:17 -0800] "GET /index.php/egy1-792cdeba-vsvum.ii HTTP/1.1" 200 65315 "-" "Mozilla/5.0 (compatible; bingbot/2.0; +http://www.bing.com/bingbot.htm)" "mantech8.com"
185.191.171.42 - - [01/Dec/2022:16:00:22 -0800] "GET /index.php/camp-fire/31361363.html HTTP/1.1" 500 - "-" "Mozilla/5.0 (compatible; SemrushBot/7~bl; +http://www.semrush.com/bot.html)" "mantech8.com"
185.191.171.2 - - [01/Dec/2022:16:00:39 -0800] "GET /?camp-fire%2F71785087.html HTTP/1.1" 500 - "-" "Mozilla/5.0 (compatible; SemrushBot/7~bl; +http://www.semrush.com/bot.html)" "mantech8.com"
185.191.171.17 - - [01/Dec/2022:16:00:45 -0800] "GET /?camp-fire%2F77055353.html HTTP/1.1" 500 - "-" "Mozilla/5.0 (compatible; SemrushBot/7~bl; +http://www.semrush.com/bot.html)" "mantech8.com"
157.55.39.138 - - [01/Dec/2022:16:01:15 -0800] "GET /index.php/eb5r-3b4b1abb-lcrgl.ii HTTP/1.1" 200 64624 "-" "Mozilla/5.0 (compatible; bingbot/2.0; +http://www.bing.com/bingbot.htm)" "mantech8.com"
185.191.171.6 - - [01/Dec/2022:16:01:23 -0800] "GET /index.php/camp-fire/21710359.html HTTP/1.1" 500 - "-" "Mozilla/5.0 (compatible; SemrushBot/7~bl; +http://www.semrush.com/bot.html)" "mantech8.com"
185.191.171.45 - - [01/Dec/2022:16:01:27 -0800] "GET /?camp-fire%2F72064859.html HTTP/1.1" 500 - "-" "Mozilla/5.0 (compatible; SemrushBot/7~bl; +http://www.semrush.com/bot.html)" "mantech8.com"
185.191.171.2 - - [01/Dec/2022:16:02:07 -0800] "GET /index.php?camp-fire%2F5514285.html HTTP/1.1" 500 - "-" "Mozilla/5.0 (compatible; SemrushBot/7~bl; +http://www.semrush.com/bot.html)" "mantech8.com"
185.191.171.7 - - [01/Dec/2022:16:02:25 -0800] "GET /?camp-fire%2F36728638.html HTTP/1.1" 500 - "-" "Mozilla/5.0 (compatible; SemrushBot/7~bl; +http://www.semrush.com/bot.html)" "mantech8.com"
40.77.167.67 - - [01/Dec/2022:16:03:07 -0800] "GET / HTTP/1.1" 200 64451 "-" "Mozilla/5.0 (compatible; bingbot/2.0; +http://www.bing.com/bingbot.htm)" "www.mantech8.com"
185.191.171.5 - - [01/Dec/2022:16:03:54 -0800] "GET /index.php/camp-fire/3130078.html HTTP/1.1" 500 - "-" "Mozilla/5.0 (compatible; SemrushBot/7~bl; +http://www.semrush.com/bot.html)" "mantech8.com"
185.191.171.17 - - [01/Dec/2022:16:04:05 -0800] "GET /?camp-fire%2F87631355.html HTTP/1.1" 500 - "-" "Mozilla/5.0 (compatible; SemrushBot/7~bl; +http://www.semrush.com/bot.html)" "mantech8.com"
207.46.13.100 - - [01/Dec/2022:16:04:05 -0800] "GET /index.php/31l7-22dbd-oifqz.ii HTTP/1.1" 200 73819 "-" "Mozilla/5.0 (compatible; bingbot/2.0; +http://www.bing.com/bingbot.htm)" "mantech8.com"
207.46.13.100 - - [01/Dec/2022:16:04:06 -0800] "GET /index.php/mcko-08e7dcffbc-vt2oi.ii HTTP/1.1" 200 66356 "-" "Mozilla/5.0 (compatible; bingbot/2.0; +http://www.bing.com/bingbot.htm)" "mantech8.com"
185.191.171.25 - - [01/Dec/2022:16:04:12 -0800] "GET /index.php?camp-fire%2F4767055.html HTTP/1.1" 500 - "-" "Mozilla/5.0 (compatible; SemrushBot/7~bl; +http://www.semrush.com/bot.html)" "mantech8.com"
185.191.171.39 - - [01/Dec/2022:16:04:45 -0800] "GET /?camp-fire%2F19237165.html HTTP/1.1" 500 - "-" "Mozilla/5.0 (compatible; SemrushBot/7~bl; +http://www.semrush.com/bot.html)" "mantech8.com"
185.191.171.1 - - [01/Dec/2022:16:06:40 -0800] "GET /index.php?camp-fire%2F5079265.html HTTP/1.1" 500 - "-" "Mozilla/5.0 (compatible; SemrushBot/7~bl; +http://www.semrush.com/bot.html)" "mantech8.com"
185.191.171.45 - - [01/Dec/2022:16:06:58 -0800] "GET /index.php/camp-fire/13520351.html HTTP/1.1" 500 - "-" "Mozilla/5.0 (compatible; SemrushBot/7~bl; +http://www.semrush.com/bot.html)" "mantech8.com"
185.191.171.10 - - [01/Dec/2022:16:07:01 -0800] "GET /index.php?camp-fire%2F283198.html HTTP/1.1" 500 - "-" "Mozilla/5.0 (compatible; SemrushBot/7~bl; +http://www.semrush.com/bot.html)" "mantech8.com"
40.77.167.26 - - [01/Dec/2022:16:07:05 -0800] "GET /index.php/q5w4-11eb-jkyna.ii HTTP/1.1" 200 68793 "-" "Mozilla/5.0 (compatible; bingbot/2.0; +http://www.bing.com/bingbot.htm)" "mantech8.com"
185.191.171.15 - - [01/Dec/2022:16:07:07 -0800] "GET /?camp-fire%2F68957446.html HTTP/1.1" 500 - "-" "Mozilla/5.0 (compatible; SemrushBot/7~bl; +http://www.semrush.com/bot.html)" "mantech8.com"
185.191.171.11 - - [01/Dec/2022:16:07:21 -0800] "GET /?camp-fire%2F50526338.html HTTP/1.1" 500 - "-" "Mozilla/5.0 (compatible; SemrushBot/7~bl; +http://www.semrush.com/bot.html)" "mantech8.com"
185.191.171.22 - - [01/Dec/2022:16:07:30 -0800] "GET /?camp-fire%2F71785787.html HTTP/1.1" 500 - "-" "Mozilla/5.0 (compatible; SemrushBot/7~bl; +http://www.semrush.com/bot.html)" "mantech8.com"
185.191.171.45 - - [01/Dec/2022:16:08:05 -0800] "GET /index.php/camp-fire/93756250.html HTTP/1.1" 500 - "-" "Mozilla/5.0 (compatible; SemrushBot/7~bl; +http://www.semrush.com/bot.html)" "mantech8.com"
185.191.171.22 - - [01/Dec/2022:16:08:33 -0800] "GET /?camp-fire%2F33461193.html HTTP/1.1" 500 - "-" "Mozilla/5.0 (compatible; SemrushBot/7~bl; +http://www.semrush.com/bot.html)" "mantech8.com"
185.191.171.5 - - [01/Dec/2022:16:08:42 -0800] "GET /index.php?camp-fire%2F5522751.html HTTP/1.1" 500 - "-" "Mozilla/5.0 (compatible; SemrushBot/7~bl; +http://www.semrush.com/bot.html)" "mantech8.com"
40.77.167.67 - - [01/Dec/2022:16:09:07 -0800] "GET /index.php/yhfg-931caccac-popox.ii HTTP/1.1" 200 59937 "-" "Mozilla/5.0 AppleWebKit/537.36 (KHTML, like Gecko; compatible; bingbot/2.0; +http://www.bing.com/bingbot.htm) Chrome/103.0.5060.134 Safari/537.36" "mantech8.com"
185.191.171.33 - - [01/Dec/2022:16:09:52 -0800] "GET /index.php/camp-fire/31880809.html HTTP/1.1" 500 - "-" "Mozilla/5.0 (compatible; SemrushBot/7~bl; +http://www.semrush.com/bot.html)" "mantech8.com"
40.77.167.67 - - [01/Dec/2022:16:10:09 -0800] "GET /index.php/q5w4-af9e2ffcaa-jputk.ii HTTP/1.1" 200 66591 "-" "Mozilla/5.0 (compatible; bingbot/2.0; +http://www.bing.com/bingbot.htm)" "mantech8.com"
185.191.171.6 - - [01/Dec/2022:16:10:12 -0800] "GET /?camp-fire%2F45178116.html HTTP/1.1" 500 - "-" "Mozilla/5.0 (compatible; SemrushBot/7~bl; +http://www.semrush.com/bot.html)" "mantech8.com"
185.191.171.6 - - [01/Dec/2022:16:10:28 -0800] "GET /?camp-fire%2F44498668.html HTTP/1.1" 500 - "-" "Mozilla/5.0 (compatible; SemrushBot/7~bl; +http://www.semrush.com/bot.html)" "mantech8.com"
185.191.171.42 - - [01/Dec/2022:16:10:42 -0800] "GET /?camp-fire%2F12960755.html HTTP/1.1" 500 - "-" "Mozilla/5.0 (compatible; SemrushBot/7~bl; +http://www.semrush.com/bot.html)" "mantech8.com"
185.191.171.39 - - [01/Dec/2022:16:10:54 -0800] "GET /?camp-fire%2F43351684.html HTTP/1.1" 500 - "-" "Mozilla/5.0 (compatible; SemrushBot/7~bl; +http://www.semrush.com/bot.html)" "mantech8.com"
157.55.39.138 - - [01/Dec/2022:16:11:25 -0800] "GET /index.php/feecef HTTP/1.1" 200 65237 "-" "Mozilla/5.0 (compatible; bingbot/2.0; +http://www.bing.com/bingbot.htm)" "mantech8.com"
185.191.171.10 - - [01/Dec/2022:16:11:48 -0800] "GET /index.php?camp-fire%2F483269.html HTTP/1.1" 500 - "-" "Mozilla/5.0 (compatible; SemrushBot/7~bl; +http://www.semrush.com/bot.html)" "mantech8.com"
40.77.167.26 - - [01/Dec/2022:16:11:55 -0800] "GET /index.php/nwtf-d0c95feeef-4aiul.ii HTTP/1.1" 200 63948 "-" "Mozilla/5.0 (compatible; bingbot/2.0; +http://www.bing.com/bingbot.htm)" "mantech8.com"
185.191.171.2 - - [01/Dec/2022:16:12:07 -0800] "GET /?camp-fire%2F73247177.html HTTP/1.1" 500 - "-" "Mozilla/5.0 (compatible; SemrushBot/7~bl; +http://www.semrush.com/bot.html)" "mantech8.com"
185.191.171.7 - - [01/Dec/2022:16:12:11 -0800] "GET /?camp-fire%2F4792855.html HTTP/1.1" 500 - "-" "Mozilla/5.0 (compatible; SemrushBot/7~bl; +http://www.semrush.com/bot.html)" "mantech8.com"
185.191.171.45 - - [01/Dec/2022:16:12:44 -0800] "GET /index.php/camp-fire/15256959.html HTTP/1.1" 500 - "-" "Mozilla/5.0 (compatible; SemrushBot/7~bl; +http://www.semrush.com/bot.html)" "mantech8.com"
185.191.171.17 - - [01/Dec/2022:16:13:09 -0800] "GET /index.php/camp-fire/19959157.html HTTP/1.1" 500 - "-" "Mozilla/5.0 (compatible; SemrushBot/7~bl; +http://www.semrush.com/bot.html)" "mantech8.com"
185.191.171.14 - - [01/Dec/2022:16:13:20 -0800] "GET /index.php?camp-fire%2F4510196.html HTTP/1.1" 500 - "-" "Mozilla/5.0 (compatible; SemrushBot/7~bl; +http://www.semrush.com/bot.html)" "mantech8.com"
40.77.167.67 - - [01/Dec/2022:16:13:18 -0800] "GET /index.php/egy1-0345cffdda-ve77x.ii HTTP/1.1" 200 66803 "-" "Mozilla/5.0 AppleWebKit/537.36 (KHTML, like Gecko; compatible; bingbot/2.0; +http://www.bing.com/bingbot.htm) Chrome/103.0.5060.134 Safari/537.36" "mantech8.com"
185.191.171.14 - - [01/Dec/2022:16:13:28 -0800] "GET /?camp-fire%2F45622759.html HTTP/1.1" 500 - "-" "Mozilla/5.0 (compatible; SemrushBot/7~bl; +http://www.semrush.com/bot.html)" "mantech8.com"
114.119.155.239 - - [01/Dec/2022:16:13:38 -0800] "GET /?sitemap15155.xml HTTP/1.1" 200 270589 "-" "Mozilla/5.0 (compatible;PetalBot;+https://webmaster.petalsearch.com/site/petalbot)" "mantech8.com"
40.77.167.67 - - [01/Dec/2022:16:14:29 -0800] "GET /index.php/znf9-bb67fcbba-qzsj6.ii HTTP/1.1" 200 60100 "-" "Mozilla/5.0 (compatible; bingbot/2.0; +http://www.bing.com/bingbot.htm)" "mantech8.com"
157.55.39.138 - - [01/Dec/2022:16:14:46 -0800] "GET /index.php/snxr-47dcc-jtemc.ii HTTP/1.1" 200 61785 "-" "Mozilla/5.0 (compatible; bingbot/2.0; +http://www.bing.com/bingbot.htm)" "mantech8.com"
40.77.167.67 - - [01/Dec/2022:16:15:19 -0800] "GET /index.php/7b2ffcdc HTTP/1.1" 200 68781 "-" "Mozilla/5.0 (compatible; bingbot/2.0; +http://www.bing.com/bingbot.htm)" "mantech8.com"
185.191.171.45 - - [01/Dec/2022:16:15:37 -0800] "GET /index.php?camp-fire%2F8348378.html HTTP/1.1" 500 - "-" "Mozilla/5.0 (compatible; SemrushBot/7~bl; +http://www.semrush.com/bot.html)" "mantech8.com"
207.46.13.100 - - [01/Dec/2022:16:15:46 -0800] "GET /index.php/gvdr-61bd-vinhg.ii HTTP/1.1" 200 75010 "-" "Mozilla/5.0 (compatible; bingbot/2.0; +http://www.bing.com/bingbot.htm)" "mantech8.com"
185.191.171.37 - - [01/Dec/2022:16:15:51 -0800] "GET /?camp-fire%2F48358072.html HTTP/1.1" 500 - "-" "Mozilla/5.0 (compatible; SemrushBot/7~bl; +http://www.semrush.com/bot.html)" "mantech8.com"
185.191.171.6 - - [01/Dec/2022:16:15:56 -0800] "GET /index.php?camp-fire%2F8115978.html HTTP/1.1" 500 - "-" "Mozilla/5.0 (compatible; SemrushBot/7~bl; +http://www.semrush.com/bot.html)" "mantech8.com"
185.191.171.42 - - [01/Dec/2022:16:15:57 -0800] "GET /?camp-fire%2F69160489.html HTTP/1.1" 500 - "-" "Mozilla/5.0 (compatible; SemrushBot/7~bl; +http://www.semrush.com/bot.html)" "mantech8.com"
185.191.171.6 - - [01/Dec/2022:16:16:41 -0800] "GET /?camp-fire%2F35797650.html HTTP/1.1" 500 - "-" "Mozilla/5.0 (compatible; SemrushBot/7~bl; +http://www.semrush.com/bot.html)" "mantech8.com"
185.191.171.6 - - [01/Dec/2022:16:17:03 -0800] "GET /?camp-fire%2F7852642.html HTTP/1.1" 500 - "-" "Mozilla/5.0 (compatible; SemrushBot/7~bl; +http://www.semrush.com/bot.html)" "mantech8.com"
207.46.13.100 - - [01/Dec/2022:16:17:05 -0800] "GET /index.php/zsUZ-75dfa-sMiOf.Ii HTTP/1.1" 200 64608 "-" "Mozilla/5.0 AppleWebKit/537.36 (KHTML, like Gecko; compatible; bingbot/2.0; +http://www.bing.com/bingbot.htm) Chrome/103.0.5060.134 Safari/537.36" "mantech8.com"
185.191.171.33 - - [01/Dec/2022:16:17:31 -0800] "GET /index.php?camp-fire%2F8713542.html HTTP/1.1" 500 - "-" "Mozilla/5.0 (compatible; SemrushBot/7~bl; +http://www.semrush.com/bot.html)" "mantech8.com"
157.55.39.123 - - [01/Dec/2022:16:17:55 -0800] "GET /index.php/zsuz-11baeaccc-sicip.ii HTTP/1.1" 200 72081 "-" "Mozilla/5.0 (compatible; bingbot/2.0; +http://www.bing.com/bingbot.htm)" "mantech8.com"
185.191.171.6 - - [01/Dec/2022:16:18:11 -0800] "GET /?camp-fire%2F66619809.html HTTP/1.1" 500 - "-" "Mozilla/5.0 (compatible; SemrushBot/7~bl; +http://www.semrush.com/bot.html)" "mantech8.com"
185.191.171.4 - - [01/Dec/2022:16:18:30 -0800] "GET /index.php?camp-fire%2F4255196.html HTTP/1.1" 500 - "-" "Mozilla/5.0 (compatible; SemrushBot/7~bl; +http://www.semrush.com/bot.html)" "mantech8.com"
185.191.171.44 - - [01/Dec/2022:16:18:57 -0800] "GET /?camp-fire%2F52293390.html HTTP/1.1" 500 - "-" "Mozilla/5.0 (compatible; SemrushBot/7~bl; +http://www.semrush.com/bot.html)" "mantech8.com"
185.191.171.1 - - [01/Dec/2022:16:19:01 -0800] "GET /?camp-fire%2F46244393.html HTTP/1.1" 500 - "-" "Mozilla/5.0 (compatible; SemrushBot/7~bl; +http://www.semrush.com/bot.html)" "mantech8.com"
185.191.171.23 - - [01/Dec/2022:16:19:16 -0800] "GET /index.php?camp-fire%2F4423878.html HTTP/1.1" 500 - "-" "Mozilla/5.0 (compatible; SemrushBot/7~bl; +http://www.semrush.com/bot.html)" "mantech8.com"
185.191.171.22 - - [01/Dec/2022:16:19:19 -0800] "GET /?camp-fire%2F43589450.html HTTP/1.1" 500 - "-" "Mozilla/5.0 (compatible; SemrushBot/7~bl; +http://www.semrush.com/bot.html)" "mantech8.com"
185.191.171.18 - - [01/Dec/2022:16:19:21 -0800] "GET /index.php/camp-fire/1352090.html HTTP/1.1" 500 - "-" "Mozilla/5.0 (compatible; SemrushBot/7~bl; +http://www.semrush.com/bot.html)" "mantech8.com"
207.46.13.100 - - [01/Dec/2022:16:19:45 -0800] "GET /index.php/nWTf-e1cdaaebf-4Arjy.Ii HTTP/1.1" 200 77169 "-" "Mozilla/5.0 AppleWebKit/537.36 (KHTML, like Gecko; compatible; bingbot/2.0; +http://www.bing.com/bingbot.htm) Chrome/103.0.5060.134 Safari/537.36" "mantech8.com"
185.191.171.42 - - [01/Dec/2022:16:19:49 -0800] "GET /?camp-fire%2F53781949.html HTTP/1.1" 500 - "-" "Mozilla/5.0 (compatible; SemrushBot/7~bl; +http://www.semrush.com/bot.html)" "mantech8.com"
185.191.171.37 - - [01/Dec/2022:16:20:15 -0800] "GET /?camp-fire%2F66548108.html HTTP/1.1" 500 - "-" "Mozilla/5.0 (compatible; SemrushBot/7~bl; +http://www.semrush.com/bot.html)" "mantech8.com"
40.77.167.26 - - [01/Dec/2022:16:20:27 -0800] "GET /index.php/mhxm-df97aeabae-jtdsr.ii HTTP/1.1" 200 61581 "-" "Mozilla/5.0 (compatible; bingbot/2.0; +http://www.bing.com/bingbot.htm)" "mantech8.com"
185.191.171.2 - - [01/Dec/2022:16:20:30 -0800] "GET /?camp-fire%2F42771603.html HTTP/1.1" 500 - "-" "Mozilla/5.0 (compatible; SemrushBot/7~bl; +http://www.semrush.com/bot.html)" "mantech8.com"
157.55.39.123 - - [01/Dec/2022:16:21:54 -0800] "GET /index.php/mhxm-c676cafea-jtjna.ii HTTP/1.1" 200 65526 "-" "Mozilla/5.0 (compatible; bingbot/2.0; +http://www.bing.com/bingbot.htm)" "mantech8.com"
157.55.39.123 - - [01/Dec/2022:16:22:46 -0800] "GET /index.php/s0kv-96ad-osrap.ii HTTP/1.1" 200 66211 "-" "Mozilla/5.0 (compatible; bingbot/2.0; +http://www.bing.com/bingbot.htm)" "mantech8.com"
94.130.219.231 - - [01/Dec/2022:16:23:34 -0800] "GET /robots.txt HTTP/1.1" 200 106 "-" "Mozilla/5.0 (compatible; BLEXBot/1.0; +http://webmeup-crawler.com/)" "mantech8.com"
94.130.219.231 - - [01/Dec/2022:16:23:34 -0800] "GET / HTTP/1.1" 500 - "-" "Mozilla/5.0 (compatible; BLEXBot/1.0; +http://webmeup-crawler.com/)" "mantech8.com"
185.191.171.5 - - [01/Dec/2022:16:23:53 -0800] "GET /index.php?camp-fire%2F5306174.html HTTP/1.1" 500 - "-" "Mozilla/5.0 (compatible; SemrushBot/7~bl; +http://www.semrush.com/bot.html)" "mantech8.com"
185.191.171.37 - - [01/Dec/2022:16:24:34 -0800] "GET /index.php?camp-fire%2F7862042.html HTTP/1.1" 500 - "-" "Mozilla/5.0 (compatible; SemrushBot/7~bl; +http://www.semrush.com/bot.html)" "mantech8.com"
185.191.171.4 - - [01/Dec/2022:16:24:36 -0800] "GET /?camp-fire%2F77794029.html HTTP/1.1" 500 - "-" "Mozilla/5.0 (compatible; SemrushBot/7~bl; +http://www.semrush.com/bot.html)" "mantech8.com"
185.191.171.40 - - [01/Dec/2022:16:24:52 -0800] "GET /?camp-fire%2F60771534.html HTTP/1.1" 500 - "-" "Mozilla/5.0 (compatible; SemrushBot/7~bl; +http://www.semrush.com/bot.html)" "mantech8.com"
185.191.171.15 - - [01/Dec/2022:16:25:24 -0800] "GET /?camp-fire%2F81700835.html HTTP/1.1" 500 - "-" "Mozilla/5.0 (compatible; SemrushBot/7~bl; +http://www.semrush.com/bot.html)" "mantech8.com"
185.191.171.21 - - [01/Dec/2022:16:25:31 -0800] "GET /?camp-fire%2F54449634.html HTTP/1.1" 500 - "-" "Mozilla/5.0 (compatible; SemrushBot/7~bl; +http://www.semrush.com/bot.html)" "mantech8.com"
185.191.171.14 - - [01/Dec/2022:16:25:54 -0800] "GET /index.php/camp-fire/2383293.html HTTP/1.1" 500 - "-" "Mozilla/5.0 (compatible; SemrushBot/7~bl; +http://www.semrush.com/bot.html)" "mantech8.com"
185.191.171.37 - - [01/Dec/2022:16:25:57 -0800] "GET /?camp-fire%2F90815756.html HTTP/1.1" 500 - "-" "Mozilla/5.0 (compatible; SemrushBot/7~bl; +http://www.semrush.com/bot.html)" "mantech8.com"
185.191.171.36 - - [01/Dec/2022:16:26:11 -0800] "GET /index.php?camp-fire%2F8121078.html HTTP/1.1" 500 - "-" "Mozilla/5.0 (compatible; SemrushBot/7~bl; +http://www.semrush.com/bot.html)" "mantech8.com"
207.46.13.100 - - [01/Dec/2022:16:26:17 -0800] "GET /index.php/wf2o-f082adeacf-g6zf5.ii HTTP/1.1" 200 69737 "-" "Mozilla/5.0 AppleWebKit/537.36 (KHTML, like Gecko; compatible; bingbot/2.0; +http://www.bing.com/bingbot.htm) Chrome/103.0.5060.134 Safari/537.36" "mantech8.com"
74.84.150.150 - - [01/Dec/2022:16:26:35 -0800] "GET /robots.txt HTTP/1.1" 200 106 "-" "test" "mantech8.com"
68.69.184.202 - - [01/Dec/2022:16:26:35 -0800] "GET / HTTP/1.1" 500 - "-" "test" "mantech8.com"
157.55.39.138 - - [01/Dec/2022:16:26:46 -0800] "GET /index.php/okoc-80bde-luohk.ii HTTP/1.1" 200 72887 "-" "Mozilla/5.0 AppleWebKit/537.36 (KHTML, like Gecko; compatible; bingbot/2.0; +http://www.bing.com/bingbot.htm) Chrome/103.0.5060.134 Safari/537.36" "mantech8.com"
185.191.171.1 - - [01/Dec/2022:16:27:13 -0800] "GET /index.php?camp-fire%2F4084165.html HTTP/1.1" 500 - "-" "Mozilla/5.0 (compatible; SemrushBot/7~bl; +http://www.semrush.com/bot.html)" "mantech8.com"
185.191.171.37 - - [01/Dec/2022:16:27:15 -0800] "GET /?camp-fire%2F49416565.html HTTP/1.1" 500 - "-" "Mozilla/5.0 (compatible; SemrushBot/7~bl; +http://www.semrush.com/bot.html)" "mantech8.com"
185.191.171.16 - - [01/Dec/2022:16:27:39 -0800] "GET /index.php?camp-fire%2F7860242.html HTTP/1.1" 500 - "-" "Mozilla/5.0 (compatible; SemrushBot/7~bl; +http://www.semrush.com/bot.html)" "mantech8.com"
185.191.171.43 - - [01/Dec/2022:16:27:40 -0800] "GET /?camp-fire%2F28472664.html HTTP/1.1" 500 - "-" "Mozilla/5.0 (compatible; SemrushBot/7~bl; +http://www.semrush.com/bot.html)" "mantech8.com"
185.191.171.26 - - [01/Dec/2022:16:27:42 -0800] "GET /?camp-fire%2F20716255.html HTTP/1.1" 500 - "-" "Mozilla/5.0 (compatible; SemrushBot/7~bl; +http://www.semrush.com/bot.html)" "mantech8.com"
207.46.13.100 - - [01/Dec/2022:16:27:47 -0800] "GET /index.php/nwtf-41cedebc-3liub.ii HTTP/1.1" 200 71388 "-" "Mozilla/5.0 AppleWebKit/537.36 (KHTML, like Gecko; compatible; bingbot/2.0; +http://www.bing.com/bingbot.htm) Chrome/103.0.5060.134 Safari/537.36" "mantech8.com"
185.191.171.45 - - [01/Dec/2022:16:27:59 -0800] "GET /?camp-fire%2F66620609.html HTTP/1.1" 500 - "-" "Mozilla/5.0 (compatible; SemrushBot/7~bl; +http://www.semrush.com/bot.html)" "mantech8.com"
157.55.39.138 - - [01/Dec/2022:16:28:06 -0800] "GET /bimages/safety/qual.jpg HTTP/1.1" 200 31419 "-" "Mozilla/5.0 (compatible; bingbot/2.0; +http://www.bing.com/bingbot.htm)" "www.mantech8.com"
185.191.171.38 - - [01/Dec/2022:16:28:14 -0800] "GET /index.php?camp-fire%2F1356159.html HTTP/1.1" 500 - "-" "Mozilla/5.0 (compatible; SemrushBot/7~bl; +http://www.semrush.com/bot.html)" "mantech8.com"
114.119.149.222 - - [01/Dec/2022:16:29:01 -0800] "GET /?sitemap-index-1.xml HTTP/1.1" 200 4268 "-" "Mozilla/5.0 (compatible;PetalBot;+https://webmaster.petalsearch.com/site/petalbot)" "mantech8.com"
40.77.167.26 - - [01/Dec/2022:16:29:18 -0800] "GET /index.php/wtzk-5fafbaebd-n2shr.ii HTTP/1.1" 200 70069 "-" "Mozilla/5.0 (compatible; bingbot/2.0; +http://www.bing.com/bingbot.htm)" "mantech8.com"
157.55.39.138 - - [01/Dec/2022:16:30:28 -0800] "GET /index.php/wf2o-10bf-g5nkx.ii HTTP/1.1" 200 64528 "-" "Mozilla/5.0 AppleWebKit/537.36 (KHTML, like Gecko; compatible; bingbot/2.0; +http://www.bing.com/bingbot.htm) Chrome/103.0.5060.134 Safari/537.36" "mantech8.com"
185.191.171.40 - - [01/Dec/2022:16:31:03 -0800] "GET /index.php/camp-fire/49212935.html HTTP/1.1" 500 - "-" "Mozilla/5.0 (compatible; SemrushBot/7~bl; +http://www.semrush.com/bot.html)" "mantech8.com"
185.191.171.40 - - [01/Dec/2022:16:31:18 -0800] "GET /?camp-fire%2F7388180.html HTTP/1.1" 500 - "-" "Mozilla/5.0 (compatible; SemrushBot/7~bl; +http://www.semrush.com/bot.html)" "mantech8.com"
40.77.167.67 - - [01/Dec/2022:16:31:21 -0800] "GET /index.php/txf8-f7aa-zq8ig.ii HTTP/1.1" 200 67057 "-" "Mozilla/5.0 AppleWebKit/537.36 (KHTML, like Gecko; compatible; bingbot/2.0; +http://www.bing.com/bingbot.htm) Chrome/103.0.5060.134 Safari/537.36" "mantech8.com"
185.191.171.18 - - [01/Dec/2022:16:31:24 -0800] "GET /?camp-fire%2F15888496.html HTTP/1.1" 500 - "-" "Mozilla/5.0 (compatible; SemrushBot/7~bl; +http://www.semrush.com/bot.html)" "mantech8.com"
185.191.171.43 - - [01/Dec/2022:16:31:46 -0800] "GET /?camp-fire%2F79652578.html HTTP/1.1" 500 - "-" "Mozilla/5.0 (compatible; SemrushBot/7~bl; +http://www.semrush.com/bot.html)" "mantech8.com"
185.191.171.39 - - [01/Dec/2022:16:31:54 -0800] "GET /index.php?camp-fire%2F7659321.html HTTP/1.1" 500 - "-" "Mozilla/5.0 (compatible; SemrushBot/7~bl; +http://www.semrush.com/bot.html)" "mantech8.com"
40.77.167.26 - - [01/Dec/2022:16:32:09 -0800] "GET /index.php/sa5z-e520cfdcfd-h48dc.ii HTTP/1.1" 200 61232 "-" "Mozilla/5.0 AppleWebKit/537.36 (KHTML, like Gecko; compatible; bingbot/2.0; +http://www.bing.com/bingbot.htm) Chrome/103.0.5060.134 Safari/537.36" "mantech8.com"
40.77.167.26 - - [01/Dec/2022:16:32:38 -0800] "GET /index.php/egy1-39b18aae-vxist.ii HTTP/1.1" 200 103851 "-" "Mozilla/5.0 (compatible; bingbot/2.0; +http://www.bing.com/bingbot.htm)" "mantech8.com"
185.191.171.42 - - [01/Dec/2022:16:33:22 -0800] "GET /?camp-fire%2F49734808.html HTTP/1.1" 500 - "-" "Mozilla/5.0 (compatible; SemrushBot/7~bl; +http://www.semrush.com/bot.html)" "mantech8.com"
185.191.171.26 - - [01/Dec/2022:16:33:35 -0800] "GET /?camp-fire%2F40083282.html HTTP/1.1" 500 - "-" "Mozilla/5.0 (compatible; SemrushBot/7~bl; +http://www.semrush.com/bot.html)" "mantech8.com"
185.191.171.8 - - [01/Dec/2022:16:33:37 -0800] "GET /robots.txt HTTP/1.1" 200 106 "-" "Mozilla/5.0 (compatible; SemrushBot/7~bl; +http://www.semrush.com/bot.html)" "mantech8.com"
185.191.171.20 - - [01/Dec/2022:16:33:37 -0800] "GET /index.php/camp-fire/3473590.html HTTP/1.1" 500 - "-" "Mozilla/5.0 (compatible; SemrushBot/7~bl; +http://www.semrush.com/bot.html)" "mantech8.com"
185.191.171.38 - - [01/Dec/2022:16:33:43 -0800] "GET /?camp-fire%2F23429546.html HTTP/1.1" 500 - "-" "Mozilla/5.0 (compatible; SemrushBot/7~bl; +http://www.semrush.com/bot.html)" "mantech8.com"
185.191.171.18 - - [01/Dec/2022:16:33:50 -0800] "GET /index.php?camp-fire%2F8188378.html HTTP/1.1" 500 - "-" "Mozilla/5.0 (compatible; SemrushBot/7~bl; +http://www.semrush.com/bot.html)" "mantech8.com"
118.184.177.124 - - [01/Dec/2022:16:34:10 -0800] "GET / HTTP/1.1" 500 - "-" "Sogou web spider/4.0(+http://www.sogou.com/docs/help/webmasters.htm#07)" "www.mantech8.com"
185.191.171.7 - - [01/Dec/2022:16:34:30 -0800] "GET /?camp-fire%2F32652025.html HTTP/1.1" 500 - "-" "Mozilla/5.0 (compatible; SemrushBot/7~bl; +http://www.semrush.com/bot.html)" "mantech8.com"
185.191.171.9 - - [01/Dec/2022:16:34:41 -0800] "GET /index.php?camp-fire%2F6415959.html HTTP/1.1" 500 - "-" "Mozilla/5.0 (compatible; SemrushBot/7~bl; +http://www.semrush.com/bot.html)" "mantech8.com"
185.191.171.4 - - [01/Dec/2022:16:35:39 -0800] "GET /?camp-fire%2F47531216.html HTTP/1.1" 500 - "-" "Mozilla/5.0 (compatible; SemrushBot/7~bl; +http://www.semrush.com/bot.html)" "mantech8.com"
157.55.39.123 - - [01/Dec/2022:16:36:15 -0800] "GET /index.php/k937-f11eaafdd-73opr.ii HTTP/1.1" 200 70077 "-" "Mozilla/5.0 (compatible; bingbot/2.0; +http://www.bing.com/bingbot.htm)" "mantech8.com"
40.77.167.26 - - [01/Dec/2022:16:36:28 -0800] "GET /index.php/wtzk-bd599bdba-nlspa.ii HTTP/1.1" 200 71188 "-" "Mozilla/5.0 (compatible; bingbot/2.0; +http://www.bing.com/bingbot.htm)" "mantech8.com"
185.191.171.15 - - [01/Dec/2022:16:37:48 -0800] "GET /?camp-fire%2F64599221.html HTTP/1.1" 500 - "-" "Mozilla/5.0 (compatible; SemrushBot/7~bl; +http://www.semrush.com/bot.html)" "mantech8.com"
185.191.171.38 - - [01/Dec/2022:16:37:52 -0800] "GET /?camp-fire%2F45577534.html HTTP/1.1" 500 - "-" "Mozilla/5.0 (compatible; SemrushBot/7~bl; +http://www.semrush.com/bot.html)" "mantech8.com"
185.191.171.2 - - [01/Dec/2022:16:37:54 -0800] "GET /index.php/camp-fire/25263265.html HTTP/1.1" 500 - "-" "Mozilla/5.0 (compatible; SemrushBot/7~bl; +http://www.semrush.com/bot.html)" "mantech8.com"
185.191.171.11 - - [01/Dec/2022:16:38:12 -0800] "GET /?camp-fire%2F52915725.html HTTP/1.1" 500 - "-" "Mozilla/5.0 (compatible; SemrushBot/7~bl; +http://www.semrush.com/bot.html)" "mantech8.com"
114.119.152.47 - - [01/Dec/2022:16:38:22 -0800] "GET /bimages/hydrog/thump/qfbixycmeb.php HTTP/1.1" 200 32 "http://mantech8.com/bimages/hydrog/thump/" "Mozilla/5.0 (Linux; Android 7.0;) AppleWebKit/537.36 (KHTML, like Gecko) Mobile Safari/537.36 (compatible; PetalBot;+https://webmaster.petalsearch.com/site/petalbot)" "mantech8.com"
157.55.39.138 - - [01/Dec/2022:16:38:28 -0800] "GET / HTTP/1.1" 200 64164 "-" "Mozilla/5.0 AppleWebKit/537.36 (KHTML, like Gecko; compatible; bingbot/2.0; +http://www.bing.com/bingbot.htm) Chrome/103.0.5060.134 Safari/537.36" "www.mantech8.com"
40.77.167.67 - - [01/Dec/2022:16:38:51 -0800] "GET /index.php/mcko-d8efb-vy8rl.ii HTTP/1.1" 200 68601 "-" "Mozilla/5.0 (compatible; bingbot/2.0; +http://www.bing.com/bingbot.htm)" "mantech8.com"
157.55.39.123 - - [01/Dec/2022:16:38:55 -0800] "GET /bimages/service/s999.jpg HTTP/1.1" 200 134475 "-" "Mozilla/5.0 AppleWebKit/537.36 (KHTML, like Gecko; compatible; bingbot/2.0; +http://www.bing.com/bingbot.htm) Chrome/103.0.5060.134 Safari/537.36" "www.mantech8.com"
207.46.13.125 - - [01/Dec/2022:16:38:55 -0800] "GET /index.php/06aabddbdf HTTP/1.1" 200 70825 "-" "Mozilla/5.0 (compatible; bingbot/2.0; +http://www.bing.com/bingbot.htm)" "mantech8.com"
185.191.171.9 - - [01/Dec/2022:16:39:16 -0800] "GET /index.php?camp-fire%2F4529485.html HTTP/1.1" 500 - "-" "Mozilla/5.0 (compatible; SemrushBot/7~bl; +http://www.semrush.com/bot.html)" "mantech8.com"
185.191.171.5 - - [01/Dec/2022:16:39:23 -0800] "GET /index.php?camp-fire%2F5023465.html HTTP/1.1" 500 - "-" "Mozilla/5.0 (compatible; SemrushBot/7~bl; +http://www.semrush.com/bot.html)" "mantech8.com"
66.249.66.95 - - [01/Dec/2022:16:39:24 -0800] "GET /qiaojis.xml HTTP/1.1" 404 88 "-" "Mozilla/5.0 (compatible; Googlebot/2.1; +http://www.google.com/bot.html)" "mantech8.com"
185.191.171.9 - - [01/Dec/2022:16:39:33 -0800] "GET /index.php/camp-fire/7970880.html HTTP/1.1" 500 - "-" "Mozilla/5.0 (compatible; SemrushBot/7~bl; +http://www.semrush.com/bot.html)" "mantech8.com"
185.191.171.2 - - [01/Dec/2022:16:39:37 -0800] "GET /index.php/camp-fire/35075825.html HTTP/1.1" 500 - "-" "Mozilla/5.0 (compatible; SemrushBot/7~bl; +http://www.semrush.com/bot.html)" "mantech8.com"
185.191.171.6 - - [01/Dec/2022:16:39:48 -0800] "GET /?camp-fire%2F44973778.html HTTP/1.1" 500 - "-" "Mozilla/5.0 (compatible; SemrushBot/7~bl; +http://www.semrush.com/bot.html)" "mantech8.com"
185.191.171.16 - - [01/Dec/2022:16:40:12 -0800] "GET /?camp-fire%2F7244780.html HTTP/1.1" 500 - "-" "Mozilla/5.0 (compatible; SemrushBot/7~bl; +http://www.semrush.com/bot.html)" "mantech8.com"
216.244.66.241 - - [01/Dec/2022:16:40:13 -0800] "GET /robots.txt HTTP/1.1" 200 222 "-" "Mozilla/5.0 (compatible; DotBot/1.2; +https://opensiteexplorer.org/dotbot; help@moz.com)" "www.mantech8.com"
216.244.66.241 - - [01/Dec/2022:16:40:13 -0800] "GET /robots.txt HTTP/1.1" 200 222 "-" "Mozilla/5.0 (compatible; DotBot/1.2; +https://opensiteexplorer.org/dotbot; help@moz.com)" "mantech8.com"
54.36.149.101 - - [01/Dec/2022:16:40:20 -0800] "GET /robots.txt HTTP/1.1" 200 106 "-" "Mozilla/5.0 (compatible; AhrefsBot/7.0; +http://ahrefs.com/robot/)" "mantech8.com"
157.55.39.138 - - [01/Dec/2022:16:40:37 -0800] "GET /txf8-0affab-ZQyyG.Ii HTTP/1.1" 404 88 "-" "Mozilla/5.0 (compatible; bingbot/2.0; +http://www.bing.com/bingbot.htm)" "www.mantech8.com"
185.191.171.3 - - [01/Dec/2022:16:40:39 -0800] "GET /?camp-fire%2F13477777.html HTTP/1.1" 500 - "-" "Mozilla/5.0 (compatible; SemrushBot/7~bl; +http://www.semrush.com/bot.html)" "mantech8.com"
157.55.39.138 - - [01/Dec/2022:16:40:56 -0800] "GET /txf8-0affab-ZQyyG.Ii HTTP/1.1" 404 88 "-" "Mozilla/5.0 AppleWebKit/537.36 (KHTML, like Gecko; compatible; bingbot/2.0; +http://www.bing.com/bingbot.htm) Chrome/103.0.5060.134 Safari/537.36" "www.mantech8.com"
185.191.171.16 - - [01/Dec/2022:16:41:33 -0800] "GET /index.php?camp-fire%2F7494798.html HTTP/1.1" 500 - "-" "Mozilla/5.0 (compatible; SemrushBot/7~bl; +http://www.semrush.com/bot.html)" "mantech8.com"
185.191.171.22 - - [01/Dec/2022:16:42:11 -0800] "GET /?camp-fire%2F50947359.html HTTP/1.1" 500 - "-" "Mozilla/5.0 (compatible; SemrushBot/7~bl; +http://www.semrush.com/bot.html)" "mantech8.com"
185.191.171.23 - - [01/Dec/2022:16:42:43 -0800] "GET /index.php?camp-fire%2F7634108.html HTTP/1.1" 500 - "-" "Mozilla/5.0 (compatible; SemrushBot/7~bl; +http://www.semrush.com/bot.html)" "mantech8.com"
185.191.171.10 - - [01/Dec/2022:16:43:01 -0800] "GET /?camp-fire%2F56052146.html HTTP/1.1" 500 - "-" "Mozilla/5.0 (compatible; SemrushBot/7~bl; +http://www.semrush.com/bot.html)" "mantech8.com"
157.55.39.123 - - [01/Dec/2022:16:43:16 -0800] "GET /index.php/kvRW-f3aa-y9PG0.Ii HTTP/1.1" 200 62856 "-" "Mozilla/5.0 AppleWebKit/537.36 (KHTML, like Gecko; compatible; bingbot/2.0; +http://www.bing.com/bingbot.htm) Chrome/103.0.5060.134 Safari/537.36" "mantech8.com"
185.191.171.22 - - [01/Dec/2022:16:43:20 -0800] "GET /?camp-fire%2F48444033.html HTTP/1.1" 500 - "-" "Mozilla/5.0 (compatible; SemrushBot/7~bl; +http://www.semrush.com/bot.html)" "mantech8.com"
207.46.13.125 - - [01/Dec/2022:16:43:21 -0800] "GET /index.php/qlqc-58cbec-48jbr.ii HTTP/1.1" 200 60365 "-" "Mozilla/5.0 AppleWebKit/537.36 (KHTML, like Gecko; compatible; bingbot/2.0; +http://www.bing.com/bingbot.htm) Chrome/103.0.5060.134 Safari/537.36" "mantech8.com"
185.191.171.9 - - [01/Dec/2022:16:44:10 -0800] "GET /?camp-fire%2F16826726.html HTTP/1.1" 500 - "-" "Mozilla/5.0 (compatible; SemrushBot/7~bl; +http://www.semrush.com/bot.html)" "mantech8.com"
40.77.167.67 - - [01/Dec/2022:16:44:11 -0800] "GET /index.php/egy1-792cdeba-vsvum.ii HTTP/1.1" 200 65193 "-" "Mozilla/5.0 AppleWebKit/537.36 (KHTML, like Gecko; compatible; bingbot/2.0; +http://www.bing.com/bingbot.htm) Chrome/103.0.5060.134 Safari/537.36" "mantech8.com"
185.191.171.22 - - [01/Dec/2022:16:44:31 -0800] "GET /index.php?camp-fire%2F8173478.html HTTP/1.1" 500 - "-" "Mozilla/5.0 (compatible; SemrushBot/7~bl; +http://www.semrush.com/bot.html)" "mantech8.com"
185.191.171.15 - - [01/Dec/2022:16:44:47 -0800] "GET /index.php/camp-fire/90569626.html HTTP/1.1" 500 - "-" "Mozilla/5.0 (compatible; SemrushBot/7~bl; +http://www.semrush.com/bot.html)" "mantech8.com"
185.191.171.21 - - [01/Dec/2022:16:45:04 -0800] "GET /?camp-fire%2F71554661.html HTTP/1.1" 500 - "-" "Mozilla/5.0 (compatible; SemrushBot/7~bl; +http://www.semrush.com/bot.html)" "mantech8.com"
185.191.171.18 - - [01/Dec/2022:16:45:49 -0800] "GET /index.php?camp-fire%2F4152965.html HTTP/1.1" 500 - "-" "Mozilla/5.0 (compatible; SemrushBot/7~bl; +http://www.semrush.com/bot.html)" "mantech8.com"
185.191.171.18 - - [01/Dec/2022:16:46:40 -0800] "GET /index.php?camp-fire%2F4770655.html HTTP/1.1" 500 - "-" "Mozilla/5.0 (compatible; SemrushBot/7~bl; +http://www.semrush.com/bot.html)" "mantech8.com"
207.46.13.100 - - [01/Dec/2022:16:46:48 -0800] "GET /index.php/ba8s-3e984bdd-0qbnh.ii HTTP/1.1" 200 58650 "-" "Mozilla/5.0 AppleWebKit/537.36 (KHTML, like Gecko; compatible; bingbot/2.0; +http://www.bing.com/bingbot.htm) Chrome/103.0.5060.134 Safari/537.36" "mantech8.com"
185.191.171.8 - - [01/Dec/2022:16:47:09 -0800] "GET /?camp-fire%2F8336721.html HTTP/1.1" 500 - "-" "Mozilla/5.0 (compatible; SemrushBot/7~bl; +http://www.semrush.com/bot.html)" "mantech8.com"
207.46.13.125 - - [01/Dec/2022:16:47:10 -0800] "GET /bimages/client/wag.png HTTP/1.1" 200 31852 "-" "Mozilla/5.0 AppleWebKit/537.36 (KHTML, like Gecko; compatible; bingbot/2.0; +http://www.bing.com/bingbot.htm) Chrome/103.0.5060.134 Safari/537.36" "www.mantech8.com"
157.55.39.138 - - [01/Dec/2022:16:47:41 -0800] "GET /index.php/eb5r-3b4b1abb-lcrgl.ii HTTP/1.1" 200 64421 "-" "Mozilla/5.0 (compatible; bingbot/2.0; +http://www.bing.com/bingbot.htm)" "mantech8.com"
185.191.171.36 - - [01/Dec/2022:16:48:00 -0800] "GET /index.php/camp-fire/1795851.html HTTP/1.1" 500 - "-" "Mozilla/5.0 (compatible; SemrushBot/7~bl; +http://www.semrush.com/bot.html)" "mantech8.com"
185.191.171.8 - - [01/Dec/2022:16:48:04 -0800] "GET /?camp-fire%2F65482150.html HTTP/1.1" 500 - "-" "Mozilla/5.0 (compatible; SemrushBot/7~bl; +http://www.semrush.com/bot.html)" "mantech8.com"
185.191.171.25 - - [01/Dec/2022:16:48:16 -0800] "GET /?camp-fire%2F15230759.html HTTP/1.1" 500 - "-" "Mozilla/5.0 (compatible; SemrushBot/7~bl; +http://www.semrush.com/bot.html)" "mantech8.com"
40.77.167.67 - - [01/Dec/2022:16:48:43 -0800] "GET /index.php/znf9-bb67fcbba-qzsj6.ii HTTP/1.1" 200 60385 "-" "Mozilla/5.0 (compatible; bingbot/2.0; +http://www.bing.com/bingbot.htm)" "mantech8.com"
40.77.167.67 - - [01/Dec/2022:16:49:11 -0800] "GET / HTTP/1.1" 200 64115 "-" "Mozilla/5.0 AppleWebKit/537.36 (KHTML, like Gecko; compatible; bingbot/2.0; +http://www.bing.com/bingbot.htm) Chrome/103.0.5060.134 Safari/537.36" "www.mantech8.com"
207.46.13.125 - - [01/Dec/2022:16:50:01 -0800] "GET /index.php/7bdbc HTTP/1.1" 200 65620 "-" "Mozilla/5.0 (compatible; bingbot/2.0; +http://www.bing.com/bingbot.htm)" "mantech8.com"
207.46.13.100 - - [01/Dec/2022:16:50:09 -0800] "GET /index.php/gvdr-61bd-vinhg.ii HTTP/1.1" 200 75149 "-" "Mozilla/5.0 AppleWebKit/537.36 (KHTML, like Gecko; compatible; bingbot/2.0; +http://www.bing.com/bingbot.htm) Chrome/103.0.5060.134 Safari/537.36" "mantech8.com"
185.191.171.13 - - [01/Dec/2022:16:50:13 -0800] "GET /index.php/camp-fire/32552325.html HTTP/1.1" 500 - "-" "Mozilla/5.0 (compatible; SemrushBot/7~bl; +http://www.semrush.com/bot.html)" "mantech8.com"
185.191.171.1 - - [01/Dec/2022:16:51:00 -0800] "GET /index.php?camp-fire%2F968469.html HTTP/1.1" 500 - "-" "Mozilla/5.0 (compatible; SemrushBot/7~bl; +http://www.semrush.com/bot.html)" "mantech8.com"
40.77.167.26 - - [01/Dec/2022:16:51:21 -0800] "GET /index.php/q5w4-11eb-jkyna.ii HTTP/1.1" 200 69284 "-" "Mozilla/5.0 (compatible; bingbot/2.0; +http://www.bing.com/bingbot.htm)" "mantech8.com"
185.191.171.44 - - [01/Dec/2022:16:51:27 -0800] "GET /?camp-fire%2F50458080.html HTTP/1.1" 500 - "-" "Mozilla/5.0 (compatible; SemrushBot/7~bl; +http://www.semrush.com/bot.html)" "mantech8.com"
157.55.39.138 - - [01/Dec/2022:16:51:38 -0800] "GET /index.php/Mcko-a5df0aadc-VgGWI.Ii HTTP/1.1" 200 67121 "-" "Mozilla/5.0 AppleWebKit/537.36 (KHTML, like Gecko; compatible; bingbot/2.0; +http://www.bing.com/bingbot.htm) Chrome/103.0.5060.134 Safari/537.36" "mantech8.com"
114.119.147.91 - - [01/Dec/2022:16:51:47 -0800] "GET /steaded.xml HTTP/1.1" 404 88 "-" "Mozilla/5.0 (compatible;PetalBot;+https://webmaster.petalsearch.com/site/petalbot)" "mantech8.com"
185.191.171.23 - - [01/Dec/2022:16:51:48 -0800] "GET /index.php?camp-fire%2F5320177.html HTTP/1.1" 500 - "-" "Mozilla/5.0 (compatible; SemrushBot/7~bl; +http://www.semrush.com/bot.html)" "mantech8.com"
185.191.171.5 - - [01/Dec/2022:16:51:52 -0800] "GET /index.php?camp-fire%2F7799508.html HTTP/1.1" 500 - "-" "Mozilla/5.0 (compatible; SemrushBot/7~bl; +http://www.semrush.com/bot.html)" "mantech8.com"
185.191.171.13 - - [01/Dec/2022:16:52:11 -0800] "GET /?camp-fire%2F45769135.html HTTP/1.1" 500 - "-" "Mozilla/5.0 (compatible; SemrushBot/7~bl; +http://www.semrush.com/bot.html)" "mantech8.com"
185.191.171.3 - - [01/Dec/2022:16:52:20 -0800] "GET /index.php?camp-fire%2F5352877.html HTTP/1.1" 500 - "-" "Mozilla/5.0 (compatible; SemrushBot/7~bl; +http://www.semrush.com/bot.html)" "mantech8.com"
185.191.171.39 - - [01/Dec/2022:16:52:21 -0800] "GET /?camp-fire%2F75814938.html HTTP/1.1" 500 - "-" "Mozilla/5.0 (compatible; SemrushBot/7~bl; +http://www.semrush.com/bot.html)" "mantech8.com"
185.191.171.22 - - [01/Dec/2022:16:52:24 -0800] "GET /?camp-fire%2F51381493.html HTTP/1.1" 500 - "-" "Mozilla/5.0 (compatible; SemrushBot/7~bl; +http://www.semrush.com/bot.html)" "mantech8.com"
185.191.171.1 - - [01/Dec/2022:16:52:26 -0800] "GET /?camp-fire%2F50595935.html HTTP/1.1" 500 - "-" "Mozilla/5.0 (compatible; SemrushBot/7~bl; +http://www.semrush.com/bot.html)" "mantech8.com"
185.191.171.13 - - [01/Dec/2022:16:52:32 -0800] "GET /index.php?camp-fire%2F7341480.html HTTP/1.1" 500 - "-" "Mozilla/5.0 (compatible; SemrushBot/7~bl; +http://www.semrush.com/bot.html)" "mantech8.com"
40.77.167.67 - - [01/Dec/2022:16:52:40 -0800] "GET /MhxM-a0ccad-jgxex.Ii HTTP/1.1" 404 88 "-" "Mozilla/5.0 (compatible; bingbot/2.0; +http://www.bing.com/bingbot.htm)" "www.mantech8.com"
40.77.167.67 - - [01/Dec/2022:16:52:42 -0800] "GET /index.php/e74eaaffb HTTP/1.1" 200 64972 "-" "Mozilla/5.0 (compatible; bingbot/2.0; +http://www.bing.com/bingbot.htm)" "mantech8.com"
114.119.135.237 - - [01/Dec/2022:16:52:58 -0800] "GET /index.php/sitemap-index-1.xml HTTP/1.1" 200 4848 "-" "Mozilla/5.0 (compatible;PetalBot;+https://webmaster.petalsearch.com/site/petalbot)" "mantech8.com"
40.77.167.67 - - [01/Dec/2022:16:53:21 -0800] "GET /MhxM-a0ccad-jgxex.Ii HTTP/1.1" 404 88 "-" "Mozilla/5.0 (compatible; bingbot/2.0; +http://www.bing.com/bingbot.htm)" "www.mantech8.com"
185.191.171.3 - - [01/Dec/2022:16:54:16 -0800] "GET /?camp-fire%2F67975402.html HTTP/1.1" 500 - "-" "Mozilla/5.0 (compatible; SemrushBot/7~bl; +http://www.semrush.com/bot.html)" "mantech8.com"
114.119.142.39 - - [01/Dec/2022:16:54:34 -0800] "GET /?sitemap43154.xml HTTP/1.1" 200 270535 "-" "Mozilla/5.0 (compatible;PetalBot;+https://webmaster.petalsearch.com/site/petalbot)" "mantech8.com"
185.191.171.10 - - [01/Dec/2022:16:54:39 -0800] "GET /index.php/camp-fire/26039651.html HTTP/1.1" 500 - "-" "Mozilla/5.0 (compatible; SemrushBot/7~bl; +http://www.semrush.com/bot.html)" "mantech8.com"
185.191.171.42 - - [01/Dec/2022:16:54:49 -0800] "GET /?camp-fire%2F55822876.html HTTP/1.1" 500 - "-" "Mozilla/5.0 (compatible; SemrushBot/7~bl; +http://www.semrush.com/bot.html)" "mantech8.com"
40.77.167.67 - - [01/Dec/2022:16:55:33 -0800] "GET /index.php/q5w4-af9e2ffcaa-jputk.ii HTTP/1.1" 200 66014 "-" "Mozilla/5.0 (compatible; bingbot/2.0; +http://www.bing.com/bingbot.htm)" "mantech8.com"
157.55.39.138 - - [01/Dec/2022:16:56:31 -0800] "GET /index.php/b8adf HTTP/1.1" 200 66739 "-" "Mozilla/5.0 (compatible; bingbot/2.0; +http://www.bing.com/bingbot.htm)" "mantech8.com"
157.55.39.138 - - [01/Dec/2022:16:56:58 -0800] "GET /index.php/k937-71efdace-737c5.ii HTTP/1.1" 200 62138 "-" "Mozilla/5.0 (compatible; bingbot/2.0; +http://www.bing.com/bingbot.htm)" "mantech8.com"
40.77.167.26 - - [01/Dec/2022:16:57:03 -0800] "GET /index.php/fe0a1baf HTTP/1.1" 200 70849 "-" "Mozilla/5.0 AppleWebKit/537.36 (KHTML, like Gecko; compatible; bingbot/2.0; +http://www.bing.com/bingbot.htm) Chrome/103.0.5060.134 Safari/537.36" "mantech8.com"
185.191.171.15 - - [01/Dec/2022:16:57:08 -0800] "GET /index.php?camp-fire%2F7632721.html HTTP/1.1" 500 - "-" "Mozilla/5.0 (compatible; SemrushBot/7~bl; +http://www.semrush.com/bot.html)" "mantech8.com"
185.191.171.9 - - [01/Dec/2022:16:57:12 -0800] "GET /?camp-fire%2F24309950.html HTTP/1.1" 500 - "-" "Mozilla/5.0 (compatible; SemrushBot/7~bl; +http://www.semrush.com/bot.html)" "mantech8.com"
185.191.171.41 - - [01/Dec/2022:16:57:29 -0800] "GET /index.php?camp-fire%2F7269380.html HTTP/1.1" 500 - "-" "Mozilla/5.0 (compatible; SemrushBot/7~bl; +http://www.semrush.com/bot.html)" "mantech8.com"
185.191.171.15 - - [01/Dec/2022:16:58:08 -0800] "GET /?camp-fire%2F40155888.html HTTP/1.1" 500 - "-" "Mozilla/5.0 (compatible; SemrushBot/7~bl; +http://www.semrush.com/bot.html)" "mantech8.com"
185.191.171.19 - - [01/Dec/2022:16:58:21 -0800] "GET /?camp-fire%2F41720408.html HTTP/1.1" 500 - "-" "Mozilla/5.0 (compatible; SemrushBot/7~bl; +http://www.semrush.com/bot.html)" "mantech8.com"
40.77.167.26 - - [01/Dec/2022:16:58:30 -0800] "GET /index.php/1zve-fa9ddfcb-jvouh.ii HTTP/1.1" 200 65912 "-" "Mozilla/5.0 (compatible; bingbot/2.0; +http://www.bing.com/bingbot.htm)" "mantech8.com"
185.191.171.5 - - [01/Dec/2022:16:59:16 -0800] "GET /?camp-fire%2F68652692.html HTTP/1.1" 500 - "-" "Mozilla/5.0 (compatible; SemrushBot/7~bl; +http://www.semrush.com/bot.html)" "mantech8.com"
207.46.13.100 - - [01/Dec/2022:16:59:19 -0800] "GET /index.php/Wf2o-95a89ebe-G68gl.Ii HTTP/1.1" 200 64218 "-" "Mozilla/5.0 (compatible; bingbot/2.0; +http://www.bing.com/bingbot.htm)" "mantech8.com"
185.191.171.39 - - [01/Dec/2022:16:59:43 -0800] "GET /?camp-fire%2F29527389.html HTTP/1.1" 500 - "-" "Mozilla/5.0 (compatible; SemrushBot/7~bl; +http://www.semrush.com/bot.html)" "mantech8.com"
185.191.171.45 - - [01/Dec/2022:16:59:50 -0800] "GET /?camp-fire%2F14514124.html HTTP/1.1" 500 - "-" "Mozilla/5.0 (compatible; SemrushBot/7~bl; +http://www.semrush.com/bot.html)" "mantech8.com"
185.191.171.6 - - [01/Dec/2022:16:59:54 -0800] "GET /?camp-fire%2F44777517.html HTTP/1.1" 500 - "-" "Mozilla/5.0 (compatible; SemrushBot/7~bl; +http://www.semrush.com/bot.html)" "mantech8.com"
185.191.171.39 - - [01/Dec/2022:17:00:14 -0800] "GET /?camp-fire%2F58433934.html HTTP/1.1" 500 - "-" "Mozilla/5.0 (compatible; SemrushBot/7~bl; +http://www.semrush.com/bot.html)" "mantech8.com"
185.191.171.43 - - [01/Dec/2022:17:00:22 -0800] "GET /?camp-fire%2F2827090.html HTTP/1.1" 500 - "-" "Mozilla/5.0 (compatible; SemrushBot/7~bl; +http://www.semrush.com/bot.html)" "mantech8.com"
185.191.171.1 - - [01/Dec/2022:17:00:44 -0800] "GET /?camp-fire%2F19160532.html HTTP/1.1" 500 - "-" "Mozilla/5.0 (compatible; SemrushBot/7~bl; +http://www.semrush.com/bot.html)" "mantech8.com"
207.46.13.125 - - [01/Dec/2022:17:00:52 -0800] "GET /index.php/txf8-ebadd-Ale35.Ii HTTP/1.1" 200 78122 "-" "Mozilla/5.0 (compatible; bingbot/2.0; +http://www.bing.com/bingbot.htm)" "mantech8.com"
207.46.13.125 - - [01/Dec/2022:17:00:52 -0800] "GET /index.php/d954aebcf HTTP/1.1" 200 58960 "-" "Mozilla/5.0 AppleWebKit/537.36 (KHTML, like Gecko; compatible; bingbot/2.0; +http://www.bing.com/bingbot.htm) Chrome/103.0.5060.134 Safari/537.36" "mantech8.com"
185.191.171.11 - - [01/Dec/2022:17:01:03 -0800] "GET /index.php?camp-fire%2F8765008.html HTTP/1.1" 500 - "-" "Mozilla/5.0 (compatible; SemrushBot/7~bl; +http://www.semrush.com/bot.html)" "mantech8.com"
40.77.167.26 - - [01/Dec/2022:17:01:09 -0800] "GET /index.php/blJc-f00cabbfb-kwsWC.Ii HTTP/1.1" 200 70777 "-" "Mozilla/5.0 (compatible; bingbot/2.0; +http://www.bing.com/bingbot.htm)" "mantech8.com"
185.191.171.35 - - [01/Dec/2022:17:01:59 -0800] "GET /index.php?camp-fire%2F486569.html HTTP/1.1" 500 - "-" "Mozilla/5.0 (compatible; SemrushBot/7~bl; +http://www.semrush.com/bot.html)" "mantech8.com"
185.191.171.40 - - [01/Dec/2022:17:02:01 -0800] "GET /index.php/camp-fire/40379450.html HTTP/1.1" 500 - "-" "Mozilla/5.0 (compatible; SemrushBot/7~bl; +http://www.semrush.com/bot.html)" "mantech8.com"
157.55.39.123 - - [01/Dec/2022:17:02:18 -0800] "GET /index.php/eayh-15beb-rmfcf.ii HTTP/1.1" 200 67186 "-" "Mozilla/5.0 AppleWebKit/537.36 (KHTML, like Gecko; compatible; bingbot/2.0; +http://www.bing.com/bingbot.htm) Chrome/103.0.5060.134 Safari/537.36" "mantech8.com"
185.191.171.15 - - [01/Dec/2022:17:02:27 -0800] "GET /index.php/camp-fire/28874866.html HTTP/1.1" 500 - "-" "Mozilla/5.0 (compatible; SemrushBot/7~bl; +http://www.semrush.com/bot.html)" "mantech8.com"
185.191.171.33 - - [01/Dec/2022:17:02:39 -0800] "GET /index.php?camp-fire%2F8258021.html HTTP/1.1" 500 - "-" "Mozilla/5.0 (compatible; SemrushBot/7~bl; +http://www.semrush.com/bot.html)" "mantech8.com"
40.77.167.26 - - [01/Dec/2022:17:03:50 -0800] "GET /index.php/gvdr-35bbbefc-vjy2l.ii HTTP/1.1" 200 62333 "-" "Mozilla/5.0 AppleWebKit/537.36 (KHTML, like Gecko; compatible; bingbot/2.0; +http://www.bing.com/bingbot.htm) Chrome/103.0.5060.134 Safari/537.36" "mantech8.com"
185.191.171.23 - - [01/Dec/2022:17:03:52 -0800] "GET /?camp-fire%2F14007293.html HTTP/1.1" 500 - "-" "Mozilla/5.0 (compatible; SemrushBot/7~bl; +http://www.semrush.com/bot.html)" "mantech8.com"
185.191.171.21 - - [01/Dec/2022:17:04:02 -0800] "GET /index.php?camp-fire%2F5308677.html HTTP/1.1" 500 - "-" "Mozilla/5.0 (compatible; SemrushBot/7~bl; +http://www.semrush.com/bot.html)" "mantech8.com"
185.191.171.21 - - [01/Dec/2022:17:04:11 -0800] "GET /?camp-fire%2F91243550.html HTTP/1.1" 500 - "-" "Mozilla/5.0 (compatible; SemrushBot/7~bl; +http://www.semrush.com/bot.html)" "mantech8.com"
185.191.171.8 - - [01/Dec/2022:17:04:31 -0800] "GET /index.php/camp-fire/33089616.html HTTP/1.1" 500 - "-" "Mozilla/5.0 (compatible; SemrushBot/7~bl; +http://www.semrush.com/bot.html)" "mantech8.com"
207.46.13.125 - - [01/Dec/2022:17:05:13 -0800] "GET /index.php/naq6-ccdc-inied.ii HTTP/1.1" 200 65912 "-" "Mozilla/5.0 (compatible; bingbot/2.0; +http://www.bing.com/bingbot.htm)" "mantech8.com"
185.191.171.14 - - [01/Dec/2022:17:05:40 -0800] "GET /?camp-fire%2F33456177.html HTTP/1.1" 500 - "-" "Mozilla/5.0 (compatible; SemrushBot/7~bl; +http://www.semrush.com/bot.html)" "mantech8.com"
157.55.39.123 - - [01/Dec/2022:17:06:08 -0800] "GET /index.php/q5W4-76c2ececf-jLXvx.Ii HTTP/1.1" 200 75574 "-" "Mozilla/5.0 AppleWebKit/537.36 (KHTML, like Gecko; compatible; bingbot/2.0; +http://www.bing.com/bingbot.htm) Chrome/103.0.5060.134 Safari/537.36" "mantech8.com"
185.191.171.25 - - [01/Dec/2022:17:06:32 -0800] "GET /?camp-fire%2F45478250.html HTTP/1.1" 500 - "-" "Mozilla/5.0 (compatible; SemrushBot/7~bl; +http://www.semrush.com/bot.html)" "mantech8.com"
185.191.171.14 - - [01/Dec/2022:17:06:37 -0800] "GET /?camp-fire%2F28495671.html HTTP/1.1" 500 - "-" "Mozilla/5.0 (compatible; SemrushBot/7~bl; +http://www.semrush.com/bot.html)" "mantech8.com"
185.191.171.3 - - [01/Dec/2022:17:06:50 -0800] "GET /?camp-fire%2F61190303.html HTTP/1.1" 500 - "-" "Mozilla/5.0 (compatible; SemrushBot/7~bl; +http://www.semrush.com/bot.html)" "mantech8.com"
185.191.171.34 - - [01/Dec/2022:17:07:22 -0800] "GET /index.php?camp-fire%2F4414785.html HTTP/1.1" 500 - "-" "Mozilla/5.0 (compatible; SemrushBot/7~bl; +http://www.semrush.com/bot.html)" "mantech8.com"
185.191.171.3 - - [01/Dec/2022:17:07:36 -0800] "GET /?camp-fire%2F97418980.html HTTP/1.1" 500 - "-" "Mozilla/5.0 (compatible; SemrushBot/7~bl; +http://www.semrush.com/bot.html)" "mantech8.com"
157.55.39.123 - - [01/Dec/2022:17:07:38 -0800] "GET /index.php/s0kv-96ad-osrap.ii HTTP/1.1" 200 66250 "-" "Mozilla/5.0 (compatible; bingbot/2.0; +http://www.bing.com/bingbot.htm)" "mantech8.com"
185.191.171.15 - - [01/Dec/2022:17:08:14 -0800] "GET /index.php/camp-fire/94553206.html HTTP/1.1" 500 - "-" "Mozilla/5.0 (compatible; SemrushBot/7~bl; +http://www.semrush.com/bot.html)" "mantech8.com"
185.191.171.1 - - [01/Dec/2022:17:08:25 -0800] "GET /index.php?camp-fire%2F2676493.html HTTP/1.1" 500 - "-" "Mozilla/5.0 (compatible; SemrushBot/7~bl; +http://www.semrush.com/bot.html)" "mantech8.com"
185.191.171.1 - - [01/Dec/2022:17:08:43 -0800] "GET /?camp-fire%2F68173671.html HTTP/1.1" 500 - "-" "Mozilla/5.0 (compatible; SemrushBot/7~bl; +http://www.semrush.com/bot.html)" "mantech8.com"
185.191.171.11 - - [01/Dec/2022:17:08:46 -0800] "GET /?camp-fire%2F14942500.html HTTP/1.1" 500 - "-" "Mozilla/5.0 (compatible; SemrushBot/7~bl; +http://www.semrush.com/bot.html)" "mantech8.com"
185.191.171.1 - - [01/Dec/2022:17:09:20 -0800] "GET /?camp-fire%2F43894478.html HTTP/1.1" 500 - "-" "Mozilla/5.0 (compatible; SemrushBot/7~bl; +http://www.semrush.com/bot.html)" "mantech8.com"
185.191.171.37 - - [01/Dec/2022:17:09:32 -0800] "GET /index.php?camp-fire%2F7701308.html HTTP/1.1" 500 - "-" "Mozilla/5.0 (compatible; SemrushBot/7~bl; +http://www.semrush.com/bot.html)" "mantech8.com"
40.77.167.26 - - [01/Dec/2022:17:09:50 -0800] "GET /index.php/b1ecaddfd HTTP/1.1" 200 79656 "-" "Mozilla/5.0 (compatible; bingbot/2.0; +http://www.bing.com/bingbot.htm)" "mantech8.com"
185.191.171.1 - - [01/Dec/2022:17:10:54 -0800] "GET /?camp-fire%2F35275738.html HTTP/1.1" 500 - "-" "Mozilla/5.0 (compatible; SemrushBot/7~bl; +http://www.semrush.com/bot.html)" "mantech8.com"
207.46.13.100 - - [01/Dec/2022:17:11:41 -0800] "GET /index.php/wf2o-f082adeacf-g6zf5.ii HTTP/1.1" 200 70185 "-" "Mozilla/5.0 (compatible; bingbot/2.0; +http://www.bing.com/bingbot.htm)" "mantech8.com"
114.119.130.12 - - [01/Dec/2022:17:11:49 -0800] "GET /index.php/sitemap6111.xml HTTP/1.1" 200 289175 "-" "Mozilla/5.0 (compatible;PetalBot;+https://webmaster.petalsearch.com/site/petalbot)" "mantech8.com"
185.191.171.45 - - [01/Dec/2022:17:12:04 -0800] "GET /index.php/camp-fire/33112416.html HTTP/1.1" 500 - "-" "Mozilla/5.0 (compatible; SemrushBot/7~bl; +http://www.semrush.com/bot.html)" "mantech8.com"
185.191.171.38 - - [01/Dec/2022:17:12:45 -0800] "GET /index.php?camp-fire%2F5870155.html HTTP/1.1" 500 - "-" "Mozilla/5.0 (compatible; SemrushBot/7~bl; +http://www.semrush.com/bot.html)" "mantech8.com"
157.55.39.138 - - [01/Dec/2022:17:12:51 -0800] "GET /index.php/okoc-80bde-luohk.ii HTTP/1.1" 200 73062 "-" "Mozilla/5.0 (compatible; bingbot/2.0; +http://www.bing.com/bingbot.htm)" "mantech8.com"
185.191.171.39 - - [01/Dec/2022:17:13:09 -0800] "GET /?camp-fire%2F45980508.html HTTP/1.1" 500 - "-" "Mozilla/5.0 (compatible; SemrushBot/7~bl; +http://www.semrush.com/bot.html)" "mantech8.com"
185.191.171.35 - - [01/Dec/2022:17:13:21 -0800] "GET /?camp-fire%2F52057503.html HTTP/1.1" 500 - "-" "Mozilla/5.0 (compatible; SemrushBot/7~bl; +http://www.semrush.com/bot.html)" "mantech8.com"
185.191.171.2 - - [01/Dec/2022:17:13:27 -0800] "GET /?camp-fire%2F56409335.html HTTP/1.1" 500 - "-" "Mozilla/5.0 (compatible; SemrushBot/7~bl; +http://www.semrush.com/bot.html)" "mantech8.com"
185.191.171.4 - - [01/Dec/2022:17:13:42 -0800] "GET /?camp-fire%2F55572650.html HTTP/1.1" 500 - "-" "Mozilla/5.0 (compatible; SemrushBot/7~bl; +http://www.semrush.com/bot.html)" "mantech8.com"
