185.191.171.3 - - [02/Dec/2022:08:11:47 -0800] "GET /?camp-fire%2F27200132.html HTTP/1.1" 500 - "-" "Mozilla/5.0 (compatible; SemrushBot/7~bl; +http://www.semrush.com/bot.html)" "mantech8.com"
157.55.39.138 - - [02/Dec/2022:08:11:47 -0800] "GET /index.php/okoc-80bde-luohk.ii HTTP/1.1" 200 72521 "-" "Mozilla/5.0 AppleWebKit/537.36 (KHTML, like Gecko; compatible; bingbot/2.0; +http://www.bing.com/bingbot.htm) Chrome/103.0.5060.134 Safari/537.36" "mantech8.com"
40.77.167.26 - - [02/Dec/2022:08:11:53 -0800] "GET /index.php/egy1-39b18aae-vxist.ii HTTP/1.1" 200 103766 "-" "Mozilla/5.0 AppleWebKit/537.36 (KHTML, like Gecko; compatible; bingbot/2.0; +http://www.bing.com/bingbot.htm) Chrome/103.0.5060.134 Safari/537.36" "mantech8.com"
40.77.167.26 - - [02/Dec/2022:08:11:54 -0800] "GET /index.php/q5w4-11eb-jkyna.ii HTTP/1.1" 200 68750 "-" "Mozilla/5.0 (compatible; bingbot/2.0; +http://www.bing.com/bingbot.htm)" "mantech8.com"
185.191.171.4 - - [02/Dec/2022:08:12:12 -0800] "GET /?camp-fire%2F84726208.html HTTP/1.1" 500 - "-" "Mozilla/5.0 (compatible; SemrushBot/7~bl; +http://www.semrush.com/bot.html)" "mantech8.com"
185.191.171.38 - - [02/Dec/2022:08:12:16 -0800] "GET /?camp-fire%2F76869077.html HTTP/1.1" 500 - "-" "Mozilla/5.0 (compatible; SemrushBot/7~bl; +http://www.semrush.com/bot.html)" "mantech8.com"
185.191.171.38 - - [02/Dec/2022:08:12:24 -0800] "GET /?camp-fire%2F41402871.html HTTP/1.1" 500 - "-" "Mozilla/5.0 (compatible; SemrushBot/7~bl; +http://www.semrush.com/bot.html)" "mantech8.com"
207.46.13.100 - - [02/Dec/2022:08:12:57 -0800] "GET /index.php/nwtf-d6ac-4aivv.ii HTTP/1.1" 200 66317 "-" "Mozilla/5.0 AppleWebKit/537.36 (KHTML, like Gecko; compatible; bingbot/2.0; +http://www.bing.com/bingbot.htm) Chrome/103.0.5060.134 Safari/537.36" "mantech8.com"
185.191.171.4 - - [02/Dec/2022:08:13:01 -0800] "GET /?camp-fire%2F98781203.html HTTP/1.1" 500 - "-" "Mozilla/5.0 (compatible; SemrushBot/7~bl; +http://www.semrush.com/bot.html)" "mantech8.com"
185.191.171.35 - - [02/Dec/2022:08:13:11 -0800] "GET /?camp-fire%2F78935893.html HTTP/1.1" 500 - "-" "Mozilla/5.0 (compatible; SemrushBot/7~bl; +http://www.semrush.com/bot.html)" "mantech8.com"
40.77.167.67 - - [02/Dec/2022:08:13:32 -0800] "GET /index.php/q5w4-af9e2ffcaa-jputk.ii HTTP/1.1" 200 66828 "-" "Mozilla/5.0 (compatible; bingbot/2.0; +http://www.bing.com/bingbot.htm)" "mantech8.com"
185.191.171.3 - - [02/Dec/2022:08:13:38 -0800] "GET /?camp-fire%2F58122972.html HTTP/1.1" 500 - "-" "Mozilla/5.0 (compatible; SemrushBot/7~bl; +http://www.semrush.com/bot.html)" "mantech8.com"
185.191.171.37 - - [02/Dec/2022:08:13:59 -0800] "GET /?camp-fire%2F18688661.html HTTP/1.1" 500 - "-" "Mozilla/5.0 (compatible; SemrushBot/7~bl; +http://www.semrush.com/bot.html)" "mantech8.com"
157.55.39.138 - - [02/Dec/2022:08:14:09 -0800] "GET /index.php/zsuz-43b5dbce-simol.ii HTTP/1.1" 200 66543 "-" "Mozilla/5.0 AppleWebKit/537.36 (KHTML, like Gecko; compatible; bingbot/2.0; +http://www.bing.com/bingbot.htm) Chrome/103.0.5060.134 Safari/537.36" "mantech8.com"
185.191.171.21 - - [02/Dec/2022:08:14:19 -0800] "GET /?camp-fire%2F56545553.html HTTP/1.1" 500 - "-" "Mozilla/5.0 (compatible; SemrushBot/7~bl; +http://www.semrush.com/bot.html)" "mantech8.com"
185.191.171.37 - - [02/Dec/2022:08:14:57 -0800] "GET /?camp-fire%2F65761172.html HTTP/1.1" 500 - "-" "Mozilla/5.0 (compatible; SemrushBot/7~bl; +http://www.semrush.com/bot.html)" "mantech8.com"
185.191.171.24 - - [02/Dec/2022:08:15:18 -0800] "GET /?camp-fire%2F91895433.html HTTP/1.1" 500 - "-" "Mozilla/5.0 (compatible; SemrushBot/7~bl; +http://www.semrush.com/bot.html)" "mantech8.com"
157.55.39.138 - - [02/Dec/2022:08:15:29 -0800] "GET /index.php/b8adf HTTP/1.1" 200 66289 "-" "Mozilla/5.0 (compatible; bingbot/2.0; +http://www.bing.com/bingbot.htm)" "mantech8.com"
185.191.171.38 - - [02/Dec/2022:08:16:25 -0800] "GET /?camp-fire%2F55993583.html HTTP/1.1" 500 - "-" "Mozilla/5.0 (compatible; SemrushBot/7~bl; +http://www.semrush.com/bot.html)" "mantech8.com"
185.191.171.2 - - [02/Dec/2022:08:17:13 -0800] "GET /?camp-fire%2F44602364.html HTTP/1.1" 500 - "-" "Mozilla/5.0 (compatible; SemrushBot/7~bl; +http://www.semrush.com/bot.html)" "mantech8.com"
185.191.171.36 - - [02/Dec/2022:08:17:30 -0800] "GET /?camp-fire%2F65726987.html HTTP/1.1" 500 - "-" "Mozilla/5.0 (compatible; SemrushBot/7~bl; +http://www.semrush.com/bot.html)" "mantech8.com"
185.191.171.18 - - [02/Dec/2022:08:17:47 -0800] "GET /?camp-fire%2F42967434.html HTTP/1.1" 500 - "-" "Mozilla/5.0 (compatible; SemrushBot/7~bl; +http://www.semrush.com/bot.html)" "mantech8.com"
185.191.171.41 - - [02/Dec/2022:08:18:32 -0800] "GET /?camp-fire%2F76844046.html HTTP/1.1" 500 - "-" "Mozilla/5.0 (compatible; SemrushBot/7~bl; +http://www.semrush.com/bot.html)" "mantech8.com"
185.191.171.34 - - [02/Dec/2022:08:18:39 -0800] "GET /?camp-fire%2F35857138.html HTTP/1.1" 500 - "-" "Mozilla/5.0 (compatible; SemrushBot/7~bl; +http://www.semrush.com/bot.html)" "mantech8.com"
185.191.171.21 - - [02/Dec/2022:08:18:58 -0800] "GET /?camp-fire%2F42477230.html HTTP/1.1" 500 - "-" "Mozilla/5.0 (compatible; SemrushBot/7~bl; +http://www.semrush.com/bot.html)" "mantech8.com"
185.191.171.11 - - [02/Dec/2022:08:19:41 -0800] "GET /?camp-fire%2F63363750.html HTTP/1.1" 500 - "-" "Mozilla/5.0 (compatible; SemrushBot/7~bl; +http://www.semrush.com/bot.html)" "mantech8.com"
114.119.148.208 - - [02/Dec/2022:08:20:06 -0800] "GET /sitemap3607.xml HTTP/1.1" 404 88 "-" "Mozilla/5.0 (compatible;PetalBot;+https://webmaster.petalsearch.com/site/petalbot)" "mantech8.com"
185.191.171.26 - - [02/Dec/2022:08:20:19 -0800] "GET /?camp-fire%2F64773542.html HTTP/1.1" 500 - "-" "Mozilla/5.0 (compatible; SemrushBot/7~bl; +http://www.semrush.com/bot.html)" "mantech8.com"
185.191.171.15 - - [02/Dec/2022:08:20:31 -0800] "GET /?camp-fire%2F72758476.html HTTP/1.1" 500 - "-" "Mozilla/5.0 (compatible; SemrushBot/7~bl; +http://www.semrush.com/bot.html)" "mantech8.com"
40.77.167.67 - - [02/Dec/2022:08:20:50 -0800] "GET /index.php/mcko-d8efb-vy8rl.ii HTTP/1.1" 200 68863 "-" "Mozilla/5.0 AppleWebKit/537.36 (KHTML, like Gecko; compatible; bingbot/2.0; +http://www.bing.com/bingbot.htm) Chrome/103.0.5060.134 Safari/537.36" "mantech8.com"
40.77.167.67 - - [02/Dec/2022:08:20:51 -0800] "GET /index.php/yhfg-931caccac-popox.ii HTTP/1.1" 200 61008 "-" "Mozilla/5.0 (compatible; bingbot/2.0; +http://www.bing.com/bingbot.htm)" "mantech8.com"
40.77.167.67 - - [02/Dec/2022:08:20:52 -0800] "GET /index.php/afe05aec HTTP/1.1" 200 69690 "-" "Mozilla/5.0 (compatible; bingbot/2.0; +http://www.bing.com/bingbot.htm)" "mantech8.com"
185.191.171.36 - - [02/Dec/2022:08:21:12 -0800] "GET /?camp-fire%2F77905659.html HTTP/1.1" 500 - "-" "Mozilla/5.0 (compatible; SemrushBot/7~bl; +http://www.semrush.com/bot.html)" "mantech8.com"
185.191.171.25 - - [02/Dec/2022:08:21:18 -0800] "GET /?camp-fire%2F43654509.html HTTP/1.1" 500 - "-" "Mozilla/5.0 (compatible; SemrushBot/7~bl; +http://www.semrush.com/bot.html)" "mantech8.com"
185.191.171.24 - - [02/Dec/2022:08:21:36 -0800] "GET /?camp-fire%2F58318238.html HTTP/1.1" 500 - "-" "Mozilla/5.0 (compatible; SemrushBot/7~bl; +http://www.semrush.com/bot.html)" "mantech8.com"
185.191.171.43 - - [02/Dec/2022:08:21:45 -0800] "GET /?camp-fire%2F81700535.html HTTP/1.1" 500 - "-" "Mozilla/5.0 (compatible; SemrushBot/7~bl; +http://www.semrush.com/bot.html)" "mantech8.com"
185.191.171.17 - - [02/Dec/2022:08:22:39 -0800] "GET /?camp-fire%2F72491846.html HTTP/1.1" 500 - "-" "Mozilla/5.0 (compatible; SemrushBot/7~bl; +http://www.semrush.com/bot.html)" "mantech8.com"
185.191.171.8 - - [02/Dec/2022:08:22:41 -0800] "GET /?camp-fire%2F42215841.html HTTP/1.1" 500 - "-" "Mozilla/5.0 (compatible; SemrushBot/7~bl; +http://www.semrush.com/bot.html)" "mantech8.com"
185.191.171.8 - - [02/Dec/2022:08:22:43 -0800] "GET /?camp-fire%2F17475965.html HTTP/1.1" 500 - "-" "Mozilla/5.0 (compatible; SemrushBot/7~bl; +http://www.semrush.com/bot.html)" "mantech8.com"
185.191.171.14 - - [02/Dec/2022:08:22:44 -0800] "GET /?camp-fire%2F45415908.html HTTP/1.1" 500 - "-" "Mozilla/5.0 (compatible; SemrushBot/7~bl; +http://www.semrush.com/bot.html)" "mantech8.com"
185.191.171.19 - - [02/Dec/2022:08:22:45 -0800] "GET /?camp-fire%2F80243721.html HTTP/1.1" 500 - "-" "Mozilla/5.0 (compatible; SemrushBot/7~bl; +http://www.semrush.com/bot.html)" "mantech8.com"
185.191.171.3 - - [02/Dec/2022:08:23:00 -0800] "GET /index.php?camp-fire%2F3944293.html HTTP/1.1" 500 - "-" "Mozilla/5.0 (compatible; SemrushBot/7~bl; +http://www.semrush.com/bot.html)" "mantech8.com"
207.46.13.125 - - [02/Dec/2022:08:23:43 -0800] "GET /index.php/yhfg-7d8bffeae-pphxj.ii HTTP/1.1" 200 63578 "-" "Mozilla/5.0 (compatible; bingbot/2.0; +http://www.bing.com/bingbot.htm)" "mantech8.com"
185.191.171.37 - - [02/Dec/2022:08:24:42 -0800] "GET /?camp-fire%2F68583538.html HTTP/1.1" 500 - "-" "Mozilla/5.0 (compatible; SemrushBot/7~bl; +http://www.semrush.com/bot.html)" "mantech8.com"
185.191.171.26 - - [02/Dec/2022:08:24:51 -0800] "GET /?camp-fire%2F40301950.html HTTP/1.1" 500 - "-" "Mozilla/5.0 (compatible; SemrushBot/7~bl; +http://www.semrush.com/bot.html)" "mantech8.com"
157.55.39.138 - - [02/Dec/2022:08:25:00 -0800] "GET /index.php/eb5r-3b4b1abb-lcrgl.ii HTTP/1.1" 200 64065 "-" "Mozilla/5.0 AppleWebKit/537.36 (KHTML, like Gecko; compatible; bingbot/2.0; +http://www.bing.com/bingbot.htm) Chrome/103.0.5060.134 Safari/537.36" "mantech8.com"
157.55.39.138 - - [02/Dec/2022:08:25:02 -0800] "GET /index.php/imvf-98d4abaaec-hawns.ii HTTP/1.1" 200 63795 "-" "Mozilla/5.0 AppleWebKit/537.36 (KHTML, like Gecko; compatible; bingbot/2.0; +http://www.bing.com/bingbot.htm) Chrome/103.0.5060.134 Safari/537.36" "mantech8.com"
185.191.171.3 - - [02/Dec/2022:08:25:38 -0800] "GET /?camp-fire%2F75563621.html HTTP/1.1" 500 - "-" "Mozilla/5.0 (compatible; SemrushBot/7~bl; +http://www.semrush.com/bot.html)" "mantech8.com"
185.191.171.18 - - [02/Dec/2022:08:25:51 -0800] "GET /?camp-fire%2F67959524.html HTTP/1.1" 500 - "-" "Mozilla/5.0 (compatible; SemrushBot/7~bl; +http://www.semrush.com/bot.html)" "mantech8.com"
157.55.39.123 - - [02/Dec/2022:08:25:57 -0800] "GET /index.php/e4f6bdeeea HTTP/1.1" 200 62743 "-" "Mozilla/5.0 (compatible; bingbot/2.0; +http://www.bing.com/bingbot.htm)" "mantech8.com"
185.191.171.20 - - [02/Dec/2022:08:26:00 -0800] "GET /?camp-fire%2F50975761.html HTTP/1.1" 500 - "-" "Mozilla/5.0 (compatible; SemrushBot/7~bl; +http://www.semrush.com/bot.html)" "mantech8.com"
40.77.167.67 - - [02/Dec/2022:08:26:02 -0800] "GET /index.php/naq6-f3adfaadd-inkmr.ii HTTP/1.1" 200 75439 "-" "Mozilla/5.0 AppleWebKit/537.36 (KHTML, like Gecko; compatible; bingbot/2.0; +http://www.bing.com/bingbot.htm) Chrome/103.0.5060.134 Safari/537.36" "mantech8.com"
101.255.166.134 - - [02/Dec/2022:08:26:46 -0800] "GET /contact.php HTTP/1.1" 200 29238 "http://mantech8.com/contact.php" "Mozilla/5.0 (Windows NT 6.1) AppleWebKit/537.36 (KHTML, like Gecko) Chrome/90.0.4430.93 Safari/537.36" "mantech8.com"
185.191.171.8 - - [02/Dec/2022:08:27:28 -0800] "GET /?camp-fire%2F35796638.html HTTP/1.1" 500 - "-" "Mozilla/5.0 (compatible; SemrushBot/7~bl; +http://www.semrush.com/bot.html)" "mantech8.com"
185.191.171.10 - - [02/Dec/2022:08:27:40 -0800] "GET /?camp-fire%2F82341803.html HTTP/1.1" 500 - "-" "Mozilla/5.0 (compatible; SemrushBot/7~bl; +http://www.semrush.com/bot.html)" "mantech8.com"
185.191.171.2 - - [02/Dec/2022:08:27:51 -0800] "GET /?camp-fire%2F66293803.html HTTP/1.1" 500 - "-" "Mozilla/5.0 (compatible; SemrushBot/7~bl; +http://www.semrush.com/bot.html)" "mantech8.com"
185.191.171.39 - - [02/Dec/2022:08:27:52 -0800] "GET /?camp-fire%2F52793359.html HTTP/1.1" 500 - "-" "Mozilla/5.0 (compatible; SemrushBot/7~bl; +http://www.semrush.com/bot.html)" "mantech8.com"
40.77.167.26 - - [02/Dec/2022:08:28:04 -0800] "GET /index.php/q5w4-19c7fbceea-jkcbk.ii HTTP/1.1" 200 67368 "-" "Mozilla/5.0 (compatible; bingbot/2.0; +http://www.bing.com/bingbot.htm)" "mantech8.com"
40.77.167.26 - - [02/Dec/2022:08:28:08 -0800] "GET /index.php/mhxm-a4f8accac-jg3sk.ii HTTP/1.1" 200 70902 "-" "Mozilla/5.0 (compatible; bingbot/2.0; +http://www.bing.com/bingbot.htm)" "mantech8.com"
40.77.167.26 - - [02/Dec/2022:08:28:15 -0800] "GET /index.php/mkjw-1b7caeedc-bhtro.ii HTTP/1.1" 200 64197 "-" "Mozilla/5.0 (compatible; bingbot/2.0; +http://www.bing.com/bingbot.htm)" "mantech8.com"
40.77.167.26 - - [02/Dec/2022:08:28:15 -0800] "GET /index.php/egy1-65f3acbaca-vend3.ii HTTP/1.1" 200 65890 "-" "Mozilla/5.0 (compatible; bingbot/2.0; +http://www.bing.com/bingbot.htm)" "mantech8.com"
185.191.171.41 - - [02/Dec/2022:08:28:42 -0800] "GET /?camp-fire%2F52398359.html HTTP/1.1" 500 - "-" "Mozilla/5.0 (compatible; SemrushBot/7~bl; +http://www.semrush.com/bot.html)" "mantech8.com"
40.77.167.26 - - [02/Dec/2022:08:28:45 -0800] "GET /index.php/mhxm-df97aeabae-jtdsr.ii HTTP/1.1" 200 61398 "-" "Mozilla/5.0 (compatible; bingbot/2.0; +http://www.bing.com/bingbot.htm)" "mantech8.com"
185.191.171.35 - - [02/Dec/2022:08:28:53 -0800] "GET /?camp-fire%2F44137265.html HTTP/1.1" 500 - "-" "Mozilla/5.0 (compatible; SemrushBot/7~bl; +http://www.semrush.com/bot.html)" "mantech8.com"
157.55.39.123 - - [02/Dec/2022:08:28:56 -0800] "GET /index.php/03ce HTTP/1.1" 200 65920 "-" "Mozilla/5.0 AppleWebKit/537.36 (KHTML, like Gecko; compatible; bingbot/2.0; +http://www.bing.com/bingbot.htm) Chrome/103.0.5060.134 Safari/537.36" "mantech8.com"
185.191.171.35 - - [02/Dec/2022:08:29:08 -0800] "GET /?camp-fire%2F35949438.html HTTP/1.1" 500 - "-" "Mozilla/5.0 (compatible; SemrushBot/7~bl; +http://www.semrush.com/bot.html)" "mantech8.com"
185.191.171.37 - - [02/Dec/2022:08:29:32 -0800] "GET /?camp-fire%2F60531009.html HTTP/1.1" 500 - "-" "Mozilla/5.0 (compatible; SemrushBot/7~bl; +http://www.semrush.com/bot.html)" "mantech8.com"
185.191.171.24 - - [02/Dec/2022:08:30:01 -0800] "GET /?camp-fire%2F14927709.html HTTP/1.1" 500 - "-" "Mozilla/5.0 (compatible; SemrushBot/7~bl; +http://www.semrush.com/bot.html)" "mantech8.com"
185.191.171.6 - - [02/Dec/2022:08:30:03 -0800] "GET /?camp-fire%2F79586135.html HTTP/1.1" 500 - "-" "Mozilla/5.0 (compatible; SemrushBot/7~bl; +http://www.semrush.com/bot.html)" "mantech8.com"
185.191.171.8 - - [02/Dec/2022:08:30:13 -0800] "GET /?camp-fire%2F55752502.html HTTP/1.1" 500 - "-" "Mozilla/5.0 (compatible; SemrushBot/7~bl; +http://www.semrush.com/bot.html)" "mantech8.com"
185.191.171.37 - - [02/Dec/2022:08:30:19 -0800] "GET /?camp-fire%2F90784108.html HTTP/1.1" 500 - "-" "Mozilla/5.0 (compatible; SemrushBot/7~bl; +http://www.semrush.com/bot.html)" "mantech8.com"
185.191.171.14 - - [02/Dec/2022:08:30:34 -0800] "GET /?camp-fire%2F71611103.html HTTP/1.1" 500 - "-" "Mozilla/5.0 (compatible; SemrushBot/7~bl; +http://www.semrush.com/bot.html)" "mantech8.com"
40.77.167.67 - - [02/Dec/2022:08:30:40 -0800] "GET /index.php/aqJi-7be0fbfbe-nEvBP.Ii HTTP/1.1" 200 66952 "-" "Mozilla/5.0 (compatible; bingbot/2.0; +http://www.bing.com/bingbot.htm)" "mantech8.com"
40.77.167.67 - - [02/Dec/2022:08:30:41 -0800] "GET /index.php/OUC0-adddccfb-FjOYl.Ii HTTP/1.1" 200 68343 "-" "Mozilla/5.0 AppleWebKit/537.36 (KHTML, like Gecko; compatible; bingbot/2.0; +http://www.bing.com/bingbot.htm) Chrome/103.0.5060.134 Safari/537.36" "mantech8.com"
40.77.167.67 - - [02/Dec/2022:08:30:42 -0800] "GET /index.php/znf9-bb67fcbba-qzsj6.ii HTTP/1.1" 200 60481 "-" "Mozilla/5.0 (compatible; bingbot/2.0; +http://www.bing.com/bingbot.htm)" "mantech8.com"
185.191.171.39 - - [02/Dec/2022:08:31:25 -0800] "GET /?camp-fire%2F47330138.html HTTP/1.1" 500 - "-" "Mozilla/5.0 (compatible; SemrushBot/7~bl; +http://www.semrush.com/bot.html)" "mantech8.com"
157.55.39.138 - - [02/Dec/2022:08:32:18 -0800] "GET /index.php/KJZ2-e86afcdec-hAbln.Ii HTTP/1.1" 200 66155 "-" "Mozilla/5.0 (compatible; bingbot/2.0; +http://www.bing.com/bingbot.htm)" "mantech8.com"
157.55.39.138 - - [02/Dec/2022:08:32:19 -0800] "GET /index.php/43d9afedf HTTP/1.1" 200 61442 "-" "Mozilla/5.0 AppleWebKit/537.36 (KHTML, like Gecko; compatible; bingbot/2.0; +http://www.bing.com/bingbot.htm) Chrome/103.0.5060.134 Safari/537.36" "mantech8.com"
157.55.39.138 - - [02/Dec/2022:08:32:19 -0800] "GET /index.php/8ceacfabdb HTTP/1.1" 200 72439 "-" "Mozilla/5.0 AppleWebKit/537.36 (KHTML, like Gecko; compatible; bingbot/2.0; +http://www.bing.com/bingbot.htm) Chrome/103.0.5060.134 Safari/537.36" "mantech8.com"
185.191.171.39 - - [02/Dec/2022:08:32:47 -0800] "GET /?camp-fire%2F56142516.html HTTP/1.1" 500 - "-" "Mozilla/5.0 (compatible; SemrushBot/7~bl; +http://www.semrush.com/bot.html)" "mantech8.com"
40.77.167.26 - - [02/Dec/2022:08:32:52 -0800] "GET /index.php/VMbP-fec4fbefe-uNCzm.Ii HTTP/1.1" 200 62343 "-" "Mozilla/5.0 (compatible; bingbot/2.0; +http://www.bing.com/bingbot.htm)" "mantech8.com"
40.77.167.26 - - [02/Dec/2022:08:32:53 -0800] "GET /index.php/sa5z-e520cfdcfd-h48dc.ii HTTP/1.1" 200 61308 "-" "Mozilla/5.0 AppleWebKit/537.36 (KHTML, like Gecko; compatible; bingbot/2.0; +http://www.bing.com/bingbot.htm) Chrome/103.0.5060.134 Safari/537.36" "mantech8.com"
157.55.39.123 - - [02/Dec/2022:08:33:07 -0800] "GET /index.php/nwtf-639efdaac-3lkoq.ii HTTP/1.1" 200 76217 "-" "Mozilla/5.0 AppleWebKit/537.36 (KHTML, like Gecko; compatible; bingbot/2.0; +http://www.bing.com/bingbot.htm) Chrome/103.0.5060.134 Safari/537.36" "mantech8.com"
185.191.171.41 - - [02/Dec/2022:08:34:06 -0800] "GET /?camp-fire%2F40983402.html HTTP/1.1" 500 - "-" "Mozilla/5.0 (compatible; SemrushBot/7~bl; +http://www.semrush.com/bot.html)" "mantech8.com"
185.191.171.40 - - [02/Dec/2022:08:34:20 -0800] "GET /?camp-fire%2F42737503.html HTTP/1.1" 500 - "-" "Mozilla/5.0 (compatible; SemrushBot/7~bl; +http://www.semrush.com/bot.html)" "mantech8.com"
185.191.171.25 - - [02/Dec/2022:08:34:30 -0800] "GET /?camp-fire%2F42857534.html HTTP/1.1" 500 - "-" "Mozilla/5.0 (compatible; SemrushBot/7~bl; +http://www.semrush.com/bot.html)" "mantech8.com"
185.191.171.40 - - [02/Dec/2022:08:34:34 -0800] "GET /?camp-fire%2F42205734.html HTTP/1.1" 500 - "-" "Mozilla/5.0 (compatible; SemrushBot/7~bl; +http://www.semrush.com/bot.html)" "mantech8.com"
185.191.171.16 - - [02/Dec/2022:08:35:04 -0800] "GET /?camp-fire%2F45670117.html HTTP/1.1" 500 - "-" "Mozilla/5.0 (compatible; SemrushBot/7~bl; +http://www.semrush.com/bot.html)" "mantech8.com"
178.86.16.53 - - [02/Dec/2022:08:35:04 -0800] "GET /css/responsive1.css HTTP/1.1" 200 1710 "-" "Mozilla/5.0 (Linux; Android 12; SM-A315F) AppleWebKit/537.36 (KHTML, like Gecko) Chrome/106.0.0.0 Mobile Safari/537.36" "www.mantech8.com"
178.86.16.53 - - [02/Dec/2022:08:35:04 -0800] "GET /css/style2.css HTTP/1.1" 200 8414 "-" "Mozilla/5.0 (Linux; Android 12; SM-A315F) AppleWebKit/537.36 (KHTML, like Gecko) Chrome/106.0.0.0 Mobile Safari/537.36" "www.mantech8.com"
178.86.16.53 - - [02/Dec/2022:08:35:04 -0800] "GET /css/style.css HTTP/1.1" 200 126990 "-" "Mozilla/5.0 (Linux; Android 12; SM-A315F) AppleWebKit/537.36 (KHTML, like Gecko) Chrome/106.0.0.0 Mobile Safari/537.36" "www.mantech8.com"
207.46.13.125 - - [02/Dec/2022:08:35:04 -0800] "GET /index.php/eayh-50ff-rmmbr.ii HTTP/1.1" 200 61288 "-" "Mozilla/5.0 (compatible; bingbot/2.0; +http://www.bing.com/bingbot.htm)" "mantech8.com"
178.86.16.53 - - [02/Dec/2022:08:35:04 -0800] "GET /hydro.php HTTP/1.1" 200 14239 "-" "Mozilla/5.0 (Linux; Android 12; SM-A315F) AppleWebKit/537.36 (KHTML, like Gecko) Chrome/106.0.0.0 Mobile Safari/537.36" "www.mantech8.com"
178.86.16.53 - - [02/Dec/2022:08:35:05 -0800] "GET /engine1/jquery.js HTTP/1.1" 200 33282 "http://www.mantech8.com/hydro.php" "Mozilla/5.0 (Linux; Android 12; SM-A315F) AppleWebKit/537.36 (KHTML, like Gecko) Chrome/106.0.0.0 Mobile Safari/537.36" "www.mantech8.com"
178.86.16.53 - - [02/Dec/2022:08:35:05 -0800] "GET /css/animate.css HTTP/1.1" 200 4264 "http://www.mantech8.com/css/style2.css" "Mozilla/5.0 (Linux; Android 12; SM-A315F) AppleWebKit/537.36 (KHTML, like Gecko) Chrome/106.0.0.0 Mobile Safari/537.36" "www.mantech8.com"
178.86.16.53 - - [02/Dec/2022:08:35:05 -0800] "GET /css/hover.css HTTP/1.1" 200 8530 "http://www.mantech8.com/css/style2.css" "Mozilla/5.0 (Linux; Android 12; SM-A315F) AppleWebKit/537.36 (KHTML, like Gecko) Chrome/106.0.0.0 Mobile Safari/537.36" "www.mantech8.com"
178.86.16.53 - - [02/Dec/2022:08:35:05 -0800] "GET /css/flaticon.css HTTP/1.1" 200 321 "http://www.mantech8.com/css/style2.css" "Mozilla/5.0 (Linux; Android 12; SM-A315F) AppleWebKit/537.36 (KHTML, like Gecko) Chrome/106.0.0.0 Mobile Safari/537.36" "www.mantech8.com"
178.86.16.53 - - [02/Dec/2022:08:35:05 -0800] "GET /css/font-awesome.css HTTP/1.1" 200 5793 "http://www.mantech8.com/css/style2.css" "Mozilla/5.0 (Linux; Android 12; SM-A315F) AppleWebKit/537.36 (KHTML, like Gecko) Chrome/106.0.0.0 Mobile Safari/537.36" "www.mantech8.com"
207.46.13.125 - - [02/Dec/2022:08:35:05 -0800] "GET /index.php/mhxm-208abbbd-jgbah.ii HTTP/1.1" 200 63906 "-" "Mozilla/5.0 AppleWebKit/537.36 (KHTML, like Gecko; compatible; bingbot/2.0; +http://www.bing.com/bingbot.htm) Chrome/103.0.5060.134 Safari/537.36" "mantech8.com"
178.86.16.53 - - [02/Dec/2022:08:35:05 -0800] "GET /js/core.min.js HTTP/1.1" 200 42721 "http://www.mantech8.com/hydro.php" "Mozilla/5.0 (Linux; Android 12; SM-A315F) AppleWebKit/537.36 (KHTML, like Gecko) Chrome/106.0.0.0 Mobile Safari/537.36" "www.mantech8.com"
178.86.16.53 - - [02/Dec/2022:08:35:05 -0800] "GET /js/script1.js HTTP/1.1" 200 2007 "http://www.mantech8.com/hydro.php" "Mozilla/5.0 (Linux; Android 12; SM-A315F) AppleWebKit/537.36 (KHTML, like Gecko) Chrome/106.0.0.0 Mobile Safari/537.36" "www.mantech8.com"
178.86.16.53 - - [02/Dec/2022:08:35:06 -0800] "GET /js/bootstrap.min.js HTTP/1.1" 200 9765 "http://www.mantech8.com/hydro.php" "Mozilla/5.0 (Linux; Android 12; SM-A315F) AppleWebKit/537.36 (KHTML, like Gecko) Chrome/106.0.0.0 Mobile Safari/537.36" "www.mantech8.com"
178.86.16.53 - - [02/Dec/2022:08:35:06 -0800] "GET /bimages/ework/sh3.jpg HTTP/1.1" 200 172700 "http://www.mantech8.com/hydro.php" "Mozilla/5.0 (Linux; Android 12; SM-A315F) AppleWebKit/537.36 (KHTML, like Gecko) Chrome/106.0.0.0 Mobile Safari/537.36" "www.mantech8.com"
178.86.16.53 - - [02/Dec/2022:08:35:06 -0800] "GET /js/script.js HTTP/1.1" 200 7687 "http://www.mantech8.com/hydro.php" "Mozilla/5.0 (Linux; Android 12; SM-A315F) AppleWebKit/537.36 (KHTML, like Gecko) Chrome/106.0.0.0 Mobile Safari/537.36" "www.mantech8.com"
178.86.16.53 - - [02/Dec/2022:08:35:06 -0800] "GET /images/logo1.png HTTP/1.1" 200 2143 "http://www.mantech8.com/hydro.php" "Mozilla/5.0 (Linux; Android 12; SM-A315F) AppleWebKit/537.36 (KHTML, like Gecko) Chrome/106.0.0.0 Mobile Safari/537.36" "www.mantech8.com"
178.86.16.53 - - [02/Dec/2022:08:35:06 -0800] "GET /fonts/fontawesome-webfont.woff2?v=4.5.0 HTTP/1.1" 200 66624 "http://www.mantech8.com/css/style.css" "Mozilla/5.0 (Linux; Android 12; SM-A315F) AppleWebKit/537.36 (KHTML, like Gecko) Chrome/106.0.0.0 Mobile Safari/537.36" "www.mantech8.com"
178.86.16.53 - - [02/Dec/2022:08:35:06 -0800] "GET /fonts/MaterialIcons-Regular.woff2 HTTP/1.1" 200 36888 "http://www.mantech8.com/css/style.css" "Mozilla/5.0 (Linux; Android 12; SM-A315F) AppleWebKit/537.36 (KHTML, like Gecko) Chrome/106.0.0.0 Mobile Safari/537.36" "www.mantech8.com"
178.86.16.53 - - [02/Dec/2022:08:35:06 -0800] "GET /images/flag-23-gif.gif HTTP/1.1" 200 20141 "http://www.mantech8.com/hydro.php" "Mozilla/5.0 (Linux; Android 12; SM-A315F) AppleWebKit/537.36 (KHTML, like Gecko) Chrome/106.0.0.0 Mobile Safari/537.36" "www.mantech8.com"
207.46.13.125 - - [02/Dec/2022:08:35:06 -0800] "GET /index.php/sa5z-a5bba-h45vk.ii HTTP/1.1" 200 68258 "-" "Mozilla/5.0 AppleWebKit/537.36 (KHTML, like Gecko; compatible; bingbot/2.0; +http://www.bing.com/bingbot.htm) Chrome/103.0.5060.134 Safari/537.36" "mantech8.com"
178.86.16.53 - - [02/Dec/2022:08:35:07 -0800] "GET /images/favicon.ico HTTP/1.1" 200 241886 "http://www.mantech8.com/hydro.php" "Mozilla/5.0 (Linux; Android 12; SM-A315F) AppleWebKit/537.36 (KHTML, like Gecko) Chrome/106.0.0.0 Mobile Safari/537.36" "www.mantech8.com"
157.55.39.123 - - [02/Dec/2022:08:35:09 -0800] "GET /index.php/C1W4-edcace-lt55D.Ii HTTP/1.1" 200 62625 "-" "Mozilla/5.0 AppleWebKit/537.36 (KHTML, like Gecko; compatible; bingbot/2.0; +http://www.bing.com/bingbot.htm) Chrome/103.0.5060.134 Safari/537.36" "mantech8.com"
157.55.39.123 - - [02/Dec/2022:08:35:09 -0800] "GET /index.php/52cc/0ade HTTP/1.1" 200 66307 "-" "Mozilla/5.0 (compatible; bingbot/2.0; +http://www.bing.com/bingbot.htm)" "mantech8.com"
157.55.39.123 - - [02/Dec/2022:08:35:10 -0800] "GET /index.php/52cc HTTP/1.1" 200 63254 "-" "Mozilla/5.0 AppleWebKit/537.36 (KHTML, like Gecko; compatible; bingbot/2.0; +http://www.bing.com/bingbot.htm) Chrome/103.0.5060.134 Safari/537.36" "mantech8.com"
185.191.171.13 - - [02/Dec/2022:08:35:11 -0800] "GET /?camp-fire%2F44650672.html HTTP/1.1" 500 - "-" "Mozilla/5.0 (compatible; SemrushBot/7~bl; +http://www.semrush.com/bot.html)" "mantech8.com"
185.191.171.12 - - [02/Dec/2022:08:35:48 -0800] "GET /?camp-fire%2F49627202.html HTTP/1.1" 500 - "-" "Mozilla/5.0 (compatible; SemrushBot/7~bl; +http://www.semrush.com/bot.html)" "mantech8.com"
185.191.171.17 - - [02/Dec/2022:08:36:03 -0800] "GET /?camp-fire%2F43191638.html HTTP/1.1" 500 - "-" "Mozilla/5.0 (compatible; SemrushBot/7~bl; +http://www.semrush.com/bot.html)" "mantech8.com"
185.191.171.19 - - [02/Dec/2022:08:36:30 -0800] "GET /?camp-fire%2F23684406.html HTTP/1.1" 500 - "-" "Mozilla/5.0 (compatible; SemrushBot/7~bl; +http://www.semrush.com/bot.html)" "mantech8.com"
185.191.171.12 - - [02/Dec/2022:08:36:38 -0800] "GET /?camp-fire%2F59411435.html HTTP/1.1" 500 - "-" "Mozilla/5.0 (compatible; SemrushBot/7~bl; +http://www.semrush.com/bot.html)" "mantech8.com"
157.55.39.138 - - [02/Dec/2022:08:36:39 -0800] "GET /index.php/eeb7aedcee HTTP/1.1" 200 65536 "-" "Mozilla/5.0 AppleWebKit/537.36 (KHTML, like Gecko; compatible; bingbot/2.0; +http://www.bing.com/bingbot.htm) Chrome/103.0.5060.134 Safari/537.36" "mantech8.com"
185.191.171.19 - - [02/Dec/2022:08:36:44 -0800] "GET /?camp-fire%2F39517959.html HTTP/1.1" 500 - "-" "Mozilla/5.0 (compatible; SemrushBot/7~bl; +http://www.semrush.com/bot.html)" "mantech8.com"
185.191.171.13 - - [02/Dec/2022:08:37:08 -0800] "GET /index.php?camp-fire%2F7913842.html HTTP/1.1" 500 - "-" "Mozilla/5.0 (compatible; SemrushBot/7~bl; +http://www.semrush.com/bot.html)" "mantech8.com"
185.191.171.7 - - [02/Dec/2022:08:37:22 -0800] "GET /?camp-fire%2F75670365.html HTTP/1.1" 500 - "-" "Mozilla/5.0 (compatible; SemrushBot/7~bl; +http://www.semrush.com/bot.html)" "mantech8.com"
207.46.13.100 - - [02/Dec/2022:08:37:57 -0800] "GET /bimages/hgallery/thump/latest1%20big.jpg HTTP/1.1" 200 471168 "-" "Mozilla/5.0 AppleWebKit/537.36 (KHTML, like Gecko; compatible; bingbot/2.0; +http://www.bing.com/bingbot.htm) Chrome/103.0.5060.134 Safari/537.36" "www.mantech8.com"
185.191.171.18 - - [02/Dec/2022:08:38:19 -0800] "GET /?camp-fire%2F63258793.html HTTP/1.1" 500 - "-" "Mozilla/5.0 (compatible; SemrushBot/7~bl; +http://www.semrush.com/bot.html)" "mantech8.com"
185.191.171.33 - - [02/Dec/2022:08:38:25 -0800] "GET /?camp-fire%2F55447160.html HTTP/1.1" 500 - "-" "Mozilla/5.0 (compatible; SemrushBot/7~bl; +http://www.semrush.com/bot.html)" "mantech8.com"
185.191.171.10 - - [02/Dec/2022:08:38:43 -0800] "GET /robots.txt HTTP/1.1" 200 106 "-" "Mozilla/5.0 (compatible; SemrushBot/7~bl; +http://www.semrush.com/bot.html)" "mantech8.com"
185.191.171.38 - - [02/Dec/2022:08:38:43 -0800] "GET /?camp-fire%2F34687408.html HTTP/1.1" 500 - "-" "Mozilla/5.0 (compatible; SemrushBot/7~bl; +http://www.semrush.com/bot.html)" "mantech8.com"
185.191.171.15 - - [02/Dec/2022:08:39:22 -0800] "GET /?camp-fire%2F43583071.html HTTP/1.1" 500 - "-" "Mozilla/5.0 (compatible; SemrushBot/7~bl; +http://www.semrush.com/bot.html)" "mantech8.com"
185.191.171.34 - - [02/Dec/2022:08:39:24 -0800] "GET /?camp-fire%2F42187450.html HTTP/1.1" 500 - "-" "Mozilla/5.0 (compatible; SemrushBot/7~bl; +http://www.semrush.com/bot.html)" "mantech8.com"
185.191.171.4 - - [02/Dec/2022:08:39:30 -0800] "GET /?camp-fire%2F95922871.html HTTP/1.1" 500 - "-" "Mozilla/5.0 (compatible; SemrushBot/7~bl; +http://www.semrush.com/bot.html)" "mantech8.com"
185.191.171.1 - - [02/Dec/2022:08:39:34 -0800] "GET /?camp-fire%2F60052330.html HTTP/1.1" 500 - "-" "Mozilla/5.0 (compatible; SemrushBot/7~bl; +http://www.semrush.com/bot.html)" "mantech8.com"
185.191.171.33 - - [02/Dec/2022:08:39:50 -0800] "GET /?camp-fire%2F42200249.html HTTP/1.1" 500 - "-" "Mozilla/5.0 (compatible; SemrushBot/7~bl; +http://www.semrush.com/bot.html)" "mantech8.com"
185.191.171.18 - - [02/Dec/2022:08:40:07 -0800] "GET /?camp-fire%2F35485597.html HTTP/1.1" 500 - "-" "Mozilla/5.0 (compatible; SemrushBot/7~bl; +http://www.semrush.com/bot.html)" "mantech8.com"
185.191.171.33 - - [02/Dec/2022:08:40:37 -0800] "GET /?camp-fire%2F41498171.html HTTP/1.1" 500 - "-" "Mozilla/5.0 (compatible; SemrushBot/7~bl; +http://www.semrush.com/bot.html)" "mantech8.com"
40.77.167.26 - - [02/Dec/2022:08:40:45 -0800] "GET /index.php/pstd-3bfbbfeeac-ixbat.ii HTTP/1.1" 200 65021 "-" "Mozilla/5.0 AppleWebKit/537.36 (KHTML, like Gecko; compatible; bingbot/2.0; +http://www.bing.com/bingbot.htm) Chrome/103.0.5060.134 Safari/537.36" "mantech8.com"
40.77.167.26 - - [02/Dec/2022:08:40:45 -0800] "GET /index.php/wtzk-f180cfcea-npfjt.ii HTTP/1.1" 200 84012 "-" "Mozilla/5.0 AppleWebKit/537.36 (KHTML, like Gecko; compatible; bingbot/2.0; +http://www.bing.com/bingbot.htm) Chrome/103.0.5060.134 Safari/537.36" "mantech8.com"
207.46.13.100 - - [02/Dec/2022:08:40:50 -0800] "GET /index.php/mcko-8408ccdcfe-vbaer.ii HTTP/1.1" 200 65899 "-" "Mozilla/5.0 (compatible; bingbot/2.0; +http://www.bing.com/bingbot.htm)" "mantech8.com"
114.119.159.121 - - [02/Dec/2022:08:41:29 -0800] "GET /index.php?sitemap11588.xml HTTP/1.1" 200 289390 "-" "Mozilla/5.0 (compatible;PetalBot;+https://webmaster.petalsearch.com/site/petalbot)" "mantech8.com"
185.191.171.25 - - [02/Dec/2022:08:41:48 -0800] "GET /?camp-fire%2F45386526.html HTTP/1.1" 500 - "-" "Mozilla/5.0 (compatible; SemrushBot/7~bl; +http://www.semrush.com/bot.html)" "mantech8.com"
40.77.167.67 - - [02/Dec/2022:08:41:53 -0800] "GET /index.php/egy1-792cdeba-vsvum.ii HTTP/1.1" 200 64925 "-" "Mozilla/5.0 AppleWebKit/537.36 (KHTML, like Gecko; compatible; bingbot/2.0; +http://www.bing.com/bingbot.htm) Chrome/103.0.5060.134 Safari/537.36" "mantech8.com"
40.77.167.26 - - [02/Dec/2022:08:41:57 -0800] "GET /index.php/nwtf-d0c95feeef-4aiul.ii HTTP/1.1" 200 63735 "-" "Mozilla/5.0 AppleWebKit/537.36 (KHTML, like Gecko; compatible; bingbot/2.0; +http://www.bing.com/bingbot.htm) Chrome/103.0.5060.134 Safari/537.36" "mantech8.com"
207.46.13.100 - - [02/Dec/2022:08:42:30 -0800] "GET /index.php/egy1-685d6fbc-vdwiz.ii HTTP/1.1" 200 70383 "-" "Mozilla/5.0 (compatible; bingbot/2.0; +http://www.bing.com/bingbot.htm)" "mantech8.com"
185.191.171.33 - - [02/Dec/2022:08:42:54 -0800] "GET /?camp-fire%2F78826959.html HTTP/1.1" 500 - "-" "Mozilla/5.0 (compatible; SemrushBot/7~bl; +http://www.semrush.com/bot.html)" "mantech8.com"
157.55.39.123 - - [02/Dec/2022:08:42:57 -0800] "GET /index.php/nWTf-e14aefaca-3pBCm.Ii HTTP/1.1" 200 66931 "-" "Mozilla/5.0 (compatible; bingbot/2.0; +http://www.bing.com/bingbot.htm)" "mantech8.com"
114.119.155.69 - - [02/Dec/2022:08:43:21 -0800] "GET /?sitemap1410.xml HTTP/1.1" 200 270550 "-" "Mozilla/5.0 (compatible;PetalBot;+https://webmaster.petalsearch.com/site/petalbot)" "mantech8.com"
185.191.171.25 - - [02/Dec/2022:08:43:35 -0800] "GET /?camp-fire%2F72146285.html HTTP/1.1" 500 - "-" "Mozilla/5.0 (compatible; SemrushBot/7~bl; +http://www.semrush.com/bot.html)" "mantech8.com"
185.191.171.37 - - [02/Dec/2022:08:43:51 -0800] "GET /?camp-fire%2F68652792.html HTTP/1.1" 500 - "-" "Mozilla/5.0 (compatible; SemrushBot/7~bl; +http://www.semrush.com/bot.html)" "mantech8.com"
185.191.171.2 - - [02/Dec/2022:08:43:54 -0800] "GET /?camp-fire%2F40458155.html HTTP/1.1" 500 - "-" "Mozilla/5.0 (compatible; SemrushBot/7~bl; +http://www.semrush.com/bot.html)" "mantech8.com"
185.191.171.8 - - [02/Dec/2022:08:43:58 -0800] "GET /?camp-fire%2F66313593.html HTTP/1.1" 500 - "-" "Mozilla/5.0 (compatible; SemrushBot/7~bl; +http://www.semrush.com/bot.html)" "mantech8.com"
185.191.171.5 - - [02/Dec/2022:08:44:38 -0800] "GET /index.php?camp-fire%2F2338472.html HTTP/1.1" 500 - "-" "Mozilla/5.0 (compatible; SemrushBot/7~bl; +http://www.semrush.com/bot.html)" "mantech8.com"
185.191.171.12 - - [02/Dec/2022:08:45:02 -0800] "GET /?camp-fire%2F33083735.html HTTP/1.1" 500 - "-" "Mozilla/5.0 (compatible; SemrushBot/7~bl; +http://www.semrush.com/bot.html)" "mantech8.com"
185.191.171.23 - - [02/Dec/2022:08:45:19 -0800] "GET /?camp-fire%2F65434665.html HTTP/1.1" 500 - "-" "Mozilla/5.0 (compatible; SemrushBot/7~bl; +http://www.semrush.com/bot.html)" "mantech8.com"
185.191.171.36 - - [02/Dec/2022:08:45:41 -0800] "GET /?camp-fire%2F38148503.html HTTP/1.1" 500 - "-" "Mozilla/5.0 (compatible; SemrushBot/7~bl; +http://www.semrush.com/bot.html)" "mantech8.com"
207.46.13.100 - - [02/Dec/2022:08:45:40 -0800] "GET /index.php/gvdr-61bd-vinhg.ii HTTP/1.1" 200 74674 "-" "Mozilla/5.0 AppleWebKit/537.36 (KHTML, like Gecko; compatible; bingbot/2.0; +http://www.bing.com/bingbot.htm) Chrome/103.0.5060.134 Safari/537.36" "mantech8.com"
185.191.171.12 - - [02/Dec/2022:08:45:51 -0800] "GET /?camp-fire%2F84432826.html HTTP/1.1" 500 - "-" "Mozilla/5.0 (compatible; SemrushBot/7~bl; +http://www.semrush.com/bot.html)" "mantech8.com"
157.55.39.138 - - [02/Dec/2022:08:46:10 -0800] "GET /shopdetail/005001000099/ HTTP/1.1" 404 88 "-" "Mozilla/5.0 (compatible; bingbot/2.0; +http://www.bing.com/bingbot.htm)" "www.mantech8.com"
207.46.13.100 - - [02/Dec/2022:08:46:10 -0800] "GET /index.php/mcko-08e7dcffbc-vt2oi.ii HTTP/1.1" 200 66698 "-" "Mozilla/5.0 AppleWebKit/537.36 (KHTML, like Gecko; compatible; bingbot/2.0; +http://www.bing.com/bingbot.htm) Chrome/103.0.5060.134 Safari/537.36" "mantech8.com"
185.191.171.18 - - [02/Dec/2022:08:46:12 -0800] "GET /?camp-fire%2F89764492.html HTTP/1.1" 500 - "-" "Mozilla/5.0 (compatible; SemrushBot/7~bl; +http://www.semrush.com/bot.html)" "mantech8.com"
40.77.167.67 - - [02/Dec/2022:08:46:15 -0800] "GET /index.php/egy1-0345cffdda-ve77x.ii HTTP/1.1" 200 67122 "-" "Mozilla/5.0 (compatible; bingbot/2.0; +http://www.bing.com/bingbot.htm)" "mantech8.com"
40.77.167.26 - - [02/Dec/2022:08:46:36 -0800] "GET /index.php/pstd-45faa-ix8rc.ii HTTP/1.1" 200 65953 "-" "Mozilla/5.0 AppleWebKit/537.36 (KHTML, like Gecko; compatible; bingbot/2.0; +http://www.bing.com/bingbot.htm) Chrome/103.0.5060.134 Safari/537.36" "mantech8.com"
40.77.167.26 - - [02/Dec/2022:08:46:37 -0800] "GET /index.php/8f1b2caf HTTP/1.1" 200 66178 "-" "Mozilla/5.0 AppleWebKit/537.36 (KHTML, like Gecko; compatible; bingbot/2.0; +http://www.bing.com/bingbot.htm) Chrome/103.0.5060.134 Safari/537.36" "mantech8.com"
66.249.70.180 - - [02/Dec/2022:08:47:12 -0800] "GET /sitemapmobile12820.xml HTTP/1.1" 404 88 "-" "Mozilla/5.0 (compatible; Googlebot/2.1; +http://www.google.com/bot.html)" "mantech8.com"
185.191.171.22 - - [02/Dec/2022:08:47:13 -0800] "GET /?camp-fire%2F38241364.html HTTP/1.1" 500 - "-" "Mozilla/5.0 (compatible; SemrushBot/7~bl; +http://www.semrush.com/bot.html)" "mantech8.com"
185.191.171.3 - - [02/Dec/2022:08:47:23 -0800] "GET /?camp-fire%2F53673387.html HTTP/1.1" 500 - "-" "Mozilla/5.0 (compatible; SemrushBot/7~bl; +http://www.semrush.com/bot.html)" "mantech8.com"
185.191.171.4 - - [02/Dec/2022:08:47:34 -0800] "GET /?camp-fire%2F81262683.html HTTP/1.1" 500 - "-" "Mozilla/5.0 (compatible; SemrushBot/7~bl; +http://www.semrush.com/bot.html)" "mantech8.com"
185.191.171.17 - - [02/Dec/2022:08:47:57 -0800] "GET /?camp-fire%2F36296038.html HTTP/1.1" 500 - "-" "Mozilla/5.0 (compatible; SemrushBot/7~bl; +http://www.semrush.com/bot.html)" "mantech8.com"
185.191.171.12 - - [02/Dec/2022:08:48:19 -0800] "GET /?camp-fire%2F71833826.html HTTP/1.1" 500 - "-" "Mozilla/5.0 (compatible; SemrushBot/7~bl; +http://www.semrush.com/bot.html)" "mantech8.com"
185.191.171.3 - - [02/Dec/2022:08:48:22 -0800] "GET /?camp-fire%2F64384276.html HTTP/1.1" 500 - "-" "Mozilla/5.0 (compatible; SemrushBot/7~bl; +http://www.semrush.com/bot.html)" "mantech8.com"
157.55.39.138 - - [02/Dec/2022:08:48:32 -0800] "GET /index.php/okoc-80bde-luohk.ii HTTP/1.1" 200 73197 "-" "Mozilla/5.0 (compatible; bingbot/2.0; +http://www.bing.com/bingbot.htm)" "mantech8.com"
185.191.171.2 - - [02/Dec/2022:08:48:47 -0800] "GET /?camp-fire%2F38260003.html HTTP/1.1" 500 - "-" "Mozilla/5.0 (compatible; SemrushBot/7~bl; +http://www.semrush.com/bot.html)" "mantech8.com"
157.55.39.123 - - [02/Dec/2022:08:49:07 -0800] "GET /index.php/VMbP-515bcbad-uMums.Ii HTTP/1.1" 200 63300 "-" "Mozilla/5.0 AppleWebKit/537.36 (KHTML, like Gecko; compatible; bingbot/2.0; +http://www.bing.com/bingbot.htm) Chrome/103.0.5060.134 Safari/537.36" "mantech8.com"
66.249.64.241 - - [02/Dec/2022:08:49:16 -0800] "GET /802911lp_12.jpg HTTP/1.1" 404 88 "-" "Googlebot-Image/1.0" "www.mantech8.com"
36.67.40.2 - - [02/Dec/2022:08:49:15 -0800] "GET /contact.php HTTP/1.1" 200 29238 "http://mantech8.com/contact.php" "Mozilla/5.0 (Windows NT 10.0; Win64; x64) AppleWebKit/537.36 (KHTML, like Gecko) Chrome/90.0.4430.93 Safari/537.36" "mantech8.com"
185.191.171.42 - - [02/Dec/2022:08:49:36 -0800] "GET /?camp-fire%2F65879134.html HTTP/1.1" 500 - "-" "Mozilla/5.0 (compatible; SemrushBot/7~bl; +http://www.semrush.com/bot.html)" "mantech8.com"
185.191.171.36 - - [02/Dec/2022:08:50:07 -0800] "GET /index.php?camp-fire%2F15825624.html HTTP/1.1" 500 - "-" "Mozilla/5.0 (compatible; SemrushBot/7~bl; +http://www.semrush.com/bot.html)" "mantech8.com"
185.191.171.36 - - [02/Dec/2022:08:50:12 -0800] "GET /?camp-fire%2F40822298.html HTTP/1.1" 500 - "-" "Mozilla/5.0 (compatible; SemrushBot/7~bl; +http://www.semrush.com/bot.html)" "mantech8.com"
157.55.39.123 - - [02/Dec/2022:08:50:38 -0800] "GET /sitemapmobileindex.xml HTTP/1.1" 404 88 "-" "Mozilla/5.0 (compatible; bingbot/2.0; +http://www.bing.com/bingbot.htm)" "mantech8.com"
207.46.13.100 - - [02/Dec/2022:08:50:42 -0800] "GET /sitemapindeximages.xml HTTP/1.1" 404 88 "-" "Mozilla/5.0 AppleWebKit/537.36 (KHTML, like Gecko; compatible; bingbot/2.0; +http://www.bing.com/bingbot.htm) Chrome/103.0.5060.134 Safari/537.36" "mantech8.com"
207.46.13.100 - - [02/Dec/2022:08:50:42 -0800] "GET /sitemapindex.xml HTTP/1.1" 404 88 "-" "Mozilla/5.0 (compatible; bingbot/2.0; +http://www.bing.com/bingbot.htm)" "mantech8.com"
114.119.151.60 - - [02/Dec/2022:08:51:07 -0800] "GET /index.php/sitemap9346.xml HTTP/1.1" 200 289174 "-" "Mozilla/5.0 (compatible;PetalBot;+https://webmaster.petalsearch.com/site/petalbot)" "mantech8.com"
207.46.13.125 - - [02/Dec/2022:08:51:23 -0800] "GET /sitemapnewindex.xml HTTP/1.1" 404 88 "-" "Mozilla/5.0 (compatible; bingbot/2.0; +http://www.bing.com/bingbot.htm)" "mantech8.com"
207.46.13.125 - - [02/Dec/2022:08:51:35 -0800] "GET /index.php?/client/latest/zoominstaller.exe HTTP/1.1" 200 65693 "-" "Mozilla/5.0 (compatible; bingbot/2.0; +http://www.bing.com/bingbot.htm)" "www.mantech8.com"
185.191.171.15 - - [02/Dec/2022:08:51:55 -0800] "GET /?camp-fire%2F40406608.html HTTP/1.1" 500 - "-" "Mozilla/5.0 (compatible; SemrushBot/7~bl; +http://www.semrush.com/bot.html)" "mantech8.com"
185.191.171.16 - - [02/Dec/2022:08:52:06 -0800] "GET /?camp-fire%2F55571750.html HTTP/1.1" 500 - "-" "Mozilla/5.0 (compatible; SemrushBot/7~bl; +http://www.semrush.com/bot.html)" "mantech8.com"
185.191.171.18 - - [02/Dec/2022:08:52:29 -0800] "GET /?camp-fire%2F44694630.html HTTP/1.1" 500 - "-" "Mozilla/5.0 (compatible; SemrushBot/7~bl; +http://www.semrush.com/bot.html)" "mantech8.com"
207.46.13.100 - - [02/Dec/2022:08:52:31 -0800] "GET /index.php/egy1-f39faaeab-vdkrp.ii HTTP/1.1" 200 62839 "-" "Mozilla/5.0 AppleWebKit/537.36 (KHTML, like Gecko; compatible; bingbot/2.0; +http://www.bing.com/bingbot.htm) Chrome/103.0.5060.134 Safari/537.36" "mantech8.com"
114.119.143.5 - - [02/Dec/2022:08:52:54 -0800] "GET /?sitemap7.xml HTTP/1.1" 200 270591 "-" "Mozilla/5.0 (compatible;PetalBot;+https://webmaster.petalsearch.com/site/petalbot)" "mantech8.com"
185.191.171.38 - - [02/Dec/2022:08:53:10 -0800] "GET /?camp-fire%2F38862892.html HTTP/1.1" 500 - "-" "Mozilla/5.0 (compatible; SemrushBot/7~bl; +http://www.semrush.com/bot.html)" "mantech8.com"
185.191.171.40 - - [02/Dec/2022:08:53:11 -0800] "GET /?camp-fire%2F42963634.html HTTP/1.1" 500 - "-" "Mozilla/5.0 (compatible; SemrushBot/7~bl; +http://www.semrush.com/bot.html)" "mantech8.com"
185.191.171.8 - - [02/Dec/2022:08:53:21 -0800] "GET /?camp-fire%2F72548717.html HTTP/1.1" 500 - "-" "Mozilla/5.0 (compatible; SemrushBot/7~bl; +http://www.semrush.com/bot.html)" "mantech8.com"
40.77.167.67 - - [02/Dec/2022:08:53:56 -0800] "GET /index.php/egy1-35b36acd-vslhu.ii HTTP/1.1" 200 67940 "-" "Mozilla/5.0 (compatible; bingbot/2.0; +http://www.bing.com/bingbot.htm)" "mantech8.com"
40.77.167.26 - - [02/Dec/2022:08:54:17 -0800] "GET /index.php/gvdr-35bbbefc-vjy2l.ii HTTP/1.1" 200 62695 "-" "Mozilla/5.0 AppleWebKit/537.36 (KHTML, like Gecko; compatible; bingbot/2.0; +http://www.bing.com/bingbot.htm) Chrome/103.0.5060.134 Safari/537.36" "mantech8.com"
185.191.171.6 - - [02/Dec/2022:08:54:24 -0800] "GET /?camp-fire%2F8554508.html HTTP/1.1" 500 - "-" "Mozilla/5.0 (compatible; SemrushBot/7~bl; +http://www.semrush.com/bot.html)" "mantech8.com"
185.191.171.13 - - [02/Dec/2022:08:54:30 -0800] "GET /?camp-fire%2F58434234.html HTTP/1.1" 500 - "-" "Mozilla/5.0 (compatible; SemrushBot/7~bl; +http://www.semrush.com/bot.html)" "mantech8.com"
40.77.167.67 - - [02/Dec/2022:08:54:53 -0800] "GET /index.php/gDdj-89ebb-BUpee.Ii HTTP/1.1" 200 65956 "-" "Mozilla/5.0 AppleWebKit/537.36 (KHTML, like Gecko; compatible; bingbot/2.0; +http://www.bing.com/bingbot.htm) Chrome/103.0.5060.134 Safari/537.36" "mantech8.com"
207.46.13.100 - - [02/Dec/2022:08:54:59 -0800] "GET /index.php/c2ec HTTP/1.1" 200 60348 "-" "Mozilla/5.0 AppleWebKit/537.36 (KHTML, like Gecko; compatible; bingbot/2.0; +http://www.bing.com/bingbot.htm) Chrome/103.0.5060.134 Safari/537.36" "mantech8.com"
207.46.13.100 - - [02/Dec/2022:08:55:00 -0800] "GET /index.php/gDdj-54309ebdf-BUpeo.Ii HTTP/1.1" 200 66121 "-" "Mozilla/5.0 AppleWebKit/537.36 (KHTML, like Gecko; compatible; bingbot/2.0; +http://www.bing.com/bingbot.htm) Chrome/103.0.5060.134 Safari/537.36" "mantech8.com"
185.191.171.5 - - [02/Dec/2022:08:55:04 -0800] "GET /?camp-fire%2F1501890.html HTTP/1.1" 500 - "-" "Mozilla/5.0 (compatible; SemrushBot/7~bl; +http://www.semrush.com/bot.html)" "mantech8.com"
157.55.39.123 - - [02/Dec/2022:08:55:10 -0800] "GET /index.php/aps-307efdbdaa-ojtr0.ii HTTP/1.1" 200 68674 "-" "Mozilla/5.0 AppleWebKit/537.36 (KHTML, like Gecko; compatible; bingbot/2.0; +http://www.bing.com/bingbot.htm) Chrome/103.0.5060.134 Safari/537.36" "mantech8.com"
185.191.171.38 - - [02/Dec/2022:08:55:30 -0800] "GET /?camp-fire%2F14800787.html HTTP/1.1" 500 - "-" "Mozilla/5.0 (compatible; SemrushBot/7~bl; +http://www.semrush.com/bot.html)" "mantech8.com"
185.191.171.2 - - [02/Dec/2022:08:55:39 -0800] "GET /?camp-fire%2F54953021.html HTTP/1.1" 500 - "-" "Mozilla/5.0 (compatible; SemrushBot/7~bl; +http://www.semrush.com/bot.html)" "mantech8.com"
40.77.167.26 - - [02/Dec/2022:08:55:46 -0800] "GET /index.php/egy1-39b18aae-vxist.ii HTTP/1.1" 200 103858 "-" "Mozilla/5.0 AppleWebKit/537.36 (KHTML, like Gecko; compatible; bingbot/2.0; +http://www.bing.com/bingbot.htm) Chrome/103.0.5060.134 Safari/537.36" "mantech8.com"
157.55.39.123 - - [02/Dec/2022:08:56:00 -0800] "GET /index.php/s0kv-96ad-osrap.ii HTTP/1.1" 200 66528 "-" "Mozilla/5.0 AppleWebKit/537.36 (KHTML, like Gecko; compatible; bingbot/2.0; +http://www.bing.com/bingbot.htm) Chrome/103.0.5060.134 Safari/537.36" "mantech8.com"
185.191.171.10 - - [02/Dec/2022:08:56:37 -0800] "GET /?camp-fire%2F49613908.html HTTP/1.1" 500 - "-" "Mozilla/5.0 (compatible; SemrushBot/7~bl; +http://www.semrush.com/bot.html)" "mantech8.com"
40.77.167.26 - - [02/Dec/2022:08:56:37 -0800] "GET /index.php/q5w4-11eb-jkyna.ii HTTP/1.1" 200 69129 "-" "Mozilla/5.0 AppleWebKit/537.36 (KHTML, like Gecko; compatible; bingbot/2.0; +http://www.bing.com/bingbot.htm) Chrome/103.0.5060.134 Safari/537.36" "mantech8.com"
185.191.171.3 - - [02/Dec/2022:08:56:38 -0800] "GET /?camp-fire%2F68294965.html HTTP/1.1" 500 - "-" "Mozilla/5.0 (compatible; SemrushBot/7~bl; +http://www.semrush.com/bot.html)" "mantech8.com"
185.191.171.4 - - [02/Dec/2022:08:56:47 -0800] "GET /?camp-fire%2F42561497.html HTTP/1.1" 500 - "-" "Mozilla/5.0 (compatible; SemrushBot/7~bl; +http://www.semrush.com/bot.html)" "mantech8.com"
185.191.171.6 - - [02/Dec/2022:08:57:02 -0800] "GET /?camp-fire%2F68451927.html HTTP/1.1" 500 - "-" "Mozilla/5.0 (compatible; SemrushBot/7~bl; +http://www.semrush.com/bot.html)" "mantech8.com"
185.191.171.36 - - [02/Dec/2022:08:57:25 -0800] "GET /?camp-fire%2F28725570.html HTTP/1.1" 500 - "-" "Mozilla/5.0 (compatible; SemrushBot/7~bl; +http://www.semrush.com/bot.html)" "mantech8.com"
185.191.171.1 - - [02/Dec/2022:08:57:26 -0800] "GET /?camp-fire%2F71849798.html HTTP/1.1" 500 - "-" "Mozilla/5.0 (compatible; SemrushBot/7~bl; +http://www.semrush.com/bot.html)" "mantech8.com"
185.191.171.6 - - [02/Dec/2022:08:57:29 -0800] "GET /?camp-fire%2F50400472.html HTTP/1.1" 500 - "-" "Mozilla/5.0 (compatible; SemrushBot/7~bl; +http://www.semrush.com/bot.html)" "mantech8.com"
185.191.171.20 - - [02/Dec/2022:08:57:42 -0800] "GET /?camp-fire%2F67993526.html HTTP/1.1" 500 - "-" "Mozilla/5.0 (compatible; SemrushBot/7~bl; +http://www.semrush.com/bot.html)" "mantech8.com"
207.46.13.100 - - [02/Dec/2022:08:58:19 -0800] "GET /index.php/MKJW-04fa-BGTfx.Ii HTTP/1.1" 200 70466 "-" "Mozilla/5.0 (compatible; bingbot/2.0; +http://www.bing.com/bingbot.htm)" "mantech8.com"
185.191.171.6 - - [02/Dec/2022:08:58:33 -0800] "GET /?camp-fire%2F40606647.html HTTP/1.1" 500 - "-" "Mozilla/5.0 (compatible; SemrushBot/7~bl; +http://www.semrush.com/bot.html)" "mantech8.com"
40.77.167.67 - - [02/Dec/2022:08:58:46 -0800] "GET /index.php/q5w4-af9e2ffcaa-jputk.ii HTTP/1.1" 200 66162 "-" "Mozilla/5.0 (compatible; bingbot/2.0; +http://www.bing.com/bingbot.htm)" "mantech8.com"
207.46.13.100 - - [02/Dec/2022:08:58:52 -0800] "GET /index.php/nwtf-d6ac-4aivv.ii HTTP/1.1" 200 66162 "-" "Mozilla/5.0 AppleWebKit/537.36 (KHTML, like Gecko; compatible; bingbot/2.0; +http://www.bing.com/bingbot.htm) Chrome/103.0.5060.134 Safari/537.36" "mantech8.com"
157.55.39.138 - - [02/Dec/2022:08:59:14 -0800] "GET /index.php/b8adf HTTP/1.1" 200 66996 "-" "Mozilla/5.0 AppleWebKit/537.36 (KHTML, like Gecko; compatible; bingbot/2.0; +http://www.bing.com/bingbot.htm) Chrome/103.0.5060.134 Safari/537.36" "mantech8.com"
185.191.171.22 - - [02/Dec/2022:08:59:37 -0800] "GET /?camp-fire%2F62639603.html HTTP/1.1" 500 - "-" "Mozilla/5.0 (compatible; SemrushBot/7~bl; +http://www.semrush.com/bot.html)" "mantech8.com"
185.191.171.9 - - [02/Dec/2022:08:59:39 -0800] "GET /?camp-fire%2F80687688.html HTTP/1.1" 500 - "-" "Mozilla/5.0 (compatible; SemrushBot/7~bl; +http://www.semrush.com/bot.html)" "mantech8.com"
40.77.167.67 - - [02/Dec/2022:08:59:55 -0800] "GET /index.php/vmbp-4aaced-ujt86.ii HTTP/1.1" 200 68239 "-" "Mozilla/5.0 AppleWebKit/537.36 (KHTML, like Gecko; compatible; bingbot/2.0; +http://www.bing.com/bingbot.htm) Chrome/103.0.5060.134 Safari/537.36" "mantech8.com"
216.244.66.241 - - [02/Dec/2022:09:00:10 -0800] "GET /robots.txt HTTP/1.1" 200 222 "-" "Mozilla/5.0 (compatible; DotBot/1.2; +https://opensiteexplorer.org/dotbot; help@moz.com)" "mantech8.com"
216.244.66.241 - - [02/Dec/2022:09:00:10 -0800] "GET /robots.txt HTTP/1.1" 200 222 "-" "Mozilla/5.0 (compatible; DotBot/1.2; +https://opensiteexplorer.org/dotbot; help@moz.com)" "www.mantech8.com"
40.77.167.26 - - [02/Dec/2022:09:00:26 -0800] "GET /index.php/wtzk-bd599bdba-nlspa.ii HTTP/1.1" 200 71489 "-" "Mozilla/5.0 AppleWebKit/537.36 (KHTML, like Gecko; compatible; bingbot/2.0; +http://www.bing.com/bingbot.htm) Chrome/103.0.5060.134 Safari/537.36" "mantech8.com"
185.191.171.8 - - [02/Dec/2022:09:00:52 -0800] "GET /?camp-fire%2F86081424.html HTTP/1.1" 500 - "-" "Mozilla/5.0 (compatible; SemrushBot/7~bl; +http://www.semrush.com/bot.html)" "mantech8.com"
185.191.171.9 - - [02/Dec/2022:09:01:51 -0800] "GET /?camp-fire%2F59664921.html HTTP/1.1" 500 - "-" "Mozilla/5.0 (compatible; SemrushBot/7~bl; +http://www.semrush.com/bot.html)" "mantech8.com"
185.191.171.1 - - [02/Dec/2022:09:01:57 -0800] "GET /?camp-fire%2F71043841.html HTTP/1.1" 500 - "-" "Mozilla/5.0 (compatible; SemrushBot/7~bl; +http://www.semrush.com/bot.html)" "mantech8.com"
185.191.171.15 - - [02/Dec/2022:09:02:27 -0800] "GET /?camp-fire%2F51630517.html HTTP/1.1" 500 - "-" "Mozilla/5.0 (compatible; SemrushBot/7~bl; +http://www.semrush.com/bot.html)" "mantech8.com"
185.191.171.24 - - [02/Dec/2022:09:02:32 -0800] "GET /?camp-fire%2F39794302.html HTTP/1.1" 500 - "-" "Mozilla/5.0 (compatible; SemrushBot/7~bl; +http://www.semrush.com/bot.html)" "mantech8.com"
185.191.171.8 - - [02/Dec/2022:09:02:35 -0800] "GET /?camp-fire%2F32493768.html HTTP/1.1" 500 - "-" "Mozilla/5.0 (compatible; SemrushBot/7~bl; +http://www.semrush.com/bot.html)" "mantech8.com"
40.77.167.67 - - [02/Dec/2022:09:02:36 -0800] "GET /index.php/yhfg-931caccac-popox.ii HTTP/1.1" 200 61147 "-" "Mozilla/5.0 AppleWebKit/537.36 (KHTML, like Gecko; compatible; bingbot/2.0; +http://www.bing.com/bingbot.htm) Chrome/103.0.5060.134 Safari/537.36" "mantech8.com"
114.119.148.155 - - [02/Dec/2022:09:02:37 -0800] "GET /corevalues.php HTTP/1.1" 200 14806 "http://www.mantech8.com/headdepartment.php" "Mozilla/5.0 (Linux; Android 7.0;) AppleWebKit/537.36 (KHTML, like Gecko) Mobile Safari/537.36 (compatible; PetalBot;+https://webmaster.petalsearch.com/site/petalbot)" "www.mantech8.com"
157.55.39.123 - - [02/Dec/2022:09:02:49 -0800] "GET /index.php/910fdefade HTTP/1.1" 200 65664 "-" "Mozilla/5.0 AppleWebKit/537.36 (KHTML, like Gecko; compatible; bingbot/2.0; +http://www.bing.com/bingbot.htm) Chrome/103.0.5060.134 Safari/537.36" "mantech8.com"
