114.119.155.13 - - [01/Dec/2022:18:19:07 -0800] "GET /bimages/hgallery/thump/black2llleaf.php HTTP/1.1" 200 32 "http://mantech8.com/bimages/hgallery/thump/?C=S%3BO%3DA" "Mozilla/5.0 (Linux; Android 7.0;) AppleWebKit/537.36 (KHTML, like Gecko) Mobile Safari/537.36 (compatible; PetalBot;+https://webmaster.petalsearch.com/site/petalbot)" "mantech8.com"
185.191.171.18 - - [01/Dec/2022:18:19:19 -0800] "GET /?camp-fire%2F42378671.html HTTP/1.1" 500 - "-" "Mozilla/5.0 (compatible; SemrushBot/7~bl; +http://www.semrush.com/bot.html)" "mantech8.com"
185.191.171.4 - - [01/Dec/2022:18:19:46 -0800] "GET /index.php/camp-fire/47316525.html HTTP/1.1" 500 - "-" "Mozilla/5.0 (compatible; SemrushBot/7~bl; +http://www.semrush.com/bot.html)" "mantech8.com"
40.77.167.67 - - [01/Dec/2022:18:20:41 -0800] "GET /index.php/znf9-bb67fcbba-qzsj6.ii HTTP/1.1" 200 60052 "-" "Mozilla/5.0 (compatible; bingbot/2.0; +http://www.bing.com/bingbot.htm)" "mantech8.com"
185.191.171.34 - - [01/Dec/2022:18:20:45 -0800] "GET /?camp-fire%2F66177797.html HTTP/1.1" 500 - "-" "Mozilla/5.0 (compatible; SemrushBot/7~bl; +http://www.semrush.com/bot.html)" "mantech8.com"
40.77.167.67 - - [01/Dec/2022:18:20:50 -0800] "GET / HTTP/1.1" 200 64331 "-" "Mozilla/5.0 AppleWebKit/537.36 (KHTML, like Gecko; compatible; bingbot/2.0; +http://www.bing.com/bingbot.htm) Chrome/103.0.5060.134 Safari/537.36" "www.mantech8.com"
207.46.13.100 - - [01/Dec/2022:18:21:08 -0800] "GET /index.php/gvdr-61bd-vinhg.ii HTTP/1.1" 200 74813 "-" "Mozilla/5.0 AppleWebKit/537.36 (KHTML, like Gecko; compatible; bingbot/2.0; +http://www.bing.com/bingbot.htm) Chrome/103.0.5060.134 Safari/537.36" "mantech8.com"
185.191.171.39 - - [01/Dec/2022:18:21:20 -0800] "GET /index.php?camp-fire%2F4102865.html HTTP/1.1" 500 - "-" "Mozilla/5.0 (compatible; SemrushBot/7~bl; +http://www.semrush.com/bot.html)" "mantech8.com"
185.191.171.1 - - [01/Dec/2022:18:21:51 -0800] "GET /?camp-fire%2F43437870.html HTTP/1.1" 500 - "-" "Mozilla/5.0 (compatible; SemrushBot/7~bl; +http://www.semrush.com/bot.html)" "mantech8.com"
185.191.171.25 - - [01/Dec/2022:18:22:28 -0800] "GET /index.php?camp-fire%2F4042274.html HTTP/1.1" 500 - "-" "Mozilla/5.0 (compatible; SemrushBot/7~bl; +http://www.semrush.com/bot.html)" "mantech8.com"
185.191.171.21 - - [01/Dec/2022:18:23:28 -0800] "GET /?camp-fire%2F39872676.html HTTP/1.1" 500 - "-" "Mozilla/5.0 (compatible; SemrushBot/7~bl; +http://www.semrush.com/bot.html)" "mantech8.com"
185.191.171.17 - - [01/Dec/2022:18:23:36 -0800] "GET /index.php/camp-fire/12601374.html HTTP/1.1" 500 - "-" "Mozilla/5.0 (compatible; SemrushBot/7~bl; +http://www.semrush.com/bot.html)" "mantech8.com"
185.191.171.43 - - [01/Dec/2022:18:23:58 -0800] "GET /?camp-fire%2F63492408.html HTTP/1.1" 500 - "-" "Mozilla/5.0 (compatible; SemrushBot/7~bl; +http://www.semrush.com/bot.html)" "mantech8.com"
157.55.39.138 - - [01/Dec/2022:18:24:09 -0800] "GET /index.php/mcko-a24bdbdea-vbsny.ii HTTP/1.1" 200 71774 "-" "Mozilla/5.0 (compatible; bingbot/2.0; +http://www.bing.com/bingbot.htm)" "mantech8.com"
185.191.171.14 - - [01/Dec/2022:18:24:11 -0800] "GET /index.php?camp-fire%2F4105565.html HTTP/1.1" 500 - "-" "Mozilla/5.0 (compatible; SemrushBot/7~bl; +http://www.semrush.com/bot.html)" "mantech8.com"
157.55.39.138 - - [01/Dec/2022:18:24:10 -0800] "GET /index.php/wtzk-42cff-n1mzh.ii HTTP/1.1" 200 66389 "-" "Mozilla/5.0 AppleWebKit/537.36 (KHTML, like Gecko; compatible; bingbot/2.0; +http://www.bing.com/bingbot.htm) Chrome/103.0.5060.134 Safari/537.36" "mantech8.com"
40.77.167.67 - - [01/Dec/2022:18:24:14 -0800] "GET /index.php/q5w4-af9e2ffcaa-jputk.ii HTTP/1.1" 200 66412 "-" "Mozilla/5.0 AppleWebKit/537.36 (KHTML, like Gecko; compatible; bingbot/2.0; +http://www.bing.com/bingbot.htm) Chrome/103.0.5060.134 Safari/537.36" "mantech8.com"
185.191.171.43 - - [01/Dec/2022:18:24:18 -0800] "GET /index.php?camp-fire%2F1363159.html HTTP/1.1" 500 - "-" "Mozilla/5.0 (compatible; SemrushBot/7~bl; +http://www.semrush.com/bot.html)" "mantech8.com"
185.191.171.18 - - [01/Dec/2022:18:24:34 -0800] "GET /?camp-fire%2F56774400.html HTTP/1.1" 500 - "-" "Mozilla/5.0 (compatible; SemrushBot/7~bl; +http://www.semrush.com/bot.html)" "mantech8.com"
185.191.171.18 - - [01/Dec/2022:18:24:42 -0800] "GET /?camp-fire%2F46669841.html HTTP/1.1" 500 - "-" "Mozilla/5.0 (compatible; SemrushBot/7~bl; +http://www.semrush.com/bot.html)" "mantech8.com"
185.191.171.10 - - [01/Dec/2022:18:26:07 -0800] "GET /index.php?camp-fire%2F295898.html HTTP/1.1" 500 - "-" "Mozilla/5.0 (compatible; SemrushBot/7~bl; +http://www.semrush.com/bot.html)" "mantech8.com"
185.191.171.25 - - [01/Dec/2022:18:26:52 -0800] "GET /?camp-fire%2F63627090.html HTTP/1.1" 500 - "-" "Mozilla/5.0 (compatible; SemrushBot/7~bl; +http://www.semrush.com/bot.html)" "mantech8.com"
185.191.171.34 - - [01/Dec/2022:18:26:56 -0800] "GET /?camp-fire%2F63613708.html HTTP/1.1" 500 - "-" "Mozilla/5.0 (compatible; SemrushBot/7~bl; +http://www.semrush.com/bot.html)" "mantech8.com"
185.191.171.14 - - [01/Dec/2022:18:27:09 -0800] "GET /index.php?camp-fire%2F6771477.html HTTP/1.1" 500 - "-" "Mozilla/5.0 (compatible; SemrushBot/7~bl; +http://www.semrush.com/bot.html)" "mantech8.com"
185.191.171.11 - - [01/Dec/2022:18:27:20 -0800] "GET /?camp-fire%2F54228749.html HTTP/1.1" 500 - "-" "Mozilla/5.0 (compatible; SemrushBot/7~bl; +http://www.semrush.com/bot.html)" "mantech8.com"
185.191.171.5 - - [01/Dec/2022:18:27:33 -0800] "GET /?camp-fire%2F51933850.html HTTP/1.1" 500 - "-" "Mozilla/5.0 (compatible; SemrushBot/7~bl; +http://www.semrush.com/bot.html)" "mantech8.com"
185.191.171.5 - - [01/Dec/2022:18:27:35 -0800] "GET /?camp-fire%2F48572260.html HTTP/1.1" 500 - "-" "Mozilla/5.0 (compatible; SemrushBot/7~bl; +http://www.semrush.com/bot.html)" "mantech8.com"
207.46.13.125 - - [01/Dec/2022:18:28:12 -0800] "GET /index.php/eayh-50ff-rmmbr.ii HTTP/1.1" 200 61883 "-" "Mozilla/5.0 AppleWebKit/537.36 (KHTML, like Gecko; compatible; bingbot/2.0; +http://www.bing.com/bingbot.htm) Chrome/103.0.5060.134 Safari/537.36" "mantech8.com"
185.191.171.15 - - [01/Dec/2022:18:28:31 -0800] "GET /index.php/camp-fire/28898821.html HTTP/1.1" 500 - "-" "Mozilla/5.0 (compatible; SemrushBot/7~bl; +http://www.semrush.com/bot.html)" "mantech8.com"
185.191.171.42 - - [01/Dec/2022:18:28:45 -0800] "GET /index.php/camp-fire/8032621.html HTTP/1.1" 500 - "-" "Mozilla/5.0 (compatible; SemrushBot/7~bl; +http://www.semrush.com/bot.html)" "mantech8.com"
157.55.39.138 - - [01/Dec/2022:18:29:18 -0800] "GET /index.php/5caae HTTP/1.1" 200 81530 "-" "Mozilla/5.0 AppleWebKit/537.36 (KHTML, like Gecko; compatible; bingbot/2.0; +http://www.bing.com/bingbot.htm) Chrome/103.0.5060.134 Safari/537.36" "mantech8.com"
185.191.171.43 - - [01/Dec/2022:18:29:38 -0800] "GET /?camp-fire%2F55123785.html HTTP/1.1" 500 - "-" "Mozilla/5.0 (compatible; SemrushBot/7~bl; +http://www.semrush.com/bot.html)" "mantech8.com"
1.4.198.49 - - [01/Dec/2022:18:30:09 -0800] "GET /contact.php HTTP/1.1" 200 29238 "http://mantech8.com/contact.php" "Mozilla/5.0 (Windows NT 10.0) AppleWebKit/537.36 (KHTML, like Gecko) Chrome/90.0.4430.85 Safari/537.36 Edg/90.0.818.46" "mantech8.com"
1.4.198.49 - - [01/Dec/2022:18:30:11 -0800] "POST /mailer.php HTTP/1.1" 500 - "http://mantech8.com/contact.php" "Mozilla/5.0 (Windows NT 10.0) AppleWebKit/537.36 (KHTML, like Gecko) Chrome/90.0.4430.85 Safari/537.36 Edg/90.0.818.46" "mantech8.com"
185.191.171.8 - - [01/Dec/2022:18:30:21 -0800] "GET /?camp-fire%2F45043363.html HTTP/1.1" 500 - "-" "Mozilla/5.0 (compatible; SemrushBot/7~bl; +http://www.semrush.com/bot.html)" "mantech8.com"
185.191.171.3 - - [01/Dec/2022:18:30:40 -0800] "GET /index.php?camp-fire%2F4681385.html HTTP/1.1" 500 - "-" "Mozilla/5.0 (compatible; SemrushBot/7~bl; +http://www.semrush.com/bot.html)" "mantech8.com"
66.249.66.68 - - [01/Dec/2022:18:30:41 -0800] "GET /ads.txt HTTP/1.1" 404 88 "-" "Mozilla/5.0 (compatible; Googlebot/2.1; +http://www.google.com/bot.html)" "mantech8.com"
185.191.171.9 - - [01/Dec/2022:18:31:01 -0800] "GET /index.php?camp-fire%2F8988142.html HTTP/1.1" 500 - "-" "Mozilla/5.0 (compatible; SemrushBot/7~bl; +http://www.semrush.com/bot.html)" "mantech8.com"
40.77.167.67 - - [01/Dec/2022:18:31:21 -0800] "GET /index.php/kjz2-6bd1fdbcfb-hasay.ii HTTP/1.1" 200 66923 "-" "Mozilla/5.0 (compatible; bingbot/2.0; +http://www.bing.com/bingbot.htm)" "mantech8.com"
185.191.171.6 - - [01/Dec/2022:18:31:45 -0800] "GET /?camp-fire%2F46976171.html HTTP/1.1" 500 - "-" "Mozilla/5.0 (compatible; SemrushBot/7~bl; +http://www.semrush.com/bot.html)" "mantech8.com"
185.191.171.11 - - [01/Dec/2022:18:32:25 -0800] "GET /?camp-fire%2F45760608.html HTTP/1.1" 500 - "-" "Mozilla/5.0 (compatible; SemrushBot/7~bl; +http://www.semrush.com/bot.html)" "mantech8.com"
185.191.171.15 - - [01/Dec/2022:18:32:37 -0800] "GET /?camp-fire%2F7639108.html HTTP/1.1" 500 - "-" "Mozilla/5.0 (compatible; SemrushBot/7~bl; +http://www.semrush.com/bot.html)" "mantech8.com"
185.191.171.39 - - [01/Dec/2022:18:32:59 -0800] "GET /index.php?camp-fire%2F8280021.html HTTP/1.1" 500 - "-" "Mozilla/5.0 (compatible; SemrushBot/7~bl; +http://www.semrush.com/bot.html)" "mantech8.com"
185.191.171.15 - - [01/Dec/2022:18:33:05 -0800] "GET /?camp-fire%2F35312138.html HTTP/1.1" 500 - "-" "Mozilla/5.0 (compatible; SemrushBot/7~bl; +http://www.semrush.com/bot.html)" "mantech8.com"
185.191.171.25 - - [01/Dec/2022:18:33:40 -0800] "GET /index.php?camp-fire%2F1275529.html HTTP/1.1" 500 - "-" "Mozilla/5.0 (compatible; SemrushBot/7~bl; +http://www.semrush.com/bot.html)" "mantech8.com"
66.249.66.66 - - [01/Dec/2022:18:33:52 -0800] "GET /successional.xml HTTP/1.1" 404 88 "-" "Mozilla/5.0 (compatible; Googlebot/2.1; +http://www.google.com/bot.html)" "mantech8.com"
185.191.171.18 - - [01/Dec/2022:18:34:23 -0800] "GET /index.php?camp-fire%2F5040685.html HTTP/1.1" 500 - "-" "Mozilla/5.0 (compatible; SemrushBot/7~bl; +http://www.semrush.com/bot.html)" "mantech8.com"
185.191.171.9 - - [01/Dec/2022:18:34:25 -0800] "GET /index.php?camp-fire%2F5306874.html HTTP/1.1" 500 - "-" "Mozilla/5.0 (compatible; SemrushBot/7~bl; +http://www.semrush.com/bot.html)" "mantech8.com"
185.191.171.4 - - [01/Dec/2022:18:34:28 -0800] "GET /?camp-fire%2F43780334.html HTTP/1.1" 500 - "-" "Mozilla/5.0 (compatible; SemrushBot/7~bl; +http://www.semrush.com/bot.html)" "mantech8.com"
157.55.39.123 - - [01/Dec/2022:18:34:36 -0800] "GET /index.php/577fbaada HTTP/1.1" 200 68352 "-" "Mozilla/5.0 AppleWebKit/537.36 (KHTML, like Gecko; compatible; bingbot/2.0; +http://www.bing.com/bingbot.htm) Chrome/103.0.5060.134 Safari/537.36" "mantech8.com"
185.191.171.6 - - [01/Dec/2022:18:34:49 -0800] "GET /index.php/camp-fire/19763198.html HTTP/1.1" 500 - "-" "Mozilla/5.0 (compatible; SemrushBot/7~bl; +http://www.semrush.com/bot.html)" "mantech8.com"
185.191.171.11 - - [01/Dec/2022:18:35:31 -0800] "GET /?camp-fire%2F38568755.html HTTP/1.1" 500 - "-" "Mozilla/5.0 (compatible; SemrushBot/7~bl; +http://www.semrush.com/bot.html)" "mantech8.com"
185.191.171.44 - - [01/Dec/2022:18:35:53 -0800] "GET /index.php/camp-fire/7635808.html HTTP/1.1" 500 - "-" "Mozilla/5.0 (compatible; SemrushBot/7~bl; +http://www.semrush.com/bot.html)" "mantech8.com"
185.191.171.24 - - [01/Dec/2022:18:35:56 -0800] "GET /?camp-fire%2F66868978.html HTTP/1.1" 500 - "-" "Mozilla/5.0 (compatible; SemrushBot/7~bl; +http://www.semrush.com/bot.html)" "mantech8.com"
40.77.167.26 - - [01/Dec/2022:18:36:23 -0800] "GET /index.php/EGy1-9f71adbaa-vshlc.Ii HTTP/1.1" 200 63102 "-" "Mozilla/5.0 AppleWebKit/537.36 (KHTML, like Gecko; compatible; bingbot/2.0; +http://www.bing.com/bingbot.htm) Chrome/103.0.5060.134 Safari/537.36" "mantech8.com"
40.77.167.26 - - [01/Dec/2022:18:36:24 -0800] "GET /index.php/ufsz-2c62aeda-cba5f.ii HTTP/1.1" 200 65297 "-" "Mozilla/5.0 AppleWebKit/537.36 (KHTML, like Gecko; compatible; bingbot/2.0; +http://www.bing.com/bingbot.htm) Chrome/103.0.5060.134 Safari/537.36" "mantech8.com"
40.77.167.26 - - [01/Dec/2022:18:36:24 -0800] "GET /index.php/naq6-20906ecdfc-iirdl.ii HTTP/1.1" 200 70254 "-" "Mozilla/5.0 AppleWebKit/537.36 (KHTML, like Gecko; compatible; bingbot/2.0; +http://www.bing.com/bingbot.htm) Chrome/103.0.5060.134 Safari/537.36" "mantech8.com"
40.77.167.26 - - [01/Dec/2022:18:36:24 -0800] "GET /index.php/decf HTTP/1.1" 200 64739 "-" "Mozilla/5.0 AppleWebKit/537.36 (KHTML, like Gecko; compatible; bingbot/2.0; +http://www.bing.com/bingbot.htm) Chrome/103.0.5060.134 Safari/537.36" "mantech8.com"
185.191.171.36 - - [01/Dec/2022:18:36:40 -0800] "GET /?camp-fire%2F11525183.html HTTP/1.1" 500 - "-" "Mozilla/5.0 (compatible; SemrushBot/7~bl; +http://www.semrush.com/bot.html)" "mantech8.com"
157.55.39.123 - - [01/Dec/2022:18:37:07 -0800] "GET /index.php/s0kv-96ad-osrap.ii HTTP/1.1" 200 66083 "-" "Mozilla/5.0 AppleWebKit/537.36 (KHTML, like Gecko; compatible; bingbot/2.0; +http://www.bing.com/bingbot.htm) Chrome/103.0.5060.134 Safari/537.36" "mantech8.com"
185.191.171.24 - - [01/Dec/2022:18:37:22 -0800] "GET /index.php/camp-fire/18109027.html HTTP/1.1" 500 - "-" "Mozilla/5.0 (compatible; SemrushBot/7~bl; +http://www.semrush.com/bot.html)" "mantech8.com"
114.119.145.154 - - [01/Dec/2022:18:37:25 -0800] "GET /index.php?takiko.xml HTTP/1.1" 200 289356 "-" "Mozilla/5.0 (Linux; Android 7.0;) AppleWebKit/537.36 (KHTML, like Gecko) Mobile Safari/537.36 (compatible; PetalBot;+https://webmaster.petalsearch.com/site/petalbot)" "mantech8.com"
157.55.39.138 - - [01/Dec/2022:18:38:09 -0800] "GET /index.php/nwtf-22366bab-3pliz.ii HTTP/1.1" 200 71363 "-" "Mozilla/5.0 AppleWebKit/537.36 (KHTML, like Gecko; compatible; bingbot/2.0; +http://www.bing.com/bingbot.htm) Chrome/103.0.5060.134 Safari/537.36" "mantech8.com"
185.191.171.38 - - [01/Dec/2022:18:38:15 -0800] "GET /?camp-fire%2F9698583.html HTTP/1.1" 500 - "-" "Mozilla/5.0 (compatible; SemrushBot/7~bl; +http://www.semrush.com/bot.html)" "mantech8.com"
157.55.39.138 - - [01/Dec/2022:18:38:28 -0800] "GET /index.php/ihSW-81cafcbdbf-xxcBQ.Ii HTTP/1.1" 200 72919 "-" "Mozilla/5.0 (compatible; bingbot/2.0; +http://www.bing.com/bingbot.htm)" "mantech8.com"
114.119.167.239 - - [01/Dec/2022:18:38:33 -0800] "GET /index.php/venatically.xml HTTP/1.1" 200 289289 "-" "Mozilla/5.0 (Linux; Android 7.0;) AppleWebKit/537.36 (KHTML, like Gecko) Mobile Safari/537.36 (compatible; PetalBot;+https://webmaster.petalsearch.com/site/petalbot)" "mantech8.com"
157.55.39.123 - - [01/Dec/2022:18:38:37 -0800] "GET /index.php/nWTf-72eb-4ASsp.Ii HTTP/1.1" 200 61739 "-" "Mozilla/5.0 AppleWebKit/537.36 (KHTML, like Gecko; compatible; bingbot/2.0; +http://www.bing.com/bingbot.htm) Chrome/103.0.5060.134 Safari/537.36" "mantech8.com"
185.191.171.19 - - [01/Dec/2022:18:39:31 -0800] "GET /?camp-fire%2F50483825.html HTTP/1.1" 500 - "-" "Mozilla/5.0 (compatible; SemrushBot/7~bl; +http://www.semrush.com/bot.html)" "mantech8.com"
185.191.171.33 - - [01/Dec/2022:18:40:07 -0800] "GET /index.php?camp-fire%2F7696421.html HTTP/1.1" 500 - "-" "Mozilla/5.0 (compatible; SemrushBot/7~bl; +http://www.semrush.com/bot.html)" "mantech8.com"
185.191.171.38 - - [01/Dec/2022:18:40:12 -0800] "GET /index.php/camp-fire/10497957.html HTTP/1.1" 500 - "-" "Mozilla/5.0 (compatible; SemrushBot/7~bl; +http://www.semrush.com/bot.html)" "mantech8.com"
185.191.171.14 - - [01/Dec/2022:18:40:25 -0800] "GET /?camp-fire%2F54764717.html HTTP/1.1" 500 - "-" "Mozilla/5.0 (compatible; SemrushBot/7~bl; +http://www.semrush.com/bot.html)" "mantech8.com"
185.191.171.23 - - [01/Dec/2022:18:40:27 -0800] "GET /?camp-fire%2F62318168.html HTTP/1.1" 500 - "-" "Mozilla/5.0 (compatible; SemrushBot/7~bl; +http://www.semrush.com/bot.html)" "mantech8.com"
185.191.171.26 - - [01/Dec/2022:18:40:54 -0800] "GET /?camp-fire%2F72729755.html HTTP/1.1" 500 - "-" "Mozilla/5.0 (compatible; SemrushBot/7~bl; +http://www.semrush.com/bot.html)" "mantech8.com"
207.46.13.100 - - [01/Dec/2022:18:41:09 -0800] "GET /index.php/wf2o-f082adeacf-g6zf5.ii HTTP/1.1" 200 69354 "-" "Mozilla/5.0 AppleWebKit/537.36 (KHTML, like Gecko; compatible; bingbot/2.0; +http://www.bing.com/bingbot.htm) Chrome/103.0.5060.134 Safari/537.36" "mantech8.com"
114.119.142.47 - - [01/Dec/2022:18:41:10 -0800] "GET /?interphalangeal.xml HTTP/1.1" 200 270592 "-" "Mozilla/5.0 (Linux; Android 7.0;) AppleWebKit/537.36 (KHTML, like Gecko) Mobile Safari/537.36 (compatible; PetalBot;+https://webmaster.petalsearch.com/site/petalbot)" "mantech8.com"
185.191.171.40 - - [01/Dec/2022:18:41:23 -0800] "GET /?camp-fire%2F5392077.html HTTP/1.1" 500 - "-" "Mozilla/5.0 (compatible; SemrushBot/7~bl; +http://www.semrush.com/bot.html)" "mantech8.com"
185.191.171.37 - - [01/Dec/2022:18:41:25 -0800] "GET /?camp-fire%2F94592147.html HTTP/1.1" 500 - "-" "Mozilla/5.0 (compatible; SemrushBot/7~bl; +http://www.semrush.com/bot.html)" "mantech8.com"
157.55.39.138 - - [01/Dec/2022:18:41:30 -0800] "GET /index.php/okoc-80bde-luohk.ii HTTP/1.1" 200 72528 "-" "Mozilla/5.0 AppleWebKit/537.36 (KHTML, like Gecko; compatible; bingbot/2.0; +http://www.bing.com/bingbot.htm) Chrome/103.0.5060.134 Safari/537.36" "mantech8.com"
185.191.171.40 - - [01/Dec/2022:18:41:46 -0800] "GET /?camp-fire%2F55591525.html HTTP/1.1" 500 - "-" "Mozilla/5.0 (compatible; SemrushBot/7~bl; +http://www.semrush.com/bot.html)" "mantech8.com"
185.191.171.25 - - [01/Dec/2022:18:42:15 -0800] "GET /index.php/camp-fire/23529187.html HTTP/1.1" 500 - "-" "Mozilla/5.0 (compatible; SemrushBot/7~bl; +http://www.semrush.com/bot.html)" "mantech8.com"
40.77.167.26 - - [01/Dec/2022:18:42:45 -0800] "GET /index.php/4753cdffe/0f38ecbcd HTTP/1.1" 200 64491 "-" "Mozilla/5.0 AppleWebKit/537.36 (KHTML, like Gecko; compatible; bingbot/2.0; +http://www.bing.com/bingbot.htm) Chrome/103.0.5060.134 Safari/537.36" "mantech8.com"
185.191.171.10 - - [01/Dec/2022:18:42:57 -0800] "GET /?camp-fire%2F50618082.html HTTP/1.1" 500 - "-" "Mozilla/5.0 (compatible; SemrushBot/7~bl; +http://www.semrush.com/bot.html)" "mantech8.com"
185.191.171.44 - - [01/Dec/2022:18:43:32 -0800] "GET /?camp-fire%2F85897584.html HTTP/1.1" 500 - "-" "Mozilla/5.0 (compatible; SemrushBot/7~bl; +http://www.semrush.com/bot.html)" "mantech8.com"
207.46.13.100 - - [01/Dec/2022:18:43:49 -0800] "GET /index.php/1f71adcca HTTP/1.1" 200 64178 "-" "Mozilla/5.0 (compatible; bingbot/2.0; +http://www.bing.com/bingbot.htm)" "mantech8.com"
185.191.171.22 - - [01/Dec/2022:18:43:50 -0800] "GET /?camp-fire%2F51067550.html HTTP/1.1" 500 - "-" "Mozilla/5.0 (compatible; SemrushBot/7~bl; +http://www.semrush.com/bot.html)" "mantech8.com"
185.191.171.26 - - [01/Dec/2022:18:44:02 -0800] "GET /?camp-fire%2F37475678.html HTTP/1.1" 500 - "-" "Mozilla/5.0 (compatible; SemrushBot/7~bl; +http://www.semrush.com/bot.html)" "mantech8.com"
40.77.167.26 - - [01/Dec/2022:18:44:35 -0800] "GET /index.php/sa5z-e520cfdcfd-h48dc.ii HTTP/1.1" 200 60929 "-" "Mozilla/5.0 AppleWebKit/537.36 (KHTML, like Gecko; compatible; bingbot/2.0; +http://www.bing.com/bingbot.htm) Chrome/103.0.5060.134 Safari/537.36" "mantech8.com"
207.46.13.125 - - [01/Dec/2022:18:44:53 -0800] "GET /index.php/bljc-26b1bfcfdc-ksbop.ii HTTP/1.1" 200 69799 "-" "Mozilla/5.0 AppleWebKit/537.36 (KHTML, like Gecko; compatible; bingbot/2.0; +http://www.bing.com/bingbot.htm) Chrome/103.0.5060.134 Safari/537.36" "mantech8.com"
157.55.39.123 - - [01/Dec/2022:18:44:57 -0800] "GET /bimages/bus/group4.jpg HTTP/1.1" 200 92987 "-" "Mozilla/5.0 (compatible; bingbot/2.0; +http://www.bing.com/bingbot.htm)" "www.mantech8.com"
185.191.171.21 - - [01/Dec/2022:18:45:18 -0800] "GET /?camp-fire%2F93759934.html HTTP/1.1" 500 - "-" "Mozilla/5.0 (compatible; SemrushBot/7~bl; +http://www.semrush.com/bot.html)" "mantech8.com"
185.191.171.37 - - [01/Dec/2022:18:45:23 -0800] "GET /?camp-fire%2F16312178.html HTTP/1.1" 500 - "-" "Mozilla/5.0 (compatible; SemrushBot/7~bl; +http://www.semrush.com/bot.html)" "mantech8.com"
207.46.13.125 - - [01/Dec/2022:18:45:42 -0800] "GET /index.php/Mcko-c9efc-VgH1H.Ii HTTP/1.1" 200 75211 "-" "Mozilla/5.0 AppleWebKit/537.36 (KHTML, like Gecko; compatible; bingbot/2.0; +http://www.bing.com/bingbot.htm) Chrome/103.0.5060.134 Safari/537.36" "mantech8.com"
207.46.13.125 - - [01/Dec/2022:18:45:43 -0800] "GET /sitemapnewindex.xml HTTP/1.1" 404 88 "-" "Mozilla/5.0 (compatible; bingbot/2.0; +http://www.bing.com/bingbot.htm)" "mantech8.com"
40.77.167.67 - - [01/Dec/2022:18:45:47 -0800] "GET /index.php/egy1-0345cffdda-ve77x.ii HTTP/1.1" 200 67392 "-" "Mozilla/5.0 AppleWebKit/537.36 (KHTML, like Gecko; compatible; bingbot/2.0; +http://www.bing.com/bingbot.htm) Chrome/103.0.5060.134 Safari/537.36" "mantech8.com"
157.55.39.138 - - [01/Dec/2022:18:46:00 -0800] "GET /index.php/075aaafe HTTP/1.1" 200 76218 "-" "Mozilla/5.0 (compatible; bingbot/2.0; +http://www.bing.com/bingbot.htm)" "mantech8.com"
185.191.171.21 - - [01/Dec/2022:18:46:25 -0800] "GET /?camp-fire%2F56629050.html HTTP/1.1" 500 - "-" "Mozilla/5.0 (compatible; SemrushBot/7~bl; +http://www.semrush.com/bot.html)" "mantech8.com"
185.191.171.17 - - [01/Dec/2022:18:46:38 -0800] "GET /index.php?camp-fire%2F1422953.html HTTP/1.1" 500 - "-" "Mozilla/5.0 (compatible; SemrushBot/7~bl; +http://www.semrush.com/bot.html)" "mantech8.com"
207.46.13.100 - - [01/Dec/2022:18:46:39 -0800] "GET /index.php/zsUZ-a677fefee-sIOLR.Ii HTTP/1.1" 200 67001 "-" "Mozilla/5.0 AppleWebKit/537.36 (KHTML, like Gecko; compatible; bingbot/2.0; +http://www.bing.com/bingbot.htm) Chrome/103.0.5060.134 Safari/537.36" "mantech8.com"
207.46.13.100 - - [01/Dec/2022:18:46:40 -0800] "GET /sitemapindeximages.xml HTTP/1.1" 404 88 "-" "Mozilla/5.0 AppleWebKit/537.36 (KHTML, like Gecko; compatible; bingbot/2.0; +http://www.bing.com/bingbot.htm) Chrome/103.0.5060.134 Safari/537.36" "mantech8.com"
207.46.13.100 - - [01/Dec/2022:18:46:40 -0800] "GET /sitemapindex.xml HTTP/1.1" 404 88 "-" "Mozilla/5.0 (compatible; bingbot/2.0; +http://www.bing.com/bingbot.htm)" "mantech8.com"
185.191.171.9 - - [01/Dec/2022:18:46:50 -0800] "GET /?camp-fire%2F21859117.html HTTP/1.1" 500 - "-" "Mozilla/5.0 (compatible; SemrushBot/7~bl; +http://www.semrush.com/bot.html)" "mantech8.com"
157.55.39.123 - - [01/Dec/2022:18:47:07 -0800] "GET /sitemapmobileindex.xml HTTP/1.1" 404 88 "-" "Mozilla/5.0 (compatible; bingbot/2.0; +http://www.bing.com/bingbot.htm)" "mantech8.com"
40.77.167.26 - - [01/Dec/2022:18:47:25 -0800] "GET /index.php/egy1-39b18aae-vxist.ii HTTP/1.1" 200 103834 "-" "Mozilla/5.0 (compatible; bingbot/2.0; +http://www.bing.com/bingbot.htm)" "mantech8.com"
185.191.171.39 - - [01/Dec/2022:18:47:35 -0800] "GET /index.php/camp-fire/12399576.html HTTP/1.1" 500 - "-" "Mozilla/5.0 (compatible; SemrushBot/7~bl; +http://www.semrush.com/bot.html)" "mantech8.com"
185.191.171.21 - - [01/Dec/2022:18:48:11 -0800] "GET /index.php/camp-fire/27707671.html HTTP/1.1" 500 - "-" "Mozilla/5.0 (compatible; SemrushBot/7~bl; +http://www.semrush.com/bot.html)" "mantech8.com"
185.191.171.6 - - [01/Dec/2022:18:48:17 -0800] "GET /index.php?camp-fire%2F1128272.html HTTP/1.1" 500 - "-" "Mozilla/5.0 (compatible; SemrushBot/7~bl; +http://www.semrush.com/bot.html)" "mantech8.com"
185.191.171.19 - - [01/Dec/2022:18:48:27 -0800] "GET /?camp-fire%2F53119971.html HTTP/1.1" 500 - "-" "Mozilla/5.0 (compatible; SemrushBot/7~bl; +http://www.semrush.com/bot.html)" "mantech8.com"
185.191.171.43 - - [01/Dec/2022:18:49:40 -0800] "GET /index.php/camp-fire/58585076.html HTTP/1.1" 500 - "-" "Mozilla/5.0 (compatible; SemrushBot/7~bl; +http://www.semrush.com/bot.html)" "mantech8.com"
185.191.171.23 - - [01/Dec/2022:18:49:55 -0800] "GET /?camp-fire%2F5195396.html HTTP/1.1" 500 - "-" "Mozilla/5.0 (compatible; SemrushBot/7~bl; +http://www.semrush.com/bot.html)" "mantech8.com"
185.191.171.24 - - [01/Dec/2022:18:50:14 -0800] "GET /?camp-fire%2F17607780.html HTTP/1.1" 500 - "-" "Mozilla/5.0 (compatible; SemrushBot/7~bl; +http://www.semrush.com/bot.html)" "mantech8.com"
185.191.171.24 - - [01/Dec/2022:18:50:24 -0800] "GET /?camp-fire%2F58132980.html HTTP/1.1" 500 - "-" "Mozilla/5.0 (compatible; SemrushBot/7~bl; +http://www.semrush.com/bot.html)" "mantech8.com"
40.77.167.26 - - [01/Dec/2022:18:50:35 -0800] "GET /index.php/wtzk-bd599bdba-nlspa.ii HTTP/1.1" 200 71416 "-" "Mozilla/5.0 AppleWebKit/537.36 (KHTML, like Gecko; compatible; bingbot/2.0; +http://www.bing.com/bingbot.htm) Chrome/103.0.5060.134 Safari/537.36" "mantech8.com"
185.191.171.42 - - [01/Dec/2022:18:50:37 -0800] "GET /?camp-fire%2F10158590.html HTTP/1.1" 500 - "-" "Mozilla/5.0 (compatible; SemrushBot/7~bl; +http://www.semrush.com/bot.html)" "mantech8.com"
40.77.167.26 - - [01/Dec/2022:18:50:37 -0800] "GET /index.php/mhxm-df97aeabae-jtdsr.ii HTTP/1.1" 200 61636 "-" "Mozilla/5.0 (compatible; bingbot/2.0; +http://www.bing.com/bingbot.htm)" "mantech8.com"
157.55.39.138 - - [01/Dec/2022:18:50:42 -0800] "GET /index.php/mkjw-6e1dfaee-bhqdl.ii HTTP/1.1" 200 63480 "-" "Mozilla/5.0 AppleWebKit/537.36 (KHTML, like Gecko; compatible; bingbot/2.0; +http://www.bing.com/bingbot.htm) Chrome/103.0.5060.134 Safari/537.36" "mantech8.com"
185.191.171.20 - - [01/Dec/2022:18:51:17 -0800] "GET /?camp-fire%2F96563689.html HTTP/1.1" 500 - "-" "Mozilla/5.0 (compatible; SemrushBot/7~bl; +http://www.semrush.com/bot.html)" "mantech8.com"
185.191.171.24 - - [01/Dec/2022:18:51:20 -0800] "GET /?camp-fire%2F4822790.html HTTP/1.1" 500 - "-" "Mozilla/5.0 (compatible; SemrushBot/7~bl; +http://www.semrush.com/bot.html)" "mantech8.com"
185.191.171.39 - - [01/Dec/2022:18:51:51 -0800] "GET /index.php?camp-fire%2F1378953.html HTTP/1.1" 500 - "-" "Mozilla/5.0 (compatible; SemrushBot/7~bl; +http://www.semrush.com/bot.html)" "mantech8.com"
207.46.13.125 - - [01/Dec/2022:18:52:04 -0800] "GET /index.php/228aeebab HTTP/1.1" 200 102009 "-" "Mozilla/5.0 AppleWebKit/537.36 (KHTML, like Gecko; compatible; bingbot/2.0; +http://www.bing.com/bingbot.htm) Chrome/103.0.5060.134 Safari/537.36" "mantech8.com"
207.46.13.125 - - [01/Dec/2022:18:52:05 -0800] "GET /index.php/06aabddbdf HTTP/1.1" 200 70423 "-" "Mozilla/5.0 AppleWebKit/537.36 (KHTML, like Gecko; compatible; bingbot/2.0; +http://www.bing.com/bingbot.htm) Chrome/103.0.5060.134 Safari/537.36" "mantech8.com"
185.191.171.39 - - [01/Dec/2022:18:52:23 -0800] "GET /?camp-fire%2F45197876.html HTTP/1.1" 500 - "-" "Mozilla/5.0 (compatible; SemrushBot/7~bl; +http://www.semrush.com/bot.html)" "mantech8.com"
185.191.171.20 - - [01/Dec/2022:18:53:12 -0800] "GET /?camp-fire%2F55144355.html HTTP/1.1" 500 - "-" "Mozilla/5.0 (compatible; SemrushBot/7~bl; +http://www.semrush.com/bot.html)" "mantech8.com"
185.191.171.12 - - [01/Dec/2022:18:54:13 -0800] "GET /?camp-fire%2F58758538.html HTTP/1.1" 500 - "-" "Mozilla/5.0 (compatible; SemrushBot/7~bl; +http://www.semrush.com/bot.html)" "mantech8.com"
185.191.171.38 - - [01/Dec/2022:18:54:20 -0800] "GET /robots.txt HTTP/1.1" 200 106 "-" "Mozilla/5.0 (compatible; SemrushBot/7~bl; +http://www.semrush.com/bot.html)" "mantech8.com"
185.191.171.33 - - [01/Dec/2022:18:54:20 -0800] "GET /index.php?camp-fire%2F3880674.html HTTP/1.1" 500 - "-" "Mozilla/5.0 (compatible; SemrushBot/7~bl; +http://www.semrush.com/bot.html)" "mantech8.com"
157.55.39.138 - - [01/Dec/2022:18:54:30 -0800] "GET /index.php/q5W4-4fee-jKlEI.Ii HTTP/1.1" 200 61504 "-" "Mozilla/5.0 (compatible; bingbot/2.0; +http://www.bing.com/bingbot.htm)" "mantech8.com"
157.55.39.123 - - [01/Dec/2022:18:54:34 -0800] "GET /index.php/wf2o-c27dfbfdc-g7gii.ii HTTP/1.1" 200 99999 "-" "Mozilla/5.0 AppleWebKit/537.36 (KHTML, like Gecko; compatible; bingbot/2.0; +http://www.bing.com/bingbot.htm) Chrome/103.0.5060.134 Safari/537.36" "mantech8.com"
185.191.171.21 - - [01/Dec/2022:18:54:36 -0800] "GET /?camp-fire%2F71028483.html HTTP/1.1" 500 - "-" "Mozilla/5.0 (compatible; SemrushBot/7~bl; +http://www.semrush.com/bot.html)" "mantech8.com"
40.77.167.67 - - [01/Dec/2022:18:54:43 -0800] "GET /index.php?camp-fire/34959157.html HTTP/1.1" 200 65580 "-" "Mozilla/5.0 AppleWebKit/537.36 (KHTML, like Gecko; compatible; bingbot/2.0; +http://www.bing.com/bingbot.htm) Chrome/103.0.5060.134 Safari/537.36" "www.mantech8.com"
185.191.171.11 - - [01/Dec/2022:18:54:45 -0800] "GET /?camp-fire%2F71700517.html HTTP/1.1" 500 - "-" "Mozilla/5.0 (compatible; SemrushBot/7~bl; +http://www.semrush.com/bot.html)" "mantech8.com"
185.191.171.25 - - [01/Dec/2022:18:54:47 -0800] "GET /index.php?camp-fire%2F8024380.html HTTP/1.1" 500 - "-" "Mozilla/5.0 (compatible; SemrushBot/7~bl; +http://www.semrush.com/bot.html)" "mantech8.com"
185.191.171.43 - - [01/Dec/2022:18:55:32 -0800] "GET /index.php/camp-fire/38821492.html HTTP/1.1" 500 - "-" "Mozilla/5.0 (compatible; SemrushBot/7~bl; +http://www.semrush.com/bot.html)" "mantech8.com"
185.191.171.21 - - [01/Dec/2022:18:55:42 -0800] "GET /index.php/camp-fire/1370190.html HTTP/1.1" 500 - "-" "Mozilla/5.0 (compatible; SemrushBot/7~bl; +http://www.semrush.com/bot.html)" "mantech8.com"
40.77.167.67 - - [01/Dec/2022:18:56:14 -0800] "GET /index.php/mcko-d8efb-vy8rl.ii HTTP/1.1" 200 68849 "-" "Mozilla/5.0 (compatible; bingbot/2.0; +http://www.bing.com/bingbot.htm)" "mantech8.com"
185.191.171.12 - - [01/Dec/2022:18:57:07 -0800] "GET /?camp-fire%2F4828755.html HTTP/1.1" 500 - "-" "Mozilla/5.0 (compatible; SemrushBot/7~bl; +http://www.semrush.com/bot.html)" "mantech8.com"
185.191.171.3 - - [01/Dec/2022:18:57:09 -0800] "GET /index.php/camp-fire/1352190.html HTTP/1.1" 500 - "-" "Mozilla/5.0 (compatible; SemrushBot/7~bl; +http://www.semrush.com/bot.html)" "mantech8.com"
216.244.66.241 - - [01/Dec/2022:18:57:21 -0800] "GET /robots.txt HTTP/1.1" 200 222 "-" "Mozilla/5.0 (compatible; DotBot/1.2; +https://opensiteexplorer.org/dotbot; help@moz.com)" "www.mantech8.com"
185.191.171.20 - - [01/Dec/2022:18:57:40 -0800] "GET /?camp-fire%2F9703183.html HTTP/1.1" 500 - "-" "Mozilla/5.0 (compatible; SemrushBot/7~bl; +http://www.semrush.com/bot.html)" "mantech8.com"
185.191.171.39 - - [01/Dec/2022:18:57:54 -0800] "GET /?camp-fire%2F66548308.html HTTP/1.1" 500 - "-" "Mozilla/5.0 (compatible; SemrushBot/7~bl; +http://www.semrush.com/bot.html)" "mantech8.com"
185.191.171.1 - - [01/Dec/2022:18:58:17 -0800] "GET /?camp-fire%2F44778817.html HTTP/1.1" 500 - "-" "Mozilla/5.0 (compatible; SemrushBot/7~bl; +http://www.semrush.com/bot.html)" "mantech8.com"
185.191.171.37 - - [01/Dec/2022:18:58:31 -0800] "GET /?camp-fire%2F71610903.html HTTP/1.1" 500 - "-" "Mozilla/5.0 (compatible; SemrushBot/7~bl; +http://www.semrush.com/bot.html)" "mantech8.com"
185.191.171.37 - - [01/Dec/2022:18:58:42 -0800] "GET /index.php?camp-fire%2F5340977.html HTTP/1.1" 500 - "-" "Mozilla/5.0 (compatible; SemrushBot/7~bl; +http://www.semrush.com/bot.html)" "mantech8.com"
40.77.167.26 - - [01/Dec/2022:18:59:07 -0800] "GET /index.php/8f1b2caf HTTP/1.1" 200 66008 "-" "Mozilla/5.0 (compatible; bingbot/2.0; +http://www.bing.com/bingbot.htm)" "mantech8.com"
114.119.140.174 - - [01/Dec/2022:18:59:36 -0800] "GET /athermallize.xml HTTP/1.1" 404 88 "-" "Mozilla/5.0 (compatible;PetalBot;+https://webmaster.petalsearch.com/site/petalbot)" "mantech8.com"
185.191.171.2 - - [01/Dec/2022:18:59:53 -0800] "GET /?camp-fire%2F51883738.html HTTP/1.1" 500 - "-" "Mozilla/5.0 (compatible; SemrushBot/7~bl; +http://www.semrush.com/bot.html)" "mantech8.com"
185.191.171.1 - - [01/Dec/2022:19:00:07 -0800] "GET /?camp-fire%2F36744238.html HTTP/1.1" 500 - "-" "Mozilla/5.0 (compatible; SemrushBot/7~bl; +http://www.semrush.com/bot.html)" "mantech8.com"
40.77.167.67 - - [01/Dec/2022:19:00:13 -0800] "GET /index.php/egy1-792cdeba-vsvum.ii HTTP/1.1" 200 65806 "-" "Mozilla/5.0 (compatible; bingbot/2.0; +http://www.bing.com/bingbot.htm)" "mantech8.com"
185.191.171.36 - - [01/Dec/2022:19:00:36 -0800] "GET /index.php/camp-fire/38845892.html HTTP/1.1" 500 - "-" "Mozilla/5.0 (compatible; SemrushBot/7~bl; +http://www.semrush.com/bot.html)" "mantech8.com"
185.191.171.8 - - [01/Dec/2022:19:00:47 -0800] "GET /?camp-fire%2F69923178.html HTTP/1.1" 500 - "-" "Mozilla/5.0 (compatible; SemrushBot/7~bl; +http://www.semrush.com/bot.html)" "mantech8.com"
185.191.171.13 - - [01/Dec/2022:19:01:37 -0800] "GET /?camp-fire%2F48676378.html HTTP/1.1" 500 - "-" "Mozilla/5.0 (compatible; SemrushBot/7~bl; +http://www.semrush.com/bot.html)" "mantech8.com"
185.191.171.4 - - [01/Dec/2022:19:01:51 -0800] "GET /?camp-fire%2F8262078.html HTTP/1.1" 500 - "-" "Mozilla/5.0 (compatible; SemrushBot/7~bl; +http://www.semrush.com/bot.html)" "mantech8.com"
185.191.171.15 - - [01/Dec/2022:19:01:58 -0800] "GET /index.php/camp-fire/36309308.html HTTP/1.1" 500 - "-" "Mozilla/5.0 (compatible; SemrushBot/7~bl; +http://www.semrush.com/bot.html)" "mantech8.com"
157.55.39.138 - - [01/Dec/2022:19:02:12 -0800] "GET /index.php/wf2o-10bf-g5nkx.ii HTTP/1.1" 200 64207 "-" "Mozilla/5.0 AppleWebKit/537.36 (KHTML, like Gecko; compatible; bingbot/2.0; +http://www.bing.com/bingbot.htm) Chrome/103.0.5060.134 Safari/537.36" "mantech8.com"
157.55.39.138 - - [01/Dec/2022:19:02:13 -0800] "GET /index.php/eb5r-3b4b1abb-lcrgl.ii HTTP/1.1" 200 63945 "-" "Mozilla/5.0 AppleWebKit/537.36 (KHTML, like Gecko; compatible; bingbot/2.0; +http://www.bing.com/bingbot.htm) Chrome/103.0.5060.134 Safari/537.36" "mantech8.com"
207.46.13.125 - - [01/Dec/2022:19:02:15 -0800] "GET /index.php/raig-b81f7bcd-ntol1.ii HTTP/1.1" 200 70078 "-" "Mozilla/5.0 AppleWebKit/537.36 (KHTML, like Gecko; compatible; bingbot/2.0; +http://www.bing.com/bingbot.htm) Chrome/103.0.5060.134 Safari/537.36" "mantech8.com"
207.46.13.125 - - [01/Dec/2022:19:02:16 -0800] "GET /index.php/txf8-3cdbdb-alndg.ii HTTP/1.1" 200 67419 "-" "Mozilla/5.0 (compatible; bingbot/2.0; +http://www.bing.com/bingbot.htm)" "mantech8.com"
207.46.13.125 - - [01/Dec/2022:19:02:17 -0800] "GET /index.php/wf2o-fea0bbafac-g4qad.ii HTTP/1.1" 200 65011 "-" "Mozilla/5.0 (compatible; bingbot/2.0; +http://www.bing.com/bingbot.htm)" "mantech8.com"
207.46.13.125 - - [01/Dec/2022:19:02:25 -0800] "GET /index.php/txf8-9a6bbccdc-altzs.ii HTTP/1.1" 200 67261 "-" "Mozilla/5.0 (compatible; bingbot/2.0; +http://www.bing.com/bingbot.htm)" "mantech8.com"
185.191.171.11 - - [01/Dec/2022:19:02:27 -0800] "GET /?camp-fire%2F63326717.html HTTP/1.1" 500 - "-" "Mozilla/5.0 (compatible; SemrushBot/7~bl; +http://www.semrush.com/bot.html)" "mantech8.com"
185.191.171.36 - - [01/Dec/2022:19:02:42 -0800] "GET /index.php?camp-fire%2F1126472.html HTTP/1.1" 500 - "-" "Mozilla/5.0 (compatible; SemrushBot/7~bl; +http://www.semrush.com/bot.html)" "mantech8.com"
185.191.171.1 - - [01/Dec/2022:19:03:19 -0800] "GET /?camp-fire%2F41935871.html HTTP/1.1" 500 - "-" "Mozilla/5.0 (compatible; SemrushBot/7~bl; +http://www.semrush.com/bot.html)" "mantech8.com"
185.191.171.35 - - [01/Dec/2022:19:03:56 -0800] "GET /index.php?camp-fire%2F3151678.html HTTP/1.1" 500 - "-" "Mozilla/5.0 (compatible; SemrushBot/7~bl; +http://www.semrush.com/bot.html)" "mantech8.com"
185.191.171.38 - - [01/Dec/2022:19:04:10 -0800] "GET /?camp-fire%2F53021871.html HTTP/1.1" 500 - "-" "Mozilla/5.0 (compatible; SemrushBot/7~bl; +http://www.semrush.com/bot.html)" "mantech8.com"
40.77.167.26 - - [01/Dec/2022:19:04:16 -0800] "GET /index.php/Mcko-4cac8efbfe-VtIMu.Ii HTTP/1.1" 200 62505 "-" "Mozilla/5.0 AppleWebKit/537.36 (KHTML, like Gecko; compatible; bingbot/2.0; +http://www.bing.com/bingbot.htm) Chrome/103.0.5060.134 Safari/537.36" "mantech8.com"
40.77.167.26 - - [01/Dec/2022:19:04:17 -0800] "GET /index.php/wtzk-5fafbaebd-n2shr.ii HTTP/1.1" 200 70039 "-" "Mozilla/5.0 AppleWebKit/537.36 (KHTML, like Gecko; compatible; bingbot/2.0; +http://www.bing.com/bingbot.htm) Chrome/103.0.5060.134 Safari/537.36" "mantech8.com"
40.77.167.26 - - [01/Dec/2022:19:04:17 -0800] "GET /index.php/gvdr-8cedef-vmssp.ii HTTP/1.1" 200 71460 "-" "Mozilla/5.0 AppleWebKit/537.36 (KHTML, like Gecko; compatible; bingbot/2.0; +http://www.bing.com/bingbot.htm) Chrome/103.0.5060.134 Safari/537.36" "mantech8.com"
185.191.171.21 - - [01/Dec/2022:19:04:26 -0800] "GET /?camp-fire%2F15058590.html HTTP/1.1" 500 - "-" "Mozilla/5.0 (compatible; SemrushBot/7~bl; +http://www.semrush.com/bot.html)" "mantech8.com"
40.77.167.67 - - [01/Dec/2022:19:04:34 -0800] "GET / HTTP/1.1" 200 64634 "-" "Mozilla/5.0 (compatible; bingbot/2.0; +http://www.bing.com/bingbot.htm)" "www.mantech8.com"
40.77.167.67 - - [01/Dec/2022:19:04:36 -0800] "GET /index.php/znf9-bb67fcbba-qzsj6.ii HTTP/1.1" 200 60103 "-" "Mozilla/5.0 AppleWebKit/537.36 (KHTML, like Gecko; compatible; bingbot/2.0; +http://www.bing.com/bingbot.htm) Chrome/103.0.5060.134 Safari/537.36" "mantech8.com"
185.191.171.23 - - [01/Dec/2022:19:04:38 -0800] "GET /?camp-fire%2F39858302.html HTTP/1.1" 500 - "-" "Mozilla/5.0 (compatible; SemrushBot/7~bl; +http://www.semrush.com/bot.html)" "mantech8.com"
185.191.171.11 - - [01/Dec/2022:19:04:51 -0800] "GET /index.php/camp-fire/38844592.html HTTP/1.1" 500 - "-" "Mozilla/5.0 (compatible; SemrushBot/7~bl; +http://www.semrush.com/bot.html)" "mantech8.com"
40.77.167.26 - - [01/Dec/2022:19:04:57 -0800] "GET /index.php/q5w4-11eb-jkyna.ii HTTP/1.1" 200 69247 "-" "Mozilla/5.0 (compatible; bingbot/2.0; +http://www.bing.com/bingbot.htm)" "mantech8.com"
157.55.39.138 - - [01/Dec/2022:19:05:01 -0800] "GET /index.php/327ceadc HTTP/1.1" 200 64054 "-" "Mozilla/5.0 (compatible; bingbot/2.0; +http://www.bing.com/bingbot.htm)" "mantech8.com"
40.77.167.67 - - [01/Dec/2022:19:05:13 -0800] "GET /index.php/KJZ2-1a285ceaed-yp9iS.Ii HTTP/1.1" 200 64416 "-" "Mozilla/5.0 AppleWebKit/537.36 (KHTML, like Gecko; compatible; bingbot/2.0; +http://www.bing.com/bingbot.htm) Chrome/103.0.5060.134 Safari/537.36" "mantech8.com"
207.46.13.100 - - [01/Dec/2022:19:05:22 -0800] "GET /index.php/gvdr-61bd-vinhg.ii HTTP/1.1" 200 74560 "-" "Mozilla/5.0 (compatible; bingbot/2.0; +http://www.bing.com/bingbot.htm)" "mantech8.com"
185.191.171.44 - - [01/Dec/2022:19:06:03 -0800] "GET /?camp-fire%2F14653124.html HTTP/1.1" 500 - "-" "Mozilla/5.0 (compatible; SemrushBot/7~bl; +http://www.semrush.com/bot.html)" "mantech8.com"
185.191.171.24 - - [01/Dec/2022:19:06:04 -0800] "GET /index.php?camp-fire%2F9816383.html HTTP/1.1" 500 - "-" "Mozilla/5.0 (compatible; SemrushBot/7~bl; +http://www.semrush.com/bot.html)" "mantech8.com"
185.191.171.21 - - [01/Dec/2022:19:06:22 -0800] "GET /?camp-fire%2F91166846.html HTTP/1.1" 500 - "-" "Mozilla/5.0 (compatible; SemrushBot/7~bl; +http://www.semrush.com/bot.html)" "mantech8.com"
157.55.39.123 - - [01/Dec/2022:19:06:29 -0800] "GET /q5W4-15ead-jPuIT.Ii HTTP/1.1" 404 88 "-" "Mozilla/5.0 AppleWebKit/537.36 (KHTML, like Gecko; compatible; bingbot/2.0; +http://www.bing.com/bingbot.htm) Chrome/103.0.5060.134 Safari/537.36" "www.mantech8.com"
185.191.171.10 - - [01/Dec/2022:19:06:43 -0800] "GET /index.php/camp-fire/29786426.html HTTP/1.1" 500 - "-" "Mozilla/5.0 (compatible; SemrushBot/7~bl; +http://www.semrush.com/bot.html)" "mantech8.com"
185.191.171.11 - - [01/Dec/2022:19:07:30 -0800] "GET /index.php/camp-fire/1480259.html HTTP/1.1" 500 - "-" "Mozilla/5.0 (compatible; SemrushBot/7~bl; +http://www.semrush.com/bot.html)" "mantech8.com"
185.191.171.6 - - [01/Dec/2022:19:07:41 -0800] "GET /?camp-fire%2F42364155.html HTTP/1.1" 500 - "-" "Mozilla/5.0 (compatible; SemrushBot/7~bl; +http://www.semrush.com/bot.html)" "mantech8.com"
185.191.171.11 - - [01/Dec/2022:19:07:48 -0800] "GET /?camp-fire%2F58759138.html HTTP/1.1" 500 - "-" "Mozilla/5.0 (compatible; SemrushBot/7~bl; +http://www.semrush.com/bot.html)" "mantech8.com"
207.46.13.100 - - [01/Dec/2022:19:08:21 -0800] "GET /index.php/fzwC-7e7acbdcbc-VpAp8.Ii HTTP/1.1" 200 73990 "-" "Mozilla/5.0 AppleWebKit/537.36 (KHTML, like Gecko; compatible; bingbot/2.0; +http://www.bing.com/bingbot.htm) Chrome/103.0.5060.134 Safari/537.36" "mantech8.com"
40.77.167.67 - - [01/Dec/2022:19:08:26 -0800] "GET /index.php/fzwC-17defcdcb-VpAp6.Ii HTTP/1.1" 200 66919 "-" "Mozilla/5.0 (compatible; bingbot/2.0; +http://www.bing.com/bingbot.htm)" "mantech8.com"
157.55.39.123 - - [01/Dec/2022:19:08:59 -0800] "GET /index.php/fzwC-a0badbbe-VpApM.Ii HTTP/1.1" 200 62622 "-" "Mozilla/5.0 (compatible; bingbot/2.0; +http://www.bing.com/bingbot.htm)" "mantech8.com"
157.55.39.123 - - [01/Dec/2022:19:09:00 -0800] "GET /index.php/Pstd-2288babeb-iXJ46.Ii HTTP/1.1" 200 63522 "-" "Mozilla/5.0 (compatible; bingbot/2.0; +http://www.bing.com/bingbot.htm)" "mantech8.com"
157.55.39.138 - - [01/Dec/2022:19:09:11 -0800] "GET /index.php/Pstd-fc49cfebf-iSsJe.Ii HTTP/1.1" 200 61928 "-" "Mozilla/5.0 AppleWebKit/537.36 (KHTML, like Gecko; compatible; bingbot/2.0; +http://www.bing.com/bingbot.htm) Chrome/103.0.5060.134 Safari/537.36" "mantech8.com"
185.191.171.8 - - [01/Dec/2022:19:09:35 -0800] "GET /?camp-fire%2F72687702.html HTTP/1.1" 500 - "-" "Mozilla/5.0 (compatible; SemrushBot/7~bl; +http://www.semrush.com/bot.html)" "mantech8.com"
185.191.171.34 - - [01/Dec/2022:19:09:52 -0800] "GET /index.php/camp-fire/65487576.html HTTP/1.1" 500 - "-" "Mozilla/5.0 (compatible; SemrushBot/7~bl; +http://www.semrush.com/bot.html)" "mantech8.com"
40.77.167.26 - - [01/Dec/2022:19:10:07 -0800] "GET /index.php/nwtf-d0c95feeef-4aiul.ii HTTP/1.1" 200 63884 "-" "Mozilla/5.0 AppleWebKit/537.36 (KHTML, like Gecko; compatible; bingbot/2.0; +http://www.bing.com/bingbot.htm) Chrome/103.0.5060.134 Safari/537.36" "mantech8.com"
185.191.171.6 - - [01/Dec/2022:19:10:23 -0800] "GET /index.php/camp-fire/42826834.html HTTP/1.1" 500 - "-" "Mozilla/5.0 (compatible; SemrushBot/7~bl; +http://www.semrush.com/bot.html)" "mantech8.com"
185.191.171.38 - - [01/Dec/2022:19:10:33 -0800] "GET /?camp-fire%2F13394076.html HTTP/1.1" 500 - "-" "Mozilla/5.0 (compatible; SemrushBot/7~bl; +http://www.semrush.com/bot.html)" "mantech8.com"
185.191.171.43 - - [01/Dec/2022:19:10:41 -0800] "GET /?camp-fire%2F47713334.html HTTP/1.1" 500 - "-" "Mozilla/5.0 (compatible; SemrushBot/7~bl; +http://www.semrush.com/bot.html)" "mantech8.com"
185.191.171.25 - - [01/Dec/2022:19:10:46 -0800] "GET /index.php?camp-fire%2F5396665.html HTTP/1.1" 500 - "-" "Mozilla/5.0 (compatible; SemrushBot/7~bl; +http://www.semrush.com/bot.html)" "mantech8.com"
185.191.171.42 - - [01/Dec/2022:19:11:20 -0800] "GET /?camp-fire%2F27152956.html HTTP/1.1" 500 - "-" "Mozilla/5.0 (compatible; SemrushBot/7~bl; +http://www.semrush.com/bot.html)" "mantech8.com"
157.55.39.138 - - [01/Dec/2022:19:11:33 -0800] "GET / HTTP/1.1" 200 64488 "-" "Mozilla/5.0 (compatible; bingbot/2.0; +http://www.bing.com/bingbot.htm)" "www.mantech8.com"
185.191.171.24 - - [01/Dec/2022:19:12:02 -0800] "GET /index.php?camp-fire%2F527269.html HTTP/1.1" 500 - "-" "Mozilla/5.0 (compatible; SemrushBot/7~bl; +http://www.semrush.com/bot.html)" "mantech8.com"
185.191.171.4 - - [01/Dec/2022:19:12:18 -0800] "GET /index.php?camp-fire%2F7696021.html HTTP/1.1" 500 - "-" "Mozilla/5.0 (compatible; SemrushBot/7~bl; +http://www.semrush.com/bot.html)" "mantech8.com"
185.191.171.16 - - [01/Dec/2022:19:12:55 -0800] "GET /?camp-fire%2F12317757.html HTTP/1.1" 500 - "-" "Mozilla/5.0 (compatible; SemrushBot/7~bl; +http://www.semrush.com/bot.html)" "mantech8.com"
185.191.171.45 - - [01/Dec/2022:19:13:05 -0800] "GET /?camp-fire%2F17303590.html HTTP/1.1" 500 - "-" "Mozilla/5.0 (compatible; SemrushBot/7~bl; +http://www.semrush.com/bot.html)" "mantech8.com"
185.191.171.39 - - [01/Dec/2022:19:13:27 -0800] "GET /index.php/camp-fire/37497460.html HTTP/1.1" 500 - "-" "Mozilla/5.0 (compatible; SemrushBot/7~bl; +http://www.semrush.com/bot.html)" "mantech8.com"
185.191.171.40 - - [01/Dec/2022:19:14:08 -0800] "GET /index.php/camp-fire/8269142.html HTTP/1.1" 500 - "-" "Mozilla/5.0 (compatible; SemrushBot/7~bl; +http://www.semrush.com/bot.html)" "mantech8.com"
40.77.167.26 - - [01/Dec/2022:19:14:17 -0800] "GET /index.php/EGy1-e09eedeaf-vsSYR.Ii HTTP/1.1" 200 70417 "-" "Mozilla/5.0 (compatible; bingbot/2.0; +http://www.bing.com/bingbot.htm)" "mantech8.com"
157.55.39.138 - - [01/Dec/2022:19:14:31 -0800] "GET /UfsZ-a6b0dbfea-cTOEF.Ii HTTP/1.1" 404 88 "-" "Mozilla/5.0 (compatible; bingbot/2.0; +http://www.bing.com/bingbot.htm)" "www.mantech8.com"
185.191.171.38 - - [01/Dec/2022:19:14:33 -0800] "GET /?camp-fire%2F49585171.html HTTP/1.1" 500 - "-" "Mozilla/5.0 (compatible; SemrushBot/7~bl; +http://www.semrush.com/bot.html)" "mantech8.com"
185.191.171.10 - - [01/Dec/2022:19:14:44 -0800] "GET /index.php?camp-fire%2F9401808.html HTTP/1.1" 500 - "-" "Mozilla/5.0 (compatible; SemrushBot/7~bl; +http://www.semrush.com/bot.html)" "mantech8.com"
157.55.39.138 - - [01/Dec/2022:19:14:52 -0800] "GET /UfsZ-a6b0dbfea-cTOEF.Ii HTTP/1.1" 404 88 "-" "Mozilla/5.0 AppleWebKit/537.36 (KHTML, like Gecko; compatible; bingbot/2.0; +http://www.bing.com/bingbot.htm) Chrome/103.0.5060.134 Safari/537.36" "www.mantech8.com"
185.191.171.2 - - [01/Dec/2022:19:14:55 -0800] "GET /index.php/camp-fire/37451116.html HTTP/1.1" 500 - "-" "Mozilla/5.0 (compatible; SemrushBot/7~bl; +http://www.semrush.com/bot.html)" "mantech8.com"
185.191.171.39 - - [01/Dec/2022:19:15:57 -0800] "GET /?camp-fire%2F51123735.html HTTP/1.1" 500 - "-" "Mozilla/5.0 (compatible; SemrushBot/7~bl; +http://www.semrush.com/bot.html)" "mantech8.com"
157.55.39.123 - - [01/Dec/2022:19:16:51 -0800] "GET /index.php/pstd-ebeebefa-ieqdt.ii HTTP/1.1" 200 78319 "-" "Mozilla/5.0 AppleWebKit/537.36 (KHTML, like Gecko; compatible; bingbot/2.0; +http://www.bing.com/bingbot.htm) Chrome/103.0.5060.134 Safari/537.36" "mantech8.com"
207.46.13.125 - - [01/Dec/2022:19:16:57 -0800] "GET /index.php/vmbp-7a62efaced-umw73.ii HTTP/1.1" 200 59968 "-" "Mozilla/5.0 (compatible; bingbot/2.0; +http://www.bing.com/bingbot.htm)" "mantech8.com"
114.119.149.65 - - [01/Dec/2022:19:17:03 -0800] "GET /index.php?napperkids.xml HTTP/1.1" 200 289268 "-" "Mozilla/5.0 (compatible;PetalBot;+https://webmaster.petalsearch.com/site/petalbot)" "mantech8.com"
185.191.171.7 - - [01/Dec/2022:19:17:32 -0800] "GET /?camp-fire%2F69946532.html HTTP/1.1" 500 - "-" "Mozilla/5.0 (compatible; SemrushBot/7~bl; +http://www.semrush.com/bot.html)" "mantech8.com"
185.191.171.10 - - [01/Dec/2022:19:18:06 -0800] "GET /?camp-fire%2F49556126.html HTTP/1.1" 500 - "-" "Mozilla/5.0 (compatible; SemrushBot/7~bl; +http://www.semrush.com/bot.html)" "mantech8.com"
185.191.171.45 - - [01/Dec/2022:19:18:09 -0800] "GET /index.php?camp-fire%2F6858351.html HTTP/1.1" 500 - "-" "Mozilla/5.0 (compatible; SemrushBot/7~bl; +http://www.semrush.com/bot.html)" "mantech8.com"
185.191.171.8 - - [01/Dec/2022:19:18:23 -0800] "GET /index.php/camp-fire/7638421.html HTTP/1.1" 500 - "-" "Mozilla/5.0 (compatible; SemrushBot/7~bl; +http://www.semrush.com/bot.html)" "mantech8.com"
185.191.171.16 - - [01/Dec/2022:19:18:28 -0800] "GET /index.php/camp-fire/1612798.html HTTP/1.1" 500 - "-" "Mozilla/5.0 (compatible; SemrushBot/7~bl; +http://www.semrush.com/bot.html)" "mantech8.com"
207.46.13.100 - - [01/Dec/2022:19:18:43 -0800] "GET /index.php/dhro-e079bdfdb-xse05.ii HTTP/1.1" 200 71572 "-" "Mozilla/5.0 AppleWebKit/537.36 (KHTML, like Gecko; compatible; bingbot/2.0; +http://www.bing.com/bingbot.htm) Chrome/103.0.5060.134 Safari/537.36" "mantech8.com"
185.191.171.39 - - [01/Dec/2022:19:19:01 -0800] "GET /?camp-fire%2F5393185.html HTTP/1.1" 500 - "-" "Mozilla/5.0 (compatible; SemrushBot/7~bl; +http://www.semrush.com/bot.html)" "mantech8.com"
185.191.171.25 - - [01/Dec/2022:19:19:24 -0800] "GET /index.php?camp-fire%2F2435593.html HTTP/1.1" 500 - "-" "Mozilla/5.0 (compatible; SemrushBot/7~bl; +http://www.semrush.com/bot.html)" "mantech8.com"
185.191.171.4 - - [01/Dec/2022:19:19:29 -0800] "GET /?camp-fire%2F43588350.html HTTP/1.1" 500 - "-" "Mozilla/5.0 (compatible; SemrushBot/7~bl; +http://www.semrush.com/bot.html)" "mantech8.com"
185.191.171.6 - - [01/Dec/2022:19:19:41 -0800] "GET /index.php?camp-fire%2F7261080.html HTTP/1.1" 500 - "-" "Mozilla/5.0 (compatible; SemrushBot/7~bl; +http://www.semrush.com/bot.html)" "mantech8.com"
185.191.171.21 - - [01/Dec/2022:19:19:45 -0800] "GET /?camp-fire%2F1229329.html HTTP/1.1" 500 - "-" "Mozilla/5.0 (compatible; SemrushBot/7~bl; +http://www.semrush.com/bot.html)" "mantech8.com"
40.77.167.67 - - [01/Dec/2022:19:20:17 -0800] "GET /index.php/zsuz-b8cd-sl4qo.ii HTTP/1.1" 200 69884 "-" "Mozilla/5.0 AppleWebKit/537.36 (KHTML, like Gecko; compatible; bingbot/2.0; +http://www.bing.com/bingbot.htm) Chrome/103.0.5060.134 Safari/537.36" "mantech8.com"
185.191.171.5 - - [01/Dec/2022:19:20:26 -0800] "GET /?camp-fire%2F40978350.html HTTP/1.1" 500 - "-" "Mozilla/5.0 (compatible; SemrushBot/7~bl; +http://www.semrush.com/bot.html)" "mantech8.com"
157.55.39.123 - - [01/Dec/2022:19:20:32 -0800] "GET /index.php/s0kv-96ad-osrap.ii HTTP/1.1" 200 65670 "-" "Mozilla/5.0 (compatible; bingbot/2.0; +http://www.bing.com/bingbot.htm)" "mantech8.com"
185.191.171.38 - - [01/Dec/2022:19:20:37 -0800] "GET /?camp-fire%2F58293734.html HTTP/1.1" 500 - "-" "Mozilla/5.0 (compatible; SemrushBot/7~bl; +http://www.semrush.com/bot.html)" "mantech8.com"
185.191.171.24 - - [01/Dec/2022:19:20:53 -0800] "GET /?camp-fire%2F45394408.html HTTP/1.1" 500 - "-" "Mozilla/5.0 (compatible; SemrushBot/7~bl; +http://www.semrush.com/bot.html)" "mantech8.com"
185.191.171.38 - - [01/Dec/2022:19:21:07 -0800] "GET /index.php/camp-fire/3148178.html HTTP/1.1" 500 - "-" "Mozilla/5.0 (compatible; SemrushBot/7~bl; +http://www.semrush.com/bot.html)" "mantech8.com"
185.191.171.25 - - [01/Dec/2022:19:22:02 -0800] "GET /index.php?camp-fire%2F6614277.html HTTP/1.1" 500 - "-" "Mozilla/5.0 (compatible; SemrushBot/7~bl; +http://www.semrush.com/bot.html)" "mantech8.com"
185.191.171.40 - - [01/Dec/2022:19:22:12 -0800] "GET /index.php/camp-fire/1369329.html HTTP/1.1" 500 - "-" "Mozilla/5.0 (compatible; SemrushBot/7~bl; +http://www.semrush.com/bot.html)" "mantech8.com"
185.191.171.44 - - [01/Dec/2022:19:22:28 -0800] "GET /?camp-fire%2F48497350.html HTTP/1.1" 500 - "-" "Mozilla/5.0 (compatible; SemrushBot/7~bl; +http://www.semrush.com/bot.html)" "mantech8.com"
185.191.171.17 - - [01/Dec/2022:19:22:44 -0800] "GET /?camp-fire%2F48675168.html HTTP/1.1" 500 - "-" "Mozilla/5.0 (compatible; SemrushBot/7~bl; +http://www.semrush.com/bot.html)" "mantech8.com"
185.191.171.7 - - [01/Dec/2022:19:23:23 -0800] "GET /index.php?camp-fire%2F9030080.html HTTP/1.1" 500 - "-" "Mozilla/5.0 (compatible; SemrushBot/7~bl; +http://www.semrush.com/bot.html)" "mantech8.com"
