196.245.186.163 - - [28/Nov/2022:20:04:28 -0800] "GET /mailer.php?name=Joe+Newmn&email=joey3%40myblogposters.com&phone=0844+995+1012&message=Hi%2C%0D%0A%0D%0AAre+you+running+a+business%3F+If+the+answer+is+YES%2C+then+should+be+running+a+blog.%0D%0A%0D%0AFirst+of+all%2C+let+me+explain+and+introduce+to+you+the+purpose+why+you+receive+this+message.%0D%0A%0D%0AI+am+Joey+Newman+from+MyBlogPosters.+I%27m+writing+to+let+you+know+that+we+have+a+new+service+that+might+be+of+interest+to+you.+We+can+provide+regular+blog+post+or+article+for+you%2C+fully+researched+and+crafted+on+topic+of+your+choice.+%0D%0A%0D%0ARegular+blog+post%2Farticle+is+a+way+to+engage+with+existing+customers%2C+a+way+to+establish+credibility+in+your+specific+field%2C+a+way+to+strengthen+brand+awareness%2C+and+a+way+to+attract+new+visitors+to+your+site.%0D%0A%0D%0ACheck+out+our+plans+and+pricing+here+www.myblogposters.com.+Special+10%25+discount+if+you+purchase%2C+just+use+coupon+code%3A+APP10%0D%0A%0D%0AIf+this+is+something+that+interests+you%2C+please+get+in+touch+with+me%21+I%27ll+be+more+than+happy+to+answer+any+of+your+questions.%0D%0A%0D%0A%0D%0ACheers%2C%0D%0A%0D%0AJoey+Newman%0D%0AJoey%40myblogposters.com%0D%0A%0D%0AContent+Creator+%0D%0A%0D%0AMyBlogPosters%0D%0A%0D%0A%0D%0APS%3A%0D%0A%0D%0A1.+If+you+are+looking+for+a+professional+blog+writing+service%2C+jump+straight+to+it+here+www.myblogposters.com+click+pricing+and+see+the+different+options+that+suits+to+your+business+needs.+%0D%0A%0D%0A2.+If+you+are+interested+please+either+www.myblogposters.com+or+reply+with+the+number+2+in+the+message+subject+and+we+we+will+get+back+to+you.%0D%0A%0D%0A3.+If+you+are+interested%2C+but+not+yet%2C+please+reply+to+this+message+with+the+number+3+in+the+subject+line%2C+and+we+will+contact+you+again+in+three+months.%0D%0A%0D%0A4.+Finally%2C+if+you+are+not+interested%2C+please+either+click+this+link+to+opt+out+www.tiny1.co%2Funsub%2C+or+reply+to+this+message+with+the+number+4+in+the+subject+line.%0D%0A%0D%0A%0D%0AHave+a+great+day%21&verif_box=7145 HTTP/1.1" 500 - "http://www.mantech8.com/contact.php" "Mozilla/5.0 (Macintosh; Intel Mac OS X 12_5) AppleWebKit/537.36 (KHTML, like Gecko) Chrome/103.0.0.0 Safari/537.36 Edg/103.0.1264.71" "www.mantech8.com"
185.191.171.25 - - [28/Nov/2022:20:05:08 -0800] "GET /?camp-fire%2F4816074.html HTTP/1.1" 500 - "-" "Mozilla/5.0 (compatible; SemrushBot/7~bl; +http://www.semrush.com/bot.html)" "mantech8.com"
185.191.171.45 - - [28/Nov/2022:20:05:39 -0800] "GET /index.php?camp-fire%2F8141278.html HTTP/1.1" 500 - "-" "Mozilla/5.0 (compatible; SemrushBot/7~bl; +http://www.semrush.com/bot.html)" "mantech8.com"
185.191.171.23 - - [28/Nov/2022:20:05:45 -0800] "GET /?camp-fire%2F52294290.html HTTP/1.1" 500 - "-" "Mozilla/5.0 (compatible; SemrushBot/7~bl; +http://www.semrush.com/bot.html)" "mantech8.com"
185.191.171.15 - - [28/Nov/2022:20:05:47 -0800] "GET /?camp-fire%2F43532849.html HTTP/1.1" 500 - "-" "Mozilla/5.0 (compatible; SemrushBot/7~bl; +http://www.semrush.com/bot.html)" "mantech8.com"
185.191.171.35 - - [28/Nov/2022:20:05:55 -0800] "GET /?camp-fire%2F40021251.html HTTP/1.1" 500 - "-" "Mozilla/5.0 (compatible; SemrushBot/7~bl; +http://www.semrush.com/bot.html)" "mantech8.com"
185.191.171.13 - - [28/Nov/2022:20:06:02 -0800] "GET /?camp-fire%2F55345487.html HTTP/1.1" 500 - "-" "Mozilla/5.0 (compatible; SemrushBot/7~bl; +http://www.semrush.com/bot.html)" "mantech8.com"
185.191.171.22 - - [28/Nov/2022:20:06:39 -0800] "GET /?camp-fire%2F30092898.html HTTP/1.1" 500 - "-" "Mozilla/5.0 (compatible; SemrushBot/7~bl; +http://www.semrush.com/bot.html)" "mantech8.com"
185.191.171.23 - - [28/Nov/2022:20:07:05 -0800] "GET /?camp-fire%2F51646838.html HTTP/1.1" 500 - "-" "Mozilla/5.0 (compatible; SemrushBot/7~bl; +http://www.semrush.com/bot.html)" "mantech8.com"
216.244.66.241 - - [28/Nov/2022:20:08:17 -0800] "GET /robots.txt HTTP/1.1" 200 222 "-" "Mozilla/5.0 (compatible; DotBot/1.2; +https://opensiteexplorer.org/dotbot; help@moz.com)" "mantech8.com"
216.244.66.241 - - [28/Nov/2022:20:08:17 -0800] "GET /robots.txt HTTP/1.1" 200 222 "-" "Mozilla/5.0 (compatible; DotBot/1.2; +https://opensiteexplorer.org/dotbot; help@moz.com)" "www.mantech8.com"
40.77.167.26 - - [28/Nov/2022:20:08:18 -0800] "GET /index.php/q5w4-11eb-jkyna.ii HTTP/1.1" 200 68841 "-" "Mozilla/5.0 AppleWebKit/537.36 (KHTML, like Gecko; compatible; bingbot/2.0; +http://www.bing.com/bingbot.htm) Chrome/103.0.5060.134 Safari/537.36" "mantech8.com"
207.46.13.125 - - [28/Nov/2022:20:08:23 -0800] "GET /bimages/gallery/thump/pb10.jpg HTTP/1.1" 200 461657 "-" "Mozilla/5.0 (compatible; bingbot/2.0; +http://www.bing.com/bingbot.htm)" "mantech8.com"
40.77.167.67 - - [28/Nov/2022:20:08:30 -0800] "GET /index.php/q5w4-fbad7ded-jppcb.ii HTTP/1.1" 200 65517 "-" "Mozilla/5.0 (compatible; bingbot/2.0; +http://www.bing.com/bingbot.htm)" "mantech8.com"
185.191.171.16 - - [28/Nov/2022:20:09:12 -0800] "GET /?camp-fire%2F58928851.html HTTP/1.1" 500 - "-" "Mozilla/5.0 (compatible; SemrushBot/7~bl; +http://www.semrush.com/bot.html)" "mantech8.com"
66.249.66.64 - - [28/Nov/2022:20:09:43 -0800] "GET /sitemapimages7719.xml HTTP/1.1" 404 88 "-" "Mozilla/5.0 (compatible; Googlebot/2.1; +http://www.google.com/bot.html)" "mantech8.com"
40.77.167.26 - - [28/Nov/2022:20:09:47 -0800] "GET /bimages/gallery/thump/paint%20b1.jpg HTTP/1.1" 200 132815 "-" "Mozilla/5.0 AppleWebKit/537.36 (KHTML, like Gecko; compatible; bingbot/2.0; +http://www.bing.com/bingbot.htm) Chrome/103.0.5060.134 Safari/537.36" "mantech8.com"
185.191.171.42 - - [28/Nov/2022:20:10:05 -0800] "GET /?camp-fire%2F48332742.html HTTP/1.1" 500 - "-" "Mozilla/5.0 (compatible; SemrushBot/7~bl; +http://www.semrush.com/bot.html)" "mantech8.com"
185.191.171.17 - - [28/Nov/2022:20:10:19 -0800] "GET /?camp-fire%2F59515147.html HTTP/1.1" 500 - "-" "Mozilla/5.0 (compatible; SemrushBot/7~bl; +http://www.semrush.com/bot.html)" "mantech8.com"
185.191.171.40 - - [28/Nov/2022:20:10:32 -0800] "GET /index.php/camp-fire/116715734.html HTTP/1.1" 500 - "-" "Mozilla/5.0 (compatible; SemrushBot/7~bl; +http://www.semrush.com/bot.html)" "mantech8.com"
185.191.171.19 - - [28/Nov/2022:20:11:05 -0800] "GET /?camp-fire%2F46582455.html HTTP/1.1" 500 - "-" "Mozilla/5.0 (compatible; SemrushBot/7~bl; +http://www.semrush.com/bot.html)" "mantech8.com"
185.191.171.6 - - [28/Nov/2022:20:11:18 -0800] "GET /?camp-fire%2F46758892.html HTTP/1.1" 500 - "-" "Mozilla/5.0 (compatible; SemrushBot/7~bl; +http://www.semrush.com/bot.html)" "mantech8.com"
185.191.171.19 - - [28/Nov/2022:20:11:31 -0800] "GET /?camp-fire%2F49529538.html HTTP/1.1" 500 - "-" "Mozilla/5.0 (compatible; SemrushBot/7~bl; +http://www.semrush.com/bot.html)" "mantech8.com"
185.191.171.4 - - [28/Nov/2022:20:11:32 -0800] "GET /?camp-fire%2F49438093.html HTTP/1.1" 500 - "-" "Mozilla/5.0 (compatible; SemrushBot/7~bl; +http://www.semrush.com/bot.html)" "mantech8.com"
185.191.171.10 - - [28/Nov/2022:20:11:44 -0800] "GET /?camp-fire%2F13360442.html HTTP/1.1" 500 - "-" "Mozilla/5.0 (compatible; SemrushBot/7~bl; +http://www.semrush.com/bot.html)" "mantech8.com"
185.191.171.9 - - [28/Nov/2022:20:11:53 -0800] "GET /index.php/camp-fire/24647635.html HTTP/1.1" 500 - "-" "Mozilla/5.0 (compatible; SemrushBot/7~bl; +http://www.semrush.com/bot.html)" "mantech8.com"
40.77.167.26 - - [28/Nov/2022:20:12:17 -0800] "GET /bimages/gallery/p6.jpg HTTP/1.1" 200 50871 "-" "Mozilla/5.0 AppleWebKit/537.36 (KHTML, like Gecko; compatible; bingbot/2.0; +http://www.bing.com/bingbot.htm) Chrome/103.0.5060.134 Safari/537.36" "mantech8.com"
185.191.171.5 - - [28/Nov/2022:20:13:25 -0800] "GET /?camp-fire%2F43665446.html HTTP/1.1" 500 - "-" "Mozilla/5.0 (compatible; SemrushBot/7~bl; +http://www.semrush.com/bot.html)" "mantech8.com"
185.191.171.44 - - [28/Nov/2022:20:13:35 -0800] "GET /?camp-fire%2F74667403.html HTTP/1.1" 500 - "-" "Mozilla/5.0 (compatible; SemrushBot/7~bl; +http://www.semrush.com/bot.html)" "mantech8.com"
185.191.171.35 - - [28/Nov/2022:20:13:41 -0800] "GET /?camp-fire%2F53364778.html HTTP/1.1" 500 - "-" "Mozilla/5.0 (compatible; SemrushBot/7~bl; +http://www.semrush.com/bot.html)" "mantech8.com"
185.191.171.6 - - [28/Nov/2022:20:13:42 -0800] "GET /?camp-fire%2F42815047.html HTTP/1.1" 500 - "-" "Mozilla/5.0 (compatible; SemrushBot/7~bl; +http://www.semrush.com/bot.html)" "mantech8.com"
185.191.171.33 - - [28/Nov/2022:20:14:37 -0800] "GET /index.php/camp-fire/1520353.html HTTP/1.1" 500 - "-" "Mozilla/5.0 (compatible; SemrushBot/7~bl; +http://www.semrush.com/bot.html)" "mantech8.com"
207.46.13.125 - - [28/Nov/2022:20:14:51 -0800] "GET /index.php/eayh-50ff-rmmbr.ii HTTP/1.1" 200 61654 "-" "Mozilla/5.0 (compatible; bingbot/2.0; +http://www.bing.com/bingbot.htm)" "mantech8.com"
185.191.171.39 - - [28/Nov/2022:20:15:08 -0800] "GET /?camp-fire%2F85875630.html HTTP/1.1" 500 - "-" "Mozilla/5.0 (compatible; SemrushBot/7~bl; +http://www.semrush.com/bot.html)" "mantech8.com"
185.191.171.9 - - [28/Nov/2022:20:15:46 -0800] "GET /?camp-fire%2F17628526.html HTTP/1.1" 500 - "-" "Mozilla/5.0 (compatible; SemrushBot/7~bl; +http://www.semrush.com/bot.html)" "mantech8.com"
185.191.171.42 - - [28/Nov/2022:20:15:59 -0800] "GET /?camp-fire%2F25128806.html HTTP/1.1" 500 - "-" "Mozilla/5.0 (compatible; SemrushBot/7~bl; +http://www.semrush.com/bot.html)" "mantech8.com"
185.191.171.18 - - [28/Nov/2022:20:16:11 -0800] "GET /?camp-fire%2F35696138.html HTTP/1.1" 500 - "-" "Mozilla/5.0 (compatible; SemrushBot/7~bl; +http://www.semrush.com/bot.html)" "mantech8.com"
207.46.13.177 - - [28/Nov/2022:20:16:44 -0800] "GET /index.php/nWTf-e7d2aecab-3pKoP.Ii HTTP/1.1" 200 65312 "-" "Mozilla/5.0 AppleWebKit/537.36 (KHTML, like Gecko; compatible; bingbot/2.0; +http://www.bing.com/bingbot.htm) Chrome/103.0.5060.134 Safari/537.36" "mantech8.com"
185.191.171.14 - - [28/Nov/2022:20:17:02 -0800] "GET /?camp-fire%2F52619150.html HTTP/1.1" 500 - "-" "Mozilla/5.0 (compatible; SemrushBot/7~bl; +http://www.semrush.com/bot.html)" "mantech8.com"
185.191.171.4 - - [28/Nov/2022:20:17:11 -0800] "GET /?camp-fire%2F37909333.html HTTP/1.1" 500 - "-" "Mozilla/5.0 (compatible; SemrushBot/7~bl; +http://www.semrush.com/bot.html)" "mantech8.com"
40.77.167.26 - - [28/Nov/2022:20:17:19 -0800] "GET /index.php/wtzk-bd599bdba-nlspa.ii HTTP/1.1" 200 71955 "-" "Mozilla/5.0 (compatible; bingbot/2.0; +http://www.bing.com/bingbot.htm)" "mantech8.com"
185.191.171.24 - - [28/Nov/2022:20:17:22 -0800] "GET /index.php?camp-fire%2F4855155.html HTTP/1.1" 500 - "-" "Mozilla/5.0 (compatible; SemrushBot/7~bl; +http://www.semrush.com/bot.html)" "mantech8.com"
185.191.171.25 - - [28/Nov/2022:20:17:38 -0800] "GET /?camp-fire%2F46669941.html HTTP/1.1" 500 - "-" "Mozilla/5.0 (compatible; SemrushBot/7~bl; +http://www.semrush.com/bot.html)" "mantech8.com"
185.191.171.16 - - [28/Nov/2022:20:17:45 -0800] "GET /?camp-fire%2F43827835.html HTTP/1.1" 500 - "-" "Mozilla/5.0 (compatible; SemrushBot/7~bl; +http://www.semrush.com/bot.html)" "mantech8.com"
207.46.13.100 - - [28/Nov/2022:20:17:47 -0800] "GET /bimages/gallery/s4.jpg HTTP/1.1" 200 129367 "-" "Mozilla/5.0 (compatible; bingbot/2.0; +http://www.bing.com/bingbot.htm)" "mantech8.com"
185.191.171.9 - - [28/Nov/2022:20:18:17 -0800] "GET /?camp-fire%2F23422717.html HTTP/1.1" 500 - "-" "Mozilla/5.0 (compatible; SemrushBot/7~bl; +http://www.semrush.com/bot.html)" "mantech8.com"
185.191.171.16 - - [28/Nov/2022:20:18:43 -0800] "GET /index.php/camp-fire/14594724.html HTTP/1.1" 500 - "-" "Mozilla/5.0 (compatible; SemrushBot/7~bl; +http://www.semrush.com/bot.html)" "mantech8.com"
207.46.13.100 - - [28/Nov/2022:20:19:29 -0800] "GET /index.php?camp-fire/69431348.html HTTP/1.1" 200 69091 "-" "Mozilla/5.0 (compatible; bingbot/2.0; +http://www.bing.com/bingbot.htm)" "www.mantech8.com"
40.77.167.67 - - [28/Nov/2022:20:19:31 -0800] "GET /index.php/egy1-792cdeba-vsvum.ii HTTP/1.1" 200 65569 "-" "Mozilla/5.0 (compatible; bingbot/2.0; +http://www.bing.com/bingbot.htm)" "mantech8.com"
207.46.13.100 - - [28/Nov/2022:20:20:18 -0800] "GET /index.php/wf2o-f082adeacf-g6zf5.ii HTTP/1.1" 200 69741 "-" "Mozilla/5.0 AppleWebKit/537.36 (KHTML, like Gecko; compatible; bingbot/2.0; +http://www.bing.com/bingbot.htm) Chrome/103.0.5060.134 Safari/537.36" "mantech8.com"
66.249.66.64 - - [28/Nov/2022:20:21:25 -0800] "GET /sitemapimages4175.xml HTTP/1.1" 404 88 "-" "Mozilla/5.0 (compatible; Googlebot/2.1; +http://www.google.com/bot.html)" "mantech8.com"
185.191.171.7 - - [28/Nov/2022:20:21:40 -0800] "GET /?camp-fire%2F26090735.html HTTP/1.1" 500 - "-" "Mozilla/5.0 (compatible; SemrushBot/7~bl; +http://www.semrush.com/bot.html)" "mantech8.com"
185.191.171.34 - - [28/Nov/2022:20:21:43 -0800] "GET /?camp-fire%2F54865049.html HTTP/1.1" 500 - "-" "Mozilla/5.0 (compatible; SemrushBot/7~bl; +http://www.semrush.com/bot.html)" "mantech8.com"
185.191.171.40 - - [28/Nov/2022:20:22:10 -0800] "GET /?camp-fire%2F14928272.html HTTP/1.1" 500 - "-" "Mozilla/5.0 (compatible; SemrushBot/7~bl; +http://www.semrush.com/bot.html)" "mantech8.com"
185.191.171.23 - - [28/Nov/2022:20:22:35 -0800] "GET /?camp-fire%2F49939159.html HTTP/1.1" 500 - "-" "Mozilla/5.0 (compatible; SemrushBot/7~bl; +http://www.semrush.com/bot.html)" "mantech8.com"
185.191.171.1 - - [28/Nov/2022:20:23:06 -0800] "GET /?camp-fire%2F74666403.html HTTP/1.1" 500 - "-" "Mozilla/5.0 (compatible; SemrushBot/7~bl; +http://www.semrush.com/bot.html)" "mantech8.com"
185.191.171.8 - - [28/Nov/2022:20:23:28 -0800] "GET /?camp-fire%2F17354765.html HTTP/1.1" 500 - "-" "Mozilla/5.0 (compatible; SemrushBot/7~bl; +http://www.semrush.com/bot.html)" "mantech8.com"
185.191.171.33 - - [28/Nov/2022:20:23:32 -0800] "GET /?camp-fire%2F53331266.html HTTP/1.1" 500 - "-" "Mozilla/5.0 (compatible; SemrushBot/7~bl; +http://www.semrush.com/bot.html)" "mantech8.com"
40.77.167.67 - - [28/Nov/2022:20:23:32 -0800] "GET /index.php/vdfnC-8734ebfdb-EGy1.Ii HTTP/1.1" 200 31140 "-" "Mozilla/5.0 AppleWebKit/537.36 (KHTML, like Gecko; compatible; bingbot/2.0; +http://www.bing.com/bingbot.htm) Chrome/103.0.5060.134 Safari/537.36" "mantech8.com"
185.191.171.8 - - [28/Nov/2022:20:24:08 -0800] "GET /index.php/camp-fire/16898826.html HTTP/1.1" 500 - "-" "Mozilla/5.0 (compatible; SemrushBot/7~bl; +http://www.semrush.com/bot.html)" "mantech8.com"
185.191.171.25 - - [28/Nov/2022:20:24:14 -0800] "GET /?camp-fire%2F13202608.html HTTP/1.1" 500 - "-" "Mozilla/5.0 (compatible; SemrushBot/7~bl; +http://www.semrush.com/bot.html)" "mantech8.com"
185.191.171.18 - - [28/Nov/2022:20:24:15 -0800] "GET /?camp-fire%2F15463065.html HTTP/1.1" 500 - "-" "Mozilla/5.0 (compatible; SemrushBot/7~bl; +http://www.semrush.com/bot.html)" "mantech8.com"
185.191.171.12 - - [28/Nov/2022:20:24:58 -0800] "GET /?camp-fire%2F15199756.html HTTP/1.1" 500 - "-" "Mozilla/5.0 (compatible; SemrushBot/7~bl; +http://www.semrush.com/bot.html)" "mantech8.com"
185.191.171.8 - - [28/Nov/2022:20:26:04 -0800] "GET /index.php/camp-fire/26253527.html HTTP/1.1" 500 - "-" "Mozilla/5.0 (compatible; SemrushBot/7~bl; +http://www.semrush.com/bot.html)" "mantech8.com"
185.191.171.14 - - [28/Nov/2022:20:26:11 -0800] "GET /?camp-fire%2F19029832.html HTTP/1.1" 500 - "-" "Mozilla/5.0 (compatible; SemrushBot/7~bl; +http://www.semrush.com/bot.html)" "mantech8.com"
185.191.171.18 - - [28/Nov/2022:20:26:34 -0800] "GET /?camp-fire%2F18529980.html HTTP/1.1" 500 - "-" "Mozilla/5.0 (compatible; SemrushBot/7~bl; +http://www.semrush.com/bot.html)" "mantech8.com"
185.191.171.33 - - [28/Nov/2022:20:26:48 -0800] "GET /?camp-fire%2F13531590.html HTTP/1.1" 500 - "-" "Mozilla/5.0 (compatible; SemrushBot/7~bl; +http://www.semrush.com/bot.html)" "mantech8.com"
185.191.171.37 - - [28/Nov/2022:20:27:24 -0800] "GET /?camp-fire%2F4094165.html HTTP/1.1" 500 - "-" "Mozilla/5.0 (compatible; SemrushBot/7~bl; +http://www.semrush.com/bot.html)" "mantech8.com"
64.124.8.32 - - [28/Nov/2022:20:27:51 -0800] "GET /robots.txt HTTP/1.1" 200 106 "-" "Mozilla/5.0 (X11; Linux x86_64) AppleWebKit/537.36 (KHTML, like Gecko) Chrome/61.0.3163.79 Safari/537.36" "mantech8.com"
64.124.8.32 - - [28/Nov/2022:20:27:51 -0800] "GET /gallery.php HTTP/1.1" 200 49088 "-" "Mozilla/5.0 (X11; Linux x86_64) AppleWebKit/537.36 (KHTML, like Gecko) Chrome/61.0.3163.79 Safari/537.36" "mantech8.com"
66.249.66.64 - - [28/Nov/2022:20:28:06 -0800] "GET /ads.txt HTTP/1.1" 404 88 "-" "Mozilla/5.0 (compatible; Googlebot/2.1; +http://www.google.com/bot.html)" "mantech8.com"
185.191.171.22 - - [28/Nov/2022:20:28:13 -0800] "GET /?camp-fire%2F43389934.html HTTP/1.1" 500 - "-" "Mozilla/5.0 (compatible; SemrushBot/7~bl; +http://www.semrush.com/bot.html)" "mantech8.com"
185.191.171.1 - - [28/Nov/2022:20:28:28 -0800] "GET /?camp-fire%2F18925780.html HTTP/1.1" 500 - "-" "Mozilla/5.0 (compatible; SemrushBot/7~bl; +http://www.semrush.com/bot.html)" "mantech8.com"
40.77.167.67 - - [28/Nov/2022:20:28:42 -0800] "GET /index.php/egy1-0345cffdda-ve77x.ii HTTP/1.1" 200 66636 "-" "Mozilla/5.0 AppleWebKit/537.36 (KHTML, like Gecko; compatible; bingbot/2.0; +http://www.bing.com/bingbot.htm) Chrome/103.0.5060.134 Safari/537.36" "mantech8.com"
185.191.171.16 - - [28/Nov/2022:20:29:12 -0800] "GET /?camp-fire%2F53792003.html HTTP/1.1" 500 - "-" "Mozilla/5.0 (compatible; SemrushBot/7~bl; +http://www.semrush.com/bot.html)" "mantech8.com"
45.72.85.197 - - [28/Nov/2022:20:29:30 -0800] "GET /contact.php HTTP/1.1" 200 29237 "http://mantech8.com/contact.php" "Mozilla/5.0 (Windows NT 10.0; Win64; x64) AppleWebKit/537.36 (KHTML, like Gecko) Chrome/90.0.4430.86 Safari/537.36" "mantech8.com"
185.191.171.7 - - [28/Nov/2022:20:29:32 -0800] "GET /?camp-fire%2F56077688.html HTTP/1.1" 500 - "-" "Mozilla/5.0 (compatible; SemrushBot/7~bl; +http://www.semrush.com/bot.html)" "mantech8.com"
185.191.171.5 - - [28/Nov/2022:20:29:38 -0800] "GET /?camp-fire%2F29583780.html HTTP/1.1" 500 - "-" "Mozilla/5.0 (compatible; SemrushBot/7~bl; +http://www.semrush.com/bot.html)" "mantech8.com"
114.119.151.219 - - [28/Nov/2022:20:30:32 -0800] "GET /index.php?sitemap17.xml HTTP/1.1" 200 289598 "-" "Mozilla/5.0 (compatible;PetalBot;+https://webmaster.petalsearch.com/site/petalbot)" "mantech8.com"
185.191.171.17 - - [28/Nov/2022:20:30:47 -0800] "GET /?camp-fire%2F39060535.html HTTP/1.1" 500 - "-" "Mozilla/5.0 (compatible; SemrushBot/7~bl; +http://www.semrush.com/bot.html)" "mantech8.com"
185.191.171.20 - - [28/Nov/2022:20:32:20 -0800] "GET /?camp-fire%2F17505827.html HTTP/1.1" 500 - "-" "Mozilla/5.0 (compatible; SemrushBot/7~bl; +http://www.semrush.com/bot.html)" "mantech8.com"
185.191.171.44 - - [28/Nov/2022:20:32:21 -0800] "GET /?camp-fire%2F39261270.html HTTP/1.1" 500 - "-" "Mozilla/5.0 (compatible; SemrushBot/7~bl; +http://www.semrush.com/bot.html)" "mantech8.com"
185.191.171.15 - - [28/Nov/2022:20:32:35 -0800] "GET /?camp-fire%2F35036925.html HTTP/1.1" 500 - "-" "Mozilla/5.0 (compatible; SemrushBot/7~bl; +http://www.semrush.com/bot.html)" "mantech8.com"
185.191.171.23 - - [28/Nov/2022:20:33:05 -0800] "GET /?camp-fire%2F26909284.html HTTP/1.1" 500 - "-" "Mozilla/5.0 (compatible; SemrushBot/7~bl; +http://www.semrush.com/bot.html)" "mantech8.com"
185.191.171.10 - - [28/Nov/2022:20:33:10 -0800] "GET /?camp-fire%2F7775142.html HTTP/1.1" 500 - "-" "Mozilla/5.0 (compatible; SemrushBot/7~bl; +http://www.semrush.com/bot.html)" "mantech8.com"
185.191.171.2 - - [28/Nov/2022:20:33:50 -0800] "GET /?camp-fire%2F56724508.html HTTP/1.1" 500 - "-" "Mozilla/5.0 (compatible; SemrushBot/7~bl; +http://www.semrush.com/bot.html)" "mantech8.com"
185.191.171.16 - - [28/Nov/2022:20:33:51 -0800] "GET /?camp-fire%2F34026493.html HTTP/1.1" 500 - "-" "Mozilla/5.0 (compatible; SemrushBot/7~bl; +http://www.semrush.com/bot.html)" "mantech8.com"
185.191.171.22 - - [28/Nov/2022:20:34:30 -0800] "GET /?camp-fire%2F47369503.html HTTP/1.1" 500 - "-" "Mozilla/5.0 (compatible; SemrushBot/7~bl; +http://www.semrush.com/bot.html)" "mantech8.com"
185.191.171.2 - - [28/Nov/2022:20:35:27 -0800] "GET /?camp-fire%2F16491583.html HTTP/1.1" 500 - "-" "Mozilla/5.0 (compatible; SemrushBot/7~bl; +http://www.semrush.com/bot.html)" "mantech8.com"
185.191.171.11 - - [28/Nov/2022:20:35:46 -0800] "GET /?camp-fire%2F67472865.html HTTP/1.1" 500 - "-" "Mozilla/5.0 (compatible; SemrushBot/7~bl; +http://www.semrush.com/bot.html)" "mantech8.com"
185.191.171.4 - - [28/Nov/2022:20:35:51 -0800] "GET /?camp-fire%2F56058759.html HTTP/1.1" 500 - "-" "Mozilla/5.0 (compatible; SemrushBot/7~bl; +http://www.semrush.com/bot.html)" "mantech8.com"
185.191.171.33 - - [28/Nov/2022:20:36:00 -0800] "GET /index.php/camp-fire/43184217.html HTTP/1.1" 500 - "-" "Mozilla/5.0 (compatible; SemrushBot/7~bl; +http://www.semrush.com/bot.html)" "mantech8.com"
185.191.171.22 - - [28/Nov/2022:20:36:58 -0800] "GET /?camp-fire%2F57731403.html HTTP/1.1" 500 - "-" "Mozilla/5.0 (compatible; SemrushBot/7~bl; +http://www.semrush.com/bot.html)" "mantech8.com"
185.191.171.2 - - [28/Nov/2022:20:37:56 -0800] "GET /?camp-fire%2F48676078.html HTTP/1.1" 500 - "-" "Mozilla/5.0 (compatible; SemrushBot/7~bl; +http://www.semrush.com/bot.html)" "mantech8.com"
157.55.39.123 - - [28/Nov/2022:20:38:08 -0800] "GET /index.php/s0kv-96ad-osrap.ii HTTP/1.1" 200 66004 "-" "Mozilla/5.0 AppleWebKit/537.36 (KHTML, like Gecko; compatible; bingbot/2.0; +http://www.bing.com/bingbot.htm) Chrome/103.0.5060.134 Safari/537.36" "mantech8.com"
185.191.171.23 - - [28/Nov/2022:20:38:22 -0800] "GET /?camp-fire%2F69996265.html HTTP/1.1" 500 - "-" "Mozilla/5.0 (compatible; SemrushBot/7~bl; +http://www.semrush.com/bot.html)" "mantech8.com"
185.191.171.26 - - [28/Nov/2022:20:38:58 -0800] "GET /?camp-fire%2F21609317.html HTTP/1.1" 500 - "-" "Mozilla/5.0 (compatible; SemrushBot/7~bl; +http://www.semrush.com/bot.html)" "mantech8.com"
185.191.171.3 - - [28/Nov/2022:20:39:27 -0800] "GET /?camp-fire%2F88784626.html HTTP/1.1" 500 - "-" "Mozilla/5.0 (compatible; SemrushBot/7~bl; +http://www.semrush.com/bot.html)" "mantech8.com"
185.191.171.4 - - [28/Nov/2022:20:39:29 -0800] "GET /?camp-fire%2F55606726.html HTTP/1.1" 500 - "-" "Mozilla/5.0 (compatible; SemrushBot/7~bl; +http://www.semrush.com/bot.html)" "mantech8.com"
185.191.171.21 - - [28/Nov/2022:20:39:36 -0800] "GET /?camp-fire%2F49167282.html HTTP/1.1" 500 - "-" "Mozilla/5.0 (compatible; SemrushBot/7~bl; +http://www.semrush.com/bot.html)" "mantech8.com"
185.191.171.2 - - [28/Nov/2022:20:39:43 -0800] "GET /?camp-fire%2F48143634.html HTTP/1.1" 500 - "-" "Mozilla/5.0 (compatible; SemrushBot/7~bl; +http://www.semrush.com/bot.html)" "mantech8.com"
185.191.171.2 - - [28/Nov/2022:20:39:47 -0800] "GET /?camp-fire%2F72686902.html HTTP/1.1" 500 - "-" "Mozilla/5.0 (compatible; SemrushBot/7~bl; +http://www.semrush.com/bot.html)" "mantech8.com"
40.77.167.67 - - [28/Nov/2022:20:40:24 -0800] "GET /index.php/mcko-d8efb-vy8rl.ii HTTP/1.1" 200 68537 "-" "Mozilla/5.0 (compatible; bingbot/2.0; +http://www.bing.com/bingbot.htm)" "mantech8.com"
185.191.171.4 - - [28/Nov/2022:20:41:32 -0800] "GET /?camp-fire%2F15976824.html HTTP/1.1" 500 - "-" "Mozilla/5.0 (compatible; SemrushBot/7~bl; +http://www.semrush.com/bot.html)" "mantech8.com"
185.191.171.45 - - [28/Nov/2022:20:42:11 -0800] "GET /?camp-fire%2F53120171.html HTTP/1.1" 500 - "-" "Mozilla/5.0 (compatible; SemrushBot/7~bl; +http://www.semrush.com/bot.html)" "mantech8.com"
185.191.171.19 - - [28/Nov/2022:20:42:44 -0800] "GET /?camp-fire%2F37676651.html HTTP/1.1" 500 - "-" "Mozilla/5.0 (compatible; SemrushBot/7~bl; +http://www.semrush.com/bot.html)" "mantech8.com"
185.191.171.15 - - [28/Nov/2022:20:43:05 -0800] "GET /?camp-fire%2F66249065.html HTTP/1.1" 500 - "-" "Mozilla/5.0 (compatible; SemrushBot/7~bl; +http://www.semrush.com/bot.html)" "mantech8.com"
185.191.171.24 - - [28/Nov/2022:20:43:19 -0800] "GET /?camp-fire%2F29974951.html HTTP/1.1" 500 - "-" "Mozilla/5.0 (compatible; SemrushBot/7~bl; +http://www.semrush.com/bot.html)" "mantech8.com"
40.77.167.26 - - [28/Nov/2022:20:43:30 -0800] "GET /bimages/hydrog/IDN%20S2.jpg HTTP/1.1" 200 204791 "-" "Mozilla/5.0 AppleWebKit/537.36 (KHTML, like Gecko; compatible; bingbot/2.0; +http://www.bing.com/bingbot.htm) Chrome/103.0.5060.134 Safari/537.36" "www.mantech8.com"
185.191.171.1 - - [28/Nov/2022:20:43:56 -0800] "GET /?camp-fire%2F52771560.html HTTP/1.1" 500 - "-" "Mozilla/5.0 (compatible; SemrushBot/7~bl; +http://www.semrush.com/bot.html)" "mantech8.com"
185.191.171.10 - - [28/Nov/2022:20:44:18 -0800] "GET /?camp-fire%2F16236451.html HTTP/1.1" 500 - "-" "Mozilla/5.0 (compatible; SemrushBot/7~bl; +http://www.semrush.com/bot.html)" "mantech8.com"
185.191.171.2 - - [28/Nov/2022:20:44:19 -0800] "GET /?camp-fire%2F5290377.html HTTP/1.1" 500 - "-" "Mozilla/5.0 (compatible; SemrushBot/7~bl; +http://www.semrush.com/bot.html)" "mantech8.com"
185.191.171.33 - - [28/Nov/2022:20:44:42 -0800] "GET /?camp-fire%2F52397159.html HTTP/1.1" 500 - "-" "Mozilla/5.0 (compatible; SemrushBot/7~bl; +http://www.semrush.com/bot.html)" "mantech8.com"
207.46.13.177 - - [28/Nov/2022:20:45:28 -0800] "GET /index.php/wf2o-10bf-g5nkx.ii HTTP/1.1" 200 64705 "-" "Mozilla/5.0 AppleWebKit/537.36 (KHTML, like Gecko; compatible; bingbot/2.0; +http://www.bing.com/bingbot.htm) Chrome/103.0.5060.134 Safari/537.36" "mantech8.com"
185.191.171.14 - - [28/Nov/2022:20:45:34 -0800] "GET /?camp-fire%2F48332642.html HTTP/1.1" 500 - "-" "Mozilla/5.0 (compatible; SemrushBot/7~bl; +http://www.semrush.com/bot.html)" "mantech8.com"
185.191.171.26 - - [28/Nov/2022:20:45:36 -0800] "GET /?camp-fire%2F59374693.html HTTP/1.1" 500 - "-" "Mozilla/5.0 (compatible; SemrushBot/7~bl; +http://www.semrush.com/bot.html)" "mantech8.com"
185.191.171.39 - - [28/Nov/2022:20:45:51 -0800] "GET /?camp-fire%2F43317149.html HTTP/1.1" 500 - "-" "Mozilla/5.0 (compatible; SemrushBot/7~bl; +http://www.semrush.com/bot.html)" "mantech8.com"
185.191.171.24 - - [28/Nov/2022:20:46:22 -0800] "GET /?camp-fire%2F24982169.html HTTP/1.1" 500 - "-" "Mozilla/5.0 (compatible; SemrushBot/7~bl; +http://www.semrush.com/bot.html)" "mantech8.com"
185.191.171.19 - - [28/Nov/2022:20:46:28 -0800] "GET /?camp-fire%2F13181076.html HTTP/1.1" 500 - "-" "Mozilla/5.0 (compatible; SemrushBot/7~bl; +http://www.semrush.com/bot.html)" "mantech8.com"
114.119.154.128 - - [28/Nov/2022:20:47:18 -0800] "GET /bimages/ework/nwknstkjnx.php HTTP/1.1" 200 32 "http://mantech8.com/bimages/ework/?C=M%3BO%3DA" "Mozilla/5.0 (Linux; Android 7.0;) AppleWebKit/537.36 (KHTML, like Gecko) Mobile Safari/537.36 (compatible; PetalBot;+https://webmaster.petalsearch.com/site/petalbot)" "mantech8.com"
185.191.171.5 - - [28/Nov/2022:20:47:40 -0800] "GET /?camp-fire%2F52470571.html HTTP/1.1" 500 - "-" "Mozilla/5.0 (compatible; SemrushBot/7~bl; +http://www.semrush.com/bot.html)" "mantech8.com"
207.46.13.177 - - [28/Nov/2022:20:48:19 -0800] "GET /index.php/okoc-80bde-luohk.ii HTTP/1.1" 200 73108 "-" "Mozilla/5.0 AppleWebKit/537.36 (KHTML, like Gecko; compatible; bingbot/2.0; +http://www.bing.com/bingbot.htm) Chrome/103.0.5060.134 Safari/537.36" "mantech8.com"
89.22.232.37 - - [28/Nov/2022:20:48:43 -0800] "GET /contact.php HTTP/1.1" 200 29238 "-" "Mozilla/5.0 (Windows NT 6.3; Win64; x64) AppleWebKit/537.36 (KHTML, like Gecko) Chrome/75.0.3770.100 Safari/537.36" "mantech8.com"
185.191.171.14 - - [28/Nov/2022:20:48:49 -0800] "GET /robots.txt HTTP/1.1" 200 106 "-" "Mozilla/5.0 (compatible; SemrushBot/7~bl; +http://www.semrush.com/bot.html)" "mantech8.com"
185.191.171.14 - - [28/Nov/2022:20:48:49 -0800] "GET /?camp-fire%2F45197576.html HTTP/1.1" 500 - "-" "Mozilla/5.0 (compatible; SemrushBot/7~bl; +http://www.semrush.com/bot.html)" "mantech8.com"
40.77.167.67 - - [28/Nov/2022:20:49:05 -0800] "GET /index.php/zsuz-c8411cef-skeuf.ii HTTP/1.1" 200 63867 "-" "Mozilla/5.0 AppleWebKit/537.36 (KHTML, like Gecko; compatible; bingbot/2.0; +http://www.bing.com/bingbot.htm) Chrome/103.0.5060.134 Safari/537.36" "mantech8.com"
185.191.171.23 - - [28/Nov/2022:20:49:35 -0800] "GET /?camp-fire%2F53476235.html HTTP/1.1" 500 - "-" "Mozilla/5.0 (compatible; SemrushBot/7~bl; +http://www.semrush.com/bot.html)" "mantech8.com"
185.191.171.17 - - [28/Nov/2022:20:49:39 -0800] "GET /?camp-fire%2F17354465.html HTTP/1.1" 500 - "-" "Mozilla/5.0 (compatible; SemrushBot/7~bl; +http://www.semrush.com/bot.html)" "mantech8.com"
185.191.171.23 - - [28/Nov/2022:20:49:46 -0800] "GET /?camp-fire%2F46615776.html HTTP/1.1" 500 - "-" "Mozilla/5.0 (compatible; SemrushBot/7~bl; +http://www.semrush.com/bot.html)" "mantech8.com"
157.55.39.131 - - [28/Nov/2022:20:50:01 -0800] "GET /robots.txt HTTP/1.1" 200 106 "-" "Mozilla/5.0 (compatible; bingbot/2.0; +http://www.bing.com/bingbot.htm)" "mantech8.com"
157.55.39.131 - - [28/Nov/2022:20:50:01 -0800] "GET /robots.txt HTTP/1.1" 200 106 "-" "Mozilla/5.0 (compatible; bingbot/2.0; +http://www.bing.com/bingbot.htm)" "mantech8.com"
185.191.171.36 - - [28/Nov/2022:20:50:02 -0800] "GET /?camp-fire%2F26729247.html HTTP/1.1" 500 - "-" "Mozilla/5.0 (compatible; SemrushBot/7~bl; +http://www.semrush.com/bot.html)" "mantech8.com"
185.191.171.16 - - [28/Nov/2022:20:50:06 -0800] "GET /?camp-fire%2F55759103.html HTTP/1.1" 500 - "-" "Mozilla/5.0 (compatible; SemrushBot/7~bl; +http://www.semrush.com/bot.html)" "mantech8.com"
207.46.13.177 - - [28/Nov/2022:20:50:07 -0800] "GET /bimages/gallery/thump/c2.jpg HTTP/1.1" 200 156958 "-" "Mozilla/5.0 (compatible; bingbot/2.0; +http://www.bing.com/bingbot.htm)" "mantech8.com"
185.191.171.41 - - [28/Nov/2022:20:50:13 -0800] "GET /?camp-fire%2F47707938.html HTTP/1.1" 500 - "-" "Mozilla/5.0 (compatible; SemrushBot/7~bl; +http://www.semrush.com/bot.html)" "mantech8.com"
185.191.171.4 - - [28/Nov/2022:20:50:16 -0800] "GET /?camp-fire%2F14941487.html HTTP/1.1" 500 - "-" "Mozilla/5.0 (compatible; SemrushBot/7~bl; +http://www.semrush.com/bot.html)" "mantech8.com"
13.59.112.196 - - [28/Nov/2022:20:50:27 -0800] "GET / HTTP/1.1" 500 - "-" "Mozilla/5.0 (iPhone; CPU iPhone OS 15_3 like Mac OS X) AppleWebKit/605.1.15 (KHTML, like Gecko) Version/15.3 Mobile/15E148 Safari/604.1" "mantech8.com"
157.55.39.123 - - [28/Nov/2022:20:50:47 -0800] "GET /index.php/nWTf-aa46ecfe-4Qu1L.Ii HTTP/1.1" 200 63150 "-" "Mozilla/5.0 AppleWebKit/537.36 (KHTML, like Gecko; compatible; bingbot/2.0; +http://www.bing.com/bingbot.htm) Chrome/103.0.5060.134 Safari/537.36" "mantech8.com"
185.191.171.40 - - [28/Nov/2022:20:50:51 -0800] "GET /?camp-fire%2F20329593.html HTTP/1.1" 500 - "-" "Mozilla/5.0 (compatible; SemrushBot/7~bl; +http://www.semrush.com/bot.html)" "mantech8.com"
185.191.171.35 - - [28/Nov/2022:20:51:15 -0800] "GET /?camp-fire%2F72307265.html HTTP/1.1" 500 - "-" "Mozilla/5.0 (compatible; SemrushBot/7~bl; +http://www.semrush.com/bot.html)" "mantech8.com"
185.191.171.35 - - [28/Nov/2022:20:51:50 -0800] "GET /?camp-fire%2F25259706.html HTTP/1.1" 500 - "-" "Mozilla/5.0 (compatible; SemrushBot/7~bl; +http://www.semrush.com/bot.html)" "mantech8.com"
207.46.13.100 - - [28/Nov/2022:20:52:01 -0800] "GET /index.php/Mcko-195a7afa-VbmQq.Ii HTTP/1.1" 200 59867 "-" "Mozilla/5.0 (compatible; bingbot/2.0; +http://www.bing.com/bingbot.htm)" "mantech8.com"
157.55.39.123 - - [28/Nov/2022:20:52:28 -0800] "GET /bimages/gallery/p7.jpg HTTP/1.1" 200 64854 "-" "Mozilla/5.0 (compatible; bingbot/2.0; +http://www.bing.com/bingbot.htm)" "mantech8.com"
185.191.171.33 - - [28/Nov/2022:20:52:32 -0800] "GET /?camp-fire%2F44057230.html HTTP/1.1" 500 - "-" "Mozilla/5.0 (compatible; SemrushBot/7~bl; +http://www.semrush.com/bot.html)" "mantech8.com"
185.191.171.45 - - [28/Nov/2022:20:52:46 -0800] "GET /?camp-fire%2F14061059.html HTTP/1.1" 500 - "-" "Mozilla/5.0 (compatible; SemrushBot/7~bl; +http://www.semrush.com/bot.html)" "mantech8.com"
40.77.167.67 - - [28/Nov/2022:20:53:35 -0800] "GET /index.php/lgpi2-a3f2debea-C1W4.Ii HTTP/1.1" 200 40906 "-" "Mozilla/5.0 (compatible; bingbot/2.0; +http://www.bing.com/bingbot.htm)" "mantech8.com"
185.191.171.4 - - [28/Nov/2022:20:54:20 -0800] "GET /?camp-fire%2F15499546.html HTTP/1.1" 500 - "-" "Mozilla/5.0 (compatible; SemrushBot/7~bl; +http://www.semrush.com/bot.html)" "mantech8.com"
185.191.171.35 - - [28/Nov/2022:20:55:14 -0800] "GET /?camp-fire%2F49205166.html HTTP/1.1" 500 - "-" "Mozilla/5.0 (compatible; SemrushBot/7~bl; +http://www.semrush.com/bot.html)" "mantech8.com"
185.191.171.39 - - [28/Nov/2022:20:55:17 -0800] "GET /?camp-fire%2F21270765.html HTTP/1.1" 500 - "-" "Mozilla/5.0 (compatible; SemrushBot/7~bl; +http://www.semrush.com/bot.html)" "mantech8.com"
157.55.39.123 - - [28/Nov/2022:20:55:19 -0800] "GET /bimages/gallery/11.jpg HTTP/1.1" 200 143756 "-" "Mozilla/5.0 (compatible; bingbot/2.0; +http://www.bing.com/bingbot.htm)" "mantech8.com"
157.55.39.123 - - [28/Nov/2022:20:55:19 -0800] "GET /index.php?/2020/08/03/%E0%B8%8A%E0%B8%99%E0%B8%B4%E0%B8%94%E0%B9%81%E0%B8%A5%E0%B8%B0%E0%B8%81%E0%B8%B2%E0%B8%A3%E0%B9%83%E0%B8%8A%E0%B9%89%E0%B8%87%E0%B8%B2%E0%B8%99%E0%B8%82%E0%B8%AD%E0%B8%87%E0%B8%AA%E0%B8%B2%E0%B8%A2/ HTTP/1.1" 200 103545 "-" "Mozilla/5.0 (compatible; bingbot/2.0; +http://www.bing.com/bingbot.htm)" "www.mantech8.com"
185.191.171.9 - - [28/Nov/2022:20:57:24 -0800] "GET /?camp-fire%2F14493824.html HTTP/1.1" 500 - "-" "Mozilla/5.0 (compatible; SemrushBot/7~bl; +http://www.semrush.com/bot.html)" "mantech8.com"
185.191.171.26 - - [28/Nov/2022:20:57:42 -0800] "GET /?camp-fire%2F60558360.html HTTP/1.1" 500 - "-" "Mozilla/5.0 (compatible; SemrushBot/7~bl; +http://www.semrush.com/bot.html)" "mantech8.com"
114.119.154.128 - - [28/Nov/2022:20:57:46 -0800] "GET /piping.php HTTP/1.1" 200 13582 "http://mantech8.com/services.php" "Mozilla/5.0 (Linux; Android 7.0;) AppleWebKit/537.36 (KHTML, like Gecko) Mobile Safari/537.36 (compatible; PetalBot;+https://webmaster.petalsearch.com/site/petalbot)" "mantech8.com"
185.191.171.10 - - [28/Nov/2022:20:57:54 -0800] "GET /?camp-fire%2F15493946.html HTTP/1.1" 500 - "-" "Mozilla/5.0 (compatible; SemrushBot/7~bl; +http://www.semrush.com/bot.html)" "mantech8.com"
185.191.171.19 - - [28/Nov/2022:20:57:57 -0800] "GET /?camp-fire%2F99256297.html HTTP/1.1" 500 - "-" "Mozilla/5.0 (compatible; SemrushBot/7~bl; +http://www.semrush.com/bot.html)" "mantech8.com"
185.191.171.20 - - [28/Nov/2022:20:58:06 -0800] "GET /index.php?camp-fire%2F4837255.html HTTP/1.1" 500 - "-" "Mozilla/5.0 (compatible; SemrushBot/7~bl; +http://www.semrush.com/bot.html)" "mantech8.com"
216.244.66.241 - - [28/Nov/2022:20:58:43 -0800] "GET /robots.txt HTTP/1.1" 200 222 "-" "Mozilla/5.0 (compatible; DotBot/1.2; +https://opensiteexplorer.org/dotbot; help@moz.com)" "www.mantech8.com"
216.244.66.241 - - [28/Nov/2022:20:58:43 -0800] "GET /robots.txt HTTP/1.1" 200 222 "-" "Mozilla/5.0 (compatible; DotBot/1.2; +https://opensiteexplorer.org/dotbot; help@moz.com)" "mantech8.com"
185.191.171.42 - - [28/Nov/2022:20:58:50 -0800] "GET /?camp-fire%2F24090733.html HTTP/1.1" 500 - "-" "Mozilla/5.0 (compatible; SemrushBot/7~bl; +http://www.semrush.com/bot.html)" "mantech8.com"
40.77.167.26 - - [28/Nov/2022:20:58:52 -0800] "GET /bimages/client/icf.png HTTP/1.1" 200 41986 "-" "Mozilla/5.0 (compatible; bingbot/2.0; +http://www.bing.com/bingbot.htm)" "www.mantech8.com"
185.191.171.19 - - [28/Nov/2022:20:59:45 -0800] "GET /?camp-fire%2F69197229.html HTTP/1.1" 500 - "-" "Mozilla/5.0 (compatible; SemrushBot/7~bl; +http://www.semrush.com/bot.html)" "mantech8.com"
185.191.171.11 - - [28/Nov/2022:21:00:15 -0800] "GET /?camp-fire%2F44616487.html HTTP/1.1" 500 - "-" "Mozilla/5.0 (compatible; SemrushBot/7~bl; +http://www.semrush.com/bot.html)" "mantech8.com"
185.191.171.15 - - [28/Nov/2022:21:00:40 -0800] "GET /index.php/camp-fire/11895708.html HTTP/1.1" 500 - "-" "Mozilla/5.0 (compatible; SemrushBot/7~bl; +http://www.semrush.com/bot.html)" "mantech8.com"
185.191.171.42 - - [28/Nov/2022:21:01:32 -0800] "GET /?camp-fire%2F3231953.html HTTP/1.1" 500 - "-" "Mozilla/5.0 (compatible; SemrushBot/7~bl; +http://www.semrush.com/bot.html)" "mantech8.com"
185.191.171.33 - - [28/Nov/2022:21:01:37 -0800] "GET /?camp-fire%2F73374951.html HTTP/1.1" 500 - "-" "Mozilla/5.0 (compatible; SemrushBot/7~bl; +http://www.semrush.com/bot.html)" "mantech8.com"
185.191.171.17 - - [28/Nov/2022:21:01:48 -0800] "GET /?camp-fire%2F35257208.html HTTP/1.1" 500 - "-" "Mozilla/5.0 (compatible; SemrushBot/7~bl; +http://www.semrush.com/bot.html)" "mantech8.com"
185.191.171.21 - - [28/Nov/2022:21:01:52 -0800] "GET /?camp-fire%2F19306690.html HTTP/1.1" 500 - "-" "Mozilla/5.0 (compatible; SemrushBot/7~bl; +http://www.semrush.com/bot.html)" "mantech8.com"
185.191.171.16 - - [28/Nov/2022:21:02:37 -0800] "GET /?camp-fire%2F22633526.html HTTP/1.1" 500 - "-" "Mozilla/5.0 (compatible; SemrushBot/7~bl; +http://www.semrush.com/bot.html)" "mantech8.com"
185.191.171.10 - - [28/Nov/2022:21:03:07 -0800] "GET /?camp-fire%2F13113253.html HTTP/1.1" 500 - "-" "Mozilla/5.0 (compatible; SemrushBot/7~bl; +http://www.semrush.com/bot.html)" "mantech8.com"
185.191.171.4 - - [28/Nov/2022:21:03:10 -0800] "GET /?camp-fire%2F29794377.html HTTP/1.1" 500 - "-" "Mozilla/5.0 (compatible; SemrushBot/7~bl; +http://www.semrush.com/bot.html)" "mantech8.com"
157.55.39.123 - - [28/Nov/2022:21:03:20 -0800] "GET /index.php/nwtf-43ce-4acgd.ii HTTP/1.1" 200 70934 "-" "Mozilla/5.0 AppleWebKit/537.36 (KHTML, like Gecko; compatible; bingbot/2.0; +http://www.bing.com/bingbot.htm) Chrome/103.0.5060.134 Safari/537.36" "mantech8.com"
185.191.171.42 - - [28/Nov/2022:21:03:31 -0800] "GET /?camp-fire%2F56398127.html HTTP/1.1" 500 - "-" "Mozilla/5.0 (compatible; SemrushBot/7~bl; +http://www.semrush.com/bot.html)" "mantech8.com"
40.77.167.26 - - [28/Nov/2022:21:03:53 -0800] "GET /bimages/gallery/thump/sb9.jpg HTTP/1.1" 200 117072 "-" "Mozilla/5.0 (compatible; bingbot/2.0; +http://www.bing.com/bingbot.htm)" "mantech8.com"
207.46.13.100 - - [28/Nov/2022:21:05:02 -0800] "GET /bimages/gallery/thump/sb1.jpg HTTP/1.1" 200 168208 "-" "Mozilla/5.0 AppleWebKit/537.36 (KHTML, like Gecko; compatible; bingbot/2.0; +http://www.bing.com/bingbot.htm) Chrome/103.0.5060.134 Safari/537.36" "mantech8.com"
185.191.171.25 - - [28/Nov/2022:21:05:06 -0800] "GET /?camp-fire%2F16274587.html HTTP/1.1" 500 - "-" "Mozilla/5.0 (compatible; SemrushBot/7~bl; +http://www.semrush.com/bot.html)" "mantech8.com"
185.191.171.16 - - [28/Nov/2022:21:05:08 -0800] "GET /?camp-fire%2F86196938.html HTTP/1.1" 500 - "-" "Mozilla/5.0 (compatible; SemrushBot/7~bl; +http://www.semrush.com/bot.html)" "mantech8.com"
185.191.171.17 - - [28/Nov/2022:21:05:13 -0800] "GET /?camp-fire%2F15584846.html HTTP/1.1" 500 - "-" "Mozilla/5.0 (compatible; SemrushBot/7~bl; +http://www.semrush.com/bot.html)" "mantech8.com"
185.191.171.9 - - [28/Nov/2022:21:05:30 -0800] "GET /?camp-fire%2F16759383.html HTTP/1.1" 500 - "-" "Mozilla/5.0 (compatible; SemrushBot/7~bl; +http://www.semrush.com/bot.html)" "mantech8.com"
185.191.171.42 - - [28/Nov/2022:21:05:49 -0800] "GET /index.php/camp-fire/1720972.html HTTP/1.1" 500 - "-" "Mozilla/5.0 (compatible; SemrushBot/7~bl; +http://www.semrush.com/bot.html)" "mantech8.com"
185.191.171.33 - - [28/Nov/2022:21:07:20 -0800] "GET /?camp-fire%2F60051730.html HTTP/1.1" 500 - "-" "Mozilla/5.0 (compatible; SemrushBot/7~bl; +http://www.semrush.com/bot.html)" "mantech8.com"
114.119.144.63 - - [28/Nov/2022:21:07:20 -0800] "GET /bimages/headg/footer.php HTTP/1.1" 200 32 "http://mantech8.com/bimages/headg/?C=S%3BO%3DA" "Mozilla/5.0 (Linux; Android 7.0;) AppleWebKit/537.36 (KHTML, like Gecko) Mobile Safari/537.36 (compatible; PetalBot;+https://webmaster.petalsearch.com/site/petalbot)" "mantech8.com"
185.191.171.39 - - [28/Nov/2022:21:07:52 -0800] "GET /?camp-fire%2F4577700.html HTTP/1.1" 500 - "-" "Mozilla/5.0 (compatible; SemrushBot/7~bl; +http://www.semrush.com/bot.html)" "mantech8.com"
185.191.171.45 - - [28/Nov/2022:21:08:04 -0800] "GET /?camp-fire%2F62399109.html HTTP/1.1" 500 - "-" "Mozilla/5.0 (compatible; SemrushBot/7~bl; +http://www.semrush.com/bot.html)" "mantech8.com"
185.191.171.17 - - [28/Nov/2022:21:09:20 -0800] "GET /?camp-fire%2F52119102.html HTTP/1.1" 500 - "-" "Mozilla/5.0 (compatible; SemrushBot/7~bl; +http://www.semrush.com/bot.html)" "mantech8.com"
185.191.171.40 - - [28/Nov/2022:21:10:24 -0800] "GET /?camp-fire%2F18563465.html HTTP/1.1" 500 - "-" "Mozilla/5.0 (compatible; SemrushBot/7~bl; +http://www.semrush.com/bot.html)" "mantech8.com"
185.191.171.34 - - [28/Nov/2022:21:10:32 -0800] "GET /?camp-fire%2F55053224.html HTTP/1.1" 500 - "-" "Mozilla/5.0 (compatible; SemrushBot/7~bl; +http://www.semrush.com/bot.html)" "mantech8.com"
185.191.171.11 - - [28/Nov/2022:21:10:34 -0800] "GET /index.php?camp-fire%2F8268480.html HTTP/1.1" 500 - "-" "Mozilla/5.0 (compatible; SemrushBot/7~bl; +http://www.semrush.com/bot.html)" "mantech8.com"
40.77.167.26 - - [28/Nov/2022:21:10:34 -0800] "GET /index.php/ae50ffdec HTTP/1.1" 200 62024 "-" "Mozilla/5.0 AppleWebKit/537.36 (KHTML, like Gecko; compatible; bingbot/2.0; +http://www.bing.com/bingbot.htm) Chrome/103.0.5060.134 Safari/537.36" "mantech8.com"
185.191.171.39 - - [28/Nov/2022:21:10:42 -0800] "GET /?camp-fire%2F20145172.html HTTP/1.1" 500 - "-" "Mozilla/5.0 (compatible; SemrushBot/7~bl; +http://www.semrush.com/bot.html)" "mantech8.com"
207.46.13.177 - - [28/Nov/2022:21:11:39 -0800] "GET /images/flag-23-gif.gif HTTP/1.1" 200 20141 "-" "Mozilla/5.0 (compatible; bingbot/2.0; +http://www.bing.com/bingbot.htm)" "www.mantech8.com"
185.191.171.4 - - [28/Nov/2022:21:11:54 -0800] "GET /?camp-fire%2F24598830.html HTTP/1.1" 500 - "-" "Mozilla/5.0 (compatible; SemrushBot/7~bl; +http://www.semrush.com/bot.html)" "mantech8.com"
185.191.171.15 - - [28/Nov/2022:21:12:19 -0800] "GET /index.php?camp-fire%2F9977783.html HTTP/1.1" 500 - "-" "Mozilla/5.0 (compatible; SemrushBot/7~bl; +http://www.semrush.com/bot.html)" "mantech8.com"
185.191.171.41 - - [28/Nov/2022:21:12:21 -0800] "GET /?camp-fire%2F5333477.html HTTP/1.1" 500 - "-" "Mozilla/5.0 (compatible; SemrushBot/7~bl; +http://www.semrush.com/bot.html)" "mantech8.com"
185.191.171.23 - - [28/Nov/2022:21:12:25 -0800] "GET /index.php/camp-fire/11330985.html HTTP/1.1" 500 - "-" "Mozilla/5.0 (compatible; SemrushBot/7~bl; +http://www.semrush.com/bot.html)" "mantech8.com"
114.119.142.217 - - [28/Nov/2022:21:12:32 -0800] "GET /index.php/sitemap6.xml HTTP/1.1" 200 289286 "-" "Mozilla/5.0 (compatible;PetalBot;+https://webmaster.petalsearch.com/site/petalbot)" "mantech8.com"
185.191.171.33 - - [28/Nov/2022:21:13:42 -0800] "GET /?camp-fire%2F69379366.html HTTP/1.1" 500 - "-" "Mozilla/5.0 (compatible; SemrushBot/7~bl; +http://www.semrush.com/bot.html)" "mantech8.com"
207.46.13.125 - - [28/Nov/2022:21:14:35 -0800] "GET /index.php/0b034eae HTTP/1.1" 200 62416 "-" "Mozilla/5.0 AppleWebKit/537.36 (KHTML, like Gecko; compatible; bingbot/2.0; +http://www.bing.com/bingbot.htm) Chrome/103.0.5060.134 Safari/537.36" "mantech8.com"
185.191.171.11 - - [28/Nov/2022:21:14:57 -0800] "GET /?camp-fire%2F16667326.html HTTP/1.1" 500 - "-" "Mozilla/5.0 (compatible; SemrushBot/7~bl; +http://www.semrush.com/bot.html)" "mantech8.com"
207.46.13.100 - - [28/Nov/2022:21:15:04 -0800] "GET /index.php/wf2o-f082adeacf-g6zf5.ii HTTP/1.1" 200 70098 "-" "Mozilla/5.0 AppleWebKit/537.36 (KHTML, like Gecko; compatible; bingbot/2.0; +http://www.bing.com/bingbot.htm) Chrome/103.0.5060.134 Safari/537.36" "mantech8.com"
40.77.167.67 - - [28/Nov/2022:21:15:08 -0800] "GET /index.php/egy1-792cdeba-vsvum.ii HTTP/1.1" 200 65436 "-" "Mozilla/5.0 (compatible; bingbot/2.0; +http://www.bing.com/bingbot.htm)" "mantech8.com"
185.191.171.35 - - [28/Nov/2022:21:15:29 -0800] "GET /?camp-fire%2F59514347.html HTTP/1.1" 500 - "-" "Mozilla/5.0 (compatible; SemrushBot/7~bl; +http://www.semrush.com/bot.html)" "mantech8.com"
185.191.171.18 - - [28/Nov/2022:21:15:33 -0800] "GET /?camp-fire%2F17835774.html HTTP/1.1" 500 - "-" "Mozilla/5.0 (compatible; SemrushBot/7~bl; +http://www.semrush.com/bot.html)" "mantech8.com"
185.191.171.10 - - [28/Nov/2022:21:16:32 -0800] "GET /?camp-fire%2F49794508.html HTTP/1.1" 500 - "-" "Mozilla/5.0 (compatible; SemrushBot/7~bl; +http://www.semrush.com/bot.html)" "mantech8.com"
185.191.171.3 - - [28/Nov/2022:21:16:49 -0800] "GET /index.php/camp-fire/20647976.html HTTP/1.1" 500 - "-" "Mozilla/5.0 (compatible; SemrushBot/7~bl; +http://www.semrush.com/bot.html)" "mantech8.com"
114.119.151.219 - - [28/Nov/2022:21:17:25 -0800] "GET /index.php?camp-fire/74882724.html HTTP/1.1" 500 - "-" "Mozilla/5.0 (Linux; Android 7.0;) AppleWebKit/537.36 (KHTML, like Gecko) Mobile Safari/537.36 (compatible; PetalBot;+https://webmaster.petalsearch.com/site/petalbot)" "www.mantech8.com"
185.191.171.24 - - [28/Nov/2022:21:17:45 -0800] "GET /?camp-fire%2F15452065.html HTTP/1.1" 500 - "-" "Mozilla/5.0 (compatible; SemrushBot/7~bl; +http://www.semrush.com/bot.html)" "mantech8.com"
185.191.171.10 - - [28/Nov/2022:21:17:57 -0800] "GET /?camp-fire%2F58132080.html HTTP/1.1" 500 - "-" "Mozilla/5.0 (compatible; SemrushBot/7~bl; +http://www.semrush.com/bot.html)" "mantech8.com"
185.191.171.43 - - [28/Nov/2022:21:18:08 -0800] "GET /?camp-fire%2F57118650.html HTTP/1.1" 500 - "-" "Mozilla/5.0 (compatible; SemrushBot/7~bl; +http://www.semrush.com/bot.html)" "mantech8.com"
40.77.167.67 - - [28/Nov/2022:21:18:16 -0800] "GET /index.php/mcko-d8efb-vy8rl.ii HTTP/1.1" 200 68210 "-" "Mozilla/5.0 (compatible; bingbot/2.0; +http://www.bing.com/bingbot.htm)" "mantech8.com"
185.191.171.8 - - [28/Nov/2022:21:18:18 -0800] "GET /?camp-fire%2F58352690.html HTTP/1.1" 500 - "-" "Mozilla/5.0 (compatible; SemrushBot/7~bl; +http://www.semrush.com/bot.html)" "mantech8.com"
40.77.167.26 - - [28/Nov/2022:21:18:34 -0800] "GET /index.php/wtzk-bd599bdba-nlspa.ii HTTP/1.1" 200 72173 "-" "Mozilla/5.0 (compatible; bingbot/2.0; +http://www.bing.com/bingbot.htm)" "mantech8.com"
185.191.171.14 - - [28/Nov/2022:21:19:12 -0800] "GET /?camp-fire%2F54278550.html HTTP/1.1" 500 - "-" "Mozilla/5.0 (compatible; SemrushBot/7~bl; +http://www.semrush.com/bot.html)" "mantech8.com"
207.46.13.125 - - [28/Nov/2022:21:19:16 -0800] "GET /index.php?camp-fire/91755652.html HTTP/1.1" 200 66481 "-" "Mozilla/5.0 AppleWebKit/537.36 (KHTML, like Gecko; compatible; bingbot/2.0; +http://www.bing.com/bingbot.htm) Chrome/103.0.5060.134 Safari/537.36" "www.mantech8.com"
185.191.171.13 - - [28/Nov/2022:21:19:30 -0800] "GET /?camp-fire%2F72493146.html HTTP/1.1" 500 - "-" "Mozilla/5.0 (compatible; SemrushBot/7~bl; +http://www.semrush.com/bot.html)" "mantech8.com"
185.191.171.35 - - [28/Nov/2022:21:19:42 -0800] "GET /?camp-fire%2F4876355.html HTTP/1.1" 500 - "-" "Mozilla/5.0 (compatible; SemrushBot/7~bl; +http://www.semrush.com/bot.html)" "mantech8.com"
185.191.171.6 - - [28/Nov/2022:21:19:50 -0800] "GET /?camp-fire%2F53848676.html HTTP/1.1" 500 - "-" "Mozilla/5.0 (compatible; SemrushBot/7~bl; +http://www.semrush.com/bot.html)" "mantech8.com"
185.191.171.22 - - [28/Nov/2022:21:20:17 -0800] "GET /?camp-fire%2F32581025.html HTTP/1.1" 500 - "-" "Mozilla/5.0 (compatible; SemrushBot/7~bl; +http://www.semrush.com/bot.html)" "mantech8.com"
185.191.171.15 - - [28/Nov/2022:21:20:24 -0800] "GET /?camp-fire%2F6771077.html HTTP/1.1" 500 - "-" "Mozilla/5.0 (compatible; SemrushBot/7~bl; +http://www.semrush.com/bot.html)" "mantech8.com"
157.55.39.123 - - [28/Nov/2022:21:20:42 -0800] "GET /sitemapmobileindex.xml HTTP/1.1" 404 88 "-" "Mozilla/5.0 AppleWebKit/537.36 (KHTML, like Gecko; compatible; bingbot/2.0; +http://www.bing.com/bingbot.htm) Chrome/103.0.5060.134 Safari/537.36" "mantech8.com"
207.46.13.100 - - [28/Nov/2022:21:20:46 -0800] "GET /sitemapindeximages.xml HTTP/1.1" 404 88 "-" "Mozilla/5.0 (compatible; bingbot/2.0; +http://www.bing.com/bingbot.htm)" "mantech8.com"
207.46.13.100 - - [28/Nov/2022:21:20:46 -0800] "GET /sitemapindex.xml HTTP/1.1" 404 88 "-" "Mozilla/5.0 (compatible; bingbot/2.0; +http://www.bing.com/bingbot.htm)" "mantech8.com"
207.46.13.125 - - [28/Nov/2022:21:20:50 -0800] "GET /sitemapnewindex.xml HTTP/1.1" 404 88 "-" "Mozilla/5.0 AppleWebKit/537.36 (KHTML, like Gecko; compatible; bingbot/2.0; +http://www.bing.com/bingbot.htm) Chrome/103.0.5060.134 Safari/537.36" "mantech8.com"
40.77.167.67 - - [28/Nov/2022:21:21:07 -0800] "GET / HTTP/1.1" 200 64434 "-" "Mozilla/5.0 AppleWebKit/537.36 (KHTML, like Gecko; compatible; bingbot/2.0; +http://www.bing.com/bingbot.htm) Chrome/103.0.5060.134 Safari/537.36" "www.mantech8.com"
185.191.171.24 - - [28/Nov/2022:21:21:12 -0800] "GET /index.php/camp-fire/60561825.html HTTP/1.1" 500 - "-" "Mozilla/5.0 (compatible; SemrushBot/7~bl; +http://www.semrush.com/bot.html)" "mantech8.com"
185.191.171.5 - - [28/Nov/2022:21:21:13 -0800] "GET /index.php/camp-fire/15440683.html HTTP/1.1" 500 - "-" "Mozilla/5.0 (compatible; SemrushBot/7~bl; +http://www.semrush.com/bot.html)" "mantech8.com"
185.191.171.14 - - [28/Nov/2022:21:21:49 -0800] "GET /?camp-fire%2F21730876.html HTTP/1.1" 500 - "-" "Mozilla/5.0 (compatible; SemrushBot/7~bl; +http://www.semrush.com/bot.html)" "mantech8.com"
114.119.149.150 - - [28/Nov/2022:21:22:31 -0800] "GET /?sitemap12394.xml HTTP/1.1" 200 270482 "-" "Mozilla/5.0 (Linux; Android 7.0;) AppleWebKit/537.36 (KHTML, like Gecko) Mobile Safari/537.36 (compatible; PetalBot;+https://webmaster.petalsearch.com/site/petalbot)" "mantech8.com"
185.191.171.8 - - [28/Nov/2022:21:22:48 -0800] "GET /?camp-fire%2F82282966.html HTTP/1.1" 500 - "-" "Mozilla/5.0 (compatible; SemrushBot/7~bl; +http://www.semrush.com/bot.html)" "mantech8.com"
185.191.171.6 - - [28/Nov/2022:21:23:26 -0800] "GET /?camp-fire%2F55351635.html HTTP/1.1" 500 - "-" "Mozilla/5.0 (compatible; SemrushBot/7~bl; +http://www.semrush.com/bot.html)" "mantech8.com"
185.191.171.34 - - [28/Nov/2022:21:23:32 -0800] "GET /?camp-fire%2F56311750.html HTTP/1.1" 500 - "-" "Mozilla/5.0 (compatible; SemrushBot/7~bl; +http://www.semrush.com/bot.html)" "mantech8.com"
185.191.171.16 - - [28/Nov/2022:21:24:04 -0800] "GET /?camp-fire%2F50967425.html HTTP/1.1" 500 - "-" "Mozilla/5.0 (compatible; SemrushBot/7~bl; +http://www.semrush.com/bot.html)" "mantech8.com"
185.191.171.15 - - [28/Nov/2022:21:24:08 -0800] "GET /?camp-fire%2F63370441.html HTTP/1.1" 500 - "-" "Mozilla/5.0 (compatible; SemrushBot/7~bl; +http://www.semrush.com/bot.html)" "mantech8.com"
