207.46.13.100 - - [29/Nov/2022:07:13:11 -0800] "GET /bimages/SliderImage/first%20banner.jpg HTTP/1.1" 200 1764306 "-" "Mozilla/5.0 (compatible; bingbot/2.0; +http://www.bing.com/bingbot.htm)" "mantech8.com"
114.119.156.59 - - [29/Nov/2022:07:13:44 -0800] "GET /index.php?chuppah.xml HTTP/1.1" 200 289289 "-" "Mozilla/5.0 (Linux; Android 7.0;) AppleWebKit/537.36 (KHTML, like Gecko) Mobile Safari/537.36 (compatible; PetalBot;+https://webmaster.petalsearch.com/site/petalbot)" "mantech8.com"
185.191.171.18 - - [29/Nov/2022:07:13:53 -0800] "GET /robots.txt HTTP/1.1" 200 106 "-" "Mozilla/5.0 (compatible; SemrushBot/7~bl; +http://www.semrush.com/bot.html)" "mantech8.com"
185.191.171.21 - - [29/Nov/2022:07:13:54 -0800] "GET /?camp-fire%2F58991782.html HTTP/1.1" 500 - "-" "Mozilla/5.0 (compatible; SemrushBot/7~bl; +http://www.semrush.com/bot.html)" "mantech8.com"
185.191.171.24 - - [29/Nov/2022:07:14:01 -0800] "GET /?camp-fire%2F70132450.html HTTP/1.1" 500 - "-" "Mozilla/5.0 (compatible; SemrushBot/7~bl; +http://www.semrush.com/bot.html)" "mantech8.com"
185.191.171.19 - - [29/Nov/2022:07:14:17 -0800] "GET /?camp-fire%2F19076772.html HTTP/1.1" 500 - "-" "Mozilla/5.0 (compatible; SemrushBot/7~bl; +http://www.semrush.com/bot.html)" "mantech8.com"
157.55.39.123 - - [29/Nov/2022:07:14:18 -0800] "GET /index.php/su70-2a4ddacfb-iflan.ii HTTP/1.1" 200 67975 "-" "Mozilla/5.0 AppleWebKit/537.36 (KHTML, like Gecko; compatible; bingbot/2.0; +http://www.bing.com/bingbot.htm) Chrome/103.0.5060.134 Safari/537.36" "mantech8.com"
66.249.70.180 - - [29/Nov/2022:07:14:48 -0800] "GET /sitemap-index-7.xml HTTP/1.1" 404 88 "-" "Mozilla/5.0 (compatible; Googlebot/2.1; +http://www.google.com/bot.html)" "mantech8.com"
185.191.171.39 - - [29/Nov/2022:07:15:11 -0800] "GET /?camp-fire%2F6071296.html HTTP/1.1" 500 - "-" "Mozilla/5.0 (compatible; SemrushBot/7~bl; +http://www.semrush.com/bot.html)" "mantech8.com"
114.119.159.121 - - [29/Nov/2022:07:15:10 -0800] "GET /?takiko.xml HTTP/1.1" 200 270504 "-" "Mozilla/5.0 (Linux; Android 7.0;) AppleWebKit/537.36 (KHTML, like Gecko) Mobile Safari/537.36 (compatible; PetalBot;+https://webmaster.petalsearch.com/site/petalbot)" "mantech8.com"
185.191.171.1 - - [29/Nov/2022:07:15:43 -0800] "GET /?camp-fire%2F54465059.html HTTP/1.1" 500 - "-" "Mozilla/5.0 (compatible; SemrushBot/7~bl; +http://www.semrush.com/bot.html)" "mantech8.com"
185.191.171.25 - - [29/Nov/2022:07:15:46 -0800] "GET /?camp-fire%2F52874168.html HTTP/1.1" 500 - "-" "Mozilla/5.0 (compatible; SemrushBot/7~bl; +http://www.semrush.com/bot.html)" "mantech8.com"
185.191.171.24 - - [29/Nov/2022:07:15:52 -0800] "GET /?camp-fire%2F4088665.html HTTP/1.1" 500 - "-" "Mozilla/5.0 (compatible; SemrushBot/7~bl; +http://www.semrush.com/bot.html)" "mantech8.com"
66.249.70.180 - - [29/Nov/2022:07:15:57 -0800] "GET /sitemapimages5674.xml HTTP/1.1" 404 88 "-" "Mozilla/5.0 (compatible; Googlebot/2.1; +http://www.google.com/bot.html)" "mantech8.com"
185.191.171.11 - - [29/Nov/2022:07:15:59 -0800] "GET /?camp-fire%2F24164306.html HTTP/1.1" 500 - "-" "Mozilla/5.0 (compatible; SemrushBot/7~bl; +http://www.semrush.com/bot.html)" "mantech8.com"
185.191.171.6 - - [29/Nov/2022:07:16:13 -0800] "GET /?camp-fire%2F42963034.html HTTP/1.1" 500 - "-" "Mozilla/5.0 (compatible; SemrushBot/7~bl; +http://www.semrush.com/bot.html)" "mantech8.com"
66.249.70.176 - - [29/Nov/2022:07:16:20 -0800] "GET /sitemapimages15711.xml HTTP/1.1" 404 88 "-" "Mozilla/5.0 (compatible; Googlebot/2.1; +http://www.google.com/bot.html)" "mantech8.com"
114.119.148.160 - - [29/Nov/2022:07:16:48 -0800] "GET /index.php/sitemap71.xml HTTP/1.1" 200 289393 "-" "Mozilla/5.0 (Linux; Android 7.0;) AppleWebKit/537.36 (KHTML, like Gecko) Mobile Safari/537.36 (compatible; PetalBot;+https://webmaster.petalsearch.com/site/petalbot)" "mantech8.com"
185.191.171.44 - - [29/Nov/2022:07:17:03 -0800] "GET /?camp-fire%2F15430983.html HTTP/1.1" 500 - "-" "Mozilla/5.0 (compatible; SemrushBot/7~bl; +http://www.semrush.com/bot.html)" "mantech8.com"
207.46.13.100 - - [29/Nov/2022:07:17:31 -0800] "GET /index.php/gvdr-61bd-vinhg.ii HTTP/1.1" 200 75356 "-" "Mozilla/5.0 (compatible; bingbot/2.0; +http://www.bing.com/bingbot.htm)" "mantech8.com"
114.119.137.91 - - [29/Nov/2022:07:17:56 -0800] "GET /?sitemap18280.xml HTTP/1.1" 200 270501 "-" "Mozilla/5.0 (compatible;PetalBot;+https://webmaster.petalsearch.com/site/petalbot)" "mantech8.com"
185.191.171.35 - - [29/Nov/2022:07:18:09 -0800] "GET /?camp-fire%2F63258893.html HTTP/1.1" 500 - "-" "Mozilla/5.0 (compatible; SemrushBot/7~bl; +http://www.semrush.com/bot.html)" "mantech8.com"
185.191.171.14 - - [29/Nov/2022:07:18:11 -0800] "GET /?camp-fire%2F21608317.html HTTP/1.1" 500 - "-" "Mozilla/5.0 (compatible; SemrushBot/7~bl; +http://www.semrush.com/bot.html)" "mantech8.com"
185.191.171.17 - - [29/Nov/2022:07:18:13 -0800] "GET /?camp-fire%2F44058430.html HTTP/1.1" 500 - "-" "Mozilla/5.0 (compatible; SemrushBot/7~bl; +http://www.semrush.com/bot.html)" "mantech8.com"
185.191.171.21 - - [29/Nov/2022:07:18:19 -0800] "GET /?camp-fire%2F72055669.html HTTP/1.1" 500 - "-" "Mozilla/5.0 (compatible; SemrushBot/7~bl; +http://www.semrush.com/bot.html)" "mantech8.com"
185.191.171.7 - - [29/Nov/2022:07:18:40 -0800] "GET /?camp-fire%2F43523749.html HTTP/1.1" 500 - "-" "Mozilla/5.0 (compatible; SemrushBot/7~bl; +http://www.semrush.com/bot.html)" "mantech8.com"
114.119.136.44 - - [29/Nov/2022:07:19:20 -0800] "GET /bimages/certificate/c9.jpg HTTP/1.1" 200 398402 "http://www.mantech8.com/certificate.php" "Mozilla/5.0 (Linux; Android 7.0;) AppleWebKit/537.36 (KHTML, like Gecko) Mobile Safari/537.36 (compatible; PetalBot;+https://webmaster.petalsearch.com/site/petalbot)" "www.mantech8.com"
185.191.171.15 - - [29/Nov/2022:07:19:58 -0800] "GET /?camp-fire%2F18022681.html HTTP/1.1" 500 - "-" "Mozilla/5.0 (compatible; SemrushBot/7~bl; +http://www.semrush.com/bot.html)" "mantech8.com"
185.191.171.40 - - [29/Nov/2022:07:20:31 -0800] "GET /?camp-fire%2F4619665.html HTTP/1.1" 500 - "-" "Mozilla/5.0 (compatible; SemrushBot/7~bl; +http://www.semrush.com/bot.html)" "mantech8.com"
185.191.171.33 - - [29/Nov/2022:07:20:35 -0800] "GET /?camp-fire%2F5418477.html HTTP/1.1" 500 - "-" "Mozilla/5.0 (compatible; SemrushBot/7~bl; +http://www.semrush.com/bot.html)" "mantech8.com"
114.119.147.58 - - [29/Nov/2022:07:20:41 -0800] "GET /index.php?sitemap-index-5.xml HTTP/1.1" 200 4843 "-" "Mozilla/5.0 (Linux; Android 7.0;) AppleWebKit/537.36 (KHTML, like Gecko) Mobile Safari/537.36 (compatible; PetalBot;+https://webmaster.petalsearch.com/site/petalbot)" "mantech8.com"
185.191.171.5 - - [29/Nov/2022:07:20:59 -0800] "GET /?camp-fire%2F47584230.html HTTP/1.1" 500 - "-" "Mozilla/5.0 (compatible; SemrushBot/7~bl; +http://www.semrush.com/bot.html)" "mantech8.com"
185.191.171.42 - - [29/Nov/2022:07:21:09 -0800] "GET /?camp-fire%2F45979608.html HTTP/1.1" 500 - "-" "Mozilla/5.0 (compatible; SemrushBot/7~bl; +http://www.semrush.com/bot.html)" "mantech8.com"
185.191.171.4 - - [29/Nov/2022:07:21:48 -0800] "GET /index.php/camp-fire/28621789.html HTTP/1.1" 500 - "-" "Mozilla/5.0 (compatible; SemrushBot/7~bl; +http://www.semrush.com/bot.html)" "mantech8.com"
185.191.171.33 - - [29/Nov/2022:07:21:55 -0800] "GET /?camp-fire%2F80431176.html HTTP/1.1" 500 - "-" "Mozilla/5.0 (compatible; SemrushBot/7~bl; +http://www.semrush.com/bot.html)" "mantech8.com"
185.191.171.11 - - [29/Nov/2022:07:21:57 -0800] "GET /?camp-fire%2F38860151.html HTTP/1.1" 500 - "-" "Mozilla/5.0 (compatible; SemrushBot/7~bl; +http://www.semrush.com/bot.html)" "mantech8.com"
185.191.171.45 - - [29/Nov/2022:07:21:59 -0800] "GET /?camp-fire%2F63409730.html HTTP/1.1" 500 - "-" "Mozilla/5.0 (compatible; SemrushBot/7~bl; +http://www.semrush.com/bot.html)" "mantech8.com"
185.191.171.20 - - [29/Nov/2022:07:22:25 -0800] "GET /?camp-fire%2F56919263.html HTTP/1.1" 500 - "-" "Mozilla/5.0 (compatible; SemrushBot/7~bl; +http://www.semrush.com/bot.html)" "mantech8.com"
40.77.167.26 - - [29/Nov/2022:07:22:32 -0800] "GET /index.php/8f1b2caf HTTP/1.1" 200 66289 "-" "Mozilla/5.0 AppleWebKit/537.36 (KHTML, like Gecko; compatible; bingbot/2.0; +http://www.bing.com/bingbot.htm) Chrome/103.0.5060.134 Safari/537.36" "mantech8.com"
207.46.13.100 - - [29/Nov/2022:07:22:52 -0800] "GET /index.php/zsuz-edae-soypx.ii HTTP/1.1" 200 65684 "-" "Mozilla/5.0 AppleWebKit/537.36 (KHTML, like Gecko; compatible; bingbot/2.0; +http://www.bing.com/bingbot.htm) Chrome/103.0.5060.134 Safari/537.36" "mantech8.com"
18.237.244.240 - - [29/Nov/2022:07:23:57 -0800] "GET / HTTP/1.1" 500 - "-" "Mozilla/5.0 (X11; Linux x86_64) AppleWebKit/537.36 (KHTML, like Gecko) Chrome/83.0.4103.97 Safari/537.36" "mantech8.com"
185.191.171.7 - - [29/Nov/2022:07:25:40 -0800] "GET /?camp-fire%2F43633638.html HTTP/1.1" 500 - "-" "Mozilla/5.0 (compatible; SemrushBot/7~bl; +http://www.semrush.com/bot.html)" "mantech8.com"
185.191.171.33 - - [29/Nov/2022:07:26:32 -0800] "GET /?camp-fire%2F46656902.html HTTP/1.1" 500 - "-" "Mozilla/5.0 (compatible; SemrushBot/7~bl; +http://www.semrush.com/bot.html)" "mantech8.com"
185.191.171.16 - - [29/Nov/2022:07:26:44 -0800] "GET /?camp-fire%2F60531409.html HTTP/1.1" 500 - "-" "Mozilla/5.0 (compatible; SemrushBot/7~bl; +http://www.semrush.com/bot.html)" "mantech8.com"
185.191.171.23 - - [29/Nov/2022:07:26:51 -0800] "GET /?camp-fire%2F55212235.html HTTP/1.1" 500 - "-" "Mozilla/5.0 (compatible; SemrushBot/7~bl; +http://www.semrush.com/bot.html)" "mantech8.com"
185.191.171.23 - - [29/Nov/2022:07:26:52 -0800] "GET /index.php?camp-fire%2F8371178.html HTTP/1.1" 500 - "-" "Mozilla/5.0 (compatible; SemrushBot/7~bl; +http://www.semrush.com/bot.html)" "mantech8.com"
185.191.171.35 - - [29/Nov/2022:07:27:17 -0800] "GET /?camp-fire%2F55418265.html HTTP/1.1" 500 - "-" "Mozilla/5.0 (compatible; SemrushBot/7~bl; +http://www.semrush.com/bot.html)" "mantech8.com"
157.55.39.138 - - [29/Nov/2022:07:27:50 -0800] "GET /index.php/80660edb HTTP/1.1" 200 73945 "-" "Mozilla/5.0 AppleWebKit/537.36 (KHTML, like Gecko; compatible; bingbot/2.0; +http://www.bing.com/bingbot.htm) Chrome/103.0.5060.134 Safari/537.36" "mantech8.com"
207.46.13.125 - - [29/Nov/2022:07:27:56 -0800] "GET /index.php/06aabddbdf HTTP/1.1" 200 71629 "-" "Mozilla/5.0 (compatible; bingbot/2.0; +http://www.bing.com/bingbot.htm)" "mantech8.com"
185.191.171.8 - - [29/Nov/2022:07:28:26 -0800] "GET /?camp-fire%2F13013478.html HTTP/1.1" 500 - "-" "Mozilla/5.0 (compatible; SemrushBot/7~bl; +http://www.semrush.com/bot.html)" "mantech8.com"
185.191.171.11 - - [29/Nov/2022:07:28:32 -0800] "GET /?camp-fire%2F45896716.html HTTP/1.1" 500 - "-" "Mozilla/5.0 (compatible; SemrushBot/7~bl; +http://www.semrush.com/bot.html)" "mantech8.com"
185.191.171.34 - - [29/Nov/2022:07:28:44 -0800] "GET /?camp-fire%2F74167932.html HTTP/1.1" 500 - "-" "Mozilla/5.0 (compatible; SemrushBot/7~bl; +http://www.semrush.com/bot.html)" "mantech8.com"
185.191.171.13 - - [29/Nov/2022:07:28:58 -0800] "GET /?camp-fire%2F41400671.html HTTP/1.1" 500 - "-" "Mozilla/5.0 (compatible; SemrushBot/7~bl; +http://www.semrush.com/bot.html)" "mantech8.com"
185.191.171.10 - - [29/Nov/2022:07:29:11 -0800] "GET /?camp-fire%2F8658221.html HTTP/1.1" 500 - "-" "Mozilla/5.0 (compatible; SemrushBot/7~bl; +http://www.semrush.com/bot.html)" "mantech8.com"
185.191.171.36 - - [29/Nov/2022:07:29:15 -0800] "GET /?camp-fire%2F67503257.html HTTP/1.1" 500 - "-" "Mozilla/5.0 (compatible; SemrushBot/7~bl; +http://www.semrush.com/bot.html)" "mantech8.com"
185.191.171.22 - - [29/Nov/2022:07:30:00 -0800] "GET /?camp-fire%2F19016332.html HTTP/1.1" 500 - "-" "Mozilla/5.0 (compatible; SemrushBot/7~bl; +http://www.semrush.com/bot.html)" "mantech8.com"
185.191.171.34 - - [29/Nov/2022:07:30:15 -0800] "GET /?camp-fire%2F3314693.html HTTP/1.1" 500 - "-" "Mozilla/5.0 (compatible; SemrushBot/7~bl; +http://www.semrush.com/bot.html)" "mantech8.com"
185.191.171.25 - - [29/Nov/2022:07:30:23 -0800] "GET /?camp-fire%2F47405793.html HTTP/1.1" 500 - "-" "Mozilla/5.0 (compatible; SemrushBot/7~bl; +http://www.semrush.com/bot.html)" "mantech8.com"
185.191.171.18 - - [29/Nov/2022:07:31:08 -0800] "GET /index.php/camp-fire/17599480.html HTTP/1.1" 500 - "-" "Mozilla/5.0 (compatible; SemrushBot/7~bl; +http://www.semrush.com/bot.html)" "mantech8.com"
185.191.171.14 - - [29/Nov/2022:07:31:26 -0800] "GET /?camp-fire%2F33675908.html HTTP/1.1" 500 - "-" "Mozilla/5.0 (compatible; SemrushBot/7~bl; +http://www.semrush.com/bot.html)" "mantech8.com"
40.77.167.26 - - [29/Nov/2022:07:31:34 -0800] "GET /index.php/mhxm-df97aeabae-jtdsr.ii HTTP/1.1" 200 61463 "-" "Mozilla/5.0 (compatible; bingbot/2.0; +http://www.bing.com/bingbot.htm)" "mantech8.com"
40.77.167.67 - - [29/Nov/2022:07:31:45 -0800] "GET / HTTP/1.1" 200 64539 "-" "Mozilla/5.0 AppleWebKit/537.36 (KHTML, like Gecko; compatible; bingbot/2.0; +http://www.bing.com/bingbot.htm) Chrome/103.0.5060.134 Safari/537.36" "www.mantech8.com"
185.191.171.25 - - [29/Nov/2022:07:31:48 -0800] "GET /?camp-fire%2F63442559.html HTTP/1.1" 500 - "-" "Mozilla/5.0 (compatible; SemrushBot/7~bl; +http://www.semrush.com/bot.html)" "mantech8.com"
185.191.171.16 - - [29/Nov/2022:07:32:01 -0800] "GET /?camp-fire%2F19101478.html HTTP/1.1" 500 - "-" "Mozilla/5.0 (compatible; SemrushBot/7~bl; +http://www.semrush.com/bot.html)" "mantech8.com"
34.220.144.87 - - [29/Nov/2022:07:32:39 -0800] "GET / HTTP/1.1" 500 - "-" "Mozilla/5.0 (Windows NT 10.0; Win64; x64)AppleWebKit/537.36 (KHTML, like Gecko) Chrome/66.0.3359.181 Safari/537.36" "mantech8.com"
35.89.123.49 - - [29/Nov/2022:07:32:42 -0800] "GET / HTTP/1.1" 500 - "-" "Mozilla/5.0 (X11; Linux x86_64) AppleWebKit/537.36 (KHTML, like Gecko) HeadlessChrome/68.0.3440.106 Safari/537.36" "mantech8.com"
54.212.105.181 - - [29/Nov/2022:07:32:44 -0800] "GET / HTTP/1.1" 500 - "-" "Mozilla/5.0 (X11; Linux x86_64) AppleWebKit/537.36 (KHTML, like Gecko) HeadlessChrome/68.0.3440.106 Safari/537.36" "mantech8.com"
185.191.171.12 - - [29/Nov/2022:07:33:21 -0800] "GET /?camp-fire%2F13172476.html HTTP/1.1" 500 - "-" "Mozilla/5.0 (compatible; SemrushBot/7~bl; +http://www.semrush.com/bot.html)" "mantech8.com"
185.191.171.19 - - [29/Nov/2022:07:33:58 -0800] "GET /?camp-fire%2F50445803.html HTTP/1.1" 500 - "-" "Mozilla/5.0 (compatible; SemrushBot/7~bl; +http://www.semrush.com/bot.html)" "mantech8.com"
185.191.171.6 - - [29/Nov/2022:07:34:27 -0800] "GET /?camp-fire%2F17578080.html HTTP/1.1" 500 - "-" "Mozilla/5.0 (compatible; SemrushBot/7~bl; +http://www.semrush.com/bot.html)" "mantech8.com"
185.191.171.5 - - [29/Nov/2022:07:34:48 -0800] "GET /?camp-fire%2F53021771.html HTTP/1.1" 500 - "-" "Mozilla/5.0 (compatible; SemrushBot/7~bl; +http://www.semrush.com/bot.html)" "mantech8.com"
185.191.171.43 - - [29/Nov/2022:07:34:49 -0800] "GET /index.php?camp-fire%2F7853921.html HTTP/1.1" 500 - "-" "Mozilla/5.0 (compatible; SemrushBot/7~bl; +http://www.semrush.com/bot.html)" "mantech8.com"
185.191.171.4 - - [29/Nov/2022:07:34:51 -0800] "GET /?camp-fire%2F35703750.html HTTP/1.1" 500 - "-" "Mozilla/5.0 (compatible; SemrushBot/7~bl; +http://www.semrush.com/bot.html)" "mantech8.com"
185.191.171.2 - - [29/Nov/2022:07:35:01 -0800] "GET /?camp-fire%2F52987578.html HTTP/1.1" 500 - "-" "Mozilla/5.0 (compatible; SemrushBot/7~bl; +http://www.semrush.com/bot.html)" "mantech8.com"
52.42.181.47 - - [29/Nov/2022:07:35:05 -0800] "GET / HTTP/1.1" 500 - "-" "Mozilla/5.0 (X11; Linux x86_64) AppleWebKit/537.36 (KHTML, like Gecko) Chrome/83.0.4103.97 Safari/537.36" "mantech8.com"
157.55.39.138 - - [29/Nov/2022:07:35:11 -0800] "GET /index.php/okoc-80bde-luohk.ii HTTP/1.1" 200 72527 "-" "Mozilla/5.0 AppleWebKit/537.36 (KHTML, like Gecko; compatible; bingbot/2.0; +http://www.bing.com/bingbot.htm) Chrome/103.0.5060.134 Safari/537.36" "mantech8.com"
114.119.136.138 - - [29/Nov/2022:07:36:10 -0800] "GET /bimages/tank/director.php HTTP/1.1" 200 32 "http://mantech8.com/bimages/tank/?C=D%3BO%3DA" "Mozilla/5.0 (Linux; Android 7.0;) AppleWebKit/537.36 (KHTML, like Gecko) Mobile Safari/537.36 (compatible; PetalBot;+https://webmaster.petalsearch.com/site/petalbot)" "mantech8.com"
185.191.171.11 - - [29/Nov/2022:07:36:17 -0800] "GET /?camp-fire%2F51064157.html HTTP/1.1" 500 - "-" "Mozilla/5.0 (compatible; SemrushBot/7~bl; +http://www.semrush.com/bot.html)" "mantech8.com"
185.191.171.12 - - [29/Nov/2022:07:36:23 -0800] "GET /?camp-fire%2F55142117.html HTTP/1.1" 500 - "-" "Mozilla/5.0 (compatible; SemrushBot/7~bl; +http://www.semrush.com/bot.html)" "mantech8.com"
185.191.171.33 - - [29/Nov/2022:07:36:41 -0800] "GET /?camp-fire%2F55124885.html HTTP/1.1" 500 - "-" "Mozilla/5.0 (compatible; SemrushBot/7~bl; +http://www.semrush.com/bot.html)" "mantech8.com"
185.191.171.22 - - [29/Nov/2022:07:37:19 -0800] "GET /?camp-fire%2F67122535.html HTTP/1.1" 500 - "-" "Mozilla/5.0 (compatible; SemrushBot/7~bl; +http://www.semrush.com/bot.html)" "mantech8.com"
185.191.171.6 - - [29/Nov/2022:07:37:30 -0800] "GET /?camp-fire%2F12931809.html HTTP/1.1" 500 - "-" "Mozilla/5.0 (compatible; SemrushBot/7~bl; +http://www.semrush.com/bot.html)" "mantech8.com"
114.119.136.168 - - [29/Nov/2022:07:37:43 -0800] "GET /?ambrilidine.xml HTTP/1.1" 200 270458 "-" "Mozilla/5.0 (Linux; Android 7.0;) AppleWebKit/537.36 (KHTML, like Gecko) Mobile Safari/537.36 (compatible; PetalBot;+https://webmaster.petalsearch.com/site/petalbot)" "mantech8.com"
185.191.171.15 - - [29/Nov/2022:07:37:44 -0800] "GET /?camp-fire%2F18064381.html HTTP/1.1" 500 - "-" "Mozilla/5.0 (compatible; SemrushBot/7~bl; +http://www.semrush.com/bot.html)" "mantech8.com"
185.191.171.20 - - [29/Nov/2022:07:37:56 -0800] "GET /?camp-fire%2F14516924.html HTTP/1.1" 500 - "-" "Mozilla/5.0 (compatible; SemrushBot/7~bl; +http://www.semrush.com/bot.html)" "mantech8.com"
40.77.167.67 - - [29/Nov/2022:07:38:46 -0800] "GET /index.php/egy1-792cdeba-vsvum.ii HTTP/1.1" 200 65314 "-" "Mozilla/5.0 (compatible; bingbot/2.0; +http://www.bing.com/bingbot.htm)" "mantech8.com"
185.191.171.8 - - [29/Nov/2022:07:39:08 -0800] "GET /?camp-fire%2F48585555.html HTTP/1.1" 500 - "-" "Mozilla/5.0 (compatible; SemrushBot/7~bl; +http://www.semrush.com/bot.html)" "mantech8.com"
185.191.171.42 - - [29/Nov/2022:07:39:10 -0800] "GET /?camp-fire%2F43401849.html HTTP/1.1" 500 - "-" "Mozilla/5.0 (compatible; SemrushBot/7~bl; +http://www.semrush.com/bot.html)" "mantech8.com"
185.191.171.36 - - [29/Nov/2022:07:39:51 -0800] "GET /?camp-fire%2F43211925.html HTTP/1.1" 500 - "-" "Mozilla/5.0 (compatible; SemrushBot/7~bl; +http://www.semrush.com/bot.html)" "mantech8.com"
185.191.171.7 - - [29/Nov/2022:07:40:10 -0800] "GET /index.php?camp-fire%2F3264498.html HTTP/1.1" 500 - "-" "Mozilla/5.0 (compatible; SemrushBot/7~bl; +http://www.semrush.com/bot.html)" "mantech8.com"
185.191.171.8 - - [29/Nov/2022:07:40:23 -0800] "GET /?camp-fire%2F25258550.html HTTP/1.1" 500 - "-" "Mozilla/5.0 (compatible; SemrushBot/7~bl; +http://www.semrush.com/bot.html)" "mantech8.com"
185.191.171.44 - - [29/Nov/2022:07:40:45 -0800] "GET /?camp-fire%2F62594072.html HTTP/1.1" 500 - "-" "Mozilla/5.0 (compatible; SemrushBot/7~bl; +http://www.semrush.com/bot.html)" "mantech8.com"
207.46.13.100 - - [29/Nov/2022:07:41:13 -0800] "GET /index.php/wf2o-f082adeacf-g6zf5.ii HTTP/1.1" 200 69221 "-" "Mozilla/5.0 AppleWebKit/537.36 (KHTML, like Gecko; compatible; bingbot/2.0; +http://www.bing.com/bingbot.htm) Chrome/103.0.5060.134 Safari/537.36" "mantech8.com"
40.77.167.67 - - [29/Nov/2022:07:41:36 -0800] "GET /index.php/mcko-d8efb-vy8rl.ii HTTP/1.1" 200 68441 "-" "Mozilla/5.0 AppleWebKit/537.36 (KHTML, like Gecko; compatible; bingbot/2.0; +http://www.bing.com/bingbot.htm) Chrome/103.0.5060.134 Safari/537.36" "mantech8.com"
185.191.171.43 - - [29/Nov/2022:07:41:39 -0800] "GET /?camp-fire%2F80642665.html HTTP/1.1" 500 - "-" "Mozilla/5.0 (compatible; SemrushBot/7~bl; +http://www.semrush.com/bot.html)" "mantech8.com"
40.77.167.26 - - [29/Nov/2022:07:41:43 -0800] "GET /index.php/wtzk-bd599bdba-nlspa.ii HTTP/1.1" 200 71805 "-" "Mozilla/5.0 (compatible; bingbot/2.0; +http://www.bing.com/bingbot.htm)" "mantech8.com"
185.191.171.21 - - [29/Nov/2022:07:42:15 -0800] "GET /?camp-fire%2F55739076.html HTTP/1.1" 500 - "-" "Mozilla/5.0 (compatible; SemrushBot/7~bl; +http://www.semrush.com/bot.html)" "mantech8.com"
185.191.171.36 - - [29/Nov/2022:07:42:48 -0800] "GET /?camp-fire%2F38509059.html HTTP/1.1" 500 - "-" "Mozilla/5.0 (compatible; SemrushBot/7~bl; +http://www.semrush.com/bot.html)" "mantech8.com"
185.191.171.1 - - [29/Nov/2022:07:43:06 -0800] "GET /?camp-fire%2F60463055.html HTTP/1.1" 500 - "-" "Mozilla/5.0 (compatible; SemrushBot/7~bl; +http://www.semrush.com/bot.html)" "mantech8.com"
185.191.171.13 - - [29/Nov/2022:07:44:13 -0800] "GET /?camp-fire%2F38161372.html HTTP/1.1" 500 - "-" "Mozilla/5.0 (compatible; SemrushBot/7~bl; +http://www.semrush.com/bot.html)" "mantech8.com"
185.191.171.25 - - [29/Nov/2022:07:44:24 -0800] "GET /?camp-fire%2F14934887.html HTTP/1.1" 500 - "-" "Mozilla/5.0 (compatible; SemrushBot/7~bl; +http://www.semrush.com/bot.html)" "mantech8.com"
185.191.171.19 - - [29/Nov/2022:07:44:29 -0800] "GET /index.php?camp-fire%2F1370359.html HTTP/1.1" 500 - "-" "Mozilla/5.0 (compatible; SemrushBot/7~bl; +http://www.semrush.com/bot.html)" "mantech8.com"
185.191.171.34 - - [29/Nov/2022:07:45:11 -0800] "GET /?camp-fire%2F60164850.html HTTP/1.1" 500 - "-" "Mozilla/5.0 (compatible; SemrushBot/7~bl; +http://www.semrush.com/bot.html)" "mantech8.com"
185.191.171.16 - - [29/Nov/2022:07:45:18 -0800] "GET /?camp-fire%2F84096755.html HTTP/1.1" 500 - "-" "Mozilla/5.0 (compatible; SemrushBot/7~bl; +http://www.semrush.com/bot.html)" "mantech8.com"
185.191.171.22 - - [29/Nov/2022:07:45:23 -0800] "GET /?camp-fire%2F73987693.html HTTP/1.1" 500 - "-" "Mozilla/5.0 (compatible; SemrushBot/7~bl; +http://www.semrush.com/bot.html)" "mantech8.com"
185.191.171.24 - - [29/Nov/2022:07:45:39 -0800] "GET /?camp-fire%2F71694365.html HTTP/1.1" 500 - "-" "Mozilla/5.0 (compatible; SemrushBot/7~bl; +http://www.semrush.com/bot.html)" "mantech8.com"
185.191.171.24 - - [29/Nov/2022:07:45:51 -0800] "GET /?camp-fire%2F19502083.html HTTP/1.1" 500 - "-" "Mozilla/5.0 (compatible; SemrushBot/7~bl; +http://www.semrush.com/bot.html)" "mantech8.com"
185.191.171.19 - - [29/Nov/2022:07:46:47 -0800] "GET /?camp-fire%2F20281632.html HTTP/1.1" 500 - "-" "Mozilla/5.0 (compatible; SemrushBot/7~bl; +http://www.semrush.com/bot.html)" "mantech8.com"
185.191.171.5 - - [29/Nov/2022:07:47:20 -0800] "GET /?camp-fire%2F11977190.html HTTP/1.1" 500 - "-" "Mozilla/5.0 (compatible; SemrushBot/7~bl; +http://www.semrush.com/bot.html)" "mantech8.com"
40.77.167.26 - - [29/Nov/2022:07:47:35 -0800] "GET /index.php/egy1-39b18aae-vxist.ii HTTP/1.1" 200 104058 "-" "Mozilla/5.0 AppleWebKit/537.36 (KHTML, like Gecko; compatible; bingbot/2.0; +http://www.bing.com/bingbot.htm) Chrome/103.0.5060.134 Safari/537.36" "mantech8.com"
185.191.171.21 - - [29/Nov/2022:07:47:49 -0800] "GET /?camp-fire%2F23736906.html HTTP/1.1" 500 - "-" "Mozilla/5.0 (compatible; SemrushBot/7~bl; +http://www.semrush.com/bot.html)" "mantech8.com"
185.191.171.11 - - [29/Nov/2022:07:47:59 -0800] "GET /?camp-fire%2F78920898.html HTTP/1.1" 500 - "-" "Mozilla/5.0 (compatible; SemrushBot/7~bl; +http://www.semrush.com/bot.html)" "mantech8.com"
207.46.13.125 - - [29/Nov/2022:07:48:07 -0800] "GET /shopdetail/000000002048/ HTTP/1.1" 404 88 "-" "Mozilla/5.0 AppleWebKit/537.36 (KHTML, like Gecko; compatible; bingbot/2.0; +http://www.bing.com/bingbot.htm) Chrome/103.0.5060.134 Safari/537.36" "www.mantech8.com"
185.191.171.9 - - [29/Nov/2022:07:48:28 -0800] "GET /?camp-fire%2F67503357.html HTTP/1.1" 500 - "-" "Mozilla/5.0 (compatible; SemrushBot/7~bl; +http://www.semrush.com/bot.html)" "mantech8.com"
185.191.171.26 - - [29/Nov/2022:07:48:41 -0800] "GET /?camp-fire%2F35822759.html HTTP/1.1" 500 - "-" "Mozilla/5.0 (compatible; SemrushBot/7~bl; +http://www.semrush.com/bot.html)" "mantech8.com"
185.191.171.4 - - [29/Nov/2022:07:49:12 -0800] "GET /index.php?camp-fire%2F8711308.html HTTP/1.1" 500 - "-" "Mozilla/5.0 (compatible; SemrushBot/7~bl; +http://www.semrush.com/bot.html)" "mantech8.com"
185.191.171.14 - - [29/Nov/2022:07:49:19 -0800] "GET /?camp-fire%2F45902855.html HTTP/1.1" 500 - "-" "Mozilla/5.0 (compatible; SemrushBot/7~bl; +http://www.semrush.com/bot.html)" "mantech8.com"
157.55.39.138 - - [29/Nov/2022:07:50:12 -0800] "GET /index.php/075aaafe HTTP/1.1" 200 75974 "-" "Mozilla/5.0 (compatible; bingbot/2.0; +http://www.bing.com/bingbot.htm)" "mantech8.com"
207.46.13.125 - - [29/Nov/2022:07:50:39 -0800] "GET /index.php/stella-dress/entry-12634386819.html HTTP/1.1" 200 68378 "-" "Mozilla/5.0 AppleWebKit/537.36 (KHTML, like Gecko; compatible; bingbot/2.0; +http://www.bing.com/bingbot.htm) Chrome/103.0.5060.134 Safari/537.36" "www.mantech8.com"
185.191.171.26 - - [29/Nov/2022:07:50:46 -0800] "GET /?camp-fire%2F71819172.html HTTP/1.1" 500 - "-" "Mozilla/5.0 (compatible; SemrushBot/7~bl; +http://www.semrush.com/bot.html)" "mantech8.com"
185.191.171.9 - - [29/Nov/2022:07:51:35 -0800] "GET /?camp-fire%2F56768817.html HTTP/1.1" 500 - "-" "Mozilla/5.0 (compatible; SemrushBot/7~bl; +http://www.semrush.com/bot.html)" "mantech8.com"
185.191.171.33 - - [29/Nov/2022:07:51:38 -0800] "GET /index.php/camp-fire/1438153.html HTTP/1.1" 500 - "-" "Mozilla/5.0 (compatible; SemrushBot/7~bl; +http://www.semrush.com/bot.html)" "mantech8.com"
185.191.171.7 - - [29/Nov/2022:07:52:30 -0800] "GET /?camp-fire%2F42043149.html HTTP/1.1" 500 - "-" "Mozilla/5.0 (compatible; SemrushBot/7~bl; +http://www.semrush.com/bot.html)" "mantech8.com"
40.77.167.67 - - [29/Nov/2022:07:53:48 -0800] "GET /index.php/q5w4-af9e2ffcaa-jputk.ii HTTP/1.1" 200 66965 "-" "Mozilla/5.0 AppleWebKit/537.36 (KHTML, like Gecko; compatible; bingbot/2.0; +http://www.bing.com/bingbot.htm) Chrome/103.0.5060.134 Safari/537.36" "mantech8.com"
185.191.171.16 - - [29/Nov/2022:07:54:03 -0800] "GET /?camp-fire%2F14472293.html HTTP/1.1" 500 - "-" "Mozilla/5.0 (compatible; SemrushBot/7~bl; +http://www.semrush.com/bot.html)" "mantech8.com"
207.46.13.100 - - [29/Nov/2022:07:54:34 -0800] "GET /index.php/gvdr-61bd-vinhg.ii HTTP/1.1" 200 75151 "-" "Mozilla/5.0 AppleWebKit/537.36 (KHTML, like Gecko; compatible; bingbot/2.0; +http://www.bing.com/bingbot.htm) Chrome/103.0.5060.134 Safari/537.36" "mantech8.com"
185.191.171.16 - - [29/Nov/2022:07:54:38 -0800] "GET /?camp-fire%2F45519649.html HTTP/1.1" 500 - "-" "Mozilla/5.0 (compatible; SemrushBot/7~bl; +http://www.semrush.com/bot.html)" "mantech8.com"
185.191.171.12 - - [29/Nov/2022:07:54:40 -0800] "GET /?camp-fire%2F21640217.html HTTP/1.1" 500 - "-" "Mozilla/5.0 (compatible; SemrushBot/7~bl; +http://www.semrush.com/bot.html)" "mantech8.com"
185.191.171.3 - - [29/Nov/2022:07:54:41 -0800] "GET /?camp-fire%2F15488290.html HTTP/1.1" 500 - "-" "Mozilla/5.0 (compatible; SemrushBot/7~bl; +http://www.semrush.com/bot.html)" "mantech8.com"
185.191.171.40 - - [29/Nov/2022:07:54:43 -0800] "GET /?camp-fire%2F8835398.html HTTP/1.1" 500 - "-" "Mozilla/5.0 (compatible; SemrushBot/7~bl; +http://www.semrush.com/bot.html)" "mantech8.com"
40.77.167.67 - - [29/Nov/2022:07:54:46 -0800] "GET /bimages/gallery/paint5.jpg HTTP/1.1" 200 126763 "-" "Mozilla/5.0 AppleWebKit/537.36 (KHTML, like Gecko; compatible; bingbot/2.0; +http://www.bing.com/bingbot.htm) Chrome/103.0.5060.134 Safari/537.36" "mantech8.com"
157.55.39.123 - - [29/Nov/2022:07:55:01 -0800] "GET /bimages/gallery/thump/pb8.jpg HTTP/1.1" 200 486393 "-" "Mozilla/5.0 AppleWebKit/537.36 (KHTML, like Gecko; compatible; bingbot/2.0; +http://www.bing.com/bingbot.htm) Chrome/103.0.5060.134 Safari/537.36" "mantech8.com"
185.191.171.20 - - [29/Nov/2022:07:55:14 -0800] "GET /?camp-fire%2F50975361.html HTTP/1.1" 500 - "-" "Mozilla/5.0 (compatible; SemrushBot/7~bl; +http://www.semrush.com/bot.html)" "mantech8.com"
185.191.171.17 - - [29/Nov/2022:07:55:38 -0800] "GET /?camp-fire%2F42729721.html HTTP/1.1" 500 - "-" "Mozilla/5.0 (compatible; SemrushBot/7~bl; +http://www.semrush.com/bot.html)" "mantech8.com"
185.191.171.3 - - [29/Nov/2022:07:55:53 -0800] "GET /?camp-fire%2F49291625.html HTTP/1.1" 500 - "-" "Mozilla/5.0 (compatible; SemrushBot/7~bl; +http://www.semrush.com/bot.html)" "mantech8.com"
185.191.171.33 - - [29/Nov/2022:07:56:01 -0800] "GET /index.php?camp-fire%2F2921090.html HTTP/1.1" 500 - "-" "Mozilla/5.0 (compatible; SemrushBot/7~bl; +http://www.semrush.com/bot.html)" "mantech8.com"
185.191.171.42 - - [29/Nov/2022:07:56:12 -0800] "GET /?camp-fire%2F53317193.html HTTP/1.1" 500 - "-" "Mozilla/5.0 (compatible; SemrushBot/7~bl; +http://www.semrush.com/bot.html)" "mantech8.com"
185.191.171.18 - - [29/Nov/2022:07:56:44 -0800] "GET /?camp-fire%2F54218151.html HTTP/1.1" 500 - "-" "Mozilla/5.0 (compatible; SemrushBot/7~bl; +http://www.semrush.com/bot.html)" "mantech8.com"
185.191.171.22 - - [29/Nov/2022:07:57:12 -0800] "GET /index.php/camp-fire/37471625.html HTTP/1.1" 500 - "-" "Mozilla/5.0 (compatible; SemrushBot/7~bl; +http://www.semrush.com/bot.html)" "mantech8.com"
207.46.13.125 - - [29/Nov/2022:07:57:19 -0800] "GET /index.php/zsuz-dcbeea-sinag.ii HTTP/1.1" 200 69233 "-" "Mozilla/5.0 (compatible; bingbot/2.0; +http://www.bing.com/bingbot.htm)" "mantech8.com"
185.191.171.42 - - [29/Nov/2022:07:57:46 -0800] "GET /?camp-fire%2F19336353.html HTTP/1.1" 500 - "-" "Mozilla/5.0 (compatible; SemrushBot/7~bl; +http://www.semrush.com/bot.html)" "mantech8.com"
185.191.171.2 - - [29/Nov/2022:07:57:47 -0800] "GET /?camp-fire%2F45746080.html HTTP/1.1" 500 - "-" "Mozilla/5.0 (compatible; SemrushBot/7~bl; +http://www.semrush.com/bot.html)" "mantech8.com"
185.191.171.14 - - [29/Nov/2022:07:58:27 -0800] "GET /robots.txt HTTP/1.1" 200 106 "-" "Mozilla/5.0 (compatible; SemrushBot/7~bl; +http://www.semrush.com/bot.html)" "mantech8.com"
185.191.171.38 - - [29/Nov/2022:07:58:27 -0800] "GET /?camp-fire%2F43837159.html HTTP/1.1" 500 - "-" "Mozilla/5.0 (compatible; SemrushBot/7~bl; +http://www.semrush.com/bot.html)" "mantech8.com"
216.244.66.241 - - [29/Nov/2022:07:58:53 -0800] "GET /robots.txt HTTP/1.1" 200 222 "-" "Mozilla/5.0 (compatible; DotBot/1.2; +https://opensiteexplorer.org/dotbot; help@moz.com)" "www.mantech8.com"
216.244.66.241 - - [29/Nov/2022:07:58:53 -0800] "GET /robots.txt HTTP/1.1" 200 222 "-" "Mozilla/5.0 (compatible; DotBot/1.2; +https://opensiteexplorer.org/dotbot; help@moz.com)" "mantech8.com"
185.191.171.23 - - [29/Nov/2022:07:59:06 -0800] "GET /?camp-fire%2F17595080.html HTTP/1.1" 500 - "-" "Mozilla/5.0 (compatible; SemrushBot/7~bl; +http://www.semrush.com/bot.html)" "mantech8.com"
40.77.167.26 - - [29/Nov/2022:07:59:25 -0800] "GET /index.php/wtzk-f1a01ebc-n2jfq.ii HTTP/1.1" 200 63075 "-" "Mozilla/5.0 AppleWebKit/537.36 (KHTML, like Gecko; compatible; bingbot/2.0; +http://www.bing.com/bingbot.htm) Chrome/103.0.5060.134 Safari/537.36" "mantech8.com"
185.191.171.21 - - [29/Nov/2022:07:59:45 -0800] "GET /?camp-fire%2F43039763.html HTTP/1.1" 500 - "-" "Mozilla/5.0 (compatible; SemrushBot/7~bl; +http://www.semrush.com/bot.html)" "mantech8.com"
185.191.171.21 - - [29/Nov/2022:08:00:14 -0800] "GET /?camp-fire%2F52578103.html HTTP/1.1" 500 - "-" "Mozilla/5.0 (compatible; SemrushBot/7~bl; +http://www.semrush.com/bot.html)" "mantech8.com"
157.55.39.123 - - [29/Nov/2022:08:01:03 -0800] "GET /index.php/kjz2-c9acca-hanjp.ii HTTP/1.1" 200 69059 "-" "Mozilla/5.0 (compatible; bingbot/2.0; +http://www.bing.com/bingbot.htm)" "mantech8.com"
185.191.171.45 - - [29/Nov/2022:08:02:07 -0800] "GET /?camp-fire%2F55935882.html HTTP/1.1" 500 - "-" "Mozilla/5.0 (compatible; SemrushBot/7~bl; +http://www.semrush.com/bot.html)" "mantech8.com"
185.191.171.23 - - [29/Nov/2022:08:02:09 -0800] "GET /?camp-fire%2F14846872.html HTTP/1.1" 500 - "-" "Mozilla/5.0 (compatible; SemrushBot/7~bl; +http://www.semrush.com/bot.html)" "mantech8.com"
185.191.171.38 - - [29/Nov/2022:08:02:12 -0800] "GET /?camp-fire%2F71037380.html HTTP/1.1" 500 - "-" "Mozilla/5.0 (compatible; SemrushBot/7~bl; +http://www.semrush.com/bot.html)" "mantech8.com"
40.77.167.67 - - [29/Nov/2022:08:02:29 -0800] "GET /index.php/znf9-bb67fcbba-qzsj6.ii HTTP/1.1" 200 59726 "-" "Mozilla/5.0 (compatible; bingbot/2.0; +http://www.bing.com/bingbot.htm)" "mantech8.com"
40.77.167.67 - - [29/Nov/2022:08:02:31 -0800] "GET /bimages/gallery/thump/c1.jpg HTTP/1.1" 200 161917 "-" "Mozilla/5.0 (compatible; bingbot/2.0; +http://www.bing.com/bingbot.htm)" "mantech8.com"
185.191.171.26 - - [29/Nov/2022:08:02:55 -0800] "GET /?camp-fire%2F43388957.html HTTP/1.1" 500 - "-" "Mozilla/5.0 (compatible; SemrushBot/7~bl; +http://www.semrush.com/bot.html)" "mantech8.com"
185.191.171.43 - - [29/Nov/2022:08:03:37 -0800] "GET /?camp-fire%2F56459647.html HTTP/1.1" 500 - "-" "Mozilla/5.0 (compatible; SemrushBot/7~bl; +http://www.semrush.com/bot.html)" "mantech8.com"
207.46.13.100 - - [29/Nov/2022:08:03:45 -0800] "GET /index.php/dhro-e079bdfdb-xse05.ii HTTP/1.1" 200 71428 "-" "Mozilla/5.0 (compatible; bingbot/2.0; +http://www.bing.com/bingbot.htm)" "mantech8.com"
185.191.171.37 - - [29/Nov/2022:08:03:52 -0800] "GET /?camp-fire%2F33512868.html HTTP/1.1" 500 - "-" "Mozilla/5.0 (compatible; SemrushBot/7~bl; +http://www.semrush.com/bot.html)" "mantech8.com"
185.191.171.26 - - [29/Nov/2022:08:04:20 -0800] "GET /?camp-fire%2F8125953.html HTTP/1.1" 500 - "-" "Mozilla/5.0 (compatible; SemrushBot/7~bl; +http://www.semrush.com/bot.html)" "mantech8.com"
185.191.171.36 - - [29/Nov/2022:08:05:08 -0800] "GET /?camp-fire%2F10392390.html HTTP/1.1" 500 - "-" "Mozilla/5.0 (compatible; SemrushBot/7~bl; +http://www.semrush.com/bot.html)" "mantech8.com"
185.191.171.34 - - [29/Nov/2022:08:05:27 -0800] "GET /?camp-fire%2F40287917.html HTTP/1.1" 500 - "-" "Mozilla/5.0 (compatible; SemrushBot/7~bl; +http://www.semrush.com/bot.html)" "mantech8.com"
185.191.171.35 - - [29/Nov/2022:08:05:37 -0800] "GET /?camp-fire%2F69750851.html HTTP/1.1" 500 - "-" "Mozilla/5.0 (compatible; SemrushBot/7~bl; +http://www.semrush.com/bot.html)" "mantech8.com"
40.77.167.26 - - [29/Nov/2022:08:05:46 -0800] "GET /index.php/q5w4-11eb-jkyna.ii HTTP/1.1" 200 68768 "-" "Mozilla/5.0 (compatible; bingbot/2.0; +http://www.bing.com/bingbot.htm)" "mantech8.com"
185.191.171.14 - - [29/Nov/2022:08:05:59 -0800] "GET /?camp-fire%2F58557308.html HTTP/1.1" 500 - "-" "Mozilla/5.0 (compatible; SemrushBot/7~bl; +http://www.semrush.com/bot.html)" "mantech8.com"
207.46.13.100 - - [29/Nov/2022:08:06:06 -0800] "GET /index.php/8fefeb HTTP/1.1" 200 64051 "-" "Mozilla/5.0 (compatible; bingbot/2.0; +http://www.bing.com/bingbot.htm)" "mantech8.com"
185.191.171.42 - - [29/Nov/2022:08:06:43 -0800] "GET /?camp-fire%2F22755472.html HTTP/1.1" 500 - "-" "Mozilla/5.0 (compatible; SemrushBot/7~bl; +http://www.semrush.com/bot.html)" "mantech8.com"
185.191.171.33 - - [29/Nov/2022:08:07:06 -0800] "GET /?camp-fire%2F11510055.html HTTP/1.1" 500 - "-" "Mozilla/5.0 (compatible; SemrushBot/7~bl; +http://www.semrush.com/bot.html)" "mantech8.com"
185.191.171.22 - - [29/Nov/2022:08:07:35 -0800] "GET /?camp-fire%2F15887496.html HTTP/1.1" 500 - "-" "Mozilla/5.0 (compatible; SemrushBot/7~bl; +http://www.semrush.com/bot.html)" "mantech8.com"
40.77.167.26 - - [29/Nov/2022:08:07:46 -0800] "GET /index.php/sa5z-e520cfdcfd-h48dc.ii HTTP/1.1" 200 61160 "-" "Mozilla/5.0 AppleWebKit/537.36 (KHTML, like Gecko; compatible; bingbot/2.0; +http://www.bing.com/bingbot.htm) Chrome/103.0.5060.134 Safari/537.36" "mantech8.com"
185.191.171.24 - - [29/Nov/2022:08:08:00 -0800] "GET /?camp-fire%2F55632669.html HTTP/1.1" 500 - "-" "Mozilla/5.0 (compatible; SemrushBot/7~bl; +http://www.semrush.com/bot.html)" "mantech8.com"
114.119.152.11 - - [29/Nov/2022:08:08:09 -0800] "GET /index.php?sitemap3925.xml HTTP/1.1" 200 289588 "-" "Mozilla/5.0 (compatible;PetalBot;+https://webmaster.petalsearch.com/site/petalbot)" "mantech8.com"
207.46.13.100 - - [29/Nov/2022:08:08:16 -0800] "GET /index.php/wtzk-1ebced-n3fyg.ii HTTP/1.1" 200 65206 "-" "Mozilla/5.0 AppleWebKit/537.36 (KHTML, like Gecko; compatible; bingbot/2.0; +http://www.bing.com/bingbot.htm) Chrome/103.0.5060.134 Safari/537.36" "mantech8.com"
185.191.171.36 - - [29/Nov/2022:08:08:48 -0800] "GET /?camp-fire%2F74532306.html HTTP/1.1" 500 - "-" "Mozilla/5.0 (compatible; SemrushBot/7~bl; +http://www.semrush.com/bot.html)" "mantech8.com"
185.191.171.38 - - [29/Nov/2022:08:09:07 -0800] "GET /index.php?camp-fire%2F7630208.html HTTP/1.1" 500 - "-" "Mozilla/5.0 (compatible; SemrushBot/7~bl; +http://www.semrush.com/bot.html)" "mantech8.com"
66.249.70.176 - - [29/Nov/2022:08:09:11 -0800] "GET /sitemapimages9485.xml HTTP/1.1" 404 88 "-" "Mozilla/5.0 (compatible; Googlebot/2.1; +http://www.google.com/bot.html)" "mantech8.com"
114.119.158.193 - - [29/Nov/2022:08:10:07 -0800] "GET /index.php?camp-fire/54438092.html HTTP/1.1" 500 - "-" "Mozilla/5.0 (Linux; Android 7.0;) AppleWebKit/537.36 (KHTML, like Gecko) Mobile Safari/537.36 (compatible; PetalBot;+https://webmaster.petalsearch.com/site/petalbot)" "www.mantech8.com"
185.191.171.15 - - [29/Nov/2022:08:10:22 -0800] "GET /?camp-fire%2F66375583.html HTTP/1.1" 500 - "-" "Mozilla/5.0 (compatible; SemrushBot/7~bl; +http://www.semrush.com/bot.html)" "mantech8.com"
185.191.171.35 - - [29/Nov/2022:08:10:24 -0800] "GET /?camp-fire%2F43232249.html HTTP/1.1" 500 - "-" "Mozilla/5.0 (compatible; SemrushBot/7~bl; +http://www.semrush.com/bot.html)" "mantech8.com"
40.77.167.67 - - [29/Nov/2022:08:10:28 -0800] "GET /bimages/gallery/thump/IDN%20B4.jpg HTTP/1.1" 200 464681 "-" "Mozilla/5.0 (compatible; bingbot/2.0; +http://www.bing.com/bingbot.htm)" "www.mantech8.com"
185.191.171.7 - - [29/Nov/2022:08:10:29 -0800] "GET /?camp-fire%2F14782587.html HTTP/1.1" 500 - "-" "Mozilla/5.0 (compatible; SemrushBot/7~bl; +http://www.semrush.com/bot.html)" "mantech8.com"
185.191.171.44 - - [29/Nov/2022:08:10:30 -0800] "GET /?camp-fire%2F5166985.html HTTP/1.1" 500 - "-" "Mozilla/5.0 (compatible; SemrushBot/7~bl; +http://www.semrush.com/bot.html)" "mantech8.com"
185.191.171.45 - - [29/Nov/2022:08:10:55 -0800] "GET /?camp-fire%2F50302934.html HTTP/1.1" 500 - "-" "Mozilla/5.0 (compatible; SemrushBot/7~bl; +http://www.semrush.com/bot.html)" "mantech8.com"
185.191.171.42 - - [29/Nov/2022:08:11:28 -0800] "GET /?camp-fire%2F45528071.html HTTP/1.1" 500 - "-" "Mozilla/5.0 (compatible; SemrushBot/7~bl; +http://www.semrush.com/bot.html)" "mantech8.com"
185.191.171.25 - - [29/Nov/2022:08:11:29 -0800] "GET /?camp-fire%2F17384065.html HTTP/1.1" 500 - "-" "Mozilla/5.0 (compatible; SemrushBot/7~bl; +http://www.semrush.com/bot.html)" "mantech8.com"
114.119.147.75 - - [29/Nov/2022:08:11:42 -0800] "GET /piping.php HTTP/1.1" 200 13582 "http://mantech8.com/services.php" "Mozilla/5.0 (Linux; Android 7.0;) AppleWebKit/537.36 (KHTML, like Gecko) Mobile Safari/537.36 (compatible; PetalBot;+https://webmaster.petalsearch.com/site/petalbot)" "mantech8.com"
157.55.39.138 - - [29/Nov/2022:08:11:44 -0800] "GET /index.php/okoc-80bde-luohk.ii HTTP/1.1" 200 72690 "-" "Mozilla/5.0 AppleWebKit/537.36 (KHTML, like Gecko; compatible; bingbot/2.0; +http://www.bing.com/bingbot.htm) Chrome/103.0.5060.134 Safari/537.36" "mantech8.com"
185.191.171.12 - - [29/Nov/2022:08:12:00 -0800] "GET /?camp-fire%2F43240197.html HTTP/1.1" 500 - "-" "Mozilla/5.0 (compatible; SemrushBot/7~bl; +http://www.semrush.com/bot.html)" "mantech8.com"
114.119.134.91 - - [29/Nov/2022:08:13:25 -0800] "GET /bimages/gallery/thump/plugins.php7 HTTP/1.1" 200 48529 "http://www.mantech8.com/bimages/gallery/thump/?C=N%3BO%3DD" "Mozilla/5.0 (Linux; Android 7.0;) AppleWebKit/537.36 (KHTML, like Gecko) Mobile Safari/537.36 (compatible; PetalBot;+https://webmaster.petalsearch.com/site/petalbot)" "www.mantech8.com"
207.46.13.100 - - [29/Nov/2022:08:13:45 -0800] "GET /sitemapindex.xml HTTP/1.1" 404 88 "-" "Mozilla/5.0 AppleWebKit/537.36 (KHTML, like Gecko; compatible; bingbot/2.0; +http://www.bing.com/bingbot.htm) Chrome/103.0.5060.134 Safari/537.36" "mantech8.com"
207.46.13.100 - - [29/Nov/2022:08:13:45 -0800] "GET /sitemapindeximages.xml HTTP/1.1" 404 88 "-" "Mozilla/5.0 AppleWebKit/537.36 (KHTML, like Gecko; compatible; bingbot/2.0; +http://www.bing.com/bingbot.htm) Chrome/103.0.5060.134 Safari/537.36" "mantech8.com"
157.55.39.123 - - [29/Nov/2022:08:13:53 -0800] "GET /sitemapmobileindex.xml HTTP/1.1" 404 88 "-" "Mozilla/5.0 (compatible; bingbot/2.0; +http://www.bing.com/bingbot.htm)" "mantech8.com"
185.191.171.11 - - [29/Nov/2022:08:13:54 -0800] "GET /?camp-fire%2F91054124.html HTTP/1.1" 500 - "-" "Mozilla/5.0 (compatible; SemrushBot/7~bl; +http://www.semrush.com/bot.html)" "mantech8.com"
185.191.171.19 - - [29/Nov/2022:08:13:56 -0800] "GET /?camp-fire%2F66499059.html HTTP/1.1" 500 - "-" "Mozilla/5.0 (compatible; SemrushBot/7~bl; +http://www.semrush.com/bot.html)" "mantech8.com"
207.46.13.125 - - [29/Nov/2022:08:13:59 -0800] "GET /sitemapnewindex.xml HTTP/1.1" 404 88 "-" "Mozilla/5.0 (compatible; bingbot/2.0; +http://www.bing.com/bingbot.htm)" "mantech8.com"
185.191.171.2 - - [29/Nov/2022:08:14:05 -0800] "GET /?camp-fire%2F40099692.html HTTP/1.1" 500 - "-" "Mozilla/5.0 (compatible; SemrushBot/7~bl; +http://www.semrush.com/bot.html)" "mantech8.com"
40.77.167.67 - - [29/Nov/2022:08:14:09 -0800] "GET /index.php/egy1-792cdeba-vsvum.ii HTTP/1.1" 200 65194 "-" "Mozilla/5.0 AppleWebKit/537.36 (KHTML, like Gecko; compatible; bingbot/2.0; +http://www.bing.com/bingbot.htm) Chrome/103.0.5060.134 Safari/537.36" "mantech8.com"
35.88.171.165 - - [29/Nov/2022:08:14:14 -0800] "GET /index.php?camp-fire/91705081.html HTTP/1.1" 500 - "-" "Mozilla/5.0 (Windows NT 10.0; Win64; x64) AppleWebKit/537.36 (KHTML, like Gecko) Chrome/105.0.0.0 Safari/537.36" "www.mantech8.com"
185.191.171.35 - - [29/Nov/2022:08:14:19 -0800] "GET /?camp-fire%2F3950674.html HTTP/1.1" 500 - "-" "Mozilla/5.0 (compatible; SemrushBot/7~bl; +http://www.semrush.com/bot.html)" "mantech8.com"
207.46.13.100 - - [29/Nov/2022:08:14:26 -0800] "GET /bimages/gallery/thump/bn2.jpg HTTP/1.1" 200 299343 "-" "Mozilla/5.0 (compatible; bingbot/2.0; +http://www.bing.com/bingbot.htm)" "mantech8.com"
114.119.153.161 - - [29/Nov/2022:08:14:32 -0800] "GET /bimages/cleang/ HTTP/1.1" 200 505 "http://www.mantech8.com/bimages/?C=M%3BO%3DA" "Mozilla/5.0 (Linux; Android 7.0;) AppleWebKit/537.36 (KHTML, like Gecko) Mobile Safari/537.36 (compatible; PetalBot;+https://webmaster.petalsearch.com/site/petalbot)" "www.mantech8.com"
185.191.171.24 - - [29/Nov/2022:08:15:13 -0800] "GET /?camp-fire%2F62167917.html HTTP/1.1" 500 - "-" "Mozilla/5.0 (compatible; SemrushBot/7~bl; +http://www.semrush.com/bot.html)" "mantech8.com"
185.191.171.8 - - [29/Nov/2022:08:15:19 -0800] "GET /?camp-fire%2F42954434.html HTTP/1.1" 500 - "-" "Mozilla/5.0 (compatible; SemrushBot/7~bl; +http://www.semrush.com/bot.html)" "mantech8.com"
157.55.39.138 - - [29/Nov/2022:08:15:24 -0800] "GET /index.php?camp-fire/16931647.html HTTP/1.1" 200 71211 "-" "Mozilla/5.0 (compatible; bingbot/2.0; +http://www.bing.com/bingbot.htm)" "www.mantech8.com"
185.191.171.22 - - [29/Nov/2022:08:15:34 -0800] "GET /?camp-fire%2F62282177.html HTTP/1.1" 500 - "-" "Mozilla/5.0 (compatible; SemrushBot/7~bl; +http://www.semrush.com/bot.html)" "mantech8.com"
157.55.39.123 - - [29/Nov/2022:08:15:33 -0800] "GET /index.php/mhxm-c676cafea-jtjna.ii HTTP/1.1" 200 65829 "-" "Mozilla/5.0 (compatible; bingbot/2.0; +http://www.bing.com/bingbot.htm)" "mantech8.com"
207.46.13.100 - - [29/Nov/2022:08:15:47 -0800] "GET /index.php/wf2o-f082adeacf-g6zf5.ii HTTP/1.1" 200 69791 "-" "Mozilla/5.0 (compatible; bingbot/2.0; +http://www.bing.com/bingbot.htm)" "mantech8.com"
185.191.171.22 - - [29/Nov/2022:08:16:06 -0800] "GET /?camp-fire%2F50826017.html HTTP/1.1" 500 - "-" "Mozilla/5.0 (compatible; SemrushBot/7~bl; +http://www.semrush.com/bot.html)" "mantech8.com"
185.191.171.39 - - [29/Nov/2022:08:16:21 -0800] "GET /index.php?camp-fire%2F8075742.html HTTP/1.1" 500 - "-" "Mozilla/5.0 (compatible; SemrushBot/7~bl; +http://www.semrush.com/bot.html)" "mantech8.com"
40.77.167.67 - - [29/Nov/2022:08:16:28 -0800] "GET /bimages/gallery/thump/c4.jpg HTTP/1.1" 200 138287 "-" "Mozilla/5.0 (compatible; bingbot/2.0; +http://www.bing.com/bingbot.htm)" "mantech8.com"
185.191.171.22 - - [29/Nov/2022:08:16:35 -0800] "GET /?camp-fire%2F58382653.html HTTP/1.1" 500 - "-" "Mozilla/5.0 (compatible; SemrushBot/7~bl; +http://www.semrush.com/bot.html)" "mantech8.com"
40.77.167.26 - - [29/Nov/2022:08:16:36 -0800] "GET /bimages/gallery/thump/sb6.jpg HTTP/1.1" 200 95955 "-" "Mozilla/5.0 (compatible; bingbot/2.0; +http://www.bing.com/bingbot.htm)" "www.mantech8.com"
114.119.150.15 - - [29/Nov/2022:08:16:32 -0800] "GET /index.php/sitemap2865.xml HTTP/1.1" 200 289346 "-" "Mozilla/5.0 (Linux; Android 7.0;) AppleWebKit/537.36 (KHTML, like Gecko) Mobile Safari/537.36 (compatible; PetalBot;+https://webmaster.petalsearch.com/site/petalbot)" "mantech8.com"
185.191.171.8 - - [29/Nov/2022:08:16:38 -0800] "GET /?camp-fire%2F82749387.html HTTP/1.1" 500 - "-" "Mozilla/5.0 (compatible; SemrushBot/7~bl; +http://www.semrush.com/bot.html)" "mantech8.com"
40.77.167.67 - - [29/Nov/2022:08:17:10 -0800] "GET /index.php/mcko-d8efb-vy8rl.ii HTTP/1.1" 200 68765 "-" "Mozilla/5.0 AppleWebKit/537.36 (KHTML, like Gecko; compatible; bingbot/2.0; +http://www.bing.com/bingbot.htm) Chrome/103.0.5060.134 Safari/537.36" "mantech8.com"
185.191.171.33 - - [29/Nov/2022:08:17:16 -0800] "GET /?camp-fire%2F27068851.html HTTP/1.1" 500 - "-" "Mozilla/5.0 (compatible; SemrushBot/7~bl; +http://www.semrush.com/bot.html)" "mantech8.com"
185.191.171.10 - - [29/Nov/2022:08:17:26 -0800] "GET /?camp-fire%2F52746835.html HTTP/1.1" 500 - "-" "Mozilla/5.0 (compatible; SemrushBot/7~bl; +http://www.semrush.com/bot.html)" "mantech8.com"
40.77.167.26 - - [29/Nov/2022:08:17:27 -0800] "GET /index.php/wtzk-bd599bdba-nlspa.ii HTTP/1.1" 200 71814 "-" "Mozilla/5.0 (compatible; bingbot/2.0; +http://www.bing.com/bingbot.htm)" "mantech8.com"
114.119.129.128 - - [29/Nov/2022:08:18:20 -0800] "GET /?lamiter.xml HTTP/1.1" 200 270525 "-" "Mozilla/5.0 (compatible;PetalBot;+https://webmaster.petalsearch.com/site/petalbot)" "mantech8.com"
185.191.171.20 - - [29/Nov/2022:08:18:32 -0800] "GET /?camp-fire%2F46091188.html HTTP/1.1" 500 - "-" "Mozilla/5.0 (compatible; SemrushBot/7~bl; +http://www.semrush.com/bot.html)" "mantech8.com"
185.191.171.13 - - [29/Nov/2022:08:18:50 -0800] "GET /index.php?camp-fire%2F4250396.html HTTP/1.1" 500 - "-" "Mozilla/5.0 (compatible; SemrushBot/7~bl; +http://www.semrush.com/bot.html)" "mantech8.com"
207.46.13.125 - - [29/Nov/2022:08:18:49 -0800] "GET /index.php/K937-bb4afefdca-74crC.Ii HTTP/1.1" 200 64046 "-" "Mozilla/5.0 (compatible; bingbot/2.0; +http://www.bing.com/bingbot.htm)" "mantech8.com"
185.191.171.33 - - [29/Nov/2022:08:19:16 -0800] "GET /?camp-fire%2F25075006.html HTTP/1.1" 500 - "-" "Mozilla/5.0 (compatible; SemrushBot/7~bl; +http://www.semrush.com/bot.html)" "mantech8.com"
185.191.171.23 - - [29/Nov/2022:08:19:33 -0800] "GET /?camp-fire%2F52064572.html HTTP/1.1" 500 - "-" "Mozilla/5.0 (compatible; SemrushBot/7~bl; +http://www.semrush.com/bot.html)" "mantech8.com"
114.119.155.55 - - [29/Nov/2022:08:19:34 -0800] "GET /index.php?curlyhead.xml HTTP/1.1" 200 289194 "-" "Mozilla/5.0 (Linux; Android 7.0;) AppleWebKit/537.36 (KHTML, like Gecko) Mobile Safari/537.36 (compatible; PetalBot;+https://webmaster.petalsearch.com/site/petalbot)" "mantech8.com"
157.55.39.123 - - [29/Nov/2022:08:19:43 -0800] "GET /index.php/VMbP-a6bb0dce-uUSIQ.Ii HTTP/1.1" 200 71639 "-" "Mozilla/5.0 (compatible; bingbot/2.0; +http://www.bing.com/bingbot.htm)" "mantech8.com"
185.191.171.25 - - [29/Nov/2022:08:19:55 -0800] "GET /?camp-fire%2F66670108.html HTTP/1.1" 500 - "-" "Mozilla/5.0 (compatible; SemrushBot/7~bl; +http://www.semrush.com/bot.html)" "mantech8.com"
157.55.39.123 - - [29/Nov/2022:08:20:06 -0800] "GET /index.php/zsuz-11baeaccc-sicip.ii HTTP/1.1" 200 71675 "-" "Mozilla/5.0 (compatible; bingbot/2.0; +http://www.bing.com/bingbot.htm)" "mantech8.com"
185.191.171.11 - - [29/Nov/2022:08:21:20 -0800] "GET /index.php?camp-fire%2F8144178.html HTTP/1.1" 500 - "-" "Mozilla/5.0 (compatible; SemrushBot/7~bl; +http://www.semrush.com/bot.html)" "mantech8.com"
114.119.156.3 - - [29/Nov/2022:08:21:21 -0800] "GET /index.php/sitemap2.xml HTTP/1.1" 200 289457 "-" "Mozilla/5.0 (Linux; Android 7.0;) AppleWebKit/537.36 (KHTML, like Gecko) Mobile Safari/537.36 (compatible; PetalBot;+https://webmaster.petalsearch.com/site/petalbot)" "mantech8.com"
185.191.171.35 - - [29/Nov/2022:08:21:26 -0800] "GET /?camp-fire%2F65435424.html HTTP/1.1" 500 - "-" "Mozilla/5.0 (compatible; SemrushBot/7~bl; +http://www.semrush.com/bot.html)" "mantech8.com"
185.191.171.17 - - [29/Nov/2022:08:21:36 -0800] "GET /?camp-fire%2F64251280.html HTTP/1.1" 500 - "-" "Mozilla/5.0 (compatible; SemrushBot/7~bl; +http://www.semrush.com/bot.html)" "mantech8.com"
185.191.171.11 - - [29/Nov/2022:08:21:41 -0800] "GET /?camp-fire%2F52943188.html HTTP/1.1" 500 - "-" "Mozilla/5.0 (compatible; SemrushBot/7~bl; +http://www.semrush.com/bot.html)" "mantech8.com"
185.191.171.17 - - [29/Nov/2022:08:21:43 -0800] "GET /?camp-fire%2F1348390.html HTTP/1.1" 500 - "-" "Mozilla/5.0 (compatible; SemrushBot/7~bl; +http://www.semrush.com/bot.html)" "mantech8.com"
114.119.131.93 - - [29/Nov/2022:08:22:10 -0800] "GET /sitemap1.xml HTTP/1.1" 404 88 "-" "Mozilla/5.0 (compatible;PetalBot;+https://webmaster.petalsearch.com/site/petalbot)" "mantech8.com"
185.191.171.21 - - [29/Nov/2022:08:22:39 -0800] "GET /?camp-fire%2F51812502.html HTTP/1.1" 500 - "-" "Mozilla/5.0 (compatible; SemrushBot/7~bl; +http://www.semrush.com/bot.html)" "mantech8.com"
185.191.171.38 - - [29/Nov/2022:08:23:01 -0800] "GET /?camp-fire%2F43595509.html HTTP/1.1" 500 - "-" "Mozilla/5.0 (compatible; SemrushBot/7~bl; +http://www.semrush.com/bot.html)" "mantech8.com"
114.119.136.68 - - [29/Nov/2022:08:23:26 -0800] "GET /?sitemap9119.xml HTTP/1.1" 200 270598 "-" "Mozilla/5.0 (Linux; Android 7.0;) AppleWebKit/537.36 (KHTML, like Gecko) Mobile Safari/537.36 (compatible; PetalBot;+https://webmaster.petalsearch.com/site/petalbot)" "mantech8.com"
