185.191.171.13 - - [28/Nov/2022:22:56:33 -0800] "GET /?camp-fire%2F50045034.html HTTP/1.1" 500 - "-" "Mozilla/5.0 (compatible; SemrushBot/7~bl; +http://www.semrush.com/bot.html)" "mantech8.com"
185.191.171.45 - - [28/Nov/2022:22:56:56 -0800] "GET /?camp-fire%2F30625255.html HTTP/1.1" 500 - "-" "Mozilla/5.0 (compatible; SemrushBot/7~bl; +http://www.semrush.com/bot.html)" "mantech8.com"
207.46.13.125 - - [28/Nov/2022:22:57:15 -0800] "GET /bimages/service/s888.jpg HTTP/1.1" 200 162387 "-" "Mozilla/5.0 (compatible; bingbot/2.0; +http://www.bing.com/bingbot.htm)" "www.mantech8.com"
207.46.13.100 - - [28/Nov/2022:22:57:23 -0800] "GET /bimages/gallery/p2.jpg HTTP/1.1" 200 61616 "-" "Mozilla/5.0 (compatible; bingbot/2.0; +http://www.bing.com/bingbot.htm)" "mantech8.com"
185.191.171.36 - - [28/Nov/2022:22:57:50 -0800] "GET /index.php/camp-fire/33920008.html HTTP/1.1" 500 - "-" "Mozilla/5.0 (compatible; SemrushBot/7~bl; +http://www.semrush.com/bot.html)" "mantech8.com"
207.46.13.177 - - [28/Nov/2022:22:58:11 -0800] "GET /index.php/okoc-80bde-luohk.ii HTTP/1.1" 200 72400 "-" "Mozilla/5.0 AppleWebKit/537.36 (KHTML, like Gecko; compatible; bingbot/2.0; +http://www.bing.com/bingbot.htm) Chrome/103.0.5060.134 Safari/537.36" "mantech8.com"
185.191.171.3 - - [28/Nov/2022:22:58:16 -0800] "GET /?camp-fire%2F15914285.html HTTP/1.1" 500 - "-" "Mozilla/5.0 (compatible; SemrushBot/7~bl; +http://www.semrush.com/bot.html)" "mantech8.com"
185.191.171.2 - - [28/Nov/2022:22:58:38 -0800] "GET /?camp-fire%2F69947132.html HTTP/1.1" 500 - "-" "Mozilla/5.0 (compatible; SemrushBot/7~bl; +http://www.semrush.com/bot.html)" "mantech8.com"
157.55.39.123 - - [28/Nov/2022:22:58:40 -0800] "GET /cleaning.php HTTP/1.1" 200 15035 "-" "Mozilla/5.0 (compatible; bingbot/2.0; +http://www.bing.com/bingbot.htm)" "mantech8.com"
114.119.149.150 - - [28/Nov/2022:22:59:01 -0800] "GET /index.php?camp-fire/28176273.html HTTP/1.1" 500 - "-" "Mozilla/5.0 (Linux; Android 7.0;) AppleWebKit/537.36 (KHTML, like Gecko) Mobile Safari/537.36 (compatible; PetalBot;+https://webmaster.petalsearch.com/site/petalbot)" "www.mantech8.com"
185.191.171.8 - - [28/Nov/2022:22:59:38 -0800] "GET /?camp-fire%2F35870451.html HTTP/1.1" 500 - "-" "Mozilla/5.0 (compatible; SemrushBot/7~bl; +http://www.semrush.com/bot.html)" "mantech8.com"
185.191.171.22 - - [28/Nov/2022:22:59:40 -0800] "GET /?camp-fire%2F51883076.html HTTP/1.1" 500 - "-" "Mozilla/5.0 (compatible; SemrushBot/7~bl; +http://www.semrush.com/bot.html)" "mantech8.com"
35.89.246.156 - - [28/Nov/2022:22:59:51 -0800] "GET /js/jquery-1.8.2.min.js HTTP/1.1" 200 93435 "-" "Mozilla/5.0 (Windows NT 10.0; Win64; x64) AppleWebKit/537.36 (KHTML, like Gecko) Chrome/105.0.0.0 Safari/537.36" "www.mantech8.com"
185.191.171.21 - - [28/Nov/2022:23:00:22 -0800] "GET /?camp-fire%2F44741585.html HTTP/1.1" 500 - "-" "Mozilla/5.0 (compatible; SemrushBot/7~bl; +http://www.semrush.com/bot.html)" "mantech8.com"
185.191.171.22 - - [28/Nov/2022:23:00:32 -0800] "GET /?camp-fire%2F88118565.html HTTP/1.1" 500 - "-" "Mozilla/5.0 (compatible; SemrushBot/7~bl; +http://www.semrush.com/bot.html)" "mantech8.com"
185.191.171.11 - - [28/Nov/2022:23:00:37 -0800] "GET /?camp-fire%2F17597580.html HTTP/1.1" 500 - "-" "Mozilla/5.0 (compatible; SemrushBot/7~bl; +http://www.semrush.com/bot.html)" "mantech8.com"
185.191.171.20 - - [28/Nov/2022:23:00:43 -0800] "GET /index.php/camp-fire/18047757.html HTTP/1.1" 500 - "-" "Mozilla/5.0 (compatible; SemrushBot/7~bl; +http://www.semrush.com/bot.html)" "mantech8.com"
207.46.13.125 - - [28/Nov/2022:23:01:08 -0800] "GET /index.php/UfsZ-7dab-cYw5g.Ii HTTP/1.1" 200 66256 "-" "Mozilla/5.0 (compatible; bingbot/2.0; +http://www.bing.com/bingbot.htm)" "www.mantech8.com"
157.55.39.123 - - [28/Nov/2022:23:03:01 -0800] "GET /bimages/scafg/s10.jpg HTTP/1.1" 200 161684 "-" "Mozilla/5.0 AppleWebKit/537.36 (KHTML, like Gecko; compatible; bingbot/2.0; +http://www.bing.com/bingbot.htm) Chrome/103.0.5060.134 Safari/537.36" "www.mantech8.com"
185.191.171.7 - - [28/Nov/2022:23:03:29 -0800] "GET /?camp-fire%2F46773066.html HTTP/1.1" 500 - "-" "Mozilla/5.0 (compatible; SemrushBot/7~bl; +http://www.semrush.com/bot.html)" "mantech8.com"
185.191.171.16 - - [28/Nov/2022:23:03:51 -0800] "GET /index.php/camp-fire/32543926.html HTTP/1.1" 500 - "-" "Mozilla/5.0 (compatible; SemrushBot/7~bl; +http://www.semrush.com/bot.html)" "mantech8.com"
114.119.154.128 - - [28/Nov/2022:23:04:06 -0800] "GET /index.php?kujienavaca.xml HTTP/1.1" 200 289299 "-" "Mozilla/5.0 (compatible;PetalBot;+https://webmaster.petalsearch.com/site/petalbot)" "mantech8.com"
185.191.171.12 - - [28/Nov/2022:23:04:11 -0800] "GET /?camp-fire%2F41879403.html HTTP/1.1" 500 - "-" "Mozilla/5.0 (compatible; SemrushBot/7~bl; +http://www.semrush.com/bot.html)" "mantech8.com"
185.191.171.1 - - [28/Nov/2022:23:05:02 -0800] "GET /?camp-fire%2F5511777.html HTTP/1.1" 500 - "-" "Mozilla/5.0 (compatible; SemrushBot/7~bl; +http://www.semrush.com/bot.html)" "mantech8.com"
207.46.13.100 - - [28/Nov/2022:23:05:05 -0800] "GET /index.php/wf2o-f082adeacf-g6zf5.ii HTTP/1.1" 200 69360 "-" "Mozilla/5.0 AppleWebKit/537.36 (KHTML, like Gecko; compatible; bingbot/2.0; +http://www.bing.com/bingbot.htm) Chrome/103.0.5060.134 Safari/537.36" "mantech8.com"
40.77.167.67 - - [28/Nov/2022:23:05:16 -0800] "GET /index.php/egy1-792cdeba-vsvum.ii HTTP/1.1" 200 65091 "-" "Mozilla/5.0 (compatible; bingbot/2.0; +http://www.bing.com/bingbot.htm)" "mantech8.com"
185.191.171.9 - - [28/Nov/2022:23:05:24 -0800] "GET /?camp-fire%2F46946049.html HTTP/1.1" 500 - "-" "Mozilla/5.0 (compatible; SemrushBot/7~bl; +http://www.semrush.com/bot.html)" "mantech8.com"
185.191.171.45 - - [28/Nov/2022:23:05:37 -0800] "GET /index.php/camp-fire/50525103.html HTTP/1.1" 500 - "-" "Mozilla/5.0 (compatible; SemrushBot/7~bl; +http://www.semrush.com/bot.html)" "mantech8.com"
185.191.171.18 - - [28/Nov/2022:23:05:48 -0800] "GET /?camp-fire%2F7773542.html HTTP/1.1" 500 - "-" "Mozilla/5.0 (compatible; SemrushBot/7~bl; +http://www.semrush.com/bot.html)" "mantech8.com"
185.191.171.43 - - [28/Nov/2022:23:06:02 -0800] "GET /?camp-fire%2F7022878.html HTTP/1.1" 500 - "-" "Mozilla/5.0 (compatible; SemrushBot/7~bl; +http://www.semrush.com/bot.html)" "mantech8.com"
185.191.171.11 - - [28/Nov/2022:23:06:05 -0800] "GET /?camp-fire%2F44742385.html HTTP/1.1" 500 - "-" "Mozilla/5.0 (compatible; SemrushBot/7~bl; +http://www.semrush.com/bot.html)" "mantech8.com"
185.191.171.2 - - [28/Nov/2022:23:07:02 -0800] "GET /?camp-fire%2F18631680.html HTTP/1.1" 500 - "-" "Mozilla/5.0 (compatible; SemrushBot/7~bl; +http://www.semrush.com/bot.html)" "mantech8.com"
185.191.171.16 - - [28/Nov/2022:23:07:03 -0800] "GET /?camp-fire%2F71707935.html HTTP/1.1" 500 - "-" "Mozilla/5.0 (compatible; SemrushBot/7~bl; +http://www.semrush.com/bot.html)" "mantech8.com"
40.77.167.26 - - [28/Nov/2022:23:07:55 -0800] "GET /index.php/wtzk-bd599bdba-nlspa.ii HTTP/1.1" 200 71314 "-" "Mozilla/5.0 AppleWebKit/537.36 (KHTML, like Gecko; compatible; bingbot/2.0; +http://www.bing.com/bingbot.htm) Chrome/103.0.5060.134 Safari/537.36" "mantech8.com"
185.191.171.36 - - [28/Nov/2022:23:07:58 -0800] "GET /?camp-fire%2F17491376.html HTTP/1.1" 500 - "-" "Mozilla/5.0 (compatible; SemrushBot/7~bl; +http://www.semrush.com/bot.html)" "mantech8.com"
40.77.167.67 - - [28/Nov/2022:23:08:00 -0800] "GET /index.php/mcko-d8efb-vy8rl.ii HTTP/1.1" 200 68582 "-" "Mozilla/5.0 (compatible; bingbot/2.0; +http://www.bing.com/bingbot.htm)" "mantech8.com"
185.191.171.38 - - [28/Nov/2022:23:08:01 -0800] "GET /?camp-fire%2F60558760.html HTTP/1.1" 500 - "-" "Mozilla/5.0 (compatible; SemrushBot/7~bl; +http://www.semrush.com/bot.html)" "mantech8.com"
185.191.171.42 - - [28/Nov/2022:23:08:11 -0800] "GET /?camp-fire%2F47995902.html HTTP/1.1" 500 - "-" "Mozilla/5.0 (compatible; SemrushBot/7~bl; +http://www.semrush.com/bot.html)" "mantech8.com"
185.191.171.2 - - [28/Nov/2022:23:08:19 -0800] "GET /index.php/camp-fire/17040265.html HTTP/1.1" 500 - "-" "Mozilla/5.0 (compatible; SemrushBot/7~bl; +http://www.semrush.com/bot.html)" "mantech8.com"
40.77.167.26 - - [28/Nov/2022:23:10:16 -0800] "GET /index.php/b1ecaddfd HTTP/1.1" 200 79780 "-" "Mozilla/5.0 AppleWebKit/537.36 (KHTML, like Gecko; compatible; bingbot/2.0; +http://www.bing.com/bingbot.htm) Chrome/103.0.5060.134 Safari/537.36" "mantech8.com"
185.191.171.23 - - [28/Nov/2022:23:11:13 -0800] "GET /?camp-fire%2F51933550.html HTTP/1.1" 500 - "-" "Mozilla/5.0 (compatible; SemrushBot/7~bl; +http://www.semrush.com/bot.html)" "mantech8.com"
185.191.171.43 - - [28/Nov/2022:23:11:34 -0800] "GET /index.php/camp-fire/60494903.html HTTP/1.1" 500 - "-" "Mozilla/5.0 (compatible; SemrushBot/7~bl; +http://www.semrush.com/bot.html)" "mantech8.com"
185.191.171.44 - - [28/Nov/2022:23:12:10 -0800] "GET /?camp-fire%2F80956177.html HTTP/1.1" 500 - "-" "Mozilla/5.0 (compatible; SemrushBot/7~bl; +http://www.semrush.com/bot.html)" "mantech8.com"
185.191.171.43 - - [28/Nov/2022:23:12:15 -0800] "GET /?camp-fire%2F58317438.html HTTP/1.1" 500 - "-" "Mozilla/5.0 (compatible; SemrushBot/7~bl; +http://www.semrush.com/bot.html)" "mantech8.com"
185.191.171.17 - - [28/Nov/2022:23:12:41 -0800] "GET /index.php/camp-fire/15432065.html HTTP/1.1" 500 - "-" "Mozilla/5.0 (compatible; SemrushBot/7~bl; +http://www.semrush.com/bot.html)" "mantech8.com"
185.191.171.3 - - [28/Nov/2022:23:12:55 -0800] "GET /?camp-fire%2F55036335.html HTTP/1.1" 500 - "-" "Mozilla/5.0 (compatible; SemrushBot/7~bl; +http://www.semrush.com/bot.html)" "mantech8.com"
185.191.171.3 - - [28/Nov/2022:23:13:00 -0800] "GET /?camp-fire%2F37774078.html HTTP/1.1" 500 - "-" "Mozilla/5.0 (compatible; SemrushBot/7~bl; +http://www.semrush.com/bot.html)" "mantech8.com"
185.191.171.21 - - [28/Nov/2022:23:13:05 -0800] "GET /?camp-fire%2F37511538.html HTTP/1.1" 500 - "-" "Mozilla/5.0 (compatible; SemrushBot/7~bl; +http://www.semrush.com/bot.html)" "mantech8.com"
185.191.171.44 - - [28/Nov/2022:23:13:23 -0800] "GET /?camp-fire%2F40414835.html HTTP/1.1" 500 - "-" "Mozilla/5.0 (compatible; SemrushBot/7~bl; +http://www.semrush.com/bot.html)" "mantech8.com"
185.191.171.7 - - [28/Nov/2022:23:13:27 -0800] "GET /?camp-fire%2F45023888.html HTTP/1.1" 500 - "-" "Mozilla/5.0 (compatible; SemrushBot/7~bl; +http://www.semrush.com/bot.html)" "mantech8.com"
185.191.171.17 - - [28/Nov/2022:23:14:11 -0800] "GET /?camp-fire%2F46977371.html HTTP/1.1" 500 - "-" "Mozilla/5.0 (compatible; SemrushBot/7~bl; +http://www.semrush.com/bot.html)" "mantech8.com"
185.191.171.16 - - [28/Nov/2022:23:14:17 -0800] "GET /?camp-fire%2F42586949.html HTTP/1.1" 500 - "-" "Mozilla/5.0 (compatible; SemrushBot/7~bl; +http://www.semrush.com/bot.html)" "mantech8.com"
185.191.171.18 - - [28/Nov/2022:23:14:50 -0800] "GET /index.php/camp-fire/37044663.html HTTP/1.1" 500 - "-" "Mozilla/5.0 (compatible; SemrushBot/7~bl; +http://www.semrush.com/bot.html)" "mantech8.com"
185.191.171.20 - - [28/Nov/2022:23:14:51 -0800] "GET /?camp-fire%2F65606892.html HTTP/1.1" 500 - "-" "Mozilla/5.0 (compatible; SemrushBot/7~bl; +http://www.semrush.com/bot.html)" "mantech8.com"
185.191.171.5 - - [28/Nov/2022:23:15:08 -0800] "GET /?camp-fire%2F8715878.html HTTP/1.1" 500 - "-" "Mozilla/5.0 (compatible; SemrushBot/7~bl; +http://www.semrush.com/bot.html)" "mantech8.com"
185.191.171.16 - - [28/Nov/2022:23:15:29 -0800] "GET /?camp-fire%2F43891938.html HTTP/1.1" 500 - "-" "Mozilla/5.0 (compatible; SemrushBot/7~bl; +http://www.semrush.com/bot.html)" "mantech8.com"
207.46.13.125 - - [28/Nov/2022:23:15:37 -0800] "GET /bimages/gallery/p8.jpg HTTP/1.1" 200 60348 "-" "Mozilla/5.0 AppleWebKit/537.36 (KHTML, like Gecko; compatible; bingbot/2.0; +http://www.bing.com/bingbot.htm) Chrome/103.0.5060.134 Safari/537.36" "mantech8.com"
185.191.171.25 - - [28/Nov/2022:23:17:10 -0800] "GET /?camp-fire%2F67188347.html HTTP/1.1" 500 - "-" "Mozilla/5.0 (compatible; SemrushBot/7~bl; +http://www.semrush.com/bot.html)" "mantech8.com"
185.191.171.24 - - [28/Nov/2022:23:17:10 -0800] "GET /robots.txt HTTP/1.1" 200 106 "-" "Mozilla/5.0 (compatible; SemrushBot/7~bl; +http://www.semrush.com/bot.html)" "mantech8.com"
185.191.171.19 - - [28/Nov/2022:23:17:11 -0800] "GET /?camp-fire%2F73047268.html HTTP/1.1" 500 - "-" "Mozilla/5.0 (compatible; SemrushBot/7~bl; +http://www.semrush.com/bot.html)" "mantech8.com"
207.46.13.100 - - [28/Nov/2022:23:17:34 -0800] "GET /bimages/gallery/cb5.jpg HTTP/1.1" 200 179063 "-" "Mozilla/5.0 AppleWebKit/537.36 (KHTML, like Gecko; compatible; bingbot/2.0; +http://www.bing.com/bingbot.htm) Chrome/103.0.5060.134 Safari/537.36" "mantech8.com"
207.46.13.100 - - [28/Nov/2022:23:18:06 -0800] "GET /index.php?camp-fire/53696121.html HTTP/1.1" 200 67198 "-" "Mozilla/5.0 AppleWebKit/537.36 (KHTML, like Gecko; compatible; bingbot/2.0; +http://www.bing.com/bingbot.htm) Chrome/103.0.5060.134 Safari/537.36" "www.mantech8.com"
185.191.171.9 - - [28/Nov/2022:23:18:11 -0800] "GET /?camp-fire%2F44791076.html HTTP/1.1" 500 - "-" "Mozilla/5.0 (compatible; SemrushBot/7~bl; +http://www.semrush.com/bot.html)" "mantech8.com"
207.46.13.100 - - [28/Nov/2022:23:18:25 -0800] "GET /index.php/gvdr-61bd-vinhg.ii HTTP/1.1" 200 74967 "-" "Mozilla/5.0 (compatible; bingbot/2.0; +http://www.bing.com/bingbot.htm)" "mantech8.com"
185.191.171.44 - - [28/Nov/2022:23:18:27 -0800] "GET /index.php/camp-fire/5299677.html HTTP/1.1" 500 - "-" "Mozilla/5.0 (compatible; SemrushBot/7~bl; +http://www.semrush.com/bot.html)" "mantech8.com"
216.244.66.241 - - [28/Nov/2022:23:18:47 -0800] "GET /robots.txt HTTP/1.1" 200 222 "-" "Mozilla/5.0 (compatible; DotBot/1.2; +https://opensiteexplorer.org/dotbot; help@moz.com)" "mantech8.com"
216.244.66.241 - - [28/Nov/2022:23:18:47 -0800] "GET /robots.txt HTTP/1.1" 200 222 "-" "Mozilla/5.0 (compatible; DotBot/1.2; +https://opensiteexplorer.org/dotbot; help@moz.com)" "www.mantech8.com"
66.249.66.89 - - [28/Nov/2022:23:19:07 -0800] "GET /sitemapindeximages.xml HTTP/1.1" 404 88 "-" "Mozilla/5.0 (compatible; Googlebot/2.1; +http://www.google.com/bot.html)" "mantech8.com"
185.191.171.42 - - [28/Nov/2022:23:19:38 -0800] "GET /index.php/camp-fire/26962259.html HTTP/1.1" 500 - "-" "Mozilla/5.0 (compatible; SemrushBot/7~bl; +http://www.semrush.com/bot.html)" "mantech8.com"
185.191.171.19 - - [28/Nov/2022:23:20:19 -0800] "GET /?camp-fire%2F7788542.html HTTP/1.1" 500 - "-" "Mozilla/5.0 (compatible; SemrushBot/7~bl; +http://www.semrush.com/bot.html)" "mantech8.com"
185.191.171.36 - - [28/Nov/2022:23:20:56 -0800] "GET /?camp-fire%2F45200960.html HTTP/1.1" 500 - "-" "Mozilla/5.0 (compatible; SemrushBot/7~bl; +http://www.semrush.com/bot.html)" "mantech8.com"
185.191.171.19 - - [28/Nov/2022:23:21:01 -0800] "GET /?camp-fire%2F8143778.html HTTP/1.1" 500 - "-" "Mozilla/5.0 (compatible; SemrushBot/7~bl; +http://www.semrush.com/bot.html)" "mantech8.com"
40.77.167.26 - - [28/Nov/2022:23:21:05 -0800] "GET /bimages/gallery/cb2.jpg HTTP/1.1" 200 200568 "-" "Mozilla/5.0 AppleWebKit/537.36 (KHTML, like Gecko; compatible; bingbot/2.0; +http://www.bing.com/bingbot.htm) Chrome/103.0.5060.134 Safari/537.36" "mantech8.com"
185.191.171.40 - - [28/Nov/2022:23:21:08 -0800] "GET /?camp-fire%2F25208533.html HTTP/1.1" 500 - "-" "Mozilla/5.0 (compatible; SemrushBot/7~bl; +http://www.semrush.com/bot.html)" "mantech8.com"
185.191.171.26 - - [28/Nov/2022:23:21:25 -0800] "GET /?camp-fire%2F42964821.html HTTP/1.1" 500 - "-" "Mozilla/5.0 (compatible; SemrushBot/7~bl; +http://www.semrush.com/bot.html)" "mantech8.com"
185.191.171.4 - - [28/Nov/2022:23:21:38 -0800] "GET /?camp-fire%2F5365155.html HTTP/1.1" 500 - "-" "Mozilla/5.0 (compatible; SemrushBot/7~bl; +http://www.semrush.com/bot.html)" "mantech8.com"
185.191.171.6 - - [28/Nov/2022:23:21:41 -0800] "GET /index.php/camp-fire/27284797.html HTTP/1.1" 500 - "-" "Mozilla/5.0 (compatible; SemrushBot/7~bl; +http://www.semrush.com/bot.html)" "mantech8.com"
185.191.171.14 - - [28/Nov/2022:23:22:40 -0800] "GET /?camp-fire%2F17709380.html HTTP/1.1" 500 - "-" "Mozilla/5.0 (compatible; SemrushBot/7~bl; +http://www.semrush.com/bot.html)" "mantech8.com"
185.191.171.12 - - [28/Nov/2022:23:22:47 -0800] "GET /?camp-fire%2F35223606.html HTTP/1.1" 500 - "-" "Mozilla/5.0 (compatible; SemrushBot/7~bl; +http://www.semrush.com/bot.html)" "mantech8.com"
185.191.171.19 - - [28/Nov/2022:23:22:55 -0800] "GET /?camp-fire%2F58317038.html HTTP/1.1" 500 - "-" "Mozilla/5.0 (compatible; SemrushBot/7~bl; +http://www.semrush.com/bot.html)" "mantech8.com"
185.191.171.25 - - [28/Nov/2022:23:23:37 -0800] "GET /?camp-fire%2F37044678.html HTTP/1.1" 500 - "-" "Mozilla/5.0 (compatible; SemrushBot/7~bl; +http://www.semrush.com/bot.html)" "mantech8.com"
40.77.167.67 - - [28/Nov/2022:23:23:49 -0800] "GET / HTTP/1.1" 200 64525 "-" "Mozilla/5.0 (compatible; bingbot/2.0; +http://www.bing.com/bingbot.htm)" "www.mantech8.com"
185.191.171.14 - - [28/Nov/2022:23:24:12 -0800] "GET /?camp-fire%2F45678892.html HTTP/1.1" 500 - "-" "Mozilla/5.0 (compatible; SemrushBot/7~bl; +http://www.semrush.com/bot.html)" "mantech8.com"
207.46.13.100 - - [28/Nov/2022:23:24:27 -0800] "GET /index.php/gvdr-59f2becaf-vmtqe.ii HTTP/1.1" 200 59847 "-" "Mozilla/5.0 AppleWebKit/537.36 (KHTML, like Gecko; compatible; bingbot/2.0; +http://www.bing.com/bingbot.htm) Chrome/103.0.5060.134 Safari/537.36" "mantech8.com"
185.191.171.19 - - [28/Nov/2022:23:24:32 -0800] "GET /?camp-fire%2F26645747.html HTTP/1.1" 500 - "-" "Mozilla/5.0 (compatible; SemrushBot/7~bl; +http://www.semrush.com/bot.html)" "mantech8.com"
207.46.13.100 - - [28/Nov/2022:23:25:45 -0800] "GET /camp-fire/96356612.html HTTP/1.1" 404 88 "-" "Mozilla/5.0 (compatible; bingbot/2.0; +http://www.bing.com/bingbot.htm)" "www.mantech8.com"
185.191.171.2 - - [28/Nov/2022:23:26:29 -0800] "GET /index.php/camp-fire/17952565.html HTTP/1.1" 500 - "-" "Mozilla/5.0 (compatible; SemrushBot/7~bl; +http://www.semrush.com/bot.html)" "mantech8.com"
40.77.167.26 - - [28/Nov/2022:23:26:48 -0800] "GET /index.php/pstd-3bfbbfeeac-ixbat.ii HTTP/1.1" 200 65159 "-" "Mozilla/5.0 (compatible; bingbot/2.0; +http://www.bing.com/bingbot.htm)" "mantech8.com"
207.46.13.177 - - [28/Nov/2022:23:27:02 -0800] "GET /index.php/EGy1-4178fcdcfd-vsvUw.Ii HTTP/1.1" 200 66593 "-" "Mozilla/5.0 AppleWebKit/537.36 (KHTML, like Gecko; compatible; bingbot/2.0; +http://www.bing.com/bingbot.htm) Chrome/103.0.5060.134 Safari/537.36" "mantech8.com"
185.191.171.41 - - [28/Nov/2022:23:27:08 -0800] "GET /index.php/camp-fire/52282334.html HTTP/1.1" 500 - "-" "Mozilla/5.0 (compatible; SemrushBot/7~bl; +http://www.semrush.com/bot.html)" "mantech8.com"
185.191.171.45 - - [28/Nov/2022:23:27:10 -0800] "GET /?camp-fire%2F67503857.html HTTP/1.1" 500 - "-" "Mozilla/5.0 (compatible; SemrushBot/7~bl; +http://www.semrush.com/bot.html)" "mantech8.com"
185.191.171.8 - - [28/Nov/2022:23:27:12 -0800] "GET /?camp-fire%2F18189961.html HTTP/1.1" 500 - "-" "Mozilla/5.0 (compatible; SemrushBot/7~bl; +http://www.semrush.com/bot.html)" "mantech8.com"
207.46.13.100 - - [28/Nov/2022:23:27:48 -0800] "GET /index.php?/article/article.php?id=567 HTTP/1.1" 200 70107 "-" "Mozilla/5.0 (compatible; bingbot/2.0; +http://www.bing.com/bingbot.htm)" "www.mantech8.com"
157.55.39.123 - - [28/Nov/2022:23:28:04 -0800] "GET /index.php/pstd-45ffbddad-ixfpp.ii HTTP/1.1" 200 61819 "-" "Mozilla/5.0 (compatible; bingbot/2.0; +http://www.bing.com/bingbot.htm)" "mantech8.com"
185.191.171.2 - - [28/Nov/2022:23:28:30 -0800] "GET /?camp-fire%2F58058534.html HTTP/1.1" 500 - "-" "Mozilla/5.0 (compatible; SemrushBot/7~bl; +http://www.semrush.com/bot.html)" "mantech8.com"
40.77.167.67 - - [28/Nov/2022:23:28:38 -0800] "GET /Pstd-67eeaf-iEglY.Ii HTTP/1.1" 404 88 "-" "Mozilla/5.0 AppleWebKit/537.36 (KHTML, like Gecko; compatible; bingbot/2.0; +http://www.bing.com/bingbot.htm) Chrome/103.0.5060.134 Safari/537.36" "www.mantech8.com"
40.77.167.67 - - [28/Nov/2022:23:28:38 -0800] "GET /F2si-5c083fdeab-DidpH.Ii HTTP/1.1" 404 88 "-" "Mozilla/5.0 AppleWebKit/537.36 (KHTML, like Gecko; compatible; bingbot/2.0; +http://www.bing.com/bingbot.htm) Chrome/103.0.5060.134 Safari/537.36" "www.mantech8.com"
185.191.171.22 - - [28/Nov/2022:23:28:46 -0800] "GET /?camp-fire%2F47265438.html HTTP/1.1" 500 - "-" "Mozilla/5.0 (compatible; SemrushBot/7~bl; +http://www.semrush.com/bot.html)" "mantech8.com"
40.77.167.67 - - [28/Nov/2022:23:28:58 -0800] "GET /Pstd-67eeaf-iEglY.Ii HTTP/1.1" 404 88 "-" "Mozilla/5.0 (compatible; bingbot/2.0; +http://www.bing.com/bingbot.htm)" "www.mantech8.com"
40.77.167.67 - - [28/Nov/2022:23:28:59 -0800] "GET /F2si-5c083fdeab-DidpH.Ii HTTP/1.1" 404 88 "-" "Mozilla/5.0 AppleWebKit/537.36 (KHTML, like Gecko; compatible; bingbot/2.0; +http://www.bing.com/bingbot.htm) Chrome/103.0.5060.134 Safari/537.36" "www.mantech8.com"
207.46.13.125 - - [28/Nov/2022:23:28:59 -0800] "GET /index.php/Wf2o-fea0bbafac-G4QAd.Ii HTTP/1.1" 200 68370 "-" "Mozilla/5.0 AppleWebKit/537.36 (KHTML, like Gecko; compatible; bingbot/2.0; +http://www.bing.com/bingbot.htm) Chrome/103.0.5060.134 Safari/537.36" "mantech8.com"
185.191.171.9 - - [28/Nov/2022:23:29:40 -0800] "GET /?camp-fire%2F14517324.html HTTP/1.1" 500 - "-" "Mozilla/5.0 (compatible; SemrushBot/7~bl; +http://www.semrush.com/bot.html)" "mantech8.com"
185.191.171.21 - - [28/Nov/2022:23:29:50 -0800] "GET /?camp-fire%2F34596555.html HTTP/1.1" 500 - "-" "Mozilla/5.0 (compatible; SemrushBot/7~bl; +http://www.semrush.com/bot.html)" "mantech8.com"
185.191.171.3 - - [28/Nov/2022:23:29:59 -0800] "GET /?camp-fire%2F77639783.html HTTP/1.1" 500 - "-" "Mozilla/5.0 (compatible; SemrushBot/7~bl; +http://www.semrush.com/bot.html)" "mantech8.com"
185.191.171.44 - - [28/Nov/2022:23:30:45 -0800] "GET /?camp-fire%2F58236249.html HTTP/1.1" 500 - "-" "Mozilla/5.0 (compatible; SemrushBot/7~bl; +http://www.semrush.com/bot.html)" "mantech8.com"
40.77.167.67 - - [28/Nov/2022:23:31:11 -0800] "GET /index.php/eayh-0afaeacae-rmcep.ii HTTP/1.1" 200 65923 "-" "Mozilla/5.0 (compatible; bingbot/2.0; +http://www.bing.com/bingbot.htm)" "mantech8.com"
185.191.171.42 - - [28/Nov/2022:23:31:27 -0800] "GET /?camp-fire%2F35773121.html HTTP/1.1" 500 - "-" "Mozilla/5.0 (compatible; SemrushBot/7~bl; +http://www.semrush.com/bot.html)" "mantech8.com"
185.191.171.24 - - [28/Nov/2022:23:31:56 -0800] "GET /index.php/camp-fire/12344376.html HTTP/1.1" 500 - "-" "Mozilla/5.0 (compatible; SemrushBot/7~bl; +http://www.semrush.com/bot.html)" "mantech8.com"
185.191.171.11 - - [28/Nov/2022:23:31:58 -0800] "GET /?camp-fire%2F15415283.html HTTP/1.1" 500 - "-" "Mozilla/5.0 (compatible; SemrushBot/7~bl; +http://www.semrush.com/bot.html)" "mantech8.com"
185.191.171.37 - - [28/Nov/2022:23:32:00 -0800] "GET /index.php/camp-fire/29952389.html HTTP/1.1" 500 - "-" "Mozilla/5.0 (compatible; SemrushBot/7~bl; +http://www.semrush.com/bot.html)" "mantech8.com"
185.191.171.10 - - [28/Nov/2022:23:32:33 -0800] "GET /?camp-fire%2F44351835.html HTTP/1.1" 500 - "-" "Mozilla/5.0 (compatible; SemrushBot/7~bl; +http://www.semrush.com/bot.html)" "mantech8.com"
185.191.171.11 - - [28/Nov/2022:23:32:48 -0800] "GET /?camp-fire%2F51411969.html HTTP/1.1" 500 - "-" "Mozilla/5.0 (compatible; SemrushBot/7~bl; +http://www.semrush.com/bot.html)" "mantech8.com"
185.191.171.23 - - [28/Nov/2022:23:33:27 -0800] "GET /?camp-fire%2F52323653.html HTTP/1.1" 500 - "-" "Mozilla/5.0 (compatible; SemrushBot/7~bl; +http://www.semrush.com/bot.html)" "mantech8.com"
185.191.171.12 - - [28/Nov/2022:23:33:29 -0800] "GET /?camp-fire%2F19837181.html HTTP/1.1" 500 - "-" "Mozilla/5.0 (compatible; SemrushBot/7~bl; +http://www.semrush.com/bot.html)" "mantech8.com"
207.46.13.100 - - [28/Nov/2022:23:34:06 -0800] "GET /index.php/vmbp-bcbddfae-umnpc.ii HTTP/1.1" 200 63687 "-" "Mozilla/5.0 AppleWebKit/537.36 (KHTML, like Gecko; compatible; bingbot/2.0; +http://www.bing.com/bingbot.htm) Chrome/103.0.5060.134 Safari/537.36" "mantech8.com"
207.46.13.100 - - [28/Nov/2022:23:34:26 -0800] "GET /index.php/11dd HTTP/1.1" 200 69275 "-" "Mozilla/5.0 (compatible; bingbot/2.0; +http://www.bing.com/bingbot.htm)" "mantech8.com"
207.46.13.100 - - [28/Nov/2022:23:34:27 -0800] "GET /index.php/VMbP-044cacec-uUCLL.Ii HTTP/1.1" 200 77836 "-" "Mozilla/5.0 (compatible; bingbot/2.0; +http://www.bing.com/bingbot.htm)" "mantech8.com"
185.191.171.21 - - [28/Nov/2022:23:34:34 -0800] "GET /?camp-fire%2F49541806.html HTTP/1.1" 500 - "-" "Mozilla/5.0 (compatible; SemrushBot/7~bl; +http://www.semrush.com/bot.html)" "mantech8.com"
185.191.171.33 - - [28/Nov/2022:23:34:42 -0800] "GET /?camp-fire%2F44073059.html HTTP/1.1" 500 - "-" "Mozilla/5.0 (compatible; SemrushBot/7~bl; +http://www.semrush.com/bot.html)" "mantech8.com"
207.46.13.125 - - [28/Nov/2022:23:34:59 -0800] "GET /index.php/sa5z-b58acefdb-H3Kbj.Ii HTTP/1.1" 200 75910 "-" "Mozilla/5.0 (compatible; bingbot/2.0; +http://www.bing.com/bingbot.htm)" "mantech8.com"
185.191.171.37 - - [28/Nov/2022:23:35:03 -0800] "GET /?camp-fire%2F27554826.html HTTP/1.1" 500 - "-" "Mozilla/5.0 (compatible; SemrushBot/7~bl; +http://www.semrush.com/bot.html)" "mantech8.com"
185.191.171.13 - - [28/Nov/2022:23:35:04 -0800] "GET /index.php/camp-fire/15525846.html HTTP/1.1" 500 - "-" "Mozilla/5.0 (compatible; SemrushBot/7~bl; +http://www.semrush.com/bot.html)" "mantech8.com"
185.191.171.22 - - [28/Nov/2022:23:35:24 -0800] "GET /?camp-fire%2F56477906.html HTTP/1.1" 500 - "-" "Mozilla/5.0 (compatible; SemrushBot/7~bl; +http://www.semrush.com/bot.html)" "mantech8.com"
207.46.13.177 - - [28/Nov/2022:23:36:14 -0800] "GET /index.php/okoc-80bde-luohk.ii HTTP/1.1" 200 72412 "-" "Mozilla/5.0 (compatible; bingbot/2.0; +http://www.bing.com/bingbot.htm)" "mantech8.com"
114.119.131.202 - - [28/Nov/2022:23:36:12 -0800] "GET /?sitemap8196.xml HTTP/1.1" 200 270539 "-" "Mozilla/5.0 (compatible;PetalBot;+https://webmaster.petalsearch.com/site/petalbot)" "mantech8.com"
207.46.13.125 - - [28/Nov/2022:23:36:22 -0800] "GET /bimages/SliderImage/new%20banner1.jpg HTTP/1.1" 200 1006727 "-" "Mozilla/5.0 AppleWebKit/537.36 (KHTML, like Gecko; compatible; bingbot/2.0; +http://www.bing.com/bingbot.htm) Chrome/103.0.5060.134 Safari/537.36" "mantech8.com"
185.191.171.25 - - [28/Nov/2022:23:36:29 -0800] "GET /index.php/camp-fire/13812276.html HTTP/1.1" 500 - "-" "Mozilla/5.0 (compatible; SemrushBot/7~bl; +http://www.semrush.com/bot.html)" "mantech8.com"
185.191.171.12 - - [28/Nov/2022:23:37:35 -0800] "GET /index.php/camp-fire/96611863.html HTTP/1.1" 500 - "-" "Mozilla/5.0 (compatible; SemrushBot/7~bl; +http://www.semrush.com/bot.html)" "mantech8.com"
185.191.171.21 - - [28/Nov/2022:23:37:51 -0800] "GET /?camp-fire%2F17346665.html HTTP/1.1" 500 - "-" "Mozilla/5.0 (compatible; SemrushBot/7~bl; +http://www.semrush.com/bot.html)" "mantech8.com"
40.77.167.26 - - [28/Nov/2022:23:37:57 -0800] "GET /bimages/gallery/thump/sb10.jpg HTTP/1.1" 200 119391 "-" "Mozilla/5.0 (compatible; bingbot/2.0; +http://www.bing.com/bingbot.htm)" "mantech8.com"
185.191.171.8 - - [28/Nov/2022:23:38:38 -0800] "GET /?camp-fire%2F71701117.html HTTP/1.1" 500 - "-" "Mozilla/5.0 (compatible; SemrushBot/7~bl; +http://www.semrush.com/bot.html)" "mantech8.com"
185.191.171.12 - - [28/Nov/2022:23:38:40 -0800] "GET /?camp-fire%2F17852926.html HTTP/1.1" 500 - "-" "Mozilla/5.0 (compatible; SemrushBot/7~bl; +http://www.semrush.com/bot.html)" "mantech8.com"
207.46.13.125 - - [28/Nov/2022:23:38:50 -0800] "GET /index.php/VMbP-8762fddc-uMUNH.Ii HTTP/1.1" 200 69080 "-" "Mozilla/5.0 AppleWebKit/537.36 (KHTML, like Gecko; compatible; bingbot/2.0; +http://www.bing.com/bingbot.htm) Chrome/103.0.5060.134 Safari/537.36" "mantech8.com"
185.191.171.14 - - [28/Nov/2022:23:38:54 -0800] "GET /?camp-fire%2F44733121.html HTTP/1.1" 500 - "-" "Mozilla/5.0 (compatible; SemrushBot/7~bl; +http://www.semrush.com/bot.html)" "mantech8.com"
185.191.171.6 - - [28/Nov/2022:23:39:14 -0800] "GET /?camp-fire%2F53210038.html HTTP/1.1" 500 - "-" "Mozilla/5.0 (compatible; SemrushBot/7~bl; +http://www.semrush.com/bot.html)" "mantech8.com"
40.77.167.26 - - [28/Nov/2022:23:39:39 -0800] "GET /index.php/egy1-39b18aae-vxist.ii HTTP/1.1" 200 103941 "-" "Mozilla/5.0 (compatible; bingbot/2.0; +http://www.bing.com/bingbot.htm)" "mantech8.com"
185.191.171.44 - - [28/Nov/2022:23:40:40 -0800] "GET /?camp-fire%2F46670641.html HTTP/1.1" 500 - "-" "Mozilla/5.0 (compatible; SemrushBot/7~bl; +http://www.semrush.com/bot.html)" "mantech8.com"
185.191.171.20 - - [28/Nov/2022:23:41:14 -0800] "GET /?camp-fire%2F49814472.html HTTP/1.1" 500 - "-" "Mozilla/5.0 (compatible; SemrushBot/7~bl; +http://www.semrush.com/bot.html)" "mantech8.com"
185.191.171.33 - - [28/Nov/2022:23:41:15 -0800] "GET /index.php/camp-fire/36435576.html HTTP/1.1" 500 - "-" "Mozilla/5.0 (compatible; SemrushBot/7~bl; +http://www.semrush.com/bot.html)" "mantech8.com"
185.191.171.24 - - [28/Nov/2022:23:41:18 -0800] "GET /?camp-fire%2F6933559.html HTTP/1.1" 500 - "-" "Mozilla/5.0 (compatible; SemrushBot/7~bl; +http://www.semrush.com/bot.html)" "mantech8.com"
114.119.154.252 - - [28/Nov/2022:23:41:29 -0800] "GET /index.php?angse.xml HTTP/1.1" 200 289265 "-" "Mozilla/5.0 (compatible;PetalBot;+https://webmaster.petalsearch.com/site/petalbot)" "mantech8.com"
185.191.171.15 - - [28/Nov/2022:23:41:46 -0800] "GET /?camp-fire%2F4995155.html HTTP/1.1" 500 - "-" "Mozilla/5.0 (compatible; SemrushBot/7~bl; +http://www.semrush.com/bot.html)" "mantech8.com"
185.191.171.14 - - [28/Nov/2022:23:42:01 -0800] "GET /index.php/camp-fire/27118063.html HTTP/1.1" 500 - "-" "Mozilla/5.0 (compatible; SemrushBot/7~bl; +http://www.semrush.com/bot.html)" "mantech8.com"
40.77.167.67 - - [28/Nov/2022:23:42:01 -0800] "GET /index.php/egy1-792cdeba-vsvum.ii HTTP/1.1" 200 65690 "-" "Mozilla/5.0 AppleWebKit/537.36 (KHTML, like Gecko; compatible; bingbot/2.0; +http://www.bing.com/bingbot.htm) Chrome/103.0.5060.134 Safari/537.36" "mantech8.com"
207.46.13.100 - - [28/Nov/2022:23:42:07 -0800] "GET /bimages/gallery/thump/sb8.jpg HTTP/1.1" 200 106811 "-" "Mozilla/5.0 AppleWebKit/537.36 (KHTML, like Gecko; compatible; bingbot/2.0; +http://www.bing.com/bingbot.htm) Chrome/103.0.5060.134 Safari/537.36" "mantech8.com"
207.46.13.100 - - [28/Nov/2022:23:42:08 -0800] "GET /index.php/wf2o-f082adeacf-g6zf5.ii HTTP/1.1" 200 70177 "-" "Mozilla/5.0 (compatible; bingbot/2.0; +http://www.bing.com/bingbot.htm)" "mantech8.com"
185.191.171.42 - - [28/Nov/2022:23:42:24 -0800] "GET /?camp-fire%2F68645517.html HTTP/1.1" 500 - "-" "Mozilla/5.0 (compatible; SemrushBot/7~bl; +http://www.semrush.com/bot.html)" "mantech8.com"
207.46.13.177 - - [28/Nov/2022:23:42:56 -0800] "GET /index.php/pstd-0407eeabbb-iwnwf.ii HTTP/1.1" 200 67609 "-" "Mozilla/5.0 (compatible; bingbot/2.0; +http://www.bing.com/bingbot.htm)" "mantech8.com"
207.46.13.100 - - [28/Nov/2022:23:43:08 -0800] "GET /index.php/31l7-4c0bbcdb-onuvh.ii HTTP/1.1" 200 68704 "-" "Mozilla/5.0 AppleWebKit/537.36 (KHTML, like Gecko; compatible; bingbot/2.0; +http://www.bing.com/bingbot.htm) Chrome/103.0.5060.134 Safari/537.36" "mantech8.com"
185.191.171.3 - - [28/Nov/2022:23:43:55 -0800] "GET /?camp-fire%2F15040600.html HTTP/1.1" 500 - "-" "Mozilla/5.0 (compatible; SemrushBot/7~bl; +http://www.semrush.com/bot.html)" "mantech8.com"
207.46.13.125 - - [28/Nov/2022:23:44:11 -0800] "GET /index.php/eayh-50ff-rmmbr.ii HTTP/1.1" 200 61920 "-" "Mozilla/5.0 (compatible; bingbot/2.0; +http://www.bing.com/bingbot.htm)" "mantech8.com"
185.191.171.1 - - [28/Nov/2022:23:44:24 -0800] "GET /?camp-fire%2F18215781.html HTTP/1.1" 500 - "-" "Mozilla/5.0 (compatible; SemrushBot/7~bl; +http://www.semrush.com/bot.html)" "mantech8.com"
185.191.171.24 - - [28/Nov/2022:23:44:35 -0800] "GET /?camp-fire%2F46582255.html HTTP/1.1" 500 - "-" "Mozilla/5.0 (compatible; SemrushBot/7~bl; +http://www.semrush.com/bot.html)" "mantech8.com"
185.191.171.45 - - [28/Nov/2022:23:44:57 -0800] "GET /?camp-fire%2F50754434.html HTTP/1.1" 500 - "-" "Mozilla/5.0 (compatible; SemrushBot/7~bl; +http://www.semrush.com/bot.html)" "mantech8.com"
185.191.171.24 - - [28/Nov/2022:23:45:07 -0800] "GET /index.php/camp-fire/10157490.html HTTP/1.1" 500 - "-" "Mozilla/5.0 (compatible; SemrushBot/7~bl; +http://www.semrush.com/bot.html)" "mantech8.com"
40.77.167.26 - - [28/Nov/2022:23:45:29 -0800] "GET /index.php/wtzk-bd599bdba-nlspa.ii HTTP/1.1" 200 71524 "-" "Mozilla/5.0 (compatible; bingbot/2.0; +http://www.bing.com/bingbot.htm)" "mantech8.com"
40.77.167.67 - - [28/Nov/2022:23:45:33 -0800] "GET /index.php/mcko-d8efb-vy8rl.ii HTTP/1.1" 200 68563 "-" "Mozilla/5.0 (compatible; bingbot/2.0; +http://www.bing.com/bingbot.htm)" "mantech8.com"
185.191.171.37 - - [28/Nov/2022:23:45:34 -0800] "GET /index.php/camp-fire/47098134.html HTTP/1.1" 500 - "-" "Mozilla/5.0 (compatible; SemrushBot/7~bl; +http://www.semrush.com/bot.html)" "mantech8.com"
185.191.171.42 - - [28/Nov/2022:23:45:47 -0800] "GET /?camp-fire%2F97127488.html HTTP/1.1" 500 - "-" "Mozilla/5.0 (compatible; SemrushBot/7~bl; +http://www.semrush.com/bot.html)" "mantech8.com"
207.46.13.100 - - [28/Nov/2022:23:45:47 -0800] "GET /index.php/c3ff HTTP/1.1" 200 63737 "-" "Mozilla/5.0 (compatible; bingbot/2.0; +http://www.bing.com/bingbot.htm)" "mantech8.com"
185.191.171.15 - - [28/Nov/2022:23:47:01 -0800] "GET /?camp-fire%2F28669109.html HTTP/1.1" 500 - "-" "Mozilla/5.0 (compatible; SemrushBot/7~bl; +http://www.semrush.com/bot.html)" "mantech8.com"
185.191.171.11 - - [28/Nov/2022:23:47:40 -0800] "GET /?camp-fire%2F93246080.html HTTP/1.1" 500 - "-" "Mozilla/5.0 (compatible; SemrushBot/7~bl; +http://www.semrush.com/bot.html)" "mantech8.com"
185.191.171.4 - - [28/Nov/2022:23:47:55 -0800] "GET /?camp-fire%2F78126290.html HTTP/1.1" 500 - "-" "Mozilla/5.0 (compatible; SemrushBot/7~bl; +http://www.semrush.com/bot.html)" "mantech8.com"
185.191.171.38 - - [28/Nov/2022:23:48:40 -0800] "GET /?camp-fire%2F95748606.html HTTP/1.1" 500 - "-" "Mozilla/5.0 (compatible; SemrushBot/7~bl; +http://www.semrush.com/bot.html)" "mantech8.com"
185.191.171.17 - - [28/Nov/2022:23:48:44 -0800] "GET /?camp-fire%2F5344077.html HTTP/1.1" 500 - "-" "Mozilla/5.0 (compatible; SemrushBot/7~bl; +http://www.semrush.com/bot.html)" "mantech8.com"
185.191.171.37 - - [28/Nov/2022:23:48:54 -0800] "GET /?camp-fire%2F43510030.html HTTP/1.1" 500 - "-" "Mozilla/5.0 (compatible; SemrushBot/7~bl; +http://www.semrush.com/bot.html)" "mantech8.com"
185.191.171.4 - - [28/Nov/2022:23:49:06 -0800] "GET /?camp-fire%2F17738827.html HTTP/1.1" 500 - "-" "Mozilla/5.0 (compatible; SemrushBot/7~bl; +http://www.semrush.com/bot.html)" "mantech8.com"
207.46.13.177 - - [28/Nov/2022:23:49:25 -0800] "GET /bimages/service/s111.jpg HTTP/1.1" 200 136831 "-" "Mozilla/5.0 AppleWebKit/537.36 (KHTML, like Gecko; compatible; bingbot/2.0; +http://www.bing.com/bingbot.htm) Chrome/103.0.5060.134 Safari/537.36" "www.mantech8.com"
185.191.171.5 - - [28/Nov/2022:23:49:28 -0800] "GET /?camp-fire%2F16353009.html HTTP/1.1" 500 - "-" "Mozilla/5.0 (compatible; SemrushBot/7~bl; +http://www.semrush.com/bot.html)" "mantech8.com"
185.191.171.9 - - [28/Nov/2022:23:49:50 -0800] "GET /?camp-fire%2F44613235.html HTTP/1.1" 500 - "-" "Mozilla/5.0 (compatible; SemrushBot/7~bl; +http://www.semrush.com/bot.html)" "mantech8.com"
185.191.171.14 - - [28/Nov/2022:23:49:55 -0800] "GET /?camp-fire%2F82667334.html HTTP/1.1" 500 - "-" "Mozilla/5.0 (compatible; SemrushBot/7~bl; +http://www.semrush.com/bot.html)" "mantech8.com"
185.191.171.8 - - [28/Nov/2022:23:49:57 -0800] "GET /index.php/camp-fire/16657865.html HTTP/1.1" 500 - "-" "Mozilla/5.0 (compatible; SemrushBot/7~bl; +http://www.semrush.com/bot.html)" "mantech8.com"
185.191.171.3 - - [28/Nov/2022:23:50:06 -0800] "GET /index.php/camp-fire/3263098.html HTTP/1.1" 500 - "-" "Mozilla/5.0 (compatible; SemrushBot/7~bl; +http://www.semrush.com/bot.html)" "mantech8.com"
40.77.167.26 - - [28/Nov/2022:23:50:18 -0800] "GET /index.php/wtzk-f1a01ebc-n2jfq.ii HTTP/1.1" 200 63244 "-" "Mozilla/5.0 (compatible; bingbot/2.0; +http://www.bing.com/bingbot.htm)" "mantech8.com"
185.191.171.19 - - [28/Nov/2022:23:50:45 -0800] "GET /?camp-fire%2F47695934.html HTTP/1.1" 500 - "-" "Mozilla/5.0 (compatible; SemrushBot/7~bl; +http://www.semrush.com/bot.html)" "mantech8.com"
207.46.13.125 - - [28/Nov/2022:23:50:51 -0800] "GET /bimages/paintg/thump/paint%20b4.jpg HTTP/1.1" 200 142441 "-" "Mozilla/5.0 AppleWebKit/537.36 (KHTML, like Gecko; compatible; bingbot/2.0; +http://www.bing.com/bingbot.htm) Chrome/103.0.5060.134 Safari/537.36" "mantech8.com"
185.191.171.7 - - [28/Nov/2022:23:51:37 -0800] "GET /?camp-fire%2F15742487.html HTTP/1.1" 500 - "-" "Mozilla/5.0 (compatible; SemrushBot/7~bl; +http://www.semrush.com/bot.html)" "mantech8.com"
185.191.171.5 - - [28/Nov/2022:23:52:20 -0800] "GET /?camp-fire%2F39078035.html HTTP/1.1" 500 - "-" "Mozilla/5.0 (compatible; SemrushBot/7~bl; +http://www.semrush.com/bot.html)" "mantech8.com"
207.46.13.177 - - [28/Nov/2022:23:53:05 -0800] "GET /F2si-f32bfaebd-DiUqx.Ii HTTP/1.1" 404 88 "-" "Mozilla/5.0 (compatible; bingbot/2.0; +http://www.bing.com/bingbot.htm)" "www.mantech8.com"
185.191.171.3 - - [28/Nov/2022:23:54:00 -0800] "GET /?camp-fire%2F43260370.html HTTP/1.1" 500 - "-" "Mozilla/5.0 (compatible; SemrushBot/7~bl; +http://www.semrush.com/bot.html)" "mantech8.com"
40.77.167.67 - - [28/Nov/2022:23:54:03 -0800] "GET /index.php/znf9-bb67fcbba-qzsj6.ii HTTP/1.1" 200 59990 "-" "Mozilla/5.0 (compatible; bingbot/2.0; +http://www.bing.com/bingbot.htm)" "mantech8.com"
185.191.171.35 - - [28/Nov/2022:23:54:11 -0800] "GET /?camp-fire%2F50245549.html HTTP/1.1" 500 - "-" "Mozilla/5.0 (compatible; SemrushBot/7~bl; +http://www.semrush.com/bot.html)" "mantech8.com"
185.191.171.35 - - [28/Nov/2022:23:54:17 -0800] "GET /index.php/camp-fire/26045151.html HTTP/1.1" 500 - "-" "Mozilla/5.0 (compatible; SemrushBot/7~bl; +http://www.semrush.com/bot.html)" "mantech8.com"
185.191.171.2 - - [28/Nov/2022:23:54:32 -0800] "GET /?camp-fire%2F45911871.html HTTP/1.1" 500 - "-" "Mozilla/5.0 (compatible; SemrushBot/7~bl; +http://www.semrush.com/bot.html)" "mantech8.com"
185.191.171.11 - - [28/Nov/2022:23:55:08 -0800] "GET /index.php/camp-fire/15166656.html HTTP/1.1" 500 - "-" "Mozilla/5.0 (compatible; SemrushBot/7~bl; +http://www.semrush.com/bot.html)" "mantech8.com"
207.46.13.100 - - [28/Nov/2022:23:55:09 -0800] "GET /index.php/gvdr-61bd-vinhg.ii HTTP/1.1" 200 74684 "-" "Mozilla/5.0 AppleWebKit/537.36 (KHTML, like Gecko; compatible; bingbot/2.0; +http://www.bing.com/bingbot.htm) Chrome/103.0.5060.134 Safari/537.36" "mantech8.com"
185.191.171.39 - - [28/Nov/2022:23:55:20 -0800] "GET /?camp-fire%2F79870100.html HTTP/1.1" 500 - "-" "Mozilla/5.0 (compatible; SemrushBot/7~bl; +http://www.semrush.com/bot.html)" "mantech8.com"
185.191.171.13 - - [28/Nov/2022:23:56:14 -0800] "GET /?camp-fire%2F4333996.html HTTP/1.1" 500 - "-" "Mozilla/5.0 (compatible; SemrushBot/7~bl; +http://www.semrush.com/bot.html)" "mantech8.com"
185.191.171.26 - - [28/Nov/2022:23:56:29 -0800] "GET /?camp-fire%2F19009932.html HTTP/1.1" 500 - "-" "Mozilla/5.0 (compatible; SemrushBot/7~bl; +http://www.semrush.com/bot.html)" "mantech8.com"
185.191.171.5 - - [28/Nov/2022:23:56:42 -0800] "GET /?camp-fire%2F4083265.html HTTP/1.1" 500 - "-" "Mozilla/5.0 (compatible; SemrushBot/7~bl; +http://www.semrush.com/bot.html)" "mantech8.com"
185.191.171.11 - - [28/Nov/2022:23:57:11 -0800] "GET /?camp-fire%2F40580838.html HTTP/1.1" 500 - "-" "Mozilla/5.0 (compatible; SemrushBot/7~bl; +http://www.semrush.com/bot.html)" "mantech8.com"
185.191.171.45 - - [28/Nov/2022:23:57:50 -0800] "GET /?camp-fire%2F56397527.html HTTP/1.1" 500 - "-" "Mozilla/5.0 (compatible; SemrushBot/7~bl; +http://www.semrush.com/bot.html)" "mantech8.com"
185.191.171.41 - - [28/Nov/2022:23:57:54 -0800] "GET /?camp-fire%2F40322460.html HTTP/1.1" 500 - "-" "Mozilla/5.0 (compatible; SemrushBot/7~bl; +http://www.semrush.com/bot.html)" "mantech8.com"
185.191.171.10 - - [28/Nov/2022:23:58:00 -0800] "GET /?camp-fire%2F54453503.html HTTP/1.1" 500 - "-" "Mozilla/5.0 (compatible; SemrushBot/7~bl; +http://www.semrush.com/bot.html)" "mantech8.com"
185.191.171.8 - - [28/Nov/2022:23:58:04 -0800] "GET /?camp-fire%2F42577089.html HTTP/1.1" 500 - "-" "Mozilla/5.0 (compatible; SemrushBot/7~bl; +http://www.semrush.com/bot.html)" "mantech8.com"
40.77.167.26 - - [28/Nov/2022:23:58:11 -0800] "GET /index.php/q5w4-11eb-jkyna.ii HTTP/1.1" 200 68735 "-" "Mozilla/5.0 (compatible; bingbot/2.0; +http://www.bing.com/bingbot.htm)" "mantech8.com"
40.77.167.67 - - [28/Nov/2022:23:58:33 -0800] "GET /index.php/q5w4-af9e2ffcaa-jputk.ii HTTP/1.1" 200 66384 "-" "Mozilla/5.0 (compatible; bingbot/2.0; +http://www.bing.com/bingbot.htm)" "mantech8.com"
185.191.171.11 - - [28/Nov/2022:23:58:39 -0800] "GET /?camp-fire%2F47335325.html HTTP/1.1" 500 - "-" "Mozilla/5.0 (compatible; SemrushBot/7~bl; +http://www.semrush.com/bot.html)" "mantech8.com"
185.191.171.16 - - [28/Nov/2022:23:59:15 -0800] "GET /index.php/camp-fire/12574985.html HTTP/1.1" 500 - "-" "Mozilla/5.0 (compatible; SemrushBot/7~bl; +http://www.semrush.com/bot.html)" "mantech8.com"
207.46.13.125 - - [28/Nov/2022:23:59:41 -0800] "GET /F2si-df0baefed-DidBj.Ii HTTP/1.1" 404 88 "-" "Mozilla/5.0 AppleWebKit/537.36 (KHTML, like Gecko; compatible; bingbot/2.0; +http://www.bing.com/bingbot.htm) Chrome/103.0.5060.134 Safari/537.36" "www.mantech8.com"
185.191.171.23 - - [29/Nov/2022:00:00:00 -0800] "GET /?camp-fire%2F28630309.html HTTP/1.1" 500 - "-" "Mozilla/5.0 (compatible; SemrushBot/7~bl; +http://www.semrush.com/bot.html)" "mantech8.com"
185.191.171.9 - - [29/Nov/2022:00:00:30 -0800] "GET /?camp-fire%2F53848876.html HTTP/1.1" 500 - "-" "Mozilla/5.0 (compatible; SemrushBot/7~bl; +http://www.semrush.com/bot.html)" "mantech8.com"
40.77.167.26 - - [29/Nov/2022:00:00:31 -0800] "GET /index.php/sa5z-e520cfdcfd-h48dc.ii HTTP/1.1" 200 61173 "-" "Mozilla/5.0 (compatible; bingbot/2.0; +http://www.bing.com/bingbot.htm)" "mantech8.com"
157.55.39.123 - - [29/Nov/2022:00:00:47 -0800] "GET /index.php/mhxm-c676cafea-jtjna.ii HTTP/1.1" 200 65657 "-" "Mozilla/5.0 (compatible; bingbot/2.0; +http://www.bing.com/bingbot.htm)" "mantech8.com"
185.191.171.10 - - [29/Nov/2022:00:00:52 -0800] "GET /?camp-fire%2F47106803.html HTTP/1.1" 500 - "-" "Mozilla/5.0 (compatible; SemrushBot/7~bl; +http://www.semrush.com/bot.html)" "mantech8.com"
185.191.171.7 - - [29/Nov/2022:00:01:05 -0800] "GET /?camp-fire%2F7608121.html HTTP/1.1" 500 - "-" "Mozilla/5.0 (compatible; SemrushBot/7~bl; +http://www.semrush.com/bot.html)" "mantech8.com"
185.191.171.37 - - [29/Nov/2022:00:01:18 -0800] "GET /?camp-fire%2F39157235.html HTTP/1.1" 500 - "-" "Mozilla/5.0 (compatible; SemrushBot/7~bl; +http://www.semrush.com/bot.html)" "mantech8.com"
185.191.171.43 - - [29/Nov/2022:00:02:34 -0800] "GET /?camp-fire%2F44219368.html HTTP/1.1" 500 - "-" "Mozilla/5.0 (compatible; SemrushBot/7~bl; +http://www.semrush.com/bot.html)" "mantech8.com"
185.191.171.25 - - [29/Nov/2022:00:03:32 -0800] "GET /index.php/camp-fire/27871706.html HTTP/1.1" 500 - "-" "Mozilla/5.0 (compatible; SemrushBot/7~bl; +http://www.semrush.com/bot.html)" "mantech8.com"
185.191.171.7 - - [29/Nov/2022:00:03:43 -0800] "GET /?camp-fire%2F8253778.html HTTP/1.1" 500 - "-" "Mozilla/5.0 (compatible; SemrushBot/7~bl; +http://www.semrush.com/bot.html)" "mantech8.com"
216.244.66.241 - - [29/Nov/2022:00:04:17 -0800] "GET /robots.txt HTTP/1.1" 200 222 "-" "Mozilla/5.0 (compatible; DotBot/1.2; +https://opensiteexplorer.org/dotbot; help@moz.com)" "www.mantech8.com"
216.244.66.241 - - [29/Nov/2022:00:04:17 -0800] "GET /robots.txt HTTP/1.1" 200 222 "-" "Mozilla/5.0 (compatible; DotBot/1.2; +https://opensiteexplorer.org/dotbot; help@moz.com)" "mantech8.com"
185.191.171.17 - - [29/Nov/2022:00:05:29 -0800] "GET /?camp-fire%2F35649250.html HTTP/1.1" 500 - "-" "Mozilla/5.0 (compatible; SemrushBot/7~bl; +http://www.semrush.com/bot.html)" "mantech8.com"
185.191.171.37 - - [29/Nov/2022:00:05:40 -0800] "GET /?camp-fire%2F71612003.html HTTP/1.1" 500 - "-" "Mozilla/5.0 (compatible; SemrushBot/7~bl; +http://www.semrush.com/bot.html)" "mantech8.com"
185.191.171.3 - - [29/Nov/2022:00:06:05 -0800] "GET /index.php/camp-fire/26048851.html HTTP/1.1" 500 - "-" "Mozilla/5.0 (compatible; SemrushBot/7~bl; +http://www.semrush.com/bot.html)" "mantech8.com"
185.191.171.25 - - [29/Nov/2022:00:06:04 -0800] "GET /robots.txt HTTP/1.1" 200 106 "-" "Mozilla/5.0 (compatible; SemrushBot/7~bl; +http://www.semrush.com/bot.html)" "mantech8.com"
185.191.171.26 - - [29/Nov/2022:00:06:32 -0800] "GET /?camp-fire%2F63327517.html HTTP/1.1" 500 - "-" "Mozilla/5.0 (compatible; SemrushBot/7~bl; +http://www.semrush.com/bot.html)" "mantech8.com"
185.191.171.23 - - [29/Nov/2022:00:06:52 -0800] "GET /?camp-fire%2F27336227.html HTTP/1.1" 500 - "-" "Mozilla/5.0 (compatible; SemrushBot/7~bl; +http://www.semrush.com/bot.html)" "mantech8.com"
185.191.171.15 - - [29/Nov/2022:00:07:00 -0800] "GET /?camp-fire%2F47178132.html HTTP/1.1" 500 - "-" "Mozilla/5.0 (compatible; SemrushBot/7~bl; +http://www.semrush.com/bot.html)" "mantech8.com"
185.191.171.16 - - [29/Nov/2022:00:07:10 -0800] "GET /?camp-fire%2F49437893.html HTTP/1.1" 500 - "-" "Mozilla/5.0 (compatible; SemrushBot/7~bl; +http://www.semrush.com/bot.html)" "mantech8.com"
185.191.171.2 - - [29/Nov/2022:00:07:16 -0800] "GET /index.php/camp-fire/26391332.html HTTP/1.1" 500 - "-" "Mozilla/5.0 (compatible; SemrushBot/7~bl; +http://www.semrush.com/bot.html)" "mantech8.com"
207.46.13.100 - - [29/Nov/2022:00:08:01 -0800] "GET /index.php/8fefeb HTTP/1.1" 200 64675 "-" "Mozilla/5.0 (compatible; bingbot/2.0; +http://www.bing.com/bingbot.htm)" "mantech8.com"
185.191.171.33 - - [29/Nov/2022:00:08:09 -0800] "GET /?camp-fire%2F52619850.html HTTP/1.1" 500 - "-" "Mozilla/5.0 (compatible; SemrushBot/7~bl; +http://www.semrush.com/bot.html)" "mantech8.com"
185.191.171.8 - - [29/Nov/2022:00:08:14 -0800] "GET /?camp-fire%2F67850197.html HTTP/1.1" 500 - "-" "Mozilla/5.0 (compatible; SemrushBot/7~bl; +http://www.semrush.com/bot.html)" "mantech8.com"
185.191.171.16 - - [29/Nov/2022:00:08:41 -0800] "GET /?camp-fire%2F16087072.html HTTP/1.1" 500 - "-" "Mozilla/5.0 (compatible; SemrushBot/7~bl; +http://www.semrush.com/bot.html)" "mantech8.com"
185.191.171.19 - - [29/Nov/2022:00:09:02 -0800] "GET /?camp-fire%2F15532746.html HTTP/1.1" 500 - "-" "Mozilla/5.0 (compatible; SemrushBot/7~bl; +http://www.semrush.com/bot.html)" "mantech8.com"
185.191.171.16 - - [29/Nov/2022:00:09:39 -0800] "GET /?camp-fire%2F39116803.html HTTP/1.1" 500 - "-" "Mozilla/5.0 (compatible; SemrushBot/7~bl; +http://www.semrush.com/bot.html)" "mantech8.com"
185.191.171.40 - - [29/Nov/2022:00:10:25 -0800] "GET /?camp-fire%2F80847890.html HTTP/1.1" 500 - "-" "Mozilla/5.0 (compatible; SemrushBot/7~bl; +http://www.semrush.com/bot.html)" "mantech8.com"
185.191.171.44 - - [29/Nov/2022:00:10:36 -0800] "GET /?camp-fire%2F9318772.html HTTP/1.1" 500 - "-" "Mozilla/5.0 (compatible; SemrushBot/7~bl; +http://www.semrush.com/bot.html)" "mantech8.com"
185.191.171.39 - - [29/Nov/2022:00:11:04 -0800] "GET /index.php/camp-fire/3243398.html HTTP/1.1" 500 - "-" "Mozilla/5.0 (compatible; SemrushBot/7~bl; +http://www.semrush.com/bot.html)" "mantech8.com"
40.77.167.26 - - [29/Nov/2022:00:11:20 -0800] "GET /index.php/zsUZ-dcdf-sIOCW.Ii HTTP/1.1" 200 73399 "-" "Mozilla/5.0 (compatible; bingbot/2.0; +http://www.bing.com/bingbot.htm)" "mantech8.com"
207.46.13.177 - - [29/Nov/2022:00:11:58 -0800] "GET /index.php/okoc-80bde-luohk.ii HTTP/1.1" 200 72403 "-" "Mozilla/5.0 AppleWebKit/537.36 (KHTML, like Gecko; compatible; bingbot/2.0; +http://www.bing.com/bingbot.htm) Chrome/103.0.5060.134 Safari/537.36" "mantech8.com"
40.77.167.26 - - [29/Nov/2022:00:12:41 -0800] "GET /index.php/wtzk-5fafbaebd-n2shr.ii HTTP/1.1" 200 70336 "-" "Mozilla/5.0 AppleWebKit/537.36 (KHTML, like Gecko; compatible; bingbot/2.0; +http://www.bing.com/bingbot.htm) Chrome/103.0.5060.134 Safari/537.36" "mantech8.com"
40.77.167.26 - - [29/Nov/2022:00:12:43 -0800] "GET /index.php/vmbp-f9ecc-unteu.ii HTTP/1.1" 200 68670 "-" "Mozilla/5.0 AppleWebKit/537.36 (KHTML, like Gecko; compatible; bingbot/2.0; +http://www.bing.com/bingbot.htm) Chrome/103.0.5060.134 Safari/537.36" "mantech8.com"
185.191.171.19 - - [29/Nov/2022:00:12:56 -0800] "GET /?camp-fire%2F16103865.html HTTP/1.1" 500 - "-" "Mozilla/5.0 (compatible; SemrushBot/7~bl; +http://www.semrush.com/bot.html)" "mantech8.com"
185.191.171.7 - - [29/Nov/2022:00:13:25 -0800] "GET /?camp-fire%2F8124478.html HTTP/1.1" 500 - "-" "Mozilla/5.0 (compatible; SemrushBot/7~bl; +http://www.semrush.com/bot.html)" "mantech8.com"
185.191.171.11 - - [29/Nov/2022:00:13:29 -0800] "GET /?camp-fire%2F7676908.html HTTP/1.1" 500 - "-" "Mozilla/5.0 (compatible; SemrushBot/7~bl; +http://www.semrush.com/bot.html)" "mantech8.com"
207.46.13.177 - - [29/Nov/2022:00:13:36 -0800] "GET /bimages/gallery/cb4.jpg HTTP/1.1" 200 170449 "-" "Mozilla/5.0 AppleWebKit/537.36 (KHTML, like Gecko; compatible; bingbot/2.0; +http://www.bing.com/bingbot.htm) Chrome/103.0.5060.134 Safari/537.36" "mantech8.com"
185.191.171.40 - - [29/Nov/2022:00:13:47 -0800] "GET /?camp-fire%2F15591946.html HTTP/1.1" 500 - "-" "Mozilla/5.0 (compatible; SemrushBot/7~bl; +http://www.semrush.com/bot.html)" "mantech8.com"
185.191.171.3 - - [29/Nov/2022:00:14:00 -0800] "GET /index.php/camp-fire/41374208.html HTTP/1.1" 500 - "-" "Mozilla/5.0 (compatible; SemrushBot/7~bl; +http://www.semrush.com/bot.html)" "mantech8.com"
185.191.171.25 - - [29/Nov/2022:00:14:45 -0800] "GET /?camp-fire%2F90167224.html HTTP/1.1" 500 - "-" "Mozilla/5.0 (compatible; SemrushBot/7~bl; +http://www.semrush.com/bot.html)" "mantech8.com"
185.191.171.16 - - [29/Nov/2022:00:15:23 -0800] "GET /index.php/camp-fire/11994698.html HTTP/1.1" 500 - "-" "Mozilla/5.0 (compatible; SemrushBot/7~bl; +http://www.semrush.com/bot.html)" "mantech8.com"
185.191.171.4 - - [29/Nov/2022:00:15:32 -0800] "GET /?camp-fire%2F57230726.html HTTP/1.1" 500 - "-" "Mozilla/5.0 (compatible; SemrushBot/7~bl; +http://www.semrush.com/bot.html)" "mantech8.com"
185.191.171.3 - - [29/Nov/2022:00:16:00 -0800] "GET /?camp-fire%2F15327265.html HTTP/1.1" 500 - "-" "Mozilla/5.0 (compatible; SemrushBot/7~bl; +http://www.semrush.com/bot.html)" "mantech8.com"
