157.55.39.123 - - [29/Nov/2022:14:09:28 -0800] "GET /index.php/mhxm-edbffbbde-jycdd.ii HTTP/1.1" 200 65064 "-" "Mozilla/5.0 (compatible; bingbot/2.0; +http://www.bing.com/bingbot.htm)" "mantech8.com"
185.191.171.34 - - [29/Nov/2022:14:09:32 -0800] "GET /?camp-fire%2F14816272.html HTTP/1.1" 500 - "-" "Mozilla/5.0 (compatible; SemrushBot/7~bl; +http://www.semrush.com/bot.html)" "mantech8.com"
185.191.171.17 - - [29/Nov/2022:14:11:42 -0800] "GET /?camp-fire%2F43835559.html HTTP/1.1" 500 - "-" "Mozilla/5.0 (compatible; SemrushBot/7~bl; +http://www.semrush.com/bot.html)" "mantech8.com"
40.77.167.26 - - [29/Nov/2022:14:11:40 -0800] "GET /index.php/q5w4-11eb-jkyna.ii HTTP/1.1" 200 68574 "-" "Mozilla/5.0 (compatible; bingbot/2.0; +http://www.bing.com/bingbot.htm)" "mantech8.com"
157.55.39.123 - - [29/Nov/2022:14:12:26 -0800] "GET /index.php/KJZ2-ec4c9aedef-ypuJl.Ii HTTP/1.1" 200 64917 "-" "Mozilla/5.0 (compatible; bingbot/2.0; +http://www.bing.com/bingbot.htm)" "mantech8.com"
185.191.171.25 - - [29/Nov/2022:14:12:31 -0800] "GET /?camp-fire%2F40323350.html HTTP/1.1" 500 - "-" "Mozilla/5.0 (compatible; SemrushBot/7~bl; +http://www.semrush.com/bot.html)" "mantech8.com"
40.77.167.26 - - [29/Nov/2022:14:12:31 -0800] "GET /index.php/sa5z-e520cfdcfd-h48dc.ii HTTP/1.1" 200 60649 "-" "Mozilla/5.0 (compatible; bingbot/2.0; +http://www.bing.com/bingbot.htm)" "mantech8.com"
207.46.13.125 - - [29/Nov/2022:14:12:36 -0800] "GET /index.php/4cde HTTP/1.1" 200 66766 "-" "Mozilla/5.0 AppleWebKit/537.36 (KHTML, like Gecko; compatible; bingbot/2.0; +http://www.bing.com/bingbot.htm) Chrome/103.0.5060.134 Safari/537.36" "mantech8.com"
185.191.171.42 - - [29/Nov/2022:14:12:38 -0800] "GET /index.php/camp-fire/46146126.html HTTP/1.1" 500 - "-" "Mozilla/5.0 (compatible; SemrushBot/7~bl; +http://www.semrush.com/bot.html)" "mantech8.com"
185.191.171.2 - - [29/Nov/2022:14:13:48 -0800] "GET /?camp-fire%2F58769134.html HTTP/1.1" 500 - "-" "Mozilla/5.0 (compatible; SemrushBot/7~bl; +http://www.semrush.com/bot.html)" "mantech8.com"
185.191.171.9 - - [29/Nov/2022:14:13:59 -0800] "GET /?camp-fire%2F60772234.html HTTP/1.1" 500 - "-" "Mozilla/5.0 (compatible; SemrushBot/7~bl; +http://www.semrush.com/bot.html)" "mantech8.com"
185.191.171.18 - - [29/Nov/2022:14:14:03 -0800] "GET /?camp-fire%2F21601317.html HTTP/1.1" 500 - "-" "Mozilla/5.0 (compatible; SemrushBot/7~bl; +http://www.semrush.com/bot.html)" "mantech8.com"
185.191.171.22 - - [29/Nov/2022:14:14:12 -0800] "GET /?camp-fire%2F11076257.html HTTP/1.1" 500 - "-" "Mozilla/5.0 (compatible; SemrushBot/7~bl; +http://www.semrush.com/bot.html)" "mantech8.com"
207.46.13.100 - - [29/Nov/2022:14:14:19 -0800] "GET /index.php/su70-2a948abb-ICruC.Ii HTTP/1.1" 200 67442 "-" "Mozilla/5.0 (compatible; bingbot/2.0; +http://www.bing.com/bingbot.htm)" "mantech8.com"
157.55.39.138 - - [29/Nov/2022:14:14:29 -0800] "GET /index.php/okoc-80bde-luohk.ii HTTP/1.1" 200 73366 "-" "Mozilla/5.0 AppleWebKit/537.36 (KHTML, like Gecko; compatible; bingbot/2.0; +http://www.bing.com/bingbot.htm) Chrome/103.0.5060.134 Safari/537.36" "mantech8.com"
66.249.70.176 - - [29/Nov/2022:14:14:53 -0800] "GET /sitemapimages18973.xml HTTP/1.1" 404 88 "-" "Mozilla/5.0 (compatible; Googlebot/2.1; +http://www.google.com/bot.html)" "mantech8.com"
185.191.171.23 - - [29/Nov/2022:14:15:09 -0800] "GET /?camp-fire%2F36412750.html HTTP/1.1" 500 - "-" "Mozilla/5.0 (compatible; SemrushBot/7~bl; +http://www.semrush.com/bot.html)" "mantech8.com"
157.55.39.123 - - [29/Nov/2022:14:15:37 -0800] "GET /bimages/gallery/thump/bn1.jpg HTTP/1.1" 200 188809 "-" "Mozilla/5.0 (compatible; bingbot/2.0; +http://www.bing.com/bingbot.htm)" "mantech8.com"
185.191.171.22 - - [29/Nov/2022:14:15:51 -0800] "GET /?camp-fire%2F55707355.html HTTP/1.1" 500 - "-" "Mozilla/5.0 (compatible; SemrushBot/7~bl; +http://www.semrush.com/bot.html)" "mantech8.com"
185.191.171.24 - - [29/Nov/2022:14:15:56 -0800] "GET /?camp-fire%2F51132817.html HTTP/1.1" 500 - "-" "Mozilla/5.0 (compatible; SemrushBot/7~bl; +http://www.semrush.com/bot.html)" "mantech8.com"
157.55.39.138 - - [29/Nov/2022:14:16:11 -0800] "GET /index.php/nwtf-22366bab-3pliz.ii HTTP/1.1" 200 71829 "-" "Mozilla/5.0 AppleWebKit/537.36 (KHTML, like Gecko; compatible; bingbot/2.0; +http://www.bing.com/bingbot.htm) Chrome/103.0.5060.134 Safari/537.36" "mantech8.com"
185.191.171.1 - - [29/Nov/2022:14:16:44 -0800] "GET /?camp-fire%2F39897876.html HTTP/1.1" 500 - "-" "Mozilla/5.0 (compatible; SemrushBot/7~bl; +http://www.semrush.com/bot.html)" "mantech8.com"
185.191.171.11 - - [29/Nov/2022:14:17:39 -0800] "GET /?camp-fire%2F43610008.html HTTP/1.1" 500 - "-" "Mozilla/5.0 (compatible; SemrushBot/7~bl; +http://www.semrush.com/bot.html)" "mantech8.com"
185.191.171.42 - - [29/Nov/2022:14:17:40 -0800] "GET /?camp-fire%2F31957530.html HTTP/1.1" 500 - "-" "Mozilla/5.0 (compatible; SemrushBot/7~bl; +http://www.semrush.com/bot.html)" "mantech8.com"
185.191.171.21 - - [29/Nov/2022:14:18:08 -0800] "GET /?camp-fire%2F45526865.html HTTP/1.1" 500 - "-" "Mozilla/5.0 (compatible; SemrushBot/7~bl; +http://www.semrush.com/bot.html)" "mantech8.com"
185.191.171.9 - - [29/Nov/2022:14:18:21 -0800] "GET /index.php/camp-fire/4780285.html HTTP/1.1" 500 - "-" "Mozilla/5.0 (compatible; SemrushBot/7~bl; +http://www.semrush.com/bot.html)" "mantech8.com"
40.77.167.26 - - [29/Nov/2022:14:18:22 -0800] "GET /index.php/mhxm-a4f8accac-jg3sk.ii HTTP/1.1" 200 70590 "-" "Mozilla/5.0 (compatible; bingbot/2.0; +http://www.bing.com/bingbot.htm)" "mantech8.com"
185.191.171.21 - - [29/Nov/2022:14:19:10 -0800] "GET /?camp-fire%2F45673808.html HTTP/1.1" 500 - "-" "Mozilla/5.0 (compatible; SemrushBot/7~bl; +http://www.semrush.com/bot.html)" "mantech8.com"
185.191.171.4 - - [29/Nov/2022:14:19:40 -0800] "GET /?camp-fire%2F55024665.html HTTP/1.1" 500 - "-" "Mozilla/5.0 (compatible; SemrushBot/7~bl; +http://www.semrush.com/bot.html)" "mantech8.com"
207.46.13.100 - - [29/Nov/2022:14:20:01 -0800] "GET /index.php/wf2o-f082adeacf-g6zf5.ii HTTP/1.1" 200 70106 "-" "Mozilla/5.0 AppleWebKit/537.36 (KHTML, like Gecko; compatible; bingbot/2.0; +http://www.bing.com/bingbot.htm) Chrome/103.0.5060.134 Safari/537.36" "mantech8.com"
207.46.13.125 - - [29/Nov/2022:14:20:06 -0800] "GET /services HTTP/1.1" 200 39198 "-" "Mozilla/5.0 AppleWebKit/537.36 (KHTML, like Gecko; compatible; bingbot/2.0; +http://www.bing.com/bingbot.htm) Chrome/103.0.5060.134 Safari/537.36" "www.mantech8.com"
185.191.171.25 - - [29/Nov/2022:14:20:12 -0800] "GET /?camp-fire%2F18631165.html HTTP/1.1" 500 - "-" "Mozilla/5.0 (compatible; SemrushBot/7~bl; +http://www.semrush.com/bot.html)" "mantech8.com"
40.77.167.26 - - [29/Nov/2022:14:20:20 -0800] "GET /enginenew/style.css HTTP/1.1" 200 2803 "-" "Mozilla/5.0 AppleWebKit/537.36 (KHTML, like Gecko; compatible; bingbot/2.0; +http://www.bing.com/bingbot.htm) Chrome/103.0.5060.134 Safari/537.36" "www.mantech8.com"
40.77.167.26 - - [29/Nov/2022:14:20:21 -0800] "GET /enginenew/wowslider.js HTTP/1.1" 200 9696 "-" "Mozilla/5.0 (compatible; bingbot/2.0; +http://www.bing.com/bingbot.htm)" "www.mantech8.com"
40.77.167.26 - - [29/Nov/2022:14:20:21 -0800] "GET /js/rd-smoothscroll.min1.js HTTP/1.1" 200 1124 "-" "Mozilla/5.0 AppleWebKit/537.36 (KHTML, like Gecko; compatible; bingbot/2.0; +http://www.bing.com/bingbot.htm) Chrome/103.0.5060.134 Safari/537.36" "www.mantech8.com"
40.77.167.26 - - [29/Nov/2022:14:20:21 -0800] "GET /revolution/js/revolution.extension.actions.min.js HTTP/1.1" 200 2110 "-" "Mozilla/5.0 AppleWebKit/537.36 (KHTML, like Gecko; compatible; bingbot/2.0; +http://www.bing.com/bingbot.htm) Chrome/103.0.5060.134 Safari/537.36" "www.mantech8.com"
207.46.13.125 - - [29/Nov/2022:14:20:24 -0800] "GET /js/script.js HTTP/1.1" 200 7687 "-" "Mozilla/5.0 AppleWebKit/537.36 (KHTML, like Gecko; compatible; bingbot/2.0; +http://www.bing.com/bingbot.htm) Chrome/103.0.5060.134 Safari/537.36" "www.mantech8.com"
40.77.167.67 - - [29/Nov/2022:14:20:25 -0800] "GET /enginenew/script.js HTTP/1.1" 200 2804 "-" "Mozilla/5.0 (compatible; bingbot/2.0; +http://www.bing.com/bingbot.htm)" "www.mantech8.com"
40.77.167.67 - - [29/Nov/2022:14:20:25 -0800] "GET /js/script1.js HTTP/1.1" 200 2007 "-" "Mozilla/5.0 AppleWebKit/537.36 (KHTML, like Gecko; compatible; bingbot/2.0; +http://www.bing.com/bingbot.htm) Chrome/103.0.5060.134 Safari/537.36" "www.mantech8.com"
40.77.167.67 - - [29/Nov/2022:14:20:25 -0800] "GET /js/wow.js HTTP/1.1" 200 2795 "-" "Mozilla/5.0 (compatible; bingbot/2.0; +http://www.bing.com/bingbot.htm)" "www.mantech8.com"
40.77.167.67 - - [29/Nov/2022:14:20:25 -0800] "GET /revolution/js/jquery.themepunch.revolution.min.js HTTP/1.1" 200 14034 "-" "Mozilla/5.0 AppleWebKit/537.36 (KHTML, like Gecko; compatible; bingbot/2.0; +http://www.bing.com/bingbot.htm) Chrome/103.0.5060.134 Safari/537.36" "www.mantech8.com"
40.77.167.67 - - [29/Nov/2022:14:20:25 -0800] "GET /revolution/js/revolution.extension.migration.min.js HTTP/1.1" 200 1739 "-" "Mozilla/5.0 (compatible; bingbot/2.0; +http://www.bing.com/bingbot.htm)" "www.mantech8.com"
40.77.167.67 - - [29/Nov/2022:14:20:25 -0800] "GET /revolution/js/revolution.extension.parallax.min.js HTTP/1.1" 200 2490 "-" "Mozilla/5.0 AppleWebKit/537.36 (KHTML, like Gecko; compatible; bingbot/2.0; +http://www.bing.com/bingbot.htm) Chrome/103.0.5060.134 Safari/537.36" "www.mantech8.com"
207.46.13.125 - - [29/Nov/2022:14:20:34 -0800] "GET /revolution/js/revolution.extension.kenburn.min.js HTTP/1.1" 200 1285 "-" "Mozilla/5.0 (compatible; bingbot/2.0; +http://www.bing.com/bingbot.htm)" "www.mantech8.com"
207.46.13.125 - - [29/Nov/2022:14:20:35 -0800] "GET /revolution/js/revolution.extension.navigation.min.js HTTP/1.1" 200 6533 "-" "Mozilla/5.0 (compatible; bingbot/2.0; +http://www.bing.com/bingbot.htm)" "www.mantech8.com"
185.191.171.10 - - [29/Nov/2022:14:20:52 -0800] "GET /?camp-fire%2F35667650.html HTTP/1.1" 500 - "-" "Mozilla/5.0 (compatible; SemrushBot/7~bl; +http://www.semrush.com/bot.html)" "mantech8.com"
40.77.167.67 - - [29/Nov/2022:14:20:54 -0800] "GET /index.php/egy1-792cdeba-vsvum.ii HTTP/1.1" 200 65001 "-" "Mozilla/5.0 AppleWebKit/537.36 (KHTML, like Gecko; compatible; bingbot/2.0; +http://www.bing.com/bingbot.htm) Chrome/103.0.5060.134 Safari/537.36" "mantech8.com"
157.55.39.123 - - [29/Nov/2022:14:20:57 -0800] "GET /css/style.css HTTP/1.1" 200 126990 "-" "Mozilla/5.0 (compatible; bingbot/2.0; +http://www.bing.com/bingbot.htm)" "www.mantech8.com"
157.55.39.123 - - [29/Nov/2022:14:20:58 -0800] "GET /js/custom.js HTTP/1.1" 200 1648 "-" "Mozilla/5.0 (compatible; bingbot/2.0; +http://www.bing.com/bingbot.htm)" "www.mantech8.com"
157.55.39.123 - - [29/Nov/2022:14:20:58 -0800] "GET /js/jquery-migrate-1.2.1.min.js HTTP/1.1" 200 3063 "-" "Mozilla/5.0 (compatible; bingbot/2.0; +http://www.bing.com/bingbot.htm)" "www.mantech8.com"
157.55.39.123 - - [29/Nov/2022:14:20:58 -0800] "GET /revolution/js/revolution.extension.carousel.min.js HTTP/1.1" 200 2465 "-" "Mozilla/5.0 AppleWebKit/537.36 (KHTML, like Gecko; compatible; bingbot/2.0; +http://www.bing.com/bingbot.htm) Chrome/103.0.5060.134 Safari/537.36" "www.mantech8.com"
207.46.13.100 - - [29/Nov/2022:14:21:00 -0800] "GET /css/style2.css HTTP/1.1" 200 8414 "-" "Mozilla/5.0 (compatible; bingbot/2.0; +http://www.bing.com/bingbot.htm)" "www.mantech8.com"
157.55.39.138 - - [29/Nov/2022:14:21:02 -0800] "GET /css/responsive1.css HTTP/1.1" 200 1710 "-" "Mozilla/5.0 (compatible; bingbot/2.0; +http://www.bing.com/bingbot.htm)" "www.mantech8.com"
157.55.39.138 - - [29/Nov/2022:14:21:02 -0800] "GET /enginenew/jquery.js HTTP/1.1" 200 33282 "-" "Mozilla/5.0 (compatible; bingbot/2.0; +http://www.bing.com/bingbot.htm)" "www.mantech8.com"
157.55.39.138 - - [29/Nov/2022:14:21:02 -0800] "GET /js/bootstrap.min.js HTTP/1.1" 200 9765 "-" "Mozilla/5.0 (compatible; bingbot/2.0; +http://www.bing.com/bingbot.htm)" "www.mantech8.com"
157.55.39.138 - - [29/Nov/2022:14:21:02 -0800] "GET /js/jquery-1.11.3.min.js HTTP/1.1" 200 33279 "-" "Mozilla/5.0 AppleWebKit/537.36 (KHTML, like Gecko; compatible; bingbot/2.0; +http://www.bing.com/bingbot.htm) Chrome/103.0.5060.134 Safari/537.36" "www.mantech8.com"
157.55.39.138 - - [29/Nov/2022:14:21:03 -0800] "GET /revolution/js/revolution.extension.layeranimation.min.js HTTP/1.1" 200 8295 "-" "Mozilla/5.0 AppleWebKit/537.36 (KHTML, like Gecko; compatible; bingbot/2.0; +http://www.bing.com/bingbot.htm) Chrome/103.0.5060.134 Safari/537.36" "www.mantech8.com"
157.55.39.138 - - [29/Nov/2022:14:21:03 -0800] "GET /revolution/js/revolution.extension.slideanims.min.js HTTP/1.1" 200 6622 "-" "Mozilla/5.0 AppleWebKit/537.36 (KHTML, like Gecko; compatible; bingbot/2.0; +http://www.bing.com/bingbot.htm) Chrome/103.0.5060.134 Safari/537.36" "www.mantech8.com"
157.55.39.138 - - [29/Nov/2022:14:21:03 -0800] "GET /revolution/js/revolution.extension.video.min.js HTTP/1.1" 200 5233 "-" "Mozilla/5.0 AppleWebKit/537.36 (KHTML, like Gecko; compatible; bingbot/2.0; +http://www.bing.com/bingbot.htm) Chrome/103.0.5060.134 Safari/537.36" "www.mantech8.com"
207.46.13.100 - - [29/Nov/2022:14:21:10 -0800] "GET /js/core.min1.js HTTP/1.1" 200 5104 "-" "Mozilla/5.0 (compatible; bingbot/2.0; +http://www.bing.com/bingbot.htm)" "www.mantech8.com"
207.46.13.100 - - [29/Nov/2022:14:21:11 -0800] "GET /js/jquery.rd-parallax.js HTTP/1.1" 200 2021 "-" "Mozilla/5.0 AppleWebKit/537.36 (KHTML, like Gecko; compatible; bingbot/2.0; +http://www.bing.com/bingbot.htm) Chrome/103.0.5060.134 Safari/537.36" "www.mantech8.com"
207.46.13.100 - - [29/Nov/2022:14:21:11 -0800] "GET /js/plugins.js HTTP/1.1" 200 67071 "-" "Mozilla/5.0 (compatible; bingbot/2.0; +http://www.bing.com/bingbot.htm)" "www.mantech8.com"
207.46.13.100 - - [29/Nov/2022:14:21:11 -0800] "GET /revolution/js/jquery.themepunch.tools.min.js HTTP/1.1" 200 36033 "-" "Mozilla/5.0 (compatible; bingbot/2.0; +http://www.bing.com/bingbot.htm)" "www.mantech8.com"
185.191.171.36 - - [29/Nov/2022:14:21:19 -0800] "GET /?camp-fire%2F17881326.html HTTP/1.1" 500 - "-" "Mozilla/5.0 (compatible; SemrushBot/7~bl; +http://www.semrush.com/bot.html)" "mantech8.com"
40.77.167.67 - - [29/Nov/2022:14:21:33 -0800] "GET /index.php?camp-fire/730.html HTTP/1.1" 200 70086 "-" "Mozilla/5.0 (compatible; bingbot/2.0; +http://www.bing.com/bingbot.htm)" "www.mantech8.com"
185.191.171.5 - - [29/Nov/2022:14:21:45 -0800] "GET /?camp-fire%2F69997265.html HTTP/1.1" 500 - "-" "Mozilla/5.0 (compatible; SemrushBot/7~bl; +http://www.semrush.com/bot.html)" "mantech8.com"
185.191.171.18 - - [29/Nov/2022:14:21:58 -0800] "GET /?camp-fire%2F18916676.html HTTP/1.1" 500 - "-" "Mozilla/5.0 (compatible; SemrushBot/7~bl; +http://www.semrush.com/bot.html)" "mantech8.com"
157.55.39.138 - - [29/Nov/2022:14:22:21 -0800] "GET /index.php/zfok-b093dbebbc-94wgd.ii HTTP/1.1" 200 70223 "-" "Mozilla/5.0 (compatible; bingbot/2.0; +http://www.bing.com/bingbot.htm)" "mantech8.com"
185.191.171.25 - - [29/Nov/2022:14:22:21 -0800] "GET /?camp-fire%2F62595000.html HTTP/1.1" 500 - "-" "Mozilla/5.0 (compatible; SemrushBot/7~bl; +http://www.semrush.com/bot.html)" "mantech8.com"
185.191.171.25 - - [29/Nov/2022:14:22:23 -0800] "GET /?camp-fire%2F11987357.html HTTP/1.1" 500 - "-" "Mozilla/5.0 (compatible; SemrushBot/7~bl; +http://www.semrush.com/bot.html)" "mantech8.com"
185.191.171.35 - - [29/Nov/2022:14:22:40 -0800] "GET /index.php/camp-fire/28498151.html HTTP/1.1" 500 - "-" "Mozilla/5.0 (compatible; SemrushBot/7~bl; +http://www.semrush.com/bot.html)" "mantech8.com"
185.191.171.15 - - [29/Nov/2022:14:24:12 -0800] "GET /?camp-fire%2F47584330.html HTTP/1.1" 500 - "-" "Mozilla/5.0 (compatible; SemrushBot/7~bl; +http://www.semrush.com/bot.html)" "mantech8.com"
40.77.167.26 - - [29/Nov/2022:14:24:22 -0800] "GET /index.php/wtzk-bd599bdba-nlspa.ii HTTP/1.1" 200 71785 "-" "Mozilla/5.0 (compatible; bingbot/2.0; +http://www.bing.com/bingbot.htm)" "mantech8.com"
40.77.167.67 - - [29/Nov/2022:14:24:27 -0800] "GET /index.php/mcko-d8efb-vy8rl.ii HTTP/1.1" 200 68595 "-" "Mozilla/5.0 AppleWebKit/537.36 (KHTML, like Gecko; compatible; bingbot/2.0; +http://www.bing.com/bingbot.htm) Chrome/103.0.5060.134 Safari/537.36" "mantech8.com"
185.191.171.25 - - [29/Nov/2022:14:24:58 -0800] "GET /?camp-fire%2F45627550.html HTTP/1.1" 500 - "-" "Mozilla/5.0 (compatible; SemrushBot/7~bl; +http://www.semrush.com/bot.html)" "mantech8.com"
185.191.171.34 - - [29/Nov/2022:14:25:19 -0800] "GET /?camp-fire%2F90815856.html HTTP/1.1" 500 - "-" "Mozilla/5.0 (compatible; SemrushBot/7~bl; +http://www.semrush.com/bot.html)" "mantech8.com"
185.191.171.15 - - [29/Nov/2022:14:25:36 -0800] "GET /index.php/camp-fire/37045763.html HTTP/1.1" 500 - "-" "Mozilla/5.0 (compatible; SemrushBot/7~bl; +http://www.semrush.com/bot.html)" "mantech8.com"
185.191.171.44 - - [29/Nov/2022:14:25:44 -0800] "GET /?camp-fire%2F11183898.html HTTP/1.1" 500 - "-" "Mozilla/5.0 (compatible; SemrushBot/7~bl; +http://www.semrush.com/bot.html)" "mantech8.com"
185.191.171.23 - - [29/Nov/2022:14:26:26 -0800] "GET /?camp-fire%2F42644930.html HTTP/1.1" 500 - "-" "Mozilla/5.0 (compatible; SemrushBot/7~bl; +http://www.semrush.com/bot.html)" "mantech8.com"
114.119.144.63 - - [29/Nov/2022:14:26:49 -0800] "GET /sitemap751.xml HTTP/1.1" 404 88 "-" "Mozilla/5.0 (compatible;PetalBot;+https://webmaster.petalsearch.com/site/petalbot)" "mantech8.com"
185.191.171.16 - - [29/Nov/2022:14:27:23 -0800] "GET /?camp-fire%2F21270665.html HTTP/1.1" 500 - "-" "Mozilla/5.0 (compatible; SemrushBot/7~bl; +http://www.semrush.com/bot.html)" "mantech8.com"
216.244.66.241 - - [29/Nov/2022:14:28:05 -0800] "GET /robots.txt HTTP/1.1" 200 222 "-" "Mozilla/5.0 (compatible; DotBot/1.2; +https://opensiteexplorer.org/dotbot; help@moz.com)" "mantech8.com"
216.244.66.241 - - [29/Nov/2022:14:28:05 -0800] "GET /robots.txt HTTP/1.1" 200 222 "-" "Mozilla/5.0 (compatible; DotBot/1.2; +https://opensiteexplorer.org/dotbot; help@moz.com)" "www.mantech8.com"
185.191.171.12 - - [29/Nov/2022:14:28:05 -0800] "GET /index.php/camp-fire/1963853.html HTTP/1.1" 500 - "-" "Mozilla/5.0 (compatible; SemrushBot/7~bl; +http://www.semrush.com/bot.html)" "mantech8.com"
185.191.171.25 - - [29/Nov/2022:14:28:25 -0800] "GET /?camp-fire%2F43453703.html HTTP/1.1" 500 - "-" "Mozilla/5.0 (compatible; SemrushBot/7~bl; +http://www.semrush.com/bot.html)" "mantech8.com"
207.46.13.100 - - [29/Nov/2022:14:29:22 -0800] "GET /index.php/q5w4-12c1dfbef-jpges.ii HTTP/1.1" 200 64396 "-" "Mozilla/5.0 (compatible; bingbot/2.0; +http://www.bing.com/bingbot.htm)" "mantech8.com"
185.191.171.40 - - [29/Nov/2022:14:29:36 -0800] "GET /?camp-fire%2F53111589.html HTTP/1.1" 500 - "-" "Mozilla/5.0 (compatible; SemrushBot/7~bl; +http://www.semrush.com/bot.html)" "mantech8.com"
185.191.171.44 - - [29/Nov/2022:14:29:39 -0800] "GET /?camp-fire%2F21396483.html HTTP/1.1" 500 - "-" "Mozilla/5.0 (compatible; SemrushBot/7~bl; +http://www.semrush.com/bot.html)" "mantech8.com"
185.191.171.39 - - [29/Nov/2022:14:30:08 -0800] "GET /?camp-fire%2F53331366.html HTTP/1.1" 500 - "-" "Mozilla/5.0 (compatible; SemrushBot/7~bl; +http://www.semrush.com/bot.html)" "mantech8.com"
185.191.171.19 - - [29/Nov/2022:14:30:54 -0800] "GET /?camp-fire%2F91243450.html HTTP/1.1" 500 - "-" "Mozilla/5.0 (compatible; SemrushBot/7~bl; +http://www.semrush.com/bot.html)" "mantech8.com"
185.191.171.38 - - [29/Nov/2022:14:31:39 -0800] "GET /?camp-fire%2F42510335.html HTTP/1.1" 500 - "-" "Mozilla/5.0 (compatible; SemrushBot/7~bl; +http://www.semrush.com/bot.html)" "mantech8.com"
114.119.138.32 - - [29/Nov/2022:14:31:50 -0800] "GET /?sitemap-index-9.xml HTTP/1.1" 200 4266 "-" "Mozilla/5.0 (Linux; Android 7.0;) AppleWebKit/537.36 (KHTML, like Gecko) Mobile Safari/537.36 (compatible; PetalBot;+https://webmaster.petalsearch.com/site/petalbot)" "mantech8.com"
40.77.167.67 - - [29/Nov/2022:14:31:54 -0800] "GET /index.php/Pstd-eafec-iEaT3.Ii HTTP/1.1" 200 65285 "-" "Mozilla/5.0 (compatible; bingbot/2.0; +http://www.bing.com/bingbot.htm)" "mantech8.com"
185.191.171.2 - - [29/Nov/2022:14:32:01 -0800] "GET /?camp-fire%2F45416606.html HTTP/1.1" 500 - "-" "Mozilla/5.0 (compatible; SemrushBot/7~bl; +http://www.semrush.com/bot.html)" "mantech8.com"
185.191.171.9 - - [29/Nov/2022:14:33:02 -0800] "GET /index.php?camp-fire%2F3898674.html HTTP/1.1" 500 - "-" "Mozilla/5.0 (compatible; SemrushBot/7~bl; +http://www.semrush.com/bot.html)" "mantech8.com"
157.55.39.169 - - [29/Nov/2022:14:33:07 -0800] "GET /robots.txt HTTP/1.1" 200 106 "-" "Mozilla/5.0 AppleWebKit/537.36 (KHTML, like Gecko; compatible; bingbot/2.0; +http://www.bing.com/bingbot.htm) Chrome/103.0.5060.134 Safari/537.36" "mantech8.com"
185.191.171.1 - - [29/Nov/2022:14:33:11 -0800] "GET /?camp-fire%2F41053876.html HTTP/1.1" 500 - "-" "Mozilla/5.0 (compatible; SemrushBot/7~bl; +http://www.semrush.com/bot.html)" "mantech8.com"
207.46.13.100 - - [29/Nov/2022:14:33:12 -0800] "GET /index.php/gvdr-61bd-vinhg.ii HTTP/1.1" 200 75054 "-" "Mozilla/5.0 AppleWebKit/537.36 (KHTML, like Gecko; compatible; bingbot/2.0; +http://www.bing.com/bingbot.htm) Chrome/103.0.5060.134 Safari/537.36" "mantech8.com"
157.55.39.138 - - [29/Nov/2022:14:33:30 -0800] "GET / HTTP/1.1" 200 64305 "-" "Mozilla/5.0 (compatible; bingbot/2.0; +http://www.bing.com/bingbot.htm)" "www.mantech8.com"
185.191.171.8 - - [29/Nov/2022:14:33:33 -0800] "GET /?camp-fire%2F34003164.html HTTP/1.1" 500 - "-" "Mozilla/5.0 (compatible; SemrushBot/7~bl; +http://www.semrush.com/bot.html)" "mantech8.com"
185.191.171.40 - - [29/Nov/2022:14:33:35 -0800] "GET /?camp-fire%2F21722635.html HTTP/1.1" 500 - "-" "Mozilla/5.0 (compatible; SemrushBot/7~bl; +http://www.semrush.com/bot.html)" "mantech8.com"
185.191.171.37 - - [29/Nov/2022:14:34:10 -0800] "GET /?camp-fire%2F45835292.html HTTP/1.1" 500 - "-" "Mozilla/5.0 (compatible; SemrushBot/7~bl; +http://www.semrush.com/bot.html)" "mantech8.com"
185.191.171.24 - - [29/Nov/2022:14:34:36 -0800] "GET /?camp-fire%2F42810834.html HTTP/1.1" 500 - "-" "Mozilla/5.0 (compatible; SemrushBot/7~bl; +http://www.semrush.com/bot.html)" "mantech8.com"
207.46.13.125 - - [29/Nov/2022:14:34:48 -0800] "GET /index.php/vmbp-7a62efaced-umw73.ii HTTP/1.1" 200 59713 "-" "Mozilla/5.0 (compatible; bingbot/2.0; +http://www.bing.com/bingbot.htm)" "mantech8.com"
185.191.171.22 - - [29/Nov/2022:14:35:19 -0800] "GET /?camp-fire%2F49556226.html HTTP/1.1" 500 - "-" "Mozilla/5.0 (compatible; SemrushBot/7~bl; +http://www.semrush.com/bot.html)" "mantech8.com"
40.77.167.26 - - [29/Nov/2022:14:35:23 -0800] "GET /index.php/nwtf-d0c95feeef-4aiul.ii HTTP/1.1" 200 63163 "-" "Mozilla/5.0 (compatible; bingbot/2.0; +http://www.bing.com/bingbot.htm)" "mantech8.com"
185.191.171.15 - - [29/Nov/2022:14:35:33 -0800] "GET /?camp-fire%2F52059672.html HTTP/1.1" 500 - "-" "Mozilla/5.0 (compatible; SemrushBot/7~bl; +http://www.semrush.com/bot.html)" "mantech8.com"
40.77.139.74 - - [29/Nov/2022:14:36:18 -0800] "GET /css/font-awesome.css HTTP/1.1" 200 5793 "http://www.mantech8.com/css/style2.css" "Mozilla/5.0 (Windows NT 6.1; WOW64) AppleWebKit/534+ (KHTML, like Gecko) BingPreview/1.0b" "www.mantech8.com"
40.77.139.74 - - [29/Nov/2022:14:36:18 -0800] "GET /css/animate.css HTTP/1.1" 200 4264 "http://www.mantech8.com/css/style2.css" "Mozilla/5.0 (Windows NT 6.1; WOW64) AppleWebKit/534+ (KHTML, like Gecko) BingPreview/1.0b" "www.mantech8.com"
40.77.139.74 - - [29/Nov/2022:14:36:18 -0800] "GET /css/flaticon.css HTTP/1.1" 200 321 "http://www.mantech8.com/css/style2.css" "Mozilla/5.0 (Windows NT 6.1; WOW64) AppleWebKit/534+ (KHTML, like Gecko) BingPreview/1.0b" "www.mantech8.com"
40.77.139.74 - - [29/Nov/2022:14:36:18 -0800] "GET /css/hover.css HTTP/1.1" 200 8530 "http://www.mantech8.com/css/style2.css" "Mozilla/5.0 (Windows NT 6.1; WOW64) AppleWebKit/534+ (KHTML, like Gecko) BingPreview/1.0b" "www.mantech8.com"
40.77.139.74 - - [29/Nov/2022:14:36:18 -0800] "GET /fonts/fontawesome-webfont.woff2?v=4.5.0 HTTP/1.1" 200 66624 "http://www.mantech8.com/css/style.css" "Mozilla/5.0 (Windows NT 6.1; WOW64) AppleWebKit/534+ (KHTML, like Gecko) BingPreview/1.0b" "www.mantech8.com"
40.77.139.74 - - [29/Nov/2022:14:36:18 -0800] "GET /js/jquery.ui.totop.min.js HTTP/1.1" 200 510 "http://www.mantech8.com/services" "Mozilla/5.0 (Windows NT 6.1; WOW64) AppleWebKit/534+ (KHTML, like Gecko) BingPreview/1.0b" "www.mantech8.com"
40.77.139.74 - - [29/Nov/2022:14:36:18 -0800] "GET /js/wow.min.js HTTP/1.1" 200 2731 "http://www.mantech8.com/services" "Mozilla/5.0 (Windows NT 6.1; WOW64) AppleWebKit/534+ (KHTML, like Gecko) BingPreview/1.0b" "www.mantech8.com"
185.191.171.45 - - [29/Nov/2022:14:36:19 -0800] "GET /index.php/camp-fire/36956138.html HTTP/1.1" 500 - "-" "Mozilla/5.0 (compatible; SemrushBot/7~bl; +http://www.semrush.com/bot.html)" "mantech8.com"
207.46.13.125 - - [29/Nov/2022:14:36:36 -0800] "GET /index.php/s0KV-2f3deadfec-ozqqy.Ii HTTP/1.1" 200 72838 "-" "Mozilla/5.0 AppleWebKit/537.36 (KHTML, like Gecko; compatible; bingbot/2.0; +http://www.bing.com/bingbot.htm) Chrome/103.0.5060.134 Safari/537.36" "mantech8.com"
185.191.171.8 - - [29/Nov/2022:14:36:41 -0800] "GET /?camp-fire%2F45744993.html HTTP/1.1" 500 - "-" "Mozilla/5.0 (compatible; SemrushBot/7~bl; +http://www.semrush.com/bot.html)" "mantech8.com"
114.119.149.150 - - [29/Nov/2022:14:36:51 -0800] "GET /index.php?sitemap768.xml HTTP/1.1" 200 289512 "-" "Mozilla/5.0 (Linux; Android 7.0;) AppleWebKit/537.36 (KHTML, like Gecko) Mobile Safari/537.36 (compatible; PetalBot;+https://webmaster.petalsearch.com/site/petalbot)" "mantech8.com"
157.55.39.123 - - [29/Nov/2022:14:37:19 -0800] "GET /index.php/013deaeac HTTP/1.1" 200 67542 "-" "Mozilla/5.0 (compatible; bingbot/2.0; +http://www.bing.com/bingbot.htm)" "mantech8.com"
185.191.171.26 - - [29/Nov/2022:14:37:46 -0800] "GET /?camp-fire%2F50442268.html HTTP/1.1" 500 - "-" "Mozilla/5.0 (compatible; SemrushBot/7~bl; +http://www.semrush.com/bot.html)" "mantech8.com"
185.191.171.26 - - [29/Nov/2022:14:38:28 -0800] "GET /?camp-fire%2F48641017.html HTTP/1.1" 500 - "-" "Mozilla/5.0 (compatible; SemrushBot/7~bl; +http://www.semrush.com/bot.html)" "mantech8.com"
185.191.171.24 - - [29/Nov/2022:14:38:37 -0800] "GET /index.php/camp-fire/15218787.html HTTP/1.1" 500 - "-" "Mozilla/5.0 (compatible; SemrushBot/7~bl; +http://www.semrush.com/bot.html)" "mantech8.com"
185.191.171.42 - - [29/Nov/2022:14:38:48 -0800] "GET /?camp-fire%2F16760265.html HTTP/1.1" 500 - "-" "Mozilla/5.0 (compatible; SemrushBot/7~bl; +http://www.semrush.com/bot.html)" "mantech8.com"
157.55.39.138 - - [29/Nov/2022:14:38:51 -0800] "GET /bimages/gallery/thump/paint%20b4.jpg HTTP/1.1" 200 142441 "-" "Mozilla/5.0 (compatible; bingbot/2.0; +http://www.bing.com/bingbot.htm)" "mantech8.com"
40.77.167.67 - - [29/Nov/2022:14:39:16 -0800] "GET /index.php/q5w4-fbad7ded-jppcb.ii HTTP/1.1" 200 65504 "-" "Mozilla/5.0 (compatible; bingbot/2.0; +http://www.bing.com/bingbot.htm)" "mantech8.com"
185.191.171.22 - - [29/Nov/2022:14:39:26 -0800] "GET /?camp-fire%2F98216447.html HTTP/1.1" 500 - "-" "Mozilla/5.0 (compatible; SemrushBot/7~bl; +http://www.semrush.com/bot.html)" "mantech8.com"
185.191.171.42 - - [29/Nov/2022:14:40:21 -0800] "GET /?camp-fire%2F62585529.html HTTP/1.1" 500 - "-" "Mozilla/5.0 (compatible; SemrushBot/7~bl; +http://www.semrush.com/bot.html)" "mantech8.com"
185.191.171.17 - - [29/Nov/2022:14:40:30 -0800] "GET /?camp-fire%2F43774634.html HTTP/1.1" 500 - "-" "Mozilla/5.0 (compatible; SemrushBot/7~bl; +http://www.semrush.com/bot.html)" "mantech8.com"
185.191.171.19 - - [29/Nov/2022:14:40:37 -0800] "GET /?camp-fire%2F43899249.html HTTP/1.1" 500 - "-" "Mozilla/5.0 (compatible; SemrushBot/7~bl; +http://www.semrush.com/bot.html)" "mantech8.com"
185.191.171.17 - - [29/Nov/2022:14:40:52 -0800] "GET /?camp-fire%2F32285942.html HTTP/1.1" 500 - "-" "Mozilla/5.0 (compatible; SemrushBot/7~bl; +http://www.semrush.com/bot.html)" "mantech8.com"
185.191.171.20 - - [29/Nov/2022:14:40:56 -0800] "GET /?camp-fire%2F47340627.html HTTP/1.1" 500 - "-" "Mozilla/5.0 (compatible; SemrushBot/7~bl; +http://www.semrush.com/bot.html)" "mantech8.com"
185.191.171.10 - - [29/Nov/2022:14:41:09 -0800] "GET /?camp-fire%2F55384089.html HTTP/1.1" 500 - "-" "Mozilla/5.0 (compatible; SemrushBot/7~bl; +http://www.semrush.com/bot.html)" "mantech8.com"
185.191.171.39 - - [29/Nov/2022:14:41:10 -0800] "GET /index.php/camp-fire/4763985.html HTTP/1.1" 500 - "-" "Mozilla/5.0 (compatible; SemrushBot/7~bl; +http://www.semrush.com/bot.html)" "mantech8.com"
114.119.149.150 - - [29/Nov/2022:14:41:53 -0800] "GET /bimages/hgallery/js_escape.lib.php HTTP/1.1" 200 32 "http://www.mantech8.com/bimages/hgallery/?C=S%3BO%3DA" "Mozilla/5.0 (Linux; Android 7.0;) AppleWebKit/537.36 (KHTML, like Gecko) Mobile Safari/537.36 (compatible; PetalBot;+https://webmaster.petalsearch.com/site/petalbot)" "www.mantech8.com"
157.55.39.123 - - [29/Nov/2022:14:42:10 -0800] "GET /index.php/vdfpd-3cbaaefecb-EGy1.Ii HTTP/1.1" 200 33017 "-" "Mozilla/5.0 (compatible; bingbot/2.0; +http://www.bing.com/bingbot.htm)" "mantech8.com"
185.191.171.22 - - [29/Nov/2022:14:42:15 -0800] "GET /?camp-fire%2F50825617.html HTTP/1.1" 500 - "-" "Mozilla/5.0 (compatible; SemrushBot/7~bl; +http://www.semrush.com/bot.html)" "mantech8.com"
66.249.70.176 - - [29/Nov/2022:14:42:25 -0800] "GET /sitemapimages15599.xml HTTP/1.1" 404 88 "-" "Mozilla/5.0 (compatible; Googlebot/2.1; +http://www.google.com/bot.html)" "mantech8.com"
185.191.171.42 - - [29/Nov/2022:14:42:27 -0800] "GET /?camp-fire%2F58794676.html HTTP/1.1" 500 - "-" "Mozilla/5.0 (compatible; SemrushBot/7~bl; +http://www.semrush.com/bot.html)" "mantech8.com"
185.191.171.4 - - [29/Nov/2022:14:43:41 -0800] "GET /index.php/camp-fire/12727408.html HTTP/1.1" 500 - "-" "Mozilla/5.0 (compatible; SemrushBot/7~bl; +http://www.semrush.com/bot.html)" "mantech8.com"
185.191.171.35 - - [29/Nov/2022:14:43:47 -0800] "GET /?camp-fire%2F60099678.html HTTP/1.1" 500 - "-" "Mozilla/5.0 (compatible; SemrushBot/7~bl; +http://www.semrush.com/bot.html)" "mantech8.com"
185.191.171.23 - - [29/Nov/2022:14:43:57 -0800] "GET /?camp-fire%2F5308177.html HTTP/1.1" 500 - "-" "Mozilla/5.0 (compatible; SemrushBot/7~bl; +http://www.semrush.com/bot.html)" "mantech8.com"
185.191.171.42 - - [29/Nov/2022:14:44:02 -0800] "GET /?camp-fire%2F68644917.html HTTP/1.1" 500 - "-" "Mozilla/5.0 (compatible; SemrushBot/7~bl; +http://www.semrush.com/bot.html)" "mantech8.com"
157.55.39.123 - - [29/Nov/2022:14:45:32 -0800] "GET /index.php/s0kv-96ad-osrap.ii HTTP/1.1" 200 66302 "-" "Mozilla/5.0 AppleWebKit/537.36 (KHTML, like Gecko; compatible; bingbot/2.0; +http://www.bing.com/bingbot.htm) Chrome/103.0.5060.134 Safari/537.36" "mantech8.com"
185.191.171.22 - - [29/Nov/2022:14:45:40 -0800] "GET /?camp-fire%2F37044878.html HTTP/1.1" 500 - "-" "Mozilla/5.0 (compatible; SemrushBot/7~bl; +http://www.semrush.com/bot.html)" "mantech8.com"
185.191.171.6 - - [29/Nov/2022:14:45:44 -0800] "GET /?camp-fire%2F18308474.html HTTP/1.1" 500 - "-" "Mozilla/5.0 (compatible; SemrushBot/7~bl; +http://www.semrush.com/bot.html)" "mantech8.com"
185.191.171.19 - - [29/Nov/2022:14:46:07 -0800] "GET /?camp-fire%2F43895359.html HTTP/1.1" 500 - "-" "Mozilla/5.0 (compatible; SemrushBot/7~bl; +http://www.semrush.com/bot.html)" "mantech8.com"
114.119.151.219 - - [29/Nov/2022:14:46:55 -0800] "GET /index.php?sitemap-index-3.xml HTTP/1.1" 200 4844 "-" "Mozilla/5.0 (Linux; Android 7.0;) AppleWebKit/537.36 (KHTML, like Gecko) Mobile Safari/537.36 (compatible; PetalBot;+https://webmaster.petalsearch.com/site/petalbot)" "mantech8.com"
185.191.171.43 - - [29/Nov/2022:14:47:28 -0800] "GET /?camp-fire%2F39952235.html HTTP/1.1" 500 - "-" "Mozilla/5.0 (compatible; SemrushBot/7~bl; +http://www.semrush.com/bot.html)" "mantech8.com"
185.191.171.39 - - [29/Nov/2022:14:47:48 -0800] "GET /?camp-fire%2F42907416.html HTTP/1.1" 500 - "-" "Mozilla/5.0 (compatible; SemrushBot/7~bl; +http://www.semrush.com/bot.html)" "mantech8.com"
185.191.171.38 - - [29/Nov/2022:14:48:10 -0800] "GET /?camp-fire%2F47573838.html HTTP/1.1" 500 - "-" "Mozilla/5.0 (compatible; SemrushBot/7~bl; +http://www.semrush.com/bot.html)" "mantech8.com"
185.191.171.38 - - [29/Nov/2022:14:48:26 -0800] "GET /?camp-fire%2F40226788.html HTTP/1.1" 500 - "-" "Mozilla/5.0 (compatible; SemrushBot/7~bl; +http://www.semrush.com/bot.html)" "mantech8.com"
185.191.171.34 - - [29/Nov/2022:14:48:42 -0800] "GET /?camp-fire%2F44418674.html HTTP/1.1" 500 - "-" "Mozilla/5.0 (compatible; SemrushBot/7~bl; +http://www.semrush.com/bot.html)" "mantech8.com"
185.191.171.39 - - [29/Nov/2022:14:48:57 -0800] "GET /?camp-fire%2F52312750.html HTTP/1.1" 500 - "-" "Mozilla/5.0 (compatible; SemrushBot/7~bl; +http://www.semrush.com/bot.html)" "mantech8.com"
185.191.171.42 - - [29/Nov/2022:14:48:58 -0800] "GET /?camp-fire%2F58132580.html HTTP/1.1" 500 - "-" "Mozilla/5.0 (compatible; SemrushBot/7~bl; +http://www.semrush.com/bot.html)" "mantech8.com"
157.55.39.123 - - [29/Nov/2022:14:49:32 -0800] "GET /index.php/pstd-45ffbddad-ixfpp.ii HTTP/1.1" 200 61756 "-" "Mozilla/5.0 (compatible; bingbot/2.0; +http://www.bing.com/bingbot.htm)" "mantech8.com"
185.191.171.10 - - [29/Nov/2022:14:49:32 -0800] "GET /?camp-fire%2F50595335.html HTTP/1.1" 500 - "-" "Mozilla/5.0 (compatible; SemrushBot/7~bl; +http://www.semrush.com/bot.html)" "mantech8.com"
185.191.171.8 - - [29/Nov/2022:14:49:42 -0800] "GET /?camp-fire%2F29153859.html HTTP/1.1" 500 - "-" "Mozilla/5.0 (compatible; SemrushBot/7~bl; +http://www.semrush.com/bot.html)" "mantech8.com"
185.191.171.44 - - [29/Nov/2022:14:50:28 -0800] "GET /index.php/camp-fire/32389960.html HTTP/1.1" 500 - "-" "Mozilla/5.0 (compatible; SemrushBot/7~bl; +http://www.semrush.com/bot.html)" "mantech8.com"
157.55.39.138 - - [29/Nov/2022:14:50:53 -0800] "GET /index.php/okoc-80bde-luohk.ii HTTP/1.1" 200 72954 "-" "Mozilla/5.0 AppleWebKit/537.36 (KHTML, like Gecko; compatible; bingbot/2.0; +http://www.bing.com/bingbot.htm) Chrome/103.0.5060.134 Safari/537.36" "mantech8.com"
185.191.171.25 - - [29/Nov/2022:14:51:24 -0800] "GET /?camp-fire%2F13938672.html HTTP/1.1" 500 - "-" "Mozilla/5.0 (compatible; SemrushBot/7~bl; +http://www.semrush.com/bot.html)" "mantech8.com"
185.191.171.4 - - [29/Nov/2022:14:51:41 -0800] "GET /?camp-fire%2F14895872.html HTTP/1.1" 500 - "-" "Mozilla/5.0 (compatible; SemrushBot/7~bl; +http://www.semrush.com/bot.html)" "mantech8.com"
157.55.39.138 - - [29/Nov/2022:14:51:43 -0800] "GET /index.php/eb5r-3b4b1abb-lcrgl.ii HTTP/1.1" 200 64123 "-" "Mozilla/5.0 AppleWebKit/537.36 (KHTML, like Gecko; compatible; bingbot/2.0; +http://www.bing.com/bingbot.htm) Chrome/103.0.5060.134 Safari/537.36" "mantech8.com"
185.191.171.19 - - [29/Nov/2022:14:52:36 -0800] "GET /?camp-fire%2F36196400.html HTTP/1.1" 500 - "-" "Mozilla/5.0 (compatible; SemrushBot/7~bl; +http://www.semrush.com/bot.html)" "mantech8.com"
185.191.171.16 - - [29/Nov/2022:14:53:09 -0800] "GET /?camp-fire%2F33929208.html HTTP/1.1" 500 - "-" "Mozilla/5.0 (compatible; SemrushBot/7~bl; +http://www.semrush.com/bot.html)" "mantech8.com"
185.191.171.11 - - [29/Nov/2022:14:53:16 -0800] "GET /?camp-fire%2F74936349.html HTTP/1.1" 500 - "-" "Mozilla/5.0 (compatible; SemrushBot/7~bl; +http://www.semrush.com/bot.html)" "mantech8.com"
40.77.167.26 - - [29/Nov/2022:14:54:04 -0800] "GET /index.php/NAQ6-4ee0ceaacb-Iub8y.Ii HTTP/1.1" 200 68351 "-" "Mozilla/5.0 (compatible; bingbot/2.0; +http://www.bing.com/bingbot.htm)" "mantech8.com"
185.191.171.43 - - [29/Nov/2022:14:55:19 -0800] "GET /?camp-fire%2F12667309.html HTTP/1.1" 500 - "-" "Mozilla/5.0 (compatible; SemrushBot/7~bl; +http://www.semrush.com/bot.html)" "mantech8.com"
185.191.171.25 - - [29/Nov/2022:14:55:22 -0800] "GET /?camp-fire%2F63326317.html HTTP/1.1" 500 - "-" "Mozilla/5.0 (compatible; SemrushBot/7~bl; +http://www.semrush.com/bot.html)" "mantech8.com"
185.191.171.42 - - [29/Nov/2022:14:55:23 -0800] "GET /robots.txt HTTP/1.1" 200 106 "-" "Mozilla/5.0 (compatible; SemrushBot/7~bl; +http://www.semrush.com/bot.html)" "mantech8.com"
185.191.171.15 - - [29/Nov/2022:14:55:23 -0800] "GET /?camp-fire%2F39897572.html HTTP/1.1" 500 - "-" "Mozilla/5.0 (compatible; SemrushBot/7~bl; +http://www.semrush.com/bot.html)" "mantech8.com"
185.191.171.5 - - [29/Nov/2022:14:55:58 -0800] "GET /?camp-fire%2F72933459.html HTTP/1.1" 500 - "-" "Mozilla/5.0 (compatible; SemrushBot/7~bl; +http://www.semrush.com/bot.html)" "mantech8.com"
185.191.171.11 - - [29/Nov/2022:14:56:01 -0800] "GET /?camp-fire%2F88072465.html HTTP/1.1" 500 - "-" "Mozilla/5.0 (compatible; SemrushBot/7~bl; +http://www.semrush.com/bot.html)" "mantech8.com"
185.191.171.12 - - [29/Nov/2022:14:56:05 -0800] "GET /?camp-fire%2F63727393.html HTTP/1.1" 500 - "-" "Mozilla/5.0 (compatible; SemrushBot/7~bl; +http://www.semrush.com/bot.html)" "mantech8.com"
185.191.171.12 - - [29/Nov/2022:14:56:34 -0800] "GET /?camp-fire%2F15683629.html HTTP/1.1" 500 - "-" "Mozilla/5.0 (compatible; SemrushBot/7~bl; +http://www.semrush.com/bot.html)" "mantech8.com"
185.191.171.25 - - [29/Nov/2022:14:57:27 -0800] "GET /?camp-fire%2F7736708.html HTTP/1.1" 500 - "-" "Mozilla/5.0 (compatible; SemrushBot/7~bl; +http://www.semrush.com/bot.html)" "mantech8.com"
40.77.167.67 - - [29/Nov/2022:14:57:38 -0800] "GET /index.php/egy1-792cdeba-vsvum.ii HTTP/1.1" 200 64713 "-" "Mozilla/5.0 (compatible; bingbot/2.0; +http://www.bing.com/bingbot.htm)" "mantech8.com"
185.191.171.13 - - [29/Nov/2022:14:57:43 -0800] "GET /?camp-fire%2F15614246.html HTTP/1.1" 500 - "-" "Mozilla/5.0 (compatible; SemrushBot/7~bl; +http://www.semrush.com/bot.html)" "mantech8.com"
185.191.171.35 - - [29/Nov/2022:14:58:46 -0800] "GET /?camp-fire%2F54828634.html HTTP/1.1" 500 - "-" "Mozilla/5.0 (compatible; SemrushBot/7~bl; +http://www.semrush.com/bot.html)" "mantech8.com"
185.191.171.3 - - [29/Nov/2022:14:59:09 -0800] "GET /index.php?camp-fire%2F9105142.html HTTP/1.1" 500 - "-" "Mozilla/5.0 (compatible; SemrushBot/7~bl; +http://www.semrush.com/bot.html)" "mantech8.com"
185.191.171.16 - - [29/Nov/2022:14:59:40 -0800] "GET /?camp-fire%2F20074884.html HTTP/1.1" 500 - "-" "Mozilla/5.0 (compatible; SemrushBot/7~bl; +http://www.semrush.com/bot.html)" "mantech8.com"
185.191.171.26 - - [29/Nov/2022:15:00:00 -0800] "GET /?camp-fire%2F61774471.html HTTP/1.1" 500 - "-" "Mozilla/5.0 (compatible; SemrushBot/7~bl; +http://www.semrush.com/bot.html)" "mantech8.com"
40.77.167.26 - - [29/Nov/2022:15:00:15 -0800] "GET /bimages/gallery/s3.jpg HTTP/1.1" 200 170464 "-" "Mozilla/5.0 (compatible; bingbot/2.0; +http://www.bing.com/bingbot.htm)" "mantech8.com"
185.191.171.45 - - [29/Nov/2022:15:00:45 -0800] "GET /?camp-fire%2F39945302.html HTTP/1.1" 500 - "-" "Mozilla/5.0 (compatible; SemrushBot/7~bl; +http://www.semrush.com/bot.html)" "mantech8.com"
40.77.167.26 - - [29/Nov/2022:15:00:55 -0800] "GET /index.php/wtzk-bd599bdba-nlspa.ii HTTP/1.1" 200 71806 "-" "Mozilla/5.0 AppleWebKit/537.36 (KHTML, like Gecko; compatible; bingbot/2.0; +http://www.bing.com/bingbot.htm) Chrome/103.0.5060.134 Safari/537.36" "mantech8.com"
40.77.167.67 - - [29/Nov/2022:15:00:59 -0800] "GET /index.php/mcko-d8efb-vy8rl.ii HTTP/1.1" 200 68429 "-" "Mozilla/5.0 (compatible; bingbot/2.0; +http://www.bing.com/bingbot.htm)" "mantech8.com"
185.191.171.1 - - [29/Nov/2022:15:01:08 -0800] "GET /?camp-fire%2F10185090.html HTTP/1.1" 500 - "-" "Mozilla/5.0 (compatible; SemrushBot/7~bl; +http://www.semrush.com/bot.html)" "mantech8.com"
185.191.171.40 - - [29/Nov/2022:15:01:40 -0800] "GET /?camp-fire%2F85874630.html HTTP/1.1" 500 - "-" "Mozilla/5.0 (compatible; SemrushBot/7~bl; +http://www.semrush.com/bot.html)" "mantech8.com"
185.191.171.25 - - [29/Nov/2022:15:01:42 -0800] "GET /?camp-fire%2F57081270.html HTTP/1.1" 500 - "-" "Mozilla/5.0 (compatible; SemrushBot/7~bl; +http://www.semrush.com/bot.html)" "mantech8.com"
185.191.171.8 - - [29/Nov/2022:15:02:32 -0800] "GET /?camp-fire%2F86176957.html HTTP/1.1" 500 - "-" "Mozilla/5.0 (compatible; SemrushBot/7~bl; +http://www.semrush.com/bot.html)" "mantech8.com"
185.191.171.14 - - [29/Nov/2022:15:02:43 -0800] "GET /?camp-fire%2F6272977.html HTTP/1.1" 500 - "-" "Mozilla/5.0 (compatible; SemrushBot/7~bl; +http://www.semrush.com/bot.html)" "mantech8.com"
185.191.171.40 - - [29/Nov/2022:15:03:17 -0800] "GET /?camp-fire%2F14854072.html HTTP/1.1" 500 - "-" "Mozilla/5.0 (compatible; SemrushBot/7~bl; +http://www.semrush.com/bot.html)" "mantech8.com"
185.191.171.44 - - [29/Nov/2022:15:03:28 -0800] "GET /?camp-fire%2F72434083.html HTTP/1.1" 500 - "-" "Mozilla/5.0 (compatible; SemrushBot/7~bl; +http://www.semrush.com/bot.html)" "mantech8.com"
185.191.171.41 - - [29/Nov/2022:15:03:46 -0800] "GET /?camp-fire%2F49853578.html HTTP/1.1" 500 - "-" "Mozilla/5.0 (compatible; SemrushBot/7~bl; +http://www.semrush.com/bot.html)" "mantech8.com"
207.46.13.100 - - [29/Nov/2022:15:04:15 -0800] "GET /index.php/wf2o-f082adeacf-g6zf5.ii HTTP/1.1" 200 69931 "-" "Mozilla/5.0 (compatible; bingbot/2.0; +http://www.bing.com/bingbot.htm)" "mantech8.com"
185.191.171.9 - - [29/Nov/2022:15:06:18 -0800] "GET /?camp-fire%2F16297465.html HTTP/1.1" 500 - "-" "Mozilla/5.0 (compatible; SemrushBot/7~bl; +http://www.semrush.com/bot.html)" "mantech8.com"
185.191.171.25 - - [29/Nov/2022:15:06:36 -0800] "GET /index.php/camp-fire/17573480.html HTTP/1.1" 500 - "-" "Mozilla/5.0 (compatible; SemrushBot/7~bl; +http://www.semrush.com/bot.html)" "mantech8.com"
185.191.171.19 - - [29/Nov/2022:15:07:23 -0800] "GET /?camp-fire%2F39112303.html HTTP/1.1" 500 - "-" "Mozilla/5.0 (compatible; SemrushBot/7~bl; +http://www.semrush.com/bot.html)" "mantech8.com"
185.191.171.36 - - [29/Nov/2022:15:07:25 -0800] "GET /?camp-fire%2F42968634.html HTTP/1.1" 500 - "-" "Mozilla/5.0 (compatible; SemrushBot/7~bl; +http://www.semrush.com/bot.html)" "mantech8.com"
185.191.171.12 - - [29/Nov/2022:15:08:29 -0800] "GET /?camp-fire%2F45927950.html HTTP/1.1" 500 - "-" "Mozilla/5.0 (compatible; SemrushBot/7~bl; +http://www.semrush.com/bot.html)" "mantech8.com"
185.191.171.41 - - [29/Nov/2022:15:08:54 -0800] "GET /?camp-fire%2F11171859.html HTTP/1.1" 500 - "-" "Mozilla/5.0 (compatible; SemrushBot/7~bl; +http://www.semrush.com/bot.html)" "mantech8.com"
185.191.171.12 - - [29/Nov/2022:15:09:03 -0800] "GET /index.php/camp-fire/38877792.html HTTP/1.1" 500 - "-" "Mozilla/5.0 (compatible; SemrushBot/7~bl; +http://www.semrush.com/bot.html)" "mantech8.com"
207.46.13.100 - - [29/Nov/2022:15:09:45 -0800] "GET /index.php/gvdr-61bd-vinhg.ii HTTP/1.1" 200 74707 "-" "Mozilla/5.0 AppleWebKit/537.36 (KHTML, like Gecko; compatible; bingbot/2.0; +http://www.bing.com/bingbot.htm) Chrome/103.0.5060.134 Safari/537.36" "mantech8.com"
185.191.171.9 - - [29/Nov/2022:15:09:56 -0800] "GET /?camp-fire%2F18945081.html HTTP/1.1" 500 - "-" "Mozilla/5.0 (compatible; SemrushBot/7~bl; +http://www.semrush.com/bot.html)" "mantech8.com"
185.191.171.45 - - [29/Nov/2022:15:10:07 -0800] "GET /?camp-fire%2F66320626.html HTTP/1.1" 500 - "-" "Mozilla/5.0 (compatible; SemrushBot/7~bl; +http://www.semrush.com/bot.html)" "mantech8.com"
123.125.109.46 - - [29/Nov/2022:15:10:27 -0800] "GET / HTTP/1.1" 500 - "-" "Sogou web spider/4.0(+http://www.sogou.com/docs/help/webmasters.htm#07)" "mantech8.com"
185.191.171.39 - - [29/Nov/2022:15:10:33 -0800] "GET /?camp-fire%2F43439259.html HTTP/1.1" 500 - "-" "Mozilla/5.0 (compatible; SemrushBot/7~bl; +http://www.semrush.com/bot.html)" "mantech8.com"
185.191.171.12 - - [29/Nov/2022:15:10:39 -0800] "GET /?camp-fire%2F36929450.html HTTP/1.1" 500 - "-" "Mozilla/5.0 (compatible; SemrushBot/7~bl; +http://www.semrush.com/bot.html)" "mantech8.com"
185.191.171.12 - - [29/Nov/2022:15:10:41 -0800] "GET /?camp-fire%2F54368049.html HTTP/1.1" 500 - "-" "Mozilla/5.0 (compatible; SemrushBot/7~bl; +http://www.semrush.com/bot.html)" "mantech8.com"
114.119.129.148 - - [29/Nov/2022:15:10:47 -0800] "GET /robots.txt HTTP/1.1" 200 106 "-" "Mozilla/5.0 (compatible;PetalBot;+https://webmaster.petalsearch.com/site/petalbot)" "www.mantech8.com"
185.191.171.40 - - [29/Nov/2022:15:11:17 -0800] "GET /?camp-fire%2F9059272.html HTTP/1.1" 500 - "-" "Mozilla/5.0 (compatible; SemrushBot/7~bl; +http://www.semrush.com/bot.html)" "mantech8.com"
185.191.171.12 - - [29/Nov/2022:15:11:38 -0800] "GET /?camp-fire%2F1234329.html HTTP/1.1" 500 - "-" "Mozilla/5.0 (compatible; SemrushBot/7~bl; +http://www.semrush.com/bot.html)" "mantech8.com"
185.191.171.9 - - [29/Nov/2022:15:12:40 -0800] "GET /?camp-fire%2F51600863.html HTTP/1.1" 500 - "-" "Mozilla/5.0 (compatible; SemrushBot/7~bl; +http://www.semrush.com/bot.html)" "mantech8.com"
207.46.13.125 - - [29/Nov/2022:15:13:00 -0800] "GET /index.php/blJc-18d2ffdff-kwWLc.Ii HTTP/1.1" 200 62558 "-" "Mozilla/5.0 AppleWebKit/537.36 (KHTML, like Gecko; compatible; bingbot/2.0; +http://www.bing.com/bingbot.htm) Chrome/103.0.5060.134 Safari/537.36" "mantech8.com"
185.191.171.19 - - [29/Nov/2022:15:13:27 -0800] "GET /index.php/camp-fire/19932072.html HTTP/1.1" 500 - "-" "Mozilla/5.0 (compatible; SemrushBot/7~bl; +http://www.semrush.com/bot.html)" "mantech8.com"
114.119.151.219 - - [29/Nov/2022:15:13:35 -0800] "GET /bimages/gallery/alfacgiapi/py.alfa HTTP/1.1" 200 463 "http://www.mantech8.com/bimages/gallery/alfacgiapi/?C=M%3BO%3DA" "Mozilla/5.0 (Linux; Android 7.0;) AppleWebKit/537.36 (KHTML, like Gecko) Mobile Safari/537.36 (compatible; PetalBot;+https://webmaster.petalsearch.com/site/petalbot)" "www.mantech8.com"
185.191.171.23 - - [29/Nov/2022:15:13:38 -0800] "GET /?camp-fire%2F44847625.html HTTP/1.1" 500 - "-" "Mozilla/5.0 (compatible; SemrushBot/7~bl; +http://www.semrush.com/bot.html)" "mantech8.com"
185.191.171.7 - - [29/Nov/2022:15:14:26 -0800] "GET /?camp-fire%2F90663108.html HTTP/1.1" 500 - "-" "Mozilla/5.0 (compatible; SemrushBot/7~bl; +http://www.semrush.com/bot.html)" "mantech8.com"
185.191.171.16 - - [29/Nov/2022:15:15:06 -0800] "GET /?camp-fire%2F45005966.html HTTP/1.1" 500 - "-" "Mozilla/5.0 (compatible; SemrushBot/7~bl; +http://www.semrush.com/bot.html)" "mantech8.com"
185.191.171.4 - - [29/Nov/2022:15:15:11 -0800] "GET /?camp-fire%2F39597735.html HTTP/1.1" 500 - "-" "Mozilla/5.0 (compatible; SemrushBot/7~bl; +http://www.semrush.com/bot.html)" "mantech8.com"
185.191.171.17 - - [29/Nov/2022:15:15:23 -0800] "GET /?camp-fire%2F71219671.html HTTP/1.1" 500 - "-" "Mozilla/5.0 (compatible; SemrushBot/7~bl; +http://www.semrush.com/bot.html)" "mantech8.com"
185.191.171.38 - - [29/Nov/2022:15:15:24 -0800] "GET /?camp-fire%2F44767876.html HTTP/1.1" 500 - "-" "Mozilla/5.0 (compatible; SemrushBot/7~bl; +http://www.semrush.com/bot.html)" "mantech8.com"
185.191.171.9 - - [29/Nov/2022:15:15:26 -0800] "GET /?camp-fire%2F40400302.html HTTP/1.1" 500 - "-" "Mozilla/5.0 (compatible; SemrushBot/7~bl; +http://www.semrush.com/bot.html)" "mantech8.com"
185.191.171.2 - - [29/Nov/2022:15:15:33 -0800] "GET /?camp-fire%2F12413809.html HTTP/1.1" 500 - "-" "Mozilla/5.0 (compatible; SemrushBot/7~bl; +http://www.semrush.com/bot.html)" "mantech8.com"
207.46.13.125 - - [29/Nov/2022:15:16:10 -0800] "GET /index.php/WyaQ-a15c1bbbc-yCPU6.Ii HTTP/1.1" 200 66239 "-" "Mozilla/5.0 AppleWebKit/537.36 (KHTML, like Gecko; compatible; bingbot/2.0; +http://www.bing.com/bingbot.htm) Chrome/103.0.5060.134 Safari/537.36" "www.mantech8.com"
185.191.171.16 - - [29/Nov/2022:15:16:13 -0800] "GET /index.php/camp-fire/42047249.html HTTP/1.1" 500 - "-" "Mozilla/5.0 (compatible; SemrushBot/7~bl; +http://www.semrush.com/bot.html)" "mantech8.com"
216.244.66.241 - - [29/Nov/2022:15:16:20 -0800] "GET /robots.txt HTTP/1.1" 200 222 "-" "Mozilla/5.0 (compatible; DotBot/1.2; +https://opensiteexplorer.org/dotbot; help@moz.com)" "mantech8.com"
216.244.66.241 - - [29/Nov/2022:15:16:20 -0800] "GET /robots.txt HTTP/1.1" 200 222 "-" "Mozilla/5.0 (compatible; DotBot/1.2; +https://opensiteexplorer.org/dotbot; help@moz.com)" "www.mantech8.com"
185.191.171.42 - - [29/Nov/2022:15:17:06 -0800] "GET /?camp-fire%2F59973963.html HTTP/1.1" 500 - "-" "Mozilla/5.0 (compatible; SemrushBot/7~bl; +http://www.semrush.com/bot.html)" "mantech8.com"
185.191.171.7 - - [29/Nov/2022:15:17:56 -0800] "GET /?camp-fire%2F56775000.html HTTP/1.1" 500 - "-" "Mozilla/5.0 (compatible; SemrushBot/7~bl; +http://www.semrush.com/bot.html)" "mantech8.com"
40.77.167.26 - - [29/Nov/2022:15:18:37 -0800] "GET /F2si-336f8addfd-DkBF1.Ii HTTP/1.1" 404 88 "-" "Mozilla/5.0 (compatible; bingbot/2.0; +http://www.bing.com/bingbot.htm)" "www.mantech8.com"
185.191.171.14 - - [29/Nov/2022:15:18:38 -0800] "GET /?camp-fire%2F72438530.html HTTP/1.1" 500 - "-" "Mozilla/5.0 (compatible; SemrushBot/7~bl; +http://www.semrush.com/bot.html)" "mantech8.com"
114.119.142.217 - - [29/Nov/2022:15:18:37 -0800] "GET /?angse.xml HTTP/1.1" 200 270478 "-" "Mozilla/5.0 (Linux; Android 7.0;) AppleWebKit/537.36 (KHTML, like Gecko) Mobile Safari/537.36 (compatible; PetalBot;+https://webmaster.petalsearch.com/site/petalbot)" "mantech8.com"
40.77.167.67 - - [29/Nov/2022:15:19:11 -0800] "GET /index.php/wtzk-86993dfdfb-nlkne.ii HTTP/1.1" 200 66647 "-" "Mozilla/5.0 AppleWebKit/537.36 (KHTML, like Gecko; compatible; bingbot/2.0; +http://www.bing.com/bingbot.htm) Chrome/103.0.5060.134 Safari/537.36" "mantech8.com"
185.191.171.4 - - [29/Nov/2022:15:19:37 -0800] "GET /?camp-fire%2F58410298.html HTTP/1.1" 500 - "-" "Mozilla/5.0 (compatible; SemrushBot/7~bl; +http://www.semrush.com/bot.html)" "mantech8.com"
185.191.171.13 - - [29/Nov/2022:15:19:55 -0800] "GET /index.php/camp-fire/32435260.html HTTP/1.1" 500 - "-" "Mozilla/5.0 (compatible; SemrushBot/7~bl; +http://www.semrush.com/bot.html)" "mantech8.com"
157.55.39.138 - - [29/Nov/2022:15:20:36 -0800] "GET /index.php/075aaafe HTTP/1.1" 200 76347 "-" "Mozilla/5.0 AppleWebKit/537.36 (KHTML, like Gecko; compatible; bingbot/2.0; +http://www.bing.com/bingbot.htm) Chrome/103.0.5060.134 Safari/537.36" "mantech8.com"
185.191.171.1 - - [29/Nov/2022:15:21:01 -0800] "GET /?camp-fire%2F92487530.html HTTP/1.1" 500 - "-" "Mozilla/5.0 (compatible; SemrushBot/7~bl; +http://www.semrush.com/bot.html)" "mantech8.com"
207.46.13.125 - - [29/Nov/2022:15:21:21 -0800] "GET /bimages/gallery/thump/sb7.jpg HTTP/1.1" 200 110646 "-" "Mozilla/5.0 AppleWebKit/537.36 (KHTML, like Gecko; compatible; bingbot/2.0; +http://www.bing.com/bingbot.htm) Chrome/103.0.5060.134 Safari/537.36" "mantech8.com"
