40.77.167.67 - - [29/Nov/2022:05:52:46 -0800] "GET /index.php/q5w4-af9e2ffcaa-jputk.ii HTTP/1.1" 200 66429 "-" "Mozilla/5.0 (compatible; bingbot/2.0; +http://www.bing.com/bingbot.htm)" "mantech8.com"
185.191.171.23 - - [29/Nov/2022:05:52:57 -0800] "GET /?camp-fire%2F42770903.html HTTP/1.1" 500 - "-" "Mozilla/5.0 (compatible; SemrushBot/7~bl; +http://www.semrush.com/bot.html)" "mantech8.com"
185.191.171.9 - - [29/Nov/2022:05:53:01 -0800] "GET /?camp-fire%2F9088508.html HTTP/1.1" 500 - "-" "Mozilla/5.0 (compatible; SemrushBot/7~bl; +http://www.semrush.com/bot.html)" "mantech8.com"
185.191.171.39 - - [29/Nov/2022:05:53:31 -0800] "GET /?camp-fire%2F68294365.html HTTP/1.1" 500 - "-" "Mozilla/5.0 (compatible; SemrushBot/7~bl; +http://www.semrush.com/bot.html)" "mantech8.com"
185.191.171.38 - - [29/Nov/2022:05:53:37 -0800] "GET /?camp-fire%2F58295708.html HTTP/1.1" 500 - "-" "Mozilla/5.0 (compatible; SemrushBot/7~bl; +http://www.semrush.com/bot.html)" "mantech8.com"
185.191.171.39 - - [29/Nov/2022:05:54:10 -0800] "GET /index.php/camp-fire/26923021.html HTTP/1.1" 500 - "-" "Mozilla/5.0 (compatible; SemrushBot/7~bl; +http://www.semrush.com/bot.html)" "mantech8.com"
185.191.171.42 - - [29/Nov/2022:05:54:42 -0800] "GET /?camp-fire%2F45980908.html HTTP/1.1" 500 - "-" "Mozilla/5.0 (compatible; SemrushBot/7~bl; +http://www.semrush.com/bot.html)" "mantech8.com"
185.191.171.18 - - [29/Nov/2022:05:54:46 -0800] "GET /?camp-fire%2F43013149.html HTTP/1.1" 500 - "-" "Mozilla/5.0 (compatible; SemrushBot/7~bl; +http://www.semrush.com/bot.html)" "mantech8.com"
157.55.39.123 - - [29/Nov/2022:05:55:29 -0800] "GET /index.php/nWTf-9bc9dceec-3prDD.Ii HTTP/1.1" 200 68779 "-" "Mozilla/5.0 AppleWebKit/537.36 (KHTML, like Gecko; compatible; bingbot/2.0; +http://www.bing.com/bingbot.htm) Chrome/103.0.5060.134 Safari/537.36" "mantech8.com"
185.191.171.16 - - [29/Nov/2022:05:55:42 -0800] "GET /?camp-fire%2F18060465.html HTTP/1.1" 500 - "-" "Mozilla/5.0 (compatible; SemrushBot/7~bl; +http://www.semrush.com/bot.html)" "mantech8.com"
185.191.171.39 - - [29/Nov/2022:05:55:47 -0800] "GET /?camp-fire%2F44017860.html HTTP/1.1" 500 - "-" "Mozilla/5.0 (compatible; SemrushBot/7~bl; +http://www.semrush.com/bot.html)" "mantech8.com"
185.191.171.19 - - [29/Nov/2022:05:56:08 -0800] "GET /?camp-fire%2F10700490.html HTTP/1.1" 500 - "-" "Mozilla/5.0 (compatible; SemrushBot/7~bl; +http://www.semrush.com/bot.html)" "mantech8.com"
185.191.171.19 - - [29/Nov/2022:05:56:29 -0800] "GET /?camp-fire%2F68445959.html HTTP/1.1" 500 - "-" "Mozilla/5.0 (compatible; SemrushBot/7~bl; +http://www.semrush.com/bot.html)" "mantech8.com"
185.191.171.12 - - [29/Nov/2022:05:56:39 -0800] "GET /index.php/camp-fire/24258550.html HTTP/1.1" 500 - "-" "Mozilla/5.0 (compatible; SemrushBot/7~bl; +http://www.semrush.com/bot.html)" "mantech8.com"
40.77.167.26 - - [29/Nov/2022:05:56:44 -0800] "GET /index.php/wtzk-f1a01ebc-n2jfq.ii HTTP/1.1" 200 62759 "-" "Mozilla/5.0 AppleWebKit/537.36 (KHTML, like Gecko; compatible; bingbot/2.0; +http://www.bing.com/bingbot.htm) Chrome/103.0.5060.134 Safari/537.36" "mantech8.com"
40.77.167.26 - - [29/Nov/2022:05:56:46 -0800] "GET /index.php/nwtf-91966ebcc-4ajaj.ii HTTP/1.1" 200 71989 "-" "Mozilla/5.0 AppleWebKit/537.36 (KHTML, like Gecko; compatible; bingbot/2.0; +http://www.bing.com/bingbot.htm) Chrome/103.0.5060.134 Safari/537.36" "mantech8.com"
185.191.171.9 - - [29/Nov/2022:05:57:26 -0800] "GET /?camp-fire%2F15171556.html HTTP/1.1" 500 - "-" "Mozilla/5.0 (compatible; SemrushBot/7~bl; +http://www.semrush.com/bot.html)" "mantech8.com"
185.191.171.39 - - [29/Nov/2022:05:58:05 -0800] "GET /?camp-fire%2F43200670.html HTTP/1.1" 500 - "-" "Mozilla/5.0 (compatible; SemrushBot/7~bl; +http://www.semrush.com/bot.html)" "mantech8.com"
185.191.171.26 - - [29/Nov/2022:05:58:37 -0800] "GET /?camp-fire%2F66497959.html HTTP/1.1" 500 - "-" "Mozilla/5.0 (compatible; SemrushBot/7~bl; +http://www.semrush.com/bot.html)" "mantech8.com"
207.46.13.177 - - [29/Nov/2022:05:59:20 -0800] "GET /index.php/MKJW-6e1dfaee-BHQdL.Ii HTTP/1.1" 200 63486 "-" "Mozilla/5.0 (compatible; bingbot/2.0; +http://www.bing.com/bingbot.htm)" "mantech8.com"
40.77.167.67 - - [29/Nov/2022:05:59:58 -0800] "GET /index.php/znf9-bb67fcbba-qzsj6.ii HTTP/1.1" 200 60704 "-" "Mozilla/5.0 AppleWebKit/537.36 (KHTML, like Gecko; compatible; bingbot/2.0; +http://www.bing.com/bingbot.htm) Chrome/103.0.5060.134 Safari/537.36" "mantech8.com"
185.191.171.40 - - [29/Nov/2022:06:00:23 -0800] "GET /?camp-fire%2F51616908.html HTTP/1.1" 500 - "-" "Mozilla/5.0 (compatible; SemrushBot/7~bl; +http://www.semrush.com/bot.html)" "mantech8.com"
185.191.171.19 - - [29/Nov/2022:06:00:27 -0800] "GET /?camp-fire%2F24436990.html HTTP/1.1" 500 - "-" "Mozilla/5.0 (compatible; SemrushBot/7~bl; +http://www.semrush.com/bot.html)" "mantech8.com"
185.191.171.34 - - [29/Nov/2022:06:01:09 -0800] "GET /?camp-fire%2F50303834.html HTTP/1.1" 500 - "-" "Mozilla/5.0 (compatible; SemrushBot/7~bl; +http://www.semrush.com/bot.html)" "mantech8.com"
185.191.171.9 - - [29/Nov/2022:06:01:40 -0800] "GET /?camp-fire%2F16165056.html HTTP/1.1" 500 - "-" "Mozilla/5.0 (compatible; SemrushBot/7~bl; +http://www.semrush.com/bot.html)" "mantech8.com"
185.191.171.42 - - [29/Nov/2022:06:02:15 -0800] "GET /?camp-fire%2F55379872.html HTTP/1.1" 500 - "-" "Mozilla/5.0 (compatible; SemrushBot/7~bl; +http://www.semrush.com/bot.html)" "mantech8.com"
185.191.171.44 - - [29/Nov/2022:06:02:51 -0800] "GET /?camp-fire%2F28527570.html HTTP/1.1" 500 - "-" "Mozilla/5.0 (compatible; SemrushBot/7~bl; +http://www.semrush.com/bot.html)" "mantech8.com"
185.191.171.6 - - [29/Nov/2022:06:03:24 -0800] "GET /?camp-fire%2F16665726.html HTTP/1.1" 500 - "-" "Mozilla/5.0 (compatible; SemrushBot/7~bl; +http://www.semrush.com/bot.html)" "mantech8.com"
185.191.171.38 - - [29/Nov/2022:06:03:25 -0800] "GET /?camp-fire%2F55993483.html HTTP/1.1" 500 - "-" "Mozilla/5.0 (compatible; SemrushBot/7~bl; +http://www.semrush.com/bot.html)" "mantech8.com"
185.191.171.21 - - [29/Nov/2022:06:03:55 -0800] "GET /index.php/camp-fire/1511253.html HTTP/1.1" 500 - "-" "Mozilla/5.0 (compatible; SemrushBot/7~bl; +http://www.semrush.com/bot.html)" "mantech8.com"
40.77.167.26 - - [29/Nov/2022:06:04:05 -0800] "GET /index.php/q5w4-11eb-jkyna.ii HTTP/1.1" 200 68727 "-" "Mozilla/5.0 (compatible; bingbot/2.0; +http://www.bing.com/bingbot.htm)" "mantech8.com"
185.191.171.7 - - [29/Nov/2022:06:04:07 -0800] "GET /?camp-fire%2F43097434.html HTTP/1.1" 500 - "-" "Mozilla/5.0 (compatible; SemrushBot/7~bl; +http://www.semrush.com/bot.html)" "mantech8.com"
185.191.171.6 - - [29/Nov/2022:06:04:11 -0800] "GET /?camp-fire%2F92255938.html HTTP/1.1" 500 - "-" "Mozilla/5.0 (compatible; SemrushBot/7~bl; +http://www.semrush.com/bot.html)" "mantech8.com"
185.191.171.15 - - [29/Nov/2022:06:04:15 -0800] "GET /?camp-fire%2F48649392.html HTTP/1.1" 500 - "-" "Mozilla/5.0 (compatible; SemrushBot/7~bl; +http://www.semrush.com/bot.html)" "mantech8.com"
207.46.13.100 - - [29/Nov/2022:06:04:24 -0800] "GET /index.php/gvdr-61bd-vinhg.ii HTTP/1.1" 200 74913 "-" "Mozilla/5.0 AppleWebKit/537.36 (KHTML, like Gecko; compatible; bingbot/2.0; +http://www.bing.com/bingbot.htm) Chrome/103.0.5060.134 Safari/537.36" "mantech8.com"
185.191.171.8 - - [29/Nov/2022:06:04:56 -0800] "GET /?camp-fire%2F49674138.html HTTP/1.1" 500 - "-" "Mozilla/5.0 (compatible; SemrushBot/7~bl; +http://www.semrush.com/bot.html)" "mantech8.com"
157.55.39.123 - - [29/Nov/2022:06:05:11 -0800] "GET /bimages/gallery/thump/c5.jpg HTTP/1.1" 200 144000 "-" "Mozilla/5.0 (compatible; bingbot/2.0; +http://www.bing.com/bingbot.htm)" "mantech8.com"
185.191.171.12 - - [29/Nov/2022:06:05:33 -0800] "GET /?camp-fire%2F8205500.html HTTP/1.1" 500 - "-" "Mozilla/5.0 (compatible; SemrushBot/7~bl; +http://www.semrush.com/bot.html)" "mantech8.com"
40.77.167.67 - - [29/Nov/2022:06:05:46 -0800] "GET /bimages/gallery/s13.jpg HTTP/1.1" 200 174137 "-" "Mozilla/5.0 (compatible; bingbot/2.0; +http://www.bing.com/bingbot.htm)" "mantech8.com"
185.191.171.5 - - [29/Nov/2022:06:06:08 -0800] "GET /?camp-fire%2F46803925.html HTTP/1.1" 500 - "-" "Mozilla/5.0 (compatible; SemrushBot/7~bl; +http://www.semrush.com/bot.html)" "mantech8.com"
185.191.171.3 - - [29/Nov/2022:06:06:10 -0800] "GET /?camp-fire%2F14814772.html HTTP/1.1" 500 - "-" "Mozilla/5.0 (compatible; SemrushBot/7~bl; +http://www.semrush.com/bot.html)" "mantech8.com"
157.55.39.123 - - [29/Nov/2022:06:06:50 -0800] "GET /index.php/txf8-c6629acb-AlteB.Ii HTTP/1.1" 200 65288 "-" "Mozilla/5.0 (compatible; bingbot/2.0; +http://www.bing.com/bingbot.htm)" "mantech8.com"
185.191.171.17 - - [29/Nov/2022:06:07:06 -0800] "GET /?camp-fire%2F38849417.html HTTP/1.1" 500 - "-" "Mozilla/5.0 (compatible; SemrushBot/7~bl; +http://www.semrush.com/bot.html)" "mantech8.com"
40.77.167.26 - - [29/Nov/2022:06:07:15 -0800] "GET /index.php/sa5z-e520cfdcfd-h48dc.ii HTTP/1.1" 200 61007 "-" "Mozilla/5.0 (compatible; bingbot/2.0; +http://www.bing.com/bingbot.htm)" "mantech8.com"
185.191.171.26 - - [29/Nov/2022:06:08:20 -0800] "GET /?camp-fire%2F43254293.html HTTP/1.1" 500 - "-" "Mozilla/5.0 (compatible; SemrushBot/7~bl; +http://www.semrush.com/bot.html)" "mantech8.com"
185.191.171.41 - - [29/Nov/2022:06:08:25 -0800] "GET /?camp-fire%2F44785992.html HTTP/1.1" 500 - "-" "Mozilla/5.0 (compatible; SemrushBot/7~bl; +http://www.semrush.com/bot.html)" "mantech8.com"
185.191.171.9 - - [29/Nov/2022:06:08:39 -0800] "GET /?camp-fire%2F46120117.html HTTP/1.1" 500 - "-" "Mozilla/5.0 (compatible; SemrushBot/7~bl; +http://www.semrush.com/bot.html)" "mantech8.com"
185.191.171.15 - - [29/Nov/2022:06:08:41 -0800] "GET /?camp-fire%2F59245465.html HTTP/1.1" 500 - "-" "Mozilla/5.0 (compatible; SemrushBot/7~bl; +http://www.semrush.com/bot.html)" "mantech8.com"
185.191.171.43 - - [29/Nov/2022:06:09:03 -0800] "GET /?camp-fire%2F42373371.html HTTP/1.1" 500 - "-" "Mozilla/5.0 (compatible; SemrushBot/7~bl; +http://www.semrush.com/bot.html)" "mantech8.com"
185.191.171.21 - - [29/Nov/2022:06:09:34 -0800] "GET /index.php/camp-fire/38845692.html HTTP/1.1" 500 - "-" "Mozilla/5.0 (compatible; SemrushBot/7~bl; +http://www.semrush.com/bot.html)" "mantech8.com"
185.191.171.9 - - [29/Nov/2022:06:10:15 -0800] "GET /?camp-fire%2F49119834.html HTTP/1.1" 500 - "-" "Mozilla/5.0 (compatible; SemrushBot/7~bl; +http://www.semrush.com/bot.html)" "mantech8.com"
185.191.171.36 - - [29/Nov/2022:06:11:58 -0800] "GET /?camp-fire%2F75768885.html HTTP/1.1" 500 - "-" "Mozilla/5.0 (compatible; SemrushBot/7~bl; +http://www.semrush.com/bot.html)" "mantech8.com"
185.191.171.2 - - [29/Nov/2022:06:12:07 -0800] "GET /?camp-fire%2F15308265.html HTTP/1.1" 500 - "-" "Mozilla/5.0 (compatible; SemrushBot/7~bl; +http://www.semrush.com/bot.html)" "mantech8.com"
185.191.171.12 - - [29/Nov/2022:06:13:03 -0800] "GET /?camp-fire%2F35513008.html HTTP/1.1" 500 - "-" "Mozilla/5.0 (compatible; SemrushBot/7~bl; +http://www.semrush.com/bot.html)" "mantech8.com"
185.191.171.9 - - [29/Nov/2022:06:13:43 -0800] "GET /?camp-fire%2F56674659.html HTTP/1.1" 500 - "-" "Mozilla/5.0 (compatible; SemrushBot/7~bl; +http://www.semrush.com/bot.html)" "mantech8.com"
185.191.171.3 - - [29/Nov/2022:06:13:54 -0800] "GET /?camp-fire%2F88939865.html HTTP/1.1" 500 - "-" "Mozilla/5.0 (compatible; SemrushBot/7~bl; +http://www.semrush.com/bot.html)" "mantech8.com"
185.191.171.9 - - [29/Nov/2022:06:13:56 -0800] "GET /index.php/camp-fire/14803087.html HTTP/1.1" 500 - "-" "Mozilla/5.0 (compatible; SemrushBot/7~bl; +http://www.semrush.com/bot.html)" "mantech8.com"
185.191.171.37 - - [29/Nov/2022:06:14:07 -0800] "GET /?camp-fire%2F47970150.html HTTP/1.1" 500 - "-" "Mozilla/5.0 (compatible; SemrushBot/7~bl; +http://www.semrush.com/bot.html)" "mantech8.com"
185.191.171.8 - - [29/Nov/2022:06:14:51 -0800] "GET /?camp-fire%2F4082765.html HTTP/1.1" 500 - "-" "Mozilla/5.0 (compatible; SemrushBot/7~bl; +http://www.semrush.com/bot.html)" "mantech8.com"
185.191.171.36 - - [29/Nov/2022:06:15:14 -0800] "GET /?camp-fire%2F63203834.html HTTP/1.1" 500 - "-" "Mozilla/5.0 (compatible; SemrushBot/7~bl; +http://www.semrush.com/bot.html)" "mantech8.com"
185.191.171.10 - - [29/Nov/2022:06:15:37 -0800] "GET /?camp-fire%2F46500726.html HTTP/1.1" 500 - "-" "Mozilla/5.0 (compatible; SemrushBot/7~bl; +http://www.semrush.com/bot.html)" "mantech8.com"
185.191.171.4 - - [29/Nov/2022:06:15:41 -0800] "GET /?camp-fire%2F12442409.html HTTP/1.1" 500 - "-" "Mozilla/5.0 (compatible; SemrushBot/7~bl; +http://www.semrush.com/bot.html)" "mantech8.com"
40.77.167.67 - - [29/Nov/2022:06:15:57 -0800] "GET /bimages/gallery/p9.jpg HTTP/1.1" 200 65353 "-" "Mozilla/5.0 AppleWebKit/537.36 (KHTML, like Gecko; compatible; bingbot/2.0; +http://www.bing.com/bingbot.htm) Chrome/103.0.5060.134 Safari/537.36" "mantech8.com"
185.191.171.16 - - [29/Nov/2022:06:16:35 -0800] "GET /?camp-fire%2F96564289.html HTTP/1.1" 500 - "-" "Mozilla/5.0 (compatible; SemrushBot/7~bl; +http://www.semrush.com/bot.html)" "mantech8.com"
185.191.171.9 - - [29/Nov/2022:06:16:40 -0800] "GET /?camp-fire%2F82610349.html HTTP/1.1" 500 - "-" "Mozilla/5.0 (compatible; SemrushBot/7~bl; +http://www.semrush.com/bot.html)" "mantech8.com"
185.191.171.37 - - [29/Nov/2022:06:17:41 -0800] "GET /index.php/camp-fire/33277955.html HTTP/1.1" 500 - "-" "Mozilla/5.0 (compatible; SemrushBot/7~bl; +http://www.semrush.com/bot.html)" "mantech8.com"
1.192.245.177 - - [29/Nov/2022:06:18:31 -0800] "GET /robots.txt HTTP/1.1" 200 106 "-" "Mozilla/5.0 (Windows NT 10.0; Win64; x64) AppleWebKit/537.36 (KHTML, like Gecko) Chrome/92.0.4515.159 Safari/537.36" "www.mantech8.com"
185.191.171.37 - - [29/Nov/2022:06:18:50 -0800] "GET /?camp-fire%2F9724251.html HTTP/1.1" 500 - "-" "Mozilla/5.0 (compatible; SemrushBot/7~bl; +http://www.semrush.com/bot.html)" "mantech8.com"
185.191.171.11 - - [29/Nov/2022:06:18:52 -0800] "GET /?camp-fire%2F41616402.html HTTP/1.1" 500 - "-" "Mozilla/5.0 (compatible; SemrushBot/7~bl; +http://www.semrush.com/bot.html)" "mantech8.com"
185.191.171.9 - - [29/Nov/2022:06:19:26 -0800] "GET /?camp-fire%2F78022326.html HTTP/1.1" 500 - "-" "Mozilla/5.0 (compatible; SemrushBot/7~bl; +http://www.semrush.com/bot.html)" "mantech8.com"
185.191.171.41 - - [29/Nov/2022:06:19:37 -0800] "GET /?camp-fire%2F49733608.html HTTP/1.1" 500 - "-" "Mozilla/5.0 (compatible; SemrushBot/7~bl; +http://www.semrush.com/bot.html)" "mantech8.com"
185.191.171.26 - - [29/Nov/2022:06:19:45 -0800] "GET /?camp-fire%2F11149183.html HTTP/1.1" 500 - "-" "Mozilla/5.0 (compatible; SemrushBot/7~bl; +http://www.semrush.com/bot.html)" "mantech8.com"
185.191.171.33 - - [29/Nov/2022:06:20:06 -0800] "GET /?camp-fire%2F60136470.html HTTP/1.1" 500 - "-" "Mozilla/5.0 (compatible; SemrushBot/7~bl; +http://www.semrush.com/bot.html)" "mantech8.com"
185.191.171.3 - - [29/Nov/2022:06:20:38 -0800] "GET /?camp-fire%2F71192155.html HTTP/1.1" 500 - "-" "Mozilla/5.0 (compatible; SemrushBot/7~bl; +http://www.semrush.com/bot.html)" "mantech8.com"
185.191.171.38 - - [29/Nov/2022:06:20:57 -0800] "GET /?camp-fire%2F55212535.html HTTP/1.1" 500 - "-" "Mozilla/5.0 (compatible; SemrushBot/7~bl; +http://www.semrush.com/bot.html)" "mantech8.com"
185.191.171.38 - - [29/Nov/2022:06:21:00 -0800] "GET /?camp-fire%2F26141082.html HTTP/1.1" 500 - "-" "Mozilla/5.0 (compatible; SemrushBot/7~bl; +http://www.semrush.com/bot.html)" "mantech8.com"
157.55.39.138 - - [29/Nov/2022:06:21:13 -0800] "GET /index.php/okoc-80bde-luohk.ii HTTP/1.1" 200 72930 "-" "Mozilla/5.0 AppleWebKit/537.36 (KHTML, like Gecko; compatible; bingbot/2.0; +http://www.bing.com/bingbot.htm) Chrome/103.0.5060.134 Safari/537.36" "mantech8.com"
185.191.171.4 - - [29/Nov/2022:06:21:23 -0800] "GET /?camp-fire%2F42969765.html HTTP/1.1" 500 - "-" "Mozilla/5.0 (compatible; SemrushBot/7~bl; +http://www.semrush.com/bot.html)" "mantech8.com"
207.46.13.125 - - [29/Nov/2022:06:21:48 -0800] "GET /sitemapnewindex.xml HTTP/1.1" 404 88 "-" "Mozilla/5.0 AppleWebKit/537.36 (KHTML, like Gecko; compatible; bingbot/2.0; +http://www.bing.com/bingbot.htm) Chrome/103.0.5060.134 Safari/537.36" "mantech8.com"
185.191.171.24 - - [29/Nov/2022:06:21:50 -0800] "GET /?camp-fire%2F32429050.html HTTP/1.1" 500 - "-" "Mozilla/5.0 (compatible; SemrushBot/7~bl; +http://www.semrush.com/bot.html)" "mantech8.com"
185.191.171.22 - - [29/Nov/2022:06:21:59 -0800] "GET /?camp-fire%2F92652650.html HTTP/1.1" 500 - "-" "Mozilla/5.0 (compatible; SemrushBot/7~bl; +http://www.semrush.com/bot.html)" "mantech8.com"
185.191.171.7 - - [29/Nov/2022:06:22:06 -0800] "GET /?camp-fire%2F58768834.html HTTP/1.1" 500 - "-" "Mozilla/5.0 (compatible; SemrushBot/7~bl; +http://www.semrush.com/bot.html)" "mantech8.com"
185.191.171.23 - - [29/Nov/2022:06:23:03 -0800] "GET /?camp-fire%2F43063834.html HTTP/1.1" 500 - "-" "Mozilla/5.0 (compatible; SemrushBot/7~bl; +http://www.semrush.com/bot.html)" "mantech8.com"
185.191.171.33 - - [29/Nov/2022:06:23:22 -0800] "GET /?camp-fire%2F53513103.html HTTP/1.1" 500 - "-" "Mozilla/5.0 (compatible; SemrushBot/7~bl; +http://www.semrush.com/bot.html)" "mantech8.com"
216.244.66.241 - - [29/Nov/2022:06:23:49 -0800] "GET /robots.txt HTTP/1.1" 200 222 "-" "Mozilla/5.0 (compatible; DotBot/1.2; +https://opensiteexplorer.org/dotbot; help@moz.com)" "www.mantech8.com"
216.244.66.241 - - [29/Nov/2022:06:23:49 -0800] "GET /robots.txt HTTP/1.1" 200 222 "-" "Mozilla/5.0 (compatible; DotBot/1.2; +https://opensiteexplorer.org/dotbot; help@moz.com)" "mantech8.com"
157.55.39.123 - - [29/Nov/2022:06:24:32 -0800] "GET /index.php?camp-fire/27317171.html HTTP/1.1" 200 66274 "-" "Mozilla/5.0 (compatible; bingbot/2.0; +http://www.bing.com/bingbot.htm)" "www.mantech8.com"
185.191.171.41 - - [29/Nov/2022:06:25:38 -0800] "GET /?camp-fire%2F56489693.html HTTP/1.1" 500 - "-" "Mozilla/5.0 (compatible; SemrushBot/7~bl; +http://www.semrush.com/bot.html)" "mantech8.com"
185.191.171.16 - - [29/Nov/2022:06:25:50 -0800] "GET /?camp-fire%2F42346951.html HTTP/1.1" 500 - "-" "Mozilla/5.0 (compatible; SemrushBot/7~bl; +http://www.semrush.com/bot.html)" "mantech8.com"
66.249.70.180 - - [29/Nov/2022:06:25:52 -0800] "GET /tarandean.xml HTTP/1.1" 404 88 "-" "Mozilla/5.0 (compatible; Googlebot/2.1; +http://www.google.com/bot.html)" "mantech8.com"
40.77.167.67 - - [29/Nov/2022:06:25:59 -0800] "GET /index.php/egy1-792cdeba-vsvum.ii HTTP/1.1" 200 64715 "-" "Mozilla/5.0 AppleWebKit/537.36 (KHTML, like Gecko; compatible; bingbot/2.0; +http://www.bing.com/bingbot.htm) Chrome/103.0.5060.134 Safari/537.36" "mantech8.com"
185.191.171.40 - - [29/Nov/2022:06:26:15 -0800] "GET /index.php/camp-fire/33818508.html HTTP/1.1" 500 - "-" "Mozilla/5.0 (compatible; SemrushBot/7~bl; +http://www.semrush.com/bot.html)" "mantech8.com"
185.191.171.34 - - [29/Nov/2022:06:26:24 -0800] "GET /?camp-fire%2F51944626.html HTTP/1.1" 500 - "-" "Mozilla/5.0 (compatible; SemrushBot/7~bl; +http://www.semrush.com/bot.html)" "mantech8.com"
185.191.171.7 - - [29/Nov/2022:06:26:28 -0800] "GET /robots.txt HTTP/1.1" 200 106 "-" "Mozilla/5.0 (compatible; SemrushBot/7~bl; +http://www.semrush.com/bot.html)" "mantech8.com"
185.191.171.44 - - [29/Nov/2022:06:26:28 -0800] "GET /?camp-fire%2F43384934.html HTTP/1.1" 500 - "-" "Mozilla/5.0 (compatible; SemrushBot/7~bl; +http://www.semrush.com/bot.html)" "mantech8.com"
185.191.171.36 - - [29/Nov/2022:06:26:48 -0800] "GET /?camp-fire%2F48175408.html HTTP/1.1" 500 - "-" "Mozilla/5.0 (compatible; SemrushBot/7~bl; +http://www.semrush.com/bot.html)" "mantech8.com"
157.55.39.138 - - [29/Nov/2022:06:26:54 -0800] "GET / HTTP/1.1" 200 64463 "-" "Mozilla/5.0 AppleWebKit/537.36 (KHTML, like Gecko; compatible; bingbot/2.0; +http://www.bing.com/bingbot.htm) Chrome/103.0.5060.134 Safari/537.36" "www.mantech8.com"
185.191.171.4 - - [29/Nov/2022:06:28:03 -0800] "GET /?camp-fire%2F47833525.html HTTP/1.1" 500 - "-" "Mozilla/5.0 (compatible; SemrushBot/7~bl; +http://www.semrush.com/bot.html)" "mantech8.com"
207.46.13.100 - - [29/Nov/2022:06:28:06 -0800] "GET /index.php/wf2o-f082adeacf-g6zf5.ii HTTP/1.1" 200 70047 "-" "Mozilla/5.0 (compatible; bingbot/2.0; +http://www.bing.com/bingbot.htm)" "mantech8.com"
185.191.171.15 - - [29/Nov/2022:06:28:09 -0800] "GET /index.php/camp-fire/29336526.html HTTP/1.1" 500 - "-" "Mozilla/5.0 (compatible; SemrushBot/7~bl; +http://www.semrush.com/bot.html)" "mantech8.com"
207.46.13.125 - - [29/Nov/2022:06:28:11 -0800] "GET /nWTf-d59ffcad-4Qkjq.Ii HTTP/1.1" 404 88 "-" "Mozilla/5.0 AppleWebKit/537.36 (KHTML, like Gecko; compatible; bingbot/2.0; +http://www.bing.com/bingbot.htm) Chrome/103.0.5060.134 Safari/537.36" "www.mantech8.com"
185.191.171.43 - - [29/Nov/2022:06:28:22 -0800] "GET /?camp-fire%2F43862776.html HTTP/1.1" 500 - "-" "Mozilla/5.0 (compatible; SemrushBot/7~bl; +http://www.semrush.com/bot.html)" "mantech8.com"
185.191.171.43 - - [29/Nov/2022:06:29:15 -0800] "GET /?camp-fire%2F27033551.html HTTP/1.1" 500 - "-" "Mozilla/5.0 (compatible; SemrushBot/7~bl; +http://www.semrush.com/bot.html)" "mantech8.com"
40.77.167.26 - - [29/Nov/2022:06:30:07 -0800] "GET /index.php/wtzk-bd599bdba-nlspa.ii HTTP/1.1" 200 71513 "-" "Mozilla/5.0 AppleWebKit/537.36 (KHTML, like Gecko; compatible; bingbot/2.0; +http://www.bing.com/bingbot.htm) Chrome/103.0.5060.134 Safari/537.36" "mantech8.com"
40.77.167.67 - - [29/Nov/2022:06:30:09 -0800] "GET /index.php/mcko-d8efb-vy8rl.ii HTTP/1.1" 200 68679 "-" "Mozilla/5.0 (compatible; bingbot/2.0; +http://www.bing.com/bingbot.htm)" "mantech8.com"
40.77.167.26 - - [29/Nov/2022:06:30:09 -0800] "GET /index.php/naq6-20906ecdfc-iirdl.ii HTTP/1.1" 200 70782 "-" "Mozilla/5.0 (compatible; bingbot/2.0; +http://www.bing.com/bingbot.htm)" "mantech8.com"
40.77.167.26 - - [29/Nov/2022:06:30:10 -0800] "GET /index.php/nwtf-d0c95feeef-4aiul.ii HTTP/1.1" 200 63951 "-" "Mozilla/5.0 AppleWebKit/537.36 (KHTML, like Gecko; compatible; bingbot/2.0; +http://www.bing.com/bingbot.htm) Chrome/103.0.5060.134 Safari/537.36" "mantech8.com"
185.191.171.43 - - [29/Nov/2022:06:30:26 -0800] "GET /?camp-fire%2F95254097.html HTTP/1.1" 500 - "-" "Mozilla/5.0 (compatible; SemrushBot/7~bl; +http://www.semrush.com/bot.html)" "mantech8.com"
185.191.171.10 - - [29/Nov/2022:06:31:06 -0800] "GET /index.php/camp-fire/28569735.html HTTP/1.1" 500 - "-" "Mozilla/5.0 (compatible; SemrushBot/7~bl; +http://www.semrush.com/bot.html)" "mantech8.com"
185.191.171.37 - - [29/Nov/2022:06:31:09 -0800] "GET /?camp-fire%2F54188698.html HTTP/1.1" 500 - "-" "Mozilla/5.0 (compatible; SemrushBot/7~bl; +http://www.semrush.com/bot.html)" "mantech8.com"
185.191.171.6 - - [29/Nov/2022:06:31:10 -0800] "GET /?camp-fire%2F55035235.html HTTP/1.1" 500 - "-" "Mozilla/5.0 (compatible; SemrushBot/7~bl; +http://www.semrush.com/bot.html)" "mantech8.com"
185.191.171.6 - - [29/Nov/2022:06:31:17 -0800] "GET /?camp-fire%2F56992666.html HTTP/1.1" 500 - "-" "Mozilla/5.0 (compatible; SemrushBot/7~bl; +http://www.semrush.com/bot.html)" "mantech8.com"
185.191.171.22 - - [29/Nov/2022:06:31:47 -0800] "GET /?camp-fire%2F56081003.html HTTP/1.1" 500 - "-" "Mozilla/5.0 (compatible; SemrushBot/7~bl; +http://www.semrush.com/bot.html)" "mantech8.com"
185.191.171.22 - - [29/Nov/2022:06:32:06 -0800] "GET /?camp-fire%2F54033278.html HTTP/1.1" 500 - "-" "Mozilla/5.0 (compatible; SemrushBot/7~bl; +http://www.semrush.com/bot.html)" "mantech8.com"
185.191.171.16 - - [29/Nov/2022:06:32:23 -0800] "GET /?camp-fire%2F60616683.html HTTP/1.1" 500 - "-" "Mozilla/5.0 (compatible; SemrushBot/7~bl; +http://www.semrush.com/bot.html)" "mantech8.com"
185.191.171.43 - - [29/Nov/2022:06:32:28 -0800] "GET /?camp-fire%2F89097827.html HTTP/1.1" 500 - "-" "Mozilla/5.0 (compatible; SemrushBot/7~bl; +http://www.semrush.com/bot.html)" "mantech8.com"
185.191.171.34 - - [29/Nov/2022:06:33:06 -0800] "GET /index.php/camp-fire/24253717.html HTTP/1.1" 500 - "-" "Mozilla/5.0 (compatible; SemrushBot/7~bl; +http://www.semrush.com/bot.html)" "mantech8.com"
185.191.171.41 - - [29/Nov/2022:06:33:34 -0800] "GET /?camp-fire%2F54832192.html HTTP/1.1" 500 - "-" "Mozilla/5.0 (compatible; SemrushBot/7~bl; +http://www.semrush.com/bot.html)" "mantech8.com"
157.55.39.123 - - [29/Nov/2022:06:33:43 -0800] "GET /index.php/YhFG-a75a8fbefa-piIdf.Ii HTTP/1.1" 200 73621 "-" "Mozilla/5.0 AppleWebKit/537.36 (KHTML, like Gecko; compatible; bingbot/2.0; +http://www.bing.com/bingbot.htm) Chrome/103.0.5060.134 Safari/537.36" "mantech8.com"
185.191.171.8 - - [29/Nov/2022:06:33:48 -0800] "GET /?camp-fire%2F68974964.html HTTP/1.1" 500 - "-" "Mozilla/5.0 (compatible; SemrushBot/7~bl; +http://www.semrush.com/bot.html)" "mantech8.com"
185.191.171.43 - - [29/Nov/2022:06:33:49 -0800] "GET /?camp-fire%2F39470997.html HTTP/1.1" 500 - "-" "Mozilla/5.0 (compatible; SemrushBot/7~bl; +http://www.semrush.com/bot.html)" "mantech8.com"
185.191.171.24 - - [29/Nov/2022:06:33:51 -0800] "GET /?camp-fire%2F75823374.html HTTP/1.1" 500 - "-" "Mozilla/5.0 (compatible; SemrushBot/7~bl; +http://www.semrush.com/bot.html)" "mantech8.com"
185.191.171.23 - - [29/Nov/2022:06:33:57 -0800] "GET /?camp-fire%2F45714988.html HTTP/1.1" 500 - "-" "Mozilla/5.0 (compatible; SemrushBot/7~bl; +http://www.semrush.com/bot.html)" "mantech8.com"
185.191.171.13 - - [29/Nov/2022:06:36:05 -0800] "GET /?camp-fire%2F38814417.html HTTP/1.1" 500 - "-" "Mozilla/5.0 (compatible; SemrushBot/7~bl; +http://www.semrush.com/bot.html)" "mantech8.com"
185.191.171.18 - - [29/Nov/2022:06:36:11 -0800] "GET /?camp-fire%2F12148680.html HTTP/1.1" 500 - "-" "Mozilla/5.0 (compatible; SemrushBot/7~bl; +http://www.semrush.com/bot.html)" "mantech8.com"
185.191.171.23 - - [29/Nov/2022:06:36:14 -0800] "GET /?camp-fire%2F51764606.html HTTP/1.1" 500 - "-" "Mozilla/5.0 (compatible; SemrushBot/7~bl; +http://www.semrush.com/bot.html)" "mantech8.com"
5.188.62.76 - - [29/Nov/2022:06:36:20 -0800] "GET / HTTP/1.1" 500 - "-" "Mozilla/5.0 (Windows NT 6.1; WOW64) AppleWebKit/537.36 (KHTML, like Gecko) Chrome/100.0.4758.11 Safari/537.36" "mantech8.com"
185.191.171.34 - - [29/Nov/2022:06:37:17 -0800] "GET /index.php/camp-fire/42368225.html HTTP/1.1" 500 - "-" "Mozilla/5.0 (compatible; SemrushBot/7~bl; +http://www.semrush.com/bot.html)" "mantech8.com"
185.191.171.41 - - [29/Nov/2022:06:37:44 -0800] "GET /?camp-fire%2F55994083.html HTTP/1.1" 500 - "-" "Mozilla/5.0 (compatible; SemrushBot/7~bl; +http://www.semrush.com/bot.html)" "mantech8.com"
185.191.171.2 - - [29/Nov/2022:06:37:54 -0800] "GET /?camp-fire%2F90970032.html HTTP/1.1" 500 - "-" "Mozilla/5.0 (compatible; SemrushBot/7~bl; +http://www.semrush.com/bot.html)" "mantech8.com"
185.191.171.35 - - [29/Nov/2022:06:38:10 -0800] "GET /?camp-fire%2F46152630.html HTTP/1.1" 500 - "-" "Mozilla/5.0 (compatible; SemrushBot/7~bl; +http://www.semrush.com/bot.html)" "mantech8.com"
185.191.171.16 - - [29/Nov/2022:06:38:34 -0800] "GET /?camp-fire%2F45438593.html HTTP/1.1" 500 - "-" "Mozilla/5.0 (compatible; SemrushBot/7~bl; +http://www.semrush.com/bot.html)" "mantech8.com"
185.191.171.24 - - [29/Nov/2022:06:38:36 -0800] "GET /?camp-fire%2F81426241.html HTTP/1.1" 500 - "-" "Mozilla/5.0 (compatible; SemrushBot/7~bl; +http://www.semrush.com/bot.html)" "mantech8.com"
157.55.39.123 - - [29/Nov/2022:06:38:45 -0800] "GET /index.php/s0kv-96ad-osrap.ii HTTP/1.1" 200 66115 "-" "Mozilla/5.0 AppleWebKit/537.36 (KHTML, like Gecko; compatible; bingbot/2.0; +http://www.bing.com/bingbot.htm) Chrome/103.0.5060.134 Safari/537.36" "mantech8.com"
207.46.13.125 - - [29/Nov/2022:06:39:31 -0800] "GET /index.php/k937-d2cfa-74clf.ii HTTP/1.1" 200 71394 "-" "Mozilla/5.0 AppleWebKit/537.36 (KHTML, like Gecko; compatible; bingbot/2.0; +http://www.bing.com/bingbot.htm) Chrome/103.0.5060.134 Safari/537.36" "mantech8.com"
40.77.167.26 - - [29/Nov/2022:06:39:39 -0800] "GET /index.php/gvdr-35bbbefc-vjy2l.ii HTTP/1.1" 200 62653 "-" "Mozilla/5.0 AppleWebKit/537.36 (KHTML, like Gecko; compatible; bingbot/2.0; +http://www.bing.com/bingbot.htm) Chrome/103.0.5060.134 Safari/537.36" "mantech8.com"
185.191.171.15 - - [29/Nov/2022:06:40:09 -0800] "GET /?camp-fire%2F87631955.html HTTP/1.1" 500 - "-" "Mozilla/5.0 (compatible; SemrushBot/7~bl; +http://www.semrush.com/bot.html)" "mantech8.com"
185.191.171.25 - - [29/Nov/2022:06:40:29 -0800] "GET /index.php/camp-fire/28435964.html HTTP/1.1" 500 - "-" "Mozilla/5.0 (compatible; SemrushBot/7~bl; +http://www.semrush.com/bot.html)" "mantech8.com"
185.191.171.1 - - [29/Nov/2022:06:40:41 -0800] "GET /?camp-fire%2F4773755.html HTTP/1.1" 500 - "-" "Mozilla/5.0 (compatible; SemrushBot/7~bl; +http://www.semrush.com/bot.html)" "mantech8.com"
185.191.171.5 - - [29/Nov/2022:06:40:47 -0800] "GET /?camp-fire%2F97418380.html HTTP/1.1" 500 - "-" "Mozilla/5.0 (compatible; SemrushBot/7~bl; +http://www.semrush.com/bot.html)" "mantech8.com"
185.191.171.20 - - [29/Nov/2022:06:41:10 -0800] "GET /?camp-fire%2F39617303.html HTTP/1.1" 500 - "-" "Mozilla/5.0 (compatible; SemrushBot/7~bl; +http://www.semrush.com/bot.html)" "mantech8.com"
207.46.13.100 - - [29/Nov/2022:06:41:17 -0800] "GET /index.php/gvdr-61bd-vinhg.ii HTTP/1.1" 200 75360 "-" "Mozilla/5.0 (compatible; bingbot/2.0; +http://www.bing.com/bingbot.htm)" "mantech8.com"
185.191.171.16 - - [29/Nov/2022:06:41:39 -0800] "GET /?camp-fire%2F4784055.html HTTP/1.1" 500 - "-" "Mozilla/5.0 (compatible; SemrushBot/7~bl; +http://www.semrush.com/bot.html)" "mantech8.com"
185.191.171.13 - - [29/Nov/2022:06:42:16 -0800] "GET /index.php/camp-fire/59706350.html HTTP/1.1" 500 - "-" "Mozilla/5.0 (compatible; SemrushBot/7~bl; +http://www.semrush.com/bot.html)" "mantech8.com"
185.191.171.33 - - [29/Nov/2022:06:42:24 -0800] "GET /?camp-fire%2F61104690.html HTTP/1.1" 500 - "-" "Mozilla/5.0 (compatible; SemrushBot/7~bl; +http://www.semrush.com/bot.html)" "mantech8.com"
207.46.13.100 - - [29/Nov/2022:06:43:17 -0800] "GET /index.php/Mcko-658befdfbd-VgfZJ.Ii HTTP/1.1" 200 60671 "-" "Mozilla/5.0 (compatible; bingbot/2.0; +http://www.bing.com/bingbot.htm)" "mantech8.com"
185.191.171.22 - - [29/Nov/2022:06:43:37 -0800] "GET /?camp-fire%2F43034149.html HTTP/1.1" 500 - "-" "Mozilla/5.0 (compatible; SemrushBot/7~bl; +http://www.semrush.com/bot.html)" "mantech8.com"
185.191.171.41 - - [29/Nov/2022:06:43:39 -0800] "GET /?camp-fire%2F62862302.html HTTP/1.1" 500 - "-" "Mozilla/5.0 (compatible; SemrushBot/7~bl; +http://www.semrush.com/bot.html)" "mantech8.com"
185.191.171.35 - - [29/Nov/2022:06:44:02 -0800] "GET /?camp-fire%2F9078385.html HTTP/1.1" 500 - "-" "Mozilla/5.0 (compatible; SemrushBot/7~bl; +http://www.semrush.com/bot.html)" "mantech8.com"
157.55.39.138 - - [29/Nov/2022:06:45:06 -0800] "GET /index.php/eb5r-3b4b1abb-lcrgl.ii HTTP/1.1" 200 63971 "-" "Mozilla/5.0 AppleWebKit/537.36 (KHTML, like Gecko; compatible; bingbot/2.0; +http://www.bing.com/bingbot.htm) Chrome/103.0.5060.134 Safari/537.36" "mantech8.com"
185.191.171.14 - - [29/Nov/2022:06:45:17 -0800] "GET /?camp-fire%2F30782155.html HTTP/1.1" 500 - "-" "Mozilla/5.0 (compatible; SemrushBot/7~bl; +http://www.semrush.com/bot.html)" "mantech8.com"
185.191.171.15 - - [29/Nov/2022:06:45:23 -0800] "GET /?camp-fire%2F22505846.html HTTP/1.1" 500 - "-" "Mozilla/5.0 (compatible; SemrushBot/7~bl; +http://www.semrush.com/bot.html)" "mantech8.com"
185.191.171.5 - - [29/Nov/2022:06:45:49 -0800] "GET /?camp-fire%2F11635890.html HTTP/1.1" 500 - "-" "Mozilla/5.0 (compatible; SemrushBot/7~bl; +http://www.semrush.com/bot.html)" "mantech8.com"
185.191.171.6 - - [29/Nov/2022:06:46:00 -0800] "GET /?camp-fire%2F75815938.html HTTP/1.1" 500 - "-" "Mozilla/5.0 (compatible; SemrushBot/7~bl; +http://www.semrush.com/bot.html)" "mantech8.com"
114.119.133.253 - - [29/Nov/2022:06:45:59 -0800] "GET /index.php/curlyhead.xml HTTP/1.1" 200 289249 "-" "Mozilla/5.0 (compatible;PetalBot;+https://webmaster.petalsearch.com/site/petalbot)" "mantech8.com"
185.191.171.8 - - [29/Nov/2022:06:46:11 -0800] "GET /index.php/camp-fire/36195338.html HTTP/1.1" 500 - "-" "Mozilla/5.0 (compatible; SemrushBot/7~bl; +http://www.semrush.com/bot.html)" "mantech8.com"
185.191.171.24 - - [29/Nov/2022:06:46:14 -0800] "GET /?camp-fire%2F24057533.html HTTP/1.1" 500 - "-" "Mozilla/5.0 (compatible; SemrushBot/7~bl; +http://www.semrush.com/bot.html)" "mantech8.com"
172.241.236.232 - - [29/Nov/2022:06:47:15 -0800] "GET /contact.php HTTP/1.1" 200 29238 "-" "Mozilla/5.0 (Windows NT 6.3; Win64; x64) AppleWebKit/537.36 (KHTML, like Gecko) Chrome/67.0.3396.62 Safari/537.36" "www.mantech8.com"
172.241.236.232 - - [29/Nov/2022:06:47:17 -0800] "GET /verificationimage.php?2467 HTTP/1.1" 200 1370 "http://www.mantech8.com/mailer.php" "Mozilla/5.0 (Windows NT 6.3; Win64; x64) AppleWebKit/537.36 (KHTML, like Gecko) Chrome/67.0.3396.62 Safari/537.36" "www.mantech8.com"
172.241.236.232 - - [29/Nov/2022:06:47:18 -0800] "GET /mailer.php?name=Norris+Halstead&email=halstead.norris%40yahoo.com&phone=814-765-4929&message=Do+you+know+that+you+can+use+a+simple+traffic+software+to+jumpstart+your+business%3F%0D%0A%0D%0AIt+makes+it+easy+for+you+to+completely+automate+your+lead+generation%2C+quickly+and+easily%2C+and+it+works+like+gangbusters.+Test+drive+it+here:+thetrafficsoftware.com%0D%0A%0D%0AWe+earned+$410K%2B+in+sales+in+the+last+month+ONLY.+%0D%0A%0D%0AYou+will+see+the+step-by-step+case+study+on+thetrafficsoftware.com%0D%0A%0D%0ARegards%0D%0A%0D%0AP.S.:+You+are+seriously+missing+out+right+now+by+not+using+it%E2%80%A6%0D%0A&verif_box=2239 HTTP/1.1" 500 - "http://www.mantech8.com/contact.php" "Mozilla/5.0 (Windows NT 6.3; Win64; x64) AppleWebKit/537.36 (KHTML, like Gecko) Chrome/67.0.3396.62 Safari/537.36" "www.mantech8.com"
185.191.171.12 - - [29/Nov/2022:06:47:53 -0800] "GET /?camp-fire%2F71452581.html HTTP/1.1" 500 - "-" "Mozilla/5.0 (compatible; SemrushBot/7~bl; +http://www.semrush.com/bot.html)" "mantech8.com"
185.191.171.43 - - [29/Nov/2022:06:48:11 -0800] "GET /?camp-fire%2F46322603.html HTTP/1.1" 500 - "-" "Mozilla/5.0 (compatible; SemrushBot/7~bl; +http://www.semrush.com/bot.html)" "mantech8.com"
185.191.171.34 - - [29/Nov/2022:06:48:26 -0800] "GET /?camp-fire%2F72492946.html HTTP/1.1" 500 - "-" "Mozilla/5.0 (compatible; SemrushBot/7~bl; +http://www.semrush.com/bot.html)" "mantech8.com"
185.191.171.5 - - [29/Nov/2022:06:48:37 -0800] "GET /index.php/camp-fire/33577516.html HTTP/1.1" 500 - "-" "Mozilla/5.0 (compatible; SemrushBot/7~bl; +http://www.semrush.com/bot.html)" "mantech8.com"
185.191.171.44 - - [29/Nov/2022:06:48:51 -0800] "GET /?camp-fire%2F49091516.html HTTP/1.1" 500 - "-" "Mozilla/5.0 (compatible; SemrushBot/7~bl; +http://www.semrush.com/bot.html)" "mantech8.com"
207.46.13.125 - - [29/Nov/2022:06:49:24 -0800] "GET /index.php/mcko-c4ffcdee-vtjdh.ii HTTP/1.1" 200 68796 "-" "Mozilla/5.0 AppleWebKit/537.36 (KHTML, like Gecko; compatible; bingbot/2.0; +http://www.bing.com/bingbot.htm) Chrome/103.0.5060.134 Safari/537.36" "mantech8.com"
185.191.171.40 - - [29/Nov/2022:06:49:49 -0800] "GET /?camp-fire%2F9101080.html HTTP/1.1" 500 - "-" "Mozilla/5.0 (compatible; SemrushBot/7~bl; +http://www.semrush.com/bot.html)" "mantech8.com"
185.191.171.11 - - [29/Nov/2022:06:49:57 -0800] "GET /?camp-fire%2F91895133.html HTTP/1.1" 500 - "-" "Mozilla/5.0 (compatible; SemrushBot/7~bl; +http://www.semrush.com/bot.html)" "mantech8.com"
185.191.171.15 - - [29/Nov/2022:06:49:59 -0800] "GET /?camp-fire%2F40451650.html HTTP/1.1" 500 - "-" "Mozilla/5.0 (compatible; SemrushBot/7~bl; +http://www.semrush.com/bot.html)" "mantech8.com"
185.191.171.7 - - [29/Nov/2022:06:50:37 -0800] "GET /?camp-fire%2F35999125.html HTTP/1.1" 500 - "-" "Mozilla/5.0 (compatible; SemrushBot/7~bl; +http://www.semrush.com/bot.html)" "mantech8.com"
185.191.171.20 - - [29/Nov/2022:06:51:03 -0800] "GET /index.php/camp-fire/37977478.html HTTP/1.1" 500 - "-" "Mozilla/5.0 (compatible; SemrushBot/7~bl; +http://www.semrush.com/bot.html)" "mantech8.com"
40.77.167.26 - - [29/Nov/2022:06:51:07 -0800] "GET /index.php/6a90afdbdb HTTP/1.1" 200 63390 "-" "Mozilla/5.0 AppleWebKit/537.36 (KHTML, like Gecko; compatible; bingbot/2.0; +http://www.bing.com/bingbot.htm) Chrome/103.0.5060.134 Safari/537.36" "mantech8.com"
40.77.167.26 - - [29/Nov/2022:06:51:08 -0800] "GET /index.php/HXSt-8c3dedaaf-IzOuV.Ii HTTP/1.1" 200 71126 "-" "Mozilla/5.0 (compatible; bingbot/2.0; +http://www.bing.com/bingbot.htm)" "mantech8.com"
207.46.13.125 - - [29/Nov/2022:06:51:12 -0800] "GET /index.php/nWTf-32dda-3l65U.Ii HTTP/1.1" 200 66037 "-" "Mozilla/5.0 (compatible; bingbot/2.0; +http://www.bing.com/bingbot.htm)" "mantech8.com"
207.46.13.125 - - [29/Nov/2022:06:51:13 -0800] "GET /index.php/HXSt-50729faf-IzOuS.Ii HTTP/1.1" 200 58508 "-" "Mozilla/5.0 AppleWebKit/537.36 (KHTML, like Gecko; compatible; bingbot/2.0; +http://www.bing.com/bingbot.htm) Chrome/103.0.5060.134 Safari/537.36" "mantech8.com"
157.55.39.123 - - [29/Nov/2022:06:51:17 -0800] "GET /index.php/HXSt-6680dcdeda-IzOuG.Ii HTTP/1.1" 200 67537 "-" "Mozilla/5.0 (compatible; bingbot/2.0; +http://www.bing.com/bingbot.htm)" "mantech8.com"
207.46.13.125 - - [29/Nov/2022:06:52:11 -0800] "GET /bimages/headg/31.jpg HTTP/1.1" 200 106635 "-" "Mozilla/5.0 (compatible; bingbot/2.0; +http://www.bing.com/bingbot.htm)" "www.mantech8.com"
185.191.171.12 - - [29/Nov/2022:06:52:25 -0800] "GET /?camp-fire%2F28402326.html HTTP/1.1" 500 - "-" "Mozilla/5.0 (compatible; SemrushBot/7~bl; +http://www.semrush.com/bot.html)" "mantech8.com"
185.191.171.16 - - [29/Nov/2022:06:52:45 -0800] "GET /?camp-fire%2F51014778.html HTTP/1.1" 500 - "-" "Mozilla/5.0 (compatible; SemrushBot/7~bl; +http://www.semrush.com/bot.html)" "mantech8.com"
185.191.171.40 - - [29/Nov/2022:06:53:02 -0800] "GET /?camp-fire%2F54029256.html HTTP/1.1" 500 - "-" "Mozilla/5.0 (compatible; SemrushBot/7~bl; +http://www.semrush.com/bot.html)" "mantech8.com"
185.191.171.35 - - [29/Nov/2022:06:53:27 -0800] "GET /index.php/camp-fire/27267670.html HTTP/1.1" 500 - "-" "Mozilla/5.0 (compatible; SemrushBot/7~bl; +http://www.semrush.com/bot.html)" "mantech8.com"
185.191.171.21 - - [29/Nov/2022:06:53:34 -0800] "GET /?camp-fire%2F85537380.html HTTP/1.1" 500 - "-" "Mozilla/5.0 (compatible; SemrushBot/7~bl; +http://www.semrush.com/bot.html)" "mantech8.com"
185.191.171.26 - - [29/Nov/2022:06:53:36 -0800] "GET /?camp-fire%2F58245164.html HTTP/1.1" 500 - "-" "Mozilla/5.0 (compatible; SemrushBot/7~bl; +http://www.semrush.com/bot.html)" "mantech8.com"
185.191.171.37 - - [29/Nov/2022:06:54:19 -0800] "GET /?camp-fire%2F47433634.html HTTP/1.1" 500 - "-" "Mozilla/5.0 (compatible; SemrushBot/7~bl; +http://www.semrush.com/bot.html)" "mantech8.com"
185.191.171.40 - - [29/Nov/2022:06:54:29 -0800] "GET /?camp-fire%2F54204171.html HTTP/1.1" 500 - "-" "Mozilla/5.0 (compatible; SemrushBot/7~bl; +http://www.semrush.com/bot.html)" "mantech8.com"
185.191.171.40 - - [29/Nov/2022:06:55:37 -0800] "GET /index.php?camp-fire%2F2130759.html HTTP/1.1" 500 - "-" "Mozilla/5.0 (compatible; SemrushBot/7~bl; +http://www.semrush.com/bot.html)" "mantech8.com"
185.191.171.23 - - [29/Nov/2022:06:56:14 -0800] "GET /?camp-fire%2F72147185.html HTTP/1.1" 500 - "-" "Mozilla/5.0 (compatible; SemrushBot/7~bl; +http://www.semrush.com/bot.html)" "mantech8.com"
40.77.167.26 - - [29/Nov/2022:06:56:19 -0800] "GET /index.php/mhxm-a4f8accac-jg3sk.ii HTTP/1.1" 200 70966 "-" "Mozilla/5.0 (compatible; bingbot/2.0; +http://www.bing.com/bingbot.htm)" "mantech8.com"
185.191.171.35 - - [29/Nov/2022:06:57:42 -0800] "GET /index.php/camp-fire/46527882.html HTTP/1.1" 500 - "-" "Mozilla/5.0 (compatible; SemrushBot/7~bl; +http://www.semrush.com/bot.html)" "mantech8.com"
185.191.171.38 - - [29/Nov/2022:06:57:48 -0800] "GET /?camp-fire%2F58317238.html HTTP/1.1" 500 - "-" "Mozilla/5.0 (compatible; SemrushBot/7~bl; +http://www.semrush.com/bot.html)" "mantech8.com"
157.55.39.138 - - [29/Nov/2022:06:58:06 -0800] "GET /index.php/okoc-80bde-luohk.ii HTTP/1.1" 200 72889 "-" "Mozilla/5.0 AppleWebKit/537.36 (KHTML, like Gecko; compatible; bingbot/2.0; +http://www.bing.com/bingbot.htm) Chrome/103.0.5060.134 Safari/537.36" "mantech8.com"
185.191.171.8 - - [29/Nov/2022:06:58:25 -0800] "GET /?camp-fire%2F43374049.html HTTP/1.1" 500 - "-" "Mozilla/5.0 (compatible; SemrushBot/7~bl; +http://www.semrush.com/bot.html)" "mantech8.com"
185.191.171.34 - - [29/Nov/2022:06:58:26 -0800] "GET /?camp-fire%2F43524871.html HTTP/1.1" 500 - "-" "Mozilla/5.0 (compatible; SemrushBot/7~bl; +http://www.semrush.com/bot.html)" "mantech8.com"
114.119.150.37 - - [29/Nov/2022:06:59:06 -0800] "GET /index.php?camp-fire/10617330.html HTTP/1.1" 500 - "-" "Mozilla/5.0 (Linux; Android 7.0;) AppleWebKit/537.36 (KHTML, like Gecko) Mobile Safari/537.36 (compatible; PetalBot;+https://webmaster.petalsearch.com/site/petalbot)" "www.mantech8.com"
185.191.171.2 - - [29/Nov/2022:06:59:34 -0800] "GET /?camp-fire%2F5139085.html HTTP/1.1" 500 - "-" "Mozilla/5.0 (compatible; SemrushBot/7~bl; +http://www.semrush.com/bot.html)" "mantech8.com"
185.191.171.17 - - [29/Nov/2022:07:00:01 -0800] "GET /?camp-fire%2F46818455.html HTTP/1.1" 500 - "-" "Mozilla/5.0 (compatible; SemrushBot/7~bl; +http://www.semrush.com/bot.html)" "mantech8.com"
185.191.171.26 - - [29/Nov/2022:07:00:02 -0800] "GET /?camp-fire%2F46502226.html HTTP/1.1" 500 - "-" "Mozilla/5.0 (compatible; SemrushBot/7~bl; +http://www.semrush.com/bot.html)" "mantech8.com"
157.55.39.138 - - [29/Nov/2022:07:00:07 -0800] "GET /index.php/c9dae HTTP/1.1" 200 66223 "-" "Mozilla/5.0 AppleWebKit/537.36 (KHTML, like Gecko; compatible; bingbot/2.0; +http://www.bing.com/bingbot.htm) Chrome/103.0.5060.134 Safari/537.36" "mantech8.com"
157.55.39.138 - - [29/Nov/2022:07:00:08 -0800] "GET /index.php/aps-a1dfa-okdgm.ii HTTP/1.1" 200 102414 "-" "Mozilla/5.0 AppleWebKit/537.36 (KHTML, like Gecko; compatible; bingbot/2.0; +http://www.bing.com/bingbot.htm) Chrome/103.0.5060.134 Safari/537.36" "mantech8.com"
185.191.171.17 - - [29/Nov/2022:07:00:43 -0800] "GET /?camp-fire%2F49976303.html HTTP/1.1" 500 - "-" "Mozilla/5.0 (compatible; SemrushBot/7~bl; +http://www.semrush.com/bot.html)" "mantech8.com"
185.191.171.15 - - [29/Nov/2022:07:00:49 -0800] "GET /index.php?camp-fire%2F7620221.html HTTP/1.1" 500 - "-" "Mozilla/5.0 (compatible; SemrushBot/7~bl; +http://www.semrush.com/bot.html)" "mantech8.com"
185.191.171.35 - - [29/Nov/2022:07:01:06 -0800] "GET /?camp-fire%2F43375434.html HTTP/1.1" 500 - "-" "Mozilla/5.0 (compatible; SemrushBot/7~bl; +http://www.semrush.com/bot.html)" "mantech8.com"
185.191.171.4 - - [29/Nov/2022:07:01:35 -0800] "GET /?camp-fire%2F44602664.html HTTP/1.1" 500 - "-" "Mozilla/5.0 (compatible; SemrushBot/7~bl; +http://www.semrush.com/bot.html)" "mantech8.com"
185.191.171.12 - - [29/Nov/2022:07:01:42 -0800] "GET /?camp-fire%2F48351816.html HTTP/1.1" 500 - "-" "Mozilla/5.0 (compatible; SemrushBot/7~bl; +http://www.semrush.com/bot.html)" "mantech8.com"
185.191.171.13 - - [29/Nov/2022:07:02:01 -0800] "GET /?camp-fire%2F55549568.html HTTP/1.1" 500 - "-" "Mozilla/5.0 (compatible; SemrushBot/7~bl; +http://www.semrush.com/bot.html)" "mantech8.com"
185.191.171.34 - - [29/Nov/2022:07:02:07 -0800] "GET /?camp-fire%2F3882974.html HTTP/1.1" 500 - "-" "Mozilla/5.0 (compatible; SemrushBot/7~bl; +http://www.semrush.com/bot.html)" "mantech8.com"
185.191.171.1 - - [29/Nov/2022:07:02:14 -0800] "GET /?camp-fire%2F49977403.html HTTP/1.1" 500 - "-" "Mozilla/5.0 (compatible; SemrushBot/7~bl; +http://www.semrush.com/bot.html)" "mantech8.com"
157.55.39.123 - - [29/Nov/2022:07:02:56 -0800] "GET /index.php/kvRW-3bc4aefaab-y8Tyj.Ii HTTP/1.1" 200 62956 "-" "Mozilla/5.0 (compatible; bingbot/2.0; +http://www.bing.com/bingbot.htm)" "mantech8.com"
185.191.171.4 - - [29/Nov/2022:07:03:11 -0800] "GET /?camp-fire%2F84174808.html HTTP/1.1" 500 - "-" "Mozilla/5.0 (compatible; SemrushBot/7~bl; +http://www.semrush.com/bot.html)" "mantech8.com"
185.191.171.43 - - [29/Nov/2022:07:03:26 -0800] "GET /index.php?camp-fire%2F8352780.html HTTP/1.1" 500 - "-" "Mozilla/5.0 (compatible; SemrushBot/7~bl; +http://www.semrush.com/bot.html)" "mantech8.com"
40.77.167.26 - - [29/Nov/2022:07:04:00 -0800] "GET /index.php/wtzk-bd599bdba-nlspa.ii HTTP/1.1" 200 71789 "-" "Mozilla/5.0 AppleWebKit/537.36 (KHTML, like Gecko; compatible; bingbot/2.0; +http://www.bing.com/bingbot.htm) Chrome/103.0.5060.134 Safari/537.36" "mantech8.com"
40.77.167.67 - - [29/Nov/2022:07:04:05 -0800] "GET /index.php/mcko-d8efb-vy8rl.ii HTTP/1.1" 200 68285 "-" "Mozilla/5.0 AppleWebKit/537.36 (KHTML, like Gecko; compatible; bingbot/2.0; +http://www.bing.com/bingbot.htm) Chrome/103.0.5060.134 Safari/537.36" "mantech8.com"
207.46.13.100 - - [29/Nov/2022:07:04:09 -0800] "GET /index.php/wf2o-f082adeacf-g6zf5.ii HTTP/1.1" 200 69367 "-" "Mozilla/5.0 (compatible; bingbot/2.0; +http://www.bing.com/bingbot.htm)" "mantech8.com"
185.191.171.10 - - [29/Nov/2022:07:04:22 -0800] "GET /?camp-fire%2F43317534.html HTTP/1.1" 500 - "-" "Mozilla/5.0 (compatible; SemrushBot/7~bl; +http://www.semrush.com/bot.html)" "mantech8.com"
185.191.171.33 - - [29/Nov/2022:07:04:34 -0800] "GET /?camp-fire%2F76786783.html HTTP/1.1" 500 - "-" "Mozilla/5.0 (compatible; SemrushBot/7~bl; +http://www.semrush.com/bot.html)" "mantech8.com"
185.191.171.1 - - [29/Nov/2022:07:04:53 -0800] "GET /index.php?camp-fire%2F1184172.html HTTP/1.1" 500 - "-" "Mozilla/5.0 (compatible; SemrushBot/7~bl; +http://www.semrush.com/bot.html)" "mantech8.com"
185.191.171.16 - - [29/Nov/2022:07:05:03 -0800] "GET /?camp-fire%2F2733100.html HTTP/1.1" 500 - "-" "Mozilla/5.0 (compatible; SemrushBot/7~bl; +http://www.semrush.com/bot.html)" "mantech8.com"
185.191.171.20 - - [29/Nov/2022:07:05:13 -0800] "GET /index.php/camp-fire/24252350.html HTTP/1.1" 500 - "-" "Mozilla/5.0 (compatible; SemrushBot/7~bl; +http://www.semrush.com/bot.html)" "mantech8.com"
185.191.171.5 - - [29/Nov/2022:07:05:29 -0800] "GET /?camp-fire%2F54035170.html HTTP/1.1" 500 - "-" "Mozilla/5.0 (compatible; SemrushBot/7~bl; +http://www.semrush.com/bot.html)" "mantech8.com"
185.191.171.20 - - [29/Nov/2022:07:05:54 -0800] "GET /?camp-fire%2F43317734.html HTTP/1.1" 500 - "-" "Mozilla/5.0 (compatible; SemrushBot/7~bl; +http://www.semrush.com/bot.html)" "mantech8.com"
40.77.167.67 - - [29/Nov/2022:07:06:22 -0800] "GET /index.php/zsuz-c8411cef-skeuf.ii HTTP/1.1" 200 63090 "-" "Mozilla/5.0 AppleWebKit/537.36 (KHTML, like Gecko; compatible; bingbot/2.0; +http://www.bing.com/bingbot.htm) Chrome/103.0.5060.134 Safari/537.36" "mantech8.com"
185.191.171.13 - - [29/Nov/2022:07:06:25 -0800] "GET /?camp-fire%2F65373268.html HTTP/1.1" 500 - "-" "Mozilla/5.0 (compatible; SemrushBot/7~bl; +http://www.semrush.com/bot.html)" "mantech8.com"
207.46.13.100 - - [29/Nov/2022:07:06:30 -0800] "GET /index.php/q5w4-12c1dfbef-jpges.ii HTTP/1.1" 200 64461 "-" "Mozilla/5.0 (compatible; bingbot/2.0; +http://www.bing.com/bingbot.htm)" "mantech8.com"
185.191.171.1 - - [29/Nov/2022:07:07:03 -0800] "GET /?camp-fire%2F38220403.html HTTP/1.1" 500 - "-" "Mozilla/5.0 (compatible; SemrushBot/7~bl; +http://www.semrush.com/bot.html)" "mantech8.com"
185.191.171.12 - - [29/Nov/2022:07:07:11 -0800] "GET /?camp-fire%2F91484435.html HTTP/1.1" 500 - "-" "Mozilla/5.0 (compatible; SemrushBot/7~bl; +http://www.semrush.com/bot.html)" "mantech8.com"
185.191.171.8 - - [29/Nov/2022:07:08:11 -0800] "GET /?camp-fire%2F90813376.html HTTP/1.1" 500 - "-" "Mozilla/5.0 (compatible; SemrushBot/7~bl; +http://www.semrush.com/bot.html)" "mantech8.com"
185.191.171.12 - - [29/Nov/2022:07:08:32 -0800] "GET /?camp-fire%2F53961103.html HTTP/1.1" 500 - "-" "Mozilla/5.0 (compatible; SemrushBot/7~bl; +http://www.semrush.com/bot.html)" "mantech8.com"
40.77.167.26 - - [29/Nov/2022:07:08:50 -0800] "GET /index.php/MKJW-b7dac-BHhkB.Ii HTTP/1.1" 200 78118 "-" "Mozilla/5.0 AppleWebKit/537.36 (KHTML, like Gecko; compatible; bingbot/2.0; +http://www.bing.com/bingbot.htm) Chrome/103.0.5060.134 Safari/537.36" "mantech8.com"
185.191.171.21 - - [29/Nov/2022:07:09:30 -0800] "GET /?camp-fire%2F33253997.html HTTP/1.1" 500 - "-" "Mozilla/5.0 (compatible; SemrushBot/7~bl; +http://www.semrush.com/bot.html)" "mantech8.com"
185.191.171.1 - - [29/Nov/2022:07:09:52 -0800] "GET /?camp-fire%2F61144972.html HTTP/1.1" 500 - "-" "Mozilla/5.0 (compatible; SemrushBot/7~bl; +http://www.semrush.com/bot.html)" "mantech8.com"
185.191.171.33 - - [29/Nov/2022:07:10:12 -0800] "GET /?camp-fire%2F18010680.html HTTP/1.1" 500 - "-" "Mozilla/5.0 (compatible; SemrushBot/7~bl; +http://www.semrush.com/bot.html)" "mantech8.com"
216.244.66.241 - - [29/Nov/2022:07:10:22 -0800] "GET /robots.txt HTTP/1.1" 200 222 "-" "Mozilla/5.0 (compatible; DotBot/1.2; +https://opensiteexplorer.org/dotbot; help@moz.com)" "mantech8.com"
216.244.66.241 - - [29/Nov/2022:07:10:22 -0800] "GET /robots.txt HTTP/1.1" 200 222 "-" "Mozilla/5.0 (compatible; DotBot/1.2; +https://opensiteexplorer.org/dotbot; help@moz.com)" "www.mantech8.com"
185.191.171.4 - - [29/Nov/2022:07:10:28 -0800] "GET /?camp-fire%2F42977672.html HTTP/1.1" 500 - "-" "Mozilla/5.0 (compatible; SemrushBot/7~bl; +http://www.semrush.com/bot.html)" "mantech8.com"
40.77.167.67 - - [29/Nov/2022:07:11:13 -0800] "GET /index.php/egy1-792cdeba-vsvum.ii HTTP/1.1" 200 65283 "-" "Mozilla/5.0 AppleWebKit/537.36 (KHTML, like Gecko; compatible; bingbot/2.0; +http://www.bing.com/bingbot.htm) Chrome/103.0.5060.134 Safari/537.36" "mantech8.com"
185.191.171.23 - - [29/Nov/2022:07:11:15 -0800] "GET /?camp-fire%2F42355925.html HTTP/1.1" 500 - "-" "Mozilla/5.0 (compatible; SemrushBot/7~bl; +http://www.semrush.com/bot.html)" "mantech8.com"
114.119.157.111 - - [29/Nov/2022:07:11:16 -0800] "GET /?reym.xml HTTP/1.1" 200 270409 "-" "Mozilla/5.0 (compatible;PetalBot;+https://webmaster.petalsearch.com/site/petalbot)" "mantech8.com"
157.55.39.123 - - [29/Nov/2022:07:11:27 -0800] "GET /bimages/gallery/thump/pb4.jpg HTTP/1.1" 200 441577 "-" "Mozilla/5.0 AppleWebKit/537.36 (KHTML, like Gecko; compatible; bingbot/2.0; +http://www.bing.com/bingbot.htm) Chrome/103.0.5060.134 Safari/537.36" "mantech8.com"
185.191.171.12 - - [29/Nov/2022:07:12:04 -0800] "GET /index.php/camp-fire/29627465.html HTTP/1.1" 500 - "-" "Mozilla/5.0 (compatible; SemrushBot/7~bl; +http://www.semrush.com/bot.html)" "mantech8.com"
114.119.136.138 - - [29/Nov/2022:07:12:38 -0800] "GET /index.php?larges.xml HTTP/1.1" 200 289377 "-" "Mozilla/5.0 (Linux; Android 7.0;) AppleWebKit/537.36 (KHTML, like Gecko) Mobile Safari/537.36 (compatible; PetalBot;+https://webmaster.petalsearch.com/site/petalbot)" "mantech8.com"
