185.191.171.6 - - [26/Nov/2022:12:19:31 -0800] "GET /?camp-fire%2F18044881.html HTTP/1.1" 500 - "-" "Mozilla/5.0 (compatible; SemrushBot/7~bl; +http://www.semrush.com/bot.html)" "mantech8.com"
185.191.171.1 - - [26/Nov/2022:12:19:57 -0800] "GET /?camp-fire%2F57731903.html HTTP/1.1" 500 - "-" "Mozilla/5.0 (compatible; SemrushBot/7~bl; +http://www.semrush.com/bot.html)" "mantech8.com"
185.191.171.3 - - [26/Nov/2022:12:21:06 -0800] "GET /?camp-fire%2F58124072.html HTTP/1.1" 500 - "-" "Mozilla/5.0 (compatible; SemrushBot/7~bl; +http://www.semrush.com/bot.html)" "mantech8.com"
40.77.167.67 - - [26/Nov/2022:12:21:22 -0800] "GET /index.php/egy1-0345cffdda-ve77x.ii HTTP/1.1" 200 66614 "-" "Mozilla/5.0 AppleWebKit/537.36 (KHTML, like Gecko; compatible; bingbot/2.0; +http://www.bing.com/bingbot.htm) Chrome/103.0.5060.134 Safari/537.36" "mantech8.com"
185.191.171.15 - - [26/Nov/2022:12:21:29 -0800] "GET /?camp-fire%2F18124181.html HTTP/1.1" 500 - "-" "Mozilla/5.0 (compatible; SemrushBot/7~bl; +http://www.semrush.com/bot.html)" "mantech8.com"
185.191.171.7 - - [26/Nov/2022:12:22:03 -0800] "GET /index.php/camp-fire/6609496.html HTTP/1.1" 500 - "-" "Mozilla/5.0 (compatible; SemrushBot/7~bl; +http://www.semrush.com/bot.html)" "mantech8.com"
114.119.149.150 - - [26/Nov/2022:12:22:38 -0800] "GET /bimages/gallery/bxrgzztdpj.php HTTP/1.1" 200 32 "http://mantech8.com/bimages/gallery/?C=M%3BO%3DA" "Mozilla/5.0 (Linux; Android 7.0;) AppleWebKit/537.36 (KHTML, like Gecko) Mobile Safari/537.36 (compatible; PetalBot;+https://webmaster.petalsearch.com/site/petalbot)" "mantech8.com"
207.46.13.125 - - [26/Nov/2022:12:23:19 -0800] "GET /index.php/f86fedfabe HTTP/1.1" 200 67000 "-" "Mozilla/5.0 (compatible; bingbot/2.0; +http://www.bing.com/bingbot.htm)" "mantech8.com"
185.191.171.3 - - [26/Nov/2022:12:23:34 -0800] "GET /?camp-fire%2F57262898.html HTTP/1.1" 500 - "-" "Mozilla/5.0 (compatible; SemrushBot/7~bl; +http://www.semrush.com/bot.html)" "mantech8.com"
185.191.171.4 - - [26/Nov/2022:12:25:09 -0800] "GET /?camp-fire%2F71027583.html HTTP/1.1" 500 - "-" "Mozilla/5.0 (compatible; SemrushBot/7~bl; +http://www.semrush.com/bot.html)" "mantech8.com"
185.191.171.2 - - [26/Nov/2022:12:25:54 -0800] "GET /?camp-fire%2F17286700.html HTTP/1.1" 500 - "-" "Mozilla/5.0 (compatible; SemrushBot/7~bl; +http://www.semrush.com/bot.html)" "mantech8.com"
185.191.171.1 - - [26/Nov/2022:12:26:24 -0800] "GET /?camp-fire%2F69207600.html HTTP/1.1" 500 - "-" "Mozilla/5.0 (compatible; SemrushBot/7~bl; +http://www.semrush.com/bot.html)" "mantech8.com"
40.77.167.26 - - [26/Nov/2022:12:26:39 -0800] "GET /WtZk-c137edbca-n3JLz.Ii HTTP/1.1" 404 88 "-" "Mozilla/5.0 (compatible; bingbot/2.0; +http://www.bing.com/bingbot.htm)" "www.mantech8.com"
185.191.171.19 - - [26/Nov/2022:12:26:53 -0800] "GET /?camp-fire%2F4515498.html HTTP/1.1" 500 - "-" "Mozilla/5.0 (compatible; SemrushBot/7~bl; +http://www.semrush.com/bot.html)" "mantech8.com"
185.191.171.20 - - [26/Nov/2022:12:27:36 -0800] "GET /?camp-fire%2F47315550.html HTTP/1.1" 500 - "-" "Mozilla/5.0 (compatible; SemrushBot/7~bl; +http://www.semrush.com/bot.html)" "mantech8.com"
114.119.151.219 - - [26/Nov/2022:12:27:49 -0800] "GET /index.php/gladhand.xml HTTP/1.1" 200 289460 "-" "Mozilla/5.0 (Linux; Android 7.0;) AppleWebKit/537.36 (KHTML, like Gecko) Mobile Safari/537.36 (compatible; PetalBot;+https://webmaster.petalsearch.com/site/petalbot)" "mantech8.com"
185.191.171.8 - - [26/Nov/2022:12:28:10 -0800] "GET /?camp-fire%2F10170890.html HTTP/1.1" 500 - "-" "Mozilla/5.0 (compatible; SemrushBot/7~bl; +http://www.semrush.com/bot.html)" "mantech8.com"
40.77.167.26 - - [26/Nov/2022:12:28:42 -0800] "GET /F2si-40ce-DkWGj.Ii HTTP/1.1" 404 88 "-" "Mozilla/5.0 AppleWebKit/537.36 (KHTML, like Gecko; compatible; bingbot/2.0; +http://www.bing.com/bingbot.htm) Chrome/103.0.5060.134 Safari/537.36" "www.mantech8.com"
185.191.171.6 - - [26/Nov/2022:12:29:19 -0800] "GET /?camp-fire%2F42141849.html HTTP/1.1" 500 - "-" "Mozilla/5.0 (compatible; SemrushBot/7~bl; +http://www.semrush.com/bot.html)" "mantech8.com"
185.191.171.6 - - [26/Nov/2022:12:29:49 -0800] "GET /?camp-fire%2F67811070.html HTTP/1.1" 500 - "-" "Mozilla/5.0 (compatible; SemrushBot/7~bl; +http://www.semrush.com/bot.html)" "mantech8.com"
207.46.13.177 - - [26/Nov/2022:12:29:49 -0800] "GET / HTTP/1.1" 200 64962 "-" "Mozilla/5.0 (compatible; bingbot/2.0; +http://www.bing.com/bingbot.htm)" "www.mantech8.com"
216.244.66.241 - - [26/Nov/2022:12:30:34 -0800] "GET /robots.txt HTTP/1.1" 200 222 "-" "Mozilla/5.0 (compatible; DotBot/1.2; +https://opensiteexplorer.org/dotbot; help@moz.com)" "www.mantech8.com"
216.244.66.241 - - [26/Nov/2022:12:30:34 -0800] "GET /robots.txt HTTP/1.1" 200 222 "-" "Mozilla/5.0 (compatible; DotBot/1.2; +https://opensiteexplorer.org/dotbot; help@moz.com)" "mantech8.com"
185.191.171.33 - - [26/Nov/2022:12:30:40 -0800] "GET /?camp-fire%2F15983924.html HTTP/1.1" 500 - "-" "Mozilla/5.0 (compatible; SemrushBot/7~bl; +http://www.semrush.com/bot.html)" "mantech8.com"
185.191.171.6 - - [26/Nov/2022:12:30:48 -0800] "GET /?camp-fire%2F35784750.html HTTP/1.1" 500 - "-" "Mozilla/5.0 (compatible; SemrushBot/7~bl; +http://www.semrush.com/bot.html)" "mantech8.com"
185.191.171.39 - - [26/Nov/2022:12:31:32 -0800] "GET /?camp-fire%2F90428193.html HTTP/1.1" 500 - "-" "Mozilla/5.0 (compatible; SemrushBot/7~bl; +http://www.semrush.com/bot.html)" "mantech8.com"
114.119.142.217 - - [26/Nov/2022:12:32:47 -0800] "GET /bimages/himage/?C=M%3BO%3DA HTTP/1.1" 200 443 "http://www.mantech8.com/bimages/himage/?C=D%3BO%3DA" "Mozilla/5.0 (Linux; Android 7.0;) AppleWebKit/537.36 (KHTML, like Gecko) Mobile Safari/537.36 (compatible; PetalBot;+https://webmaster.petalsearch.com/site/petalbot)" "www.mantech8.com"
85.159.237.75 - - [26/Nov/2022:12:32:54 -0800] "GET /contact.php HTTP/1.1" 200 29238 "http://mantech8.com/contact.php" "Mozilla/5.0 (Windows NT 10.0; Win64; x64) AppleWebKit/537.36 (KHTML, like Gecko) Chrome/90.0.4430.85 Safari/537.36 Edg/90.0.818.49" "mantech8.com"
85.159.237.75 - - [26/Nov/2022:12:32:55 -0800] "GET /verificationimage.php?7393 HTTP/1.1" 200 1373 "http://mantech8.com/contact.php" "Mozilla/5.0 (Windows NT 10.0; Win64; x64) AppleWebKit/537.36 (KHTML, like Gecko) Chrome/90.0.4430.85 Safari/537.36 Edg/90.0.818.49" "mantech8.com"
85.159.237.75 - - [26/Nov/2022:12:32:56 -0800] "POST /mailer.php HTTP/1.1" 500 - "http://mantech8.com/contact.php" "Mozilla/5.0 (Windows NT 10.0; Win64; x64) AppleWebKit/537.36 (KHTML, like Gecko) Chrome/90.0.4430.85 Safari/537.36 Edg/90.0.818.49" "mantech8.com"
185.191.171.44 - - [26/Nov/2022:12:33:30 -0800] "GET /?camp-fire%2F52747335.html HTTP/1.1" 500 - "-" "Mozilla/5.0 (compatible; SemrushBot/7~bl; +http://www.semrush.com/bot.html)" "mantech8.com"
185.191.171.2 - - [26/Nov/2022:12:34:47 -0800] "GET /?camp-fire%2F49714772.html HTTP/1.1" 500 - "-" "Mozilla/5.0 (compatible; SemrushBot/7~bl; +http://www.semrush.com/bot.html)" "mantech8.com"
185.191.171.39 - - [26/Nov/2022:12:34:52 -0800] "GET /?camp-fire%2F47704472.html HTTP/1.1" 500 - "-" "Mozilla/5.0 (compatible; SemrushBot/7~bl; +http://www.semrush.com/bot.html)" "mantech8.com"
185.191.171.13 - - [26/Nov/2022:12:35:32 -0800] "GET /?camp-fire%2F79531774.html HTTP/1.1" 500 - "-" "Mozilla/5.0 (compatible; SemrushBot/7~bl; +http://www.semrush.com/bot.html)" "mantech8.com"
185.191.171.26 - - [26/Nov/2022:12:35:35 -0800] "GET /?camp-fire%2F47384250.html HTTP/1.1" 500 - "-" "Mozilla/5.0 (compatible; SemrushBot/7~bl; +http://www.semrush.com/bot.html)" "mantech8.com"
185.191.171.34 - - [26/Nov/2022:12:35:56 -0800] "GET /?camp-fire%2F5284277.html HTTP/1.1" 500 - "-" "Mozilla/5.0 (compatible; SemrushBot/7~bl; +http://www.semrush.com/bot.html)" "mantech8.com"
185.191.171.12 - - [26/Nov/2022:12:36:44 -0800] "GET /?camp-fire%2F9708283.html HTTP/1.1" 500 - "-" "Mozilla/5.0 (compatible; SemrushBot/7~bl; +http://www.semrush.com/bot.html)" "mantech8.com"
185.191.171.6 - - [26/Nov/2022:12:36:53 -0800] "GET /index.php/camp-fire/38246503.html HTTP/1.1" 500 - "-" "Mozilla/5.0 (compatible; SemrushBot/7~bl; +http://www.semrush.com/bot.html)" "mantech8.com"
185.191.171.17 - - [26/Nov/2022:12:36:55 -0800] "GET /?camp-fire%2F52017809.html HTTP/1.1" 500 - "-" "Mozilla/5.0 (compatible; SemrushBot/7~bl; +http://www.semrush.com/bot.html)" "mantech8.com"
185.191.171.8 - - [26/Nov/2022:12:37:20 -0800] "GET /?camp-fire%2F51944126.html HTTP/1.1" 500 - "-" "Mozilla/5.0 (compatible; SemrushBot/7~bl; +http://www.semrush.com/bot.html)" "mantech8.com"
40.77.167.26 - - [26/Nov/2022:12:37:41 -0800] "GET /index.php/wtzk-f1a01ebc-n2jfq.ii HTTP/1.1" 200 63160 "-" "Mozilla/5.0 AppleWebKit/537.36 (KHTML, like Gecko; compatible; bingbot/2.0; +http://www.bing.com/bingbot.htm) Chrome/103.0.5060.134 Safari/537.36" "mantech8.com"
114.119.133.46 - - [26/Nov/2022:12:37:48 -0800] "GET /sitemap885.xml HTTP/1.1" 404 88 "-" "Mozilla/5.0 (compatible;PetalBot;+https://webmaster.petalsearch.com/site/petalbot)" "mantech8.com"
185.191.171.45 - - [26/Nov/2022:12:38:39 -0800] "GET /?camp-fire%2F89572517.html HTTP/1.1" 500 - "-" "Mozilla/5.0 (compatible; SemrushBot/7~bl; +http://www.semrush.com/bot.html)" "mantech8.com"
185.191.171.42 - - [26/Nov/2022:12:39:27 -0800] "GET /?camp-fire%2F7620221.html HTTP/1.1" 500 - "-" "Mozilla/5.0 (compatible; SemrushBot/7~bl; +http://www.semrush.com/bot.html)" "mantech8.com"
185.191.171.10 - - [26/Nov/2022:12:39:35 -0800] "GET /?camp-fire%2F7315590.html HTTP/1.1" 500 - "-" "Mozilla/5.0 (compatible; SemrushBot/7~bl; +http://www.semrush.com/bot.html)" "mantech8.com"
185.191.171.5 - - [26/Nov/2022:12:39:52 -0800] "GET /?camp-fire%2F51002192.html HTTP/1.1" 500 - "-" "Mozilla/5.0 (compatible; SemrushBot/7~bl; +http://www.semrush.com/bot.html)" "mantech8.com"
185.191.171.21 - - [26/Nov/2022:12:40:15 -0800] "GET /?camp-fire%2F45303668.html HTTP/1.1" 500 - "-" "Mozilla/5.0 (compatible; SemrushBot/7~bl; +http://www.semrush.com/bot.html)" "mantech8.com"
185.191.171.43 - - [26/Nov/2022:12:40:51 -0800] "GET /?camp-fire%2F19041578.html HTTP/1.1" 500 - "-" "Mozilla/5.0 (compatible; SemrushBot/7~bl; +http://www.semrush.com/bot.html)" "mantech8.com"
185.191.171.25 - - [26/Nov/2022:12:41:47 -0800] "GET /?camp-fire%2F42878671.html HTTP/1.1" 500 - "-" "Mozilla/5.0 (compatible; SemrushBot/7~bl; +http://www.semrush.com/bot.html)" "mantech8.com"
114.119.144.63 - - [26/Nov/2022:12:42:50 -0800] "GET /bimages/pipeg/mini.phP HTTP/1.1" 200 32 "http://www.mantech8.com/bimages/pipeg/?C=S%3BO%3DA" "Mozilla/5.0 (Linux; Android 7.0;) AppleWebKit/537.36 (KHTML, like Gecko) Mobile Safari/537.36 (compatible; PetalBot;+https://webmaster.petalsearch.com/site/petalbot)" "www.mantech8.com"
185.191.171.14 - - [26/Nov/2022:12:43:05 -0800] "GET /?camp-fire%2F8406769.html HTTP/1.1" 500 - "-" "Mozilla/5.0 (compatible; SemrushBot/7~bl; +http://www.semrush.com/bot.html)" "mantech8.com"
185.191.171.3 - - [26/Nov/2022:12:43:34 -0800] "GET /?camp-fire%2F49054208.html HTTP/1.1" 500 - "-" "Mozilla/5.0 (compatible; SemrushBot/7~bl; +http://www.semrush.com/bot.html)" "mantech8.com"
185.191.171.33 - - [26/Nov/2022:12:43:58 -0800] "GET /?camp-fire%2F5183896.html HTTP/1.1" 500 - "-" "Mozilla/5.0 (compatible; SemrushBot/7~bl; +http://www.semrush.com/bot.html)" "mantech8.com"
207.46.13.100 - - [26/Nov/2022:12:44:12 -0800] "GET /index.php/wf2o-f082adeacf-g6zf5.ii HTTP/1.1" 200 69623 "-" "Mozilla/5.0 (compatible; bingbot/2.0; +http://www.bing.com/bingbot.htm)" "mantech8.com"
40.77.167.67 - - [26/Nov/2022:12:45:44 -0800] "GET /index.php/egy1-792cdeba-vsvum.ii HTTP/1.1" 200 64937 "-" "Mozilla/5.0 (compatible; bingbot/2.0; +http://www.bing.com/bingbot.htm)" "mantech8.com"
185.191.171.15 - - [26/Nov/2022:12:46:37 -0800] "GET /robots.txt HTTP/1.1" 200 106 "-" "Mozilla/5.0 (compatible; SemrushBot/7~bl; +http://www.semrush.com/bot.html)" "mantech8.com"
185.191.171.14 - - [26/Nov/2022:12:46:37 -0800] "GET /?camp-fire%2F15330690.html HTTP/1.1" 500 - "-" "Mozilla/5.0 (compatible; SemrushBot/7~bl; +http://www.semrush.com/bot.html)" "mantech8.com"
207.46.13.100 - - [26/Nov/2022:12:47:01 -0800] "GET /s0KV-36ffdfce-oeEVm.Ii HTTP/1.1" 404 88 "-" "Mozilla/5.0 (compatible; bingbot/2.0; +http://www.bing.com/bingbot.htm)" "www.mantech8.com"
185.191.171.33 - - [26/Nov/2022:12:47:32 -0800] "GET /?camp-fire%2F50657935.html HTTP/1.1" 500 - "-" "Mozilla/5.0 (compatible; SemrushBot/7~bl; +http://www.semrush.com/bot.html)" "mantech8.com"
185.191.171.39 - - [26/Nov/2022:12:47:36 -0800] "GET /?camp-fire%2F10516857.html HTTP/1.1" 500 - "-" "Mozilla/5.0 (compatible; SemrushBot/7~bl; +http://www.semrush.com/bot.html)" "mantech8.com"
185.191.171.25 - - [26/Nov/2022:12:47:40 -0800] "GET /?camp-fire%2F35563733.html HTTP/1.1" 500 - "-" "Mozilla/5.0 (compatible; SemrushBot/7~bl; +http://www.semrush.com/bot.html)" "mantech8.com"
185.191.171.39 - - [26/Nov/2022:12:47:51 -0800] "GET /?camp-fire%2F50399672.html HTTP/1.1" 500 - "-" "Mozilla/5.0 (compatible; SemrushBot/7~bl; +http://www.semrush.com/bot.html)" "mantech8.com"
185.191.171.26 - - [26/Nov/2022:12:49:09 -0800] "GET /?camp-fire%2F14930787.html HTTP/1.1" 500 - "-" "Mozilla/5.0 (compatible; SemrushBot/7~bl; +http://www.semrush.com/bot.html)" "mantech8.com"
207.46.13.177 - - [26/Nov/2022:12:49:10 -0800] "GET /?/blog/2019/05/24/%E7%AC%AC2-%E5%9B%9E%E6%B5%A6%E6%B7%BB%E5%B8%82%E3%82%B9%E3%83%9E%E3%83%BC%E3%83%88%E3%82%B7%E3%83%86%E3%82%A3%E9%96%8B%E7%99%BA%E3%82%BB%E3%83%9F%E3%83%8A%E3%83%BC%E3%82%92%E9%96%8B%E5%82%AC%E3%81%97/ HTTP/1.1" 200 67278 "-" "Mozilla/5.0 (compatible; bingbot/2.0; +http://www.bing.com/bingbot.htm)" "mantech8.com"
185.191.171.2 - - [26/Nov/2022:12:49:15 -0800] "GET /?camp-fire%2F51438317.html HTTP/1.1" 500 - "-" "Mozilla/5.0 (compatible; SemrushBot/7~bl; +http://www.semrush.com/bot.html)" "mantech8.com"
185.191.171.13 - - [26/Nov/2022:12:49:21 -0800] "GET /?camp-fire%2F50968238.html HTTP/1.1" 500 - "-" "Mozilla/5.0 (compatible; SemrushBot/7~bl; +http://www.semrush.com/bot.html)" "mantech8.com"
185.191.171.17 - - [26/Nov/2022:12:50:17 -0800] "GET /?camp-fire%2F16923483.html HTTP/1.1" 500 - "-" "Mozilla/5.0 (compatible; SemrushBot/7~bl; +http://www.semrush.com/bot.html)" "mantech8.com"
40.77.167.67 - - [26/Nov/2022:12:50:25 -0800] "GET / HTTP/1.1" 200 64653 "-" "Mozilla/5.0 AppleWebKit/537.36 (KHTML, like Gecko; compatible; bingbot/2.0; +http://www.bing.com/bingbot.htm) Chrome/103.0.5060.134 Safari/537.36" "www.mantech8.com"
185.191.171.24 - - [26/Nov/2022:12:50:39 -0800] "GET /?camp-fire%2F44213159.html HTTP/1.1" 500 - "-" "Mozilla/5.0 (compatible; SemrushBot/7~bl; +http://www.semrush.com/bot.html)" "mantech8.com"
185.191.171.33 - - [26/Nov/2022:12:51:09 -0800] "GET /?camp-fire%2F52065772.html HTTP/1.1" 500 - "-" "Mozilla/5.0 (compatible; SemrushBot/7~bl; +http://www.semrush.com/bot.html)" "mantech8.com"
114.119.138.32 - - [26/Nov/2022:12:51:29 -0800] "GET /bimages/gallery/mini.phP HTTP/1.1" 200 - "http://mantech8.com/bimages/gallery/?C=M%3BO%3DA" "Mozilla/5.0 (Linux; Android 7.0;) AppleWebKit/537.36 (KHTML, like Gecko) Mobile Safari/537.36 (compatible; PetalBot;+https://webmaster.petalsearch.com/site/petalbot)" "mantech8.com"
40.77.167.67 - - [26/Nov/2022:12:52:04 -0800] "GET /F2si-9edad-Dipcb.Ii HTTP/1.1" 404 88 "-" "Mozilla/5.0 AppleWebKit/537.36 (KHTML, like Gecko; compatible; bingbot/2.0; +http://www.bing.com/bingbot.htm) Chrome/103.0.5060.134 Safari/537.36" "www.mantech8.com"
207.46.13.100 - - [26/Nov/2022:12:52:11 -0800] "GET /txf8-d1ed-ZQIJX.Ii HTTP/1.1" 404 88 "-" "Mozilla/5.0 AppleWebKit/537.36 (KHTML, like Gecko; compatible; bingbot/2.0; +http://www.bing.com/bingbot.htm) Chrome/103.0.5060.134 Safari/537.36" "www.mantech8.com"
185.191.171.10 - - [26/Nov/2022:12:52:38 -0800] "GET /?camp-fire%2F58081188.html HTTP/1.1" 500 - "-" "Mozilla/5.0 (compatible; SemrushBot/7~bl; +http://www.semrush.com/bot.html)" "mantech8.com"
185.191.171.25 - - [26/Nov/2022:12:53:43 -0800] "GET /?camp-fire%2F42940334.html HTTP/1.1" 500 - "-" "Mozilla/5.0 (compatible; SemrushBot/7~bl; +http://www.semrush.com/bot.html)" "mantech8.com"
185.191.171.10 - - [26/Nov/2022:12:54:32 -0800] "GET /?camp-fire%2F46323703.html HTTP/1.1" 500 - "-" "Mozilla/5.0 (compatible; SemrushBot/7~bl; +http://www.semrush.com/bot.html)" "mantech8.com"
185.191.171.14 - - [26/Nov/2022:12:55:27 -0800] "GET /?camp-fire%2F67086750.html HTTP/1.1" 500 - "-" "Mozilla/5.0 (compatible; SemrushBot/7~bl; +http://www.semrush.com/bot.html)" "mantech8.com"
185.191.171.33 - - [26/Nov/2022:12:55:33 -0800] "GET /?camp-fire%2F28526064.html HTTP/1.1" 500 - "-" "Mozilla/5.0 (compatible; SemrushBot/7~bl; +http://www.semrush.com/bot.html)" "mantech8.com"
114.119.138.32 - - [26/Nov/2022:12:56:31 -0800] "GET /bimages/ele/themes.php HTTP/1.1" 200 32 "http://www.mantech8.com/bimages/ele/" "Mozilla/5.0 (Linux; Android 7.0;) AppleWebKit/537.36 (KHTML, like Gecko) Mobile Safari/537.36 (compatible; PetalBot;+https://webmaster.petalsearch.com/site/petalbot)" "www.mantech8.com"
185.191.171.14 - - [26/Nov/2022:12:57:03 -0800] "GET /?camp-fire%2F38897992.html HTTP/1.1" 500 - "-" "Mozilla/5.0 (compatible; SemrushBot/7~bl; +http://www.semrush.com/bot.html)" "mantech8.com"
185.191.171.33 - - [26/Nov/2022:12:57:08 -0800] "GET /?camp-fire%2F20494132.html HTTP/1.1" 500 - "-" "Mozilla/5.0 (compatible; SemrushBot/7~bl; +http://www.semrush.com/bot.html)" "mantech8.com"
185.191.171.26 - - [26/Nov/2022:12:57:09 -0800] "GET /?camp-fire%2F5073165.html HTTP/1.1" 500 - "-" "Mozilla/5.0 (compatible; SemrushBot/7~bl; +http://www.semrush.com/bot.html)" "mantech8.com"
185.191.171.43 - - [26/Nov/2022:12:57:58 -0800] "GET /?camp-fire%2F44116360.html HTTP/1.1" 500 - "-" "Mozilla/5.0 (compatible; SemrushBot/7~bl; +http://www.semrush.com/bot.html)" "mantech8.com"
185.191.171.9 - - [26/Nov/2022:12:58:39 -0800] "GET /?camp-fire%2F49466925.html HTTP/1.1" 500 - "-" "Mozilla/5.0 (compatible; SemrushBot/7~bl; +http://www.semrush.com/bot.html)" "mantech8.com"
185.191.171.6 - - [26/Nov/2022:13:00:47 -0800] "GET /?camp-fire%2F48769478.html HTTP/1.1" 500 - "-" "Mozilla/5.0 (compatible; SemrushBot/7~bl; +http://www.semrush.com/bot.html)" "mantech8.com"
114.119.138.32 - - [26/Nov/2022:13:01:31 -0800] "GET /?sitemap81.xml HTTP/1.1" 200 270507 "-" "Mozilla/5.0 (Linux; Android 7.0;) AppleWebKit/537.36 (KHTML, like Gecko) Mobile Safari/537.36 (compatible; PetalBot;+https://webmaster.petalsearch.com/site/petalbot)" "mantech8.com"
185.191.171.8 - - [26/Nov/2022:13:02:44 -0800] "GET /?camp-fire%2F55346387.html HTTP/1.1" 500 - "-" "Mozilla/5.0 (compatible; SemrushBot/7~bl; +http://www.semrush.com/bot.html)" "mantech8.com"
185.191.171.22 - - [26/Nov/2022:13:03:02 -0800] "GET /?camp-fire%2F44983903.html HTTP/1.1" 500 - "-" "Mozilla/5.0 (compatible; SemrushBot/7~bl; +http://www.semrush.com/bot.html)" "mantech8.com"
40.77.167.67 - - [26/Nov/2022:13:03:17 -0800] "GET /index.php/egy1-0345cffdda-ve77x.ii HTTP/1.1" 200 66791 "-" "Mozilla/5.0 AppleWebKit/537.36 (KHTML, like Gecko; compatible; bingbot/2.0; +http://www.bing.com/bingbot.htm) Chrome/103.0.5060.134 Safari/537.36" "mantech8.com"
185.191.171.44 - - [26/Nov/2022:13:03:21 -0800] "GET /?camp-fire%2F20980227.html HTTP/1.1" 500 - "-" "Mozilla/5.0 (compatible; SemrushBot/7~bl; +http://www.semrush.com/bot.html)" "mantech8.com"
185.191.171.43 - - [26/Nov/2022:13:03:42 -0800] "GET /?camp-fire%2F46021138.html HTTP/1.1" 500 - "-" "Mozilla/5.0 (compatible; SemrushBot/7~bl; +http://www.semrush.com/bot.html)" "mantech8.com"
185.191.171.13 - - [26/Nov/2022:13:04:06 -0800] "GET /?camp-fire%2F48905449.html HTTP/1.1" 500 - "-" "Mozilla/5.0 (compatible; SemrushBot/7~bl; +http://www.semrush.com/bot.html)" "mantech8.com"
185.191.171.21 - - [26/Nov/2022:13:04:39 -0800] "GET /?camp-fire%2F7611021.html HTTP/1.1" 500 - "-" "Mozilla/5.0 (compatible; SemrushBot/7~bl; +http://www.semrush.com/bot.html)" "mantech8.com"
185.191.171.9 - - [26/Nov/2022:13:04:54 -0800] "GET /?camp-fire%2F15173359.html HTTP/1.1" 500 - "-" "Mozilla/5.0 (compatible; SemrushBot/7~bl; +http://www.semrush.com/bot.html)" "mantech8.com"
185.191.171.39 - - [26/Nov/2022:13:06:03 -0800] "GET /?camp-fire%2F53272792.html HTTP/1.1" 500 - "-" "Mozilla/5.0 (compatible; SemrushBot/7~bl; +http://www.semrush.com/bot.html)" "mantech8.com"
185.191.171.43 - - [26/Nov/2022:13:06:28 -0800] "GET /?camp-fire%2F9581396.html HTTP/1.1" 500 - "-" "Mozilla/5.0 (compatible; SemrushBot/7~bl; +http://www.semrush.com/bot.html)" "mantech8.com"
185.191.171.2 - - [26/Nov/2022:13:06:31 -0800] "GET /?camp-fire%2F15329484.html HTTP/1.1" 500 - "-" "Mozilla/5.0 (compatible; SemrushBot/7~bl; +http://www.semrush.com/bot.html)" "mantech8.com"
114.119.154.128 - - [26/Nov/2022:13:06:31 -0800] "GET /index.php?athermallize.xml HTTP/1.1" 200 289351 "-" "Mozilla/5.0 (compatible;PetalBot;+https://webmaster.petalsearch.com/site/petalbot)" "mantech8.com"
185.191.171.6 - - [26/Nov/2022:13:06:43 -0800] "GET /?camp-fire%2F52988178.html HTTP/1.1" 500 - "-" "Mozilla/5.0 (compatible; SemrushBot/7~bl; +http://www.semrush.com/bot.html)" "mantech8.com"
185.191.171.3 - - [26/Nov/2022:13:07:54 -0800] "GET /?camp-fire%2F47374849.html HTTP/1.1" 500 - "-" "Mozilla/5.0 (compatible; SemrushBot/7~bl; +http://www.semrush.com/bot.html)" "mantech8.com"
185.191.171.18 - - [26/Nov/2022:13:08:37 -0800] "GET /?camp-fire%2F49799359.html HTTP/1.1" 500 - "-" "Mozilla/5.0 (compatible; SemrushBot/7~bl; +http://www.semrush.com/bot.html)" "mantech8.com"
185.191.171.2 - - [26/Nov/2022:13:08:54 -0800] "GET /?camp-fire%2F45627050.html HTTP/1.1" 500 - "-" "Mozilla/5.0 (compatible; SemrushBot/7~bl; +http://www.semrush.com/bot.html)" "mantech8.com"
185.191.171.17 - - [26/Nov/2022:13:10:47 -0800] "GET /?camp-fire%2F54033472.html HTTP/1.1" 500 - "-" "Mozilla/5.0 (compatible; SemrushBot/7~bl; +http://www.semrush.com/bot.html)" "mantech8.com"
185.191.171.39 - - [26/Nov/2022:13:11:25 -0800] "GET /?camp-fire%2F57791203.html HTTP/1.1" 500 - "-" "Mozilla/5.0 (compatible; SemrushBot/7~bl; +http://www.semrush.com/bot.html)" "mantech8.com"
114.119.138.32 - - [26/Nov/2022:13:11:36 -0800] "GET /index.php?/shop/yimei/ HTTP/1.1" 500 - "-" "Mozilla/5.0 (Linux; Android 7.0;) AppleWebKit/537.36 (KHTML, like Gecko) Mobile Safari/537.36 (compatible; PetalBot;+https://webmaster.petalsearch.com/site/petalbot)" "www.mantech8.com"
185.191.171.42 - - [26/Nov/2022:13:12:26 -0800] "GET /?camp-fire%2F17382265.html HTTP/1.1" 500 - "-" "Mozilla/5.0 (compatible; SemrushBot/7~bl; +http://www.semrush.com/bot.html)" "mantech8.com"
185.191.171.2 - - [26/Nov/2022:13:13:06 -0800] "GET /?camp-fire%2F55867165.html HTTP/1.1" 500 - "-" "Mozilla/5.0 (compatible; SemrushBot/7~bl; +http://www.semrush.com/bot.html)" "mantech8.com"
185.191.171.41 - - [26/Nov/2022:13:13:40 -0800] "GET /?camp-fire%2F16749726.html HTTP/1.1" 500 - "-" "Mozilla/5.0 (compatible; SemrushBot/7~bl; +http://www.semrush.com/bot.html)" "mantech8.com"
185.191.171.41 - - [26/Nov/2022:13:13:53 -0800] "GET /?camp-fire%2F31531835.html HTTP/1.1" 500 - "-" "Mozilla/5.0 (compatible; SemrushBot/7~bl; +http://www.semrush.com/bot.html)" "mantech8.com"
185.191.171.21 - - [26/Nov/2022:13:13:58 -0800] "GET /?camp-fire%2F76256338.html HTTP/1.1" 500 - "-" "Mozilla/5.0 (compatible; SemrushBot/7~bl; +http://www.semrush.com/bot.html)" "mantech8.com"
185.191.171.5 - - [26/Nov/2022:13:14:08 -0800] "GET /?camp-fire%2F49989508.html HTTP/1.1" 500 - "-" "Mozilla/5.0 (compatible; SemrushBot/7~bl; +http://www.semrush.com/bot.html)" "mantech8.com"
207.46.13.100 - - [26/Nov/2022:13:14:16 -0800] "GET /index.php/mcko-08e7dcffbc-vt2oi.ii HTTP/1.1" 200 66341 "-" "Mozilla/5.0 AppleWebKit/537.36 (KHTML, like Gecko; compatible; bingbot/2.0; +http://www.bing.com/bingbot.htm) Chrome/103.0.5060.134 Safari/537.36" "mantech8.com"
185.191.171.37 - - [26/Nov/2022:13:14:18 -0800] "GET /?camp-fire%2F52324353.html HTTP/1.1" 500 - "-" "Mozilla/5.0 (compatible; SemrushBot/7~bl; +http://www.semrush.com/bot.html)" "mantech8.com"
185.191.171.16 - - [26/Nov/2022:13:14:23 -0800] "GET /?camp-fire%2F47335025.html HTTP/1.1" 500 - "-" "Mozilla/5.0 (compatible; SemrushBot/7~bl; +http://www.semrush.com/bot.html)" "mantech8.com"
185.191.171.21 - - [26/Nov/2022:13:15:10 -0800] "GET /?camp-fire%2F45622959.html HTTP/1.1" 500 - "-" "Mozilla/5.0 (compatible; SemrushBot/7~bl; +http://www.semrush.com/bot.html)" "mantech8.com"
40.77.167.67 - - [26/Nov/2022:13:15:49 -0800] "GET /index.php/nwtf-48cffbeee-4q7pm.ii HTTP/1.1" 200 68038 "-" "Mozilla/5.0 (compatible; bingbot/2.0; +http://www.bing.com/bingbot.htm)" "mantech8.com"
185.191.171.4 - - [26/Nov/2022:13:16:30 -0800] "GET /?camp-fire%2F56223677.html HTTP/1.1" 500 - "-" "Mozilla/5.0 (compatible; SemrushBot/7~bl; +http://www.semrush.com/bot.html)" "mantech8.com"
114.119.142.217 - - [26/Nov/2022:13:16:34 -0800] "GET /bimages/headg/ HTTP/1.1" 200 491 "http://www.mantech8.com/bimages/headg/thump/" "Mozilla/5.0 (Linux; Android 7.0;) AppleWebKit/537.36 (KHTML, like Gecko) Mobile Safari/537.36 (compatible; PetalBot;+https://webmaster.petalsearch.com/site/petalbot)" "www.mantech8.com"
207.46.13.125 - - [26/Nov/2022:13:16:50 -0800] "GET /bimages/gallery/12.jpg HTTP/1.1" 200 121344 "-" "Mozilla/5.0 (compatible; bingbot/2.0; +http://www.bing.com/bingbot.htm)" "www.mantech8.com"
185.191.171.26 - - [26/Nov/2022:13:17:22 -0800] "GET /?camp-fire%2F35095859.html HTTP/1.1" 500 - "-" "Mozilla/5.0 (compatible; SemrushBot/7~bl; +http://www.semrush.com/bot.html)" "mantech8.com"
40.77.167.67 - - [26/Nov/2022:13:17:37 -0800] "GET /index.php/MhxM-18d50caeec-jyElq.Ii HTTP/1.1" 200 75448 "-" "Mozilla/5.0 (compatible; bingbot/2.0; +http://www.bing.com/bingbot.htm)" "mantech8.com"
185.191.171.15 - - [26/Nov/2022:13:18:45 -0800] "GET /?camp-fire%2F5277177.html HTTP/1.1" 500 - "-" "Mozilla/5.0 (compatible; SemrushBot/7~bl; +http://www.semrush.com/bot.html)" "mantech8.com"
40.77.167.26 - - [26/Nov/2022:13:19:17 -0800] "GET /index.php/wtzk-f1a01ebc-n2jfq.ii HTTP/1.1" 200 63081 "-" "Mozilla/5.0 (compatible; bingbot/2.0; +http://www.bing.com/bingbot.htm)" "mantech8.com"
216.244.66.241 - - [26/Nov/2022:13:19:26 -0800] "GET /robots.txt HTTP/1.1" 200 222 "-" "Mozilla/5.0 (compatible; DotBot/1.2; +https://opensiteexplorer.org/dotbot; help@moz.com)" "www.mantech8.com"
216.244.66.241 - - [26/Nov/2022:13:19:26 -0800] "GET /robots.txt HTTP/1.1" 200 222 "-" "Mozilla/5.0 (compatible; DotBot/1.2; +https://opensiteexplorer.org/dotbot; help@moz.com)" "mantech8.com"
185.191.171.39 - - [26/Nov/2022:13:19:58 -0800] "GET /?camp-fire%2F53421406.html HTTP/1.1" 500 - "-" "Mozilla/5.0 (compatible; SemrushBot/7~bl; +http://www.semrush.com/bot.html)" "mantech8.com"
185.191.171.6 - - [26/Nov/2022:13:20:13 -0800] "GET /?camp-fire%2F51532702.html HTTP/1.1" 500 - "-" "Mozilla/5.0 (compatible; SemrushBot/7~bl; +http://www.semrush.com/bot.html)" "mantech8.com"
185.191.171.17 - - [26/Nov/2022:13:20:35 -0800] "GET /?camp-fire%2F66292803.html HTTP/1.1" 500 - "-" "Mozilla/5.0 (compatible; SemrushBot/7~bl; +http://www.semrush.com/bot.html)" "mantech8.com"
185.191.171.3 - - [26/Nov/2022:13:21:19 -0800] "GET /?camp-fire%2F56794534.html HTTP/1.1" 500 - "-" "Mozilla/5.0 (compatible; SemrushBot/7~bl; +http://www.semrush.com/bot.html)" "mantech8.com"
185.191.171.26 - - [26/Nov/2022:13:21:25 -0800] "GET /?camp-fire%2F13911359.html HTTP/1.1" 500 - "-" "Mozilla/5.0 (compatible; SemrushBot/7~bl; +http://www.semrush.com/bot.html)" "mantech8.com"
114.119.133.46 - - [26/Nov/2022:13:21:35 -0800] "GET /index.php?camp-fire/84310729.html HTTP/1.1" 500 - "-" "Mozilla/5.0 (Linux; Android 7.0;) AppleWebKit/537.36 (KHTML, like Gecko) Mobile Safari/537.36 (compatible; PetalBot;+https://webmaster.petalsearch.com/site/petalbot)" "www.mantech8.com"
185.191.171.44 - - [26/Nov/2022:13:22:03 -0800] "GET /?camp-fire%2F79508251.html HTTP/1.1" 500 - "-" "Mozilla/5.0 (compatible; SemrushBot/7~bl; +http://www.semrush.com/bot.html)" "mantech8.com"
185.191.171.14 - - [26/Nov/2022:13:22:19 -0800] "GET /?camp-fire%2F44148392.html HTTP/1.1" 500 - "-" "Mozilla/5.0 (compatible; SemrushBot/7~bl; +http://www.semrush.com/bot.html)" "mantech8.com"
185.191.171.9 - - [26/Nov/2022:13:22:37 -0800] "GET /?camp-fire%2F16776255.html HTTP/1.1" 500 - "-" "Mozilla/5.0 (compatible; SemrushBot/7~bl; +http://www.semrush.com/bot.html)" "mantech8.com"
185.191.171.21 - - [26/Nov/2022:13:22:54 -0800] "GET /?camp-fire%2F11614509.html HTTP/1.1" 500 - "-" "Mozilla/5.0 (compatible; SemrushBot/7~bl; +http://www.semrush.com/bot.html)" "mantech8.com"
185.191.171.11 - - [26/Nov/2022:13:25:17 -0800] "GET /?camp-fire%2F21718117.html HTTP/1.1" 500 - "-" "Mozilla/5.0 (compatible; SemrushBot/7~bl; +http://www.semrush.com/bot.html)" "mantech8.com"
185.191.171.3 - - [26/Nov/2022:13:25:41 -0800] "GET /?camp-fire%2F15202384.html HTTP/1.1" 500 - "-" "Mozilla/5.0 (compatible; SemrushBot/7~bl; +http://www.semrush.com/bot.html)" "mantech8.com"
114.119.138.32 - - [26/Nov/2022:13:26:37 -0800] "GET /bimages/gallery/plugin.php HTTP/1.1" 200 295 "http://www.mantech8.com/bimages/gallery/" "Mozilla/5.0 (Linux; Android 7.0;) AppleWebKit/537.36 (KHTML, like Gecko) Mobile Safari/537.36 (compatible; PetalBot;+https://webmaster.petalsearch.com/site/petalbot)" "www.mantech8.com"
185.191.171.23 - - [26/Nov/2022:13:26:48 -0800] "GET /?camp-fire%2F69957488.html HTTP/1.1" 500 - "-" "Mozilla/5.0 (compatible; SemrushBot/7~bl; +http://www.semrush.com/bot.html)" "mantech8.com"
40.77.167.26 - - [26/Nov/2022:13:27:07 -0800] "GET /index.php/naq6-20906ecdfc-iirdl.ii HTTP/1.1" 200 70535 "-" "Mozilla/5.0 (compatible; bingbot/2.0; +http://www.bing.com/bingbot.htm)" "mantech8.com"
185.191.171.38 - - [26/Nov/2022:13:28:29 -0800] "GET /?camp-fire%2F52873168.html HTTP/1.1" 500 - "-" "Mozilla/5.0 (compatible; SemrushBot/7~bl; +http://www.semrush.com/bot.html)" "mantech8.com"
157.55.39.123 - - [26/Nov/2022:13:28:52 -0800] "GET /index.php/eayh-15beb-rmfcf.ii HTTP/1.1" 200 66570 "-" "Mozilla/5.0 (compatible; bingbot/2.0; +http://www.bing.com/bingbot.htm)" "mantech8.com"
185.191.171.10 - - [26/Nov/2022:13:28:53 -0800] "GET /?camp-fire%2F44428708.html HTTP/1.1" 500 - "-" "Mozilla/5.0 (compatible; SemrushBot/7~bl; +http://www.semrush.com/bot.html)" "mantech8.com"
185.191.171.4 - - [26/Nov/2022:13:28:55 -0800] "GET /?camp-fire%2F48091906.html HTTP/1.1" 500 - "-" "Mozilla/5.0 (compatible; SemrushBot/7~bl; +http://www.semrush.com/bot.html)" "mantech8.com"
185.191.171.1 - - [26/Nov/2022:13:28:58 -0800] "GET /?camp-fire%2F55874851.html HTTP/1.1" 500 - "-" "Mozilla/5.0 (compatible; SemrushBot/7~bl; +http://www.semrush.com/bot.html)" "mantech8.com"
185.191.171.19 - - [26/Nov/2022:13:29:18 -0800] "GET /?camp-fire%2F47829130.html HTTP/1.1" 500 - "-" "Mozilla/5.0 (compatible; SemrushBot/7~bl; +http://www.semrush.com/bot.html)" "mantech8.com"
185.191.171.10 - - [26/Nov/2022:13:33:08 -0800] "GET /?camp-fire%2F44357580.html HTTP/1.1" 500 - "-" "Mozilla/5.0 (compatible; SemrushBot/7~bl; +http://www.semrush.com/bot.html)" "mantech8.com"
185.191.171.18 - - [26/Nov/2022:13:33:11 -0800] "GET /?camp-fire%2F61189303.html HTTP/1.1" 500 - "-" "Mozilla/5.0 (compatible; SemrushBot/7~bl; +http://www.semrush.com/bot.html)" "mantech8.com"
207.46.13.100 - - [26/Nov/2022:13:33:16 -0800] "GET /index.php/8fefeb HTTP/1.1" 200 63835 "-" "Mozilla/5.0 (compatible; bingbot/2.0; +http://www.bing.com/bingbot.htm)" "mantech8.com"
114.119.142.217 - - [26/Nov/2022:13:33:31 -0800] "GET /bimages/paintg/sidebar.php HTTP/1.1" 200 32 "http://www.mantech8.com/bimages/paintg/?C=D%3BO%3DA" "Mozilla/5.0 (Linux; Android 7.0;) AppleWebKit/537.36 (KHTML, like Gecko) Mobile Safari/537.36 (compatible; PetalBot;+https://webmaster.petalsearch.com/site/petalbot)" "www.mantech8.com"
185.191.171.21 - - [26/Nov/2022:13:34:16 -0800] "GET /?camp-fire%2F47920761.html HTTP/1.1" 500 - "-" "Mozilla/5.0 (compatible; SemrushBot/7~bl; +http://www.semrush.com/bot.html)" "mantech8.com"
185.191.171.1 - - [26/Nov/2022:13:35:02 -0800] "GET /?camp-fire%2F8198221.html HTTP/1.1" 500 - "-" "Mozilla/5.0 (compatible; SemrushBot/7~bl; +http://www.semrush.com/bot.html)" "mantech8.com"
185.191.171.20 - - [26/Nov/2022:13:35:13 -0800] "GET /?camp-fire%2F39434472.html HTTP/1.1" 500 - "-" "Mozilla/5.0 (compatible; SemrushBot/7~bl; +http://www.semrush.com/bot.html)" "mantech8.com"
185.191.171.5 - - [26/Nov/2022:13:35:39 -0800] "GET /?camp-fire%2F24522130.html HTTP/1.1" 500 - "-" "Mozilla/5.0 (compatible; SemrushBot/7~bl; +http://www.semrush.com/bot.html)" "mantech8.com"
185.191.171.36 - - [26/Nov/2022:13:36:39 -0800] "GET /?camp-fire%2F18183161.html HTTP/1.1" 500 - "-" "Mozilla/5.0 (compatible; SemrushBot/7~bl; +http://www.semrush.com/bot.html)" "mantech8.com"
185.191.171.4 - - [26/Nov/2022:13:37:00 -0800] "GET /?camp-fire%2F44643365.html HTTP/1.1" 500 - "-" "Mozilla/5.0 (compatible; SemrushBot/7~bl; +http://www.semrush.com/bot.html)" "mantech8.com"
185.191.171.5 - - [26/Nov/2022:13:37:22 -0800] "GET /?camp-fire%2F55549968.html HTTP/1.1" 500 - "-" "Mozilla/5.0 (compatible; SemrushBot/7~bl; +http://www.semrush.com/bot.html)" "mantech8.com"
185.191.171.10 - - [26/Nov/2022:13:37:57 -0800] "GET /?camp-fire%2F48192665.html HTTP/1.1" 500 - "-" "Mozilla/5.0 (compatible; SemrushBot/7~bl; +http://www.semrush.com/bot.html)" "mantech8.com"
114.119.154.128 - - [26/Nov/2022:13:39:03 -0800] "GET /bimages/himage/?C=M%3BO%3DA HTTP/1.1" 200 443 "http://mantech8.com/bimages/himage/?C=D%3BO%3DA" "Mozilla/5.0 (Linux; Android 7.0;) AppleWebKit/537.36 (KHTML, like Gecko) Mobile Safari/537.36 (compatible; PetalBot;+https://webmaster.petalsearch.com/site/petalbot)" "mantech8.com"
185.191.171.37 - - [26/Nov/2022:13:39:52 -0800] "GET /?camp-fire%2F77913635.html HTTP/1.1" 500 - "-" "Mozilla/5.0 (compatible; SemrushBot/7~bl; +http://www.semrush.com/bot.html)" "mantech8.com"
185.191.171.23 - - [26/Nov/2022:13:40:12 -0800] "GET /?camp-fire%2F8654978.html HTTP/1.1" 500 - "-" "Mozilla/5.0 (compatible; SemrushBot/7~bl; +http://www.semrush.com/bot.html)" "mantech8.com"
185.191.171.33 - - [26/Nov/2022:13:40:42 -0800] "GET /?camp-fire%2F52687676.html HTTP/1.1" 500 - "-" "Mozilla/5.0 (compatible; SemrushBot/7~bl; +http://www.semrush.com/bot.html)" "mantech8.com"
185.191.171.17 - - [26/Nov/2022:13:41:16 -0800] "GET /?camp-fire%2F83491576.html HTTP/1.1" 500 - "-" "Mozilla/5.0 (compatible; SemrushBot/7~bl; +http://www.semrush.com/bot.html)" "mantech8.com"
185.191.171.34 - - [26/Nov/2022:13:41:36 -0800] "GET /?camp-fire%2F15516146.html HTTP/1.1" 500 - "-" "Mozilla/5.0 (compatible; SemrushBot/7~bl; +http://www.semrush.com/bot.html)" "mantech8.com"
185.191.171.1 - - [26/Nov/2022:13:42:33 -0800] "GET /?camp-fire%2F8128878.html HTTP/1.1" 500 - "-" "Mozilla/5.0 (compatible; SemrushBot/7~bl; +http://www.semrush.com/bot.html)" "mantech8.com"
185.191.171.22 - - [26/Nov/2022:13:43:22 -0800] "GET /?camp-fire%2F54033978.html HTTP/1.1" 500 - "-" "Mozilla/5.0 (compatible; SemrushBot/7~bl; +http://www.semrush.com/bot.html)" "mantech8.com"
185.191.171.34 - - [26/Nov/2022:13:43:31 -0800] "GET /?camp-fire%2F42205249.html HTTP/1.1" 500 - "-" "Mozilla/5.0 (compatible; SemrushBot/7~bl; +http://www.semrush.com/bot.html)" "mantech8.com"
185.191.171.20 - - [26/Nov/2022:13:43:33 -0800] "GET /?camp-fire%2F18705596.html HTTP/1.1" 500 - "-" "Mozilla/5.0 (compatible; SemrushBot/7~bl; +http://www.semrush.com/bot.html)" "mantech8.com"
185.191.171.36 - - [26/Nov/2022:13:43:45 -0800] "GET /?camp-fire%2F50636071.html HTTP/1.1" 500 - "-" "Mozilla/5.0 (compatible; SemrushBot/7~bl; +http://www.semrush.com/bot.html)" "mantech8.com"
114.119.149.150 - - [26/Nov/2022:13:44:02 -0800] "GET /index.php?camp-fire/43329182.html HTTP/1.1" 500 - "-" "Mozilla/5.0 (Linux; Android 7.0;) AppleWebKit/537.36 (KHTML, like Gecko) Mobile Safari/537.36 (compatible; PetalBot;+https://webmaster.petalsearch.com/site/petalbot)" "www.mantech8.com"
40.77.167.67 - - [26/Nov/2022:13:44:50 -0800] "GET /index.php/egy1-0345cffdda-ve77x.ii HTTP/1.1" 200 67308 "-" "Mozilla/5.0 AppleWebKit/537.36 (KHTML, like Gecko; compatible; bingbot/2.0; +http://www.bing.com/bingbot.htm) Chrome/103.0.5060.134 Safari/537.36" "mantech8.com"
185.191.171.43 - - [26/Nov/2022:13:45:21 -0800] "GET /?camp-fire%2F80716370.html HTTP/1.1" 500 - "-" "Mozilla/5.0 (compatible; SemrushBot/7~bl; +http://www.semrush.com/bot.html)" "mantech8.com"
185.191.171.22 - - [26/Nov/2022:13:45:29 -0800] "GET /?camp-fire%2F7330880.html HTTP/1.1" 500 - "-" "Mozilla/5.0 (compatible; SemrushBot/7~bl; +http://www.semrush.com/bot.html)" "mantech8.com"
185.191.171.40 - - [26/Nov/2022:13:45:40 -0800] "GET /?camp-fire%2F25790630.html HTTP/1.1" 500 - "-" "Mozilla/5.0 (compatible; SemrushBot/7~bl; +http://www.semrush.com/bot.html)" "mantech8.com"
185.191.171.7 - - [26/Nov/2022:13:46:18 -0800] "GET /?camp-fire%2F46038534.html HTTP/1.1" 500 - "-" "Mozilla/5.0 (compatible; SemrushBot/7~bl; +http://www.semrush.com/bot.html)" "mantech8.com"
40.77.167.67 - - [26/Nov/2022:13:46:40 -0800] "GET /index.php?camp-fire/380.html HTTP/1.1" 200 70976 "-" "Mozilla/5.0 AppleWebKit/537.36 (KHTML, like Gecko; compatible; bingbot/2.0; +http://www.bing.com/bingbot.htm) Chrome/103.0.5060.134 Safari/537.36" "www.mantech8.com"
185.191.171.2 - - [26/Nov/2022:13:48:59 -0800] "GET /robots.txt HTTP/1.1" 200 106 "-" "Mozilla/5.0 (compatible; SemrushBot/7~bl; +http://www.semrush.com/bot.html)" "mantech8.com"
207.46.13.100 - - [26/Nov/2022:13:48:59 -0800] "GET /index.php?c=article&id=73 HTTP/1.1" 200 107226 "-" "Mozilla/5.0 AppleWebKit/537.36 (KHTML, like Gecko; compatible; bingbot/2.0; +http://www.bing.com/bingbot.htm) Chrome/103.0.5060.134 Safari/537.36" "www.mantech8.com"
185.191.171.12 - - [26/Nov/2022:13:48:59 -0800] "GET /?camp-fire%2F62215960.html HTTP/1.1" 500 - "-" "Mozilla/5.0 (compatible; SemrushBot/7~bl; +http://www.semrush.com/bot.html)" "mantech8.com"
185.191.171.24 - - [26/Nov/2022:13:50:24 -0800] "GET /?camp-fire%2F15493546.html HTTP/1.1" 500 - "-" "Mozilla/5.0 (compatible; SemrushBot/7~bl; +http://www.semrush.com/bot.html)" "mantech8.com"
185.191.171.16 - - [26/Nov/2022:13:50:55 -0800] "GET /?camp-fire%2F59529225.html HTTP/1.1" 500 - "-" "Mozilla/5.0 (compatible; SemrushBot/7~bl; +http://www.semrush.com/bot.html)" "mantech8.com"
185.191.171.9 - - [26/Nov/2022:13:50:56 -0800] "GET /?camp-fire%2F36455547.html HTTP/1.1" 500 - "-" "Mozilla/5.0 (compatible; SemrushBot/7~bl; +http://www.semrush.com/bot.html)" "mantech8.com"
185.191.171.11 - - [26/Nov/2022:13:51:28 -0800] "GET /?camp-fire%2F54064050.html HTTP/1.1" 500 - "-" "Mozilla/5.0 (compatible; SemrushBot/7~bl; +http://www.semrush.com/bot.html)" "mantech8.com"
185.191.171.45 - - [26/Nov/2022:13:52:06 -0800] "GET /?camp-fire%2F42813434.html HTTP/1.1" 500 - "-" "Mozilla/5.0 (compatible; SemrushBot/7~bl; +http://www.semrush.com/bot.html)" "mantech8.com"
185.191.171.44 - - [26/Nov/2022:13:52:58 -0800] "GET /?camp-fire%2F75212198.html HTTP/1.1" 500 - "-" "Mozilla/5.0 (compatible; SemrushBot/7~bl; +http://www.semrush.com/bot.html)" "mantech8.com"
185.191.171.25 - - [26/Nov/2022:13:53:00 -0800] "GET /?camp-fire%2F48849072.html HTTP/1.1" 500 - "-" "Mozilla/5.0 (compatible; SemrushBot/7~bl; +http://www.semrush.com/bot.html)" "mantech8.com"
185.191.171.2 - - [26/Nov/2022:13:53:51 -0800] "GET /?camp-fire%2F52445988.html HTTP/1.1" 500 - "-" "Mozilla/5.0 (compatible; SemrushBot/7~bl; +http://www.semrush.com/bot.html)" "mantech8.com"
185.191.171.8 - - [26/Nov/2022:13:54:21 -0800] "GET /?camp-fire%2F18015681.html HTTP/1.1" 500 - "-" "Mozilla/5.0 (compatible; SemrushBot/7~bl; +http://www.semrush.com/bot.html)" "mantech8.com"
40.77.167.67 - - [26/Nov/2022:13:54:41 -0800] "GET /index.php?camp-fire/47705010.html HTTP/1.1" 200 72501 "-" "Mozilla/5.0 (compatible; bingbot/2.0; +http://www.bing.com/bingbot.htm)" "www.mantech8.com"
185.191.171.4 - - [26/Nov/2022:13:56:09 -0800] "GET /index.php?camp-fire%2F9674783.html HTTP/1.1" 500 - "-" "Mozilla/5.0 (compatible; SemrushBot/7~bl; +http://www.semrush.com/bot.html)" "mantech8.com"
185.191.171.15 - - [26/Nov/2022:13:56:15 -0800] "GET /?camp-fire%2F57230326.html HTTP/1.1" 500 - "-" "Mozilla/5.0 (compatible; SemrushBot/7~bl; +http://www.semrush.com/bot.html)" "mantech8.com"
185.191.171.19 - - [26/Nov/2022:13:56:45 -0800] "GET /?camp-fire%2F51019571.html HTTP/1.1" 500 - "-" "Mozilla/5.0 (compatible; SemrushBot/7~bl; +http://www.semrush.com/bot.html)" "mantech8.com"
114.119.155.250 - - [26/Nov/2022:13:58:17 -0800] "GET /robots.txt HTTP/1.1" 200 106 "-" "Mozilla/5.0 (compatible;PetalBot;+https://webmaster.petalsearch.com/site/petalbot)" "www.mantech8.com"
185.191.171.44 - - [26/Nov/2022:13:58:36 -0800] "GET /?camp-fire%2F51883376.html HTTP/1.1" 500 - "-" "Mozilla/5.0 (compatible; SemrushBot/7~bl; +http://www.semrush.com/bot.html)" "mantech8.com"
185.191.171.10 - - [26/Nov/2022:13:59:05 -0800] "GET /?camp-fire%2F4736098.html HTTP/1.1" 500 - "-" "Mozilla/5.0 (compatible; SemrushBot/7~bl; +http://www.semrush.com/bot.html)" "mantech8.com"
40.77.167.26 - - [26/Nov/2022:13:59:49 -0800] "GET /index.php/wtzk-f1a01ebc-n2jfq.ii HTTP/1.1" 200 63249 "-" "Mozilla/5.0 (compatible; bingbot/2.0; +http://www.bing.com/bingbot.htm)" "mantech8.com"
185.191.171.23 - - [26/Nov/2022:14:00:16 -0800] "GET /?camp-fire%2F25847330.html HTTP/1.1" 500 - "-" "Mozilla/5.0 (compatible; SemrushBot/7~bl; +http://www.semrush.com/bot.html)" "mantech8.com"
185.191.171.16 - - [26/Nov/2022:14:00:57 -0800] "GET /index.php?camp-fire%2F1124372.html HTTP/1.1" 500 - "-" "Mozilla/5.0 (compatible; SemrushBot/7~bl; +http://www.semrush.com/bot.html)" "mantech8.com"
185.191.171.14 - - [26/Nov/2022:14:01:39 -0800] "GET /?camp-fire%2F55738076.html HTTP/1.1" 500 - "-" "Mozilla/5.0 (compatible; SemrushBot/7~bl; +http://www.semrush.com/bot.html)" "mantech8.com"
185.191.171.40 - - [26/Nov/2022:14:02:28 -0800] "GET /?camp-fire%2F34385293.html HTTP/1.1" 500 - "-" "Mozilla/5.0 (compatible; SemrushBot/7~bl; +http://www.semrush.com/bot.html)" "mantech8.com"
40.77.167.26 - - [26/Nov/2022:14:03:09 -0800] "GET /index.php/nwtf-d0c95feeef-4aiul.ii HTTP/1.1" 200 63987 "-" "Mozilla/5.0 AppleWebKit/537.36 (KHTML, like Gecko; compatible; bingbot/2.0; +http://www.bing.com/bingbot.htm) Chrome/103.0.5060.134 Safari/537.36" "mantech8.com"
185.191.171.6 - - [26/Nov/2022:14:04:04 -0800] "GET /?camp-fire%2F67472965.html HTTP/1.1" 500 - "-" "Mozilla/5.0 (compatible; SemrushBot/7~bl; +http://www.semrush.com/bot.html)" "mantech8.com"
185.191.171.26 - - [26/Nov/2022:14:05:13 -0800] "GET /?camp-fire%2F44785292.html HTTP/1.1" 500 - "-" "Mozilla/5.0 (compatible; SemrushBot/7~bl; +http://www.semrush.com/bot.html)" "mantech8.com"
157.55.39.123 - - [26/Nov/2022:14:05:14 -0800] "GET /index.php/EGy1-a0513fcce-vs3aR.Ii HTTP/1.1" 200 72572 "-" "Mozilla/5.0 (compatible; bingbot/2.0; +http://www.bing.com/bingbot.htm)" "mantech8.com"
185.191.171.39 - - [26/Nov/2022:14:05:17 -0800] "GET /?camp-fire%2F58649566.html HTTP/1.1" 500 - "-" "Mozilla/5.0 (compatible; SemrushBot/7~bl; +http://www.semrush.com/bot.html)" "mantech8.com"
185.191.171.9 - - [26/Nov/2022:14:05:35 -0800] "GET /?camp-fire%2F47920061.html HTTP/1.1" 500 - "-" "Mozilla/5.0 (compatible; SemrushBot/7~bl; +http://www.semrush.com/bot.html)" "mantech8.com"
185.191.171.25 - - [26/Nov/2022:14:05:49 -0800] "GET /?camp-fire%2F19418478.html HTTP/1.1" 500 - "-" "Mozilla/5.0 (compatible; SemrushBot/7~bl; +http://www.semrush.com/bot.html)" "mantech8.com"
185.191.171.24 - - [26/Nov/2022:14:06:02 -0800] "GET /?camp-fire%2F18982880.html HTTP/1.1" 500 - "-" "Mozilla/5.0 (compatible; SemrushBot/7~bl; +http://www.semrush.com/bot.html)" "mantech8.com"
185.191.171.11 - - [26/Nov/2022:14:07:16 -0800] "GET /?camp-fire%2F94422196.html HTTP/1.1" 500 - "-" "Mozilla/5.0 (compatible; SemrushBot/7~bl; +http://www.semrush.com/bot.html)" "mantech8.com"
185.191.171.9 - - [26/Nov/2022:14:07:20 -0800] "GET /?camp-fire%2F13253900.html HTTP/1.1" 500 - "-" "Mozilla/5.0 (compatible; SemrushBot/7~bl; +http://www.semrush.com/bot.html)" "mantech8.com"
185.191.171.26 - - [26/Nov/2022:14:07:37 -0800] "GET /?camp-fire%2F46434641.html HTTP/1.1" 500 - "-" "Mozilla/5.0 (compatible; SemrushBot/7~bl; +http://www.semrush.com/bot.html)" "mantech8.com"
185.191.171.43 - - [26/Nov/2022:14:07:38 -0800] "GET /index.php/camp-fire/33608206.html HTTP/1.1" 500 - "-" "Mozilla/5.0 (compatible; SemrushBot/7~bl; +http://www.semrush.com/bot.html)" "mantech8.com"
114.119.142.217 - - [26/Nov/2022:14:08:08 -0800] "GET /certificate.php HTTP/1.1" 200 23461 "http://www.mantech8.com/services.php" "Mozilla/5.0 (compatible;PetalBot;+https://webmaster.petalsearch.com/site/petalbot)" "www.mantech8.com"
185.191.171.6 - - [26/Nov/2022:14:08:32 -0800] "GET /?camp-fire%2F9754783.html HTTP/1.1" 500 - "-" "Mozilla/5.0 (compatible; SemrushBot/7~bl; +http://www.semrush.com/bot.html)" "mantech8.com"
185.191.171.6 - - [26/Nov/2022:14:10:06 -0800] "GET /?camp-fire%2F13419851.html HTTP/1.1" 500 - "-" "Mozilla/5.0 (compatible; SemrushBot/7~bl; +http://www.semrush.com/bot.html)" "mantech8.com"
185.191.171.4 - - [26/Nov/2022:14:10:09 -0800] "GET /index.php/camp-fire/29132321.html HTTP/1.1" 500 - "-" "Mozilla/5.0 (compatible; SemrushBot/7~bl; +http://www.semrush.com/bot.html)" "mantech8.com"
216.244.66.241 - - [26/Nov/2022:14:10:24 -0800] "GET /robots.txt HTTP/1.1" 200 222 "-" "Mozilla/5.0 (compatible; DotBot/1.2; +https://opensiteexplorer.org/dotbot; help@moz.com)" "www.mantech8.com"
216.244.66.241 - - [26/Nov/2022:14:10:24 -0800] "GET /robots.txt HTTP/1.1" 200 222 "-" "Mozilla/5.0 (compatible; DotBot/1.2; +https://opensiteexplorer.org/dotbot; help@moz.com)" "mantech8.com"
185.191.171.39 - - [26/Nov/2022:14:11:30 -0800] "GET /?camp-fire%2F58295808.html HTTP/1.1" 500 - "-" "Mozilla/5.0 (compatible; SemrushBot/7~bl; +http://www.semrush.com/bot.html)" "mantech8.com"
185.191.171.19 - - [26/Nov/2022:14:11:35 -0800] "GET /?camp-fire%2F15306165.html HTTP/1.1" 500 - "-" "Mozilla/5.0 (compatible; SemrushBot/7~bl; +http://www.semrush.com/bot.html)" "mantech8.com"
185.191.171.25 - - [26/Nov/2022:14:11:43 -0800] "GET /?camp-fire%2F19387980.html HTTP/1.1" 500 - "-" "Mozilla/5.0 (compatible; SemrushBot/7~bl; +http://www.semrush.com/bot.html)" "mantech8.com"
185.191.171.11 - - [26/Nov/2022:14:12:52 -0800] "GET /index.php/camp-fire/8136378.html HTTP/1.1" 500 - "-" "Mozilla/5.0 (compatible; SemrushBot/7~bl; +http://www.semrush.com/bot.html)" "mantech8.com"
185.191.171.42 - - [26/Nov/2022:14:13:57 -0800] "GET /?camp-fire%2F23843206.html HTTP/1.1" 500 - "-" "Mozilla/5.0 (compatible; SemrushBot/7~bl; +http://www.semrush.com/bot.html)" "mantech8.com"
207.46.13.100 - - [26/Nov/2022:14:15:00 -0800] "GET /index.php?camp-fire/25781722.html HTTP/1.1" 200 67064 "-" "Mozilla/5.0 AppleWebKit/537.36 (KHTML, like Gecko; compatible; bingbot/2.0; +http://www.bing.com/bingbot.htm) Chrome/103.0.5060.134 Safari/537.36" "www.mantech8.com"
185.191.171.6 - - [26/Nov/2022:14:15:49 -0800] "GET /robots.txt HTTP/1.1" 200 106 "-" "Mozilla/5.0 (compatible; SemrushBot/7~bl; +http://www.semrush.com/bot.html)" "www.mantech8.com"
185.191.171.34 - - [26/Nov/2022:14:15:49 -0800] "GET /bimages/client/kallakisse.php HTTP/1.1" 200 30476 "-" "Mozilla/5.0 (compatible; SemrushBot/7~bl; +http://www.semrush.com/bot.html)" "www.mantech8.com"
185.191.171.39 - - [26/Nov/2022:14:16:33 -0800] "GET /?camp-fire%2F16710883.html HTTP/1.1" 500 - "-" "Mozilla/5.0 (compatible; SemrushBot/7~bl; +http://www.semrush.com/bot.html)" "mantech8.com"
185.191.171.6 - - [26/Nov/2022:14:16:37 -0800] "GET /?camp-fire%2F59515847.html HTTP/1.1" 500 - "-" "Mozilla/5.0 (compatible; SemrushBot/7~bl; +http://www.semrush.com/bot.html)" "mantech8.com"
185.191.171.7 - - [26/Nov/2022:14:16:42 -0800] "GET /?camp-fire%2F15745772.html HTTP/1.1" 500 - "-" "Mozilla/5.0 (compatible; SemrushBot/7~bl; +http://www.semrush.com/bot.html)" "mantech8.com"
185.191.171.18 - - [26/Nov/2022:14:16:54 -0800] "GET /?camp-fire%2F14823478.html HTTP/1.1" 500 - "-" "Mozilla/5.0 (compatible; SemrushBot/7~bl; +http://www.semrush.com/bot.html)" "mantech8.com"
207.46.13.100 - - [26/Nov/2022:14:17:00 -0800] "GET /index.php/WtZk-ce9b4beea-n1QVJ.Ii HTTP/1.1" 200 67714 "-" "Mozilla/5.0 AppleWebKit/537.36 (KHTML, like Gecko; compatible; bingbot/2.0; +http://www.bing.com/bingbot.htm) Chrome/103.0.5060.134 Safari/537.36" "www.mantech8.com"
185.191.171.24 - - [26/Nov/2022:14:17:18 -0800] "GET /?camp-fire%2F19074961.html HTTP/1.1" 500 - "-" "Mozilla/5.0 (compatible; SemrushBot/7~bl; +http://www.semrush.com/bot.html)" "mantech8.com"
185.191.171.13 - - [26/Nov/2022:14:17:36 -0800] "GET /?camp-fire%2F4736498.html HTTP/1.1" 500 - "-" "Mozilla/5.0 (compatible; SemrushBot/7~bl; +http://www.semrush.com/bot.html)" "mantech8.com"
185.191.171.12 - - [26/Nov/2022:14:18:05 -0800] "GET /?camp-fire%2F15320000.html HTTP/1.1" 500 - "-" "Mozilla/5.0 (compatible; SemrushBot/7~bl; +http://www.semrush.com/bot.html)" "mantech8.com"
185.191.171.43 - - [26/Nov/2022:14:18:12 -0800] "GET /?camp-fire%2F35284163.html HTTP/1.1" 500 - "-" "Mozilla/5.0 (compatible; SemrushBot/7~bl; +http://www.semrush.com/bot.html)" "mantech8.com"
185.191.171.11 - - [26/Nov/2022:14:20:01 -0800] "GET /?camp-fire%2F19074561.html HTTP/1.1" 500 - "-" "Mozilla/5.0 (compatible; SemrushBot/7~bl; +http://www.semrush.com/bot.html)" "mantech8.com"
185.191.171.4 - - [26/Nov/2022:14:20:32 -0800] "GET /?camp-fire%2F23717606.html HTTP/1.1" 500 - "-" "Mozilla/5.0 (compatible; SemrushBot/7~bl; +http://www.semrush.com/bot.html)" "mantech8.com"
207.46.13.125 - - [26/Nov/2022:14:20:38 -0800] "GET /F2si-8ffdfe-Dk95g.Ii HTTP/1.1" 404 88 "-" "Mozilla/5.0 (compatible; bingbot/2.0; +http://www.bing.com/bingbot.htm)" "www.mantech8.com"
207.46.13.177 - - [26/Nov/2022:14:22:09 -0800] "GET /bimages/gallery/sn1.jpg HTTP/1.1" 200 78305 "-" "Mozilla/5.0 AppleWebKit/537.36 (KHTML, like Gecko; compatible; bingbot/2.0; +http://www.bing.com/bingbot.htm) Chrome/103.0.5060.134 Safari/537.36" "mantech8.com"
40.77.167.67 - - [26/Nov/2022:14:23:14 -0800] "GET /index.php/mcko-d8efb-vy8rl.ii HTTP/1.1" 200 68776 "-" "Mozilla/5.0 AppleWebKit/537.36 (KHTML, like Gecko; compatible; bingbot/2.0; +http://www.bing.com/bingbot.htm) Chrome/103.0.5060.134 Safari/537.36" "mantech8.com"
