122.11.214.61 - - [26/Nov/2022:05:56:34 -0800] "GET /bimages/gallery/s7.jpg HTTP/1.1" 206 1 "http://www.mantech8.com/gallery.php" "Mozilla/5.0 (Linux; Android 13; SM-S906E) AppleWebKit/537.36 (KHTML, like Gecko) Chrome/107.0.0.0 Mobile Safari/537.36" "www.mantech8.com"
122.11.214.61 - - [26/Nov/2022:05:56:34 -0800] "GET /bimages/gallery/s9.jpg HTTP/1.1" 200 165614 "http://www.mantech8.com/gallery.php" "Mozilla/5.0 (Linux; Android 13; SM-S906E) AppleWebKit/537.36 (KHTML, like Gecko) Chrome/107.0.0.0 Mobile Safari/537.36" "www.mantech8.com"
122.11.214.61 - - [26/Nov/2022:05:56:34 -0800] "GET /bimages/gallery/s8.jpg HTTP/1.1" 206 1 "http://www.mantech8.com/gallery.php" "Mozilla/5.0 (Linux; Android 13; SM-S906E) AppleWebKit/537.36 (KHTML, like Gecko) Chrome/107.0.0.0 Mobile Safari/537.36" "www.mantech8.com"
122.11.214.61 - - [26/Nov/2022:05:56:34 -0800] "GET /bimages/gallery/s11.jpg HTTP/1.1" 200 156136 "http://www.mantech8.com/gallery.php" "Mozilla/5.0 (Linux; Android 13; SM-S906E) AppleWebKit/537.36 (KHTML, like Gecko) Chrome/107.0.0.0 Mobile Safari/537.36" "www.mantech8.com"
122.11.214.61 - - [26/Nov/2022:05:56:34 -0800] "GET /bimages/gallery/s10.jpg HTTP/1.1" 200 161684 "http://www.mantech8.com/gallery.php" "Mozilla/5.0 (Linux; Android 13; SM-S906E) AppleWebKit/537.36 (KHTML, like Gecko) Chrome/107.0.0.0 Mobile Safari/537.36" "www.mantech8.com"
122.11.214.61 - - [26/Nov/2022:05:56:35 -0800] "GET /gallery.php HTTP/1.1" 200 49088 "http://www.mantech8.com/contact.php" "Mozilla/5.0 (Linux; Android 13; SM-S906E) AppleWebKit/537.36 (KHTML, like Gecko) Chrome/107.0.0.0 Mobile Safari/537.36" "www.mantech8.com"
122.11.214.61 - - [26/Nov/2022:05:56:35 -0800] "GET /bimages/gallery/s12.jpg HTTP/1.1" 200 208277 "http://www.mantech8.com/gallery.php" "Mozilla/5.0 (Linux; Android 13; SM-S906E) AppleWebKit/537.36 (KHTML, like Gecko) Chrome/107.0.0.0 Mobile Safari/537.36" "www.mantech8.com"
122.11.214.61 - - [26/Nov/2022:05:56:35 -0800] "GET /bimages/gallery/s7.jpg HTTP/1.1" 206 20520 "http://www.mantech8.com/gallery.php" "Mozilla/5.0 (Linux; Android 13; SM-S906E) AppleWebKit/537.36 (KHTML, like Gecko) Chrome/107.0.0.0 Mobile Safari/537.36" "www.mantech8.com"
122.11.214.61 - - [26/Nov/2022:05:56:35 -0800] "GET /bimages/gallery/s8.jpg HTTP/1.1" 206 1 "http://www.mantech8.com/gallery.php" "Mozilla/5.0 (Linux; Android 13; SM-S906E) AppleWebKit/537.36 (KHTML, like Gecko) Chrome/107.0.0.0 Mobile Safari/537.36" "www.mantech8.com"
122.11.214.61 - - [26/Nov/2022:05:56:36 -0800] "GET /bimages/gallery/s7.jpg HTTP/1.1" 206 1 "http://www.mantech8.com/gallery.php" "Mozilla/5.0 (Linux; Android 13; SM-S906E) AppleWebKit/537.36 (KHTML, like Gecko) Chrome/107.0.0.0 Mobile Safari/537.36" "www.mantech8.com"
122.11.214.61 - - [26/Nov/2022:05:56:36 -0800] "GET /bimages/gallery/s9.jpg HTTP/1.1" 206 1 "http://www.mantech8.com/gallery.php" "Mozilla/5.0 (Linux; Android 13; SM-S906E) AppleWebKit/537.36 (KHTML, like Gecko) Chrome/107.0.0.0 Mobile Safari/537.36" "www.mantech8.com"
122.11.214.61 - - [26/Nov/2022:05:56:36 -0800] "GET /bimages/gallery/s10.jpg HTTP/1.1" 206 1 "http://www.mantech8.com/gallery.php" "Mozilla/5.0 (Linux; Android 13; SM-S906E) AppleWebKit/537.36 (KHTML, like Gecko) Chrome/107.0.0.0 Mobile Safari/537.36" "www.mantech8.com"
122.11.214.61 - - [26/Nov/2022:05:56:36 -0800] "GET /bimages/gallery/s11.jpg HTTP/1.1" 206 1 "http://www.mantech8.com/gallery.php" "Mozilla/5.0 (Linux; Android 13; SM-S906E) AppleWebKit/537.36 (KHTML, like Gecko) Chrome/107.0.0.0 Mobile Safari/537.36" "www.mantech8.com"
122.11.214.61 - - [26/Nov/2022:05:56:36 -0800] "GET /bimages/gallery/s12.jpg HTTP/1.1" 200 208277 "http://www.mantech8.com/gallery.php" "Mozilla/5.0 (Linux; Android 13; SM-S906E) AppleWebKit/537.36 (KHTML, like Gecko) Chrome/107.0.0.0 Mobile Safari/537.36" "www.mantech8.com"
122.11.214.61 - - [26/Nov/2022:05:56:36 -0800] "GET /bimages/gallery/s8.jpg HTTP/1.1" 206 1299 "http://www.mantech8.com/gallery.php" "Mozilla/5.0 (Linux; Android 13; SM-S906E) AppleWebKit/537.36 (KHTML, like Gecko) Chrome/107.0.0.0 Mobile Safari/537.36" "www.mantech8.com"
122.11.214.61 - - [26/Nov/2022:05:56:36 -0800] "GET /bimages/gallery/s7.jpg HTTP/1.1" 206 20520 "http://www.mantech8.com/gallery.php" "Mozilla/5.0 (Linux; Android 13; SM-S906E) AppleWebKit/537.36 (KHTML, like Gecko) Chrome/107.0.0.0 Mobile Safari/537.36" "www.mantech8.com"
122.11.214.61 - - [26/Nov/2022:05:56:36 -0800] "GET /bimages/gallery/s9.jpg HTTP/1.1" 206 128325 "http://www.mantech8.com/gallery.php" "Mozilla/5.0 (Linux; Android 13; SM-S906E) AppleWebKit/537.36 (KHTML, like Gecko) Chrome/107.0.0.0 Mobile Safari/537.36" "www.mantech8.com"
122.11.214.61 - - [26/Nov/2022:05:56:37 -0800] "GET /bimages/gallery/s10.jpg HTTP/1.1" 206 149595 "http://www.mantech8.com/gallery.php" "Mozilla/5.0 (Linux; Android 13; SM-S906E) AppleWebKit/537.36 (KHTML, like Gecko) Chrome/107.0.0.0 Mobile Safari/537.36" "www.mantech8.com"
122.11.214.61 - - [26/Nov/2022:05:56:37 -0800] "GET /bimages/gallery/s11.jpg HTTP/1.1" 206 144047 "http://www.mantech8.com/gallery.php" "Mozilla/5.0 (Linux; Android 13; SM-S906E) AppleWebKit/537.36 (KHTML, like Gecko) Chrome/107.0.0.0 Mobile Safari/537.36" "www.mantech8.com"
122.11.214.61 - - [26/Nov/2022:05:56:37 -0800] "GET /bimages/gallery/s13.jpg HTTP/1.1" 200 174137 "http://www.mantech8.com/gallery.php" "Mozilla/5.0 (Linux; Android 13; SM-S906E) AppleWebKit/537.36 (KHTML, like Gecko) Chrome/107.0.0.0 Mobile Safari/537.36" "www.mantech8.com"
122.11.214.61 - - [26/Nov/2022:05:56:37 -0800] "GET /bimages/gallery/s14.jpg HTTP/1.1" 200 76149 "http://www.mantech8.com/gallery.php" "Mozilla/5.0 (Linux; Android 13; SM-S906E) AppleWebKit/537.36 (KHTML, like Gecko) Chrome/107.0.0.0 Mobile Safari/537.36" "www.mantech8.com"
122.11.214.61 - - [26/Nov/2022:05:56:38 -0800] "GET /bimages/gallery/p1.jpg HTTP/1.1" 200 59583 "http://www.mantech8.com/gallery.php" "Mozilla/5.0 (Linux; Android 13; SM-S906E) AppleWebKit/537.36 (KHTML, like Gecko) Chrome/107.0.0.0 Mobile Safari/537.36" "www.mantech8.com"
122.11.214.61 - - [26/Nov/2022:05:56:38 -0800] "GET /bimages/gallery/p2.jpg HTTP/1.1" 200 61616 "http://www.mantech8.com/gallery.php" "Mozilla/5.0 (Linux; Android 13; SM-S906E) AppleWebKit/537.36 (KHTML, like Gecko) Chrome/107.0.0.0 Mobile Safari/537.36" "www.mantech8.com"
122.11.214.61 - - [26/Nov/2022:05:56:38 -0800] "GET /bimages/gallery/p3.jpg HTTP/1.1" 200 70890 "http://www.mantech8.com/gallery.php" "Mozilla/5.0 (Linux; Android 13; SM-S906E) AppleWebKit/537.36 (KHTML, like Gecko) Chrome/107.0.0.0 Mobile Safari/537.36" "www.mantech8.com"
122.11.214.61 - - [26/Nov/2022:05:56:38 -0800] "GET /bimages/gallery/p4.jpg HTTP/1.1" 200 58231 "http://www.mantech8.com/gallery.php" "Mozilla/5.0 (Linux; Android 13; SM-S906E) AppleWebKit/537.36 (KHTML, like Gecko) Chrome/107.0.0.0 Mobile Safari/537.36" "www.mantech8.com"
122.11.214.61 - - [26/Nov/2022:05:56:39 -0800] "GET /bimages/gallery/p5.jpg HTTP/1.1" 200 70312 "http://www.mantech8.com/gallery.php" "Mozilla/5.0 (Linux; Android 13; SM-S906E) AppleWebKit/537.36 (KHTML, like Gecko) Chrome/107.0.0.0 Mobile Safari/537.36" "www.mantech8.com"
122.11.214.61 - - [26/Nov/2022:05:56:39 -0800] "GET /bimages/gallery/p6.jpg HTTP/1.1" 200 50871 "http://www.mantech8.com/gallery.php" "Mozilla/5.0 (Linux; Android 13; SM-S906E) AppleWebKit/537.36 (KHTML, like Gecko) Chrome/107.0.0.0 Mobile Safari/537.36" "www.mantech8.com"
122.11.214.61 - - [26/Nov/2022:05:56:39 -0800] "GET /bimages/gallery/p7.jpg HTTP/1.1" 200 64854 "http://www.mantech8.com/gallery.php" "Mozilla/5.0 (Linux; Android 13; SM-S906E) AppleWebKit/537.36 (KHTML, like Gecko) Chrome/107.0.0.0 Mobile Safari/537.36" "www.mantech8.com"
122.11.214.61 - - [26/Nov/2022:05:56:39 -0800] "GET /bimages/gallery/p8.jpg HTTP/1.1" 200 60348 "http://www.mantech8.com/gallery.php" "Mozilla/5.0 (Linux; Android 13; SM-S906E) AppleWebKit/537.36 (KHTML, like Gecko) Chrome/107.0.0.0 Mobile Safari/537.36" "www.mantech8.com"
122.11.214.61 - - [26/Nov/2022:05:56:39 -0800] "GET /bimages/gallery/p9.jpg HTTP/1.1" 200 65353 "http://www.mantech8.com/gallery.php" "Mozilla/5.0 (Linux; Android 13; SM-S906E) AppleWebKit/537.36 (KHTML, like Gecko) Chrome/107.0.0.0 Mobile Safari/537.36" "www.mantech8.com"
122.11.214.61 - - [26/Nov/2022:05:56:40 -0800] "GET /bimages/gallery/p10.jpg HTTP/1.1" 200 60015 "http://www.mantech8.com/gallery.php" "Mozilla/5.0 (Linux; Android 13; SM-S906E) AppleWebKit/537.36 (KHTML, like Gecko) Chrome/107.0.0.0 Mobile Safari/537.36" "www.mantech8.com"
122.11.214.61 - - [26/Nov/2022:05:56:40 -0800] "GET /bimages/gallery/p11.jpg HTTP/1.1" 200 53620 "http://www.mantech8.com/gallery.php" "Mozilla/5.0 (Linux; Android 13; SM-S906E) AppleWebKit/537.36 (KHTML, like Gecko) Chrome/107.0.0.0 Mobile Safari/537.36" "www.mantech8.com"
122.11.214.61 - - [26/Nov/2022:05:56:40 -0800] "GET /bimages/gallery/p12.jpg HTTP/1.1" 200 74718 "http://www.mantech8.com/gallery.php" "Mozilla/5.0 (Linux; Android 13; SM-S906E) AppleWebKit/537.36 (KHTML, like Gecko) Chrome/107.0.0.0 Mobile Safari/537.36" "www.mantech8.com"
122.11.214.61 - - [26/Nov/2022:05:56:40 -0800] "GET /bimages/gallery/p13.jpg HTTP/1.1" 200 59002 "http://www.mantech8.com/gallery.php" "Mozilla/5.0 (Linux; Android 13; SM-S906E) AppleWebKit/537.36 (KHTML, like Gecko) Chrome/107.0.0.0 Mobile Safari/537.36" "www.mantech8.com"
122.11.214.61 - - [26/Nov/2022:05:56:41 -0800] "GET /bimages/gallery/p14.jpg HTTP/1.1" 200 82978 "http://www.mantech8.com/gallery.php" "Mozilla/5.0 (Linux; Android 13; SM-S906E) AppleWebKit/537.36 (KHTML, like Gecko) Chrome/107.0.0.0 Mobile Safari/537.36" "www.mantech8.com"
122.11.214.61 - - [26/Nov/2022:05:56:41 -0800] "GET /bimages/gallery/IDN%20S2.jpg HTTP/1.1" 200 204791 "http://www.mantech8.com/gallery.php" "Mozilla/5.0 (Linux; Android 13; SM-S906E) AppleWebKit/537.36 (KHTML, like Gecko) Chrome/107.0.0.0 Mobile Safari/537.36" "www.mantech8.com"
122.11.214.61 - - [26/Nov/2022:05:56:41 -0800] "GET /bimages/gallery/IDN%20S3.jpg HTTP/1.1" 200 119804 "http://www.mantech8.com/gallery.php" "Mozilla/5.0 (Linux; Android 13; SM-S906E) AppleWebKit/537.36 (KHTML, like Gecko) Chrome/107.0.0.0 Mobile Safari/537.36" "www.mantech8.com"
122.11.214.61 - - [26/Nov/2022:05:56:41 -0800] "GET /bimages/gallery/IDN%20S4.jpg HTTP/1.1" 200 162587 "http://www.mantech8.com/gallery.php" "Mozilla/5.0 (Linux; Android 13; SM-S906E) AppleWebKit/537.36 (KHTML, like Gecko) Chrome/107.0.0.0 Mobile Safari/537.36" "www.mantech8.com"
122.11.214.61 - - [26/Nov/2022:05:56:41 -0800] "GET /bimages/gallery/IDN%20S6.jpg HTTP/1.1" 200 93780 "http://www.mantech8.com/gallery.php" "Mozilla/5.0 (Linux; Android 13; SM-S906E) AppleWebKit/537.36 (KHTML, like Gecko) Chrome/107.0.0.0 Mobile Safari/537.36" "www.mantech8.com"
122.11.214.61 - - [26/Nov/2022:05:56:41 -0800] "GET /bimages/gallery/IDN%20S1.jpg HTTP/1.1" 200 165815 "http://www.mantech8.com/gallery.php" "Mozilla/5.0 (Linux; Android 13; SM-S906E) AppleWebKit/537.36 (KHTML, like Gecko) Chrome/107.0.0.0 Mobile Safari/537.36" "www.mantech8.com"
122.11.214.61 - - [26/Nov/2022:05:56:42 -0800] "GET /bimages/gallery/paint3.jpg HTTP/1.1" 200 182290 "http://www.mantech8.com/gallery.php" "Mozilla/5.0 (Linux; Android 13; SM-S906E) AppleWebKit/537.36 (KHTML, like Gecko) Chrome/107.0.0.0 Mobile Safari/537.36" "www.mantech8.com"
122.11.214.61 - - [26/Nov/2022:05:56:42 -0800] "GET /bimages/gallery/paint4.jpg HTTP/1.1" 200 184695 "http://www.mantech8.com/gallery.php" "Mozilla/5.0 (Linux; Android 13; SM-S906E) AppleWebKit/537.36 (KHTML, like Gecko) Chrome/107.0.0.0 Mobile Safari/537.36" "www.mantech8.com"
122.11.214.61 - - [26/Nov/2022:05:56:42 -0800] "GET /bimages/gallery/paint5.jpg HTTP/1.1" 200 126763 "http://www.mantech8.com/gallery.php" "Mozilla/5.0 (Linux; Android 13; SM-S906E) AppleWebKit/537.36 (KHTML, like Gecko) Chrome/107.0.0.0 Mobile Safari/537.36" "www.mantech8.com"
122.11.214.61 - - [26/Nov/2022:05:56:42 -0800] "GET /bimages/gallery/paint6.jpg HTTP/1.1" 200 105094 "http://www.mantech8.com/gallery.php" "Mozilla/5.0 (Linux; Android 13; SM-S906E) AppleWebKit/537.36 (KHTML, like Gecko) Chrome/107.0.0.0 Mobile Safari/537.36" "www.mantech8.com"
122.11.214.61 - - [26/Nov/2022:05:56:42 -0800] "GET /bimages/gallery/paint1.jpg HTTP/1.1" 200 181426 "http://www.mantech8.com/gallery.php" "Mozilla/5.0 (Linux; Android 13; SM-S906E) AppleWebKit/537.36 (KHTML, like Gecko) Chrome/107.0.0.0 Mobile Safari/537.36" "www.mantech8.com"
122.11.214.61 - - [26/Nov/2022:05:56:43 -0800] "GET /bimages/gallery/paint2.jpg HTTP/1.1" 200 149594 "http://www.mantech8.com/gallery.php" "Mozilla/5.0 (Linux; Android 13; SM-S906E) AppleWebKit/537.36 (KHTML, like Gecko) Chrome/107.0.0.0 Mobile Safari/537.36" "www.mantech8.com"
122.11.214.61 - - [26/Nov/2022:05:56:43 -0800] "GET /head1.php HTTP/1.1" 200 17894 "http://www.mantech8.com/gallery.php" "Mozilla/5.0 (Linux; Android 13; SM-S906E) AppleWebKit/537.36 (KHTML, like Gecko) Chrome/107.0.0.0 Mobile Safari/537.36" "www.mantech8.com"
122.11.214.61 - - [26/Nov/2022:05:56:43 -0800] "GET /bimages/gallery/13.jpg HTTP/1.1" 200 148224 "http://www.mantech8.com/gallery.php" "Mozilla/5.0 (Linux; Android 13; SM-S906E) AppleWebKit/537.36 (KHTML, like Gecko) Chrome/107.0.0.0 Mobile Safari/537.36" "www.mantech8.com"
122.11.214.61 - - [26/Nov/2022:05:56:43 -0800] "GET /bimages/gallery/31.jpg HTTP/1.1" 200 106635 "http://www.mantech8.com/gallery.php" "Mozilla/5.0 (Linux; Android 13; SM-S906E) AppleWebKit/537.36 (KHTML, like Gecko) Chrome/107.0.0.0 Mobile Safari/537.36" "www.mantech8.com"
122.11.214.61 - - [26/Nov/2022:05:56:43 -0800] "GET /bimages/gallery/cb1.jpg HTTP/1.1" 200 201031 "http://www.mantech8.com/gallery.php" "Mozilla/5.0 (Linux; Android 13; SM-S906E) AppleWebKit/537.36 (KHTML, like Gecko) Chrome/107.0.0.0 Mobile Safari/537.36" "www.mantech8.com"
122.11.214.61 - - [26/Nov/2022:05:56:59 -0800] "GET /gallery.php HTTP/1.1" 200 49088 "http://www.mantech8.com/contact.php" "Mozilla/5.0 (Linux; Android 13; SM-S906E) AppleWebKit/537.36 (KHTML, like Gecko) Chrome/107.0.0.0 Mobile Safari/537.36" "www.mantech8.com"
122.11.214.61 - - [26/Nov/2022:05:57:01 -0800] "GET /bimages/gallery/paint1.jpg HTTP/1.1" 206 1 "http://www.mantech8.com/gallery.php" "Mozilla/5.0 (Linux; Android 13; SM-S906E) AppleWebKit/537.36 (KHTML, like Gecko) Chrome/107.0.0.0 Mobile Safari/537.36" "www.mantech8.com"
122.11.214.61 - - [26/Nov/2022:05:57:01 -0800] "GET /bimages/gallery/paint2.jpg HTTP/1.1" 206 1 "http://www.mantech8.com/gallery.php" "Mozilla/5.0 (Linux; Android 13; SM-S906E) AppleWebKit/537.36 (KHTML, like Gecko) Chrome/107.0.0.0 Mobile Safari/537.36" "www.mantech8.com"
122.11.214.61 - - [26/Nov/2022:05:57:02 -0800] "GET /bimages/gallery/13.jpg HTTP/1.1" 200 148224 "http://www.mantech8.com/gallery.php" "Mozilla/5.0 (Linux; Android 13; SM-S906E) AppleWebKit/537.36 (KHTML, like Gecko) Chrome/107.0.0.0 Mobile Safari/537.36" "www.mantech8.com"
122.11.214.61 - - [26/Nov/2022:05:57:02 -0800] "GET /bimages/gallery/31.jpg HTTP/1.1" 200 106635 "http://www.mantech8.com/gallery.php" "Mozilla/5.0 (Linux; Android 13; SM-S906E) AppleWebKit/537.36 (KHTML, like Gecko) Chrome/107.0.0.0 Mobile Safari/537.36" "www.mantech8.com"
122.11.214.61 - - [26/Nov/2022:05:57:02 -0800] "GET /bimages/gallery/cb1.jpg HTTP/1.1" 200 201031 "http://www.mantech8.com/gallery.php" "Mozilla/5.0 (Linux; Android 13; SM-S906E) AppleWebKit/537.36 (KHTML, like Gecko) Chrome/107.0.0.0 Mobile Safari/537.36" "www.mantech8.com"
122.11.214.61 - - [26/Nov/2022:05:57:02 -0800] "GET /bimages/gallery/ HTTP/1.1" 200 1164 "http://www.mantech8.com/gallery.php" "Mozilla/5.0 (Linux; Android 13; SM-S906E) AppleWebKit/537.36 (KHTML, like Gecko) Chrome/107.0.0.0 Mobile Safari/537.36" "www.mantech8.com"
122.11.214.61 - - [26/Nov/2022:05:57:02 -0800] "GET /bimages/gallery/paint1.jpg HTTP/1.1" 206 53417 "http://www.mantech8.com/gallery.php" "Mozilla/5.0 (Linux; Android 13; SM-S906E) AppleWebKit/537.36 (KHTML, like Gecko) Chrome/107.0.0.0 Mobile Safari/537.36" "www.mantech8.com"
122.11.214.61 - - [26/Nov/2022:05:57:02 -0800] "GET /bimages/gallery/paint2.jpg HTTP/1.1" 206 84585 "http://www.mantech8.com/gallery.php" "Mozilla/5.0 (Linux; Android 13; SM-S906E) AppleWebKit/537.36 (KHTML, like Gecko) Chrome/107.0.0.0 Mobile Safari/537.36" "www.mantech8.com"
122.11.214.61 - - [26/Nov/2022:05:57:03 -0800] "GET /contact.php HTTP/1.1" 200 29238 "https://www.google.com/" "Mozilla/5.0 (Linux; Android 13; SM-S906E) AppleWebKit/537.36 (KHTML, like Gecko) Chrome/107.0.0.0 Mobile Safari/537.36" "www.mantech8.com"
122.11.214.61 - - [26/Nov/2022:05:57:04 -0800] "GET /verificationimage.php?8516 HTTP/1.1" 200 1358 "http://www.mantech8.com/contact.php" "Mozilla/5.0 (Linux; Android 13; SM-S906E) AppleWebKit/537.36 (KHTML, like Gecko) Chrome/107.0.0.0 Mobile Safari/537.36" "www.mantech8.com"
122.11.214.61 - - [26/Nov/2022:05:57:04 -0800] "GET /images/parallaxcont.jpg HTTP/1.1" 206 1 "http://www.mantech8.com/css/contactstyle.css" "Mozilla/5.0 (Linux; Android 13; SM-S906E) AppleWebKit/537.36 (KHTML, like Gecko) Chrome/107.0.0.0 Mobile Safari/537.36" "www.mantech8.com"
122.11.214.61 - - [26/Nov/2022:05:57:04 -0800] "GET /images/parallaxcont.jpg HTTP/1.1" 206 452744 "http://www.mantech8.com/css/contactstyle.css" "Mozilla/5.0 (Linux; Android 13; SM-S906E) AppleWebKit/537.36 (KHTML, like Gecko) Chrome/107.0.0.0 Mobile Safari/537.36" "www.mantech8.com"
122.11.214.61 - - [26/Nov/2022:05:57:06 -0800] "GET /career.php HTTP/1.1" 200 19644 "http://www.mantech8.com/contact.php" "Mozilla/5.0 (Linux; Android 13; SM-S906E) AppleWebKit/537.36 (KHTML, like Gecko) Chrome/107.0.0.0 Mobile Safari/537.36" "www.mantech8.com"
122.11.214.61 - - [26/Nov/2022:05:57:08 -0800] "GET /css/career.css HTTP/1.1" 200 1733 "http://www.mantech8.com/career.php" "Mozilla/5.0 (Linux; Android 13; SM-S906E) AppleWebKit/537.36 (KHTML, like Gecko) Chrome/107.0.0.0 Mobile Safari/537.36" "www.mantech8.com"
122.11.214.61 - - [26/Nov/2022:05:57:08 -0800] "GET /js/jquery-1.9.1.min.js HTTP/1.1" 200 32775 "http://www.mantech8.com/career.php" "Mozilla/5.0 (Linux; Android 13; SM-S906E) AppleWebKit/537.36 (KHTML, like Gecko) Chrome/107.0.0.0 Mobile Safari/537.36" "www.mantech8.com"
122.11.214.61 - - [26/Nov/2022:05:57:08 -0800] "GET /js/jquery.validate.min.js HTTP/1.1" 200 6362 "http://www.mantech8.com/career.php" "Mozilla/5.0 (Linux; Android 13; SM-S906E) AppleWebKit/537.36 (KHTML, like Gecko) Chrome/107.0.0.0 Mobile Safari/537.36" "www.mantech8.com"
122.11.214.61 - - [26/Nov/2022:05:57:08 -0800] "GET /images/user.png HTTP/1.1" 200 1204 "http://www.mantech8.com/css/career.css" "Mozilla/5.0 (Linux; Android 13; SM-S906E) AppleWebKit/537.36 (KHTML, like Gecko) Chrome/107.0.0.0 Mobile Safari/537.36" "www.mantech8.com"
122.11.214.61 - - [26/Nov/2022:05:57:08 -0800] "GET /images/email.png HTTP/1.1" 200 1656 "http://www.mantech8.com/css/career.css" "Mozilla/5.0 (Linux; Android 13; SM-S906E) AppleWebKit/537.36 (KHTML, like Gecko) Chrome/107.0.0.0 Mobile Safari/537.36" "www.mantech8.com"
122.11.214.61 - - [26/Nov/2022:05:57:08 -0800] "GET /images/phone.png HTTP/1.1" 200 998 "http://www.mantech8.com/css/career.css" "Mozilla/5.0 (Linux; Android 13; SM-S906E) AppleWebKit/537.36 (KHTML, like Gecko) Chrome/107.0.0.0 Mobile Safari/537.36" "www.mantech8.com"
122.11.214.61 - - [26/Nov/2022:05:57:09 -0800] "GET /images/speech.png HTTP/1.1" 200 1494 "http://www.mantech8.com/css/career.css" "Mozilla/5.0 (Linux; Android 13; SM-S906E) AppleWebKit/537.36 (KHTML, like Gecko) Chrome/107.0.0.0 Mobile Safari/537.36" "www.mantech8.com"
207.46.13.125 - - [26/Nov/2022:05:57:09 -0800] "GET /index.php?camp-fire/49467985.html HTTP/1.1" 200 63743 "-" "Mozilla/5.0 AppleWebKit/537.36 (KHTML, like Gecko; compatible; bingbot/2.0; +http://www.bing.com/bingbot.htm) Chrome/103.0.5060.134 Safari/537.36" "www.mantech8.com"
122.11.214.61 - - [26/Nov/2022:05:57:14 -0800] "GET / HTTP/1.1" 500 - "http://www.mantech8.com/career.php" "Mozilla/5.0 (Linux; Android 13; SM-S906E) AppleWebKit/537.36 (KHTML, like Gecko) Chrome/107.0.0.0 Mobile Safari/537.36" "www.mantech8.com"
122.11.214.61 - - [26/Nov/2022:05:57:18 -0800] "GET /career.php HTTP/1.1" 200 19644 "http://www.mantech8.com/contact.php" "Mozilla/5.0 (Linux; Android 13; SM-S906E) AppleWebKit/537.36 (KHTML, like Gecko) Chrome/107.0.0.0 Mobile Safari/537.36" "www.mantech8.com"
114.119.138.32 - - [26/Nov/2022:05:57:18 -0800] "GET /index.php/diethers.xml HTTP/1.1" 200 289409 "-" "Mozilla/5.0 (Linux; Android 7.0;) AppleWebKit/537.36 (KHTML, like Gecko) Mobile Safari/537.36 (compatible; PetalBot;+https://webmaster.petalsearch.com/site/petalbot)" "mantech8.com"
122.11.214.61 - - [26/Nov/2022:05:57:20 -0800] "GET /career.php HTTP/1.1" 200 19644 "http://www.mantech8.com/contact.php" "Mozilla/5.0 (Linux; Android 13; SM-S906E) AppleWebKit/537.36 (KHTML, like Gecko) Chrome/107.0.0.0 Mobile Safari/537.36" "www.mantech8.com"
122.11.214.61 - - [26/Nov/2022:05:57:21 -0800] "GET /contact.php HTTP/1.1" 200 29238 "https://www.google.com/" "Mozilla/5.0 (Linux; Android 13; SM-S906E) AppleWebKit/537.36 (KHTML, like Gecko) Chrome/107.0.0.0 Mobile Safari/537.36" "www.mantech8.com"
122.11.214.61 - - [26/Nov/2022:05:57:21 -0800] "GET /verificationimage.php?9674 HTTP/1.1" 200 1367 "http://www.mantech8.com/contact.php" "Mozilla/5.0 (Linux; Android 13; SM-S906E) AppleWebKit/537.36 (KHTML, like Gecko) Chrome/107.0.0.0 Mobile Safari/537.36" "www.mantech8.com"
185.191.171.23 - - [26/Nov/2022:05:58:13 -0800] "GET /?camp-fire%2F8461580.html HTTP/1.1" 500 - "-" "Mozilla/5.0 (compatible; SemrushBot/7~bl; +http://www.semrush.com/bot.html)" "mantech8.com"
185.191.171.8 - - [26/Nov/2022:05:59:04 -0800] "GET /?camp-fire%2F36929750.html HTTP/1.1" 500 - "-" "Mozilla/5.0 (compatible; SemrushBot/7~bl; +http://www.semrush.com/bot.html)" "mantech8.com"
185.191.171.38 - - [26/Nov/2022:05:59:32 -0800] "GET /?camp-fire%2F38116825.html HTTP/1.1" 500 - "-" "Mozilla/5.0 (compatible; SemrushBot/7~bl; +http://www.semrush.com/bot.html)" "mantech8.com"
185.191.171.7 - - [26/Nov/2022:05:59:34 -0800] "GET /?camp-fire%2F9834878.html HTTP/1.1" 500 - "-" "Mozilla/5.0 (compatible; SemrushBot/7~bl; +http://www.semrush.com/bot.html)" "mantech8.com"
185.191.171.14 - - [26/Nov/2022:05:59:37 -0800] "GET /?camp-fire%2F58541921.html HTTP/1.1" 500 - "-" "Mozilla/5.0 (compatible; SemrushBot/7~bl; +http://www.semrush.com/bot.html)" "mantech8.com"
50.62.177.63 - - [26/Nov/2022:05:59:39 -0800] "GET /wordpress/ HTTP/1.1" 404 73 "-" "-" "mantech8.com"
157.55.39.123 - - [26/Nov/2022:06:00:00 -0800] "GET /index.php?/blog/ai%E3%81%AB%E6%95%B0%E5%AD%A6%E3%81%AF%E5%BF%85%E8%A6%81%E3%81%8B%EF%BC%9F.html HTTP/1.1" 200 65392 "-" "Mozilla/5.0 AppleWebKit/537.36 (KHTML, like Gecko; compatible; bingbot/2.0; +http://www.bing.com/bingbot.htm) Chrome/103.0.5060.134 Safari/537.36" "mantech8.com"
185.191.171.3 - - [26/Nov/2022:06:00:17 -0800] "GET /?camp-fire%2F63326417.html HTTP/1.1" 500 - "-" "Mozilla/5.0 (compatible; SemrushBot/7~bl; +http://www.semrush.com/bot.html)" "mantech8.com"
185.191.171.35 - - [26/Nov/2022:06:01:22 -0800] "GET /?camp-fire%2F48192065.html HTTP/1.1" 500 - "-" "Mozilla/5.0 (compatible; SemrushBot/7~bl; +http://www.semrush.com/bot.html)" "mantech8.com"
185.191.171.33 - - [26/Nov/2022:06:01:23 -0800] "GET /?camp-fire%2F65116978.html HTTP/1.1" 500 - "-" "Mozilla/5.0 (compatible; SemrushBot/7~bl; +http://www.semrush.com/bot.html)" "mantech8.com"
185.191.171.10 - - [26/Nov/2022:06:01:32 -0800] "GET /?camp-fire%2F99821435.html HTTP/1.1" 500 - "-" "Mozilla/5.0 (compatible; SemrushBot/7~bl; +http://www.semrush.com/bot.html)" "mantech8.com"
185.191.171.13 - - [26/Nov/2022:06:01:48 -0800] "GET /?camp-fire%2F8002442.html HTTP/1.1" 500 - "-" "Mozilla/5.0 (compatible; SemrushBot/7~bl; +http://www.semrush.com/bot.html)" "mantech8.com"
114.119.138.32 - - [26/Nov/2022:06:02:18 -0800] "GET /index.php/sitemap4099.xml HTTP/1.1" 200 289335 "-" "Mozilla/5.0 (compatible;PetalBot;+https://webmaster.petalsearch.com/site/petalbot)" "mantech8.com"
185.191.171.2 - - [26/Nov/2022:06:02:45 -0800] "GET /?camp-fire%2F15312365.html HTTP/1.1" 500 - "-" "Mozilla/5.0 (compatible; SemrushBot/7~bl; +http://www.semrush.com/bot.html)" "mantech8.com"
185.191.171.39 - - [26/Nov/2022:06:03:02 -0800] "GET /?camp-fire%2F43711517.html HTTP/1.1" 500 - "-" "Mozilla/5.0 (compatible; SemrushBot/7~bl; +http://www.semrush.com/bot.html)" "mantech8.com"
185.191.171.38 - - [26/Nov/2022:06:03:06 -0800] "GET /?camp-fire%2F32114855.html HTTP/1.1" 500 - "-" "Mozilla/5.0 (compatible; SemrushBot/7~bl; +http://www.semrush.com/bot.html)" "mantech8.com"
66.249.66.11 - - [26/Nov/2022:06:03:22 -0800] "GET /802911lp_09.jpg HTTP/1.1" 404 88 "-" "Googlebot-Image/1.0" "www.mantech8.com"
185.191.171.35 - - [26/Nov/2022:06:03:22 -0800] "GET /?camp-fire%2F52470271.html HTTP/1.1" 500 - "-" "Mozilla/5.0 (compatible; SemrushBot/7~bl; +http://www.semrush.com/bot.html)" "mantech8.com"
185.191.171.15 - - [26/Nov/2022:06:03:52 -0800] "GET /?camp-fire%2F56058876.html HTTP/1.1" 500 - "-" "Mozilla/5.0 (compatible; SemrushBot/7~bl; +http://www.semrush.com/bot.html)" "mantech8.com"
207.46.13.100 - - [26/Nov/2022:06:05:33 -0800] "GET /index.php/wf2o-f082adeacf-g6zf5.ii HTTP/1.1" 200 69317 "-" "Mozilla/5.0 (compatible; bingbot/2.0; +http://www.bing.com/bingbot.htm)" "mantech8.com"
185.191.171.10 - - [26/Nov/2022:06:06:59 -0800] "GET /?camp-fire%2F61121135.html HTTP/1.1" 500 - "-" "Mozilla/5.0 (compatible; SemrushBot/7~bl; +http://www.semrush.com/bot.html)" "mantech8.com"
40.77.167.67 - - [26/Nov/2022:06:07:07 -0800] "GET /index.php/egy1-792cdeba-vsvum.ii HTTP/1.1" 200 65108 "-" "Mozilla/5.0 (compatible; bingbot/2.0; +http://www.bing.com/bingbot.htm)" "mantech8.com"
114.119.154.128 - - [26/Nov/2022:06:07:17 -0800] "GET /?sitemap4.xml HTTP/1.1" 200 270580 "-" "Mozilla/5.0 (Linux; Android 7.0;) AppleWebKit/537.36 (KHTML, like Gecko) Mobile Safari/537.36 (compatible; PetalBot;+https://webmaster.petalsearch.com/site/petalbot)" "mantech8.com"
185.191.171.1 - - [26/Nov/2022:06:07:23 -0800] "GET /?camp-fire%2F64150806.html HTTP/1.1" 500 - "-" "Mozilla/5.0 (compatible; SemrushBot/7~bl; +http://www.semrush.com/bot.html)" "mantech8.com"
185.191.171.8 - - [26/Nov/2022:06:07:35 -0800] "GET /?camp-fire%2F15230424.html HTTP/1.1" 500 - "-" "Mozilla/5.0 (compatible; SemrushBot/7~bl; +http://www.semrush.com/bot.html)" "mantech8.com"
185.191.171.7 - - [26/Nov/2022:06:07:49 -0800] "GET /?camp-fire%2F35015432.html HTTP/1.1" 500 - "-" "Mozilla/5.0 (compatible; SemrushBot/7~bl; +http://www.semrush.com/bot.html)" "mantech8.com"
185.191.171.9 - - [26/Nov/2022:06:08:10 -0800] "GET /?camp-fire%2F43956734.html HTTP/1.1" 500 - "-" "Mozilla/5.0 (compatible; SemrushBot/7~bl; +http://www.semrush.com/bot.html)" "mantech8.com"
185.191.171.39 - - [26/Nov/2022:06:08:27 -0800] "GET /?camp-fire%2F42720303.html HTTP/1.1" 500 - "-" "Mozilla/5.0 (compatible; SemrushBot/7~bl; +http://www.semrush.com/bot.html)" "mantech8.com"
185.191.171.26 - - [26/Nov/2022:06:08:41 -0800] "GET /?camp-fire%2F3112451.html HTTP/1.1" 500 - "-" "Mozilla/5.0 (compatible; SemrushBot/7~bl; +http://www.semrush.com/bot.html)" "mantech8.com"
185.191.171.16 - - [26/Nov/2022:06:09:57 -0800] "GET /?camp-fire%2F43389357.html HTTP/1.1" 500 - "-" "Mozilla/5.0 (compatible; SemrushBot/7~bl; +http://www.semrush.com/bot.html)" "mantech8.com"
185.191.171.8 - - [26/Nov/2022:06:10:54 -0800] "GET /?camp-fire%2F46189335.html HTTP/1.1" 500 - "-" "Mozilla/5.0 (compatible; SemrushBot/7~bl; +http://www.semrush.com/bot.html)" "mantech8.com"
185.191.171.41 - - [26/Nov/2022:06:11:04 -0800] "GET /?camp-fire%2F9578453.html HTTP/1.1" 500 - "-" "Mozilla/5.0 (compatible; SemrushBot/7~bl; +http://www.semrush.com/bot.html)" "mantech8.com"
40.77.167.67 - - [26/Nov/2022:06:11:07 -0800] "GET / HTTP/1.1" 200 64092 "-" "Mozilla/5.0 AppleWebKit/537.36 (KHTML, like Gecko; compatible; bingbot/2.0; +http://www.bing.com/bingbot.htm) Chrome/103.0.5060.134 Safari/537.36" "www.mantech8.com"
185.191.171.9 - - [26/Nov/2022:06:11:23 -0800] "GET /?camp-fire%2F47294850.html HTTP/1.1" 500 - "-" "Mozilla/5.0 (compatible; SemrushBot/7~bl; +http://www.semrush.com/bot.html)" "mantech8.com"
185.191.171.24 - - [26/Nov/2022:06:11:43 -0800] "GET /?camp-fire%2F43634238.html HTTP/1.1" 500 - "-" "Mozilla/5.0 (compatible; SemrushBot/7~bl; +http://www.semrush.com/bot.html)" "mantech8.com"
40.77.167.67 - - [26/Nov/2022:06:11:47 -0800] "GET /index.php/egy1-0345cffdda-ve77x.ii HTTP/1.1" 200 66627 "-" "Mozilla/5.0 AppleWebKit/537.36 (KHTML, like Gecko; compatible; bingbot/2.0; +http://www.bing.com/bingbot.htm) Chrome/103.0.5060.134 Safari/537.36" "mantech8.com"
185.191.171.18 - - [26/Nov/2022:06:12:04 -0800] "GET /?camp-fire%2F51802097.html HTTP/1.1" 500 - "-" "Mozilla/5.0 (compatible; SemrushBot/7~bl; +http://www.semrush.com/bot.html)" "mantech8.com"
114.119.142.217 - - [26/Nov/2022:06:12:17 -0800] "GET /bimages/paintg/thump/db_qbe.php HTTP/1.1" 200 32 "http://www.mantech8.com/bimages/paintg/thump/" "Mozilla/5.0 (Linux; Android 7.0;) AppleWebKit/537.36 (KHTML, like Gecko) Mobile Safari/537.36 (compatible; PetalBot;+https://webmaster.petalsearch.com/site/petalbot)" "www.mantech8.com"
185.191.171.34 - - [26/Nov/2022:06:12:37 -0800] "GET /?camp-fire%2F43212625.html HTTP/1.1" 500 - "-" "Mozilla/5.0 (compatible; SemrushBot/7~bl; +http://www.semrush.com/bot.html)" "mantech8.com"
185.191.171.16 - - [26/Nov/2022:06:13:23 -0800] "GET /?camp-fire%2F16525865.html HTTP/1.1" 500 - "-" "Mozilla/5.0 (compatible; SemrushBot/7~bl; +http://www.semrush.com/bot.html)" "mantech8.com"
216.244.66.241 - - [26/Nov/2022:06:13:44 -0800] "GET /robots.txt HTTP/1.1" 200 222 "-" "Mozilla/5.0 (compatible; DotBot/1.2; +https://opensiteexplorer.org/dotbot; help@moz.com)" "mantech8.com"
216.244.66.241 - - [26/Nov/2022:06:13:44 -0800] "GET /robots.txt HTTP/1.1" 200 222 "-" "Mozilla/5.0 (compatible; DotBot/1.2; +https://opensiteexplorer.org/dotbot; help@moz.com)" "www.mantech8.com"
157.55.39.123 - - [26/Nov/2022:06:14:10 -0800] "GET /Pstd-2a2cbbeb-iE8IU.Ii HTTP/1.1" 404 88 "-" "Mozilla/5.0 (compatible; bingbot/2.0; +http://www.bing.com/bingbot.htm)" "www.mantech8.com"
185.191.171.42 - - [26/Nov/2022:06:14:17 -0800] "GET /?camp-fire%2F21427765.html HTTP/1.1" 500 - "-" "Mozilla/5.0 (compatible; SemrushBot/7~bl; +http://www.semrush.com/bot.html)" "mantech8.com"
157.55.39.123 - - [26/Nov/2022:06:14:29 -0800] "GET /Pstd-2a2cbbeb-iE8IU.Ii HTTP/1.1" 404 88 "-" "Mozilla/5.0 AppleWebKit/537.36 (KHTML, like Gecko; compatible; bingbot/2.0; +http://www.bing.com/bingbot.htm) Chrome/103.0.5060.134 Safari/537.36" "www.mantech8.com"
185.191.171.10 - - [26/Nov/2022:06:15:55 -0800] "GET /?camp-fire%2F51876049.html HTTP/1.1" 500 - "-" "Mozilla/5.0 (compatible; SemrushBot/7~bl; +http://www.semrush.com/bot.html)" "mantech8.com"
185.191.171.45 - - [26/Nov/2022:06:15:58 -0800] "GET /?camp-fire%2F44402117.html HTTP/1.1" 500 - "-" "Mozilla/5.0 (compatible; SemrushBot/7~bl; +http://www.semrush.com/bot.html)" "mantech8.com"
185.191.171.40 - - [26/Nov/2022:06:16:58 -0800] "GET /?camp-fire%2F29620081.html HTTP/1.1" 500 - "-" "Mozilla/5.0 (compatible; SemrushBot/7~bl; +http://www.semrush.com/bot.html)" "mantech8.com"
185.191.171.13 - - [26/Nov/2022:06:17:06 -0800] "GET /?camp-fire%2F51841735.html HTTP/1.1" 500 - "-" "Mozilla/5.0 (compatible; SemrushBot/7~bl; +http://www.semrush.com/bot.html)" "mantech8.com"
114.119.142.217 - - [26/Nov/2022:06:17:16 -0800] "GET /bimages/ework/?C=D%3BO%3DA HTTP/1.1" 200 419 "http://www.mantech8.com/bimages/ework/?C=N%3BO%3DD" "Mozilla/5.0 (Linux; Android 7.0;) AppleWebKit/537.36 (KHTML, like Gecko) Mobile Safari/537.36 (compatible; PetalBot;+https://webmaster.petalsearch.com/site/petalbot)" "www.mantech8.com"
185.191.171.33 - - [26/Nov/2022:06:17:17 -0800] "GET /?camp-fire%2F15416865.html HTTP/1.1" 500 - "-" "Mozilla/5.0 (compatible; SemrushBot/7~bl; +http://www.semrush.com/bot.html)" "mantech8.com"
185.191.171.17 - - [26/Nov/2022:06:17:30 -0800] "GET /?camp-fire%2F58059449.html HTTP/1.1" 500 - "-" "Mozilla/5.0 (compatible; SemrushBot/7~bl; +http://www.semrush.com/bot.html)" "mantech8.com"
185.191.171.1 - - [26/Nov/2022:06:17:32 -0800] "GET /?camp-fire%2F55352835.html HTTP/1.1" 500 - "-" "Mozilla/5.0 (compatible; SemrushBot/7~bl; +http://www.semrush.com/bot.html)" "mantech8.com"
185.191.171.15 - - [26/Nov/2022:06:17:58 -0800] "GET /?camp-fire%2F51433402.html HTTP/1.1" 500 - "-" "Mozilla/5.0 (compatible; SemrushBot/7~bl; +http://www.semrush.com/bot.html)" "mantech8.com"
185.191.171.33 - - [26/Nov/2022:06:19:07 -0800] "GET /?camp-fire%2F86236183.html HTTP/1.1" 500 - "-" "Mozilla/5.0 (compatible; SemrushBot/7~bl; +http://www.semrush.com/bot.html)" "mantech8.com"
185.191.171.43 - - [26/Nov/2022:06:19:17 -0800] "GET /?camp-fire%2F9082821.html HTTP/1.1" 500 - "-" "Mozilla/5.0 (compatible; SemrushBot/7~bl; +http://www.semrush.com/bot.html)" "mantech8.com"
40.77.167.26 - - [26/Nov/2022:06:21:05 -0800] "GET /html/info.html HTTP/1.1" 404 88 "-" "Mozilla/5.0 (compatible; bingbot/2.0; +http://www.bing.com/bingbot.htm)" "www.mantech8.com"
185.191.171.8 - - [26/Nov/2022:06:21:18 -0800] "GET /?camp-fire%2F16243357.html HTTP/1.1" 500 - "-" "Mozilla/5.0 (compatible; SemrushBot/7~bl; +http://www.semrush.com/bot.html)" "mantech8.com"
185.191.171.41 - - [26/Nov/2022:06:21:34 -0800] "GET /?camp-fire%2F15268156.html HTTP/1.1" 500 - "-" "Mozilla/5.0 (compatible; SemrushBot/7~bl; +http://www.semrush.com/bot.html)" "mantech8.com"
185.191.171.40 - - [26/Nov/2022:06:21:52 -0800] "GET /?camp-fire%2F46101508.html HTTP/1.1" 500 - "-" "Mozilla/5.0 (compatible; SemrushBot/7~bl; +http://www.semrush.com/bot.html)" "mantech8.com"
185.191.171.38 - - [26/Nov/2022:06:21:56 -0800] "GET /?camp-fire%2F18530780.html HTTP/1.1" 500 - "-" "Mozilla/5.0 (compatible; SemrushBot/7~bl; +http://www.semrush.com/bot.html)" "mantech8.com"
185.191.171.6 - - [26/Nov/2022:06:22:08 -0800] "GET /?camp-fire%2F2400472.html HTTP/1.1" 500 - "-" "Mozilla/5.0 (compatible; SemrushBot/7~bl; +http://www.semrush.com/bot.html)" "mantech8.com"
114.119.138.32 - - [26/Nov/2022:06:22:17 -0800] "GET /index.php?sitemap8323.xml HTTP/1.1" 200 289355 "-" "Mozilla/5.0 (Linux; Android 7.0;) AppleWebKit/537.36 (KHTML, like Gecko) Mobile Safari/537.36 (compatible; PetalBot;+https://webmaster.petalsearch.com/site/petalbot)" "mantech8.com"
185.191.171.7 - - [26/Nov/2022:06:22:32 -0800] "GET /?camp-fire%2F15522487.html HTTP/1.1" 500 - "-" "Mozilla/5.0 (compatible; SemrushBot/7~bl; +http://www.semrush.com/bot.html)" "mantech8.com"
185.191.171.42 - - [26/Nov/2022:06:23:15 -0800] "GET /?camp-fire%2F57404471.html HTTP/1.1" 500 - "-" "Mozilla/5.0 (compatible; SemrushBot/7~bl; +http://www.semrush.com/bot.html)" "mantech8.com"
185.191.171.11 - - [26/Nov/2022:06:23:35 -0800] "GET /?camp-fire%2F38157603.html HTTP/1.1" 500 - "-" "Mozilla/5.0 (compatible; SemrushBot/7~bl; +http://www.semrush.com/bot.html)" "mantech8.com"
185.191.171.38 - - [26/Nov/2022:06:23:37 -0800] "GET /?camp-fire%2F29015971.html HTTP/1.1" 500 - "-" "Mozilla/5.0 (compatible; SemrushBot/7~bl; +http://www.semrush.com/bot.html)" "mantech8.com"
185.191.171.2 - - [26/Nov/2022:06:23:44 -0800] "GET /?camp-fire%2F1180372.html HTTP/1.1" 500 - "-" "Mozilla/5.0 (compatible; SemrushBot/7~bl; +http://www.semrush.com/bot.html)" "mantech8.com"
185.191.171.26 - - [26/Nov/2022:06:24:27 -0800] "GET /?camp-fire%2F58123772.html HTTP/1.1" 500 - "-" "Mozilla/5.0 (compatible; SemrushBot/7~bl; +http://www.semrush.com/bot.html)" "mantech8.com"
185.191.171.2 - - [26/Nov/2022:06:25:52 -0800] "GET /?camp-fire%2F58715042.html HTTP/1.1" 500 - "-" "Mozilla/5.0 (compatible; SemrushBot/7~bl; +http://www.semrush.com/bot.html)" "mantech8.com"
185.191.171.42 - - [26/Nov/2022:06:25:53 -0800] "GET /?camp-fire%2F15021396.html HTTP/1.1" 500 - "-" "Mozilla/5.0 (compatible; SemrushBot/7~bl; +http://www.semrush.com/bot.html)" "mantech8.com"
185.191.171.25 - - [26/Nov/2022:06:26:26 -0800] "GET /?camp-fire%2F42917834.html HTTP/1.1" 500 - "-" "Mozilla/5.0 (compatible; SemrushBot/7~bl; +http://www.semrush.com/bot.html)" "mantech8.com"
185.191.171.9 - - [26/Nov/2022:06:26:41 -0800] "GET /?camp-fire%2F49098992.html HTTP/1.1" 500 - "-" "Mozilla/5.0 (compatible; SemrushBot/7~bl; +http://www.semrush.com/bot.html)" "mantech8.com"
185.191.171.23 - - [26/Nov/2022:06:26:43 -0800] "GET /?camp-fire%2F68795335.html HTTP/1.1" 500 - "-" "Mozilla/5.0 (compatible; SemrushBot/7~bl; +http://www.semrush.com/bot.html)" "mantech8.com"
185.191.171.35 - - [26/Nov/2022:06:26:48 -0800] "GET /?camp-fire%2F45599509.html HTTP/1.1" 500 - "-" "Mozilla/5.0 (compatible; SemrushBot/7~bl; +http://www.semrush.com/bot.html)" "mantech8.com"
40.77.167.26 - - [26/Nov/2022:06:27:47 -0800] "GET /index.php/wtzk-f1a01ebc-n2jfq.ii HTTP/1.1" 200 63576 "-" "Mozilla/5.0 (compatible; bingbot/2.0; +http://www.bing.com/bingbot.htm)" "mantech8.com"
185.191.171.43 - - [26/Nov/2022:06:28:19 -0800] "GET /?camp-fire%2F51600563.html HTTP/1.1" 500 - "-" "Mozilla/5.0 (compatible; SemrushBot/7~bl; +http://www.semrush.com/bot.html)" "mantech8.com"
185.191.171.12 - - [26/Nov/2022:06:30:01 -0800] "GET /?camp-fire%2F52033450.html HTTP/1.1" 500 - "-" "Mozilla/5.0 (compatible; SemrushBot/7~bl; +http://www.semrush.com/bot.html)" "mantech8.com"
185.191.171.34 - - [26/Nov/2022:06:30:18 -0800] "GET /?camp-fire%2F34199508.html HTTP/1.1" 500 - "-" "Mozilla/5.0 (compatible; SemrushBot/7~bl; +http://www.semrush.com/bot.html)" "mantech8.com"
185.191.171.26 - - [26/Nov/2022:06:31:21 -0800] "GET /?camp-fire%2F11533509.html HTTP/1.1" 500 - "-" "Mozilla/5.0 (compatible; SemrushBot/7~bl; +http://www.semrush.com/bot.html)" "mantech8.com"
185.191.171.37 - - [26/Nov/2022:06:31:39 -0800] "GET /?camp-fire%2F2179053.html HTTP/1.1" 500 - "-" "Mozilla/5.0 (compatible; SemrushBot/7~bl; +http://www.semrush.com/bot.html)" "mantech8.com"
185.191.171.4 - - [26/Nov/2022:06:32:38 -0800] "GET /?camp-fire%2F44602464.html HTTP/1.1" 500 - "-" "Mozilla/5.0 (compatible; SemrushBot/7~bl; +http://www.semrush.com/bot.html)" "mantech8.com"
185.191.171.6 - - [26/Nov/2022:06:32:50 -0800] "GET /?camp-fire%2F60617883.html HTTP/1.1" 500 - "-" "Mozilla/5.0 (compatible; SemrushBot/7~bl; +http://www.semrush.com/bot.html)" "mantech8.com"
185.191.171.22 - - [26/Nov/2022:06:32:57 -0800] "GET /?camp-fire%2F51859888.html HTTP/1.1" 500 - "-" "Mozilla/5.0 (compatible; SemrushBot/7~bl; +http://www.semrush.com/bot.html)" "mantech8.com"
185.191.171.24 - - [26/Nov/2022:06:32:59 -0800] "GET /?camp-fire%2F35045025.html HTTP/1.1" 500 - "-" "Mozilla/5.0 (compatible; SemrushBot/7~bl; +http://www.semrush.com/bot.html)" "mantech8.com"
185.191.171.24 - - [26/Nov/2022:06:33:08 -0800] "GET /?camp-fire%2F51661489.html HTTP/1.1" 500 - "-" "Mozilla/5.0 (compatible; SemrushBot/7~bl; +http://www.semrush.com/bot.html)" "mantech8.com"
185.191.171.42 - - [26/Nov/2022:06:33:18 -0800] "GET /?camp-fire%2F52064672.html HTTP/1.1" 500 - "-" "Mozilla/5.0 (compatible; SemrushBot/7~bl; +http://www.semrush.com/bot.html)" "mantech8.com"
185.191.171.24 - - [26/Nov/2022:06:33:33 -0800] "GET /?camp-fire%2F73311259.html HTTP/1.1" 500 - "-" "Mozilla/5.0 (compatible; SemrushBot/7~bl; +http://www.semrush.com/bot.html)" "mantech8.com"
185.191.171.35 - - [26/Nov/2022:06:34:15 -0800] "GET /?camp-fire%2F7771208.html HTTP/1.1" 500 - "-" "Mozilla/5.0 (compatible; SemrushBot/7~bl; +http://www.semrush.com/bot.html)" "mantech8.com"
185.191.171.17 - - [26/Nov/2022:06:35:45 -0800] "GET /?camp-fire%2F14168090.html HTTP/1.1" 500 - "-" "Mozilla/5.0 (compatible; SemrushBot/7~bl; +http://www.semrush.com/bot.html)" "mantech8.com"
185.191.171.14 - - [26/Nov/2022:06:36:13 -0800] "GET /?camp-fire%2F58232729.html HTTP/1.1" 500 - "-" "Mozilla/5.0 (compatible; SemrushBot/7~bl; +http://www.semrush.com/bot.html)" "mantech8.com"
185.191.171.2 - - [26/Nov/2022:06:37:31 -0800] "GET /?camp-fire%2F38363478.html HTTP/1.1" 500 - "-" "Mozilla/5.0 (compatible; SemrushBot/7~bl; +http://www.semrush.com/bot.html)" "mantech8.com"
185.191.171.44 - - [26/Nov/2022:06:38:16 -0800] "GET /?camp-fire%2F48852435.html HTTP/1.1" 500 - "-" "Mozilla/5.0 (compatible; SemrushBot/7~bl; +http://www.semrush.com/bot.html)" "mantech8.com"
185.191.171.11 - - [26/Nov/2022:06:38:58 -0800] "GET /?camp-fire%2F61325935.html HTTP/1.1" 500 - "-" "Mozilla/5.0 (compatible; SemrushBot/7~bl; +http://www.semrush.com/bot.html)" "mantech8.com"
185.191.171.18 - - [26/Nov/2022:06:39:01 -0800] "GET /?camp-fire%2F39911702.html HTTP/1.1" 500 - "-" "Mozilla/5.0 (compatible; SemrushBot/7~bl; +http://www.semrush.com/bot.html)" "mantech8.com"
185.191.171.44 - - [26/Nov/2022:06:39:40 -0800] "GET /?camp-fire%2F56724808.html HTTP/1.1" 500 - "-" "Mozilla/5.0 (compatible; SemrushBot/7~bl; +http://www.semrush.com/bot.html)" "mantech8.com"
185.191.171.7 - - [26/Nov/2022:06:40:14 -0800] "GET /?camp-fire%2F73373751.html HTTP/1.1" 500 - "-" "Mozilla/5.0 (compatible; SemrushBot/7~bl; +http://www.semrush.com/bot.html)" "mantech8.com"
185.191.171.17 - - [26/Nov/2022:06:40:22 -0800] "GET /?camp-fire%2F58748377.html HTTP/1.1" 500 - "-" "Mozilla/5.0 (compatible; SemrushBot/7~bl; +http://www.semrush.com/bot.html)" "mantech8.com"
185.191.171.2 - - [26/Nov/2022:06:41:16 -0800] "GET /?camp-fire%2F15536565.html HTTP/1.1" 500 - "-" "Mozilla/5.0 (compatible; SemrushBot/7~bl; +http://www.semrush.com/bot.html)" "mantech8.com"
185.191.171.23 - - [26/Nov/2022:06:41:31 -0800] "GET /?camp-fire%2F21612917.html HTTP/1.1" 500 - "-" "Mozilla/5.0 (compatible; SemrushBot/7~bl; +http://www.semrush.com/bot.html)" "mantech8.com"
185.191.171.13 - - [26/Nov/2022:06:41:47 -0800] "GET /?camp-fire%2F16529465.html HTTP/1.1" 500 - "-" "Mozilla/5.0 (compatible; SemrushBot/7~bl; +http://www.semrush.com/bot.html)" "mantech8.com"
185.191.171.17 - - [26/Nov/2022:06:43:00 -0800] "GET /?camp-fire%2F55839271.html HTTP/1.1" 500 - "-" "Mozilla/5.0 (compatible; SemrushBot/7~bl; +http://www.semrush.com/bot.html)" "mantech8.com"
34.148.189.62 - - [26/Nov/2022:06:43:19 -0800] "GET /robots.txt HTTP/1.1" 200 106 "-" "ZoominfoBot (zoominfobot at zoominfo dot com)" "mantech8.com"
34.148.189.62 - - [26/Nov/2022:06:43:19 -0800] "GET / HTTP/1.1" 500 - "-" "ZoominfoBot (zoominfobot at zoominfo dot com)" "mantech8.com"
185.191.171.35 - - [26/Nov/2022:06:43:34 -0800] "GET /?camp-fire%2F43619326.html HTTP/1.1" 500 - "-" "Mozilla/5.0 (compatible; SemrushBot/7~bl; +http://www.semrush.com/bot.html)" "mantech8.com"
185.191.171.18 - - [26/Nov/2022:06:44:05 -0800] "GET /robots.txt HTTP/1.1" 200 106 "-" "Mozilla/5.0 (compatible; SemrushBot/7~bl; +http://www.semrush.com/bot.html)" "mantech8.com"
185.191.171.17 - - [26/Nov/2022:06:44:05 -0800] "GET /?camp-fire%2F49267216.html HTTP/1.1" 500 - "-" "Mozilla/5.0 (compatible; SemrushBot/7~bl; +http://www.semrush.com/bot.html)" "mantech8.com"
185.191.171.26 - - [26/Nov/2022:06:45:21 -0800] "GET /?camp-fire%2F18021165.html HTTP/1.1" 500 - "-" "Mozilla/5.0 (compatible; SemrushBot/7~bl; +http://www.semrush.com/bot.html)" "mantech8.com"
185.191.171.40 - - [26/Nov/2022:06:46:00 -0800] "GET /?camp-fire%2F90459987.html HTTP/1.1" 500 - "-" "Mozilla/5.0 (compatible; SemrushBot/7~bl; +http://www.semrush.com/bot.html)" "mantech8.com"
185.191.171.4 - - [26/Nov/2022:06:46:44 -0800] "GET /?camp-fire%2F35795438.html HTTP/1.1" 500 - "-" "Mozilla/5.0 (compatible; SemrushBot/7~bl; +http://www.semrush.com/bot.html)" "mantech8.com"
185.191.171.41 - - [26/Nov/2022:06:47:01 -0800] "GET /?camp-fire%2F59169860.html HTTP/1.1" 500 - "-" "Mozilla/5.0 (compatible; SemrushBot/7~bl; +http://www.semrush.com/bot.html)" "mantech8.com"
185.191.171.20 - - [26/Nov/2022:06:47:02 -0800] "GET /?camp-fire%2F5164429.html HTTP/1.1" 500 - "-" "Mozilla/5.0 (compatible; SemrushBot/7~bl; +http://www.semrush.com/bot.html)" "mantech8.com"
185.191.171.21 - - [26/Nov/2022:06:47:12 -0800] "GET /?camp-fire%2F18310865.html HTTP/1.1" 500 - "-" "Mozilla/5.0 (compatible; SemrushBot/7~bl; +http://www.semrush.com/bot.html)" "mantech8.com"
185.191.171.33 - - [26/Nov/2022:06:47:26 -0800] "GET /?camp-fire%2F52032350.html HTTP/1.1" 500 - "-" "Mozilla/5.0 (compatible; SemrushBot/7~bl; +http://www.semrush.com/bot.html)" "mantech8.com"
185.191.171.21 - - [26/Nov/2022:06:47:31 -0800] "GET /?camp-fire%2F51202825.html HTTP/1.1" 500 - "-" "Mozilla/5.0 (compatible; SemrushBot/7~bl; +http://www.semrush.com/bot.html)" "mantech8.com"
185.191.171.24 - - [26/Nov/2022:06:47:44 -0800] "GET /?camp-fire%2F30627155.html HTTP/1.1" 500 - "-" "Mozilla/5.0 (compatible; SemrushBot/7~bl; +http://www.semrush.com/bot.html)" "mantech8.com"
185.191.171.13 - - [26/Nov/2022:06:47:47 -0800] "GET /?camp-fire%2F62168317.html HTTP/1.1" 500 - "-" "Mozilla/5.0 (compatible; SemrushBot/7~bl; +http://www.semrush.com/bot.html)" "mantech8.com"
185.191.171.11 - - [26/Nov/2022:06:48:40 -0800] "GET /?camp-fire%2F50395527.html HTTP/1.1" 500 - "-" "Mozilla/5.0 (compatible; SemrushBot/7~bl; +http://www.semrush.com/bot.html)" "mantech8.com"
207.46.13.100 - - [26/Nov/2022:06:49:09 -0800] "GET /index.php/ba8S-0c2eccbfc-08iGY.Ii HTTP/1.1" 200 63217 "-" "Mozilla/5.0 AppleWebKit/537.36 (KHTML, like Gecko; compatible; bingbot/2.0; +http://www.bing.com/bingbot.htm) Chrome/103.0.5060.134 Safari/537.36" "www.mantech8.com"
185.191.171.10 - - [26/Nov/2022:06:49:29 -0800] "GET /?camp-fire%2F35854538.html HTTP/1.1" 500 - "-" "Mozilla/5.0 (compatible; SemrushBot/7~bl; +http://www.semrush.com/bot.html)" "mantech8.com"
185.191.171.10 - - [26/Nov/2022:06:49:54 -0800] "GET /?camp-fire%2F15446083.html HTTP/1.1" 500 - "-" "Mozilla/5.0 (compatible; SemrushBot/7~bl; +http://www.semrush.com/bot.html)" "mantech8.com"
40.77.167.67 - - [26/Nov/2022:06:50:40 -0800] "GET /index.php?camp-fire/42659609.html HTTP/1.1" 200 68903 "-" "Mozilla/5.0 (compatible; bingbot/2.0; +http://www.bing.com/bingbot.htm)" "www.mantech8.com"
185.191.171.12 - - [26/Nov/2022:06:52:04 -0800] "GET /?camp-fire%2F44089766.html HTTP/1.1" 500 - "-" "Mozilla/5.0 (compatible; SemrushBot/7~bl; +http://www.semrush.com/bot.html)" "mantech8.com"
40.77.167.67 - - [26/Nov/2022:06:53:01 -0800] "GET /index.php/egy1-0345cffdda-ve77x.ii HTTP/1.1" 200 66899 "-" "Mozilla/5.0 AppleWebKit/537.36 (KHTML, like Gecko; compatible; bingbot/2.0; +http://www.bing.com/bingbot.htm) Chrome/103.0.5060.134 Safari/537.36" "mantech8.com"
185.191.171.42 - - [26/Nov/2022:06:53:05 -0800] "GET /?camp-fire%2F53094534.html HTTP/1.1" 500 - "-" "Mozilla/5.0 (compatible; SemrushBot/7~bl; +http://www.semrush.com/bot.html)" "mantech8.com"
185.191.171.9 - - [26/Nov/2022:06:53:58 -0800] "GET /?camp-fire%2F35284963.html HTTP/1.1" 500 - "-" "Mozilla/5.0 (compatible; SemrushBot/7~bl; +http://www.semrush.com/bot.html)" "mantech8.com"
185.191.171.12 - - [26/Nov/2022:06:54:08 -0800] "GET /?camp-fire%2F16610265.html HTTP/1.1" 500 - "-" "Mozilla/5.0 (compatible; SemrushBot/7~bl; +http://www.semrush.com/bot.html)" "mantech8.com"
185.191.171.35 - - [26/Nov/2022:06:54:15 -0800] "GET /?camp-fire%2F46946549.html HTTP/1.1" 500 - "-" "Mozilla/5.0 (compatible; SemrushBot/7~bl; +http://www.semrush.com/bot.html)" "mantech8.com"
185.191.171.5 - - [26/Nov/2022:06:54:45 -0800] "GET /?camp-fire%2F8179780.html HTTP/1.1" 500 - "-" "Mozilla/5.0 (compatible; SemrushBot/7~bl; +http://www.semrush.com/bot.html)" "mantech8.com"
185.191.171.9 - - [26/Nov/2022:06:55:21 -0800] "GET /?camp-fire%2F34551359.html HTTP/1.1" 500 - "-" "Mozilla/5.0 (compatible; SemrushBot/7~bl; +http://www.semrush.com/bot.html)" "mantech8.com"
185.191.171.36 - - [26/Nov/2022:06:55:34 -0800] "GET /?camp-fire%2F58245464.html HTTP/1.1" 500 - "-" "Mozilla/5.0 (compatible; SemrushBot/7~bl; +http://www.semrush.com/bot.html)" "mantech8.com"
185.191.171.16 - - [26/Nov/2022:06:56:46 -0800] "GET /?camp-fire%2F60209038.html HTTP/1.1" 500 - "-" "Mozilla/5.0 (compatible; SemrushBot/7~bl; +http://www.semrush.com/bot.html)" "mantech8.com"
185.191.171.7 - - [26/Nov/2022:06:57:09 -0800] "GET /?camp-fire%2F46751217.html HTTP/1.1" 500 - "-" "Mozilla/5.0 (compatible; SemrushBot/7~bl; +http://www.semrush.com/bot.html)" "mantech8.com"
185.191.171.43 - - [26/Nov/2022:06:57:29 -0800] "GET /?camp-fire%2F16898265.html HTTP/1.1" 500 - "-" "Mozilla/5.0 (compatible; SemrushBot/7~bl; +http://www.semrush.com/bot.html)" "mantech8.com"
185.191.171.41 - - [26/Nov/2022:06:57:40 -0800] "GET /?camp-fire%2F15395159.html HTTP/1.1" 500 - "-" "Mozilla/5.0 (compatible; SemrushBot/7~bl; +http://www.semrush.com/bot.html)" "mantech8.com"
185.191.171.24 - - [26/Nov/2022:06:58:10 -0800] "GET /?camp-fire%2F24365765.html HTTP/1.1" 500 - "-" "Mozilla/5.0 (compatible; SemrushBot/7~bl; +http://www.semrush.com/bot.html)" "mantech8.com"
185.191.171.9 - - [26/Nov/2022:06:58:55 -0800] "GET /?camp-fire%2F38978592.html HTTP/1.1" 500 - "-" "Mozilla/5.0 (compatible; SemrushBot/7~bl; +http://www.semrush.com/bot.html)" "mantech8.com"
185.191.171.41 - - [26/Nov/2022:06:59:15 -0800] "GET /?camp-fire%2F52470671.html HTTP/1.1" 500 - "-" "Mozilla/5.0 (compatible; SemrushBot/7~bl; +http://www.semrush.com/bot.html)" "mantech8.com"
185.191.171.4 - - [26/Nov/2022:06:59:41 -0800] "GET /?camp-fire%2F43666346.html HTTP/1.1" 500 - "-" "Mozilla/5.0 (compatible; SemrushBot/7~bl; +http://www.semrush.com/bot.html)" "mantech8.com"
185.191.171.45 - - [26/Nov/2022:06:59:52 -0800] "GET /?camp-fire%2F16125500.html HTTP/1.1" 500 - "-" "Mozilla/5.0 (compatible; SemrushBot/7~bl; +http://www.semrush.com/bot.html)" "mantech8.com"
40.77.167.67 - - [26/Nov/2022:07:00:04 -0800] "GET /index.php/znf9-bb67fcbba-qzsj6.ii HTTP/1.1" 200 60924 "-" "Mozilla/5.0 (compatible; bingbot/2.0; +http://www.bing.com/bingbot.htm)" "mantech8.com"
185.191.171.5 - - [26/Nov/2022:07:00:30 -0800] "GET /?camp-fire%2F8157478.html HTTP/1.1" 500 - "-" "Mozilla/5.0 (compatible; SemrushBot/7~bl; +http://www.semrush.com/bot.html)" "mantech8.com"
185.191.171.34 - - [26/Nov/2022:07:00:36 -0800] "GET /?camp-fire%2F16546165.html HTTP/1.1" 500 - "-" "Mozilla/5.0 (compatible; SemrushBot/7~bl; +http://www.semrush.com/bot.html)" "mantech8.com"
185.191.171.5 - - [26/Nov/2022:07:01:16 -0800] "GET /?camp-fire%2F21457181.html HTTP/1.1" 500 - "-" "Mozilla/5.0 (compatible; SemrushBot/7~bl; +http://www.semrush.com/bot.html)" "mantech8.com"
