185.191.171.16 - - [23/Nov/2022:20:23:19 -0800] "GET /?camp-fire%2F23502765.html HTTP/1.1" 500 - "-" "Mozilla/5.0 (compatible; SemrushBot/7~bl; +http://www.semrush.com/bot.html)" "mantech8.com"
185.191.171.7 - - [23/Nov/2022:20:23:33 -0800] "GET /?camp-fire%2F31506184.html HTTP/1.1" 500 - "-" "Mozilla/5.0 (compatible; SemrushBot/7~bl; +http://www.semrush.com/bot.html)" "mantech8.com"
185.191.171.1 - - [23/Nov/2022:20:23:49 -0800] "GET /?camp-fire%2F74275671.html HTTP/1.1" 500 - "-" "Mozilla/5.0 (compatible; SemrushBot/7~bl; +http://www.semrush.com/bot.html)" "mantech8.com"
66.249.66.95 - - [23/Nov/2022:20:23:54 -0800] "GET /ads.txt HTTP/1.1" 404 88 "-" "Mozilla/5.0 (compatible; Googlebot/2.1; +http://www.google.com/bot.html)" "mantech8.com"
185.191.171.12 - - [23/Nov/2022:20:24:35 -0800] "GET /?camp-fire%2F53047378.html HTTP/1.1" 500 - "-" "Mozilla/5.0 (compatible; SemrushBot/7~bl; +http://www.semrush.com/bot.html)" "mantech8.com"
185.191.171.20 - - [23/Nov/2022:20:25:02 -0800] "GET /?camp-fire%2F44418174.html HTTP/1.1" 500 - "-" "Mozilla/5.0 (compatible; SemrushBot/7~bl; +http://www.semrush.com/bot.html)" "mantech8.com"
36.138.81.109 - - [23/Nov/2022:20:25:06 -0800] "GET /contact.php HTTP/1.1" 200 29238 "http://mantech8.com/contact.php" "Mozilla/5.0 (Windows NT 6.1) AppleWebKit/537.36 (KHTML, like Gecko) Chrome/90.0.4430.85 Safari/537.36" "mantech8.com"
36.138.81.109 - - [23/Nov/2022:20:25:10 -0800] "POST /mailer.php HTTP/1.1" 500 - "http://mantech8.com/contact.php" "Mozilla/5.0 (Windows NT 6.1) AppleWebKit/537.36 (KHTML, like Gecko) Chrome/90.0.4430.85 Safari/537.36" "mantech8.com"
91.238.82.65 - - [23/Nov/2022:20:25:40 -0800] "GET /wp-god.php?66=sec HTTP/1.1" 404 88 "-" "Mozilla/5.0 (Windows NT 10.0; Win64; x64) AppleWebKit/537.36 (KHTML, like Gecko) Chrome/90.0.4430.85 Safari/537.36" "www.mantech8.com"
185.191.171.43 - - [23/Nov/2022:20:25:45 -0800] "GET /?camp-fire%2F74872733.html HTTP/1.1" 500 - "-" "Mozilla/5.0 (compatible; SemrushBot/7~bl; +http://www.semrush.com/bot.html)" "mantech8.com"
185.191.171.7 - - [23/Nov/2022:20:25:50 -0800] "GET /?camp-fire%2F39391293.html HTTP/1.1" 500 - "-" "Mozilla/5.0 (compatible; SemrushBot/7~bl; +http://www.semrush.com/bot.html)" "mantech8.com"
185.191.171.20 - - [23/Nov/2022:20:25:55 -0800] "GET /?camp-fire%2F47384750.html HTTP/1.1" 500 - "-" "Mozilla/5.0 (compatible; SemrushBot/7~bl; +http://www.semrush.com/bot.html)" "mantech8.com"
91.238.82.65 - - [23/Nov/2022:20:26:23 -0800] "GET /wp-secure.php?77=sec HTTP/1.1" 404 88 "-" "Mozilla/5.0 (Windows NT 10.0; Win64; x64) AppleWebKit/537.36 (KHTML, like Gecko) Chrome/90.0.4430.85 Safari/537.36" "www.mantech8.com"
91.238.82.65 - - [23/Nov/2022:20:26:58 -0800] "GET /smtphec.php?66=sec HTTP/1.1" 404 88 "-" "Mozilla/5.0 (Windows NT 10.0; Win64; x64) AppleWebKit/537.36 (KHTML, like Gecko) Chrome/90.0.4430.85 Safari/537.36" "www.mantech8.com"
185.191.171.38 - - [23/Nov/2022:20:27:04 -0800] "GET /?camp-fire%2F24054333.html HTTP/1.1" 500 - "-" "Mozilla/5.0 (compatible; SemrushBot/7~bl; +http://www.semrush.com/bot.html)" "mantech8.com"
185.191.171.20 - - [23/Nov/2022:20:27:06 -0800] "GET /?camp-fire%2F46090688.html HTTP/1.1" 500 - "-" "Mozilla/5.0 (compatible; SemrushBot/7~bl; +http://www.semrush.com/bot.html)" "mantech8.com"
207.46.13.100 - - [23/Nov/2022:20:28:54 -0800] "GET /index.php/pl0pI-b9ab-YhFG.Ii HTTP/1.1" 200 35070 "-" "Mozilla/5.0 (compatible; bingbot/2.0; +http://www.bing.com/bingbot.htm)" "mantech8.com"
207.46.13.100 - - [23/Nov/2022:20:28:56 -0800] "GET /sitemapindeximages.xml HTTP/1.1" 404 88 "-" "Mozilla/5.0 (compatible; bingbot/2.0; +http://www.bing.com/bingbot.htm)" "mantech8.com"
207.46.13.100 - - [23/Nov/2022:20:28:56 -0800] "GET /sitemapindex.xml HTTP/1.1" 404 88 "-" "Mozilla/5.0 (compatible; bingbot/2.0; +http://www.bing.com/bingbot.htm)" "mantech8.com"
157.55.39.123 - - [23/Nov/2022:20:29:59 -0800] "GET /sitemapmobileindex.xml HTTP/1.1" 404 88 "-" "Mozilla/5.0 (compatible; bingbot/2.0; +http://www.bing.com/bingbot.htm)" "mantech8.com"
185.191.171.16 - - [23/Nov/2022:20:30:00 -0800] "GET /?camp-fire%2F44741385.html HTTP/1.1" 500 - "-" "Mozilla/5.0 (compatible; SemrushBot/7~bl; +http://www.semrush.com/bot.html)" "mantech8.com"
207.46.13.125 - - [23/Nov/2022:20:30:04 -0800] "GET /sitemapnewindex.xml HTTP/1.1" 404 88 "-" "Mozilla/5.0 (compatible; bingbot/2.0; +http://www.bing.com/bingbot.htm)" "mantech8.com"
185.191.171.44 - - [23/Nov/2022:20:30:17 -0800] "GET /?camp-fire%2F47384050.html HTTP/1.1" 500 - "-" "Mozilla/5.0 (compatible; SemrushBot/7~bl; +http://www.semrush.com/bot.html)" "mantech8.com"
114.119.151.219 - - [23/Nov/2022:20:31:06 -0800] "GET /?rebeginner.xml HTTP/1.1" 200 270306 "-" "Mozilla/5.0 (compatible;PetalBot;+https://webmaster.petalsearch.com/site/petalbot)" "mantech8.com"
185.191.171.44 - - [23/Nov/2022:20:31:35 -0800] "GET /?camp-fire%2F60462155.html HTTP/1.1" 500 - "-" "Mozilla/5.0 (compatible; SemrushBot/7~bl; +http://www.semrush.com/bot.html)" "mantech8.com"
185.191.171.45 - - [23/Nov/2022:20:31:49 -0800] "GET /?camp-fire%2F67067676.html HTTP/1.1" 500 - "-" "Mozilla/5.0 (compatible; SemrushBot/7~bl; +http://www.semrush.com/bot.html)" "mantech8.com"
185.191.171.19 - - [23/Nov/2022:20:31:56 -0800] "GET /?camp-fire%2F98593647.html HTTP/1.1" 500 - "-" "Mozilla/5.0 (compatible; SemrushBot/7~bl; +http://www.semrush.com/bot.html)" "mantech8.com"
185.191.171.7 - - [23/Nov/2022:20:32:08 -0800] "GET /?camp-fire%2F45388502.html HTTP/1.1" 500 - "-" "Mozilla/5.0 (compatible; SemrushBot/7~bl; +http://www.semrush.com/bot.html)" "mantech8.com"
185.191.171.8 - - [23/Nov/2022:20:32:45 -0800] "GET /?camp-fire%2F33260465.html HTTP/1.1" 500 - "-" "Mozilla/5.0 (compatible; SemrushBot/7~bl; +http://www.semrush.com/bot.html)" "mantech8.com"
185.191.171.4 - - [23/Nov/2022:20:33:13 -0800] "GET /?camp-fire%2F62934476.html HTTP/1.1" 500 - "-" "Mozilla/5.0 (compatible; SemrushBot/7~bl; +http://www.semrush.com/bot.html)" "mantech8.com"
185.191.171.14 - - [23/Nov/2022:20:33:49 -0800] "GET /?camp-fire%2F28050271.html HTTP/1.1" 500 - "-" "Mozilla/5.0 (compatible; SemrushBot/7~bl; +http://www.semrush.com/bot.html)" "mantech8.com"
40.77.167.26 - - [23/Nov/2022:20:33:56 -0800] "GET /index.php/wtzk-bd599bdba-nlspa.ii HTTP/1.1" 200 71623 "-" "Mozilla/5.0 AppleWebKit/537.36 (KHTML, like Gecko; compatible; bingbot/2.0; +http://www.bing.com/bingbot.htm) Chrome/103.0.5060.134 Safari/537.36" "mantech8.com"
185.191.171.7 - - [23/Nov/2022:20:35:16 -0800] "GET /?camp-fire%2F34174581.html HTTP/1.1" 500 - "-" "Mozilla/5.0 (compatible; SemrushBot/7~bl; +http://www.semrush.com/bot.html)" "mantech8.com"
130.61.35.60 - - [23/Nov/2022:20:35:36 -0800] "GET / HTTP/1.1" 500 - "-" "Mozilla/5.0 (Macintosh; Intel Mac OS X 10_11_5) AppleWebKit/537.36 (KHTML, like Gecko) Chrome/50.0.2661.102 Safari/537.36" "mantech8.com"
185.191.171.16 - - [23/Nov/2022:20:36:23 -0800] "GET /?camp-fire%2F33625259.html HTTP/1.1" 500 - "-" "Mozilla/5.0 (compatible; SemrushBot/7~bl; +http://www.semrush.com/bot.html)" "mantech8.com"
185.191.171.26 - - [23/Nov/2022:20:36:40 -0800] "GET /?camp-fire%2F8724780.html HTTP/1.1" 500 - "-" "Mozilla/5.0 (compatible; SemrushBot/7~bl; +http://www.semrush.com/bot.html)" "mantech8.com"
185.191.171.23 - - [23/Nov/2022:20:37:02 -0800] "GET /?camp-fire%2F33875808.html HTTP/1.1" 500 - "-" "Mozilla/5.0 (compatible; SemrushBot/7~bl; +http://www.semrush.com/bot.html)" "mantech8.com"
185.191.171.41 - - [23/Nov/2022:20:37:36 -0800] "GET /?camp-fire%2F20067080.html HTTP/1.1" 500 - "-" "Mozilla/5.0 (compatible; SemrushBot/7~bl; +http://www.semrush.com/bot.html)" "mantech8.com"
185.191.171.2 - - [23/Nov/2022:20:37:50 -0800] "GET /?camp-fire%2F61237642.html HTTP/1.1" 500 - "-" "Mozilla/5.0 (compatible; SemrushBot/7~bl; +http://www.semrush.com/bot.html)" "mantech8.com"
40.77.167.67 - - [23/Nov/2022:20:37:58 -0800] "GET /index.php/egy1-0345cffdda-ve77x.ii HTTP/1.1" 200 66983 "-" "Mozilla/5.0 AppleWebKit/537.36 (KHTML, like Gecko; compatible; bingbot/2.0; +http://www.bing.com/bingbot.htm) Chrome/103.0.5060.134 Safari/537.36" "mantech8.com"
185.191.171.35 - - [23/Nov/2022:20:38:17 -0800] "GET /?camp-fire%2F34021016.html HTTP/1.1" 500 - "-" "Mozilla/5.0 (compatible; SemrushBot/7~bl; +http://www.semrush.com/bot.html)" "mantech8.com"
185.191.171.9 - - [23/Nov/2022:20:38:58 -0800] "GET /?camp-fire%2F58650261.html HTTP/1.1" 500 - "-" "Mozilla/5.0 (compatible; SemrushBot/7~bl; +http://www.semrush.com/bot.html)" "mantech8.com"
185.191.171.10 - - [23/Nov/2022:20:39:16 -0800] "GET /?camp-fire%2F38198626.html HTTP/1.1" 500 - "-" "Mozilla/5.0 (compatible; SemrushBot/7~bl; +http://www.semrush.com/bot.html)" "mantech8.com"
185.191.171.6 - - [23/Nov/2022:20:39:25 -0800] "GET /?camp-fire%2F69469878.html HTTP/1.1" 500 - "-" "Mozilla/5.0 (compatible; SemrushBot/7~bl; +http://www.semrush.com/bot.html)" "mantech8.com"
185.191.171.19 - - [23/Nov/2022:20:40:13 -0800] "GET /?camp-fire%2F29391866.html HTTP/1.1" 500 - "-" "Mozilla/5.0 (compatible; SemrushBot/7~bl; +http://www.semrush.com/bot.html)" "mantech8.com"
185.191.171.7 - - [23/Nov/2022:20:40:21 -0800] "GET /?camp-fire%2F67648163.html HTTP/1.1" 500 - "-" "Mozilla/5.0 (compatible; SemrushBot/7~bl; +http://www.semrush.com/bot.html)" "mantech8.com"
185.191.171.4 - - [23/Nov/2022:20:40:24 -0800] "GET /?camp-fire%2F33127925.html HTTP/1.1" 500 - "-" "Mozilla/5.0 (compatible; SemrushBot/7~bl; +http://www.semrush.com/bot.html)" "mantech8.com"
185.191.171.40 - - [23/Nov/2022:20:40:28 -0800] "GET /?camp-fire%2F54824617.html HTTP/1.1" 500 - "-" "Mozilla/5.0 (compatible; SemrushBot/7~bl; +http://www.semrush.com/bot.html)" "mantech8.com"
185.191.171.2 - - [23/Nov/2022:20:42:26 -0800] "GET /?camp-fire%2F44317533.html HTTP/1.1" 500 - "-" "Mozilla/5.0 (compatible; SemrushBot/7~bl; +http://www.semrush.com/bot.html)" "mantech8.com"
185.191.171.1 - - [23/Nov/2022:20:43:14 -0800] "GET /robots.txt HTTP/1.1" 200 106 "-" "Mozilla/5.0 (compatible; SemrushBot/7~bl; +http://www.semrush.com/bot.html)" "mantech8.com"
185.191.171.19 - - [23/Nov/2022:20:43:15 -0800] "GET /?camp-fire%2F45523338.html HTTP/1.1" 500 - "-" "Mozilla/5.0 (compatible; SemrushBot/7~bl; +http://www.semrush.com/bot.html)" "mantech8.com"
185.191.171.5 - - [23/Nov/2022:20:43:55 -0800] "GET /?camp-fire%2F45264383.html HTTP/1.1" 500 - "-" "Mozilla/5.0 (compatible; SemrushBot/7~bl; +http://www.semrush.com/bot.html)" "mantech8.com"
114.119.138.32 - - [23/Nov/2022:20:43:58 -0800] "GET /?sitemap19.xml HTTP/1.1" 200 270565 "-" "Mozilla/5.0 (compatible;PetalBot;+https://webmaster.petalsearch.com/site/petalbot)" "mantech8.com"
185.191.171.17 - - [23/Nov/2022:20:44:18 -0800] "GET /?camp-fire%2F48524303.html HTTP/1.1" 500 - "-" "Mozilla/5.0 (compatible; SemrushBot/7~bl; +http://www.semrush.com/bot.html)" "mantech8.com"
185.191.171.26 - - [23/Nov/2022:20:44:31 -0800] "GET /?camp-fire%2F43414963.html HTTP/1.1" 500 - "-" "Mozilla/5.0 (compatible; SemrushBot/7~bl; +http://www.semrush.com/bot.html)" "mantech8.com"
185.191.171.2 - - [23/Nov/2022:20:44:34 -0800] "GET /?camp-fire%2F71514490.html HTTP/1.1" 500 - "-" "Mozilla/5.0 (compatible; SemrushBot/7~bl; +http://www.semrush.com/bot.html)" "mantech8.com"
185.191.171.23 - - [23/Nov/2022:20:45:48 -0800] "GET /?camp-fire%2F64847525.html HTTP/1.1" 500 - "-" "Mozilla/5.0 (compatible; SemrushBot/7~bl; +http://www.semrush.com/bot.html)" "mantech8.com"
185.191.171.42 - - [23/Nov/2022:20:46:46 -0800] "GET /?camp-fire%2F92331071.html HTTP/1.1" 500 - "-" "Mozilla/5.0 (compatible; SemrushBot/7~bl; +http://www.semrush.com/bot.html)" "mantech8.com"
185.191.171.14 - - [23/Nov/2022:20:47:02 -0800] "GET /?camp-fire%2F5009265.html HTTP/1.1" 500 - "-" "Mozilla/5.0 (compatible; SemrushBot/7~bl; +http://www.semrush.com/bot.html)" "mantech8.com"
185.191.171.4 - - [23/Nov/2022:20:47:09 -0800] "GET /?camp-fire%2F72809709.html HTTP/1.1" 500 - "-" "Mozilla/5.0 (compatible; SemrushBot/7~bl; +http://www.semrush.com/bot.html)" "mantech8.com"
185.191.171.4 - - [23/Nov/2022:20:47:22 -0800] "GET /?camp-fire%2F45764202.html HTTP/1.1" 500 - "-" "Mozilla/5.0 (compatible; SemrushBot/7~bl; +http://www.semrush.com/bot.html)" "mantech8.com"
185.191.171.44 - - [23/Nov/2022:20:47:46 -0800] "GET /?camp-fire%2F4112765.html HTTP/1.1" 500 - "-" "Mozilla/5.0 (compatible; SemrushBot/7~bl; +http://www.semrush.com/bot.html)" "mantech8.com"
216.244.66.241 - - [23/Nov/2022:20:48:06 -0800] "GET /robots.txt HTTP/1.1" 200 222 "-" "Mozilla/5.0 (compatible; DotBot/1.2; +https://opensiteexplorer.org/dotbot; help@moz.com)" "www.mantech8.com"
216.244.66.241 - - [23/Nov/2022:20:48:06 -0800] "GET /robots.txt HTTP/1.1" 200 222 "-" "Mozilla/5.0 (compatible; DotBot/1.2; +https://opensiteexplorer.org/dotbot; help@moz.com)" "mantech8.com"
185.191.171.44 - - [23/Nov/2022:20:48:48 -0800] "GET /?camp-fire%2F27318563.html HTTP/1.1" 500 - "-" "Mozilla/5.0 (compatible; SemrushBot/7~bl; +http://www.semrush.com/bot.html)" "mantech8.com"
185.191.171.3 - - [23/Nov/2022:20:48:52 -0800] "GET /?camp-fire%2F75842996.html HTTP/1.1" 500 - "-" "Mozilla/5.0 (compatible; SemrushBot/7~bl; +http://www.semrush.com/bot.html)" "mantech8.com"
185.191.171.4 - - [23/Nov/2022:20:48:59 -0800] "GET /?camp-fire%2F26126682.html HTTP/1.1" 500 - "-" "Mozilla/5.0 (compatible; SemrushBot/7~bl; +http://www.semrush.com/bot.html)" "mantech8.com"
185.191.171.4 - - [23/Nov/2022:20:49:19 -0800] "GET /?camp-fire%2F8573498.html HTTP/1.1" 500 - "-" "Mozilla/5.0 (compatible; SemrushBot/7~bl; +http://www.semrush.com/bot.html)" "mantech8.com"
185.191.171.42 - - [23/Nov/2022:20:49:37 -0800] "GET /?camp-fire%2F51307030.html HTTP/1.1" 500 - "-" "Mozilla/5.0 (compatible; SemrushBot/7~bl; +http://www.semrush.com/bot.html)" "mantech8.com"
185.191.171.16 - - [23/Nov/2022:20:50:15 -0800] "GET /?camp-fire%2F37072778.html HTTP/1.1" 500 - "-" "Mozilla/5.0 (compatible; SemrushBot/7~bl; +http://www.semrush.com/bot.html)" "mantech8.com"
185.191.171.13 - - [23/Nov/2022:20:50:27 -0800] "GET /?camp-fire%2F28114259.html HTTP/1.1" 500 - "-" "Mozilla/5.0 (compatible; SemrushBot/7~bl; +http://www.semrush.com/bot.html)" "mantech8.com"
207.46.13.177 - - [23/Nov/2022:20:50:47 -0800] "GET /index.php/fTSN-2deecd-dE9oI.Ii HTTP/1.1" 200 70916 "-" "Mozilla/5.0 AppleWebKit/537.36 (KHTML, like Gecko; compatible; bingbot/2.0; +http://www.bing.com/bingbot.htm) Chrome/103.0.5060.134 Safari/537.36" "www.mantech8.com"
185.191.171.45 - - [23/Nov/2022:20:50:54 -0800] "GET /?camp-fire%2F43803234.html HTTP/1.1" 500 - "-" "Mozilla/5.0 (compatible; SemrushBot/7~bl; +http://www.semrush.com/bot.html)" "mantech8.com"
185.191.171.5 - - [23/Nov/2022:20:51:34 -0800] "GET /?camp-fire%2F82609549.html HTTP/1.1" 500 - "-" "Mozilla/5.0 (compatible; SemrushBot/7~bl; +http://www.semrush.com/bot.html)" "mantech8.com"
185.191.171.13 - - [23/Nov/2022:20:54:06 -0800] "GET /?camp-fire%2F5281677.html HTTP/1.1" 500 - "-" "Mozilla/5.0 (compatible; SemrushBot/7~bl; +http://www.semrush.com/bot.html)" "mantech8.com"
185.191.171.44 - - [23/Nov/2022:20:54:30 -0800] "GET /?camp-fire%2F51411469.html HTTP/1.1" 500 - "-" "Mozilla/5.0 (compatible; SemrushBot/7~bl; +http://www.semrush.com/bot.html)" "mantech8.com"
185.191.171.14 - - [23/Nov/2022:20:54:37 -0800] "GET /?camp-fire%2F15583783.html HTTP/1.1" 500 - "-" "Mozilla/5.0 (compatible; SemrushBot/7~bl; +http://www.semrush.com/bot.html)" "mantech8.com"
185.191.171.4 - - [23/Nov/2022:20:55:08 -0800] "GET /?camp-fire%2F47340827.html HTTP/1.1" 500 - "-" "Mozilla/5.0 (compatible; SemrushBot/7~bl; +http://www.semrush.com/bot.html)" "mantech8.com"
185.191.171.34 - - [23/Nov/2022:20:55:40 -0800] "GET /?camp-fire%2F50147638.html HTTP/1.1" 500 - "-" "Mozilla/5.0 (compatible; SemrushBot/7~bl; +http://www.semrush.com/bot.html)" "mantech8.com"
185.191.171.24 - - [23/Nov/2022:20:56:17 -0800] "GET /?camp-fire%2F93230830.html HTTP/1.1" 500 - "-" "Mozilla/5.0 (compatible; SemrushBot/7~bl; +http://www.semrush.com/bot.html)" "mantech8.com"
185.191.171.4 - - [23/Nov/2022:20:56:46 -0800] "GET /?camp-fire%2F35807850.html HTTP/1.1" 500 - "-" "Mozilla/5.0 (compatible; SemrushBot/7~bl; +http://www.semrush.com/bot.html)" "mantech8.com"
185.191.171.39 - - [23/Nov/2022:20:56:51 -0800] "GET /?camp-fire%2F36194738.html HTTP/1.1" 500 - "-" "Mozilla/5.0 (compatible; SemrushBot/7~bl; +http://www.semrush.com/bot.html)" "mantech8.com"
114.119.142.217 - - [23/Nov/2022:20:56:53 -0800] "GET /index.php/ravenings.xml HTTP/1.1" 200 289228 "-" "Mozilla/5.0 (compatible;PetalBot;+https://webmaster.petalsearch.com/site/petalbot)" "mantech8.com"
185.191.171.35 - - [23/Nov/2022:20:57:31 -0800] "GET /?camp-fire%2F6057469.html HTTP/1.1" 500 - "-" "Mozilla/5.0 (compatible; SemrushBot/7~bl; +http://www.semrush.com/bot.html)" "mantech8.com"
185.191.171.42 - - [23/Nov/2022:20:57:35 -0800] "GET /?camp-fire%2F36455247.html HTTP/1.1" 500 - "-" "Mozilla/5.0 (compatible; SemrushBot/7~bl; +http://www.semrush.com/bot.html)" "mantech8.com"
185.191.171.17 - - [23/Nov/2022:20:57:42 -0800] "GET /?camp-fire%2F34187189.html HTTP/1.1" 500 - "-" "Mozilla/5.0 (compatible; SemrushBot/7~bl; +http://www.semrush.com/bot.html)" "mantech8.com"
180.156.181.186 - - [23/Nov/2022:20:57:43 -0800] "GET /contact.php HTTP/1.1" 200 29238 "http://mantech8.com/contact.php" "Mozilla/5.0 (Windows NT 10.0) AppleWebKit/537.36 (KHTML, like Gecko) Chrome/90.0.4430.85 Safari/537.36 Edg/90.0.818.46" "mantech8.com"
185.191.171.26 - - [23/Nov/2022:20:58:50 -0800] "GET /?camp-fire%2F93839568.html HTTP/1.1" 500 - "-" "Mozilla/5.0 (compatible; SemrushBot/7~bl; +http://www.semrush.com/bot.html)" "mantech8.com"
185.191.171.19 - - [23/Nov/2022:20:59:46 -0800] "GET /?camp-fire%2F53224378.html HTTP/1.1" 500 - "-" "Mozilla/5.0 (compatible; SemrushBot/7~bl; +http://www.semrush.com/bot.html)" "mantech8.com"
185.191.171.42 - - [23/Nov/2022:21:00:15 -0800] "GET /?camp-fire%2F4049178.html HTTP/1.1" 500 - "-" "Mozilla/5.0 (compatible; SemrushBot/7~bl; +http://www.semrush.com/bot.html)" "mantech8.com"
185.191.171.44 - - [23/Nov/2022:21:01:09 -0800] "GET /?camp-fire%2F38134403.html HTTP/1.1" 500 - "-" "Mozilla/5.0 (compatible; SemrushBot/7~bl; +http://www.semrush.com/bot.html)" "mantech8.com"
157.55.39.123 - - [23/Nov/2022:21:01:13 -0800] "GET /index.php/d8c40fbee HTTP/1.1" 200 63896 "-" "Mozilla/5.0 (compatible; bingbot/2.0; +http://www.bing.com/bingbot.htm)" "mantech8.com"
114.119.142.217 - - [23/Nov/2022:21:01:51 -0800] "GET /venatically.xml HTTP/1.1" 404 88 "-" "Mozilla/5.0 (compatible;PetalBot;+https://webmaster.petalsearch.com/site/petalbot)" "mantech8.com"
185.191.171.16 - - [23/Nov/2022:21:02:21 -0800] "GET /?camp-fire%2F45081538.html HTTP/1.1" 500 - "-" "Mozilla/5.0 (compatible; SemrushBot/7~bl; +http://www.semrush.com/bot.html)" "mantech8.com"
185.191.171.26 - - [23/Nov/2022:21:02:27 -0800] "GET /?camp-fire%2F45303268.html HTTP/1.1" 500 - "-" "Mozilla/5.0 (compatible; SemrushBot/7~bl; +http://www.semrush.com/bot.html)" "mantech8.com"
185.191.171.7 - - [23/Nov/2022:21:02:55 -0800] "GET /?camp-fire%2F46648725.html HTTP/1.1" 500 - "-" "Mozilla/5.0 (compatible; SemrushBot/7~bl; +http://www.semrush.com/bot.html)" "mantech8.com"
185.191.171.45 - - [23/Nov/2022:21:03:06 -0800] "GET /?camp-fire%2F81233150.html HTTP/1.1" 500 - "-" "Mozilla/5.0 (compatible; SemrushBot/7~bl; +http://www.semrush.com/bot.html)" "mantech8.com"
185.191.171.26 - - [23/Nov/2022:21:03:32 -0800] "GET /?camp-fire%2F30499041.html HTTP/1.1" 500 - "-" "Mozilla/5.0 (compatible; SemrushBot/7~bl; +http://www.semrush.com/bot.html)" "mantech8.com"
185.191.171.41 - - [23/Nov/2022:21:04:12 -0800] "GET /?camp-fire%2F9577353.html HTTP/1.1" 500 - "-" "Mozilla/5.0 (compatible; SemrushBot/7~bl; +http://www.semrush.com/bot.html)" "mantech8.com"
185.191.171.10 - - [23/Nov/2022:21:04:43 -0800] "GET /?camp-fire%2F7797142.html HTTP/1.1" 500 - "-" "Mozilla/5.0 (compatible; SemrushBot/7~bl; +http://www.semrush.com/bot.html)" "mantech8.com"
185.191.171.11 - - [23/Nov/2022:21:06:11 -0800] "GET /?camp-fire%2F84886359.html HTTP/1.1" 500 - "-" "Mozilla/5.0 (compatible; SemrushBot/7~bl; +http://www.semrush.com/bot.html)" "mantech8.com"
185.191.171.22 - - [23/Nov/2022:21:06:12 -0800] "GET /?camp-fire%2F51883238.html HTTP/1.1" 500 - "-" "Mozilla/5.0 (compatible; SemrushBot/7~bl; +http://www.semrush.com/bot.html)" "mantech8.com"
185.191.171.8 - - [23/Nov/2022:21:07:20 -0800] "GET /?camp-fire%2F37049078.html HTTP/1.1" 500 - "-" "Mozilla/5.0 (compatible; SemrushBot/7~bl; +http://www.semrush.com/bot.html)" "mantech8.com"
185.191.171.33 - - [23/Nov/2022:21:07:22 -0800] "GET /?camp-fire%2F34301582.html HTTP/1.1" 500 - "-" "Mozilla/5.0 (compatible; SemrushBot/7~bl; +http://www.semrush.com/bot.html)" "mantech8.com"
185.191.171.4 - - [23/Nov/2022:21:07:52 -0800] "GET /?camp-fire%2F48801764.html HTTP/1.1" 500 - "-" "Mozilla/5.0 (compatible; SemrushBot/7~bl; +http://www.semrush.com/bot.html)" "mantech8.com"
185.191.171.4 - - [23/Nov/2022:21:08:56 -0800] "GET /?camp-fire%2F39007906.html HTTP/1.1" 500 - "-" "Mozilla/5.0 (compatible; SemrushBot/7~bl; +http://www.semrush.com/bot.html)" "mantech8.com"
185.191.171.16 - - [23/Nov/2022:21:09:16 -0800] "GET /?camp-fire%2F26284761.html HTTP/1.1" 500 - "-" "Mozilla/5.0 (compatible; SemrushBot/7~bl; +http://www.semrush.com/bot.html)" "mantech8.com"
185.191.171.45 - - [23/Nov/2022:21:09:55 -0800] "GET /?camp-fire%2F8110078.html HTTP/1.1" 500 - "-" "Mozilla/5.0 (compatible; SemrushBot/7~bl; +http://www.semrush.com/bot.html)" "mantech8.com"
185.191.171.18 - - [23/Nov/2022:21:10:18 -0800] "GET /?camp-fire%2F39375909.html HTTP/1.1" 500 - "-" "Mozilla/5.0 (compatible; SemrushBot/7~bl; +http://www.semrush.com/bot.html)" "mantech8.com"
185.191.171.4 - - [23/Nov/2022:21:10:27 -0800] "GET /?camp-fire%2F45611876.html HTTP/1.1" 500 - "-" "Mozilla/5.0 (compatible; SemrushBot/7~bl; +http://www.semrush.com/bot.html)" "mantech8.com"
185.191.171.6 - - [23/Nov/2022:21:11:28 -0800] "GET /?camp-fire%2F46714871.html HTTP/1.1" 500 - "-" "Mozilla/5.0 (compatible; SemrushBot/7~bl; +http://www.semrush.com/bot.html)" "mantech8.com"
185.191.171.39 - - [23/Nov/2022:21:11:44 -0800] "GET /?camp-fire%2F54742571.html HTTP/1.1" 500 - "-" "Mozilla/5.0 (compatible; SemrushBot/7~bl; +http://www.semrush.com/bot.html)" "mantech8.com"
185.191.171.5 - - [23/Nov/2022:21:12:40 -0800] "GET /?camp-fire%2F44342709.html HTTP/1.1" 500 - "-" "Mozilla/5.0 (compatible; SemrushBot/7~bl; +http://www.semrush.com/bot.html)" "mantech8.com"
185.191.171.37 - - [23/Nov/2022:21:12:44 -0800] "GET /?camp-fire%2F15720159.html HTTP/1.1" 500 - "-" "Mozilla/5.0 (compatible; SemrushBot/7~bl; +http://www.semrush.com/bot.html)" "mantech8.com"
103.221.254.7 - - [23/Nov/2022:21:13:02 -0800] "GET /contact.php HTTP/1.1" 200 29238 "http://mantech8.com/contact.php" "Mozilla/5.0 (Windows NT 6.1) AppleWebKit/537.36 (KHTML, like Gecko) Chrome/90.0.4430.85 Safari/537.36" "mantech8.com"
103.221.254.7 - - [23/Nov/2022:21:13:04 -0800] "POST /mailer.php HTTP/1.1" 500 - "http://mantech8.com/contact.php" "Mozilla/5.0 (Windows NT 6.1) AppleWebKit/537.36 (KHTML, like Gecko) Chrome/90.0.4430.85 Safari/537.36" "mantech8.com"
185.191.171.25 - - [23/Nov/2022:21:13:52 -0800] "GET /?camp-fire%2F58715542.html HTTP/1.1" 500 - "-" "Mozilla/5.0 (compatible; SemrushBot/7~bl; +http://www.semrush.com/bot.html)" "mantech8.com"
185.191.171.41 - - [23/Nov/2022:21:14:14 -0800] "GET /?camp-fire%2F24259550.html HTTP/1.1" 500 - "-" "Mozilla/5.0 (compatible; SemrushBot/7~bl; +http://www.semrush.com/bot.html)" "mantech8.com"
91.238.82.65 - - [23/Nov/2022:21:14:20 -0800] "GET /wp-secure.php?77=sec HTTP/1.1" 404 88 "-" "Mozilla/5.0 (Windows NT 10.0; Win64; x64) AppleWebKit/537.36 (KHTML, like Gecko) Chrome/90.0.4430.85 Safari/537.36" "www.mantech8.com"
185.191.171.44 - - [23/Nov/2022:21:14:51 -0800] "GET /?camp-fire%2F6862172.html HTTP/1.1" 500 - "-" "Mozilla/5.0 (compatible; SemrushBot/7~bl; +http://www.semrush.com/bot.html)" "mantech8.com"
185.191.171.39 - - [23/Nov/2022:21:15:00 -0800] "GET /?camp-fire%2F71013003.html HTTP/1.1" 500 - "-" "Mozilla/5.0 (compatible; SemrushBot/7~bl; +http://www.semrush.com/bot.html)" "mantech8.com"
185.191.171.4 - - [23/Nov/2022:21:15:34 -0800] "GET /?camp-fire%2F87577676.html HTTP/1.1" 500 - "-" "Mozilla/5.0 (compatible; SemrushBot/7~bl; +http://www.semrush.com/bot.html)" "mantech8.com"
185.191.171.39 - - [23/Nov/2022:21:15:53 -0800] "GET /?camp-fire%2F51132917.html HTTP/1.1" 500 - "-" "Mozilla/5.0 (compatible; SemrushBot/7~bl; +http://www.semrush.com/bot.html)" "mantech8.com"
185.191.171.12 - - [23/Nov/2022:21:16:17 -0800] "GET /?camp-fire%2F43383426.html HTTP/1.1" 500 - "-" "Mozilla/5.0 (compatible; SemrushBot/7~bl; +http://www.semrush.com/bot.html)" "mantech8.com"
185.191.171.10 - - [23/Nov/2022:21:16:32 -0800] "GET /?camp-fire%2F44790276.html HTTP/1.1" 500 - "-" "Mozilla/5.0 (compatible; SemrushBot/7~bl; +http://www.semrush.com/bot.html)" "mantech8.com"
185.191.171.33 - - [23/Nov/2022:21:17:04 -0800] "GET /?camp-fire%2F7635221.html HTTP/1.1" 500 - "-" "Mozilla/5.0 (compatible; SemrushBot/7~bl; +http://www.semrush.com/bot.html)" "mantech8.com"
207.46.13.100 - - [23/Nov/2022:21:18:01 -0800] "GET /index.php/pi8MK-4eb0dcbd-YhFG.Ii HTTP/1.1" 200 38989 "-" "Mozilla/5.0 (compatible; bingbot/2.0; +http://www.bing.com/bingbot.htm)" "mantech8.com"
207.46.13.100 - - [23/Nov/2022:21:18:50 -0800] "GET /index.php?/rentalshop.ways/?hl=ja HTTP/1.1" 200 62361 "-" "Mozilla/5.0 AppleWebKit/537.36 (KHTML, like Gecko; compatible; bingbot/2.0; +http://www.bing.com/bingbot.htm) Chrome/103.0.5060.134 Safari/537.36" "mantech8.com"
185.191.171.7 - - [23/Nov/2022:21:18:59 -0800] "GET /?camp-fire%2F73988393.html HTTP/1.1" 500 - "-" "Mozilla/5.0 (compatible; SemrushBot/7~bl; +http://www.semrush.com/bot.html)" "mantech8.com"
157.55.39.123 - - [23/Nov/2022:21:19:05 -0800] "GET /index.php?camp-fire/4020999.html HTTP/1.1" 200 70611 "-" "Mozilla/5.0 AppleWebKit/537.36 (KHTML, like Gecko; compatible; bingbot/2.0; +http://www.bing.com/bingbot.htm) Chrome/103.0.5060.134 Safari/537.36" "www.mantech8.com"
185.191.171.44 - - [23/Nov/2022:21:19:34 -0800] "GET /?camp-fire%2F47329138.html HTTP/1.1" 500 - "-" "Mozilla/5.0 (compatible; SemrushBot/7~bl; +http://www.semrush.com/bot.html)" "mantech8.com"
185.191.171.13 - - [23/Nov/2022:21:20:04 -0800] "GET /?camp-fire%2F34184759.html HTTP/1.1" 500 - "-" "Mozilla/5.0 (compatible; SemrushBot/7~bl; +http://www.semrush.com/bot.html)" "mantech8.com"
185.191.171.14 - - [23/Nov/2022:21:20:33 -0800] "GET /?camp-fire%2F1142172.html HTTP/1.1" 500 - "-" "Mozilla/5.0 (compatible; SemrushBot/7~bl; +http://www.semrush.com/bot.html)" "mantech8.com"
185.191.171.37 - - [23/Nov/2022:21:20:43 -0800] "GET /?camp-fire%2F61708130.html HTTP/1.1" 500 - "-" "Mozilla/5.0 (compatible; SemrushBot/7~bl; +http://www.semrush.com/bot.html)" "mantech8.com"
185.191.171.13 - - [23/Nov/2022:21:20:55 -0800] "GET /?camp-fire%2F34451893.html HTTP/1.1" 500 - "-" "Mozilla/5.0 (compatible; SemrushBot/7~bl; +http://www.semrush.com/bot.html)" "mantech8.com"
185.191.171.23 - - [23/Nov/2022:21:21:04 -0800] "GET /?camp-fire%2F40512964.html HTTP/1.1" 500 - "-" "Mozilla/5.0 (compatible; SemrushBot/7~bl; +http://www.semrush.com/bot.html)" "mantech8.com"
185.191.171.5 - - [23/Nov/2022:21:22:28 -0800] "GET /?camp-fire%2F46659360.html HTTP/1.1" 500 - "-" "Mozilla/5.0 (compatible; SemrushBot/7~bl; +http://www.semrush.com/bot.html)" "mantech8.com"
185.191.171.38 - - [23/Nov/2022:21:23:49 -0800] "GET /?camp-fire%2F3309100.html HTTP/1.1" 500 - "-" "Mozilla/5.0 (compatible; SemrushBot/7~bl; +http://www.semrush.com/bot.html)" "mantech8.com"
185.191.171.23 - - [23/Nov/2022:21:23:59 -0800] "GET /?camp-fire%2F35941833.html HTTP/1.1" 500 - "-" "Mozilla/5.0 (compatible; SemrushBot/7~bl; +http://www.semrush.com/bot.html)" "mantech8.com"
185.191.171.1 - - [23/Nov/2022:21:24:05 -0800] "GET /?camp-fire%2F39099663.html HTTP/1.1" 500 - "-" "Mozilla/5.0 (compatible; SemrushBot/7~bl; +http://www.semrush.com/bot.html)" "mantech8.com"
185.191.171.12 - - [23/Nov/2022:21:24:16 -0800] "GET /?camp-fire%2F35999825.html HTTP/1.1" 500 - "-" "Mozilla/5.0 (compatible; SemrushBot/7~bl; +http://www.semrush.com/bot.html)" "mantech8.com"
185.191.171.24 - - [23/Nov/2022:21:25:02 -0800] "GET /?camp-fire%2F28107871.html HTTP/1.1" 500 - "-" "Mozilla/5.0 (compatible; SemrushBot/7~bl; +http://www.semrush.com/bot.html)" "mantech8.com"
185.191.171.25 - - [23/Nov/2022:21:25:19 -0800] "GET /?camp-fire%2F33681316.html HTTP/1.1" 500 - "-" "Mozilla/5.0 (compatible; SemrushBot/7~bl; +http://www.semrush.com/bot.html)" "mantech8.com"
185.191.171.15 - - [23/Nov/2022:21:25:20 -0800] "GET /?camp-fire%2F3909200.html HTTP/1.1" 500 - "-" "Mozilla/5.0 (compatible; SemrushBot/7~bl; +http://www.semrush.com/bot.html)" "mantech8.com"
185.191.171.5 - - [23/Nov/2022:21:26:16 -0800] "GET /?camp-fire%2F85818766.html HTTP/1.1" 500 - "-" "Mozilla/5.0 (compatible; SemrushBot/7~bl; +http://www.semrush.com/bot.html)" "mantech8.com"
185.191.171.7 - - [23/Nov/2022:21:27:23 -0800] "GET /?camp-fire%2F65270260.html HTTP/1.1" 500 - "-" "Mozilla/5.0 (compatible; SemrushBot/7~bl; +http://www.semrush.com/bot.html)" "mantech8.com"
185.191.171.9 - - [23/Nov/2022:21:27:37 -0800] "GET /?camp-fire%2F49840921.html HTTP/1.1" 500 - "-" "Mozilla/5.0 (compatible; SemrushBot/7~bl; +http://www.semrush.com/bot.html)" "mantech8.com"
185.191.171.15 - - [23/Nov/2022:21:27:45 -0800] "GET /?camp-fire%2F28432464.html HTTP/1.1" 500 - "-" "Mozilla/5.0 (compatible; SemrushBot/7~bl; +http://www.semrush.com/bot.html)" "mantech8.com"
185.191.171.3 - - [23/Nov/2022:21:28:53 -0800] "GET /?camp-fire%2F33919608.html HTTP/1.1" 500 - "-" "Mozilla/5.0 (compatible; SemrushBot/7~bl; +http://www.semrush.com/bot.html)" "mantech8.com"
185.191.171.5 - - [23/Nov/2022:21:29:30 -0800] "GET /?camp-fire%2F48092706.html HTTP/1.1" 500 - "-" "Mozilla/5.0 (compatible; SemrushBot/7~bl; +http://www.semrush.com/bot.html)" "mantech8.com"
185.191.171.15 - - [23/Nov/2022:21:30:13 -0800] "GET /?camp-fire%2F52119002.html HTTP/1.1" 500 - "-" "Mozilla/5.0 (compatible; SemrushBot/7~bl; +http://www.semrush.com/bot.html)" "mantech8.com"
185.191.171.40 - - [23/Nov/2022:21:30:24 -0800] "GET /?camp-fire%2F33486225.html HTTP/1.1" 500 - "-" "Mozilla/5.0 (compatible; SemrushBot/7~bl; +http://www.semrush.com/bot.html)" "mantech8.com"
185.191.171.10 - - [23/Nov/2022:21:30:26 -0800] "GET /?camp-fire%2F48835832.html HTTP/1.1" 500 - "-" "Mozilla/5.0 (compatible; SemrushBot/7~bl; +http://www.semrush.com/bot.html)" "mantech8.com"
185.191.171.39 - - [23/Nov/2022:21:30:30 -0800] "GET /?camp-fire%2F46284571.html HTTP/1.1" 500 - "-" "Mozilla/5.0 (compatible; SemrushBot/7~bl; +http://www.semrush.com/bot.html)" "mantech8.com"
185.191.171.16 - - [23/Nov/2022:21:30:54 -0800] "GET /?camp-fire%2F33696871.html HTTP/1.1" 500 - "-" "Mozilla/5.0 (compatible; SemrushBot/7~bl; +http://www.semrush.com/bot.html)" "mantech8.com"
185.191.171.5 - - [23/Nov/2022:21:30:59 -0800] "GET /?camp-fire%2F93913965.html HTTP/1.1" 500 - "-" "Mozilla/5.0 (compatible; SemrushBot/7~bl; +http://www.semrush.com/bot.html)" "mantech8.com"
185.191.171.5 - - [23/Nov/2022:21:31:09 -0800] "GET /?camp-fire%2F4182065.html HTTP/1.1" 500 - "-" "Mozilla/5.0 (compatible; SemrushBot/7~bl; +http://www.semrush.com/bot.html)" "mantech8.com"
40.77.167.67 - - [23/Nov/2022:21:31:24 -0800] "GET /index.php/egy1-0345cffdda-ve77x.ii HTTP/1.1" 200 67203 "-" "Mozilla/5.0 (compatible; bingbot/2.0; +http://www.bing.com/bingbot.htm)" "mantech8.com"
185.191.171.44 - - [23/Nov/2022:21:31:53 -0800] "GET /?camp-fire%2F52060672.html HTTP/1.1" 500 - "-" "Mozilla/5.0 (compatible; SemrushBot/7~bl; +http://www.semrush.com/bot.html)" "mantech8.com"
185.191.171.15 - - [23/Nov/2022:21:33:47 -0800] "GET /?camp-fire%2F43616997.html HTTP/1.1" 500 - "-" "Mozilla/5.0 (compatible; SemrushBot/7~bl; +http://www.semrush.com/bot.html)" "mantech8.com"
185.191.171.18 - - [23/Nov/2022:21:34:01 -0800] "GET /?camp-fire%2F53467016.html HTTP/1.1" 500 - "-" "Mozilla/5.0 (compatible; SemrushBot/7~bl; +http://www.semrush.com/bot.html)" "mantech8.com"
36.137.166.64 - - [23/Nov/2022:21:34:40 -0800] "GET /contact.php HTTP/1.1" 200 29238 "http://mantech8.com/contact.php" "Mozilla/5.0 (Windows NT 6.3; Win64; x64) AppleWebKit/537.36 (KHTML, like Gecko) Chrome/90.0.4430.93 Safari/537.36" "mantech8.com"
185.191.171.37 - - [23/Nov/2022:21:34:48 -0800] "GET /?camp-fire%2F35563933.html HTTP/1.1" 500 - "-" "Mozilla/5.0 (compatible; SemrushBot/7~bl; +http://www.semrush.com/bot.html)" "mantech8.com"
185.191.171.10 - - [23/Nov/2022:21:35:48 -0800] "GET /?camp-fire%2F93265302.html HTTP/1.1" 500 - "-" "Mozilla/5.0 (compatible; SemrushBot/7~bl; +http://www.semrush.com/bot.html)" "mantech8.com"
185.191.171.13 - - [23/Nov/2022:21:36:25 -0800] "GET /?camp-fire%2F16308272.html HTTP/1.1" 500 - "-" "Mozilla/5.0 (compatible; SemrushBot/7~bl; +http://www.semrush.com/bot.html)" "mantech8.com"
185.191.171.7 - - [23/Nov/2022:21:36:28 -0800] "GET /?camp-fire%2F33619959.html HTTP/1.1" 500 - "-" "Mozilla/5.0 (compatible; SemrushBot/7~bl; +http://www.semrush.com/bot.html)" "mantech8.com"
185.191.171.7 - - [23/Nov/2022:21:37:33 -0800] "GET /?camp-fire%2F33934308.html HTTP/1.1" 500 - "-" "Mozilla/5.0 (compatible; SemrushBot/7~bl; +http://www.semrush.com/bot.html)" "mantech8.com"
185.191.171.3 - - [23/Nov/2022:21:37:53 -0800] "GET /?camp-fire%2F34558166.html HTTP/1.1" 500 - "-" "Mozilla/5.0 (compatible; SemrushBot/7~bl; +http://www.semrush.com/bot.html)" "mantech8.com"
185.191.171.19 - - [23/Nov/2022:21:38:11 -0800] "GET /robots.txt HTTP/1.1" 200 106 "-" "Mozilla/5.0 (compatible; SemrushBot/7~bl; +http://www.semrush.com/bot.html)" "mantech8.com"
185.191.171.35 - - [23/Nov/2022:21:38:12 -0800] "GET /?camp-fire%2F89023472.html HTTP/1.1" 500 - "-" "Mozilla/5.0 (compatible; SemrushBot/7~bl; +http://www.semrush.com/bot.html)" "mantech8.com"
185.191.171.23 - - [23/Nov/2022:21:38:33 -0800] "GET /?camp-fire%2F44244935.html HTTP/1.1" 500 - "-" "Mozilla/5.0 (compatible; SemrushBot/7~bl; +http://www.semrush.com/bot.html)" "mantech8.com"
185.191.171.6 - - [23/Nov/2022:21:38:42 -0800] "GET /?camp-fire%2F33613359.html HTTP/1.1" 500 - "-" "Mozilla/5.0 (compatible; SemrushBot/7~bl; +http://www.semrush.com/bot.html)" "mantech8.com"
185.191.171.7 - - [23/Nov/2022:21:38:50 -0800] "GET /?camp-fire%2F33884108.html HTTP/1.1" 500 - "-" "Mozilla/5.0 (compatible; SemrushBot/7~bl; +http://www.semrush.com/bot.html)" "mantech8.com"
40.77.167.26 - - [23/Nov/2022:21:39:02 -0800] "GET /index.php/wtzk-f1a01ebc-n2jfq.ii HTTP/1.1" 200 63509 "-" "Mozilla/5.0 AppleWebKit/537.36 (KHTML, like Gecko; compatible; bingbot/2.0; +http://www.bing.com/bingbot.htm) Chrome/103.0.5060.134 Safari/537.36" "mantech8.com"
185.191.171.17 - - [23/Nov/2022:21:39:58 -0800] "GET /?camp-fire%2F18500327.html HTTP/1.1" 500 - "-" "Mozilla/5.0 (compatible; SemrushBot/7~bl; +http://www.semrush.com/bot.html)" "mantech8.com"
185.191.171.39 - - [23/Nov/2022:21:40:55 -0800] "GET /?camp-fire%2F65516547.html HTTP/1.1" 500 - "-" "Mozilla/5.0 (compatible; SemrushBot/7~bl; +http://www.semrush.com/bot.html)" "mantech8.com"
185.191.171.24 - - [23/Nov/2022:21:41:46 -0800] "GET /?camp-fire%2F23188809.html HTTP/1.1" 500 - "-" "Mozilla/5.0 (compatible; SemrushBot/7~bl; +http://www.semrush.com/bot.html)" "mantech8.com"
40.77.167.26 - - [23/Nov/2022:21:41:52 -0800] "GET /index.php/sa5z-e520cfdcfd-H48Dc.Ii HTTP/1.1" 200 65242 "-" "Mozilla/5.0 (compatible; bingbot/2.0; +http://www.bing.com/bingbot.htm)" "mantech8.com"
185.191.171.8 - - [23/Nov/2022:21:42:41 -0800] "GET /?camp-fire%2F43578270.html HTTP/1.1" 500 - "-" "Mozilla/5.0 (compatible; SemrushBot/7~bl; +http://www.semrush.com/bot.html)" "mantech8.com"
185.191.171.13 - - [23/Nov/2022:21:42:50 -0800] "GET /?camp-fire%2F28027700.html HTTP/1.1" 500 - "-" "Mozilla/5.0 (compatible; SemrushBot/7~bl; +http://www.semrush.com/bot.html)" "mantech8.com"
185.191.171.24 - - [23/Nov/2022:21:42:58 -0800] "GET /?camp-fire%2F5124800.html HTTP/1.1" 500 - "-" "Mozilla/5.0 (compatible; SemrushBot/7~bl; +http://www.semrush.com/bot.html)" "mantech8.com"
185.191.171.1 - - [23/Nov/2022:21:43:50 -0800] "GET /?camp-fire%2F44365664.html HTTP/1.1" 500 - "-" "Mozilla/5.0 (compatible; SemrushBot/7~bl; +http://www.semrush.com/bot.html)" "mantech8.com"
185.191.171.35 - - [23/Nov/2022:21:44:28 -0800] "GET /?camp-fire%2F21578221.html HTTP/1.1" 500 - "-" "Mozilla/5.0 (compatible; SemrushBot/7~bl; +http://www.semrush.com/bot.html)" "mantech8.com"
185.191.171.39 - - [23/Nov/2022:21:45:05 -0800] "GET /?camp-fire%2F14926909.html HTTP/1.1" 500 - "-" "Mozilla/5.0 (compatible; SemrushBot/7~bl; +http://www.semrush.com/bot.html)" "mantech8.com"
185.191.171.4 - - [23/Nov/2022:21:45:18 -0800] "GET /?camp-fire%2F48092306.html HTTP/1.1" 500 - "-" "Mozilla/5.0 (compatible; SemrushBot/7~bl; +http://www.semrush.com/bot.html)" "mantech8.com"
185.191.171.40 - - [23/Nov/2022:21:45:45 -0800] "GET /?camp-fire%2F4195685.html HTTP/1.1" 500 - "-" "Mozilla/5.0 (compatible; SemrushBot/7~bl; +http://www.semrush.com/bot.html)" "mantech8.com"
216.244.66.241 - - [23/Nov/2022:21:45:57 -0800] "GET /robots.txt HTTP/1.1" 200 222 "-" "Mozilla/5.0 (compatible; DotBot/1.2; +https://opensiteexplorer.org/dotbot; help@moz.com)" "mantech8.com"
216.244.66.241 - - [23/Nov/2022:21:45:57 -0800] "GET /robots.txt HTTP/1.1" 200 222 "-" "Mozilla/5.0 (compatible; DotBot/1.2; +https://opensiteexplorer.org/dotbot; help@moz.com)" "www.mantech8.com"
185.191.171.33 - - [23/Nov/2022:21:47:10 -0800] "GET /?camp-fire%2F56052746.html HTTP/1.1" 500 - "-" "Mozilla/5.0 (compatible; SemrushBot/7~bl; +http://www.semrush.com/bot.html)" "mantech8.com"
185.191.171.33 - - [23/Nov/2022:21:47:24 -0800] "GET /?camp-fire%2F33512768.html HTTP/1.1" 500 - "-" "Mozilla/5.0 (compatible; SemrushBot/7~bl; +http://www.semrush.com/bot.html)" "mantech8.com"
185.191.171.35 - - [23/Nov/2022:21:47:31 -0800] "GET /?camp-fire%2F24030033.html HTTP/1.1" 500 - "-" "Mozilla/5.0 (compatible; SemrushBot/7~bl; +http://www.semrush.com/bot.html)" "mantech8.com"
185.191.171.13 - - [23/Nov/2022:21:47:42 -0800] "GET /?camp-fire%2F46615476.html HTTP/1.1" 500 - "-" "Mozilla/5.0 (compatible; SemrushBot/7~bl; +http://www.semrush.com/bot.html)" "mantech8.com"
157.55.39.169 - - [23/Nov/2022:21:48:17 -0800] "GET /robots.txt HTTP/1.1" 200 106 "-" "Mozilla/5.0 AppleWebKit/537.36 (KHTML, like Gecko; compatible; bingbot/2.0; +http://www.bing.com/bingbot.htm) Chrome/103.0.5060.134 Safari/537.36" "www.mantech8.com"
207.46.13.177 - - [23/Nov/2022:21:48:23 -0800] "GET / HTTP/1.1" 200 64356 "-" "Mozilla/5.0 (compatible; bingbot/2.0; +http://www.bing.com/bingbot.htm)" "www.mantech8.com"
185.191.171.8 - - [23/Nov/2022:21:48:42 -0800] "GET /?camp-fire%2F39015493.html HTTP/1.1" 500 - "-" "Mozilla/5.0 (compatible; SemrushBot/7~bl; +http://www.semrush.com/bot.html)" "mantech8.com"
185.191.171.20 - - [23/Nov/2022:21:48:53 -0800] "GET /?camp-fire%2F34101655.html HTTP/1.1" 500 - "-" "Mozilla/5.0 (compatible; SemrushBot/7~bl; +http://www.semrush.com/bot.html)" "mantech8.com"
66.249.66.11 - - [23/Nov/2022:21:49:57 -0800] "GET /ads.txt HTTP/1.1" 404 88 "-" "Mozilla/5.0 (compatible; Googlebot/2.1; +http://www.google.com/bot.html)" "www.mantech8.com"
185.191.171.24 - - [23/Nov/2022:21:50:13 -0800] "GET /?camp-fire%2F48238250.html HTTP/1.1" 500 - "-" "Mozilla/5.0 (compatible; SemrushBot/7~bl; +http://www.semrush.com/bot.html)" "mantech8.com"
207.46.13.125 - - [23/Nov/2022:21:51:21 -0800] "GET /F2si-84ea-DiaWN.Ii HTTP/1.1" 404 88 "-" "Mozilla/5.0 AppleWebKit/537.36 (KHTML, like Gecko; compatible; bingbot/2.0; +http://www.bing.com/bingbot.htm) Chrome/103.0.5060.134 Safari/537.36" "www.mantech8.com"
185.191.171.37 - - [23/Nov/2022:21:52:16 -0800] "GET /?camp-fire%2F6248990.html HTTP/1.1" 500 - "-" "Mozilla/5.0 (compatible; SemrushBot/7~bl; +http://www.semrush.com/bot.html)" "mantech8.com"
185.191.171.12 - - [23/Nov/2022:21:52:59 -0800] "GET /?camp-fire%2F37429408.html HTTP/1.1" 500 - "-" "Mozilla/5.0 (compatible; SemrushBot/7~bl; +http://www.semrush.com/bot.html)" "mantech8.com"
185.191.171.19 - - [23/Nov/2022:21:53:36 -0800] "GET /?camp-fire%2F28596471.html HTTP/1.1" 500 - "-" "Mozilla/5.0 (compatible; SemrushBot/7~bl; +http://www.semrush.com/bot.html)" "mantech8.com"
185.191.171.17 - - [23/Nov/2022:21:53:44 -0800] "GET /?camp-fire%2F45576834.html HTTP/1.1" 500 - "-" "Mozilla/5.0 (compatible; SemrushBot/7~bl; +http://www.semrush.com/bot.html)" "mantech8.com"
185.191.171.17 - - [23/Nov/2022:21:53:47 -0800] "GET /?camp-fire%2F56675159.html HTTP/1.1" 500 - "-" "Mozilla/5.0 (compatible; SemrushBot/7~bl; +http://www.semrush.com/bot.html)" "mantech8.com"
185.191.171.34 - - [23/Nov/2022:21:53:57 -0800] "GET /?camp-fire%2F78030163.html HTTP/1.1" 500 - "-" "Mozilla/5.0 (compatible; SemrushBot/7~bl; +http://www.semrush.com/bot.html)" "mantech8.com"
40.77.167.67 - - [23/Nov/2022:21:54:15 -0800] "GET /index.php?camp-fire/1686.html HTTP/1.1" 200 74525 "-" "Mozilla/5.0 (compatible; bingbot/2.0; +http://www.bing.com/bingbot.htm)" "www.mantech8.com"
185.191.171.5 - - [23/Nov/2022:21:54:34 -0800] "GET /?camp-fire%2F46656302.html HTTP/1.1" 500 - "-" "Mozilla/5.0 (compatible; SemrushBot/7~bl; +http://www.semrush.com/bot.html)" "mantech8.com"
185.191.171.21 - - [23/Nov/2022:21:55:47 -0800] "GET /?camp-fire%2F34648008.html HTTP/1.1" 500 - "-" "Mozilla/5.0 (compatible; SemrushBot/7~bl; +http://www.semrush.com/bot.html)" "mantech8.com"
185.191.171.17 - - [23/Nov/2022:21:56:38 -0800] "GET /?camp-fire%2F44410892.html HTTP/1.1" 500 - "-" "Mozilla/5.0 (compatible; SemrushBot/7~bl; +http://www.semrush.com/bot.html)" "mantech8.com"
212.47.228.149 - - [23/Nov/2022:21:57:37 -0800] "GET /contact.php HTTP/1.1" 200 29238 "http://mantech8.com/contact.php" "Mozilla/5.0 (Windows NT 6.3; Win64; x64) AppleWebKit/537.36 (KHTML, like Gecko) Chrome/90.0.4430.85 Safari/537.36" "mantech8.com"
212.47.228.149 - - [23/Nov/2022:21:57:38 -0800] "POST /mailer.php HTTP/1.1" 500 - "http://mantech8.com/contact.php" "Mozilla/5.0 (Windows NT 6.3; Win64; x64) AppleWebKit/537.36 (KHTML, like Gecko) Chrome/90.0.4430.85 Safari/537.36" "mantech8.com"
185.191.171.39 - - [23/Nov/2022:21:57:45 -0800] "GET /?camp-fire%2F58108103.html HTTP/1.1" 500 - "-" "Mozilla/5.0 (compatible; SemrushBot/7~bl; +http://www.semrush.com/bot.html)" "mantech8.com"
185.191.171.33 - - [23/Nov/2022:21:57:53 -0800] "GET /?camp-fire%2F34724108.html HTTP/1.1" 500 - "-" "Mozilla/5.0 (compatible; SemrushBot/7~bl; +http://www.semrush.com/bot.html)" "mantech8.com"
185.191.171.16 - - [23/Nov/2022:21:58:04 -0800] "GET /?camp-fire%2F31092956.html HTTP/1.1" 500 - "-" "Mozilla/5.0 (compatible; SemrushBot/7~bl; +http://www.semrush.com/bot.html)" "mantech8.com"
185.191.171.18 - - [23/Nov/2022:22:00:02 -0800] "GET /?camp-fire%2F36659538.html HTTP/1.1" 500 - "-" "Mozilla/5.0 (compatible; SemrushBot/7~bl; +http://www.semrush.com/bot.html)" "mantech8.com"
185.191.171.14 - - [23/Nov/2022:22:00:07 -0800] "GET /?camp-fire%2F7780942.html HTTP/1.1" 500 - "-" "Mozilla/5.0 (compatible; SemrushBot/7~bl; +http://www.semrush.com/bot.html)" "mantech8.com"
185.191.171.35 - - [23/Nov/2022:22:01:43 -0800] "GET /?camp-fire%2F8214608.html HTTP/1.1" 500 - "-" "Mozilla/5.0 (compatible; SemrushBot/7~bl; +http://www.semrush.com/bot.html)" "mantech8.com"
185.191.171.35 - - [23/Nov/2022:22:03:20 -0800] "GET /?camp-fire%2F94007351.html HTTP/1.1" 500 - "-" "Mozilla/5.0 (compatible; SemrushBot/7~bl; +http://www.semrush.com/bot.html)" "mantech8.com"
185.191.171.39 - - [23/Nov/2022:22:03:25 -0800] "GET /?camp-fire%2F56143216.html HTTP/1.1" 500 - "-" "Mozilla/5.0 (compatible; SemrushBot/7~bl; +http://www.semrush.com/bot.html)" "mantech8.com"
40.77.167.26 - - [23/Nov/2022:22:03:25 -0800] "GET /index.php/2152fedbc HTTP/1.1" 200 66498 "-" "Mozilla/5.0 AppleWebKit/537.36 (KHTML, like Gecko; compatible; bingbot/2.0; +http://www.bing.com/bingbot.htm) Chrome/103.0.5060.134 Safari/537.36" "mantech8.com"
185.191.171.26 - - [23/Nov/2022:22:03:46 -0800] "GET /?camp-fire%2F13916559.html HTTP/1.1" 500 - "-" "Mozilla/5.0 (compatible; SemrushBot/7~bl; +http://www.semrush.com/bot.html)" "mantech8.com"
185.191.171.33 - - [23/Nov/2022:22:03:49 -0800] "GET /?camp-fire%2F43975430.html HTTP/1.1" 500 - "-" "Mozilla/5.0 (compatible; SemrushBot/7~bl; +http://www.semrush.com/bot.html)" "mantech8.com"
185.191.171.3 - - [23/Nov/2022:22:04:02 -0800] "GET /?camp-fire%2F4076365.html HTTP/1.1" 500 - "-" "Mozilla/5.0 (compatible; SemrushBot/7~bl; +http://www.semrush.com/bot.html)" "mantech8.com"
185.191.171.19 - - [23/Nov/2022:22:04:04 -0800] "GET /?camp-fire%2F46189635.html HTTP/1.1" 500 - "-" "Mozilla/5.0 (compatible; SemrushBot/7~bl; +http://www.semrush.com/bot.html)" "mantech8.com"
185.191.171.23 - - [23/Nov/2022:22:05:28 -0800] "GET /?camp-fire%2F50238865.html HTTP/1.1" 500 - "-" "Mozilla/5.0 (compatible; SemrushBot/7~bl; +http://www.semrush.com/bot.html)" "mantech8.com"
185.191.171.14 - - [23/Nov/2022:22:05:30 -0800] "GET /?camp-fire%2F85348683.html HTTP/1.1" 500 - "-" "Mozilla/5.0 (compatible; SemrushBot/7~bl; +http://www.semrush.com/bot.html)" "mantech8.com"
185.191.171.11 - - [23/Nov/2022:22:05:58 -0800] "GET /?camp-fire%2F38951517.html HTTP/1.1" 500 - "-" "Mozilla/5.0 (compatible; SemrushBot/7~bl; +http://www.semrush.com/bot.html)" "mantech8.com"
185.191.171.45 - - [23/Nov/2022:22:06:38 -0800] "GET /?camp-fire%2F42210960.html HTTP/1.1" 500 - "-" "Mozilla/5.0 (compatible; SemrushBot/7~bl; +http://www.semrush.com/bot.html)" "mantech8.com"
185.191.171.45 - - [23/Nov/2022:22:07:58 -0800] "GET /?camp-fire%2F1379453.html HTTP/1.1" 500 - "-" "Mozilla/5.0 (compatible; SemrushBot/7~bl; +http://www.semrush.com/bot.html)" "mantech8.com"
185.191.171.9 - - [23/Nov/2022:22:08:38 -0800] "GET /?camp-fire%2F50792476.html HTTP/1.1" 500 - "-" "Mozilla/5.0 (compatible; SemrushBot/7~bl; +http://www.semrush.com/bot.html)" "mantech8.com"
185.191.171.10 - - [23/Nov/2022:22:09:11 -0800] "GET /?camp-fire%2F90055361.html HTTP/1.1" 500 - "-" "Mozilla/5.0 (compatible; SemrushBot/7~bl; +http://www.semrush.com/bot.html)" "mantech8.com"
114.119.142.217 - - [23/Nov/2022:22:09:11 -0800] "GET /?sitemap-index-3.xml HTTP/1.1" 200 4266 "-" "Mozilla/5.0 (compatible;PetalBot;+https://webmaster.petalsearch.com/site/petalbot)" "mantech8.com"
185.191.171.1 - - [23/Nov/2022:22:09:25 -0800] "GET /?camp-fire%2F46887938.html HTTP/1.1" 500 - "-" "Mozilla/5.0 (compatible; SemrushBot/7~bl; +http://www.semrush.com/bot.html)" "mantech8.com"
185.191.171.5 - - [23/Nov/2022:22:10:16 -0800] "GET /?camp-fire%2F45319071.html HTTP/1.1" 500 - "-" "Mozilla/5.0 (compatible; SemrushBot/7~bl; +http://www.semrush.com/bot.html)" "mantech8.com"
185.191.171.23 - - [23/Nov/2022:22:10:17 -0800] "GET /?camp-fire%2F48768578.html HTTP/1.1" 500 - "-" "Mozilla/5.0 (compatible; SemrushBot/7~bl; +http://www.semrush.com/bot.html)" "mantech8.com"
40.77.167.67 - - [23/Nov/2022:22:10:18 -0800] "GET /index.php/egy1-792cdeba-vsvum.ii HTTP/1.1" 200 64964 "-" "Mozilla/5.0 (compatible; bingbot/2.0; +http://www.bing.com/bingbot.htm)" "mantech8.com"
185.191.171.45 - - [23/Nov/2022:22:11:48 -0800] "GET /?camp-fire%2F36296625.html HTTP/1.1" 500 - "-" "Mozilla/5.0 (compatible; SemrushBot/7~bl; +http://www.semrush.com/bot.html)" "mantech8.com"
185.191.171.15 - - [23/Nov/2022:22:11:57 -0800] "GET /?camp-fire%2F45005266.html HTTP/1.1" 500 - "-" "Mozilla/5.0 (compatible; SemrushBot/7~bl; +http://www.semrush.com/bot.html)" "mantech8.com"
185.191.171.5 - - [23/Nov/2022:22:12:44 -0800] "GET /?camp-fire%2F44703560.html HTTP/1.1" 500 - "-" "Mozilla/5.0 (compatible; SemrushBot/7~bl; +http://www.semrush.com/bot.html)" "mantech8.com"
185.191.171.43 - - [23/Nov/2022:22:14:30 -0800] "GET /?camp-fire%2F20265596.html HTTP/1.1" 500 - "-" "Mozilla/5.0 (compatible; SemrushBot/7~bl; +http://www.semrush.com/bot.html)" "mantech8.com"
185.191.171.23 - - [23/Nov/2022:22:14:33 -0800] "GET /?camp-fire%2F46507125.html HTTP/1.1" 500 - "-" "Mozilla/5.0 (compatible; SemrushBot/7~bl; +http://www.semrush.com/bot.html)" "mantech8.com"
185.191.171.18 - - [23/Nov/2022:22:15:23 -0800] "GET /?camp-fire%2F6242659.html HTTP/1.1" 500 - "-" "Mozilla/5.0 (compatible; SemrushBot/7~bl; +http://www.semrush.com/bot.html)" "mantech8.com"
185.191.171.22 - - [23/Nov/2022:22:16:50 -0800] "GET /?camp-fire%2F90852984.html HTTP/1.1" 500 - "-" "Mozilla/5.0 (compatible; SemrushBot/7~bl; +http://www.semrush.com/bot.html)" "mantech8.com"
185.191.171.7 - - [23/Nov/2022:22:17:11 -0800] "GET /?camp-fire%2F29118409.html HTTP/1.1" 500 - "-" "Mozilla/5.0 (compatible; SemrushBot/7~bl; +http://www.semrush.com/bot.html)" "mantech8.com"
185.191.171.24 - - [23/Nov/2022:22:17:20 -0800] "GET /?camp-fire%2F49813572.html HTTP/1.1" 500 - "-" "Mozilla/5.0 (compatible; SemrushBot/7~bl; +http://www.semrush.com/bot.html)" "mantech8.com"
185.191.171.42 - - [23/Nov/2022:22:17:50 -0800] "GET /?camp-fire%2F34188289.html HTTP/1.1" 500 - "-" "Mozilla/5.0 (compatible; SemrushBot/7~bl; +http://www.semrush.com/bot.html)" "mantech8.com"
40.77.167.26 - - [23/Nov/2022:22:17:57 -0800] "GET /index.php/wtzk-f1a01ebc-n2jfq.ii HTTP/1.1" 200 63082 "-" "Mozilla/5.0 (compatible; bingbot/2.0; +http://www.bing.com/bingbot.htm)" "mantech8.com"
185.191.171.21 - - [23/Nov/2022:22:18:06 -0800] "GET /?camp-fire%2F59058278.html HTTP/1.1" 500 - "-" "Mozilla/5.0 (compatible; SemrushBot/7~bl; +http://www.semrush.com/bot.html)" "mantech8.com"
40.77.167.67 - - [23/Nov/2022:22:18:17 -0800] "GET /F2si-921edeabc-Di8b2.Ii HTTP/1.1" 404 88 "-" "Mozilla/5.0 (compatible; bingbot/2.0; +http://www.bing.com/bingbot.htm)" "www.mantech8.com"
185.191.171.3 - - [23/Nov/2022:22:19:22 -0800] "GET /?camp-fire%2F61104790.html HTTP/1.1" 500 - "-" "Mozilla/5.0 (compatible; SemrushBot/7~bl; +http://www.semrush.com/bot.html)" "mantech8.com"
185.191.171.17 - - [23/Nov/2022:22:19:36 -0800] "GET /?camp-fire%2F43596009.html HTTP/1.1" 500 - "-" "Mozilla/5.0 (compatible; SemrushBot/7~bl; +http://www.semrush.com/bot.html)" "mantech8.com"
185.191.171.43 - - [23/Nov/2022:22:21:40 -0800] "GET /?camp-fire%2F44609255.html HTTP/1.1" 500 - "-" "Mozilla/5.0 (compatible; SemrushBot/7~bl; +http://www.semrush.com/bot.html)" "mantech8.com"
