111.65.57.79 - - [23/Nov/2022:18:57:13 -0800] "GET /css/flaticon.css HTTP/1.1" 200 321 "http://www.mantech8.com/contact.php" "Mozilla/5.0 (iPhone; CPU iPhone OS 16_1_1 like Mac OS X) AppleWebKit/605.1.15 (KHTML, like Gecko) Version/16.1 Mobile/15E148 Safari/604.1" "www.mantech8.com"
111.65.59.150 - - [23/Nov/2022:18:57:13 -0800] "GET /css/font-awesome.css HTTP/1.1" 200 5793 "http://www.mantech8.com/contact.php" "Mozilla/5.0 (iPhone; CPU iPhone OS 16_1_1 like Mac OS X) AppleWebKit/605.1.15 (KHTML, like Gecko) Version/16.1 Mobile/15E148 Safari/604.1" "www.mantech8.com"
111.65.59.150 - - [23/Nov/2022:18:57:14 -0800] "GET /images/flag-23-gif.gif HTTP/1.1" 200 20141 "http://www.mantech8.com/contact.php" "Mozilla/5.0 (iPhone; CPU iPhone OS 16_1_1 like Mac OS X) AppleWebKit/605.1.15 (KHTML, like Gecko) Version/16.1 Mobile/15E148 Safari/604.1" "www.mantech8.com"
111.65.57.79 - - [23/Nov/2022:18:57:14 -0800] "GET /fonts/MaterialIcons-Regular.woff2 HTTP/1.1" 200 36888 "http://www.mantech8.com/contact.php" "Mozilla/5.0 (iPhone; CPU iPhone OS 16_1_1 like Mac OS X) AppleWebKit/605.1.15 (KHTML, like Gecko) Version/16.1 Mobile/15E148 Safari/604.1" "www.mantech8.com"
111.65.57.79 - - [23/Nov/2022:18:57:14 -0800] "GET /js/jquery.marquee.js?v=3 HTTP/1.1" 404 88 "http://www.mantech8.com/contact.php" "Mozilla/5.0 (iPhone; CPU iPhone OS 16_1_1 like Mac OS X) AppleWebKit/605.1.15 (KHTML, like Gecko) Version/16.1 Mobile/15E148 Safari/604.1" "www.mantech8.com"
111.65.59.150 - - [23/Nov/2022:18:57:14 -0800] "GET /fonts/fontawesome-webfont.woff2?v=4.5.0 HTTP/1.1" 200 66624 "http://www.mantech8.com/contact.php" "Mozilla/5.0 (iPhone; CPU iPhone OS 16_1_1 like Mac OS X) AppleWebKit/605.1.15 (KHTML, like Gecko) Version/16.1 Mobile/15E148 Safari/604.1" "www.mantech8.com"
111.65.57.79 - - [23/Nov/2022:18:57:14 -0800] "GET /images/form-loader.gif HTTP/1.1" 404 88 "http://www.mantech8.com/contact.php" "Mozilla/5.0 (iPhone; CPU iPhone OS 16_1_1 like Mac OS X) AppleWebKit/605.1.15 (KHTML, like Gecko) Version/16.1 Mobile/15E148 Safari/604.1" "www.mantech8.com"
111.65.57.79 - - [23/Nov/2022:18:57:14 -0800] "GET /images/parallaxcont.jpg HTTP/1.1" 200 2613369 "http://www.mantech8.com/contact.php" "Mozilla/5.0 (iPhone; CPU iPhone OS 16_1_1 like Mac OS X) AppleWebKit/605.1.15 (KHTML, like Gecko) Version/16.1 Mobile/15E148 Safari/604.1" "www.mantech8.com"
111.65.69.233 - - [23/Nov/2022:18:57:16 -0800] "GET /contact.php HTTP/1.1" 200 29238 "-" "Mozilla/5.0 (iPhone; CPU iPhone OS 16_1_1 like Mac OS X) AppleWebKit/605.1.15 (KHTML, like Gecko) Version/16.1 Mobile/15E148 Safari/604.1" "www.mantech8.com"
111.65.57.79 - - [23/Nov/2022:18:57:16 -0800] "GET /verificationimage.php?4333 HTTP/1.1" 200 1369 "http://www.mantech8.com/contact.php" "Mozilla/5.0 (iPhone; CPU iPhone OS 16_1_1 like Mac OS X) AppleWebKit/605.1.15 (KHTML, like Gecko) Version/16.1 Mobile/15E148 Safari/604.1" "www.mantech8.com"
111.65.59.150 - - [23/Nov/2022:18:57:18 -0800] "GET /apple-touch-icon-120x120-precomposed.png HTTP/1.1" 404 88 "-" "MobileSafari/8614.2.9.0.10 CFNetwork/1399 Darwin/22.1.0" "www.mantech8.com"
111.65.59.150 - - [23/Nov/2022:18:57:18 -0800] "GET /apple-touch-icon-120x120.png HTTP/1.1" 404 88 "-" "MobileSafari/8614.2.9.0.10 CFNetwork/1399 Darwin/22.1.0" "www.mantech8.com"
111.65.59.150 - - [23/Nov/2022:18:57:18 -0800] "GET /apple-touch-icon-precomposed.png HTTP/1.1" 404 88 "-" "MobileSafari/8614.2.9.0.10 CFNetwork/1399 Darwin/22.1.0" "www.mantech8.com"
111.65.59.150 - - [23/Nov/2022:18:57:19 -0800] "GET /apple-touch-icon.png HTTP/1.1" 404 88 "-" "MobileSafari/8614.2.9.0.10 CFNetwork/1399 Darwin/22.1.0" "www.mantech8.com"
111.65.59.150 - - [23/Nov/2022:18:57:19 -0800] "GET /images/favicon.ico HTTP/1.1" 200 241886 "-" "MobileSafari/8614.2.9.0.10 CFNetwork/1399 Darwin/22.1.0" "www.mantech8.com"
185.191.171.19 - - [23/Nov/2022:18:57:57 -0800] "GET /?camp-fire%2F34715621.html HTTP/1.1" 500 - "-" "Mozilla/5.0 (compatible; SemrushBot/7~bl; +http://www.semrush.com/bot.html)" "mantech8.com"
185.191.171.36 - - [23/Nov/2022:18:59:31 -0800] "GET /?camp-fire%2F57378534.html HTTP/1.1" 500 - "-" "Mozilla/5.0 (compatible; SemrushBot/7~bl; +http://www.semrush.com/bot.html)" "mantech8.com"
185.191.171.12 - - [23/Nov/2022:19:00:03 -0800] "GET /?camp-fire%2F27960921.html HTTP/1.1" 500 - "-" "Mozilla/5.0 (compatible; SemrushBot/7~bl; +http://www.semrush.com/bot.html)" "mantech8.com"
45.236.29.122 - - [23/Nov/2022:19:00:05 -0800] "GET /contact.php HTTP/1.1" 200 29238 "http://mantech8.com/contact.php" "Mozilla/5.0 (Windows NT 10.0) AppleWebKit/537.36 (KHTML, like Gecko) Chrome/90.0.4430.85 Safari/537.36" "mantech8.com"
45.236.29.122 - - [23/Nov/2022:19:00:07 -0800] "POST /mailer.php HTTP/1.1" 500 - "http://mantech8.com/contact.php" "Mozilla/5.0 (Windows NT 10.0) AppleWebKit/537.36 (KHTML, like Gecko) Chrome/90.0.4430.85 Safari/537.36" "mantech8.com"
185.191.171.25 - - [23/Nov/2022:19:00:15 -0800] "GET /?camp-fire%2F60396959.html HTTP/1.1" 500 - "-" "Mozilla/5.0 (compatible; SemrushBot/7~bl; +http://www.semrush.com/bot.html)" "mantech8.com"
185.191.171.39 - - [23/Nov/2022:19:00:21 -0800] "GET /?camp-fire%2F68928581.html HTTP/1.1" 500 - "-" "Mozilla/5.0 (compatible; SemrushBot/7~bl; +http://www.semrush.com/bot.html)" "mantech8.com"
194.88.152.40 - - [23/Nov/2022:19:00:26 -0800] "GET /contact.php HTTP/1.1" 200 29238 "http://mantech8.com/contact.php" "Mozilla/5.0 (Windows NT 6.1; WOW64) AppleWebKit/537.36 (KHTML, like Gecko) Chrome/90.0.4430.72 Safari/537.36" "mantech8.com"
194.88.152.40 - - [23/Nov/2022:19:00:41 -0800] "GET /verificationimage.php?2482 HTTP/1.1" 200 1354 "http://mantech8.com/contact.php" "Mozilla/5.0 (Windows NT 6.1; WOW64) AppleWebKit/537.36 (KHTML, like Gecko) Chrome/90.0.4430.72 Safari/537.36" "mantech8.com"
194.88.152.40 - - [23/Nov/2022:19:00:42 -0800] "POST /mailer.php HTTP/1.1" 500 - "http://mantech8.com/contact.php" "Mozilla/5.0 (Windows NT 6.1; WOW64) AppleWebKit/537.36 (KHTML, like Gecko) Chrome/90.0.4430.72 Safari/537.36" "mantech8.com"
185.191.171.5 - - [23/Nov/2022:19:00:51 -0800] "GET /?camp-fire%2F6139800.html HTTP/1.1" 500 - "-" "Mozilla/5.0 (compatible; SemrushBot/7~bl; +http://www.semrush.com/bot.html)" "mantech8.com"
185.191.171.2 - - [23/Nov/2022:19:00:56 -0800] "GET /?camp-fire%2F48072138.html HTTP/1.1" 500 - "-" "Mozilla/5.0 (compatible; SemrushBot/7~bl; +http://www.semrush.com/bot.html)" "mantech8.com"
207.46.13.125 - - [23/Nov/2022:19:01:16 -0800] "GET /index.php?/2022/04/10/%E4%BB%A4%E5%92%8C%E5%9B%9B%E5%B9%B4%E3%80%80%E5%A4%A7%E8%88%AC%E8%8B%A5%E4%BC%9A/ HTTP/1.1" 200 60614 "-" "Mozilla/5.0 (compatible; bingbot/2.0; +http://www.bing.com/bingbot.htm)" "mantech8.com"
185.191.171.23 - - [23/Nov/2022:19:01:56 -0800] "GET /?camp-fire%2F96198735.html HTTP/1.1" 500 - "-" "Mozilla/5.0 (compatible; SemrushBot/7~bl; +http://www.semrush.com/bot.html)" "mantech8.com"
185.191.171.16 - - [23/Nov/2022:19:02:12 -0800] "GET /?camp-fire%2F18059965.html HTTP/1.1" 500 - "-" "Mozilla/5.0 (compatible; SemrushBot/7~bl; +http://www.semrush.com/bot.html)" "mantech8.com"
185.191.171.44 - - [23/Nov/2022:19:02:24 -0800] "GET /?camp-fire%2F15642746.html HTTP/1.1" 500 - "-" "Mozilla/5.0 (compatible; SemrushBot/7~bl; +http://www.semrush.com/bot.html)" "mantech8.com"
114.119.133.130 - - [23/Nov/2022:19:02:26 -0800] "GET /?sitemap870.xml HTTP/1.1" 200 270219 "-" "Mozilla/5.0 (compatible;PetalBot;+https://webmaster.petalsearch.com/site/petalbot)" "mantech8.com"
185.191.171.26 - - [23/Nov/2022:19:02:29 -0800] "GET /?camp-fire%2F51068350.html HTTP/1.1" 500 - "-" "Mozilla/5.0 (compatible; SemrushBot/7~bl; +http://www.semrush.com/bot.html)" "mantech8.com"
185.191.171.23 - - [23/Nov/2022:19:02:57 -0800] "GET /?camp-fire%2F33778508.html HTTP/1.1" 500 - "-" "Mozilla/5.0 (compatible; SemrushBot/7~bl; +http://www.semrush.com/bot.html)" "mantech8.com"
185.191.171.35 - - [23/Nov/2022:19:03:01 -0800] "GET /?camp-fire%2F51433602.html HTTP/1.1" 500 - "-" "Mozilla/5.0 (compatible; SemrushBot/7~bl; +http://www.semrush.com/bot.html)" "mantech8.com"
185.191.171.11 - - [23/Nov/2022:19:03:51 -0800] "GET /?camp-fire%2F9103708.html HTTP/1.1" 500 - "-" "Mozilla/5.0 (compatible; SemrushBot/7~bl; +http://www.semrush.com/bot.html)" "mantech8.com"
185.191.171.25 - - [23/Nov/2022:19:03:57 -0800] "GET /?camp-fire%2F38841217.html HTTP/1.1" 500 - "-" "Mozilla/5.0 (compatible; SemrushBot/7~bl; +http://www.semrush.com/bot.html)" "mantech8.com"
207.46.13.177 - - [23/Nov/2022:19:04:47 -0800] "GET / HTTP/1.1" 200 64517 "-" "Mozilla/5.0 (compatible; bingbot/2.0; +http://www.bing.com/bingbot.htm)" "www.mantech8.com"
185.191.171.41 - - [23/Nov/2022:19:05:31 -0800] "GET /?camp-fire%2F25705530.html HTTP/1.1" 500 - "-" "Mozilla/5.0 (compatible; SemrushBot/7~bl; +http://www.semrush.com/bot.html)" "mantech8.com"
185.191.171.43 - - [23/Nov/2022:19:05:42 -0800] "GET /?camp-fire%2F18233696.html HTTP/1.1" 500 - "-" "Mozilla/5.0 (compatible; SemrushBot/7~bl; +http://www.semrush.com/bot.html)" "mantech8.com"
185.108.105.36 - - [23/Nov/2022:19:06:37 -0800] "POST /wp-content/languages/index.php HTTP/1.1" 200 4012 "-" "Mozilla/5.0 (Windows NT 10.0; Win64; x64) AppleWebKit/537.36 (KHTML, like Gecko) Chrome/90.0.4430.85 Safari/537.36" "www.mantech8.com"
185.108.105.36 - - [23/Nov/2022:19:06:38 -0800] "POST /wp-content/languages/index.php?option&opt=delete&path=www/wp-content/languages&type=file&name=wp-admin.php HTTP/1.1" 200 1086 "-" "Mozilla/5.0 (Windows NT 10.0; Win64; x64) AppleWebKit/537.36 (KHTML, like Gecko) Chrome/90.0.4430.85 Safari/537.36" "www.mantech8.com"
185.191.171.9 - - [23/Nov/2022:19:06:38 -0800] "GET /?camp-fire%2F44874061.html HTTP/1.1" 500 - "-" "Mozilla/5.0 (compatible; SemrushBot/7~bl; +http://www.semrush.com/bot.html)" "mantech8.com"
185.191.171.9 - - [23/Nov/2022:19:07:18 -0800] "GET /?camp-fire%2F16064846.html HTTP/1.1" 500 - "-" "Mozilla/5.0 (compatible; SemrushBot/7~bl; +http://www.semrush.com/bot.html)" "mantech8.com"
185.191.171.23 - - [23/Nov/2022:19:07:37 -0800] "GET /?camp-fire%2F35096225.html HTTP/1.1" 500 - "-" "Mozilla/5.0 (compatible; SemrushBot/7~bl; +http://www.semrush.com/bot.html)" "mantech8.com"
185.108.105.36 - - [23/Nov/2022:19:07:46 -0800] "POST /wp-content/languages/index.php HTTP/1.1" 200 4012 "-" "Mozilla/5.0 (Windows NT 10.0; Win64; x64) AppleWebKit/537.36 (KHTML, like Gecko) Chrome/90.0.4430.85 Safari/537.36" "www.mantech8.com"
185.108.105.36 - - [23/Nov/2022:19:07:47 -0800] "POST /wp-content/languages/index.php?option&opt=delete&path=www/wp-content/languages&type=file&name=wp-widgets.php HTTP/1.1" 200 1086 "-" "Mozilla/5.0 (Windows NT 10.0; Win64; x64) AppleWebKit/537.36 (KHTML, like Gecko) Chrome/90.0.4430.85 Safari/537.36" "www.mantech8.com"
185.108.105.36 - - [23/Nov/2022:19:07:47 -0800] "POST /wp-content/languages/index.php HTTP/1.1" 200 4062 "-" "Mozilla/5.0 (Windows NT 10.0; Win64; x64) AppleWebKit/537.36 (KHTML, like Gecko) Chrome/90.0.4430.85 Safari/537.36" "www.mantech8.com"
207.46.13.100 - - [23/Nov/2022:19:07:47 -0800] "GET /services.php HTTP/1.1" 200 39198 "-" "Mozilla/5.0 (compatible; bingbot/2.0; +http://www.bing.com/bingbot.htm)" "mantech8.com"
207.46.13.125 - - [23/Nov/2022:19:08:06 -0800] "GET /revolution/js/revolution.extension.kenburn.min.js HTTP/1.1" 200 1285 "-" "Mozilla/5.0 (compatible; bingbot/2.0; +http://www.bing.com/bingbot.htm)" "mantech8.com"
207.46.13.125 - - [23/Nov/2022:19:08:06 -0800] "GET /revolution/js/revolution.extension.navigation.min.js HTTP/1.1" 200 6533 "-" "Mozilla/5.0 AppleWebKit/537.36 (KHTML, like Gecko; compatible; bingbot/2.0; +http://www.bing.com/bingbot.htm) Chrome/103.0.5060.134 Safari/537.36" "mantech8.com"
207.46.13.177 - - [23/Nov/2022:19:08:07 -0800] "GET /enginenew/jquery.js HTTP/1.1" 200 33282 "-" "Mozilla/5.0 (compatible; bingbot/2.0; +http://www.bing.com/bingbot.htm)" "mantech8.com"
40.77.167.26 - - [23/Nov/2022:19:08:07 -0800] "GET /enginenew/style.css HTTP/1.1" 200 2803 "-" "Mozilla/5.0 (compatible; bingbot/2.0; +http://www.bing.com/bingbot.htm)" "mantech8.com"
40.77.167.67 - - [23/Nov/2022:19:08:10 -0800] "GET /enginenew/script.js HTTP/1.1" 200 2804 "-" "Mozilla/5.0 (compatible; bingbot/2.0; +http://www.bing.com/bingbot.htm)" "mantech8.com"
207.46.13.100 - - [23/Nov/2022:19:08:10 -0800] "GET /js/core.min1.js HTTP/1.1" 200 5104 "-" "Mozilla/5.0 AppleWebKit/537.36 (KHTML, like Gecko; compatible; bingbot/2.0; +http://www.bing.com/bingbot.htm) Chrome/103.0.5060.134 Safari/537.36" "mantech8.com"
207.46.13.100 - - [23/Nov/2022:19:08:11 -0800] "GET /js/jquery.rd-parallax.js HTTP/1.1" 200 2021 "-" "Mozilla/5.0 AppleWebKit/537.36 (KHTML, like Gecko; compatible; bingbot/2.0; +http://www.bing.com/bingbot.htm) Chrome/103.0.5060.134 Safari/537.36" "mantech8.com"
207.46.13.100 - - [23/Nov/2022:19:08:11 -0800] "GET /js/plugins.js HTTP/1.1" 200 67071 "-" "Mozilla/5.0 AppleWebKit/537.36 (KHTML, like Gecko; compatible; bingbot/2.0; +http://www.bing.com/bingbot.htm) Chrome/103.0.5060.134 Safari/537.36" "mantech8.com"
207.46.13.100 - - [23/Nov/2022:19:08:11 -0800] "GET /revolution/js/jquery.themepunch.tools.min.js HTTP/1.1" 200 36033 "-" "Mozilla/5.0 AppleWebKit/537.36 (KHTML, like Gecko; compatible; bingbot/2.0; +http://www.bing.com/bingbot.htm) Chrome/103.0.5060.134 Safari/537.36" "mantech8.com"
157.55.39.123 - - [23/Nov/2022:19:08:16 -0800] "GET /js/custom.js HTTP/1.1" 200 1648 "-" "Mozilla/5.0 AppleWebKit/537.36 (KHTML, like Gecko; compatible; bingbot/2.0; +http://www.bing.com/bingbot.htm) Chrome/103.0.5060.134 Safari/537.36" "mantech8.com"
157.55.39.123 - - [23/Nov/2022:19:08:16 -0800] "GET /js/jquery-migrate-1.2.1.min.js HTTP/1.1" 200 3063 "-" "Mozilla/5.0 (compatible; bingbot/2.0; +http://www.bing.com/bingbot.htm)" "mantech8.com"
157.55.39.123 - - [23/Nov/2022:19:08:16 -0800] "GET /revolution/js/revolution.extension.carousel.min.js HTTP/1.1" 200 2465 "-" "Mozilla/5.0 (compatible; bingbot/2.0; +http://www.bing.com/bingbot.htm)" "mantech8.com"
185.108.105.36 - - [23/Nov/2022:19:06:38 -0800] "POST /wp-content/languages/index.php HTTP/1.1" 500 100 "-" "Mozilla/5.0 (Windows NT 10.0; Win64; x64) AppleWebKit/537.36 (KHTML, like Gecko) Chrome/90.0.4430.85 Safari/537.36" "www.mantech8.com"
207.46.13.177 - - [23/Nov/2022:19:08:21 -0800] "GET /js/jquery-1.11.3.min.js HTTP/1.1" 200 33279 "-" "Mozilla/5.0 (compatible; bingbot/2.0; +http://www.bing.com/bingbot.htm)" "mantech8.com"
207.46.13.177 - - [23/Nov/2022:19:08:21 -0800] "GET /revolution/js/revolution.extension.layeranimation.min.js HTTP/1.1" 200 8295 "-" "Mozilla/5.0 (compatible; bingbot/2.0; +http://www.bing.com/bingbot.htm)" "mantech8.com"
207.46.13.177 - - [23/Nov/2022:19:08:21 -0800] "GET /revolution/js/revolution.extension.slideanims.min.js HTTP/1.1" 200 6622 "-" "Mozilla/5.0 AppleWebKit/537.36 (KHTML, like Gecko; compatible; bingbot/2.0; +http://www.bing.com/bingbot.htm) Chrome/103.0.5060.134 Safari/537.36" "mantech8.com"
207.46.13.177 - - [23/Nov/2022:19:08:22 -0800] "GET /revolution/js/revolution.extension.video.min.js HTTP/1.1" 200 5233 "-" "Mozilla/5.0 (compatible; bingbot/2.0; +http://www.bing.com/bingbot.htm)" "mantech8.com"
40.77.167.26 - - [23/Nov/2022:19:08:27 -0800] "GET /enginenew/wowslider.js HTTP/1.1" 200 9696 "-" "Mozilla/5.0 (compatible; bingbot/2.0; +http://www.bing.com/bingbot.htm)" "mantech8.com"
40.77.167.26 - - [23/Nov/2022:19:08:27 -0800] "GET /js/rd-smoothscroll.min1.js HTTP/1.1" 200 1124 "-" "Mozilla/5.0 (compatible; bingbot/2.0; +http://www.bing.com/bingbot.htm)" "mantech8.com"
40.77.167.26 - - [23/Nov/2022:19:08:27 -0800] "GET /revolution/js/revolution.extension.actions.min.js HTTP/1.1" 200 2110 "-" "Mozilla/5.0 AppleWebKit/537.36 (KHTML, like Gecko; compatible; bingbot/2.0; +http://www.bing.com/bingbot.htm) Chrome/103.0.5060.134 Safari/537.36" "mantech8.com"
40.77.167.67 - - [23/Nov/2022:19:08:32 -0800] "GET /js/wow.js HTTP/1.1" 200 2795 "-" "Mozilla/5.0 AppleWebKit/537.36 (KHTML, like Gecko; compatible; bingbot/2.0; +http://www.bing.com/bingbot.htm) Chrome/103.0.5060.134 Safari/537.36" "mantech8.com"
40.77.167.67 - - [23/Nov/2022:19:08:32 -0800] "GET /revolution/js/jquery.themepunch.revolution.min.js HTTP/1.1" 200 14034 "-" "Mozilla/5.0 (compatible; bingbot/2.0; +http://www.bing.com/bingbot.htm)" "mantech8.com"
40.77.167.67 - - [23/Nov/2022:19:08:32 -0800] "GET /revolution/js/revolution.extension.migration.min.js HTTP/1.1" 200 1739 "-" "Mozilla/5.0 (compatible; bingbot/2.0; +http://www.bing.com/bingbot.htm)" "mantech8.com"
40.77.167.67 - - [23/Nov/2022:19:08:32 -0800] "GET /revolution/js/revolution.extension.parallax.min.js HTTP/1.1" 200 2490 "-" "Mozilla/5.0 AppleWebKit/537.36 (KHTML, like Gecko; compatible; bingbot/2.0; +http://www.bing.com/bingbot.htm) Chrome/103.0.5060.134 Safari/537.36" "mantech8.com"
185.191.171.38 - - [23/Nov/2022:19:10:10 -0800] "GET /?camp-fire%2F32718465.html HTTP/1.1" 500 - "-" "Mozilla/5.0 (compatible; SemrushBot/7~bl; +http://www.semrush.com/bot.html)" "mantech8.com"
185.191.171.1 - - [23/Nov/2022:19:10:39 -0800] "GET /?camp-fire%2F46657102.html HTTP/1.1" 500 - "-" "Mozilla/5.0 (compatible; SemrushBot/7~bl; +http://www.semrush.com/bot.html)" "mantech8.com"
185.191.171.35 - - [23/Nov/2022:19:10:43 -0800] "GET /?camp-fire%2F97939942.html HTTP/1.1" 500 - "-" "Mozilla/5.0 (compatible; SemrushBot/7~bl; +http://www.semrush.com/bot.html)" "mantech8.com"
185.191.171.2 - - [23/Nov/2022:19:11:02 -0800] "GET /?camp-fire%2F46758692.html HTTP/1.1" 500 - "-" "Mozilla/5.0 (compatible; SemrushBot/7~bl; +http://www.semrush.com/bot.html)" "mantech8.com"
185.191.171.33 - - [23/Nov/2022:19:12:22 -0800] "GET /?camp-fire%2F57789371.html HTTP/1.1" 500 - "-" "Mozilla/5.0 (compatible; SemrushBot/7~bl; +http://www.semrush.com/bot.html)" "mantech8.com"
185.191.171.39 - - [23/Nov/2022:19:12:40 -0800] "GET /?camp-fire%2F46277072.html HTTP/1.1" 500 - "-" "Mozilla/5.0 (compatible; SemrushBot/7~bl; +http://www.semrush.com/bot.html)" "mantech8.com"
185.191.171.9 - - [23/Nov/2022:19:13:01 -0800] "GET /?camp-fire%2F45325655.html HTTP/1.1" 500 - "-" "Mozilla/5.0 (compatible; SemrushBot/7~bl; +http://www.semrush.com/bot.html)" "mantech8.com"
185.191.171.5 - - [23/Nov/2022:19:13:33 -0800] "GET /?camp-fire%2F45251103.html HTTP/1.1" 500 - "-" "Mozilla/5.0 (compatible; SemrushBot/7~bl; +http://www.semrush.com/bot.html)" "mantech8.com"
185.191.171.6 - - [23/Nov/2022:19:14:09 -0800] "GET /?camp-fire%2F48067176.html HTTP/1.1" 500 - "-" "Mozilla/5.0 (compatible; SemrushBot/7~bl; +http://www.semrush.com/bot.html)" "mantech8.com"
185.191.171.11 - - [23/Nov/2022:19:14:12 -0800] "GET /?camp-fire%2F8657421.html HTTP/1.1" 500 - "-" "Mozilla/5.0 (compatible; SemrushBot/7~bl; +http://www.semrush.com/bot.html)" "mantech8.com"
103.131.71.129 - - [23/Nov/2022:19:14:18 -0800] "GET /robots.txt HTTP/1.1" 200 106 "-" "Mozilla/5.0 (compatible; coccocbot-web/1.0; +http://help.coccoc.com/searchengine)" "mantech8.com"
185.191.171.34 - - [23/Nov/2022:19:14:19 -0800] "GET /?camp-fire%2F25222650.html HTTP/1.1" 500 - "-" "Mozilla/5.0 (compatible; SemrushBot/7~bl; +http://www.semrush.com/bot.html)" "mantech8.com"
185.191.171.11 - - [23/Nov/2022:19:14:42 -0800] "GET /?camp-fire%2F28455964.html HTTP/1.1" 500 - "-" "Mozilla/5.0 (compatible; SemrushBot/7~bl; +http://www.semrush.com/bot.html)" "mantech8.com"
185.191.171.11 - - [23/Nov/2022:19:14:54 -0800] "GET /?camp-fire%2F51067950.html HTTP/1.1" 500 - "-" "Mozilla/5.0 (compatible; SemrushBot/7~bl; +http://www.semrush.com/bot.html)" "mantech8.com"
40.77.167.26 - - [23/Nov/2022:19:15:08 -0800] "GET /index.php/wtzk-f1a01ebc-n2jfq.ii HTTP/1.1" 200 63143 "-" "Mozilla/5.0 (compatible; bingbot/2.0; +http://www.bing.com/bingbot.htm)" "mantech8.com"
207.46.13.125 - - [23/Nov/2022:19:16:57 -0800] "GET /txf8-bbb38cfb-ApC8u.Ii HTTP/1.1" 404 88 "-" "Mozilla/5.0 (compatible; bingbot/2.0; +http://www.bing.com/bingbot.htm)" "www.mantech8.com"
185.191.171.17 - - [23/Nov/2022:19:17:09 -0800] "GET /?camp-fire%2F74833298.html HTTP/1.1" 500 - "-" "Mozilla/5.0 (compatible; SemrushBot/7~bl; +http://www.semrush.com/bot.html)" "mantech8.com"
185.191.171.2 - - [23/Nov/2022:19:17:15 -0800] "GET /?camp-fire%2F61121635.html HTTP/1.1" 500 - "-" "Mozilla/5.0 (compatible; SemrushBot/7~bl; +http://www.semrush.com/bot.html)" "mantech8.com"
185.191.171.22 - - [23/Nov/2022:19:17:24 -0800] "GET /?camp-fire%2F75737942.html HTTP/1.1" 500 - "-" "Mozilla/5.0 (compatible; SemrushBot/7~bl; +http://www.semrush.com/bot.html)" "mantech8.com"
185.191.171.33 - - [23/Nov/2022:19:17:51 -0800] "GET /?camp-fire%2F14844959.html HTTP/1.1" 500 - "-" "Mozilla/5.0 (compatible; SemrushBot/7~bl; +http://www.semrush.com/bot.html)" "mantech8.com"
185.191.171.19 - - [23/Nov/2022:19:17:54 -0800] "GET /?camp-fire%2F44609989.html HTTP/1.1" 500 - "-" "Mozilla/5.0 (compatible; SemrushBot/7~bl; +http://www.semrush.com/bot.html)" "mantech8.com"
185.191.171.7 - - [23/Nov/2022:19:18:33 -0800] "GET /?camp-fire%2F72179284.html HTTP/1.1" 500 - "-" "Mozilla/5.0 (compatible; SemrushBot/7~bl; +http://www.semrush.com/bot.html)" "mantech8.com"
185.191.171.43 - - [23/Nov/2022:19:18:57 -0800] "GET /?camp-fire%2F44988335.html HTTP/1.1" 500 - "-" "Mozilla/5.0 (compatible; SemrushBot/7~bl; +http://www.semrush.com/bot.html)" "mantech8.com"
185.191.171.8 - - [23/Nov/2022:19:18:58 -0800] "GET /?camp-fire%2F20932378.html HTTP/1.1" 500 - "-" "Mozilla/5.0 (compatible; SemrushBot/7~bl; +http://www.semrush.com/bot.html)" "mantech8.com"
207.46.13.125 - - [23/Nov/2022:19:19:08 -0800] "GET /index.php/eaYH-50ff-RmmBr.Ii HTTP/1.1" 200 73210 "-" "Mozilla/5.0 (compatible; bingbot/2.0; +http://www.bing.com/bingbot.htm)" "mantech8.com"
157.55.39.123 - - [23/Nov/2022:19:19:23 -0800] "GET /?/content/channel/5de8b9537f8b9ae977f5838b/ HTTP/1.1" 200 57364 "-" "Mozilla/5.0 (compatible; bingbot/2.0; +http://www.bing.com/bingbot.htm)" "mantech8.com"
185.191.171.5 - - [23/Nov/2022:19:19:35 -0800] "GET /?camp-fire%2F17363090.html HTTP/1.1" 500 - "-" "Mozilla/5.0 (compatible; SemrushBot/7~bl; +http://www.semrush.com/bot.html)" "mantech8.com"
185.191.171.41 - - [23/Nov/2022:19:21:04 -0800] "GET /?camp-fire%2F34879959.html HTTP/1.1" 500 - "-" "Mozilla/5.0 (compatible; SemrushBot/7~bl; +http://www.semrush.com/bot.html)" "mantech8.com"
185.191.171.1 - - [23/Nov/2022:19:21:05 -0800] "GET /?camp-fire%2F49734308.html HTTP/1.1" 500 - "-" "Mozilla/5.0 (compatible; SemrushBot/7~bl; +http://www.semrush.com/bot.html)" "mantech8.com"
185.191.171.22 - - [23/Nov/2022:19:21:20 -0800] "GET /?camp-fire%2F47640608.html HTTP/1.1" 500 - "-" "Mozilla/5.0 (compatible; SemrushBot/7~bl; +http://www.semrush.com/bot.html)" "mantech8.com"
114.119.154.128 - - [23/Nov/2022:19:21:44 -0800] "GET /index.php/sitemap-index-8.xml HTTP/1.1" 200 4837 "-" "Mozilla/5.0 (compatible;PetalBot;+https://webmaster.petalsearch.com/site/petalbot)" "mantech8.com"
185.191.171.23 - - [23/Nov/2022:19:21:48 -0800] "GET /?camp-fire%2F82806000.html HTTP/1.1" 500 - "-" "Mozilla/5.0 (compatible; SemrushBot/7~bl; +http://www.semrush.com/bot.html)" "mantech8.com"
185.191.171.2 - - [23/Nov/2022:19:21:59 -0800] "GET /?camp-fire%2F36774935.html HTTP/1.1" 500 - "-" "Mozilla/5.0 (compatible; SemrushBot/7~bl; +http://www.semrush.com/bot.html)" "mantech8.com"
185.191.171.45 - - [23/Nov/2022:19:22:14 -0800] "GET /?camp-fire%2F62215360.html HTTP/1.1" 500 - "-" "Mozilla/5.0 (compatible; SemrushBot/7~bl; +http://www.semrush.com/bot.html)" "mantech8.com"
185.191.171.6 - - [23/Nov/2022:19:22:27 -0800] "GET /?camp-fire%2F7882942.html HTTP/1.1" 500 - "-" "Mozilla/5.0 (compatible; SemrushBot/7~bl; +http://www.semrush.com/bot.html)" "mantech8.com"
185.191.171.23 - - [23/Nov/2022:19:22:44 -0800] "GET /?camp-fire%2F30672655.html HTTP/1.1" 500 - "-" "Mozilla/5.0 (compatible; SemrushBot/7~bl; +http://www.semrush.com/bot.html)" "mantech8.com"
40.77.167.26 - - [23/Nov/2022:19:22:49 -0800] "GET /index.php/7B7V-d2be-YuoB8.Ii HTTP/1.1" 200 72065 "-" "Mozilla/5.0 AppleWebKit/537.36 (KHTML, like Gecko; compatible; bingbot/2.0; +http://www.bing.com/bingbot.htm) Chrome/103.0.5060.134 Safari/537.36" "www.mantech8.com"
185.191.171.8 - - [23/Nov/2022:19:23:40 -0800] "GET /?camp-fire%2F32499268.html HTTP/1.1" 500 - "-" "Mozilla/5.0 (compatible; SemrushBot/7~bl; +http://www.semrush.com/bot.html)" "mantech8.com"
40.77.167.67 - - [23/Nov/2022:19:24:32 -0800] "GET /index.php/egy1-0345cffdda-ve77x.ii HTTP/1.1" 200 67182 "-" "Mozilla/5.0 (compatible; bingbot/2.0; +http://www.bing.com/bingbot.htm)" "mantech8.com"
43.138.31.47 - - [23/Nov/2022:19:25:40 -0800] "GET /contact.php HTTP/1.1" 200 29237 "http://mantech8.com/contact.php" "Mozilla/5.0 (Windows NT 6.1) AppleWebKit/537.36 (KHTML, like Gecko) Chrome/90.0.4430.93 Safari/537.36" "mantech8.com"
43.138.31.47 - - [23/Nov/2022:19:25:42 -0800] "POST /mailer.php HTTP/1.1" 500 - "http://mantech8.com/contact.php" "Mozilla/5.0 (Windows NT 6.1) AppleWebKit/537.36 (KHTML, like Gecko) Chrome/90.0.4430.93 Safari/537.36" "mantech8.com"
185.191.171.15 - - [23/Nov/2022:19:26:01 -0800] "GET /?camp-fire%2F6683451.html HTTP/1.1" 500 - "-" "Mozilla/5.0 (compatible; SemrushBot/7~bl; +http://www.semrush.com/bot.html)" "mantech8.com"
185.191.171.20 - - [23/Nov/2022:19:26:33 -0800] "GET /?camp-fire%2F75174650.html HTTP/1.1" 500 - "-" "Mozilla/5.0 (compatible; SemrushBot/7~bl; +http://www.semrush.com/bot.html)" "mantech8.com"
207.46.13.100 - - [23/Nov/2022:19:27:08 -0800] "GET /F2si-86a20fde-DkTc9.Ii HTTP/1.1" 404 88 "-" "Mozilla/5.0 (compatible; bingbot/2.0; +http://www.bing.com/bingbot.htm)" "www.mantech8.com"
185.191.171.7 - - [23/Nov/2022:19:27:09 -0800] "GET /?camp-fire%2F15210229.html HTTP/1.1" 500 - "-" "Mozilla/5.0 (compatible; SemrushBot/7~bl; +http://www.semrush.com/bot.html)" "mantech8.com"
185.191.171.33 - - [23/Nov/2022:19:27:16 -0800] "GET /?camp-fire%2F33613559.html HTTP/1.1" 500 - "-" "Mozilla/5.0 (compatible; SemrushBot/7~bl; +http://www.semrush.com/bot.html)" "mantech8.com"
40.77.167.67 - - [23/Nov/2022:19:27:33 -0800] "GET /index.php/K937-b25fbaaebb-748fQ.Ii HTTP/1.1" 200 65445 "-" "Mozilla/5.0 (compatible; bingbot/2.0; +http://www.bing.com/bingbot.htm)" "www.mantech8.com"
185.191.171.5 - - [23/Nov/2022:19:27:56 -0800] "GET /?camp-fire%2F44541025.html HTTP/1.1" 500 - "-" "Mozilla/5.0 (compatible; SemrushBot/7~bl; +http://www.semrush.com/bot.html)" "mantech8.com"
114.119.142.217 - - [23/Nov/2022:19:27:59 -0800] "GET /index.php?sitemap445.xml HTTP/1.1" 200 289575 "-" "Mozilla/5.0 (compatible;PetalBot;+https://webmaster.petalsearch.com/site/petalbot)" "mantech8.com"
185.191.171.11 - - [23/Nov/2022:19:28:25 -0800] "GET /?camp-fire%2F4882174.html HTTP/1.1" 500 - "-" "Mozilla/5.0 (compatible; SemrushBot/7~bl; +http://www.semrush.com/bot.html)" "mantech8.com"
185.191.171.12 - - [23/Nov/2022:19:29:32 -0800] "GET /?camp-fire%2F37429821.html HTTP/1.1" 500 - "-" "Mozilla/5.0 (compatible; SemrushBot/7~bl; +http://www.semrush.com/bot.html)" "mantech8.com"
185.191.171.40 - - [23/Nov/2022:19:29:37 -0800] "GET /?camp-fire%2F5297477.html HTTP/1.1" 500 - "-" "Mozilla/5.0 (compatible; SemrushBot/7~bl; +http://www.semrush.com/bot.html)" "mantech8.com"
185.191.171.8 - - [23/Nov/2022:19:30:21 -0800] "GET /?camp-fire%2F17672859.html HTTP/1.1" 500 - "-" "Mozilla/5.0 (compatible; SemrushBot/7~bl; +http://www.semrush.com/bot.html)" "mantech8.com"
185.125.207.243 - - [23/Nov/2022:19:30:50 -0800] "POST /wp-content/languages/index.php HTTP/1.1" 200 4012 "-" "Mozilla/5.0 (Windows NT 10.0; Win64; x64) AppleWebKit/537.36 (KHTML, like Gecko) Chrome/90.0.4430.85 Safari/537.36" "www.mantech8.com"
185.125.207.243 - - [23/Nov/2022:19:30:52 -0800] "POST /wp-content/languages/index.php?option&opt=delete&path=www/wp-content/languages&type=file&name=wp-admin.php HTTP/1.1" 200 1086 "-" "Mozilla/5.0 (Windows NT 10.0; Win64; x64) AppleWebKit/537.36 (KHTML, like Gecko) Chrome/90.0.4430.85 Safari/537.36" "www.mantech8.com"
185.125.207.243 - - [23/Nov/2022:19:30:52 -0800] "POST /wp-content/languages/index.php HTTP/1.1" 200 4062 "-" "Mozilla/5.0 (Windows NT 10.0; Win64; x64) AppleWebKit/537.36 (KHTML, like Gecko) Chrome/90.0.4430.85 Safari/537.36" "www.mantech8.com"
185.191.171.4 - - [23/Nov/2022:19:31:26 -0800] "GET /?camp-fire%2F51858288.html HTTP/1.1" 500 - "-" "Mozilla/5.0 (compatible; SemrushBot/7~bl; +http://www.semrush.com/bot.html)" "mantech8.com"
185.191.171.44 - - [23/Nov/2022:19:31:58 -0800] "GET /?camp-fire%2F64931951.html HTTP/1.1" 500 - "-" "Mozilla/5.0 (compatible; SemrushBot/7~bl; +http://www.semrush.com/bot.html)" "mantech8.com"
185.125.207.243 - - [23/Nov/2022:19:32:32 -0800] "POST /wp-content/languages/index.php HTTP/1.1" 200 4012 "-" "Mozilla/5.0 (Windows NT 10.0; Win64; x64) AppleWebKit/537.36 (KHTML, like Gecko) Chrome/90.0.4430.85 Safari/537.36" "www.mantech8.com"
185.125.207.243 - - [23/Nov/2022:19:32:32 -0800] "POST /wp-content/languages/index.php?option&opt=delete&path=www/wp-content/languages&type=file&name=wp-widgets.php HTTP/1.1" 200 1086 "-" "Mozilla/5.0 (Windows NT 10.0; Win64; x64) AppleWebKit/537.36 (KHTML, like Gecko) Chrome/90.0.4430.85 Safari/537.36" "www.mantech8.com"
185.125.207.243 - - [23/Nov/2022:19:32:33 -0800] "POST /wp-content/languages/index.php HTTP/1.1" 200 4062 "-" "Mozilla/5.0 (Windows NT 10.0; Win64; x64) AppleWebKit/537.36 (KHTML, like Gecko) Chrome/90.0.4430.85 Safari/537.36" "www.mantech8.com"
185.191.171.9 - - [23/Nov/2022:19:32:47 -0800] "GET /?camp-fire%2F47970850.html HTTP/1.1" 500 - "-" "Mozilla/5.0 (compatible; SemrushBot/7~bl; +http://www.semrush.com/bot.html)" "mantech8.com"
185.191.171.3 - - [23/Nov/2022:19:32:48 -0800] "GET /?camp-fire%2F54975835.html HTTP/1.1" 500 - "-" "Mozilla/5.0 (compatible; SemrushBot/7~bl; +http://www.semrush.com/bot.html)" "mantech8.com"
185.191.171.36 - - [23/Nov/2022:19:33:10 -0800] "GET /?camp-fire%2F6449272.html HTTP/1.1" 500 - "-" "Mozilla/5.0 (compatible; SemrushBot/7~bl; +http://www.semrush.com/bot.html)" "mantech8.com"
77.75.79.31 - - [23/Nov/2022:19:33:53 -0800] "GET /bimages/ework/ HTTP/1.1" 200 419 "-" "Mozilla/5.0 (compatible; SeznamBot/4.0-RC1; +http://napoveda.seznam.cz/seznambot-intro/)" "www.mantech8.com"
185.191.171.41 - - [23/Nov/2022:19:34:28 -0800] "GET /?camp-fire%2F18021065.html HTTP/1.1" 500 - "-" "Mozilla/5.0 (compatible; SemrushBot/7~bl; +http://www.semrush.com/bot.html)" "mantech8.com"
185.191.171.24 - - [23/Nov/2022:19:34:35 -0800] "GET /?camp-fire%2F33740225.html HTTP/1.1" 500 - "-" "Mozilla/5.0 (compatible; SemrushBot/7~bl; +http://www.semrush.com/bot.html)" "mantech8.com"
185.191.171.5 - - [23/Nov/2022:19:35:19 -0800] "GET /?camp-fire%2F45092016.html HTTP/1.1" 500 - "-" "Mozilla/5.0 (compatible; SemrushBot/7~bl; +http://www.semrush.com/bot.html)" "mantech8.com"
185.191.171.11 - - [23/Nov/2022:19:35:42 -0800] "GET /?camp-fire%2F40106297.html HTTP/1.1" 500 - "-" "Mozilla/5.0 (compatible; SemrushBot/7~bl; +http://www.semrush.com/bot.html)" "mantech8.com"
185.191.171.20 - - [23/Nov/2022:19:36:19 -0800] "GET /?camp-fire%2F18086981.html HTTP/1.1" 500 - "-" "Mozilla/5.0 (compatible; SemrushBot/7~bl; +http://www.semrush.com/bot.html)" "mantech8.com"
185.191.171.4 - - [23/Nov/2022:19:36:24 -0800] "GET /?camp-fire%2F39186603.html HTTP/1.1" 500 - "-" "Mozilla/5.0 (compatible; SemrushBot/7~bl; +http://www.semrush.com/bot.html)" "mantech8.com"
185.191.171.6 - - [23/Nov/2022:19:36:30 -0800] "GET /?camp-fire%2F27759898.html HTTP/1.1" 500 - "-" "Mozilla/5.0 (compatible; SemrushBot/7~bl; +http://www.semrush.com/bot.html)" "mantech8.com"
185.191.171.23 - - [23/Nov/2022:19:36:37 -0800] "GET /?camp-fire%2F6272777.html HTTP/1.1" 500 - "-" "Mozilla/5.0 (compatible; SemrushBot/7~bl; +http://www.semrush.com/bot.html)" "mantech8.com"
185.191.171.13 - - [23/Nov/2022:19:37:05 -0800] "GET /?camp-fire%2F28500271.html HTTP/1.1" 500 - "-" "Mozilla/5.0 (compatible; SemrushBot/7~bl; +http://www.semrush.com/bot.html)" "mantech8.com"
185.191.171.23 - - [23/Nov/2022:19:37:18 -0800] "GET /?camp-fire%2F38117925.html HTTP/1.1" 500 - "-" "Mozilla/5.0 (compatible; SemrushBot/7~bl; +http://www.semrush.com/bot.html)" "mantech8.com"
185.191.171.11 - - [23/Nov/2022:19:38:00 -0800] "GET /?camp-fire%2F68904676.html HTTP/1.1" 500 - "-" "Mozilla/5.0 (compatible; SemrushBot/7~bl; +http://www.semrush.com/bot.html)" "mantech8.com"
185.191.171.6 - - [23/Nov/2022:19:38:02 -0800] "GET /?camp-fire%2F31888671.html HTTP/1.1" 500 - "-" "Mozilla/5.0 (compatible; SemrushBot/7~bl; +http://www.semrush.com/bot.html)" "mantech8.com"
185.191.171.2 - - [23/Nov/2022:19:38:33 -0800] "GET /?camp-fire%2F46582755.html HTTP/1.1" 500 - "-" "Mozilla/5.0 (compatible; SemrushBot/7~bl; +http://www.semrush.com/bot.html)" "mantech8.com"
185.191.171.35 - - [23/Nov/2022:19:38:47 -0800] "GET /?camp-fire%2F47009617.html HTTP/1.1" 500 - "-" "Mozilla/5.0 (compatible; SemrushBot/7~bl; +http://www.semrush.com/bot.html)" "mantech8.com"
185.191.171.11 - - [23/Nov/2022:19:39:32 -0800] "GET /?camp-fire%2F74934949.html HTTP/1.1" 500 - "-" "Mozilla/5.0 (compatible; SemrushBot/7~bl; +http://www.semrush.com/bot.html)" "mantech8.com"
185.191.171.37 - - [23/Nov/2022:19:41:31 -0800] "GET /?camp-fire%2F39182535.html HTTP/1.1" 500 - "-" "Mozilla/5.0 (compatible; SemrushBot/7~bl; +http://www.semrush.com/bot.html)" "mantech8.com"
114.119.151.219 - - [23/Nov/2022:19:41:54 -0800] "GET /sitemap9852.xml HTTP/1.1" 404 88 "-" "Mozilla/5.0 (compatible;PetalBot;+https://webmaster.petalsearch.com/site/petalbot)" "mantech8.com"
216.244.66.241 - - [23/Nov/2022:19:42:35 -0800] "GET /robots.txt HTTP/1.1" 200 222 "-" "Mozilla/5.0 (compatible; DotBot/1.2; +https://opensiteexplorer.org/dotbot; help@moz.com)" "mantech8.com"
216.244.66.241 - - [23/Nov/2022:19:42:35 -0800] "GET /robots.txt HTTP/1.1" 200 222 "-" "Mozilla/5.0 (compatible; DotBot/1.2; +https://opensiteexplorer.org/dotbot; help@moz.com)" "www.mantech8.com"
185.191.171.38 - - [23/Nov/2022:19:43:22 -0800] "GET /robots.txt HTTP/1.1" 200 106 "-" "Mozilla/5.0 (compatible; SemrushBot/7~bl; +http://www.semrush.com/bot.html)" "mantech8.com"
185.191.171.6 - - [23/Nov/2022:19:43:23 -0800] "GET /?camp-fire%2F47954103.html HTTP/1.1" 500 - "-" "Mozilla/5.0 (compatible; SemrushBot/7~bl; +http://www.semrush.com/bot.html)" "mantech8.com"
185.191.171.2 - - [23/Nov/2022:19:43:32 -0800] "GET /?camp-fire%2F72146685.html HTTP/1.1" 500 - "-" "Mozilla/5.0 (compatible; SemrushBot/7~bl; +http://www.semrush.com/bot.html)" "mantech8.com"
185.191.171.41 - - [23/Nov/2022:19:44:01 -0800] "GET /?camp-fire%2F85475027.html HTTP/1.1" 500 - "-" "Mozilla/5.0 (compatible; SemrushBot/7~bl; +http://www.semrush.com/bot.html)" "mantech8.com"
185.191.171.37 - - [23/Nov/2022:19:44:09 -0800] "GET /?camp-fire%2F35676550.html HTTP/1.1" 500 - "-" "Mozilla/5.0 (compatible; SemrushBot/7~bl; +http://www.semrush.com/bot.html)" "mantech8.com"
185.191.171.18 - - [23/Nov/2022:19:44:32 -0800] "GET /?camp-fire%2F45519149.html HTTP/1.1" 500 - "-" "Mozilla/5.0 (compatible; SemrushBot/7~bl; +http://www.semrush.com/bot.html)" "mantech8.com"
185.191.171.2 - - [23/Nov/2022:19:45:49 -0800] "GET /?camp-fire%2F33925489.html HTTP/1.1" 500 - "-" "Mozilla/5.0 (compatible; SemrushBot/7~bl; +http://www.semrush.com/bot.html)" "mantech8.com"
185.83.252.11 - - [23/Nov/2022:19:46:05 -0800] "GET /contact.php HTTP/1.1" 200 29238 "http://mantech8.com/contact.php" "Mozilla/5.0 (Windows NT 6.3) AppleWebKit/537.36 (KHTML, like Gecko) Chrome/90.0.4430.72 Safari/537.36" "mantech8.com"
185.83.252.11 - - [23/Nov/2022:19:46:07 -0800] "POST /mailer.php HTTP/1.1" 500 - "http://mantech8.com/contact.php" "Mozilla/5.0 (Windows NT 6.3) AppleWebKit/537.36 (KHTML, like Gecko) Chrome/90.0.4430.72 Safari/537.36" "mantech8.com"
185.191.171.3 - - [23/Nov/2022:19:46:23 -0800] "GET /?camp-fire%2F56628050.html HTTP/1.1" 500 - "-" "Mozilla/5.0 (compatible; SemrushBot/7~bl; +http://www.semrush.com/bot.html)" "mantech8.com"
185.191.171.25 - - [23/Nov/2022:19:47:02 -0800] "GET /?camp-fire%2F28249383.html HTTP/1.1" 500 - "-" "Mozilla/5.0 (compatible; SemrushBot/7~bl; +http://www.semrush.com/bot.html)" "mantech8.com"
185.191.171.1 - - [23/Nov/2022:19:48:55 -0800] "GET /?camp-fire%2F22206717.html HTTP/1.1" 500 - "-" "Mozilla/5.0 (compatible; SemrushBot/7~bl; +http://www.semrush.com/bot.html)" "mantech8.com"
185.191.171.24 - - [23/Nov/2022:19:49:14 -0800] "GET /?camp-fire%2F46491582.html HTTP/1.1" 500 - "-" "Mozilla/5.0 (compatible; SemrushBot/7~bl; +http://www.semrush.com/bot.html)" "mantech8.com"
185.191.171.43 - - [23/Nov/2022:19:49:21 -0800] "GET /?camp-fire%2F74275071.html HTTP/1.1" 500 - "-" "Mozilla/5.0 (compatible; SemrushBot/7~bl; +http://www.semrush.com/bot.html)" "mantech8.com"
185.191.171.7 - - [23/Nov/2022:19:49:48 -0800] "GET /?camp-fire%2F47811080.html HTTP/1.1" 500 - "-" "Mozilla/5.0 (compatible; SemrushBot/7~bl; +http://www.semrush.com/bot.html)" "mantech8.com"
185.191.171.35 - - [23/Nov/2022:19:49:59 -0800] "GET /?camp-fire%2F14919372.html HTTP/1.1" 500 - "-" "Mozilla/5.0 (compatible; SemrushBot/7~bl; +http://www.semrush.com/bot.html)" "mantech8.com"
185.191.171.15 - - [23/Nov/2022:19:50:45 -0800] "GET /?camp-fire%2F7651721.html HTTP/1.1" 500 - "-" "Mozilla/5.0 (compatible; SemrushBot/7~bl; +http://www.semrush.com/bot.html)" "mantech8.com"
185.191.171.41 - - [23/Nov/2022:19:51:25 -0800] "GET /?camp-fire%2F74834798.html HTTP/1.1" 500 - "-" "Mozilla/5.0 (compatible; SemrushBot/7~bl; +http://www.semrush.com/bot.html)" "mantech8.com"
185.191.171.44 - - [23/Nov/2022:19:51:27 -0800] "GET /?camp-fire%2F62911216.html HTTP/1.1" 500 - "-" "Mozilla/5.0 (compatible; SemrushBot/7~bl; +http://www.semrush.com/bot.html)" "mantech8.com"
185.191.171.38 - - [23/Nov/2022:19:51:29 -0800] "GET /?camp-fire%2F4910355.html HTTP/1.1" 500 - "-" "Mozilla/5.0 (compatible; SemrushBot/7~bl; +http://www.semrush.com/bot.html)" "mantech8.com"
185.191.171.1 - - [23/Nov/2022:19:53:51 -0800] "GET /?camp-fire%2F29448171.html HTTP/1.1" 500 - "-" "Mozilla/5.0 (compatible; SemrushBot/7~bl; +http://www.semrush.com/bot.html)" "mantech8.com"
185.191.171.44 - - [23/Nov/2022:19:53:56 -0800] "GET /?camp-fire%2F47107403.html HTTP/1.1" 500 - "-" "Mozilla/5.0 (compatible; SemrushBot/7~bl; +http://www.semrush.com/bot.html)" "mantech8.com"
207.46.13.177 - - [23/Nov/2022:19:54:12 -0800] "GET /index.php/IkfdA-a2bfbd-hFdr.Ii HTTP/1.1" 200 35636 "-" "Mozilla/5.0 (compatible; bingbot/2.0; +http://www.bing.com/bingbot.htm)" "mantech8.com"
185.191.171.19 - - [23/Nov/2022:19:54:41 -0800] "GET /?camp-fire%2F14027159.html HTTP/1.1" 500 - "-" "Mozilla/5.0 (compatible; SemrushBot/7~bl; +http://www.semrush.com/bot.html)" "mantech8.com"
185.125.207.243 - - [23/Nov/2022:19:55:41 -0800] "GET /wp-content/languages/wp-admin.php?sexx=sec HTTP/1.1" 500 - "-" "Mozilla/5.0 (Windows NT 10.0; Win64; x64) AppleWebKit/537.36 (KHTML, like Gecko) Chrome/90.0.4430.85 Safari/537.36" "www.mantech8.com"
207.46.13.100 - - [23/Nov/2022:19:55:52 -0800] "GET /index.php/archives/news/2022%E5%B9%B4%E3%81%AE%E3%81%8A%E7%9B%86%E4%BC%91%E3%81%BF HTTP/1.1" 200 65505 "-" "Mozilla/5.0 AppleWebKit/537.36 (KHTML, like Gecko; compatible; bingbot/2.0; +http://www.bing.com/bingbot.htm) Chrome/103.0.5060.134 Safari/537.36" "mantech8.com"
185.191.171.19 - - [23/Nov/2022:19:56:13 -0800] "GET /?camp-fire%2F48648692.html HTTP/1.1" 500 - "-" "Mozilla/5.0 (compatible; SemrushBot/7~bl; +http://www.semrush.com/bot.html)" "mantech8.com"
185.191.171.12 - - [23/Nov/2022:19:56:18 -0800] "GET /?camp-fire%2F43888659.html HTTP/1.1" 500 - "-" "Mozilla/5.0 (compatible; SemrushBot/7~bl; +http://www.semrush.com/bot.html)" "mantech8.com"
185.191.171.36 - - [23/Nov/2022:19:56:45 -0800] "GET /?camp-fire%2F42811234.html HTTP/1.1" 500 - "-" "Mozilla/5.0 (compatible; SemrushBot/7~bl; +http://www.semrush.com/bot.html)" "mantech8.com"
185.191.171.10 - - [23/Nov/2022:19:56:47 -0800] "GET /?camp-fire%2F49977203.html HTTP/1.1" 500 - "-" "Mozilla/5.0 (compatible; SemrushBot/7~bl; +http://www.semrush.com/bot.html)" "mantech8.com"
185.191.171.22 - - [23/Nov/2022:19:57:25 -0800] "GET /?camp-fire%2F43453603.html HTTP/1.1" 500 - "-" "Mozilla/5.0 (compatible; SemrushBot/7~bl; +http://www.semrush.com/bot.html)" "mantech8.com"
185.191.171.24 - - [23/Nov/2022:19:57:51 -0800] "GET /?camp-fire%2F37714508.html HTTP/1.1" 500 - "-" "Mozilla/5.0 (compatible; SemrushBot/7~bl; +http://www.semrush.com/bot.html)" "mantech8.com"
185.191.171.3 - - [23/Nov/2022:19:59:34 -0800] "GET /?camp-fire%2F5281777.html HTTP/1.1" 500 - "-" "Mozilla/5.0 (compatible; SemrushBot/7~bl; +http://www.semrush.com/bot.html)" "mantech8.com"
185.125.207.243 - - [23/Nov/2022:19:59:51 -0800] "GET /wp-content/languages/wp-widgets.php?sexx=sec HTTP/1.1" 200 10 "-" "Mozilla/5.0 (Windows NT 10.0; Win64; x64) AppleWebKit/537.36 (KHTML, like Gecko) Chrome/90.0.4430.85 Safari/537.36" "www.mantech8.com"
185.191.171.3 - - [23/Nov/2022:20:00:16 -0800] "GET /?camp-fire%2F7350980.html HTTP/1.1" 500 - "-" "Mozilla/5.0 (compatible; SemrushBot/7~bl; +http://www.semrush.com/bot.html)" "mantech8.com"
185.191.171.8 - - [23/Nov/2022:20:00:29 -0800] "GET /?camp-fire%2F38077672.html HTTP/1.1" 500 - "-" "Mozilla/5.0 (compatible; SemrushBot/7~bl; +http://www.semrush.com/bot.html)" "mantech8.com"
185.191.171.25 - - [23/Nov/2022:20:01:05 -0800] "GET /?camp-fire%2F4892955.html HTTP/1.1" 500 - "-" "Mozilla/5.0 (compatible; SemrushBot/7~bl; +http://www.semrush.com/bot.html)" "mantech8.com"
185.191.171.5 - - [23/Nov/2022:20:01:12 -0800] "GET /?camp-fire%2F92053246.html HTTP/1.1" 500 - "-" "Mozilla/5.0 (compatible; SemrushBot/7~bl; +http://www.semrush.com/bot.html)" "mantech8.com"
40.77.167.67 - - [23/Nov/2022:20:01:16 -0800] "GET /index.php/egy1-0345cffdda-ve77x.ii HTTP/1.1" 200 66903 "-" "Mozilla/5.0 (compatible; bingbot/2.0; +http://www.bing.com/bingbot.htm)" "mantech8.com"
185.191.171.26 - - [23/Nov/2022:20:01:22 -0800] "GET /?camp-fire%2F43000678.html HTTP/1.1" 500 - "-" "Mozilla/5.0 (compatible; SemrushBot/7~bl; +http://www.semrush.com/bot.html)" "mantech8.com"
185.191.171.44 - - [23/Nov/2022:20:01:49 -0800] "GET /?camp-fire%2F8150078.html HTTP/1.1" 500 - "-" "Mozilla/5.0 (compatible; SemrushBot/7~bl; +http://www.semrush.com/bot.html)" "mantech8.com"
185.191.171.20 - - [23/Nov/2022:20:02:06 -0800] "GET /?camp-fire%2F4578100.html HTTP/1.1" 500 - "-" "Mozilla/5.0 (compatible; SemrushBot/7~bl; +http://www.semrush.com/bot.html)" "mantech8.com"
185.191.171.45 - - [23/Nov/2022:20:03:03 -0800] "GET /?camp-fire%2F27882859.html HTTP/1.1" 500 - "-" "Mozilla/5.0 (compatible; SemrushBot/7~bl; +http://www.semrush.com/bot.html)" "mantech8.com"
185.191.171.7 - - [23/Nov/2022:20:03:24 -0800] "GET /?camp-fire%2F46264061.html HTTP/1.1" 500 - "-" "Mozilla/5.0 (compatible; SemrushBot/7~bl; +http://www.semrush.com/bot.html)" "mantech8.com"
185.191.171.16 - - [23/Nov/2022:20:03:45 -0800] "GET /?camp-fire%2F35014957.html HTTP/1.1" 500 - "-" "Mozilla/5.0 (compatible; SemrushBot/7~bl; +http://www.semrush.com/bot.html)" "mantech8.com"
52.221.239.250 - - [23/Nov/2022:20:03:49 -0800] "GET / HTTP/1.1" 500 - "-" "curl/7.58.0" "mantech8.com"
52.221.239.250 - - [23/Nov/2022:20:03:50 -0800] "GET / HTTP/1.1" 500 - "-" "curl/7.58.0" "mantech8.com"
185.191.171.15 - - [23/Nov/2022:20:04:03 -0800] "GET /?camp-fire%2F34609393.html HTTP/1.1" 500 - "-" "Mozilla/5.0 (compatible; SemrushBot/7~bl; +http://www.semrush.com/bot.html)" "mantech8.com"
185.191.171.3 - - [23/Nov/2022:20:05:09 -0800] "GET /?camp-fire%2F47705872.html HTTP/1.1" 500 - "-" "Mozilla/5.0 (compatible; SemrushBot/7~bl; +http://www.semrush.com/bot.html)" "mantech8.com"
40.77.167.67 - - [23/Nov/2022:20:05:46 -0800] "GET / HTTP/1.1" 200 63988 "-" "Mozilla/5.0 AppleWebKit/537.36 (KHTML, like Gecko; compatible; bingbot/2.0; +http://www.bing.com/bingbot.htm) Chrome/103.0.5060.134 Safari/537.36" "www.mantech8.com"
185.191.171.44 - - [23/Nov/2022:20:06:26 -0800] "GET /?camp-fire%2F29118009.html HTTP/1.1" 500 - "-" "Mozilla/5.0 (compatible; SemrushBot/7~bl; +http://www.semrush.com/bot.html)" "mantech8.com"
205.164.66.3 - - [23/Nov/2022:20:07:11 -0800] "GET /contact.php HTTP/1.1" 200 29238 "http://mantech8.com/contact.php" "Mozilla/5.0 (Windows NT 6.3; Win64; x64) AppleWebKit/537.36 (KHTML, like Gecko) Chrome/90.0.4430.85 Safari/537.36" "mantech8.com"
185.191.171.3 - - [23/Nov/2022:20:07:21 -0800] "GET /?camp-fire%2F39937116.html HTTP/1.1" 500 - "-" "Mozilla/5.0 (compatible; SemrushBot/7~bl; +http://www.semrush.com/bot.html)" "mantech8.com"
185.191.171.39 - - [23/Nov/2022:20:08:03 -0800] "GET /?camp-fire%2F86639338.html HTTP/1.1" 500 - "-" "Mozilla/5.0 (compatible; SemrushBot/7~bl; +http://www.semrush.com/bot.html)" "mantech8.com"
185.191.171.11 - - [23/Nov/2022:20:08:39 -0800] "GET /?camp-fire%2F28843966.html HTTP/1.1" 500 - "-" "Mozilla/5.0 (compatible; SemrushBot/7~bl; +http://www.semrush.com/bot.html)" "mantech8.com"
185.191.171.4 - - [23/Nov/2022:20:09:44 -0800] "GET /?camp-fire%2F64383876.html HTTP/1.1" 500 - "-" "Mozilla/5.0 (compatible; SemrushBot/7~bl; +http://www.semrush.com/bot.html)" "mantech8.com"
185.191.171.3 - - [23/Nov/2022:20:10:33 -0800] "GET /?camp-fire%2F39359572.html HTTP/1.1" 500 - "-" "Mozilla/5.0 (compatible; SemrushBot/7~bl; +http://www.semrush.com/bot.html)" "mantech8.com"
185.191.171.1 - - [23/Nov/2022:20:11:05 -0800] "GET /?camp-fire%2F65528238.html HTTP/1.1" 500 - "-" "Mozilla/5.0 (compatible; SemrushBot/7~bl; +http://www.semrush.com/bot.html)" "mantech8.com"
185.191.171.26 - - [23/Nov/2022:20:11:06 -0800] "GET /?camp-fire%2F29297672.html HTTP/1.1" 500 - "-" "Mozilla/5.0 (compatible; SemrushBot/7~bl; +http://www.semrush.com/bot.html)" "mantech8.com"
185.191.171.7 - - [23/Nov/2022:20:11:15 -0800] "GET /?camp-fire%2F55752302.html HTTP/1.1" 500 - "-" "Mozilla/5.0 (compatible; SemrushBot/7~bl; +http://www.semrush.com/bot.html)" "mantech8.com"
185.191.171.39 - - [23/Nov/2022:20:11:19 -0800] "GET /?camp-fire%2F38333372.html HTTP/1.1" 500 - "-" "Mozilla/5.0 (compatible; SemrushBot/7~bl; +http://www.semrush.com/bot.html)" "mantech8.com"
185.191.171.34 - - [23/Nov/2022:20:11:43 -0800] "GET /?camp-fire%2F16086772.html HTTP/1.1" 500 - "-" "Mozilla/5.0 (compatible; SemrushBot/7~bl; +http://www.semrush.com/bot.html)" "mantech8.com"
185.191.171.16 - - [23/Nov/2022:20:11:45 -0800] "GET /?camp-fire%2F38277003.html HTTP/1.1" 500 - "-" "Mozilla/5.0 (compatible; SemrushBot/7~bl; +http://www.semrush.com/bot.html)" "mantech8.com"
185.191.171.4 - - [23/Nov/2022:20:13:21 -0800] "GET /?camp-fire%2F78347951.html HTTP/1.1" 500 - "-" "Mozilla/5.0 (compatible; SemrushBot/7~bl; +http://www.semrush.com/bot.html)" "mantech8.com"
185.191.171.25 - - [23/Nov/2022:20:15:32 -0800] "GET /?camp-fire%2F94548881.html HTTP/1.1" 500 - "-" "Mozilla/5.0 (compatible; SemrushBot/7~bl; +http://www.semrush.com/bot.html)" "mantech8.com"
185.191.171.25 - - [23/Nov/2022:20:16:32 -0800] "GET /?camp-fire%2F44805468.html HTTP/1.1" 500 - "-" "Mozilla/5.0 (compatible; SemrushBot/7~bl; +http://www.semrush.com/bot.html)" "mantech8.com"
185.191.171.3 - - [23/Nov/2022:20:16:35 -0800] "GET /?camp-fire%2F49813472.html HTTP/1.1" 500 - "-" "Mozilla/5.0 (compatible; SemrushBot/7~bl; +http://www.semrush.com/bot.html)" "mantech8.com"
185.191.171.19 - - [23/Nov/2022:20:17:03 -0800] "GET /?camp-fire%2F63493208.html HTTP/1.1" 500 - "-" "Mozilla/5.0 (compatible; SemrushBot/7~bl; +http://www.semrush.com/bot.html)" "mantech8.com"
185.191.171.2 - - [23/Nov/2022:20:17:31 -0800] "GET /?camp-fire%2F79651978.html HTTP/1.1" 500 - "-" "Mozilla/5.0 (compatible; SemrushBot/7~bl; +http://www.semrush.com/bot.html)" "mantech8.com"
185.191.171.36 - - [23/Nov/2022:20:18:34 -0800] "GET /?camp-fire%2F80439855.html HTTP/1.1" 500 - "-" "Mozilla/5.0 (compatible; SemrushBot/7~bl; +http://www.semrush.com/bot.html)" "mantech8.com"
185.191.171.3 - - [23/Nov/2022:20:18:39 -0800] "GET /?camp-fire%2F6764777.html HTTP/1.1" 500 - "-" "Mozilla/5.0 (compatible; SemrushBot/7~bl; +http://www.semrush.com/bot.html)" "mantech8.com"
185.191.171.35 - - [23/Nov/2022:20:18:59 -0800] "GET /?camp-fire%2F4815974.html HTTP/1.1" 500 - "-" "Mozilla/5.0 (compatible; SemrushBot/7~bl; +http://www.semrush.com/bot.html)" "mantech8.com"
185.191.171.26 - - [23/Nov/2022:20:19:41 -0800] "GET /?camp-fire%2F4232498.html HTTP/1.1" 500 - "-" "Mozilla/5.0 (compatible; SemrushBot/7~bl; +http://www.semrush.com/bot.html)" "mantech8.com"
185.191.171.15 - - [23/Nov/2022:20:19:52 -0800] "GET /?camp-fire%2F6821829.html HTTP/1.1" 500 - "-" "Mozilla/5.0 (compatible; SemrushBot/7~bl; +http://www.semrush.com/bot.html)" "mantech8.com"
91.238.82.65 - - [23/Nov/2022:20:20:21 -0800] "GET /wp-content/languages/wp-widgets.php?h3ct0r=sec HTTP/1.1" 500 - "-" "Mozilla/5.0 (Windows NT 10.0; Win64; x64) AppleWebKit/537.36 (KHTML, like Gecko) Chrome/90.0.4430.85 Safari/537.36" "www.mantech8.com"
91.238.82.65 - - [23/Nov/2022:20:20:23 -0800] "GET /wp-content/languages/wp-widgets.php?h3ct0r=sec HTTP/1.1" 500 - "-" "Mozilla/5.0 (Windows NT 10.0; Win64; x64) AppleWebKit/537.36 (KHTML, like Gecko) Chrome/90.0.4430.85 Safari/537.36" "www.mantech8.com"
185.191.171.42 - - [23/Nov/2022:20:20:46 -0800] "GET /?camp-fire%2F33924817.html HTTP/1.1" 500 - "-" "Mozilla/5.0 (compatible; SemrushBot/7~bl; +http://www.semrush.com/bot.html)" "mantech8.com"
185.191.171.11 - - [23/Nov/2022:20:20:58 -0800] "GET /?camp-fire%2F46677603.html HTTP/1.1" 500 - "-" "Mozilla/5.0 (compatible; SemrushBot/7~bl; +http://www.semrush.com/bot.html)" "mantech8.com"
185.191.171.1 - - [23/Nov/2022:20:21:58 -0800] "GET /?camp-fire%2F50447117.html HTTP/1.1" 500 - "-" "Mozilla/5.0 (compatible; SemrushBot/7~bl; +http://www.semrush.com/bot.html)" "mantech8.com"
185.191.171.15 - - [23/Nov/2022:20:23:09 -0800] "GET /?camp-fire%2F33789208.html HTTP/1.1" 500 - "-" "Mozilla/5.0 (compatible; SemrushBot/7~bl; +http://www.semrush.com/bot.html)" "mantech8.com"
185.191.171.38 - - [23/Nov/2022:20:23:10 -0800] "GET /?camp-fire%2F33677008.html HTTP/1.1" 500 - "-" "Mozilla/5.0 (compatible; SemrushBot/7~bl; +http://www.semrush.com/bot.html)" "mantech8.com"
185.191.171.39 - - [23/Nov/2022:20:23:17 -0800] "GET /?camp-fire%2F26626447.html HTTP/1.1" 500 - "-" "Mozilla/5.0 (compatible; SemrushBot/7~bl; +http://www.semrush.com/bot.html)" "mantech8.com"
