185.191.171.10 - - [21/Nov/2022:09:04:27 -0800] "GET /?camp-fire%2F30408161.html HTTP/1.1" 500 - "-" "Mozilla/5.0 (compatible; SemrushBot/7~bl; +http://www.semrush.com/bot.html)" "mantech8.com"
185.191.171.43 - - [21/Nov/2022:09:04:29 -0800] "GET /?camp-fire%2F33226416.html HTTP/1.1" 500 - "-" "Mozilla/5.0 (compatible; SemrushBot/7~bl; +http://www.semrush.com/bot.html)" "mantech8.com"
66.249.70.178 - - [21/Nov/2022:09:04:41 -0800] "GET /diploidize505.xml HTTP/1.1" 404 88 "-" "Mozilla/5.0 (compatible; Googlebot/2.1; +http://www.google.com/bot.html)" "mantech8.com"
114.119.133.165 - - [21/Nov/2022:09:05:43 -0800] "GET /unpower.xml HTTP/1.1" 404 88 "-" "Mozilla/5.0 (compatible;PetalBot;+https://webmaster.petalsearch.com/site/petalbot)" "mantech8.com"
185.191.171.9 - - [21/Nov/2022:09:06:42 -0800] "GET /?camp-fire%2F28615397.html HTTP/1.1" 500 - "-" "Mozilla/5.0 (compatible; SemrushBot/7~bl; +http://www.semrush.com/bot.html)" "mantech8.com"
185.191.171.10 - - [21/Nov/2022:09:06:54 -0800] "GET /?camp-fire%2F26258246.html HTTP/1.1" 500 - "-" "Mozilla/5.0 (compatible; SemrushBot/7~bl; +http://www.semrush.com/bot.html)" "mantech8.com"
185.191.171.22 - - [21/Nov/2022:09:07:17 -0800] "GET /?camp-fire%2F29856359.html HTTP/1.1" 500 - "-" "Mozilla/5.0 (compatible; SemrushBot/7~bl; +http://www.semrush.com/bot.html)" "mantech8.com"
185.191.171.16 - - [21/Nov/2022:09:07:22 -0800] "GET /?camp-fire%2F6140300.html HTTP/1.1" 500 - "-" "Mozilla/5.0 (compatible; SemrushBot/7~bl; +http://www.semrush.com/bot.html)" "mantech8.com"
185.191.171.39 - - [21/Nov/2022:09:08:06 -0800] "GET /?camp-fire%2F27317097.html HTTP/1.1" 500 - "-" "Mozilla/5.0 (compatible; SemrushBot/7~bl; +http://www.semrush.com/bot.html)" "mantech8.com"
185.191.171.36 - - [21/Nov/2022:09:08:20 -0800] "GET /?camp-fire%2F7759621.html HTTP/1.1" 500 - "-" "Mozilla/5.0 (compatible; SemrushBot/7~bl; +http://www.semrush.com/bot.html)" "mantech8.com"
185.191.171.45 - - [21/Nov/2022:09:09:26 -0800] "GET /?camp-fire%2F1246729.html HTTP/1.1" 500 - "-" "Mozilla/5.0 (compatible; SemrushBot/7~bl; +http://www.semrush.com/bot.html)" "mantech8.com"
185.191.171.26 - - [21/Nov/2022:09:09:29 -0800] "GET /?camp-fire%2F33582035.html HTTP/1.1" 500 - "-" "Mozilla/5.0 (compatible; SemrushBot/7~bl; +http://www.semrush.com/bot.html)" "mantech8.com"
185.191.171.38 - - [21/Nov/2022:09:09:31 -0800] "GET /?camp-fire%2F32961982.html HTTP/1.1" 500 - "-" "Mozilla/5.0 (compatible; SemrushBot/7~bl; +http://www.semrush.com/bot.html)" "mantech8.com"
185.191.171.37 - - [21/Nov/2022:09:09:36 -0800] "GET /bimages/door/ HTTP/1.1" 200 447 "-" "Mozilla/5.0 (compatible; SemrushBot/7~bl; +http://www.semrush.com/bot.html)" "www.mantech8.com"
185.191.171.2 - - [21/Nov/2022:09:10:06 -0800] "GET /?camp-fire%2F30326627.html HTTP/1.1" 500 - "-" "Mozilla/5.0 (compatible; SemrushBot/7~bl; +http://www.semrush.com/bot.html)" "mantech8.com"
185.191.171.44 - - [21/Nov/2022:09:10:10 -0800] "GET /?camp-fire%2F35114625.html HTTP/1.1" 500 - "-" "Mozilla/5.0 (compatible; SemrushBot/7~bl; +http://www.semrush.com/bot.html)" "mantech8.com"
114.119.133.158 - - [21/Nov/2022:09:10:53 -0800] "GET /?sitemap12592.xml HTTP/1.1" 200 270496 "-" "Mozilla/5.0 (compatible;PetalBot;+https://webmaster.petalsearch.com/site/petalbot)" "mantech8.com"
185.191.171.26 - - [21/Nov/2022:09:11:40 -0800] "GET /?camp-fire%2F21885656.html HTTP/1.1" 500 - "-" "Mozilla/5.0 (compatible; SemrushBot/7~bl; +http://www.semrush.com/bot.html)" "mantech8.com"
185.191.171.7 - - [21/Nov/2022:09:12:00 -0800] "GET /?camp-fire%2F8174478.html HTTP/1.1" 500 - "-" "Mozilla/5.0 (compatible; SemrushBot/7~bl; +http://www.semrush.com/bot.html)" "mantech8.com"
185.191.171.36 - - [21/Nov/2022:09:12:10 -0800] "GET /?camp-fire%2F32397035.html HTTP/1.1" 500 - "-" "Mozilla/5.0 (compatible; SemrushBot/7~bl; +http://www.semrush.com/bot.html)" "mantech8.com"
185.191.171.14 - - [21/Nov/2022:09:12:44 -0800] "GET /bimages/cleang/thump/ HTTP/1.1" 200 462 "-" "Mozilla/5.0 (compatible; SemrushBot/7~bl; +http://www.semrush.com/bot.html)" "mantech8.com"
185.191.171.13 - - [21/Nov/2022:09:14:52 -0800] "GET /?camp-fire%2F24868906.html HTTP/1.1" 500 - "-" "Mozilla/5.0 (compatible; SemrushBot/7~bl; +http://www.semrush.com/bot.html)" "mantech8.com"
185.191.171.1 - - [21/Nov/2022:09:15:26 -0800] "GET /?camp-fire%2F24536430.html HTTP/1.1" 500 - "-" "Mozilla/5.0 (compatible; SemrushBot/7~bl; +http://www.semrush.com/bot.html)" "mantech8.com"
40.77.167.67 - - [21/Nov/2022:09:15:45 -0800] "GET /index.php/RmSO8-07dc7ecbc-eaYH.Ii HTTP/1.1" 200 33016 "-" "Mozilla/5.0 (compatible; bingbot/2.0; +http://www.bing.com/bingbot.htm)" "mantech8.com"
66.249.70.178 - - [21/Nov/2022:09:15:51 -0800] "GET /947588484.xml HTTP/1.1" 404 88 "-" "Mozilla/5.0 (compatible; Googlebot/2.1; +http://www.google.com/bot.html)" "mantech8.com"
185.191.171.44 - - [21/Nov/2022:09:16:04 -0800] "GET /?camp-fire%2F9170629.html HTTP/1.1" 500 - "-" "Mozilla/5.0 (compatible; SemrushBot/7~bl; +http://www.semrush.com/bot.html)" "mantech8.com"
114.119.133.190 - - [21/Nov/2022:09:16:07 -0800] "GET /?sitemap49269.xml HTTP/1.1" 200 270531 "-" "Mozilla/5.0 (compatible;PetalBot;+https://webmaster.petalsearch.com/site/petalbot)" "mantech8.com"
185.191.171.7 - - [21/Nov/2022:09:16:50 -0800] "GET /?camp-fire%2F8700842.html HTTP/1.1" 500 - "-" "Mozilla/5.0 (compatible; SemrushBot/7~bl; +http://www.semrush.com/bot.html)" "mantech8.com"
185.191.171.16 - - [21/Nov/2022:09:17:25 -0800] "GET /?camp-fire%2F5304077.html HTTP/1.1" 500 - "-" "Mozilla/5.0 (compatible; SemrushBot/7~bl; +http://www.semrush.com/bot.html)" "mantech8.com"
185.191.171.9 - - [21/Nov/2022:09:18:08 -0800] "GET /?camp-fire%2F34378964.html HTTP/1.1" 500 - "-" "Mozilla/5.0 (compatible; SemrushBot/7~bl; +http://www.semrush.com/bot.html)" "mantech8.com"
185.191.171.1 - - [21/Nov/2022:09:18:16 -0800] "GET /?camp-fire%2F33081916.html HTTP/1.1" 500 - "-" "Mozilla/5.0 (compatible; SemrushBot/7~bl; +http://www.semrush.com/bot.html)" "mantech8.com"
185.191.171.5 - - [21/Nov/2022:09:18:18 -0800] "GET /?camp-fire%2F33417406.html HTTP/1.1" 500 - "-" "Mozilla/5.0 (compatible; SemrushBot/7~bl; +http://www.semrush.com/bot.html)" "mantech8.com"
185.191.171.35 - - [21/Nov/2022:09:18:26 -0800] "GET /?camp-fire%2F32463560.html HTTP/1.1" 500 - "-" "Mozilla/5.0 (compatible; SemrushBot/7~bl; +http://www.semrush.com/bot.html)" "mantech8.com"
185.191.171.45 - - [21/Nov/2022:09:18:34 -0800] "GET /?camp-fire%2F31265578.html HTTP/1.1" 500 - "-" "Mozilla/5.0 (compatible; SemrushBot/7~bl; +http://www.semrush.com/bot.html)" "mantech8.com"
185.191.171.40 - - [21/Nov/2022:09:18:40 -0800] "GET /bimages/client/?C=S%3BO%3DA HTTP/1.1" 200 706 "-" "Mozilla/5.0 (compatible; SemrushBot/7~bl; +http://www.semrush.com/bot.html)" "www.mantech8.com"
185.191.171.34 - - [21/Nov/2022:09:20:06 -0800] "GET /?camp-fire%2F34042682.html HTTP/1.1" 500 - "-" "Mozilla/5.0 (compatible; SemrushBot/7~bl; +http://www.semrush.com/bot.html)" "mantech8.com"
20.28.200.242 - - [21/Nov/2022:09:20:22 -0800] "GET / HTTP/1.1" 500 - "-" "Mozilla/5.0 (Windows NT 10.0; Win64; x64) AppleWebKit/537.36 (KHTML, like Gecko) Chrome/89.0.4389.114 Safari/537.36" "mantech8.com"
20.28.200.242 - - [21/Nov/2022:09:20:24 -0800] "GET / HTTP/1.1" 500 - "-" "Mozilla/5.0 (Windows NT 10.0; Win64; x64) AppleWebKit/537.36 (KHTML, like Gecko) Chrome/89.0.4389.114 Safari/537.36" "mantech8.com"
185.191.171.11 - - [21/Nov/2022:09:20:24 -0800] "GET /bimages/cleang/display_select_lang.lib.php HTTP/1.1" 200 32 "-" "Mozilla/5.0 (compatible; SemrushBot/7~bl; +http://www.semrush.com/bot.html)" "www.mantech8.com"
20.28.200.242 - - [21/Nov/2022:09:20:24 -0800] "GET /xmlrpc.php?rsd HTTP/1.1" 500 5315 "-" "Mozilla/5.0 (Windows NT 10.0; Win64; x64) AppleWebKit/537.36 (KHTML, like Gecko) Chrome/89.0.4389.114 Safari/537.36" "mantech8.com"
20.28.200.242 - - [21/Nov/2022:09:20:25 -0800] "GET / HTTP/1.1" 500 - "-" "Mozilla/5.0 (Windows NT 10.0; Win64; x64) AppleWebKit/537.36 (KHTML, like Gecko) Chrome/89.0.4389.114 Safari/537.36" "mantech8.com"
20.28.200.242 - - [21/Nov/2022:09:20:26 -0800] "GET /blog/wp-includes/wlwmanifest.xml HTTP/1.1" 404 73 "-" "Mozilla/5.0 (Windows NT 10.0; Win64; x64) AppleWebKit/537.36 (KHTML, like Gecko) Chrome/89.0.4389.114 Safari/537.36" "mantech8.com"
20.28.200.242 - - [21/Nov/2022:09:20:26 -0800] "GET /web/wp-includes/wlwmanifest.xml HTTP/1.1" 404 73 "-" "Mozilla/5.0 (Windows NT 10.0; Win64; x64) AppleWebKit/537.36 (KHTML, like Gecko) Chrome/89.0.4389.114 Safari/537.36" "mantech8.com"
20.28.200.242 - - [21/Nov/2022:09:20:27 -0800] "GET /wp/wp-includes/wlwmanifest.xml HTTP/1.1" 404 73 "-" "Mozilla/5.0 (Windows NT 10.0; Win64; x64) AppleWebKit/537.36 (KHTML, like Gecko) Chrome/89.0.4389.114 Safari/537.36" "mantech8.com"
20.28.200.242 - - [21/Nov/2022:09:20:28 -0800] "GET /2020/wp-includes/wlwmanifest.xml HTTP/1.1" 404 73 "-" "Mozilla/5.0 (Windows NT 10.0; Win64; x64) AppleWebKit/537.36 (KHTML, like Gecko) Chrome/89.0.4389.114 Safari/537.36" "mantech8.com"
185.191.171.36 - - [21/Nov/2022:09:20:28 -0800] "GET /?camp-fire%2F24184972.html HTTP/1.1" 500 - "-" "Mozilla/5.0 (compatible; SemrushBot/7~bl; +http://www.semrush.com/bot.html)" "mantech8.com"
20.28.200.242 - - [21/Nov/2022:09:20:28 -0800] "GET /2019/wp-includes/wlwmanifest.xml HTTP/1.1" 404 73 "-" "Mozilla/5.0 (Windows NT 10.0; Win64; x64) AppleWebKit/537.36 (KHTML, like Gecko) Chrome/89.0.4389.114 Safari/537.36" "mantech8.com"
20.28.200.242 - - [21/Nov/2022:09:20:29 -0800] "GET /shop/wp-includes/wlwmanifest.xml HTTP/1.1" 404 73 "-" "Mozilla/5.0 (Windows NT 10.0; Win64; x64) AppleWebKit/537.36 (KHTML, like Gecko) Chrome/89.0.4389.114 Safari/537.36" "mantech8.com"
20.28.200.242 - - [21/Nov/2022:09:20:29 -0800] "GET /test/wp-includes/wlwmanifest.xml HTTP/1.1" 404 73 "-" "Mozilla/5.0 (Windows NT 10.0; Win64; x64) AppleWebKit/537.36 (KHTML, like Gecko) Chrome/89.0.4389.114 Safari/537.36" "mantech8.com"
20.28.200.242 - - [21/Nov/2022:09:20:29 -0800] "GET /wp2/wp-includes/wlwmanifest.xml HTTP/1.1" 404 73 "-" "Mozilla/5.0 (Windows NT 10.0; Win64; x64) AppleWebKit/537.36 (KHTML, like Gecko) Chrome/89.0.4389.114 Safari/537.36" "mantech8.com"
20.28.200.242 - - [21/Nov/2022:09:20:30 -0800] "GET /site/wp-includes/wlwmanifest.xml HTTP/1.1" 404 73 "-" "Mozilla/5.0 (Windows NT 10.0; Win64; x64) AppleWebKit/537.36 (KHTML, like Gecko) Chrome/89.0.4389.114 Safari/537.36" "mantech8.com"
20.28.200.242 - - [21/Nov/2022:09:20:30 -0800] "GET /sito/wp-includes/wlwmanifest.xml HTTP/1.1" 404 73 "-" "Mozilla/5.0 (Windows NT 10.0; Win64; x64) AppleWebKit/537.36 (KHTML, like Gecko) Chrome/89.0.4389.114 Safari/537.36" "mantech8.com"
185.191.171.15 - - [21/Nov/2022:09:20:38 -0800] "GET /?camp-fire%2F33867660.html HTTP/1.1" 500 - "-" "Mozilla/5.0 (compatible; SemrushBot/7~bl; +http://www.semrush.com/bot.html)" "mantech8.com"
114.119.133.190 - - [21/Nov/2022:09:21:18 -0800] "GET /?exorcise.xml HTTP/1.1" 200 270592 "-" "Mozilla/5.0 (compatible;PetalBot;+https://webmaster.petalsearch.com/site/petalbot)" "mantech8.com"
207.46.13.177 - - [21/Nov/2022:09:21:26 -0800] "GET / HTTP/1.1" 200 63919 "-" "Mozilla/5.0 AppleWebKit/537.36 (KHTML, like Gecko; compatible; bingbot/2.0; +http://www.bing.com/bingbot.htm) Chrome/103.0.5060.134 Safari/537.36" "www.mantech8.com"
185.191.171.39 - - [21/Nov/2022:09:22:04 -0800] "GET /?camp-fire%2F22089735.html HTTP/1.1" 500 - "-" "Mozilla/5.0 (compatible; SemrushBot/7~bl; +http://www.semrush.com/bot.html)" "mantech8.com"
40.77.167.67 - - [21/Nov/2022:09:22:45 -0800] "GET / HTTP/1.1" 200 64335 "-" "Mozilla/5.0 (compatible; bingbot/2.0; +http://www.bing.com/bingbot.htm)" "www.mantech8.com"
185.191.171.23 - - [21/Nov/2022:09:22:59 -0800] "GET /?camp-fire%2F8210642.html HTTP/1.1" 500 - "-" "Mozilla/5.0 (compatible; SemrushBot/7~bl; +http://www.semrush.com/bot.html)" "mantech8.com"
185.191.171.4 - - [21/Nov/2022:09:23:01 -0800] "GET /?camp-fire%2F4764655.html HTTP/1.1" 500 - "-" "Mozilla/5.0 (compatible; SemrushBot/7~bl; +http://www.semrush.com/bot.html)" "mantech8.com"
185.191.171.33 - - [21/Nov/2022:09:23:03 -0800] "GET /?camp-fire%2F9819283.html HTTP/1.1" 500 - "-" "Mozilla/5.0 (compatible; SemrushBot/7~bl; +http://www.semrush.com/bot.html)" "mantech8.com"
185.191.171.40 - - [21/Nov/2022:09:24:27 -0800] "GET /?camp-fire%2F27874209.html HTTP/1.1" 500 - "-" "Mozilla/5.0 (compatible; SemrushBot/7~bl; +http://www.semrush.com/bot.html)" "mantech8.com"
185.191.171.35 - - [21/Nov/2022:09:24:37 -0800] "GET /?camp-fire%2F7615908.html HTTP/1.1" 500 - "-" "Mozilla/5.0 (compatible; SemrushBot/7~bl; +http://www.semrush.com/bot.html)" "mantech8.com"
207.46.13.177 - - [21/Nov/2022:09:25:45 -0800] "GET /zsUZ-33cc-sOMf8.Ii HTTP/1.1" 404 88 "-" "Mozilla/5.0 (compatible; bingbot/2.0; +http://www.bing.com/bingbot.htm)" "www.mantech8.com"
40.77.167.26 - - [21/Nov/2022:09:25:59 -0800] "GET /index.php?camp-fire/1464.html HTTP/1.1" 200 66489 "-" "Mozilla/5.0 (compatible; bingbot/2.0; +http://www.bing.com/bingbot.htm)" "www.mantech8.com"
185.191.171.43 - - [21/Nov/2022:09:26:32 -0800] "GET /?camp-fire%2F30630855.html HTTP/1.1" 500 - "-" "Mozilla/5.0 (compatible; SemrushBot/7~bl; +http://www.semrush.com/bot.html)" "mantech8.com"
114.119.133.158 - - [21/Nov/2022:09:26:32 -0800] "GET /index.php/sitemap401.xml HTTP/1.1" 200 289292 "-" "Mozilla/5.0 (Linux; Android 7.0;) AppleWebKit/537.36 (KHTML, like Gecko) Mobile Safari/537.36 (compatible; PetalBot;+https://webmaster.petalsearch.com/site/petalbot)" "mantech8.com"
185.191.171.45 - - [21/Nov/2022:09:27:19 -0800] "GET /?camp-fire%2F32022630.html HTTP/1.1" 500 - "-" "Mozilla/5.0 (compatible; SemrushBot/7~bl; +http://www.semrush.com/bot.html)" "mantech8.com"
185.191.171.6 - - [21/Nov/2022:09:27:22 -0800] "GET /robots.txt HTTP/1.1" 200 106 "-" "Mozilla/5.0 (compatible; SemrushBot/7~bl; +http://www.semrush.com/bot.html)" "www.mantech8.com"
185.191.171.3 - - [21/Nov/2022:09:27:22 -0800] "GET /bimages/certificate/?C=M%3BO%3DA HTTP/1.1" 200 651 "-" "Mozilla/5.0 (compatible; SemrushBot/7~bl; +http://www.semrush.com/bot.html)" "www.mantech8.com"
185.191.171.45 - - [21/Nov/2022:09:27:26 -0800] "GET /?camp-fire%2F4820674.html HTTP/1.1" 500 - "-" "Mozilla/5.0 (compatible; SemrushBot/7~bl; +http://www.semrush.com/bot.html)" "mantech8.com"
185.191.171.8 - - [21/Nov/2022:09:27:37 -0800] "GET /?camp-fire%2F5608596.html HTTP/1.1" 500 - "-" "Mozilla/5.0 (compatible; SemrushBot/7~bl; +http://www.semrush.com/bot.html)" "mantech8.com"
185.191.171.10 - - [21/Nov/2022:09:27:39 -0800] "GET /?camp-fire%2F30248121.html HTTP/1.1" 500 - "-" "Mozilla/5.0 (compatible; SemrushBot/7~bl; +http://www.semrush.com/bot.html)" "mantech8.com"
185.191.171.7 - - [21/Nov/2022:09:27:54 -0800] "GET /?camp-fire%2F7884342.html HTTP/1.1" 500 - "-" "Mozilla/5.0 (compatible; SemrushBot/7~bl; +http://www.semrush.com/bot.html)" "mantech8.com"
185.191.171.6 - - [21/Nov/2022:09:29:13 -0800] "GET /?camp-fire%2F7625074.html HTTP/1.1" 500 - "-" "Mozilla/5.0 (compatible; SemrushBot/7~bl; +http://www.semrush.com/bot.html)" "mantech8.com"
185.191.171.17 - - [21/Nov/2022:09:29:53 -0800] "GET /?camp-fire%2F4507196.html HTTP/1.1" 500 - "-" "Mozilla/5.0 (compatible; SemrushBot/7~bl; +http://www.semrush.com/bot.html)" "mantech8.com"
185.191.171.22 - - [21/Nov/2022:09:29:58 -0800] "GET /?camp-fire%2F8763942.html HTTP/1.1" 500 - "-" "Mozilla/5.0 (compatible; SemrushBot/7~bl; +http://www.semrush.com/bot.html)" "mantech8.com"
185.191.171.5 - - [21/Nov/2022:09:30:00 -0800] "GET /bimages/door/?C=D%3BO%3DA HTTP/1.1" 200 447 "-" "Mozilla/5.0 (compatible; SemrushBot/7~bl; +http://www.semrush.com/bot.html)" "www.mantech8.com"
185.191.171.13 - - [21/Nov/2022:09:30:09 -0800] "GET /?camp-fire%2F31089950.html HTTP/1.1" 500 - "-" "Mozilla/5.0 (compatible; SemrushBot/7~bl; +http://www.semrush.com/bot.html)" "mantech8.com"
185.191.171.10 - - [21/Nov/2022:09:30:21 -0800] "GET /?camp-fire%2F24956533.html HTTP/1.1" 500 - "-" "Mozilla/5.0 (compatible; SemrushBot/7~bl; +http://www.semrush.com/bot.html)" "mantech8.com"
185.191.171.8 - - [21/Nov/2022:09:30:49 -0800] "GET /?camp-fire%2F28541565.html HTTP/1.1" 500 - "-" "Mozilla/5.0 (compatible; SemrushBot/7~bl; +http://www.semrush.com/bot.html)" "mantech8.com"
185.191.171.10 - - [21/Nov/2022:09:31:31 -0800] "GET /?camp-fire%2F33894708.html HTTP/1.1" 500 - "-" "Mozilla/5.0 (compatible; SemrushBot/7~bl; +http://www.semrush.com/bot.html)" "mantech8.com"
114.119.133.166 - - [21/Nov/2022:09:31:43 -0800] "GET /index.php/venatically.xml HTTP/1.1" 200 289289 "-" "Mozilla/5.0 (Linux; Android 7.0;) AppleWebKit/537.36 (KHTML, like Gecko) Mobile Safari/537.36 (compatible; PetalBot;+https://webmaster.petalsearch.com/site/petalbot)" "mantech8.com"
185.191.171.22 - - [21/Nov/2022:09:32:01 -0800] "GET /?camp-fire%2F34220608.html HTTP/1.1" 500 - "-" "Mozilla/5.0 (compatible; SemrushBot/7~bl; +http://www.semrush.com/bot.html)" "mantech8.com"
185.191.171.8 - - [21/Nov/2022:09:32:59 -0800] "GET /?camp-fire%2F35112277.html HTTP/1.1" 500 - "-" "Mozilla/5.0 (compatible; SemrushBot/7~bl; +http://www.semrush.com/bot.html)" "mantech8.com"
185.191.171.12 - - [21/Nov/2022:09:33:04 -0800] "GET /?camp-fire%2F33681608.html HTTP/1.1" 500 - "-" "Mozilla/5.0 (compatible; SemrushBot/7~bl; +http://www.semrush.com/bot.html)" "mantech8.com"
185.191.171.20 - - [21/Nov/2022:09:34:25 -0800] "GET /?camp-fire%2F9289090.html HTTP/1.1" 500 - "-" "Mozilla/5.0 (compatible; SemrushBot/7~bl; +http://www.semrush.com/bot.html)" "mantech8.com"
185.191.171.15 - - [21/Nov/2022:09:34:36 -0800] "GET /bimages/pipeg/?C=D%3BO%3DA HTTP/1.1" 200 569 "-" "Mozilla/5.0 (compatible; SemrushBot/7~bl; +http://www.semrush.com/bot.html)" "www.mantech8.com"
185.191.171.39 - - [21/Nov/2022:09:35:18 -0800] "GET /?camp-fire%2F6221877.html HTTP/1.1" 500 - "-" "Mozilla/5.0 (compatible; SemrushBot/7~bl; +http://www.semrush.com/bot.html)" "mantech8.com"
185.191.171.5 - - [21/Nov/2022:09:35:23 -0800] "GET /?camp-fire%2F9927883.html HTTP/1.1" 500 - "-" "Mozilla/5.0 (compatible; SemrushBot/7~bl; +http://www.semrush.com/bot.html)" "mantech8.com"
114.119.133.165 - - [21/Nov/2022:09:36:58 -0800] "GET /bimages/hgallery/js_escape.lib.php HTTP/1.1" 200 32 "http://www.mantech8.com/bimages/hgallery/?C=S%3BO%3DA" "Mozilla/5.0 (Linux; Android 7.0;) AppleWebKit/537.36 (KHTML, like Gecko) Mobile Safari/537.36 (compatible; PetalBot;+https://webmaster.petalsearch.com/site/petalbot)" "www.mantech8.com"
185.191.171.18 - - [21/Nov/2022:09:37:11 -0800] "GET /?camp-fire%2F34415661.html HTTP/1.1" 500 - "-" "Mozilla/5.0 (compatible; SemrushBot/7~bl; +http://www.semrush.com/bot.html)" "mantech8.com"
185.191.171.41 - - [21/Nov/2022:09:37:38 -0800] "GET /?camp-fire%2F25706227.html HTTP/1.1" 500 - "-" "Mozilla/5.0 (compatible; SemrushBot/7~bl; +http://www.semrush.com/bot.html)" "mantech8.com"
185.191.171.44 - - [21/Nov/2022:09:37:45 -0800] "GET /?camp-fire%2F7828021.html HTTP/1.1" 500 - "-" "Mozilla/5.0 (compatible; SemrushBot/7~bl; +http://www.semrush.com/bot.html)" "mantech8.com"
185.191.171.3 - - [21/Nov/2022:09:38:01 -0800] "GET /?camp-fire%2F27069182.html HTTP/1.1" 500 - "-" "Mozilla/5.0 (compatible; SemrushBot/7~bl; +http://www.semrush.com/bot.html)" "mantech8.com"
207.46.13.100 - - [21/Nov/2022:09:38:22 -0800] "GET /index.php?/category37/ HTTP/1.1" 200 74497 "-" "Mozilla/5.0 (compatible; bingbot/2.0; +http://www.bing.com/bingbot.htm)" "www.mantech8.com"
207.46.13.100 - - [21/Nov/2022:09:38:23 -0800] "GET /index.php?/category30/ HTTP/1.1" 200 64657 "-" "Mozilla/5.0 AppleWebKit/537.36 (KHTML, like Gecko; compatible; bingbot/2.0; +http://www.bing.com/bingbot.htm) Chrome/103.0.5060.134 Safari/537.36" "www.mantech8.com"
207.46.13.100 - - [21/Nov/2022:09:38:24 -0800] "GET /index.php?/join.php HTTP/1.1" 200 66816 "-" "Mozilla/5.0 AppleWebKit/537.36 (KHTML, like Gecko; compatible; bingbot/2.0; +http://www.bing.com/bingbot.htm) Chrome/103.0.5060.134 Safari/537.36" "www.mantech8.com"
207.46.13.100 - - [21/Nov/2022:09:38:25 -0800] "GET /index.php?/fast HTTP/1.1" 200 70037 "-" "Mozilla/5.0 AppleWebKit/537.36 (KHTML, like Gecko; compatible; bingbot/2.0; +http://www.bing.com/bingbot.htm) Chrome/103.0.5060.134 Safari/537.36" "www.mantech8.com"
207.46.13.100 - - [21/Nov/2022:09:38:25 -0800] "GET /index.php?/citl_en/ HTTP/1.1" 200 70028 "-" "Mozilla/5.0 AppleWebKit/537.36 (KHTML, like Gecko; compatible; bingbot/2.0; +http://www.bing.com/bingbot.htm) Chrome/103.0.5060.134 Safari/537.36" "www.mantech8.com"
40.77.167.67 - - [21/Nov/2022:09:38:26 -0800] "GET /index.php?/formal HTTP/1.1" 200 72614 "-" "Mozilla/5.0 (compatible; bingbot/2.0; +http://www.bing.com/bingbot.htm)" "www.mantech8.com"
207.46.13.100 - - [21/Nov/2022:09:38:26 -0800] "GET /index.php/20ceb HTTP/1.1" 200 93055 "-" "Mozilla/5.0 (compatible; bingbot/2.0; +http://www.bing.com/bingbot.htm)" "www.mantech8.com"
207.46.13.177 - - [21/Nov/2022:09:38:27 -0800] "GET /index.php?/2022/01 HTTP/1.1" 200 69416 "-" "Mozilla/5.0 (compatible; bingbot/2.0; +http://www.bing.com/bingbot.htm)" "www.mantech8.com"
207.46.13.177 - - [21/Nov/2022:09:38:32 -0800] "GET /index.php/f5cb HTTP/1.1" 200 67046 "-" "Mozilla/5.0 AppleWebKit/537.36 (KHTML, like Gecko; compatible; bingbot/2.0; +http://www.bing.com/bingbot.htm) Chrome/103.0.5060.134 Safari/537.36" "www.mantech8.com"
207.46.13.125 - - [21/Nov/2022:09:38:34 -0800] "GET /index.php?/wsbqd/ HTTP/1.1" 200 65941 "-" "Mozilla/5.0 (compatible; bingbot/2.0; +http://www.bing.com/bingbot.htm)" "www.mantech8.com"
40.77.167.26 - - [21/Nov/2022:09:38:39 -0800] "GET /index.php?/corporate/ HTTP/1.1" 200 73864 "-" "Mozilla/5.0 (compatible; bingbot/2.0; +http://www.bing.com/bingbot.htm)" "www.mantech8.com"
40.77.167.26 - - [21/Nov/2022:09:38:40 -0800] "GET /index.php?/view/15904.html HTTP/1.1" 200 70070 "-" "Mozilla/5.0 (compatible; bingbot/2.0; +http://www.bing.com/bingbot.htm)" "www.mantech8.com"
40.77.167.26 - - [21/Nov/2022:09:38:41 -0800] "GET /index.php?/apply/ HTTP/1.1" 200 72924 "-" "Mozilla/5.0 AppleWebKit/537.36 (KHTML, like Gecko; compatible; bingbot/2.0; +http://www.bing.com/bingbot.htm) Chrome/103.0.5060.134 Safari/537.36" "www.mantech8.com"
40.77.167.26 - - [21/Nov/2022:09:38:42 -0800] "GET /index.php?/guide HTTP/1.1" 200 74755 "-" "Mozilla/5.0 (compatible; bingbot/2.0; +http://www.bing.com/bingbot.htm)" "www.mantech8.com"
40.77.167.26 - - [21/Nov/2022:09:38:43 -0800] "GET /index.php?:8443/cdo HTTP/1.1" 200 67591 "-" "Mozilla/5.0 (compatible; bingbot/2.0; +http://www.bing.com/bingbot.htm)" "www.mantech8.com"
40.77.167.26 - - [21/Nov/2022:09:38:44 -0800] "GET /index.php?/category5/ HTTP/1.1" 200 70920 "-" "Mozilla/5.0 AppleWebKit/537.36 (KHTML, like Gecko; compatible; bingbot/2.0; +http://www.bing.com/bingbot.htm) Chrome/103.0.5060.134 Safari/537.36" "www.mantech8.com"
157.55.39.123 - - [21/Nov/2022:09:38:46 -0800] "GET /index.php?/uox6olohbfy HTTP/1.1" 200 70475 "-" "Mozilla/5.0 AppleWebKit/537.36 (KHTML, like Gecko; compatible; bingbot/2.0; +http://www.bing.com/bingbot.htm) Chrome/103.0.5060.134 Safari/537.36" "www.mantech8.com"
157.55.39.123 - - [21/Nov/2022:09:38:47 -0800] "GET /index.php?/taiya HTTP/1.1" 200 69675 "-" "Mozilla/5.0 AppleWebKit/537.36 (KHTML, like Gecko; compatible; bingbot/2.0; +http://www.bing.com/bingbot.htm) Chrome/103.0.5060.134 Safari/537.36" "www.mantech8.com"
157.55.39.123 - - [21/Nov/2022:09:38:47 -0800] "GET /index.php?/products HTTP/1.1" 200 68602 "-" "Mozilla/5.0 AppleWebKit/537.36 (KHTML, like Gecko; compatible; bingbot/2.0; +http://www.bing.com/bingbot.htm) Chrome/103.0.5060.134 Safari/537.36" "www.mantech8.com"
185.191.171.38 - - [21/Nov/2022:09:38:50 -0800] "GET /bimages/video/thump/?C=S%3BO%3DA HTTP/1.1" 200 432 "-" "Mozilla/5.0 (compatible; SemrushBot/7~bl; +http://www.semrush.com/bot.html)" "www.mantech8.com"
185.191.171.13 - - [21/Nov/2022:09:38:55 -0800] "GET /bimages/hgallery/thump/?C=M%3BO%3DA HTTP/1.1" 200 506 "-" "Mozilla/5.0 (compatible; SemrushBot/7~bl; +http://www.semrush.com/bot.html)" "www.mantech8.com"
185.191.171.22 - - [21/Nov/2022:09:39:57 -0800] "GET /?camp-fire%2F25914176.html HTTP/1.1" 500 - "-" "Mozilla/5.0 (compatible; SemrushBot/7~bl; +http://www.semrush.com/bot.html)" "mantech8.com"
185.191.171.35 - - [21/Nov/2022:09:40:43 -0800] "GET /?camp-fire%2F6449772.html HTTP/1.1" 500 - "-" "Mozilla/5.0 (compatible; SemrushBot/7~bl; +http://www.semrush.com/bot.html)" "mantech8.com"
185.191.171.21 - - [21/Nov/2022:09:41:03 -0800] "GET /?camp-fire%2F5256351.html HTTP/1.1" 500 - "-" "Mozilla/5.0 (compatible; SemrushBot/7~bl; +http://www.semrush.com/bot.html)" "mantech8.com"
114.119.133.182 - - [21/Nov/2022:09:42:14 -0800] "GET /index.php?sitemap445.xml HTTP/1.1" 200 289575 "-" "Mozilla/5.0 (Linux; Android 7.0;) AppleWebKit/537.36 (KHTML, like Gecko) Mobile Safari/537.36 (compatible; PetalBot;+https://webmaster.petalsearch.com/site/petalbot)" "mantech8.com"
185.191.171.16 - - [21/Nov/2022:09:42:18 -0800] "GET /?camp-fire%2F34966876.html HTTP/1.1" 500 - "-" "Mozilla/5.0 (compatible; SemrushBot/7~bl; +http://www.semrush.com/bot.html)" "mantech8.com"
185.191.171.45 - - [21/Nov/2022:09:42:56 -0800] "GET /?camp-fire%2F7344953.html HTTP/1.1" 500 - "-" "Mozilla/5.0 (compatible; SemrushBot/7~bl; +http://www.semrush.com/bot.html)" "mantech8.com"
185.191.171.43 - - [21/Nov/2022:09:43:05 -0800] "GET /bimages/service/thump/mqfkylxr.php HTTP/1.1" 200 32 "-" "Mozilla/5.0 (compatible; SemrushBot/7~bl; +http://www.semrush.com/bot.html)" "www.mantech8.com"
185.191.171.1 - - [21/Nov/2022:09:43:28 -0800] "GET /?camp-fire%2F4791755.html HTTP/1.1" 500 - "-" "Mozilla/5.0 (compatible; SemrushBot/7~bl; +http://www.semrush.com/bot.html)" "mantech8.com"
185.191.171.43 - - [21/Nov/2022:09:43:46 -0800] "GET /?camp-fire%2F25032706.html HTTP/1.1" 500 - "-" "Mozilla/5.0 (compatible; SemrushBot/7~bl; +http://www.semrush.com/bot.html)" "mantech8.com"
185.191.171.3 - - [21/Nov/2022:09:44:00 -0800] "GET /?camp-fire%2F5350265.html HTTP/1.1" 500 - "-" "Mozilla/5.0 (compatible; SemrushBot/7~bl; +http://www.semrush.com/bot.html)" "mantech8.com"
185.191.171.33 - - [21/Nov/2022:09:45:12 -0800] "GET /?camp-fire%2F28356563.html HTTP/1.1" 500 - "-" "Mozilla/5.0 (compatible; SemrushBot/7~bl; +http://www.semrush.com/bot.html)" "mantech8.com"
185.191.171.14 - - [21/Nov/2022:09:45:13 -0800] "GET /?camp-fire%2F35017325.html HTTP/1.1" 500 - "-" "Mozilla/5.0 (compatible; SemrushBot/7~bl; +http://www.semrush.com/bot.html)" "mantech8.com"
185.191.171.12 - - [21/Nov/2022:09:45:22 -0800] "GET /?camp-fire%2F9843896.html HTTP/1.1" 500 - "-" "Mozilla/5.0 (compatible; SemrushBot/7~bl; +http://www.semrush.com/bot.html)" "mantech8.com"
185.191.171.13 - - [21/Nov/2022:09:45:35 -0800] "GET /bimages/video/?C=S%3BO%3DA HTTP/1.1" 200 550 "-" "Mozilla/5.0 (compatible; SemrushBot/7~bl; +http://www.semrush.com/bot.html)" "www.mantech8.com"
216.244.66.241 - - [21/Nov/2022:09:46:02 -0800] "GET /robots.txt HTTP/1.1" 200 222 "-" "Mozilla/5.0 (compatible; DotBot/1.2; +https://opensiteexplorer.org/dotbot; help@moz.com)" "www.mantech8.com"
216.244.66.241 - - [21/Nov/2022:09:46:02 -0800] "GET /robots.txt HTTP/1.1" 200 222 "-" "Mozilla/5.0 (compatible; DotBot/1.2; +https://opensiteexplorer.org/dotbot; help@moz.com)" "mantech8.com"
185.191.171.44 - - [21/Nov/2022:09:46:03 -0800] "GET /?camp-fire%2F35512708.html HTTP/1.1" 500 - "-" "Mozilla/5.0 (compatible; SemrushBot/7~bl; +http://www.semrush.com/bot.html)" "mantech8.com"
185.191.171.4 - - [21/Nov/2022:09:46:17 -0800] "GET /?camp-fire%2F26194651.html HTTP/1.1" 500 - "-" "Mozilla/5.0 (compatible; SemrushBot/7~bl; +http://www.semrush.com/bot.html)" "mantech8.com"
185.191.171.5 - - [21/Nov/2022:09:46:42 -0800] "GET /?camp-fire%2F32216847.html HTTP/1.1" 500 - "-" "Mozilla/5.0 (compatible; SemrushBot/7~bl; +http://www.semrush.com/bot.html)" "mantech8.com"
31.172.80.137 - - [21/Nov/2022:09:47:13 -0800] "GET /wp-login.php HTTP/1.1" 404 88 "-" "Mozilla/5.0 (Windows NT 10.0; Win64; x64; rv:96.0) Gecko/20100101 Firefox/96" "mantech8.com"
185.191.171.40 - - [21/Nov/2022:09:47:27 -0800] "GET /?camp-fire%2F31368155.html HTTP/1.1" 500 - "-" "Mozilla/5.0 (compatible; SemrushBot/7~bl; +http://www.semrush.com/bot.html)" "mantech8.com"
185.191.171.4 - - [21/Nov/2022:09:47:44 -0800] "GET /robots.txt HTTP/1.1" 200 106 "-" "Mozilla/5.0 (compatible; SemrushBot/7~bl; +http://www.semrush.com/bot.html)" "mantech8.com"
185.191.171.37 - - [21/Nov/2022:09:47:51 -0800] "GET /?camp-fire%2F31908355.html HTTP/1.1" 500 - "-" "Mozilla/5.0 (compatible; SemrushBot/7~bl; +http://www.semrush.com/bot.html)" "mantech8.com"
185.191.171.5 - - [21/Nov/2022:09:48:23 -0800] "GET /?camp-fire%2F34595955.html HTTP/1.1" 500 - "-" "Mozilla/5.0 (compatible; SemrushBot/7~bl; +http://www.semrush.com/bot.html)" "mantech8.com"
185.191.171.19 - - [21/Nov/2022:09:50:13 -0800] "GET /?camp-fire%2F32944535.html HTTP/1.1" 500 - "-" "Mozilla/5.0 (compatible; SemrushBot/7~bl; +http://www.semrush.com/bot.html)" "mantech8.com"
185.191.171.3 - - [21/Nov/2022:09:50:48 -0800] "GET /?camp-fire%2F6449172.html HTTP/1.1" 500 - "-" "Mozilla/5.0 (compatible; SemrushBot/7~bl; +http://www.semrush.com/bot.html)" "mantech8.com"
185.191.171.33 - - [21/Nov/2022:09:51:22 -0800] "GET /?camp-fire%2F8519380.html HTTP/1.1" 500 - "-" "Mozilla/5.0 (compatible; SemrushBot/7~bl; +http://www.semrush.com/bot.html)" "mantech8.com"
185.191.171.25 - - [21/Nov/2022:09:51:36 -0800] "GET /?camp-fire%2F8237180.html HTTP/1.1" 500 - "-" "Mozilla/5.0 (compatible; SemrushBot/7~bl; +http://www.semrush.com/bot.html)" "mantech8.com"
185.191.171.44 - - [21/Nov/2022:09:52:56 -0800] "GET /?camp-fire%2F35015957.html HTTP/1.1" 500 - "-" "Mozilla/5.0 (compatible; SemrushBot/7~bl; +http://www.semrush.com/bot.html)" "mantech8.com"
185.191.171.7 - - [21/Nov/2022:09:53:09 -0800] "GET /?camp-fire%2F25501450.html HTTP/1.1" 500 - "-" "Mozilla/5.0 (compatible; SemrushBot/7~bl; +http://www.semrush.com/bot.html)" "mantech8.com"
185.191.171.26 - - [21/Nov/2022:09:53:28 -0800] "GET /?camp-fire%2F4731098.html HTTP/1.1" 500 - "-" "Mozilla/5.0 (compatible; SemrushBot/7~bl; +http://www.semrush.com/bot.html)" "mantech8.com"
157.55.39.123 - - [21/Nov/2022:09:54:44 -0800] "GET /index.php/29f9abdbfd HTTP/1.1" 200 66527 "-" "Mozilla/5.0 (compatible; bingbot/2.0; +http://www.bing.com/bingbot.htm)" "www.mantech8.com"
20.28.200.242 - - [21/Nov/2022:09:54:47 -0800] "GET / HTTP/1.1" 500 - "-" "Mozilla/5.0 (Windows NT 10.0; Win64; x64) AppleWebKit/537.36 (KHTML, like Gecko) Chrome/89.0.4389.114 Safari/537.36" "mantech8.com"
20.28.200.242 - - [21/Nov/2022:09:54:47 -0800] "GET / HTTP/1.1" 500 - "-" "Mozilla/5.0 (Windows NT 10.0; Win64; x64) AppleWebKit/537.36 (KHTML, like Gecko) Chrome/89.0.4389.114 Safari/537.36" "mantech8.com"
20.28.200.242 - - [21/Nov/2022:09:54:48 -0800] "GET /xmlrpc.php?rsd HTTP/1.1" 500 5307 "-" "Mozilla/5.0 (Windows NT 10.0; Win64; x64) AppleWebKit/537.36 (KHTML, like Gecko) Chrome/89.0.4389.114 Safari/537.36" "mantech8.com"
20.28.200.242 - - [21/Nov/2022:09:54:48 -0800] "GET / HTTP/1.1" 500 - "-" "Mozilla/5.0 (Windows NT 10.0; Win64; x64) AppleWebKit/537.36 (KHTML, like Gecko) Chrome/89.0.4389.114 Safari/537.36" "mantech8.com"
20.28.200.242 - - [21/Nov/2022:09:54:49 -0800] "GET /blog/wp-includes/wlwmanifest.xml HTTP/1.1" 404 73 "-" "Mozilla/5.0 (Windows NT 10.0; Win64; x64) AppleWebKit/537.36 (KHTML, like Gecko) Chrome/89.0.4389.114 Safari/537.36" "mantech8.com"
20.28.200.242 - - [21/Nov/2022:09:54:49 -0800] "GET /web/wp-includes/wlwmanifest.xml HTTP/1.1" 404 73 "-" "Mozilla/5.0 (Windows NT 10.0; Win64; x64) AppleWebKit/537.36 (KHTML, like Gecko) Chrome/89.0.4389.114 Safari/537.36" "mantech8.com"
20.28.200.242 - - [21/Nov/2022:09:54:50 -0800] "GET /wordpress/wp-includes/wlwmanifest.xml HTTP/1.1" 404 73 "-" "Mozilla/5.0 (Windows NT 10.0; Win64; x64) AppleWebKit/537.36 (KHTML, like Gecko) Chrome/89.0.4389.114 Safari/537.36" "mantech8.com"
20.28.200.242 - - [21/Nov/2022:09:54:50 -0800] "GET /website/wp-includes/wlwmanifest.xml HTTP/1.1" 404 73 "-" "Mozilla/5.0 (Windows NT 10.0; Win64; x64) AppleWebKit/537.36 (KHTML, like Gecko) Chrome/89.0.4389.114 Safari/537.36" "mantech8.com"
20.28.200.242 - - [21/Nov/2022:09:54:51 -0800] "GET /wp/wp-includes/wlwmanifest.xml HTTP/1.1" 404 73 "-" "Mozilla/5.0 (Windows NT 10.0; Win64; x64) AppleWebKit/537.36 (KHTML, like Gecko) Chrome/89.0.4389.114 Safari/537.36" "mantech8.com"
20.28.200.242 - - [21/Nov/2022:09:54:51 -0800] "GET /2020/wp-includes/wlwmanifest.xml HTTP/1.1" 404 73 "-" "Mozilla/5.0 (Windows NT 10.0; Win64; x64) AppleWebKit/537.36 (KHTML, like Gecko) Chrome/89.0.4389.114 Safari/537.36" "mantech8.com"
20.28.200.242 - - [21/Nov/2022:09:54:51 -0800] "GET /2019/wp-includes/wlwmanifest.xml HTTP/1.1" 404 73 "-" "Mozilla/5.0 (Windows NT 10.0; Win64; x64) AppleWebKit/537.36 (KHTML, like Gecko) Chrome/89.0.4389.114 Safari/537.36" "mantech8.com"
20.28.200.242 - - [21/Nov/2022:09:54:52 -0800] "GET /shop/wp-includes/wlwmanifest.xml HTTP/1.1" 404 73 "-" "Mozilla/5.0 (Windows NT 10.0; Win64; x64) AppleWebKit/537.36 (KHTML, like Gecko) Chrome/89.0.4389.114 Safari/537.36" "mantech8.com"
20.28.200.242 - - [21/Nov/2022:09:54:52 -0800] "GET /wp1/wp-includes/wlwmanifest.xml HTTP/1.1" 404 73 "-" "Mozilla/5.0 (Windows NT 10.0; Win64; x64) AppleWebKit/537.36 (KHTML, like Gecko) Chrome/89.0.4389.114 Safari/537.36" "mantech8.com"
20.28.200.242 - - [21/Nov/2022:09:54:53 -0800] "GET /wp2/wp-includes/wlwmanifest.xml HTTP/1.1" 404 73 "-" "Mozilla/5.0 (Windows NT 10.0; Win64; x64) AppleWebKit/537.36 (KHTML, like Gecko) Chrome/89.0.4389.114 Safari/537.36" "mantech8.com"
20.28.200.242 - - [21/Nov/2022:09:54:54 -0800] "GET /cms/wp-includes/wlwmanifest.xml HTTP/1.1" 404 73 "-" "Mozilla/5.0 (Windows NT 10.0; Win64; x64) AppleWebKit/537.36 (KHTML, like Gecko) Chrome/89.0.4389.114 Safari/537.36" "mantech8.com"
185.191.171.15 - - [21/Nov/2022:09:55:01 -0800] "GET /?camp-fire%2F27290797.html HTTP/1.1" 500 - "-" "Mozilla/5.0 (compatible; SemrushBot/7~bl; +http://www.semrush.com/bot.html)" "mantech8.com"
185.191.171.16 - - [21/Nov/2022:09:55:32 -0800] "GET /?camp-fire%2F29553806.html HTTP/1.1" 500 - "-" "Mozilla/5.0 (compatible; SemrushBot/7~bl; +http://www.semrush.com/bot.html)" "mantech8.com"
185.191.171.12 - - [21/Nov/2022:09:56:29 -0800] "GET /?camp-fire%2F33581435.html HTTP/1.1" 500 - "-" "Mozilla/5.0 (compatible; SemrushBot/7~bl; +http://www.semrush.com/bot.html)" "mantech8.com"
185.191.171.40 - - [21/Nov/2022:09:56:50 -0800] "GET /?camp-fire%2F4828396.html HTTP/1.1" 500 - "-" "Mozilla/5.0 (compatible; SemrushBot/7~bl; +http://www.semrush.com/bot.html)" "mantech8.com"
185.191.171.25 - - [21/Nov/2022:09:57:08 -0800] "GET /?camp-fire%2F7773242.html HTTP/1.1" 500 - "-" "Mozilla/5.0 (compatible; SemrushBot/7~bl; +http://www.semrush.com/bot.html)" "mantech8.com"
185.191.171.9 - - [21/Nov/2022:09:57:25 -0800] "GET /?camp-fire%2F31368755.html HTTP/1.1" 500 - "-" "Mozilla/5.0 (compatible; SemrushBot/7~bl; +http://www.semrush.com/bot.html)" "mantech8.com"
185.191.171.12 - - [21/Nov/2022:09:58:31 -0800] "GET /?camp-fire%2F27645609.html HTTP/1.1" 500 - "-" "Mozilla/5.0 (compatible; SemrushBot/7~bl; +http://www.semrush.com/bot.html)" "mantech8.com"
185.191.171.26 - - [21/Nov/2022:09:58:33 -0800] "GET /?camp-fire%2F33606759.html HTTP/1.1" 500 - "-" "Mozilla/5.0 (compatible; SemrushBot/7~bl; +http://www.semrush.com/bot.html)" "mantech8.com"
185.191.171.12 - - [21/Nov/2022:09:58:53 -0800] "GET /?camp-fire%2F28849259.html HTTP/1.1" 500 - "-" "Mozilla/5.0 (compatible; SemrushBot/7~bl; +http://www.semrush.com/bot.html)" "mantech8.com"
185.191.171.12 - - [21/Nov/2022:09:59:03 -0800] "GET /?camp-fire%2F8338193.html HTTP/1.1" 500 - "-" "Mozilla/5.0 (compatible; SemrushBot/7~bl; +http://www.semrush.com/bot.html)" "mantech8.com"
185.191.171.14 - - [21/Nov/2022:10:00:48 -0800] "GET /?camp-fire%2F33240916.html HTTP/1.1" 500 - "-" "Mozilla/5.0 (compatible; SemrushBot/7~bl; +http://www.semrush.com/bot.html)" "mantech8.com"
185.191.171.3 - - [21/Nov/2022:10:01:52 -0800] "GET /?camp-fire%2F31911430.html HTTP/1.1" 500 - "-" "Mozilla/5.0 (compatible; SemrushBot/7~bl; +http://www.semrush.com/bot.html)" "mantech8.com"
185.191.171.9 - - [21/Nov/2022:10:02:00 -0800] "GET /bimages/certificate/thump/editprojects.php HTTP/1.1" 200 32 "-" "Mozilla/5.0 (compatible; SemrushBot/7~bl; +http://www.semrush.com/bot.html)" "www.mantech8.com"
185.191.171.21 - - [21/Nov/2022:10:02:33 -0800] "GET /?camp-fire%2F27446526.html HTTP/1.1" 500 - "-" "Mozilla/5.0 (compatible; SemrushBot/7~bl; +http://www.semrush.com/bot.html)" "mantech8.com"
185.191.171.16 - - [21/Nov/2022:10:03:30 -0800] "GET /bimages/elect/?C=D%3BO%3DA HTTP/1.1" 200 417 "-" "Mozilla/5.0 (compatible; SemrushBot/7~bl; +http://www.semrush.com/bot.html)" "www.mantech8.com"
185.191.171.26 - - [21/Nov/2022:10:03:33 -0800] "GET /?camp-fire%2F20648159.html HTTP/1.1" 500 - "-" "Mozilla/5.0 (compatible; SemrushBot/7~bl; +http://www.semrush.com/bot.html)" "mantech8.com"
185.191.171.8 - - [21/Nov/2022:10:03:53 -0800] "GET /?camp-fire%2F32609568.html HTTP/1.1" 500 - "-" "Mozilla/5.0 (compatible; SemrushBot/7~bl; +http://www.semrush.com/bot.html)" "mantech8.com"
185.191.171.23 - - [21/Nov/2022:10:04:13 -0800] "GET /?camp-fire%2F5932965.html HTTP/1.1" 500 - "-" "Mozilla/5.0 (compatible; SemrushBot/7~bl; +http://www.semrush.com/bot.html)" "mantech8.com"
185.191.171.17 - - [21/Nov/2022:10:05:02 -0800] "GET /?camp-fire%2F26236382.html HTTP/1.1" 500 - "-" "Mozilla/5.0 (compatible; SemrushBot/7~bl; +http://www.semrush.com/bot.html)" "mantech8.com"
185.191.171.8 - - [21/Nov/2022:10:05:23 -0800] "GET /?camp-fire%2F32576070.html HTTP/1.1" 500 - "-" "Mozilla/5.0 (compatible; SemrushBot/7~bl; +http://www.semrush.com/bot.html)" "mantech8.com"
185.191.171.35 - - [21/Nov/2022:10:05:29 -0800] "GET /?camp-fire%2F26634147.html HTTP/1.1" 500 - "-" "Mozilla/5.0 (compatible; SemrushBot/7~bl; +http://www.semrush.com/bot.html)" "mantech8.com"
185.191.171.24 - - [21/Nov/2022:10:05:47 -0800] "GET /?camp-fire%2F29827527.html HTTP/1.1" 500 - "-" "Mozilla/5.0 (compatible; SemrushBot/7~bl; +http://www.semrush.com/bot.html)" "mantech8.com"
185.191.171.17 - - [21/Nov/2022:10:05:51 -0800] "GET /?camp-fire%2F6277953.html HTTP/1.1" 500 - "-" "Mozilla/5.0 (compatible; SemrushBot/7~bl; +http://www.semrush.com/bot.html)" "mantech8.com"
185.191.171.21 - - [21/Nov/2022:10:07:10 -0800] "GET /?camp-fire%2F33712559.html HTTP/1.1" 500 - "-" "Mozilla/5.0 (compatible; SemrushBot/7~bl; +http://www.semrush.com/bot.html)" "mantech8.com"
185.191.171.6 - - [21/Nov/2022:10:07:25 -0800] "GET /?camp-fire%2F34354593.html HTTP/1.1" 500 - "-" "Mozilla/5.0 (compatible; SemrushBot/7~bl; +http://www.semrush.com/bot.html)" "mantech8.com"
185.191.171.21 - - [21/Nov/2022:10:07:42 -0800] "GET /bimages/pipeg/?C=N%3BO%3DD HTTP/1.1" 200 569 "-" "Mozilla/5.0 (compatible; SemrushBot/7~bl; +http://www.semrush.com/bot.html)" "www.mantech8.com"
185.191.171.9 - - [21/Nov/2022:10:07:56 -0800] "GET /?camp-fire%2F25637259.html HTTP/1.1" 500 - "-" "Mozilla/5.0 (compatible; SemrushBot/7~bl; +http://www.semrush.com/bot.html)" "mantech8.com"
185.191.171.44 - - [21/Nov/2022:10:08:36 -0800] "GET /?camp-fire%2F33439593.html HTTP/1.1" 500 - "-" "Mozilla/5.0 (compatible; SemrushBot/7~bl; +http://www.semrush.com/bot.html)" "mantech8.com"
142.93.10.247 - - [21/Nov/2022:10:09:23 -0800] "GET / HTTP/1.1" 500 - "-" "Mozilla/5.0 (Windows NT 10.0; Win64; x64) AppleWebKit/537.36 (KHTML, like Gecko) Chrome/68.0.3440.84 Safari/537.36" "mantech8.com"
142.93.10.247 - - [21/Nov/2022:10:09:25 -0800] "GET / HTTP/1.1" 500 - "-" "Mozilla/5.0 (Linux;  7.1.1; MI MAX 2 Build/NMF26F; wv) AppleWebKit/537.36 (KHTML, like Gecko) Version/4.0 Chrome/69.0.3497.100  Safari/537.36" "mantech8.com"
142.93.10.247 - - [21/Nov/2022:10:09:25 -0800] "GET / HTTP/1.1" 200 64928 "-" "Mozilla/5.0 (Windows NT 6.3; WOW64) AppleWebKit/537.36 (KHTML, like Gecko) Chrome/36.0.1941.0 Safari/537.36 AppEngine-Google; (+http://code.google.com/appengine; appid: s~zhaiopbc-0023)" "www.mantech8.com"
142.93.10.247 - - [21/Nov/2022:10:09:25 -0800] "GET / HTTP/1.1" 500 - "-" "Mozilla/5.0 (X11; Ubuntu; Linux x86_64; rv:77.0) Gecko/20100101 Firefox/77.0" "www.mantech8.com"
185.191.171.11 - - [21/Nov/2022:10:10:48 -0800] "GET /?camp-fire%2F35307365.html HTTP/1.1" 500 - "-" "Mozilla/5.0 (compatible; SemrushBot/7~bl; +http://www.semrush.com/bot.html)" "mantech8.com"
185.191.171.1 - - [21/Nov/2022:10:11:00 -0800] "GET /?camp-fire%2F34768608.html HTTP/1.1" 500 - "-" "Mozilla/5.0 (compatible; SemrushBot/7~bl; +http://www.semrush.com/bot.html)" "mantech8.com"
185.191.171.35 - - [21/Nov/2022:10:12:25 -0800] "GET /?camp-fire%2F27152456.html HTTP/1.1" 500 - "-" "Mozilla/5.0 (compatible; SemrushBot/7~bl; +http://www.semrush.com/bot.html)" "mantech8.com"
185.191.171.2 - - [21/Nov/2022:10:12:32 -0800] "GET /?camp-fire%2F34100261.html HTTP/1.1" 500 - "-" "Mozilla/5.0 (compatible; SemrushBot/7~bl; +http://www.semrush.com/bot.html)" "mantech8.com"
185.191.171.4 - - [21/Nov/2022:10:12:53 -0800] "GET /?camp-fire%2F33433593.html HTTP/1.1" 500 - "-" "Mozilla/5.0 (compatible; SemrushBot/7~bl; +http://www.semrush.com/bot.html)" "mantech8.com"
185.191.171.26 - - [21/Nov/2022:10:13:14 -0800] "GET /?camp-fire%2F33762208.html HTTP/1.1" 500 - "-" "Mozilla/5.0 (compatible; SemrushBot/7~bl; +http://www.semrush.com/bot.html)" "mantech8.com"
185.191.171.11 - - [21/Nov/2022:10:13:23 -0800] "GET /?camp-fire%2F5587998.html HTTP/1.1" 500 - "-" "Mozilla/5.0 (compatible; SemrushBot/7~bl; +http://www.semrush.com/bot.html)" "mantech8.com"
40.77.167.26 - - [21/Nov/2022:10:13:44 -0800] "GET /oM8T-5ada-XopWN.Ii HTTP/1.1" 404 88 "-" "Mozilla/5.0 AppleWebKit/537.36 (KHTML, like Gecko; compatible; bingbot/2.0; +http://www.bing.com/bingbot.htm) Chrome/103.0.5060.134 Safari/537.36" "www.mantech8.com"
185.191.171.1 - - [21/Nov/2022:10:14:36 -0800] "GET /?camp-fire%2F33095456.html HTTP/1.1" 500 - "-" "Mozilla/5.0 (compatible; SemrushBot/7~bl; +http://www.semrush.com/bot.html)" "mantech8.com"
185.191.171.1 - - [21/Nov/2022:10:14:50 -0800] "GET /bimages/gallery/alfacgiapi/select_server.lib.php HTTP/1.1" 200 32 "-" "Mozilla/5.0 (compatible; SemrushBot/7~bl; +http://www.semrush.com/bot.html)" "www.mantech8.com"
207.46.13.100 - - [21/Nov/2022:10:15:16 -0800] "GET /sitemapindeximages.xml HTTP/1.1" 404 88 "-" "Mozilla/5.0 (compatible; bingbot/2.0; +http://www.bing.com/bingbot.htm)" "mantech8.com"
207.46.13.125 - - [21/Nov/2022:10:15:21 -0800] "GET /sitemapnewindex.xml HTTP/1.1" 404 88 "-" "Mozilla/5.0 (compatible; bingbot/2.0; +http://www.bing.com/bingbot.htm)" "mantech8.com"
157.55.39.123 - - [21/Nov/2022:10:15:26 -0800] "GET /sitemapmobileindex.xml HTTP/1.1" 404 88 "-" "Mozilla/5.0 (compatible; bingbot/2.0; +http://www.bing.com/bingbot.htm)" "mantech8.com"
185.191.171.4 - - [21/Nov/2022:10:15:59 -0800] "GET /?camp-fire%2F4122465.html HTTP/1.1" 500 - "-" "Mozilla/5.0 (compatible; SemrushBot/7~bl; +http://www.semrush.com/bot.html)" "mantech8.com"
185.191.171.11 - - [21/Nov/2022:10:16:06 -0800] "GET /?camp-fire%2F28415364.html HTTP/1.1" 500 - "-" "Mozilla/5.0 (compatible; SemrushBot/7~bl; +http://www.semrush.com/bot.html)" "mantech8.com"
66.249.70.178 - - [21/Nov/2022:10:16:13 -0800] "GET /crewmate.xml HTTP/1.1" 404 88 "-" "Mozilla/5.0 (compatible; Googlebot/2.1; +http://www.google.com/bot.html)" "mantech8.com"
66.249.70.176 - - [21/Nov/2022:10:16:21 -0800] "GET /sitemapimages10015.xml HTTP/1.1" 404 88 "-" "Mozilla/5.0 (compatible; Googlebot/2.1; +http://www.google.com/bot.html)" "mantech8.com"
66.249.70.176 - - [21/Nov/2022:10:16:22 -0800] "GET /sitemapimages10503.xml HTTP/1.1" 404 88 "-" "Mozilla/5.0 (compatible; Googlebot/2.1; +http://www.google.com/bot.html)" "mantech8.com"
66.249.70.176 - - [21/Nov/2022:10:16:23 -0800] "GET /sitemapimages10670.xml HTTP/1.1" 404 88 "-" "Mozilla/5.0 (compatible; Googlebot/2.1; +http://www.google.com/bot.html)" "mantech8.com"
66.249.70.176 - - [21/Nov/2022:10:16:24 -0800] "GET /sitemapimages10725.xml HTTP/1.1" 404 88 "-" "Mozilla/5.0 (compatible; Googlebot/2.1; +http://www.google.com/bot.html)" "mantech8.com"
66.249.70.178 - - [21/Nov/2022:10:16:25 -0800] "GET /sitemapimages10774.xml HTTP/1.1" 404 88 "-" "Mozilla/5.0 (compatible; Googlebot/2.1; +http://www.google.com/bot.html)" "mantech8.com"
66.249.70.176 - - [21/Nov/2022:10:16:26 -0800] "GET /sitemapimages1091.xml HTTP/1.1" 404 88 "-" "Mozilla/5.0 (compatible; Googlebot/2.1; +http://www.google.com/bot.html)" "mantech8.com"
66.249.70.176 - - [21/Nov/2022:10:16:27 -0800] "GET /sitemapimages11164.xml HTTP/1.1" 404 88 "-" "Mozilla/5.0 (compatible; Googlebot/2.1; +http://www.google.com/bot.html)" "mantech8.com"
66.249.70.176 - - [21/Nov/2022:10:16:28 -0800] "GET /sitemapimages11173.xml HTTP/1.1" 404 88 "-" "Mozilla/5.0 (compatible; Googlebot/2.1; +http://www.google.com/bot.html)" "mantech8.com"
66.249.70.176 - - [21/Nov/2022:10:16:29 -0800] "GET /sitemapimages11496.xml HTTP/1.1" 404 88 "-" "Mozilla/5.0 (compatible; Googlebot/2.1; +http://www.google.com/bot.html)" "mantech8.com"
66.249.70.176 - - [21/Nov/2022:10:16:30 -0800] "GET /sitemapimages12387.xml HTTP/1.1" 404 88 "-" "Mozilla/5.0 (compatible; Googlebot/2.1; +http://www.google.com/bot.html)" "mantech8.com"
66.249.70.176 - - [21/Nov/2022:10:16:31 -0800] "GET /sitemapimages1260.xml HTTP/1.1" 404 88 "-" "Mozilla/5.0 (compatible; Googlebot/2.1; +http://www.google.com/bot.html)" "mantech8.com"
66.249.70.176 - - [21/Nov/2022:10:16:32 -0800] "GET /sitemapimages12774.xml HTTP/1.1" 404 88 "-" "Mozilla/5.0 (compatible; Googlebot/2.1; +http://www.google.com/bot.html)" "mantech8.com"
66.249.70.176 - - [21/Nov/2022:10:16:33 -0800] "GET /sitemapimages12863.xml HTTP/1.1" 404 88 "-" "Mozilla/5.0 (compatible; Googlebot/2.1; +http://www.google.com/bot.html)" "mantech8.com"
66.249.70.176 - - [21/Nov/2022:10:16:34 -0800] "GET /sitemapimages13082.xml HTTP/1.1" 404 88 "-" "Mozilla/5.0 (compatible; Googlebot/2.1; +http://www.google.com/bot.html)" "mantech8.com"
66.249.70.176 - - [21/Nov/2022:10:16:35 -0800] "GET /sitemapimages13139.xml HTTP/1.1" 404 88 "-" "Mozilla/5.0 (compatible; Googlebot/2.1; +http://www.google.com/bot.html)" "mantech8.com"
66.249.70.176 - - [21/Nov/2022:10:16:36 -0800] "GET /sitemapimages1326.xml HTTP/1.1" 404 88 "-" "Mozilla/5.0 (compatible; Googlebot/2.1; +http://www.google.com/bot.html)" "mantech8.com"
66.249.70.176 - - [21/Nov/2022:10:16:37 -0800] "GET /sitemapimages13780.xml HTTP/1.1" 404 88 "-" "Mozilla/5.0 (compatible; Googlebot/2.1; +http://www.google.com/bot.html)" "mantech8.com"
66.249.70.176 - - [21/Nov/2022:10:16:38 -0800] "GET /sitemapimages14078.xml HTTP/1.1" 404 88 "-" "Mozilla/5.0 (compatible; Googlebot/2.1; +http://www.google.com/bot.html)" "mantech8.com"
66.249.70.176 - - [21/Nov/2022:10:16:39 -0800] "GET /sitemapimages14193.xml HTTP/1.1" 404 88 "-" "Mozilla/5.0 (compatible; Googlebot/2.1; +http://www.google.com/bot.html)" "mantech8.com"
66.249.70.176 - - [21/Nov/2022:10:16:40 -0800] "GET /sitemapimages1438.xml HTTP/1.1" 404 88 "-" "Mozilla/5.0 (compatible; Googlebot/2.1; +http://www.google.com/bot.html)" "mantech8.com"
66.249.70.176 - - [21/Nov/2022:10:16:41 -0800] "GET /sitemapimages14455.xml HTTP/1.1" 404 88 "-" "Mozilla/5.0 (compatible; Googlebot/2.1; +http://www.google.com/bot.html)" "mantech8.com"
66.249.70.176 - - [21/Nov/2022:10:16:42 -0800] "GET /sitemapimages15599.xml HTTP/1.1" 404 88 "-" "Mozilla/5.0 (compatible; Googlebot/2.1; +http://www.google.com/bot.html)" "mantech8.com"
66.249.70.176 - - [21/Nov/2022:10:16:43 -0800] "GET /sitemapimages15662.xml HTTP/1.1" 404 88 "-" "Mozilla/5.0 (compatible; Googlebot/2.1; +http://www.google.com/bot.html)" "mantech8.com"
66.249.70.176 - - [21/Nov/2022:10:16:44 -0800] "GET /sitemapimages15711.xml HTTP/1.1" 404 88 "-" "Mozilla/5.0 (compatible; Googlebot/2.1; +http://www.google.com/bot.html)" "mantech8.com"
66.249.70.176 - - [21/Nov/2022:10:16:45 -0800] "GET /sitemapimages159.xml HTTP/1.1" 404 88 "-" "Mozilla/5.0 (compatible; Googlebot/2.1; +http://www.google.com/bot.html)" "mantech8.com"
66.249.70.176 - - [21/Nov/2022:10:16:46 -0800] "GET /sitemapimages1640.xml HTTP/1.1" 404 88 "-" "Mozilla/5.0 (compatible; Googlebot/2.1; +http://www.google.com/bot.html)" "mantech8.com"
66.249.70.176 - - [21/Nov/2022:10:16:47 -0800] "GET /sitemapimages17685.xml HTTP/1.1" 404 88 "-" "Mozilla/5.0 (compatible; Googlebot/2.1; +http://www.google.com/bot.html)" "mantech8.com"
66.249.70.176 - - [21/Nov/2022:10:16:48 -0800] "GET /sitemapimages18091.xml HTTP/1.1" 404 88 "-" "Mozilla/5.0 (compatible; Googlebot/2.1; +http://www.google.com/bot.html)" "mantech8.com"
66.249.70.176 - - [21/Nov/2022:10:16:49 -0800] "GET /sitemapimages18596.xml HTTP/1.1" 404 88 "-" "Mozilla/5.0 (compatible; Googlebot/2.1; +http://www.google.com/bot.html)" "mantech8.com"
66.249.70.176 - - [21/Nov/2022:10:16:50 -0800] "GET /sitemapimages18600.xml HTTP/1.1" 404 88 "-" "Mozilla/5.0 (compatible; Googlebot/2.1; +http://www.google.com/bot.html)" "mantech8.com"
66.249.70.176 - - [21/Nov/2022:10:16:51 -0800] "GET /sitemapimages18793.xml HTTP/1.1" 404 88 "-" "Mozilla/5.0 (compatible; Googlebot/2.1; +http://www.google.com/bot.html)" "mantech8.com"
66.249.70.176 - - [21/Nov/2022:10:16:52 -0800] "GET /sitemapimages18973.xml HTTP/1.1" 404 88 "-" "Mozilla/5.0 (compatible; Googlebot/2.1; +http://www.google.com/bot.html)" "mantech8.com"
66.249.70.176 - - [21/Nov/2022:10:16:53 -0800] "GET /sitemapimages1961.xml HTTP/1.1" 404 88 "-" "Mozilla/5.0 (compatible; Googlebot/2.1; +http://www.google.com/bot.html)" "mantech8.com"
66.249.70.176 - - [21/Nov/2022:10:16:55 -0800] "GET /sitemapimages20315.xml HTTP/1.1" 404 88 "-" "Mozilla/5.0 (compatible; Googlebot/2.1; +http://www.google.com/bot.html)" "mantech8.com"
66.249.70.176 - - [21/Nov/2022:10:16:56 -0800] "GET /sitemapimages20354.xml HTTP/1.1" 404 88 "-" "Mozilla/5.0 (compatible; Googlebot/2.1; +http://www.google.com/bot.html)" "mantech8.com"
66.249.70.176 - - [21/Nov/2022:10:16:57 -0800] "GET /sitemapimages20588.xml HTTP/1.1" 404 88 "-" "Mozilla/5.0 (compatible; Googlebot/2.1; +http://www.google.com/bot.html)" "mantech8.com"
