185.191.171.1 - - [21/Nov/2022:13:30:17 -0800] "GET /?camp-fire%2F8762542.html HTTP/1.1" 500 - "-" "Mozilla/5.0 (compatible; SemrushBot/7~bl; +http://www.semrush.com/bot.html)" "mantech8.com"
185.191.171.12 - - [21/Nov/2022:13:30:18 -0800] "GET /bimages/hgallery/thump/?C=D%3BO%3DA HTTP/1.1" 200 506 "-" "Mozilla/5.0 (compatible; SemrushBot/7~bl; +http://www.semrush.com/bot.html)" "www.mantech8.com"
185.191.171.22 - - [21/Nov/2022:13:30:49 -0800] "GET /?camp-fire%2F8132078.html HTTP/1.1" 500 - "-" "Mozilla/5.0 (compatible; SemrushBot/7~bl; +http://www.semrush.com/bot.html)" "mantech8.com"
185.191.171.12 - - [21/Nov/2022:13:30:51 -0800] "GET /robots.txt HTTP/1.1" 200 106 "-" "Mozilla/5.0 (compatible; SemrushBot/7~bl; +http://www.semrush.com/bot.html)" "mantech8.com"
185.191.171.36 - - [21/Nov/2022:13:30:51 -0800] "GET /?camp-fire%2F28310671.html HTTP/1.1" 500 - "-" "Mozilla/5.0 (compatible; SemrushBot/7~bl; +http://www.semrush.com/bot.html)" "mantech8.com"
185.191.171.1 - - [21/Nov/2022:13:30:53 -0800] "GET /?camp-fire%2F1234372.html HTTP/1.1" 500 - "-" "Mozilla/5.0 (compatible; SemrushBot/7~bl; +http://www.semrush.com/bot.html)" "mantech8.com"
185.191.171.33 - - [21/Nov/2022:13:31:58 -0800] "GET /?camp-fire%2F9080278.html HTTP/1.1" 500 - "-" "Mozilla/5.0 (compatible; SemrushBot/7~bl; +http://www.semrush.com/bot.html)" "mantech8.com"
185.191.171.23 - - [21/Nov/2022:13:32:06 -0800] "GET /bimages/electric/?C=M%3BO%3DA HTTP/1.1" 200 420 "-" "Mozilla/5.0 (compatible; SemrushBot/7~bl; +http://www.semrush.com/bot.html)" "www.mantech8.com"
185.191.171.2 - - [21/Nov/2022:13:32:29 -0800] "GET /?camp-fire%2F8123178.html HTTP/1.1" 500 - "-" "Mozilla/5.0 (compatible; SemrushBot/7~bl; +http://www.semrush.com/bot.html)" "mantech8.com"
185.191.171.5 - - [21/Nov/2022:13:32:30 -0800] "GET /?camp-fire%2F26272551.html HTTP/1.1" 500 - "-" "Mozilla/5.0 (compatible; SemrushBot/7~bl; +http://www.semrush.com/bot.html)" "mantech8.com"
185.191.171.23 - - [21/Nov/2022:13:32:38 -0800] "GET /?camp-fire%2F32741321.html HTTP/1.1" 500 - "-" "Mozilla/5.0 (compatible; SemrushBot/7~bl; +http://www.semrush.com/bot.html)" "mantech8.com"
185.191.171.14 - - [21/Nov/2022:13:33:16 -0800] "GET /?camp-fire%2F33728530.html HTTP/1.1" 500 - "-" "Mozilla/5.0 (compatible; SemrushBot/7~bl; +http://www.semrush.com/bot.html)" "mantech8.com"
40.77.167.26 - - [21/Nov/2022:13:33:53 -0800] "GET /bimages/paintg/paint2.jpg HTTP/1.1" 200 149594 "-" "Mozilla/5.0 (compatible; adidxbot/2.0; +http://www.bing.com/bingbot.htm)" "www.mantech8.com"
185.191.171.44 - - [21/Nov/2022:13:34:11 -0800] "GET /bimages/gallery/thump/pnujbrwtfj.php HTTP/1.1" 200 32 "-" "Mozilla/5.0 (compatible; SemrushBot/7~bl; +http://www.semrush.com/bot.html)" "www.mantech8.com"
185.191.171.38 - - [21/Nov/2022:13:34:38 -0800] "GET /?camp-fire%2F9441078.html HTTP/1.1" 500 - "-" "Mozilla/5.0 (compatible; SemrushBot/7~bl; +http://www.semrush.com/bot.html)" "mantech8.com"
185.191.171.26 - - [21/Nov/2022:13:34:55 -0800] "GET /?camp-fire%2F27781009.html HTTP/1.1" 500 - "-" "Mozilla/5.0 (compatible; SemrushBot/7~bl; +http://www.semrush.com/bot.html)" "mantech8.com"
185.191.171.21 - - [21/Nov/2022:13:35:00 -0800] "GET /?camp-fire%2F9414621.html HTTP/1.1" 500 - "-" "Mozilla/5.0 (compatible; SemrushBot/7~bl; +http://www.semrush.com/bot.html)" "mantech8.com"
114.119.133.166 - - [21/Nov/2022:13:35:38 -0800] "GET /index.php/tarandean.xml HTTP/1.1" 200 289369 "-" "Mozilla/5.0 (compatible;PetalBot;+https://webmaster.petalsearch.com/site/petalbot)" "mantech8.com"
185.191.171.37 - - [21/Nov/2022:13:36:33 -0800] "GET /?camp-fire%2F34146797.html HTTP/1.1" 500 - "-" "Mozilla/5.0 (compatible; SemrushBot/7~bl; +http://www.semrush.com/bot.html)" "mantech8.com"
185.191.171.22 - - [21/Nov/2022:13:37:46 -0800] "GET /?camp-fire%2F32651676.html HTTP/1.1" 500 - "-" "Mozilla/5.0 (compatible; SemrushBot/7~bl; +http://www.semrush.com/bot.html)" "mantech8.com"
185.191.171.2 - - [21/Nov/2022:13:38:05 -0800] "GET /?camp-fire%2F28090176.html HTTP/1.1" 500 - "-" "Mozilla/5.0 (compatible; SemrushBot/7~bl; +http://www.semrush.com/bot.html)" "mantech8.com"
185.191.171.44 - - [21/Nov/2022:13:38:47 -0800] "GET /?camp-fire%2F7770342.html HTTP/1.1" 500 - "-" "Mozilla/5.0 (compatible; SemrushBot/7~bl; +http://www.semrush.com/bot.html)" "mantech8.com"
185.191.171.23 - - [21/Nov/2022:13:39:18 -0800] "GET /?camp-fire%2F8572408.html HTTP/1.1" 500 - "-" "Mozilla/5.0 (compatible; SemrushBot/7~bl; +http://www.semrush.com/bot.html)" "mantech8.com"
185.191.171.22 - - [21/Nov/2022:13:40:07 -0800] "GET /?camp-fire%2F35256838.html HTTP/1.1" 500 - "-" "Mozilla/5.0 (compatible; SemrushBot/7~bl; +http://www.semrush.com/bot.html)" "mantech8.com"
114.119.133.158 - - [21/Nov/2022:13:41:04 -0800] "GET /takiko.xml HTTP/1.1" 404 88 "-" "Mozilla/5.0 (compatible;PetalBot;+https://webmaster.petalsearch.com/site/petalbot)" "mantech8.com"
185.191.171.8 - - [21/Nov/2022:13:41:13 -0800] "GET /bimages/electric/?C=N%3BO%3DD HTTP/1.1" 200 420 "-" "Mozilla/5.0 (compatible; SemrushBot/7~bl; +http://www.semrush.com/bot.html)" "www.mantech8.com"
185.191.171.8 - - [21/Nov/2022:13:41:13 -0800] "GET /?camp-fire%2F30648955.html HTTP/1.1" 500 - "-" "Mozilla/5.0 (compatible; SemrushBot/7~bl; +http://www.semrush.com/bot.html)" "mantech8.com"
185.191.171.33 - - [21/Nov/2022:13:41:17 -0800] "GET /?camp-fire%2F35248838.html HTTP/1.1" 500 - "-" "Mozilla/5.0 (compatible; SemrushBot/7~bl; +http://www.semrush.com/bot.html)" "mantech8.com"
185.191.171.2 - - [21/Nov/2022:13:42:02 -0800] "GET /?camp-fire%2F9083321.html HTTP/1.1" 500 - "-" "Mozilla/5.0 (compatible; SemrushBot/7~bl; +http://www.semrush.com/bot.html)" "mantech8.com"
207.46.13.177 - - [21/Nov/2022:13:42:20 -0800] "GET / HTTP/1.1" 200 64180 "-" "Mozilla/5.0 (compatible; bingbot/2.0; +http://www.bing.com/bingbot.htm)" "www.mantech8.com"
185.191.171.9 - - [21/Nov/2022:13:42:28 -0800] "GET /?camp-fire%2F32559525.html HTTP/1.1" 500 - "-" "Mozilla/5.0 (compatible; SemrushBot/7~bl; +http://www.semrush.com/bot.html)" "mantech8.com"
185.191.171.35 - - [21/Nov/2022:13:42:41 -0800] "GET /?camp-fire%2F34384008.html HTTP/1.1" 500 - "-" "Mozilla/5.0 (compatible; SemrushBot/7~bl; +http://www.semrush.com/bot.html)" "mantech8.com"
185.191.171.5 - - [21/Nov/2022:13:42:44 -0800] "GET /?camp-fire%2F35067725.html HTTP/1.1" 500 - "-" "Mozilla/5.0 (compatible; SemrushBot/7~bl; +http://www.semrush.com/bot.html)" "mantech8.com"
185.191.171.44 - - [21/Nov/2022:13:43:19 -0800] "GET /?camp-fire%2F32548425.html HTTP/1.1" 500 - "-" "Mozilla/5.0 (compatible; SemrushBot/7~bl; +http://www.semrush.com/bot.html)" "mantech8.com"
185.191.171.23 - - [21/Nov/2022:13:43:35 -0800] "GET /?camp-fire%2F32685825.html HTTP/1.1" 500 - "-" "Mozilla/5.0 (compatible; SemrushBot/7~bl; +http://www.semrush.com/bot.html)" "mantech8.com"
185.191.171.9 - - [21/Nov/2022:13:44:00 -0800] "GET /?camp-fire%2F4941378.html HTTP/1.1" 500 - "-" "Mozilla/5.0 (compatible; SemrushBot/7~bl; +http://www.semrush.com/bot.html)" "mantech8.com"
185.191.171.19 - - [21/Nov/2022:13:44:22 -0800] "GET /?camp-fire%2F27226651.html HTTP/1.1" 500 - "-" "Mozilla/5.0 (compatible; SemrushBot/7~bl; +http://www.semrush.com/bot.html)" "mantech8.com"
185.191.171.3 - - [21/Nov/2022:13:44:27 -0800] "GET /?camp-fire%2F26933917.html HTTP/1.1" 500 - "-" "Mozilla/5.0 (compatible; SemrushBot/7~bl; +http://www.semrush.com/bot.html)" "mantech8.com"
185.191.171.41 - - [21/Nov/2022:13:44:28 -0800] "GET /robots.txt HTTP/1.1" 200 106 "-" "Mozilla/5.0 (compatible; SemrushBot/7~bl; +http://www.semrush.com/bot.html)" "www.mantech8.com"
185.191.171.26 - - [21/Nov/2022:13:44:29 -0800] "GET /bimages/client/black2llleaf.php HTTP/1.1" 500 - "-" "Mozilla/5.0 (compatible; SemrushBot/7~bl; +http://www.semrush.com/bot.html)" "www.mantech8.com"
185.191.171.26 - - [21/Nov/2022:13:44:57 -0800] "GET /?camp-fire%2F23090917.html HTTP/1.1" 500 - "-" "Mozilla/5.0 (compatible; SemrushBot/7~bl; +http://www.semrush.com/bot.html)" "mantech8.com"
185.191.171.17 - - [21/Nov/2022:13:45:49 -0800] "GET /?camp-fire%2F7843108.html HTTP/1.1" 500 - "-" "Mozilla/5.0 (compatible; SemrushBot/7~bl; +http://www.semrush.com/bot.html)" "mantech8.com"
216.244.66.241 - - [21/Nov/2022:13:46:07 -0800] "GET /robots.txt HTTP/1.1" 200 222 "-" "Mozilla/5.0 (compatible; DotBot/1.2; +https://opensiteexplorer.org/dotbot; help@moz.com)" "www.mantech8.com"
216.244.66.241 - - [21/Nov/2022:13:46:07 -0800] "GET /robots.txt HTTP/1.1" 200 222 "-" "Mozilla/5.0 (compatible; DotBot/1.2; +https://opensiteexplorer.org/dotbot; help@moz.com)" "mantech8.com"
185.191.171.22 - - [21/Nov/2022:13:46:23 -0800] "GET /?camp-fire%2F33786108.html HTTP/1.1" 500 - "-" "Mozilla/5.0 (compatible; SemrushBot/7~bl; +http://www.semrush.com/bot.html)" "mantech8.com"
207.46.13.100 - - [21/Nov/2022:13:46:25 -0800] "GET /F2si-3a7dbafa-DimCu.Ii HTTP/1.1" 404 88 "-" "Mozilla/5.0 AppleWebKit/537.36 (KHTML, like Gecko; compatible; bingbot/2.0; +http://www.bing.com/bingbot.htm) Chrome/103.0.5060.134 Safari/537.36" "www.mantech8.com"
114.119.133.182 - - [21/Nov/2022:13:46:27 -0800] "GET /bimages/ework/?C=N%3BO%3DD HTTP/1.1" 200 419 "http://www.mantech8.com/bimages/ework/?C=D%3BO%3DA" "Mozilla/5.0 (Linux; Android 7.0;) AppleWebKit/537.36 (KHTML, like Gecko) Mobile Safari/537.36 (compatible; PetalBot;+https://webmaster.petalsearch.com/site/petalbot)" "www.mantech8.com"
207.46.13.100 - - [21/Nov/2022:13:46:45 -0800] "GET /F2si-3a7dbafa-DimCu.Ii HTTP/1.1" 404 88 "-" "Mozilla/5.0 AppleWebKit/537.36 (KHTML, like Gecko; compatible; bingbot/2.0; +http://www.bing.com/bingbot.htm) Chrome/103.0.5060.134 Safari/537.36" "www.mantech8.com"
185.191.171.33 - - [21/Nov/2022:13:47:05 -0800] "GET /?camp-fire%2F22034784.html HTTP/1.1" 500 - "-" "Mozilla/5.0 (compatible; SemrushBot/7~bl; +http://www.semrush.com/bot.html)" "mantech8.com"
185.191.171.19 - - [21/Nov/2022:13:48:38 -0800] "GET /?camp-fire%2F5182596.html HTTP/1.1" 500 - "-" "Mozilla/5.0 (compatible; SemrushBot/7~bl; +http://www.semrush.com/bot.html)" "mantech8.com"
185.191.171.12 - - [21/Nov/2022:13:49:09 -0800] "GET /?camp-fire%2F7613621.html HTTP/1.1" 500 - "-" "Mozilla/5.0 (compatible; SemrushBot/7~bl; +http://www.semrush.com/bot.html)" "mantech8.com"
185.191.171.43 - - [21/Nov/2022:13:49:33 -0800] "GET /?camp-fire%2F23588306.html HTTP/1.1" 500 - "-" "Mozilla/5.0 (compatible; SemrushBot/7~bl; +http://www.semrush.com/bot.html)" "mantech8.com"
185.191.171.19 - - [21/Nov/2022:13:49:36 -0800] "GET /?camp-fire%2F5315877.html HTTP/1.1" 500 - "-" "Mozilla/5.0 (compatible; SemrushBot/7~bl; +http://www.semrush.com/bot.html)" "mantech8.com"
185.191.171.19 - - [21/Nov/2022:13:50:11 -0800] "GET /bimages/headg/thump/ HTTP/1.1" 200 484 "-" "Mozilla/5.0 (compatible; SemrushBot/7~bl; +http://www.semrush.com/bot.html)" "www.mantech8.com"
185.191.171.19 - - [21/Nov/2022:13:50:22 -0800] "GET /?camp-fire%2F24524730.html HTTP/1.1" 500 - "-" "Mozilla/5.0 (compatible; SemrushBot/7~bl; +http://www.semrush.com/bot.html)" "mantech8.com"
185.191.171.21 - - [21/Nov/2022:13:50:47 -0800] "GET /?camp-fire%2F34409759.html HTTP/1.1" 500 - "-" "Mozilla/5.0 (compatible; SemrushBot/7~bl; +http://www.semrush.com/bot.html)" "mantech8.com"
207.46.13.177 - - [21/Nov/2022:13:52:00 -0800] "GET /bimages/gallery/thump/IDN%20B1.jpg HTTP/1.1" 200 474369 "-" "Mozilla/5.0 (compatible; bingbot/2.0; +http://www.bing.com/bingbot.htm)" "mantech8.com"
185.191.171.44 - - [21/Nov/2022:13:52:27 -0800] "GET /?camp-fire%2F32483168.html HTTP/1.1" 500 - "-" "Mozilla/5.0 (compatible; SemrushBot/7~bl; +http://www.semrush.com/bot.html)" "mantech8.com"
185.191.171.3 - - [21/Nov/2022:13:52:29 -0800] "GET /?camp-fire%2F34276561.html HTTP/1.1" 500 - "-" "Mozilla/5.0 (compatible; SemrushBot/7~bl; +http://www.semrush.com/bot.html)" "mantech8.com"
185.191.171.26 - - [21/Nov/2022:13:52:41 -0800] "GET /?camp-fire%2F35284363.html HTTP/1.1" 500 - "-" "Mozilla/5.0 (compatible; SemrushBot/7~bl; +http://www.semrush.com/bot.html)" "mantech8.com"
185.191.171.9 - - [21/Nov/2022:13:52:43 -0800] "GET /?camp-fire%2F26646247.html HTTP/1.1" 500 - "-" "Mozilla/5.0 (compatible; SemrushBot/7~bl; +http://www.semrush.com/bot.html)" "mantech8.com"
185.191.171.24 - - [21/Nov/2022:13:53:13 -0800] "GET /?camp-fire%2F28779297.html HTTP/1.1" 500 - "-" "Mozilla/5.0 (compatible; SemrushBot/7~bl; +http://www.semrush.com/bot.html)" "mantech8.com"
185.191.171.35 - - [21/Nov/2022:13:53:32 -0800] "GET /?camp-fire%2F9825283.html HTTP/1.1" 500 - "-" "Mozilla/5.0 (compatible; SemrushBot/7~bl; +http://www.semrush.com/bot.html)" "mantech8.com"
185.191.171.3 - - [21/Nov/2022:13:53:47 -0800] "GET /?camp-fire%2F32564925.html HTTP/1.1" 500 - "-" "Mozilla/5.0 (compatible; SemrushBot/7~bl; +http://www.semrush.com/bot.html)" "mantech8.com"
40.77.167.67 - - [21/Nov/2022:13:54:11 -0800] "GET / HTTP/1.1" 200 64545 "-" "Mozilla/5.0 (compatible; bingbot/2.0; +http://www.bing.com/bingbot.htm)" "www.mantech8.com"
185.191.171.1 - - [21/Nov/2022:13:54:21 -0800] "GET /?camp-fire%2F33878216.html HTTP/1.1" 500 - "-" "Mozilla/5.0 (compatible; SemrushBot/7~bl; +http://www.semrush.com/bot.html)" "mantech8.com"
185.191.171.14 - - [21/Nov/2022:13:54:48 -0800] "GET /?camp-fire%2F8539421.html HTTP/1.1" 500 - "-" "Mozilla/5.0 (compatible; SemrushBot/7~bl; +http://www.semrush.com/bot.html)" "mantech8.com"
185.191.171.42 - - [21/Nov/2022:13:56:04 -0800] "GET /bimages/safety/?C=M%3BO%3DA HTTP/1.1" 200 465 "-" "Mozilla/5.0 (compatible; SemrushBot/7~bl; +http://www.semrush.com/bot.html)" "www.mantech8.com"
185.191.171.17 - - [21/Nov/2022:13:56:07 -0800] "GET /?camp-fire%2F25161050.html HTTP/1.1" 500 - "-" "Mozilla/5.0 (compatible; SemrushBot/7~bl; +http://www.semrush.com/bot.html)" "mantech8.com"
185.191.171.21 - - [21/Nov/2022:13:56:56 -0800] "GET /?camp-fire%2F33311164.html HTTP/1.1" 500 - "-" "Mozilla/5.0 (compatible; SemrushBot/7~bl; +http://www.semrush.com/bot.html)" "mantech8.com"
185.191.171.3 - - [21/Nov/2022:13:57:15 -0800] "GET /?camp-fire%2F33656693.html HTTP/1.1" 500 - "-" "Mozilla/5.0 (compatible; SemrushBot/7~bl; +http://www.semrush.com/bot.html)" "mantech8.com"
185.191.171.45 - - [21/Nov/2022:13:57:23 -0800] "GET /?camp-fire%2F9152296.html HTTP/1.1" 500 - "-" "Mozilla/5.0 (compatible; SemrushBot/7~bl; +http://www.semrush.com/bot.html)" "mantech8.com"
40.77.167.26 - - [21/Nov/2022:13:57:54 -0800] "GET /Wf2o-4cfa-G4pQr.Ii HTTP/1.1" 404 88 "-" "Mozilla/5.0 AppleWebKit/537.36 (KHTML, like Gecko; compatible; bingbot/2.0; +http://www.bing.com/bingbot.htm) Chrome/103.0.5060.134 Safari/537.36" "www.mantech8.com"
185.191.171.24 - - [21/Nov/2022:13:58:12 -0800] "GET /bimages/himage/?C=M%3BO%3DA HTTP/1.1" 200 443 "-" "Mozilla/5.0 (compatible; SemrushBot/7~bl; +http://www.semrush.com/bot.html)" "www.mantech8.com"
40.77.167.26 - - [21/Nov/2022:13:58:13 -0800] "GET /Wf2o-4cfa-G4pQr.Ii HTTP/1.1" 404 88 "-" "Mozilla/5.0 AppleWebKit/537.36 (KHTML, like Gecko; compatible; bingbot/2.0; +http://www.bing.com/bingbot.htm) Chrome/103.0.5060.134 Safari/537.36" "www.mantech8.com"
185.191.171.40 - - [21/Nov/2022:13:58:38 -0800] "GET /?camp-fire%2F28943259.html HTTP/1.1" 500 - "-" "Mozilla/5.0 (compatible; SemrushBot/7~bl; +http://www.semrush.com/bot.html)" "mantech8.com"
114.119.133.165 - - [21/Nov/2022:13:59:10 -0800] "GET /sitemap669.xml HTTP/1.1" 404 88 "-" "Mozilla/5.0 (compatible;PetalBot;+https://webmaster.petalsearch.com/site/petalbot)" "mantech8.com"
185.191.171.12 - - [21/Nov/2022:13:59:17 -0800] "GET /?camp-fire%2F33060630.html HTTP/1.1" 500 - "-" "Mozilla/5.0 (compatible; SemrushBot/7~bl; +http://www.semrush.com/bot.html)" "mantech8.com"
185.191.171.7 - - [21/Nov/2022:13:59:28 -0800] "GET /?camp-fire%2F6033855.html HTTP/1.1" 500 - "-" "Mozilla/5.0 (compatible; SemrushBot/7~bl; +http://www.semrush.com/bot.html)" "mantech8.com"
185.191.171.10 - - [21/Nov/2022:13:59:42 -0800] "GET /?camp-fire%2F31904330.html HTTP/1.1" 500 - "-" "Mozilla/5.0 (compatible; SemrushBot/7~bl; +http://www.semrush.com/bot.html)" "mantech8.com"
185.191.171.8 - - [21/Nov/2022:14:00:53 -0800] "GET /?camp-fire%2F8215678.html HTTP/1.1" 500 - "-" "Mozilla/5.0 (compatible; SemrushBot/7~bl; +http://www.semrush.com/bot.html)" "mantech8.com"
185.191.171.38 - - [21/Nov/2022:14:01:40 -0800] "GET /?camp-fire%2F33794508.html HTTP/1.1" 500 - "-" "Mozilla/5.0 (compatible; SemrushBot/7~bl; +http://www.semrush.com/bot.html)" "mantech8.com"
185.191.171.13 - - [21/Nov/2022:14:02:55 -0800] "GET /?camp-fire%2F30099661.html HTTP/1.1" 500 - "-" "Mozilla/5.0 (compatible; SemrushBot/7~bl; +http://www.semrush.com/bot.html)" "mantech8.com"
185.191.171.36 - - [21/Nov/2022:14:02:58 -0800] "GET /?camp-fire%2F7278080.html HTTP/1.1" 500 - "-" "Mozilla/5.0 (compatible; SemrushBot/7~bl; +http://www.semrush.com/bot.html)" "mantech8.com"
185.191.171.33 - - [21/Nov/2022:14:04:07 -0800] "GET /?camp-fire%2F9948478.html HTTP/1.1" 500 - "-" "Mozilla/5.0 (compatible; SemrushBot/7~bl; +http://www.semrush.com/bot.html)" "mantech8.com"
185.191.171.36 - - [21/Nov/2022:14:04:19 -0800] "GET /?camp-fire%2F9786183.html HTTP/1.1" 500 - "-" "Mozilla/5.0 (compatible; SemrushBot/7~bl; +http://www.semrush.com/bot.html)" "mantech8.com"
185.191.171.2 - - [21/Nov/2022:14:04:20 -0800] "GET /?camp-fire%2F4581678.html HTTP/1.1" 500 - "-" "Mozilla/5.0 (compatible; SemrushBot/7~bl; +http://www.semrush.com/bot.html)" "mantech8.com"
114.119.133.166 - - [21/Nov/2022:14:04:33 -0800] "GET /index.php?larges.xml HTTP/1.1" 200 289377 "-" "Mozilla/5.0 (compatible;PetalBot;+https://webmaster.petalsearch.com/site/petalbot)" "mantech8.com"
185.191.171.45 - - [21/Nov/2022:14:04:45 -0800] "GET /bimages/scafg/thump/?C=N%3BO%3DD HTTP/1.1" 200 535 "-" "Mozilla/5.0 (compatible; SemrushBot/7~bl; +http://www.semrush.com/bot.html)" "www.mantech8.com"
185.191.171.6 - - [21/Nov/2022:14:04:55 -0800] "GET /?camp-fire%2F28216809.html HTTP/1.1" 500 - "-" "Mozilla/5.0 (compatible; SemrushBot/7~bl; +http://www.semrush.com/bot.html)" "mantech8.com"
216.244.66.241 - - [21/Nov/2022:14:05:07 -0800] "GET /images/hb5.jpg HTTP/1.1" 200 98526 "-" "Mozilla/5.0 (compatible; DotBot/1.2; +https://opensiteexplorer.org/dotbot; help@moz.com)" "www.mantech8.com"
185.191.171.21 - - [21/Nov/2022:14:05:21 -0800] "GET /?camp-fire%2F33515325.html HTTP/1.1" 500 - "-" "Mozilla/5.0 (compatible; SemrushBot/7~bl; +http://www.semrush.com/bot.html)" "mantech8.com"
185.191.171.20 - - [21/Nov/2022:14:05:40 -0800] "GET /?camp-fire%2F5364985.html HTTP/1.1" 500 - "-" "Mozilla/5.0 (compatible; SemrushBot/7~bl; +http://www.semrush.com/bot.html)" "mantech8.com"
185.191.171.10 - - [21/Nov/2022:14:05:49 -0800] "GET /?camp-fire%2F26202751.html HTTP/1.1" 500 - "-" "Mozilla/5.0 (compatible; SemrushBot/7~bl; +http://www.semrush.com/bot.html)" "mantech8.com"
185.191.171.2 - - [21/Nov/2022:14:05:57 -0800] "GET /?camp-fire%2F33712459.html HTTP/1.1" 500 - "-" "Mozilla/5.0 (compatible; SemrushBot/7~bl; +http://www.semrush.com/bot.html)" "mantech8.com"
185.191.171.8 - - [21/Nov/2022:14:06:08 -0800] "GET /?camp-fire%2F7736721.html HTTP/1.1" 500 - "-" "Mozilla/5.0 (compatible; SemrushBot/7~bl; +http://www.semrush.com/bot.html)" "mantech8.com"
185.191.171.33 - - [21/Nov/2022:14:06:46 -0800] "GET /?camp-fire%2F7596221.html HTTP/1.1" 500 - "-" "Mozilla/5.0 (compatible; SemrushBot/7~bl; +http://www.semrush.com/bot.html)" "mantech8.com"
185.191.171.13 - - [21/Nov/2022:14:06:49 -0800] "GET /?camp-fire%2F28702435.html HTTP/1.1" 500 - "-" "Mozilla/5.0 (compatible; SemrushBot/7~bl; +http://www.semrush.com/bot.html)" "mantech8.com"
185.191.171.39 - - [21/Nov/2022:14:07:21 -0800] "GET /?camp-fire%2F34799230.html HTTP/1.1" 500 - "-" "Mozilla/5.0 (compatible; SemrushBot/7~bl; +http://www.semrush.com/bot.html)" "mantech8.com"
185.191.171.19 - - [21/Nov/2022:14:08:16 -0800] "GET /?camp-fire%2F28816566.html HTTP/1.1" 500 - "-" "Mozilla/5.0 (compatible; SemrushBot/7~bl; +http://www.semrush.com/bot.html)" "mantech8.com"
185.191.171.7 - - [21/Nov/2022:14:08:18 -0800] "GET /?camp-fire%2F7597521.html HTTP/1.1" 500 - "-" "Mozilla/5.0 (compatible; SemrushBot/7~bl; +http://www.semrush.com/bot.html)" "mantech8.com"
185.191.171.38 - - [21/Nov/2022:14:09:23 -0800] "GET /?camp-fire%2F27250470.html HTTP/1.1" 500 - "-" "Mozilla/5.0 (compatible; SemrushBot/7~bl; +http://www.semrush.com/bot.html)" "mantech8.com"
185.191.171.19 - - [21/Nov/2022:14:09:43 -0800] "GET /?camp-fire%2F28333435.html HTTP/1.1" 500 - "-" "Mozilla/5.0 (compatible; SemrushBot/7~bl; +http://www.semrush.com/bot.html)" "mantech8.com"
114.119.133.182 - - [21/Nov/2022:14:09:57 -0800] "GET /index.php/sitemap3.xml HTTP/1.1" 200 289435 "-" "Mozilla/5.0 (Linux; Android 7.0;) AppleWebKit/537.36 (KHTML, like Gecko) Mobile Safari/537.36 (compatible; PetalBot;+https://webmaster.petalsearch.com/site/petalbot)" "mantech8.com"
185.191.171.33 - - [21/Nov/2022:14:10:41 -0800] "GET /?camp-fire%2F9670265.html HTTP/1.1" 500 - "-" "Mozilla/5.0 (compatible; SemrushBot/7~bl; +http://www.semrush.com/bot.html)" "mantech8.com"
185.191.171.11 - - [21/Nov/2022:14:10:43 -0800] "GET /?camp-fire%2F35086359.html HTTP/1.1" 500 - "-" "Mozilla/5.0 (compatible; SemrushBot/7~bl; +http://www.semrush.com/bot.html)" "mantech8.com"
207.46.13.125 - - [21/Nov/2022:14:11:04 -0800] "GET /bimages/gallery/thump/IDN%20B1.jpg HTTP/1.1" 200 474369 "-" "Mozilla/5.0 (compatible; bingbot/2.0; +http://www.bing.com/bingbot.htm)" "mantech8.com"
185.191.171.15 - - [21/Nov/2022:14:12:44 -0800] "GET /?camp-fire%2F33845176.html HTTP/1.1" 500 - "-" "Mozilla/5.0 (compatible; SemrushBot/7~bl; +http://www.semrush.com/bot.html)" "mantech8.com"
185.191.171.12 - - [21/Nov/2022:14:12:55 -0800] "GET /?camp-fire%2F6306777.html HTTP/1.1" 500 - "-" "Mozilla/5.0 (compatible; SemrushBot/7~bl; +http://www.semrush.com/bot.html)" "mantech8.com"
185.191.171.23 - - [21/Nov/2022:14:13:06 -0800] "GET /?camp-fire%2F5275577.html HTTP/1.1" 500 - "-" "Mozilla/5.0 (compatible; SemrushBot/7~bl; +http://www.semrush.com/bot.html)" "mantech8.com"
185.191.171.20 - - [21/Nov/2022:14:13:33 -0800] "GET /?camp-fire%2F28644169.html HTTP/1.1" 500 - "-" "Mozilla/5.0 (compatible; SemrushBot/7~bl; +http://www.semrush.com/bot.html)" "mantech8.com"
185.191.171.37 - - [21/Nov/2022:14:14:02 -0800] "GET /?camp-fire%2F8242778.html HTTP/1.1" 500 - "-" "Mozilla/5.0 (compatible; SemrushBot/7~bl; +http://www.semrush.com/bot.html)" "mantech8.com"
185.191.171.2 - - [21/Nov/2022:14:14:10 -0800] "GET /?camp-fire%2F34417193.html HTTP/1.1" 500 - "-" "Mozilla/5.0 (compatible; SemrushBot/7~bl; +http://www.semrush.com/bot.html)" "mantech8.com"
185.191.171.16 - - [21/Nov/2022:14:14:41 -0800] "GET /?camp-fire%2F7622508.html HTTP/1.1" 500 - "-" "Mozilla/5.0 (compatible; SemrushBot/7~bl; +http://www.semrush.com/bot.html)" "mantech8.com"
157.55.39.123 - - [21/Nov/2022:14:14:48 -0800] "GET /bimages/gallery/11.jpg HTTP/1.1" 200 143756 "-" "Mozilla/5.0 (compatible; bingbot/2.0; +http://www.bing.com/bingbot.htm)" "mantech8.com"
114.119.133.182 - - [21/Nov/2022:14:15:11 -0800] "GET /bimages/scafg/thump/ HTTP/1.1" 200 535 "http://www.mantech8.com/bimages/scafg/?C=M%3BO%3DA" "Mozilla/5.0 (Linux; Android 7.0;) AppleWebKit/537.36 (KHTML, like Gecko) Mobile Safari/537.36 (compatible; PetalBot;+https://webmaster.petalsearch.com/site/petalbot)" "www.mantech8.com"
185.191.171.14 - - [21/Nov/2022:14:16:08 -0800] "GET /?camp-fire%2F28442664.html HTTP/1.1" 500 - "-" "Mozilla/5.0 (compatible; SemrushBot/7~bl; +http://www.semrush.com/bot.html)" "mantech8.com"
185.191.171.4 - - [21/Nov/2022:14:16:50 -0800] "GET /?camp-fire%2F33469325.html HTTP/1.1" 500 - "-" "Mozilla/5.0 (compatible; SemrushBot/7~bl; +http://www.semrush.com/bot.html)" "mantech8.com"
185.191.171.2 - - [21/Nov/2022:14:16:56 -0800] "GET /?camp-fire%2F33806708.html HTTP/1.1" 500 - "-" "Mozilla/5.0 (compatible; SemrushBot/7~bl; +http://www.semrush.com/bot.html)" "mantech8.com"
185.191.171.2 - - [21/Nov/2022:14:16:58 -0800] "GET /?camp-fire%2F28814866.html HTTP/1.1" 500 - "-" "Mozilla/5.0 (compatible; SemrushBot/7~bl; +http://www.semrush.com/bot.html)" "mantech8.com"
185.191.171.15 - - [21/Nov/2022:14:17:12 -0800] "GET /?camp-fire%2F32170250.html HTTP/1.1" 500 - "-" "Mozilla/5.0 (compatible; SemrushBot/7~bl; +http://www.semrush.com/bot.html)" "mantech8.com"
185.191.171.25 - - [21/Nov/2022:14:17:17 -0800] "GET /?camp-fire%2F33472368.html HTTP/1.1" 500 - "-" "Mozilla/5.0 (compatible; SemrushBot/7~bl; +http://www.semrush.com/bot.html)" "mantech8.com"
185.191.171.18 - - [21/Nov/2022:14:17:42 -0800] "GET /?camp-fire%2F7770842.html HTTP/1.1" 500 - "-" "Mozilla/5.0 (compatible; SemrushBot/7~bl; +http://www.semrush.com/bot.html)" "mantech8.com"
185.191.171.16 - - [21/Nov/2022:14:18:18 -0800] "GET /?camp-fire%2F32970009.html HTTP/1.1" 500 - "-" "Mozilla/5.0 (compatible; SemrushBot/7~bl; +http://www.semrush.com/bot.html)" "mantech8.com"
185.191.171.42 - - [21/Nov/2022:14:18:32 -0800] "GET /?camp-fire%2F21822735.html HTTP/1.1" 500 - "-" "Mozilla/5.0 (compatible; SemrushBot/7~bl; +http://www.semrush.com/bot.html)" "mantech8.com"
185.191.171.6 - - [21/Nov/2022:14:18:59 -0800] "GET /?camp-fire%2F29820261.html HTTP/1.1" 500 - "-" "Mozilla/5.0 (compatible; SemrushBot/7~bl; +http://www.semrush.com/bot.html)" "mantech8.com"
114.119.133.165 - - [21/Nov/2022:14:20:27 -0800] "GET /bimages/ele/themes.php HTTP/1.1" 200 32 "http://mantech8.com/bimages/ele/?C=M%3BO%3DA" "Mozilla/5.0 (Linux; Android 7.0;) AppleWebKit/537.36 (KHTML, like Gecko) Mobile Safari/537.36 (compatible; PetalBot;+https://webmaster.petalsearch.com/site/petalbot)" "mantech8.com"
176.97.210.106 - - [21/Nov/2022:14:20:56 -0800] "GET /adminer.php HTTP/1.1" 404 88 "-" "Screaming Frog SEO Spider/17.2" "mantech8.com"
185.191.171.39 - - [21/Nov/2022:14:21:29 -0800] "GET /?camp-fire%2F4820974.html HTTP/1.1" 500 - "-" "Mozilla/5.0 (compatible; SemrushBot/7~bl; +http://www.semrush.com/bot.html)" "mantech8.com"
185.191.171.25 - - [21/Nov/2022:14:22:11 -0800] "GET /?camp-fire%2F19840576.html HTTP/1.1" 500 - "-" "Mozilla/5.0 (compatible; SemrushBot/7~bl; +http://www.semrush.com/bot.html)" "mantech8.com"
157.55.39.123 - - [21/Nov/2022:14:22:19 -0800] "GET /bimages/gallery/s1.jpg HTTP/1.1" 200 183423 "-" "Mozilla/5.0 (compatible; bingbot/2.0; +http://www.bing.com/bingbot.htm)" "mantech8.com"
185.191.171.38 - - [21/Nov/2022:14:22:39 -0800] "GET /?camp-fire%2F33844376.html HTTP/1.1" 500 - "-" "Mozilla/5.0 (compatible; SemrushBot/7~bl; +http://www.semrush.com/bot.html)" "mantech8.com"
185.191.171.15 - - [21/Nov/2022:14:22:49 -0800] "GET /?camp-fire%2F34208533.html HTTP/1.1" 500 - "-" "Mozilla/5.0 (compatible; SemrushBot/7~bl; +http://www.semrush.com/bot.html)" "mantech8.com"
185.191.171.39 - - [21/Nov/2022:14:22:50 -0800] "GET /?camp-fire%2F23235777.html HTTP/1.1" 500 - "-" "Mozilla/5.0 (compatible; SemrushBot/7~bl; +http://www.semrush.com/bot.html)" "mantech8.com"
185.191.171.15 - - [21/Nov/2022:14:23:02 -0800] "GET /?camp-fire%2F7374451.html HTTP/1.1" 500 - "-" "Mozilla/5.0 (compatible; SemrushBot/7~bl; +http://www.semrush.com/bot.html)" "mantech8.com"
185.191.171.20 - - [21/Nov/2022:14:23:07 -0800] "GET /?camp-fire%2F33663808.html HTTP/1.1" 500 - "-" "Mozilla/5.0 (compatible; SemrushBot/7~bl; +http://www.semrush.com/bot.html)" "mantech8.com"
185.191.171.36 - - [21/Nov/2022:14:23:27 -0800] "GET /?camp-fire%2F6000998.html HTTP/1.1" 500 - "-" "Mozilla/5.0 (compatible; SemrushBot/7~bl; +http://www.semrush.com/bot.html)" "mantech8.com"
185.191.171.39 - - [21/Nov/2022:14:23:33 -0800] "GET /?camp-fire%2F33782208.html HTTP/1.1" 500 - "-" "Mozilla/5.0 (compatible; SemrushBot/7~bl; +http://www.semrush.com/bot.html)" "mantech8.com"
185.191.171.15 - - [21/Nov/2022:14:24:01 -0800] "GET /robots.txt HTTP/1.1" 200 106 "-" "Mozilla/5.0 (compatible; SemrushBot/7~bl; +http://www.semrush.com/bot.html)" "mantech8.com"
185.191.171.15 - - [21/Nov/2022:14:24:01 -0800] "GET /?camp-fire%2F28988026.html HTTP/1.1" 500 - "-" "Mozilla/5.0 (compatible; SemrushBot/7~bl; +http://www.semrush.com/bot.html)" "mantech8.com"
185.191.171.24 - - [21/Nov/2022:14:25:15 -0800] "GET /?camp-fire%2F35152625.html HTTP/1.1" 500 - "-" "Mozilla/5.0 (compatible; SemrushBot/7~bl; +http://www.semrush.com/bot.html)" "mantech8.com"
114.119.133.182 - - [21/Nov/2022:14:25:39 -0800] "GET /index.php?biters.xml HTTP/1.1" 200 289351 "-" "Mozilla/5.0 (Linux; Android 7.0;) AppleWebKit/537.36 (KHTML, like Gecko) Mobile Safari/537.36 (compatible; PetalBot;+https://webmaster.petalsearch.com/site/petalbot)" "mantech8.com"
185.191.171.2 - - [21/Nov/2022:14:26:04 -0800] "GET /?camp-fire%2F7279280.html HTTP/1.1" 500 - "-" "Mozilla/5.0 (compatible; SemrushBot/7~bl; +http://www.semrush.com/bot.html)" "mantech8.com"
185.191.171.15 - - [21/Nov/2022:14:26:46 -0800] "GET /?camp-fire%2F33567360.html HTTP/1.1" 500 - "-" "Mozilla/5.0 (compatible; SemrushBot/7~bl; +http://www.semrush.com/bot.html)" "mantech8.com"
185.191.171.26 - - [21/Nov/2022:14:26:55 -0800] "GET /?camp-fire%2F6267877.html HTTP/1.1" 500 - "-" "Mozilla/5.0 (compatible; SemrushBot/7~bl; +http://www.semrush.com/bot.html)" "mantech8.com"
185.191.171.25 - - [21/Nov/2022:14:27:32 -0800] "GET /?camp-fire%2F33545971.html HTTP/1.1" 500 - "-" "Mozilla/5.0 (compatible; SemrushBot/7~bl; +http://www.semrush.com/bot.html)" "mantech8.com"
185.191.171.24 - - [21/Nov/2022:14:27:47 -0800] "GET /bimages/mission/?C=S%3BO%3DA HTTP/1.1" 200 416 "-" "Mozilla/5.0 (compatible; SemrushBot/7~bl; +http://www.semrush.com/bot.html)" "www.mantech8.com"
207.46.13.100 - - [21/Nov/2022:14:28:39 -0800] "GET /bimages/gallery/p2.jpg HTTP/1.1" 200 61616 "-" "Mozilla/5.0 AppleWebKit/537.36 (KHTML, like Gecko; compatible; bingbot/2.0; +http://www.bing.com/bingbot.htm) Chrome/103.0.5060.134 Safari/537.36" "mantech8.com"
185.191.171.16 - - [21/Nov/2022:14:29:12 -0800] "GET /?camp-fire%2F25969676.html HTTP/1.1" 500 - "-" "Mozilla/5.0 (compatible; SemrushBot/7~bl; +http://www.semrush.com/bot.html)" "mantech8.com"
185.191.171.22 - - [21/Nov/2022:14:29:17 -0800] "GET /?camp-fire%2F4822390.html HTTP/1.1" 500 - "-" "Mozilla/5.0 (compatible; SemrushBot/7~bl; +http://www.semrush.com/bot.html)" "mantech8.com"
185.191.171.34 - - [21/Nov/2022:14:29:25 -0800] "GET /about.php HTTP/1.1" 404 88 "-" "Mozilla/5.0 (compatible; SemrushBot/7~bl; +http://www.semrush.com/bot.html)" "www.mantech8.com"
185.191.171.38 - - [21/Nov/2022:14:29:37 -0800] "GET /?camp-fire%2F31803765.html HTTP/1.1" 500 - "-" "Mozilla/5.0 (compatible; SemrushBot/7~bl; +http://www.semrush.com/bot.html)" "mantech8.com"
185.191.171.44 - - [21/Nov/2022:14:29:39 -0800] "GET /?camp-fire%2F7701493.html HTTP/1.1" 500 - "-" "Mozilla/5.0 (compatible; SemrushBot/7~bl; +http://www.semrush.com/bot.html)" "mantech8.com"
185.191.171.4 - - [21/Nov/2022:14:30:07 -0800] "GET /bimages/hydrog/ HTTP/1.1" 200 486 "-" "Mozilla/5.0 (compatible; SemrushBot/7~bl; +http://www.semrush.com/bot.html)" "www.mantech8.com"
185.191.171.44 - - [21/Nov/2022:14:30:15 -0800] "GET /?camp-fire%2F30787755.html HTTP/1.1" 500 - "-" "Mozilla/5.0 (compatible; SemrushBot/7~bl; +http://www.semrush.com/bot.html)" "mantech8.com"
185.191.171.11 - - [21/Nov/2022:14:30:16 -0800] "GET /?camp-fire%2F33670108.html HTTP/1.1" 500 - "-" "Mozilla/5.0 (compatible; SemrushBot/7~bl; +http://www.semrush.com/bot.html)" "mantech8.com"
185.191.171.4 - - [21/Nov/2022:14:30:17 -0800] "GET /?camp-fire%2F24053933.html HTTP/1.1" 500 - "-" "Mozilla/5.0 (compatible; SemrushBot/7~bl; +http://www.semrush.com/bot.html)" "mantech8.com"
185.191.171.41 - - [21/Nov/2022:14:30:32 -0800] "GET /?camp-fire%2F24806050.html HTTP/1.1" 500 - "-" "Mozilla/5.0 (compatible; SemrushBot/7~bl; +http://www.semrush.com/bot.html)" "mantech8.com"
114.119.133.190 - - [21/Nov/2022:14:30:51 -0800] "GET /bimages/video/thump/?C=D%3BO%3DA HTTP/1.1" 200 432 "http://www.mantech8.com/bimages/video/thump/?C=M%3BO%3DA" "Mozilla/5.0 (Linux; Android 7.0;) AppleWebKit/537.36 (KHTML, like Gecko) Mobile Safari/537.36 (compatible; PetalBot;+https://webmaster.petalsearch.com/site/petalbot)" "www.mantech8.com"
185.191.171.25 - - [21/Nov/2022:14:31:10 -0800] "GET /?camp-fire%2F34012008.html HTTP/1.1" 500 - "-" "Mozilla/5.0 (compatible; SemrushBot/7~bl; +http://www.semrush.com/bot.html)" "mantech8.com"
185.191.171.9 - - [21/Nov/2022:14:31:30 -0800] "GET /?camp-fire%2F35695338.html HTTP/1.1" 500 - "-" "Mozilla/5.0 (compatible; SemrushBot/7~bl; +http://www.semrush.com/bot.html)" "mantech8.com"
185.191.171.33 - - [21/Nov/2022:14:31:51 -0800] "GET /bimages/pipeg/ HTTP/1.1" 200 569 "-" "Mozilla/5.0 (compatible; SemrushBot/7~bl; +http://www.semrush.com/bot.html)" "www.mantech8.com"
185.191.171.40 - - [21/Nov/2022:14:32:00 -0800] "GET /?camp-fire%2F3920174.html HTTP/1.1" 500 - "-" "Mozilla/5.0 (compatible; SemrushBot/7~bl; +http://www.semrush.com/bot.html)" "mantech8.com"
216.244.66.241 - - [21/Nov/2022:14:32:30 -0800] "GET /robots.txt HTTP/1.1" 200 222 "-" "Mozilla/5.0 (compatible; DotBot/1.2; +https://opensiteexplorer.org/dotbot; help@moz.com)" "mantech8.com"
216.244.66.241 - - [21/Nov/2022:14:32:30 -0800] "GET /robots.txt HTTP/1.1" 200 222 "-" "Mozilla/5.0 (compatible; DotBot/1.2; +https://opensiteexplorer.org/dotbot; help@moz.com)" "www.mantech8.com"
185.191.171.26 - - [21/Nov/2022:14:32:36 -0800] "GET /?camp-fire%2F28825766.html HTTP/1.1" 500 - "-" "Mozilla/5.0 (compatible; SemrushBot/7~bl; +http://www.semrush.com/bot.html)" "mantech8.com"
185.191.171.23 - - [21/Nov/2022:14:32:49 -0800] "GET /?camp-fire%2F30308466.html HTTP/1.1" 500 - "-" "Mozilla/5.0 (compatible; SemrushBot/7~bl; +http://www.semrush.com/bot.html)" "mantech8.com"
185.191.171.10 - - [21/Nov/2022:14:33:19 -0800] "GET /?camp-fire%2F5340277.html HTTP/1.1" 500 - "-" "Mozilla/5.0 (compatible; SemrushBot/7~bl; +http://www.semrush.com/bot.html)" "mantech8.com"
185.191.171.13 - - [21/Nov/2022:14:33:55 -0800] "GET /?camp-fire%2F28757026.html HTTP/1.1" 500 - "-" "Mozilla/5.0 (compatible; SemrushBot/7~bl; +http://www.semrush.com/bot.html)" "mantech8.com"
185.191.171.10 - - [21/Nov/2022:14:34:06 -0800] "GET /bimages/gallery/bxrgzztdpj.php HTTP/1.1" 200 32 "-" "Mozilla/5.0 (compatible; SemrushBot/7~bl; +http://www.semrush.com/bot.html)" "www.mantech8.com"
185.191.171.43 - - [21/Nov/2022:14:35:01 -0800] "GET /?camp-fire%2F33940108.html HTTP/1.1" 500 - "-" "Mozilla/5.0 (compatible; SemrushBot/7~bl; +http://www.semrush.com/bot.html)" "mantech8.com"
185.191.171.35 - - [21/Nov/2022:14:35:36 -0800] "GET /?camp-fire%2F34102163.html HTTP/1.1" 500 - "-" "Mozilla/5.0 (compatible; SemrushBot/7~bl; +http://www.semrush.com/bot.html)" "mantech8.com"
114.119.133.165 - - [21/Nov/2022:14:36:01 -0800] "GET /index.php?sitemap1077.xml HTTP/1.1" 200 289135 "-" "Mozilla/5.0 (Linux; Android 7.0;) AppleWebKit/537.36 (KHTML, like Gecko) Mobile Safari/537.36 (compatible; PetalBot;+https://webmaster.petalsearch.com/site/petalbot)" "mantech8.com"
185.191.171.21 - - [21/Nov/2022:14:36:24 -0800] "GET /?camp-fire%2F29342864.html HTTP/1.1" 500 - "-" "Mozilla/5.0 (compatible; SemrushBot/7~bl; +http://www.semrush.com/bot.html)" "mantech8.com"
185.191.171.43 - - [21/Nov/2022:14:37:32 -0800] "GET /?camp-fire%2F28830966.html HTTP/1.1" 500 - "-" "Mozilla/5.0 (compatible; SemrushBot/7~bl; +http://www.semrush.com/bot.html)" "mantech8.com"
185.191.171.13 - - [21/Nov/2022:14:38:31 -0800] "GET /?camp-fire%2F27888997.html HTTP/1.1" 500 - "-" "Mozilla/5.0 (compatible; SemrushBot/7~bl; +http://www.semrush.com/bot.html)" "mantech8.com"
185.191.171.17 - - [21/Nov/2022:14:38:48 -0800] "GET /?camp-fire%2F5218596.html HTTP/1.1" 500 - "-" "Mozilla/5.0 (compatible; SemrushBot/7~bl; +http://www.semrush.com/bot.html)" "mantech8.com"
185.191.171.15 - - [21/Nov/2022:14:38:52 -0800] "GET /?camp-fire%2F33342160.html HTTP/1.1" 500 - "-" "Mozilla/5.0 (compatible; SemrushBot/7~bl; +http://www.semrush.com/bot.html)" "mantech8.com"
185.191.171.35 - - [21/Nov/2022:14:39:05 -0800] "GET /?camp-fire%2F35060808.html HTTP/1.1" 500 - "-" "Mozilla/5.0 (compatible; SemrushBot/7~bl; +http://www.semrush.com/bot.html)" "mantech8.com"
40.77.167.26 - - [21/Nov/2022:14:39:17 -0800] "GET /bimages/paintg/thump/paint%20b5.jpg HTTP/1.1" 200 91524 "-" "Mozilla/5.0 AppleWebKit/537.36 (KHTML, like Gecko; compatible; bingbot/2.0; +http://www.bing.com/bingbot.htm) Chrome/103.0.5060.134 Safari/537.36" "mantech8.com"
185.191.171.8 - - [21/Nov/2022:14:39:35 -0800] "GET /?camp-fire%2F33704359.html HTTP/1.1" 500 - "-" "Mozilla/5.0 (compatible; SemrushBot/7~bl; +http://www.semrush.com/bot.html)" "mantech8.com"
185.191.171.17 - - [21/Nov/2022:14:39:45 -0800] "GET /?camp-fire%2F5182996.html HTTP/1.1" 500 - "-" "Mozilla/5.0 (compatible; SemrushBot/7~bl; +http://www.semrush.com/bot.html)" "mantech8.com"
185.191.171.39 - - [21/Nov/2022:14:39:59 -0800] "GET /?camp-fire%2F34939408.html HTTP/1.1" 500 - "-" "Mozilla/5.0 (compatible; SemrushBot/7~bl; +http://www.semrush.com/bot.html)" "mantech8.com"
185.191.171.35 - - [21/Nov/2022:14:40:02 -0800] "GET /?camp-fire%2F29804566.html HTTP/1.1" 500 - "-" "Mozilla/5.0 (compatible; SemrushBot/7~bl; +http://www.semrush.com/bot.html)" "mantech8.com"
185.191.171.11 - - [21/Nov/2022:14:40:13 -0800] "GET /?camp-fire%2F32674625.html HTTP/1.1" 500 - "-" "Mozilla/5.0 (compatible; SemrushBot/7~bl; +http://www.semrush.com/bot.html)" "mantech8.com"
185.191.171.4 - - [21/Nov/2022:14:41:11 -0800] "GET /?camp-fire%2F5566065.html HTTP/1.1" 500 - "-" "Mozilla/5.0 (compatible; SemrushBot/7~bl; +http://www.semrush.com/bot.html)" "mantech8.com"
114.119.133.190 - - [21/Nov/2022:14:41:11 -0800] "GET /?sitemap24613.xml HTTP/1.1" 200 270664 "-" "Mozilla/5.0 (Linux; Android 7.0;) AppleWebKit/537.36 (KHTML, like Gecko) Mobile Safari/537.36 (compatible; PetalBot;+https://webmaster.petalsearch.com/site/petalbot)" "mantech8.com"
185.191.171.42 - - [21/Nov/2022:14:41:13 -0800] "GET /?camp-fire%2F8576580.html HTTP/1.1" 500 - "-" "Mozilla/5.0 (compatible; SemrushBot/7~bl; +http://www.semrush.com/bot.html)" "mantech8.com"
185.191.171.39 - - [21/Nov/2022:14:41:46 -0800] "GET /?camp-fire%2F33140000.html HTTP/1.1" 500 - "-" "Mozilla/5.0 (compatible; SemrushBot/7~bl; +http://www.semrush.com/bot.html)" "mantech8.com"
185.191.171.12 - - [21/Nov/2022:14:42:50 -0800] "GET /?camp-fire%2F24844081.html HTTP/1.1" 500 - "-" "Mozilla/5.0 (compatible; SemrushBot/7~bl; +http://www.semrush.com/bot.html)" "mantech8.com"
185.191.171.42 - - [21/Nov/2022:14:42:57 -0800] "GET /?camp-fire%2F33524080.html HTTP/1.1" 500 - "-" "Mozilla/5.0 (compatible; SemrushBot/7~bl; +http://www.semrush.com/bot.html)" "mantech8.com"
185.191.171.37 - - [21/Nov/2022:14:43:15 -0800] "GET /?camp-fire%2F26796887.html HTTP/1.1" 500 - "-" "Mozilla/5.0 (compatible; SemrushBot/7~bl; +http://www.semrush.com/bot.html)" "mantech8.com"
185.191.171.10 - - [21/Nov/2022:14:43:38 -0800] "GET /bimages/headg/thump/?C=S%3BO%3DA HTTP/1.1" 200 484 "-" "Mozilla/5.0 (compatible; SemrushBot/7~bl; +http://www.semrush.com/bot.html)" "www.mantech8.com"
185.191.171.40 - - [21/Nov/2022:14:43:43 -0800] "GET /index.html HTTP/1.1" 404 88 "-" "Mozilla/5.0 (compatible; SemrushBot/7~bl; +http://www.semrush.com/bot.html)" "www.mantech8.com"
185.191.171.44 - - [21/Nov/2022:14:44:01 -0800] "GET /?camp-fire%2F34596355.html HTTP/1.1" 500 - "-" "Mozilla/5.0 (compatible; SemrushBot/7~bl; +http://www.semrush.com/bot.html)" "mantech8.com"
185.191.171.4 - - [21/Nov/2022:14:44:24 -0800] "GET /bimages/scafg/thump/?C=M%3BO%3DA HTTP/1.1" 200 535 "-" "Mozilla/5.0 (compatible; SemrushBot/7~bl; +http://www.semrush.com/bot.html)" "www.mantech8.com"
185.191.171.33 - - [21/Nov/2022:14:44:36 -0800] "GET /?camp-fire%2F9319753.html HTTP/1.1" 500 - "-" "Mozilla/5.0 (compatible; SemrushBot/7~bl; +http://www.semrush.com/bot.html)" "mantech8.com"
185.191.171.33 - - [21/Nov/2022:14:45:20 -0800] "GET /?camp-fire%2F4926355.html HTTP/1.1" 500 - "-" "Mozilla/5.0 (compatible; SemrushBot/7~bl; +http://www.semrush.com/bot.html)" "mantech8.com"
185.191.171.23 - - [21/Nov/2022:14:45:43 -0800] "GET /robots.txt HTTP/1.1" 200 106 "-" "Mozilla/5.0 (compatible; SemrushBot/7~bl; +http://www.semrush.com/bot.html)" "www.mantech8.com"
185.191.171.24 - - [21/Nov/2022:14:45:43 -0800] "GET /bimages/service/?C=N%3BO%3DD HTTP/1.1" 200 591 "-" "Mozilla/5.0 (compatible; SemrushBot/7~bl; +http://www.semrush.com/bot.html)" "www.mantech8.com"
185.191.171.38 - - [21/Nov/2022:14:46:13 -0800] "GET /?camp-fire%2F33312571.html HTTP/1.1" 500 - "-" "Mozilla/5.0 (compatible; SemrushBot/7~bl; +http://www.semrush.com/bot.html)" "mantech8.com"
185.191.171.40 - - [21/Nov/2022:14:46:15 -0800] "GET /?camp-fire%2F31369451.html HTTP/1.1" 500 - "-" "Mozilla/5.0 (compatible; SemrushBot/7~bl; +http://www.semrush.com/bot.html)" "mantech8.com"
114.119.133.182 - - [21/Nov/2022:14:46:20 -0800] "GET /index.php?crystalgazer.xml HTTP/1.1" 200 289252 "-" "Mozilla/5.0 (Linux; Android 7.0;) AppleWebKit/537.36 (KHTML, like Gecko) Mobile Safari/537.36 (compatible; PetalBot;+https://webmaster.petalsearch.com/site/petalbot)" "mantech8.com"
185.191.171.26 - - [21/Nov/2022:14:47:12 -0800] "GET /?camp-fire%2F33347660.html HTTP/1.1" 500 - "-" "Mozilla/5.0 (compatible; SemrushBot/7~bl; +http://www.semrush.com/bot.html)" "mantech8.com"
185.191.171.12 - - [21/Nov/2022:14:47:17 -0800] "GET /?camp-fire%2F9707383.html HTTP/1.1" 500 - "-" "Mozilla/5.0 (compatible; SemrushBot/7~bl; +http://www.semrush.com/bot.html)" "mantech8.com"
185.191.171.15 - - [21/Nov/2022:14:47:22 -0800] "GET /?camp-fire%2F4800855.html HTTP/1.1" 500 - "-" "Mozilla/5.0 (compatible; SemrushBot/7~bl; +http://www.semrush.com/bot.html)" "mantech8.com"
185.191.171.37 - - [21/Nov/2022:14:47:32 -0800] "GET /?camp-fire%2F35191932.html HTTP/1.1" 500 - "-" "Mozilla/5.0 (compatible; SemrushBot/7~bl; +http://www.semrush.com/bot.html)" "mantech8.com"
185.191.171.13 - - [21/Nov/2022:14:47:43 -0800] "GET /?camp-fire%2F27837021.html HTTP/1.1" 500 - "-" "Mozilla/5.0 (compatible; SemrushBot/7~bl; +http://www.semrush.com/bot.html)" "mantech8.com"
185.191.171.11 - - [21/Nov/2022:14:48:13 -0800] "GET /?camp-fire%2F7894942.html HTTP/1.1" 500 - "-" "Mozilla/5.0 (compatible; SemrushBot/7~bl; +http://www.semrush.com/bot.html)" "mantech8.com"
207.46.13.100 - - [21/Nov/2022:14:48:52 -0800] "GET /sitemapindeximages.xml HTTP/1.1" 404 88 "-" "Mozilla/5.0 AppleWebKit/537.36 (KHTML, like Gecko; compatible; bingbot/2.0; +http://www.bing.com/bingbot.htm) Chrome/103.0.5060.134 Safari/537.36" "mantech8.com"
157.55.39.123 - - [21/Nov/2022:14:49:02 -0800] "GET /sitemapmobileindex.xml HTTP/1.1" 404 88 "-" "Mozilla/5.0 (compatible; bingbot/2.0; +http://www.bing.com/bingbot.htm)" "mantech8.com"
207.46.13.125 - - [21/Nov/2022:14:49:07 -0800] "GET /sitemapnewindex.xml HTTP/1.1" 404 88 "-" "Mozilla/5.0 AppleWebKit/537.36 (KHTML, like Gecko; compatible; bingbot/2.0; +http://www.bing.com/bingbot.htm) Chrome/103.0.5060.134 Safari/537.36" "mantech8.com"
185.191.171.3 - - [21/Nov/2022:14:49:34 -0800] "GET /?camp-fire%2F30594541.html HTTP/1.1" 500 - "-" "Mozilla/5.0 (compatible; SemrushBot/7~bl; +http://www.semrush.com/bot.html)" "mantech8.com"
185.191.171.23 - - [21/Nov/2022:14:50:38 -0800] "GET /?camp-fire%2F30639055.html HTTP/1.1" 500 - "-" "Mozilla/5.0 (compatible; SemrushBot/7~bl; +http://www.semrush.com/bot.html)" "mantech8.com"
185.191.171.19 - - [21/Nov/2022:14:51:06 -0800] "GET /?camp-fire%2F21615417.html HTTP/1.1" 500 - "-" "Mozilla/5.0 (compatible; SemrushBot/7~bl; +http://www.semrush.com/bot.html)" "mantech8.com"
185.191.171.26 - - [21/Nov/2022:14:51:21 -0800] "GET /?camp-fire%2F7268080.html HTTP/1.1" 500 - "-" "Mozilla/5.0 (compatible; SemrushBot/7~bl; +http://www.semrush.com/bot.html)" "mantech8.com"
114.119.133.165 - - [21/Nov/2022:14:51:27 -0800] "GET /bimages/tank/director.php HTTP/1.1" 200 32 "http://www.mantech8.com/bimages/tank/" "Mozilla/5.0 (Linux; Android 7.0;) AppleWebKit/537.36 (KHTML, like Gecko) Mobile Safari/537.36 (compatible; PetalBot;+https://webmaster.petalsearch.com/site/petalbot)" "www.mantech8.com"
185.191.171.22 - - [21/Nov/2022:14:51:54 -0800] "GET /?camp-fire%2F34261008.html HTTP/1.1" 500 - "-" "Mozilla/5.0 (compatible; SemrushBot/7~bl; +http://www.semrush.com/bot.html)" "mantech8.com"
185.191.171.25 - - [21/Nov/2022:14:53:22 -0800] "GET /?camp-fire%2F33427268.html HTTP/1.1" 500 - "-" "Mozilla/5.0 (compatible; SemrushBot/7~bl; +http://www.semrush.com/bot.html)" "mantech8.com"
185.191.171.18 - - [21/Nov/2022:14:53:49 -0800] "GET /?camp-fire%2F5664785.html HTTP/1.1" 500 - "-" "Mozilla/5.0 (compatible; SemrushBot/7~bl; +http://www.semrush.com/bot.html)" "mantech8.com"
185.191.171.14 - - [21/Nov/2022:14:54:15 -0800] "GET /?camp-fire%2F33324760.html HTTP/1.1" 500 - "-" "Mozilla/5.0 (compatible; SemrushBot/7~bl; +http://www.semrush.com/bot.html)" "mantech8.com"
185.191.171.35 - - [21/Nov/2022:14:54:38 -0800] "GET /?camp-fire%2F31876630.html HTTP/1.1" 500 - "-" "Mozilla/5.0 (compatible; SemrushBot/7~bl; +http://www.semrush.com/bot.html)" "mantech8.com"
185.191.171.43 - - [21/Nov/2022:14:55:01 -0800] "GET /?camp-fire%2F33304265.html HTTP/1.1" 500 - "-" "Mozilla/5.0 (compatible; SemrushBot/7~bl; +http://www.semrush.com/bot.html)" "mantech8.com"
185.191.171.37 - - [21/Nov/2022:14:55:18 -0800] "GET /?camp-fire%2F9073278.html HTTP/1.1" 500 - "-" "Mozilla/5.0 (compatible; SemrushBot/7~bl; +http://www.semrush.com/bot.html)" "mantech8.com"
185.191.171.7 - - [21/Nov/2022:14:55:25 -0800] "GET /?camp-fire%2F34009672.html HTTP/1.1" 500 - "-" "Mozilla/5.0 (compatible; SemrushBot/7~bl; +http://www.semrush.com/bot.html)" "mantech8.com"
185.191.171.2 - - [21/Nov/2022:14:55:49 -0800] "GET /?camp-fire%2F27908759.html HTTP/1.1" 500 - "-" "Mozilla/5.0 (compatible; SemrushBot/7~bl; +http://www.semrush.com/bot.html)" "mantech8.com"
185.191.171.43 - - [21/Nov/2022:14:56:12 -0800] "GET /?camp-fire%2F26622147.html HTTP/1.1" 500 - "-" "Mozilla/5.0 (compatible; SemrushBot/7~bl; +http://www.semrush.com/bot.html)" "mantech8.com"
185.191.171.25 - - [21/Nov/2022:14:56:28 -0800] "GET /?camp-fire%2F20918959.html HTTP/1.1" 500 - "-" "Mozilla/5.0 (compatible; SemrushBot/7~bl; +http://www.semrush.com/bot.html)" "mantech8.com"
114.119.133.182 - - [21/Nov/2022:14:56:37 -0800] "GET /index.php?camp-fire/61264207.html HTTP/1.1" 500 - "-" "Mozilla/5.0 (Linux; Android 7.0;) AppleWebKit/537.36 (KHTML, like Gecko) Mobile Safari/537.36 (compatible; PetalBot;+https://webmaster.petalsearch.com/site/petalbot)" "www.mantech8.com"
185.191.171.19 - - [21/Nov/2022:14:56:39 -0800] "GET /bimages/gallery/mini.phP HTTP/1.1" 200 - "-" "Mozilla/5.0 (compatible; SemrushBot/7~bl; +http://www.semrush.com/bot.html)" "www.mantech8.com"
185.191.171.4 - - [21/Nov/2022:14:57:15 -0800] "GET /?camp-fire%2F28345177.html HTTP/1.1" 500 - "-" "Mozilla/5.0 (compatible; SemrushBot/7~bl; +http://www.semrush.com/bot.html)" "mantech8.com"
185.191.171.19 - - [21/Nov/2022:14:57:22 -0800] "GET /?camp-fire%2F33545268.html HTTP/1.1" 500 - "-" "Mozilla/5.0 (compatible; SemrushBot/7~bl; +http://www.semrush.com/bot.html)" "mantech8.com"
185.191.171.37 - - [21/Nov/2022:14:58:02 -0800] "GET /?camp-fire%2F7799642.html HTTP/1.1" 500 - "-" "Mozilla/5.0 (compatible; SemrushBot/7~bl; +http://www.semrush.com/bot.html)" "mantech8.com"
185.191.171.8 - - [21/Nov/2022:14:59:12 -0800] "GET /?camp-fire%2F30860355.html HTTP/1.1" 500 - "-" "Mozilla/5.0 (compatible; SemrushBot/7~bl; +http://www.semrush.com/bot.html)" "mantech8.com"
185.191.171.19 - - [21/Nov/2022:14:59:18 -0800] "GET /bimages/service/thump/?C=D%3BO%3DA HTTP/1.1" 200 539 "-" "Mozilla/5.0 (compatible; SemrushBot/7~bl; +http://www.semrush.com/bot.html)" "www.mantech8.com"
185.191.171.38 - - [21/Nov/2022:14:59:25 -0800] "GET /?camp-fire%2F7272293.html HTTP/1.1" 500 - "-" "Mozilla/5.0 (compatible; SemrushBot/7~bl; +http://www.semrush.com/bot.html)" "mantech8.com"
185.191.171.1 - - [21/Nov/2022:14:59:26 -0800] "GET /?camp-fire%2F28367335.html HTTP/1.1" 500 - "-" "Mozilla/5.0 (compatible; SemrushBot/7~bl; +http://www.semrush.com/bot.html)" "mantech8.com"
185.191.171.36 - - [21/Nov/2022:14:59:28 -0800] "GET /?camp-fire%2F31494365.html HTTP/1.1" 500 - "-" "Mozilla/5.0 (compatible; SemrushBot/7~bl; +http://www.semrush.com/bot.html)" "mantech8.com"
185.191.171.17 - - [21/Nov/2022:14:59:36 -0800] "GET /?camp-fire%2F33595860.html HTTP/1.1" 500 - "-" "Mozilla/5.0 (compatible; SemrushBot/7~bl; +http://www.semrush.com/bot.html)" "mantech8.com"
185.191.171.34 - - [21/Nov/2022:14:59:51 -0800] "GET /?camp-fire%2F33806725.html HTTP/1.1" 500 - "-" "Mozilla/5.0 (compatible; SemrushBot/7~bl; +http://www.semrush.com/bot.html)" "mantech8.com"
185.191.171.25 - - [21/Nov/2022:15:00:17 -0800] "GET /bimages/cleang/thump/?C=N%3BO%3DD HTTP/1.1" 200 462 "-" "Mozilla/5.0 (compatible; SemrushBot/7~bl; +http://www.semrush.com/bot.html)" "www.mantech8.com"
40.77.167.26 - - [21/Nov/2022:15:00:49 -0800] "GET /bimages/certificate/thump/C13.jpg HTTP/1.1" 200 142529 "-" "Mozilla/5.0 (compatible; bingbot/2.0; +http://www.bing.com/bingbot.htm)" "www.mantech8.com"
185.191.171.21 - - [21/Nov/2022:15:01:06 -0800] "GET /bimages/electric/ HTTP/1.1" 200 420 "-" "Mozilla/5.0 (compatible; SemrushBot/7~bl; +http://www.semrush.com/bot.html)" "www.mantech8.com"
114.119.133.165 - - [21/Nov/2022:15:01:43 -0800] "GET /index.php?camp-fire/74882724.html HTTP/1.1" 500 - "-" "Mozilla/5.0 (Linux; Android 7.0;) AppleWebKit/537.36 (KHTML, like Gecko) Mobile Safari/537.36 (compatible; PetalBot;+https://webmaster.petalsearch.com/site/petalbot)" "www.mantech8.com"
185.191.171.20 - - [21/Nov/2022:15:02:14 -0800] "GET /?camp-fire%2F29285065.html HTTP/1.1" 500 - "-" "Mozilla/5.0 (compatible; SemrushBot/7~bl; +http://www.semrush.com/bot.html)" "mantech8.com"
207.200.8.180 - - [21/Nov/2022:15:02:42 -0800] "GET / HTTP/1.1" 500 - "-" "LightspeedSystemsCrawler Mozilla/5.0 (Windows; U; MSIE 9.0; Windows NT 9.0; en-US)" "www.mantech8.com"
207.200.8.180 - - [21/Nov/2022:15:02:42 -0800] "GET / HTTP/1.1" 500 - "-" "LightspeedSystemsCrawler Mozilla/5.0 (Windows; U; MSIE 9.0; Windows NT 9.0; en-US)" "mantech8.com"
185.191.171.21 - - [21/Nov/2022:15:02:46 -0800] "GET /?camp-fire%2F33522880.html HTTP/1.1" 500 - "-" "Mozilla/5.0 (compatible; SemrushBot/7~bl; +http://www.semrush.com/bot.html)" "mantech8.com"
