185.191.171.17 - - [20/Nov/2022:16:00:29 -0800] "GET /?camp-fire%2F32459330.html HTTP/1.1" 500 - "-" "Mozilla/5.0 (compatible; SemrushBot/7~bl; +http://www.semrush.com/bot.html)" "mantech8.com"
185.191.171.13 - - [20/Nov/2022:16:01:22 -0800] "GET /?camp-fire%2F31899430.html HTTP/1.1" 500 - "-" "Mozilla/5.0 (compatible; SemrushBot/7~bl; +http://www.semrush.com/bot.html)" "mantech8.com"
185.191.171.10 - - [20/Nov/2022:16:01:41 -0800] "GET /?camp-fire%2F28016071.html HTTP/1.1" 500 - "-" "Mozilla/5.0 (compatible; SemrushBot/7~bl; +http://www.semrush.com/bot.html)" "mantech8.com"
185.191.171.4 - - [20/Nov/2022:16:01:54 -0800] "GET /?camp-fire%2F30196850.html HTTP/1.1" 500 - "-" "Mozilla/5.0 (compatible; SemrushBot/7~bl; +http://www.semrush.com/bot.html)" "mantech8.com"
185.191.171.1 - - [20/Nov/2022:16:02:21 -0800] "GET /?camp-fire%2F8640108.html HTTP/1.1" 500 - "-" "Mozilla/5.0 (compatible; SemrushBot/7~bl; +http://www.semrush.com/bot.html)" "mantech8.com"
185.191.171.33 - - [20/Nov/2022:16:02:33 -0800] "GET /?camp-fire%2F25282806.html HTTP/1.1" 500 - "-" "Mozilla/5.0 (compatible; SemrushBot/7~bl; +http://www.semrush.com/bot.html)" "mantech8.com"
185.191.171.6 - - [20/Nov/2022:16:03:08 -0800] "GET /?camp-fire%2F34103816.html HTTP/1.1" 500 - "-" "Mozilla/5.0 (compatible; SemrushBot/7~bl; +http://www.semrush.com/bot.html)" "mantech8.com"
185.191.171.21 - - [20/Nov/2022:16:03:45 -0800] "GET /?camp-fire%2F7245080.html HTTP/1.1" 500 - "-" "Mozilla/5.0 (compatible; SemrushBot/7~bl; +http://www.semrush.com/bot.html)" "mantech8.com"
185.191.171.43 - - [20/Nov/2022:16:03:51 -0800] "GET /?camp-fire%2F32717168.html HTTP/1.1" 500 - "-" "Mozilla/5.0 (compatible; SemrushBot/7~bl; +http://www.semrush.com/bot.html)" "mantech8.com"
185.191.171.26 - - [20/Nov/2022:16:04:00 -0800] "GET /?camp-fire%2F31622355.html HTTP/1.1" 500 - "-" "Mozilla/5.0 (compatible; SemrushBot/7~bl; +http://www.semrush.com/bot.html)" "mantech8.com"
185.191.171.43 - - [20/Nov/2022:16:04:23 -0800] "GET /?camp-fire%2F7601521.html HTTP/1.1" 500 - "-" "Mozilla/5.0 (compatible; SemrushBot/7~bl; +http://www.semrush.com/bot.html)" "mantech8.com"
185.191.171.43 - - [20/Nov/2022:16:05:01 -0800] "GET /?camp-fire%2F34303897.html HTTP/1.1" 500 - "-" "Mozilla/5.0 (compatible; SemrushBot/7~bl; +http://www.semrush.com/bot.html)" "mantech8.com"
185.191.171.9 - - [20/Nov/2022:16:05:22 -0800] "GET /?camp-fire%2F34562889.html HTTP/1.1" 500 - "-" "Mozilla/5.0 (compatible; SemrushBot/7~bl; +http://www.semrush.com/bot.html)" "mantech8.com"
185.191.171.11 - - [20/Nov/2022:16:06:20 -0800] "GET /?camp-fire%2F32067261.html HTTP/1.1" 500 - "-" "Mozilla/5.0 (compatible; SemrushBot/7~bl; +http://www.semrush.com/bot.html)" "mantech8.com"
185.191.171.4 - - [20/Nov/2022:16:06:28 -0800] "GET /?camp-fire%2F27289897.html HTTP/1.1" 500 - "-" "Mozilla/5.0 (compatible; SemrushBot/7~bl; +http://www.semrush.com/bot.html)" "mantech8.com"
185.191.171.12 - - [20/Nov/2022:16:06:51 -0800] "GET /?camp-fire%2F28045921.html HTTP/1.1" 500 - "-" "Mozilla/5.0 (compatible; SemrushBot/7~bl; +http://www.semrush.com/bot.html)" "mantech8.com"
114.119.133.190 - - [20/Nov/2022:16:07:58 -0800] "GET /index.php/sitemap4099.xml HTTP/1.1" 200 289335 "-" "Mozilla/5.0 (Linux; Android 7.0;) AppleWebKit/537.36 (KHTML, like Gecko) Mobile Safari/537.36 (compatible; PetalBot;+https://webmaster.petalsearch.com/site/petalbot)" "mantech8.com"
61.135.159.196 - - [20/Nov/2022:16:08:13 -0800] "GET / HTTP/1.1" 500 - "-" "Sogou web spider/4.0(+http://www.sogou.com/docs/help/webmasters.htm#07)" "www.mantech8.com"
185.191.171.33 - - [20/Nov/2022:16:09:10 -0800] "GET /?camp-fire%2F32782559.html HTTP/1.1" 500 - "-" "Mozilla/5.0 (compatible; SemrushBot/7~bl; +http://www.semrush.com/bot.html)" "mantech8.com"
185.191.171.37 - - [20/Nov/2022:16:09:47 -0800] "GET /?camp-fire%2F24227150.html HTTP/1.1" 500 - "-" "Mozilla/5.0 (compatible; SemrushBot/7~bl; +http://www.semrush.com/bot.html)" "mantech8.com"
185.191.171.10 - - [20/Nov/2022:16:09:56 -0800] "GET /?camp-fire%2F9703983.html HTTP/1.1" 500 - "-" "Mozilla/5.0 (compatible; SemrushBot/7~bl; +http://www.semrush.com/bot.html)" "mantech8.com"
185.191.171.5 - - [20/Nov/2022:16:10:09 -0800] "GET /?camp-fire%2F7657221.html HTTP/1.1" 500 - "-" "Mozilla/5.0 (compatible; SemrushBot/7~bl; +http://www.semrush.com/bot.html)" "mantech8.com"
185.191.171.4 - - [20/Nov/2022:16:10:21 -0800] "GET /?camp-fire%2F27348570.html HTTP/1.1" 500 - "-" "Mozilla/5.0 (compatible; SemrushBot/7~bl; +http://www.semrush.com/bot.html)" "mantech8.com"
185.191.171.35 - - [20/Nov/2022:16:10:28 -0800] "GET /?camp-fire%2F34120129.html HTTP/1.1" 500 - "-" "Mozilla/5.0 (compatible; SemrushBot/7~bl; +http://www.semrush.com/bot.html)" "mantech8.com"
185.191.171.26 - - [20/Nov/2022:16:10:32 -0800] "GET /?camp-fire%2F31908230.html HTTP/1.1" 500 - "-" "Mozilla/5.0 (compatible; SemrushBot/7~bl; +http://www.semrush.com/bot.html)" "mantech8.com"
185.191.171.18 - - [20/Nov/2022:16:10:44 -0800] "GET /?camp-fire%2F39506583.html HTTP/1.1" 500 - "-" "Mozilla/5.0 (compatible; SemrushBot/7~bl; +http://www.semrush.com/bot.html)" "mantech8.com"
185.191.171.8 - - [20/Nov/2022:16:11:24 -0800] "GET /?camp-fire%2F32483568.html HTTP/1.1" 500 - "-" "Mozilla/5.0 (compatible; SemrushBot/7~bl; +http://www.semrush.com/bot.html)" "mantech8.com"
185.191.171.40 - - [20/Nov/2022:16:11:41 -0800] "GET /?camp-fire%2F32921578.html HTTP/1.1" 500 - "-" "Mozilla/5.0 (compatible; SemrushBot/7~bl; +http://www.semrush.com/bot.html)" "mantech8.com"
185.191.171.24 - - [20/Nov/2022:16:11:57 -0800] "GET /?camp-fire%2F7771408.html HTTP/1.1" 500 - "-" "Mozilla/5.0 (compatible; SemrushBot/7~bl; +http://www.semrush.com/bot.html)" "mantech8.com"
185.191.171.2 - - [20/Nov/2022:16:12:12 -0800] "GET /?camp-fire%2F8268078.html HTTP/1.1" 500 - "-" "Mozilla/5.0 (compatible; SemrushBot/7~bl; +http://www.semrush.com/bot.html)" "mantech8.com"
185.191.171.2 - - [20/Nov/2022:16:12:41 -0800] "GET /?camp-fire%2F9705183.html HTTP/1.1" 500 - "-" "Mozilla/5.0 (compatible; SemrushBot/7~bl; +http://www.semrush.com/bot.html)" "mantech8.com"
185.191.171.16 - - [20/Nov/2022:16:12:50 -0800] "GET /?camp-fire%2F7774708.html HTTP/1.1" 500 - "-" "Mozilla/5.0 (compatible; SemrushBot/7~bl; +http://www.semrush.com/bot.html)" "mantech8.com"
185.191.171.15 - - [20/Nov/2022:16:12:54 -0800] "GET /?camp-fire%2F32984260.html HTTP/1.1" 500 - "-" "Mozilla/5.0 (compatible; SemrushBot/7~bl; +http://www.semrush.com/bot.html)" "mantech8.com"
216.244.66.241 - - [20/Nov/2022:16:13:08 -0800] "GET /robots.txt HTTP/1.1" 200 222 "-" "Mozilla/5.0 (compatible; DotBot/1.2; +https://opensiteexplorer.org/dotbot; help@moz.com)" "www.mantech8.com"
114.119.133.158 - - [20/Nov/2022:16:13:08 -0800] "GET /bimages/gallery/plugin.php HTTP/1.1" 200 295 "http://www.mantech8.com/bimages/gallery/" "Mozilla/5.0 (Linux; Android 7.0;) AppleWebKit/537.36 (KHTML, like Gecko) Mobile Safari/537.36 (compatible; PetalBot;+https://webmaster.petalsearch.com/site/petalbot)" "www.mantech8.com"
185.191.171.11 - - [20/Nov/2022:16:13:42 -0800] "GET /?camp-fire%2F33082216.html HTTP/1.1" 500 - "-" "Mozilla/5.0 (compatible; SemrushBot/7~bl; +http://www.semrush.com/bot.html)" "mantech8.com"
185.191.171.5 - - [20/Nov/2022:16:14:57 -0800] "GET /?camp-fire%2F27584571.html HTTP/1.1" 500 - "-" "Mozilla/5.0 (compatible; SemrushBot/7~bl; +http://www.semrush.com/bot.html)" "mantech8.com"
185.191.171.39 - - [20/Nov/2022:16:15:16 -0800] "GET /?camp-fire%2F28055921.html HTTP/1.1" 500 - "-" "Mozilla/5.0 (compatible; SemrushBot/7~bl; +http://www.semrush.com/bot.html)" "mantech8.com"
185.191.171.3 - - [20/Nov/2022:16:15:30 -0800] "GET /bimages/gallery/thump/?C=M%3BO%3DA HTTP/1.1" 200 1142 "-" "Mozilla/5.0 (compatible; SemrushBot/7~bl; +http://www.semrush.com/bot.html)" "www.mantech8.com"
185.191.171.19 - - [20/Nov/2022:16:15:45 -0800] "GET /?camp-fire%2F24622730.html HTTP/1.1" 500 - "-" "Mozilla/5.0 (compatible; SemrushBot/7~bl; +http://www.semrush.com/bot.html)" "mantech8.com"
185.191.171.16 - - [20/Nov/2022:16:15:53 -0800] "GET /?camp-fire%2F27459656.html HTTP/1.1" 500 - "-" "Mozilla/5.0 (compatible; SemrushBot/7~bl; +http://www.semrush.com/bot.html)" "mantech8.com"
185.191.171.33 - - [20/Nov/2022:16:16:45 -0800] "GET /?camp-fire%2F24530406.html HTTP/1.1" 500 - "-" "Mozilla/5.0 (compatible; SemrushBot/7~bl; +http://www.semrush.com/bot.html)" "mantech8.com"
185.191.171.13 - - [20/Nov/2022:16:16:48 -0800] "GET /?camp-fire%2F34955232.html HTTP/1.1" 500 - "-" "Mozilla/5.0 (compatible; SemrushBot/7~bl; +http://www.semrush.com/bot.html)" "mantech8.com"
185.191.171.10 - - [20/Nov/2022:16:16:55 -0800] "GET /?camp-fire%2F7755221.html HTTP/1.1" 500 - "-" "Mozilla/5.0 (compatible; SemrushBot/7~bl; +http://www.semrush.com/bot.html)" "mantech8.com"
185.191.171.10 - - [20/Nov/2022:16:17:26 -0800] "GET /?camp-fire%2F27062682.html HTTP/1.1" 500 - "-" "Mozilla/5.0 (compatible; SemrushBot/7~bl; +http://www.semrush.com/bot.html)" "mantech8.com"
185.191.171.33 - - [20/Nov/2022:16:17:39 -0800] "GET /?camp-fire%2F33596060.html HTTP/1.1" 500 - "-" "Mozilla/5.0 (compatible; SemrushBot/7~bl; +http://www.semrush.com/bot.html)" "mantech8.com"
185.191.171.11 - - [20/Nov/2022:16:18:16 -0800] "GET /?camp-fire%2F27296397.html HTTP/1.1" 500 - "-" "Mozilla/5.0 (compatible; SemrushBot/7~bl; +http://www.semrush.com/bot.html)" "mantech8.com"
185.191.171.38 - - [20/Nov/2022:16:18:30 -0800] "GET /?camp-fire%2F27918859.html HTTP/1.1" 500 - "-" "Mozilla/5.0 (compatible; SemrushBot/7~bl; +http://www.semrush.com/bot.html)" "mantech8.com"
185.191.171.20 - - [20/Nov/2022:16:18:38 -0800] "GET /?camp-fire%2F25913776.html HTTP/1.1" 500 - "-" "Mozilla/5.0 (compatible; SemrushBot/7~bl; +http://www.semrush.com/bot.html)" "mantech8.com"
185.191.171.3 - - [20/Nov/2022:16:19:08 -0800] "GET /?camp-fire%2F8604980.html HTTP/1.1" 500 - "-" "Mozilla/5.0 (compatible; SemrushBot/7~bl; +http://www.semrush.com/bot.html)" "mantech8.com"
185.191.171.11 - - [20/Nov/2022:16:19:47 -0800] "GET /?camp-fire%2F9703383.html HTTP/1.1" 500 - "-" "Mozilla/5.0 (compatible; SemrushBot/7~bl; +http://www.semrush.com/bot.html)" "mantech8.com"
185.191.171.24 - - [20/Nov/2022:16:19:55 -0800] "GET /bimages/dimage/?C=D%3BO%3DA HTTP/1.1" 200 419 "-" "Mozilla/5.0 (compatible; SemrushBot/7~bl; +http://www.semrush.com/bot.html)" "www.mantech8.com"
185.191.171.8 - - [20/Nov/2022:16:19:57 -0800] "GET /?camp-fire%2F34000593.html HTTP/1.1" 500 - "-" "Mozilla/5.0 (compatible; SemrushBot/7~bl; +http://www.semrush.com/bot.html)" "mantech8.com"
185.191.171.2 - - [20/Nov/2022:16:19:59 -0800] "GET /?camp-fire%2F28275370.html HTTP/1.1" 500 - "-" "Mozilla/5.0 (compatible; SemrushBot/7~bl; +http://www.semrush.com/bot.html)" "mantech8.com"
185.191.171.3 - - [20/Nov/2022:16:20:15 -0800] "GET /?camp-fire%2F9769785.html HTTP/1.1" 500 - "-" "Mozilla/5.0 (compatible; SemrushBot/7~bl; +http://www.semrush.com/bot.html)" "mantech8.com"
185.191.171.2 - - [20/Nov/2022:16:20:55 -0800] "GET /?camp-fire%2F1141472.html HTTP/1.1" 500 - "-" "Mozilla/5.0 (compatible; SemrushBot/7~bl; +http://www.semrush.com/bot.html)" "mantech8.com"
185.191.171.38 - - [20/Nov/2022:16:20:57 -0800] "GET /?camp-fire%2F4848674.html HTTP/1.1" 500 - "-" "Mozilla/5.0 (compatible; SemrushBot/7~bl; +http://www.semrush.com/bot.html)" "mantech8.com"
185.191.171.6 - - [20/Nov/2022:16:21:42 -0800] "GET /bimages/hydrog/thump/?C=S%3BO%3DA HTTP/1.1" 200 468 "-" "Mozilla/5.0 (compatible; SemrushBot/7~bl; +http://www.semrush.com/bot.html)" "www.mantech8.com"
185.191.171.22 - - [20/Nov/2022:16:22:03 -0800] "GET /?camp-fire%2F33688559.html HTTP/1.1" 500 - "-" "Mozilla/5.0 (compatible; SemrushBot/7~bl; +http://www.semrush.com/bot.html)" "mantech8.com"
185.191.171.18 - - [20/Nov/2022:16:22:06 -0800] "GET /robots.txt HTTP/1.1" 200 106 "-" "Mozilla/5.0 (compatible; SemrushBot/7~bl; +http://www.semrush.com/bot.html)" "mantech8.com"
185.191.171.23 - - [20/Nov/2022:16:22:06 -0800] "GET /?camp-fire%2F33231116.html HTTP/1.1" 500 - "-" "Mozilla/5.0 (compatible; SemrushBot/7~bl; +http://www.semrush.com/bot.html)" "mantech8.com"
185.191.171.24 - - [20/Nov/2022:16:22:18 -0800] "GET /?camp-fire%2F31929730.html HTTP/1.1" 500 - "-" "Mozilla/5.0 (compatible; SemrushBot/7~bl; +http://www.semrush.com/bot.html)" "mantech8.com"
207.46.13.177 - - [20/Nov/2022:16:22:27 -0800] "GET /index.php/Oj8gM-161a1cbcdd-APS.Ii HTTP/1.1" 200 29677 "-" "Mozilla/5.0 AppleWebKit/537.36 (KHTML, like Gecko; compatible; bingbot/2.0; +http://www.bing.com/bingbot.htm) Chrome/103.0.5060.134 Safari/537.36" "mantech8.com"
185.191.171.19 - - [20/Nov/2022:16:22:51 -0800] "GET /?camp-fire%2F33608709.html HTTP/1.1" 500 - "-" "Mozilla/5.0 (compatible; SemrushBot/7~bl; +http://www.semrush.com/bot.html)" "mantech8.com"
185.191.171.12 - - [20/Nov/2022:16:23:07 -0800] "GET /?camp-fire%2F35127725.html HTTP/1.1" 500 - "-" "Mozilla/5.0 (compatible; SemrushBot/7~bl; +http://www.semrush.com/bot.html)" "mantech8.com"
185.191.171.8 - - [20/Nov/2022:16:23:53 -0800] "GET /?camp-fire%2F32651125.html HTTP/1.1" 500 - "-" "Mozilla/5.0 (compatible; SemrushBot/7~bl; +http://www.semrush.com/bot.html)" "mantech8.com"
185.191.171.12 - - [20/Nov/2022:16:24:07 -0800] "GET /bimages/service/?C=D%3BO%3DA HTTP/1.1" 200 591 "-" "Mozilla/5.0 (compatible; SemrushBot/7~bl; +http://www.semrush.com/bot.html)" "www.mantech8.com"
185.191.171.4 - - [20/Nov/2022:16:24:07 -0800] "GET /?camp-fire%2F33375860.html HTTP/1.1" 500 - "-" "Mozilla/5.0 (compatible; SemrushBot/7~bl; +http://www.semrush.com/bot.html)" "mantech8.com"
185.191.171.25 - - [20/Nov/2022:16:24:19 -0800] "GET /?camp-fire%2F6821729.html HTTP/1.1" 500 - "-" "Mozilla/5.0 (compatible; SemrushBot/7~bl; +http://www.semrush.com/bot.html)" "mantech8.com"
185.191.171.7 - - [20/Nov/2022:16:24:48 -0800] "GET /?camp-fire%2F33581235.html HTTP/1.1" 500 - "-" "Mozilla/5.0 (compatible; SemrushBot/7~bl; +http://www.semrush.com/bot.html)" "mantech8.com"
185.191.171.15 - - [20/Nov/2022:16:24:53 -0800] "GET /?camp-fire%2F27152256.html HTTP/1.1" 500 - "-" "Mozilla/5.0 (compatible; SemrushBot/7~bl; +http://www.semrush.com/bot.html)" "mantech8.com"
185.191.171.15 - - [20/Nov/2022:16:25:12 -0800] "GET /?camp-fire%2F26262582.html HTTP/1.1" 500 - "-" "Mozilla/5.0 (compatible; SemrushBot/7~bl; +http://www.semrush.com/bot.html)" "mantech8.com"
185.191.171.4 - - [20/Nov/2022:16:25:27 -0800] "GET /?camp-fire%2F25060330.html HTTP/1.1" 500 - "-" "Mozilla/5.0 (compatible; SemrushBot/7~bl; +http://www.semrush.com/bot.html)" "mantech8.com"
113.57.84.39 - - [20/Nov/2022:16:26:13 -0800] "GET /contact.php HTTP/1.1" 200 29237 "http://mantech8.com/contact.php" "Mozilla/5.0 (Windows NT 6.3; Win64; x64) AppleWebKit/537.36 (KHTML, like Gecko) Chrome/90.0.4430.93 Safari/537.36" "mantech8.com"
113.57.84.39 - - [20/Nov/2022:16:26:15 -0800] "POST /mailer.php HTTP/1.1" 500 - "http://mantech8.com/contact.php" "Mozilla/5.0 (Windows NT 6.3; Win64; x64) AppleWebKit/537.36 (KHTML, like Gecko) Chrome/90.0.4430.93 Safari/537.36" "mantech8.com"
185.191.171.24 - - [20/Nov/2022:16:26:36 -0800] "GET /?camp-fire%2F33442193.html HTTP/1.1" 500 - "-" "Mozilla/5.0 (compatible; SemrushBot/7~bl; +http://www.semrush.com/bot.html)" "mantech8.com"
185.191.171.4 - - [20/Nov/2022:16:26:37 -0800] "GET /?camp-fire%2F28658089.html HTTP/1.1" 500 - "-" "Mozilla/5.0 (compatible; SemrushBot/7~bl; +http://www.semrush.com/bot.html)" "mantech8.com"
185.191.171.43 - - [20/Nov/2022:16:26:46 -0800] "GET /?camp-fire%2F31873430.html HTTP/1.1" 500 - "-" "Mozilla/5.0 (compatible; SemrushBot/7~bl; +http://www.semrush.com/bot.html)" "mantech8.com"
185.191.171.37 - - [20/Nov/2022:16:27:08 -0800] "GET /?camp-fire%2F7786642.html HTTP/1.1" 500 - "-" "Mozilla/5.0 (compatible; SemrushBot/7~bl; +http://www.semrush.com/bot.html)" "mantech8.com"
185.191.171.6 - - [20/Nov/2022:16:27:20 -0800] "GET /robots.txt HTTP/1.1" 200 106 "-" "Mozilla/5.0 (compatible; SemrushBot/7~bl; +http://www.semrush.com/bot.html)" "www.mantech8.com"
185.191.171.9 - - [20/Nov/2022:16:27:30 -0800] "GET /bimages/cert/ HTTP/1.1" 200 530 "-" "Mozilla/5.0 (compatible; SemrushBot/7~bl; +http://www.semrush.com/bot.html)" "www.mantech8.com"
185.191.171.12 - - [20/Nov/2022:16:27:46 -0800] "GET /?camp-fire%2F34571016.html HTTP/1.1" 500 - "-" "Mozilla/5.0 (compatible; SemrushBot/7~bl; +http://www.semrush.com/bot.html)" "mantech8.com"
185.191.171.43 - - [20/Nov/2022:16:27:49 -0800] "GET /?camp-fire%2F35152025.html HTTP/1.1" 500 - "-" "Mozilla/5.0 (compatible; SemrushBot/7~bl; +http://www.semrush.com/bot.html)" "mantech8.com"
185.191.171.21 - - [20/Nov/2022:16:28:02 -0800] "GET /?camp-fire%2F7077000.html HTTP/1.1" 500 - "-" "Mozilla/5.0 (compatible; SemrushBot/7~bl; +http://www.semrush.com/bot.html)" "mantech8.com"
185.191.171.11 - - [20/Nov/2022:16:28:10 -0800] "GET /?camp-fire%2F5441677.html HTTP/1.1" 500 - "-" "Mozilla/5.0 (compatible; SemrushBot/7~bl; +http://www.semrush.com/bot.html)" "mantech8.com"
207.46.13.177 - - [20/Nov/2022:16:28:30 -0800] "GET /?/?hl=ja&gl=jp HTTP/1.1" 200 61411 "-" "Mozilla/5.0 AppleWebKit/537.36 (KHTML, like Gecko; compatible; bingbot/2.0; +http://www.bing.com/bingbot.htm) Chrome/103.0.5060.134 Safari/537.36" "mantech8.com"
207.46.13.177 - - [20/Nov/2022:16:28:38 -0800] "GET /bimages/vision/group.jpg HTTP/1.1" 200 104594 "-" "Mozilla/5.0 (compatible; bingbot/2.0; +http://www.bing.com/bingbot.htm)" "www.mantech8.com"
185.191.171.17 - - [20/Nov/2022:16:29:20 -0800] "GET /?camp-fire%2F32970709.html HTTP/1.1" 500 - "-" "Mozilla/5.0 (compatible; SemrushBot/7~bl; +http://www.semrush.com/bot.html)" "mantech8.com"
185.191.171.25 - - [20/Nov/2022:16:29:35 -0800] "GET /bimages/service/thump/ HTTP/1.1" 200 539 "-" "Mozilla/5.0 (compatible; SemrushBot/7~bl; +http://www.semrush.com/bot.html)" "www.mantech8.com"
185.191.171.41 - - [20/Nov/2022:16:29:42 -0800] "GET /?camp-fire%2F33583480.html HTTP/1.1" 500 - "-" "Mozilla/5.0 (compatible; SemrushBot/7~bl; +http://www.semrush.com/bot.html)" "mantech8.com"
185.191.171.4 - - [20/Nov/2022:16:30:09 -0800] "GET /?camp-fire%2F33473568.html HTTP/1.1" 500 - "-" "Mozilla/5.0 (compatible; SemrushBot/7~bl; +http://www.semrush.com/bot.html)" "mantech8.com"
185.191.171.14 - - [20/Nov/2022:16:30:26 -0800] "GET /?camp-fire%2F33638659.html HTTP/1.1" 500 - "-" "Mozilla/5.0 (compatible; SemrushBot/7~bl; +http://www.semrush.com/bot.html)" "mantech8.com"
185.191.171.20 - - [20/Nov/2022:16:30:43 -0800] "GET /?camp-fire%2F6128829.html HTTP/1.1" 500 - "-" "Mozilla/5.0 (compatible; SemrushBot/7~bl; +http://www.semrush.com/bot.html)" "mantech8.com"
185.191.171.21 - - [20/Nov/2022:16:31:04 -0800] "GET /?camp-fire%2F30625455.html HTTP/1.1" 500 - "-" "Mozilla/5.0 (compatible; SemrushBot/7~bl; +http://www.semrush.com/bot.html)" "mantech8.com"
185.191.171.1 - - [20/Nov/2022:16:31:36 -0800] "GET /?camp-fire%2F32487468.html HTTP/1.1" 500 - "-" "Mozilla/5.0 (compatible; SemrushBot/7~bl; +http://www.semrush.com/bot.html)" "mantech8.com"
185.191.171.38 - - [20/Nov/2022:16:31:56 -0800] "GET /?camp-fire%2F32557725.html HTTP/1.1" 500 - "-" "Mozilla/5.0 (compatible; SemrushBot/7~bl; +http://www.semrush.com/bot.html)" "mantech8.com"
207.46.13.177 - - [20/Nov/2022:16:32:40 -0800] "GET /index.php?camp-fire/67902720.html HTTP/1.1" 200 64326 "-" "Mozilla/5.0 AppleWebKit/537.36 (KHTML, like Gecko; compatible; bingbot/2.0; +http://www.bing.com/bingbot.htm) Chrome/103.0.5060.134 Safari/537.36" "www.mantech8.com"
185.191.171.38 - - [20/Nov/2022:16:32:45 -0800] "GET /?camp-fire%2F33536793.html HTTP/1.1" 500 - "-" "Mozilla/5.0 (compatible; SemrushBot/7~bl; +http://www.semrush.com/bot.html)" "mantech8.com"
185.191.171.42 - - [20/Nov/2022:16:33:46 -0800] "GET /?camp-fire%2F8364690.html HTTP/1.1" 500 - "-" "Mozilla/5.0 (compatible; SemrushBot/7~bl; +http://www.semrush.com/bot.html)" "mantech8.com"
185.191.171.18 - - [20/Nov/2022:16:34:09 -0800] "GET /?camp-fire%2F26497726.html HTTP/1.1" 500 - "-" "Mozilla/5.0 (compatible; SemrushBot/7~bl; +http://www.semrush.com/bot.html)" "mantech8.com"
185.191.171.10 - - [20/Nov/2022:16:34:10 -0800] "GET /?camp-fire%2F34000393.html HTTP/1.1" 500 - "-" "Mozilla/5.0 (compatible; SemrushBot/7~bl; +http://www.semrush.com/bot.html)" "mantech8.com"
185.191.171.34 - - [20/Nov/2022:16:34:15 -0800] "GET /?camp-fire%2F5393085.html HTTP/1.1" 500 - "-" "Mozilla/5.0 (compatible; SemrushBot/7~bl; +http://www.semrush.com/bot.html)" "mantech8.com"
114.119.133.190 - - [20/Nov/2022:16:34:25 -0800] "GET /bimages/tank/ HTTP/1.1" 200 411 "http://www.mantech8.com/bimages/?C=M%3BO%3DA" "Mozilla/5.0 (Linux; Android 7.0;) AppleWebKit/537.36 (KHTML, like Gecko) Mobile Safari/537.36 (compatible; PetalBot;+https://webmaster.petalsearch.com/site/petalbot)" "www.mantech8.com"
207.46.13.177 - - [20/Nov/2022:16:34:40 -0800] "GET / HTTP/1.1" 200 64735 "-" "Mozilla/5.0 AppleWebKit/537.36 (KHTML, like Gecko; compatible; bingbot/2.0; +http://www.bing.com/bingbot.htm) Chrome/103.0.5060.134 Safari/537.36" "www.mantech8.com"
185.191.171.9 - - [20/Nov/2022:16:34:48 -0800] "GET /?camp-fire%2F6248255.html HTTP/1.1" 500 - "-" "Mozilla/5.0 (compatible; SemrushBot/7~bl; +http://www.semrush.com/bot.html)" "mantech8.com"
185.191.171.23 - - [20/Nov/2022:16:34:50 -0800] "GET /?camp-fire%2F28635109.html HTTP/1.1" 500 - "-" "Mozilla/5.0 (compatible; SemrushBot/7~bl; +http://www.semrush.com/bot.html)" "mantech8.com"
185.191.171.24 - - [20/Nov/2022:16:34:54 -0800] "GET /?camp-fire%2F27321397.html HTTP/1.1" 500 - "-" "Mozilla/5.0 (compatible; SemrushBot/7~bl; +http://www.semrush.com/bot.html)" "mantech8.com"
185.191.171.21 - - [20/Nov/2022:16:34:55 -0800] "GET /?camp-fire%2F24672030.html HTTP/1.1" 500 - "-" "Mozilla/5.0 (compatible; SemrushBot/7~bl; +http://www.semrush.com/bot.html)" "mantech8.com"
185.191.171.42 - - [20/Nov/2022:16:36:42 -0800] "GET /bimages/cleang/?C=D%3BO%3DA HTTP/1.1" 200 505 "-" "Mozilla/5.0 (compatible; SemrushBot/7~bl; +http://www.semrush.com/bot.html)" "www.mantech8.com"
185.191.171.33 - - [20/Nov/2022:16:37:29 -0800] "GET /?camp-fire%2F7633008.html HTTP/1.1" 500 - "-" "Mozilla/5.0 (compatible; SemrushBot/7~bl; +http://www.semrush.com/bot.html)" "mantech8.com"
185.191.171.11 - - [20/Nov/2022:16:37:47 -0800] "GET /?camp-fire%2F34519309.html HTTP/1.1" 500 - "-" "Mozilla/5.0 (compatible; SemrushBot/7~bl; +http://www.semrush.com/bot.html)" "mantech8.com"
185.191.171.10 - - [20/Nov/2022:16:37:58 -0800] "GET /bimages/cleang/ HTTP/1.1" 200 505 "-" "Mozilla/5.0 (compatible; SemrushBot/7~bl; +http://www.semrush.com/bot.html)" "www.mantech8.com"
185.191.171.38 - - [20/Nov/2022:16:38:34 -0800] "GET /?camp-fire%2F7283380.html HTTP/1.1" 500 - "-" "Mozilla/5.0 (compatible; SemrushBot/7~bl; +http://www.semrush.com/bot.html)" "mantech8.com"
185.191.171.20 - - [20/Nov/2022:16:38:49 -0800] "GET /?camp-fire%2F27311151.html HTTP/1.1" 500 - "-" "Mozilla/5.0 (compatible; SemrushBot/7~bl; +http://www.semrush.com/bot.html)" "mantech8.com"
185.191.171.26 - - [20/Nov/2022:16:38:54 -0800] "GET /?camp-fire%2F23611206.html HTTP/1.1" 500 - "-" "Mozilla/5.0 (compatible; SemrushBot/7~bl; +http://www.semrush.com/bot.html)" "mantech8.com"
185.191.171.11 - - [20/Nov/2022:16:39:02 -0800] "GET /?camp-fire%2F27390976.html HTTP/1.1" 500 - "-" "Mozilla/5.0 (compatible; SemrushBot/7~bl; +http://www.semrush.com/bot.html)" "mantech8.com"
185.191.171.9 - - [20/Nov/2022:16:39:06 -0800] "GET /?camp-fire%2F28235670.html HTTP/1.1" 500 - "-" "Mozilla/5.0 (compatible; SemrushBot/7~bl; +http://www.semrush.com/bot.html)" "mantech8.com"
185.191.171.22 - - [20/Nov/2022:16:39:17 -0800] "GET /?camp-fire%2F20583296.html HTTP/1.1" 500 - "-" "Mozilla/5.0 (compatible; SemrushBot/7~bl; +http://www.semrush.com/bot.html)" "mantech8.com"
185.191.171.18 - - [20/Nov/2022:16:39:32 -0800] "GET /?camp-fire%2F25827606.html HTTP/1.1" 500 - "-" "Mozilla/5.0 (compatible; SemrushBot/7~bl; +http://www.semrush.com/bot.html)" "mantech8.com"
185.191.171.44 - - [20/Nov/2022:16:40:10 -0800] "GET /bimages/hgallery/thump/black2llleaf.php HTTP/1.1" 200 32 "-" "Mozilla/5.0 (compatible; SemrushBot/7~bl; +http://www.semrush.com/bot.html)" "www.mantech8.com"
185.191.171.9 - - [20/Nov/2022:16:40:12 -0800] "GET /?camp-fire%2F33905408.html HTTP/1.1" 500 - "-" "Mozilla/5.0 (compatible; SemrushBot/7~bl; +http://www.semrush.com/bot.html)" "mantech8.com"
207.46.13.177 - - [20/Nov/2022:16:40:39 -0800] "GET /txf8-0807efbfa-ApIWd.Ii HTTP/1.1" 404 88 "-" "Mozilla/5.0 (compatible; bingbot/2.0; +http://www.bing.com/bingbot.htm)" "www.mantech8.com"
207.46.13.177 - - [20/Nov/2022:16:40:59 -0800] "GET /txf8-0807efbfa-ApIWd.Ii HTTP/1.1" 404 88 "-" "Mozilla/5.0 (compatible; bingbot/2.0; +http://www.bing.com/bingbot.htm)" "www.mantech8.com"
185.191.171.11 - - [20/Nov/2022:16:41:07 -0800] "GET /?camp-fire%2F5314196.html HTTP/1.1" 500 - "-" "Mozilla/5.0 (compatible; SemrushBot/7~bl; +http://www.semrush.com/bot.html)" "mantech8.com"
185.191.171.7 - - [20/Nov/2022:16:41:18 -0800] "GET /?camp-fire%2F30649026.html HTTP/1.1" 500 - "-" "Mozilla/5.0 (compatible; SemrushBot/7~bl; +http://www.semrush.com/bot.html)" "mantech8.com"
185.191.171.39 - - [20/Nov/2022:16:42:25 -0800] "GET /?camp-fire%2F24598630.html HTTP/1.1" 500 - "-" "Mozilla/5.0 (compatible; SemrushBot/7~bl; +http://www.semrush.com/bot.html)" "mantech8.com"
185.191.171.2 - - [20/Nov/2022:16:42:47 -0800] "GET /?camp-fire%2F28391935.html HTTP/1.1" 500 - "-" "Mozilla/5.0 (compatible; SemrushBot/7~bl; +http://www.semrush.com/bot.html)" "mantech8.com"
103.233.83.81 - - [20/Nov/2022:16:42:59 -0800] "GET /index.php?link_url=l2022 HTTP/1.1" 200 206 "-" "Mozilla/5.0 (compatible; MSIE 9.0; Windows NT 6.1; WOW64; Trident/5.0)" "mantech8.com"
103.233.83.81 - - [20/Nov/2022:16:42:59 -0800] "GET /index.php HTTP/1.1" 200 829 "https://www.google.co.jp/" "Mozilla/5.0 (compatible; MSIE 9.0; Windows NT 6.1; WOW64; Trident/5.0)" "mantech8.com"
185.191.171.15 - - [20/Nov/2022:16:43:09 -0800] "GET /?camp-fire%2F4915774.html HTTP/1.1" 500 - "-" "Mozilla/5.0 (compatible; SemrushBot/7~bl; +http://www.semrush.com/bot.html)" "mantech8.com"
185.191.171.5 - - [20/Nov/2022:16:43:11 -0800] "GET /?camp-fire%2F4721598.html HTTP/1.1" 500 - "-" "Mozilla/5.0 (compatible; SemrushBot/7~bl; +http://www.semrush.com/bot.html)" "mantech8.com"
185.191.171.8 - - [20/Nov/2022:16:43:13 -0800] "GET /?camp-fire%2F4793155.html HTTP/1.1" 500 - "-" "Mozilla/5.0 (compatible; SemrushBot/7~bl; +http://www.semrush.com/bot.html)" "mantech8.com"
114.119.133.166 - - [20/Nov/2022:16:43:15 -0800] "GET /?umbilic.xml HTTP/1.1" 200 270469 "-" "Mozilla/5.0 (Linux; Android 7.0;) AppleWebKit/537.36 (KHTML, like Gecko) Mobile Safari/537.36 (compatible; PetalBot;+https://webmaster.petalsearch.com/site/petalbot)" "mantech8.com"
185.191.171.4 - - [20/Nov/2022:16:43:41 -0800] "GET /?camp-fire%2F34568759.html HTTP/1.1" 500 - "-" "Mozilla/5.0 (compatible; SemrushBot/7~bl; +http://www.semrush.com/bot.html)" "mantech8.com"
185.191.171.38 - - [20/Nov/2022:16:45:34 -0800] "GET /?camp-fire%2F34321008.html HTTP/1.1" 500 - "-" "Mozilla/5.0 (compatible; SemrushBot/7~bl; +http://www.semrush.com/bot.html)" "mantech8.com"
185.191.171.2 - - [20/Nov/2022:16:45:56 -0800] "GET /?camp-fire%2F23696300.html HTTP/1.1" 500 - "-" "Mozilla/5.0 (compatible; SemrushBot/7~bl; +http://www.semrush.com/bot.html)" "mantech8.com"
185.191.171.19 - - [20/Nov/2022:16:46:01 -0800] "GET /?camp-fire%2F7755521.html HTTP/1.1" 500 - "-" "Mozilla/5.0 (compatible; SemrushBot/7~bl; +http://www.semrush.com/bot.html)" "mantech8.com"
185.191.171.20 - - [20/Nov/2022:16:46:25 -0800] "GET /?camp-fire%2F7824280.html HTTP/1.1" 500 - "-" "Mozilla/5.0 (compatible; SemrushBot/7~bl; +http://www.semrush.com/bot.html)" "mantech8.com"
185.191.171.10 - - [20/Nov/2022:16:46:28 -0800] "GET /bimages/headg/thump/?C=D%3BO%3DA HTTP/1.1" 200 484 "-" "Mozilla/5.0 (compatible; SemrushBot/7~bl; +http://www.semrush.com/bot.html)" "www.mantech8.com"
185.191.171.18 - - [20/Nov/2022:16:46:43 -0800] "GET /?camp-fire%2F6273177.html HTTP/1.1" 500 - "-" "Mozilla/5.0 (compatible; SemrushBot/7~bl; +http://www.semrush.com/bot.html)" "mantech8.com"
185.191.171.24 - - [20/Nov/2022:16:47:20 -0800] "GET /?camp-fire%2F32781459.html HTTP/1.1" 500 - "-" "Mozilla/5.0 (compatible; SemrushBot/7~bl; +http://www.semrush.com/bot.html)" "mantech8.com"
185.191.171.5 - - [20/Nov/2022:16:47:37 -0800] "GET /?camp-fire%2F34239751.html HTTP/1.1" 500 - "-" "Mozilla/5.0 (compatible; SemrushBot/7~bl; +http://www.semrush.com/bot.html)" "mantech8.com"
185.191.171.33 - - [20/Nov/2022:16:47:48 -0800] "GET /?camp-fire%2F29539889.html HTTP/1.1" 500 - "-" "Mozilla/5.0 (compatible; SemrushBot/7~bl; +http://www.semrush.com/bot.html)" "mantech8.com"
185.191.171.19 - - [20/Nov/2022:16:48:31 -0800] "GET /?camp-fire%2F34357716.html HTTP/1.1" 500 - "-" "Mozilla/5.0 (compatible; SemrushBot/7~bl; +http://www.semrush.com/bot.html)" "mantech8.com"
185.191.171.6 - - [20/Nov/2022:16:48:44 -0800] "GET /?camp-fire%2F33674508.html HTTP/1.1" 500 - "-" "Mozilla/5.0 (compatible; SemrushBot/7~bl; +http://www.semrush.com/bot.html)" "mantech8.com"
185.191.171.19 - - [20/Nov/2022:16:48:45 -0800] "GET /?camp-fire%2F5502255.html HTTP/1.1" 500 - "-" "Mozilla/5.0 (compatible; SemrushBot/7~bl; +http://www.semrush.com/bot.html)" "mantech8.com"
185.191.171.26 - - [20/Nov/2022:16:48:51 -0800] "GET /?camp-fire%2F28041659.html HTTP/1.1" 500 - "-" "Mozilla/5.0 (compatible; SemrushBot/7~bl; +http://www.semrush.com/bot.html)" "mantech8.com"
185.191.171.21 - - [20/Nov/2022:16:48:57 -0800] "GET /?camp-fire%2F34367093.html HTTP/1.1" 500 - "-" "Mozilla/5.0 (compatible; SemrushBot/7~bl; +http://www.semrush.com/bot.html)" "mantech8.com"
185.191.171.23 - - [20/Nov/2022:16:49:25 -0800] "GET /bimages/himage/?C=M%3BO%3DA HTTP/1.1" 200 443 "-" "Mozilla/5.0 (compatible; SemrushBot/7~bl; +http://www.semrush.com/bot.html)" "www.mantech8.com"
185.191.171.38 - - [20/Nov/2022:16:49:33 -0800] "GET /?camp-fire%2F35085959.html HTTP/1.1" 500 - "-" "Mozilla/5.0 (compatible; SemrushBot/7~bl; +http://www.semrush.com/bot.html)" "mantech8.com"
185.191.171.13 - - [20/Nov/2022:16:50:18 -0800] "GET /?camp-fire%2F5976655.html HTTP/1.1" 500 - "-" "Mozilla/5.0 (compatible; SemrushBot/7~bl; +http://www.semrush.com/bot.html)" "mantech8.com"
185.191.171.8 - - [20/Nov/2022:16:50:35 -0800] "GET /?camp-fire%2F34406816.html HTTP/1.1" 500 - "-" "Mozilla/5.0 (compatible; SemrushBot/7~bl; +http://www.semrush.com/bot.html)" "mantech8.com"
185.191.171.26 - - [20/Nov/2022:16:51:28 -0800] "GET /bimages/vision/?C=D%3BO%3DA HTTP/1.1" 200 421 "-" "Mozilla/5.0 (compatible; SemrushBot/7~bl; +http://www.semrush.com/bot.html)" "www.mantech8.com"
185.191.171.23 - - [20/Nov/2022:16:52:47 -0800] "GET /?camp-fire%2F28643797.html HTTP/1.1" 500 - "-" "Mozilla/5.0 (compatible; SemrushBot/7~bl; +http://www.semrush.com/bot.html)" "mantech8.com"
185.191.171.19 - - [20/Nov/2022:16:53:04 -0800] "GET /?camp-fire%2F32567068.html HTTP/1.1" 500 - "-" "Mozilla/5.0 (compatible; SemrushBot/7~bl; +http://www.semrush.com/bot.html)" "mantech8.com"
185.191.171.10 - - [20/Nov/2022:16:53:54 -0800] "GET /?camp-fire%2F27119163.html HTTP/1.1" 500 - "-" "Mozilla/5.0 (compatible; SemrushBot/7~bl; +http://www.semrush.com/bot.html)" "mantech8.com"
185.191.171.16 - - [20/Nov/2022:16:54:05 -0800] "GET /?camp-fire%2F33304465.html HTTP/1.1" 500 - "-" "Mozilla/5.0 (compatible; SemrushBot/7~bl; +http://www.semrush.com/bot.html)" "mantech8.com"
185.191.171.12 - - [20/Nov/2022:16:54:10 -0800] "GET /?camp-fire%2F5038865.html HTTP/1.1" 500 - "-" "Mozilla/5.0 (compatible; SemrushBot/7~bl; +http://www.semrush.com/bot.html)" "mantech8.com"
185.191.171.1 - - [20/Nov/2022:16:54:34 -0800] "GET /?camp-fire%2F26812424.html HTTP/1.1" 500 - "-" "Mozilla/5.0 (compatible; SemrushBot/7~bl; +http://www.semrush.com/bot.html)" "mantech8.com"
185.191.171.8 - - [20/Nov/2022:16:54:46 -0800] "GET /?camp-fire%2F32920576.html HTTP/1.1" 500 - "-" "Mozilla/5.0 (compatible; SemrushBot/7~bl; +http://www.semrush.com/bot.html)" "mantech8.com"
185.191.171.15 - - [20/Nov/2022:16:54:47 -0800] "GET /bimages/scafg/?C=S%3BO%3DA HTTP/1.1" 200 555 "-" "Mozilla/5.0 (compatible; SemrushBot/7~bl; +http://www.semrush.com/bot.html)" "www.mantech8.com"
114.119.133.182 - - [20/Nov/2022:16:54:50 -0800] "GET /bimages/gallery/thump/?C=N%3BO%3DD HTTP/1.1" 200 1142 "http://www.mantech8.com/bimages/gallery/thump/" "Mozilla/5.0 (Linux; Android 7.0;) AppleWebKit/537.36 (KHTML, like Gecko) Mobile Safari/537.36 (compatible; PetalBot;+https://webmaster.petalsearch.com/site/petalbot)" "www.mantech8.com"
185.191.171.45 - - [20/Nov/2022:16:55:09 -0800] "GET /?camp-fire%2F34417593.html HTTP/1.1" 500 - "-" "Mozilla/5.0 (compatible; SemrushBot/7~bl; +http://www.semrush.com/bot.html)" "mantech8.com"
185.191.171.39 - - [20/Nov/2022:16:55:28 -0800] "GET /bimages/hgallery/?C=S%3BO%3DA HTTP/1.1" 200 499 "-" "Mozilla/5.0 (compatible; SemrushBot/7~bl; +http://www.semrush.com/bot.html)" "www.mantech8.com"
185.191.171.13 - - [20/Nov/2022:16:55:33 -0800] "GET /?camp-fire%2F23915476.html HTTP/1.1" 500 - "-" "Mozilla/5.0 (compatible; SemrushBot/7~bl; +http://www.semrush.com/bot.html)" "mantech8.com"
185.191.171.24 - - [20/Nov/2022:16:55:59 -0800] "GET /?camp-fire%2F34012785.html HTTP/1.1" 500 - "-" "Mozilla/5.0 (compatible; SemrushBot/7~bl; +http://www.semrush.com/bot.html)" "mantech8.com"
185.191.171.15 - - [20/Nov/2022:16:57:10 -0800] "GET /bimages/elect/?C=N%3BO%3DD HTTP/1.1" 200 417 "-" "Mozilla/5.0 (compatible; SemrushBot/7~bl; +http://www.semrush.com/bot.html)" "www.mantech8.com"
185.191.171.13 - - [20/Nov/2022:16:57:13 -0800] "GET /?camp-fire%2F7120853.html HTTP/1.1" 500 - "-" "Mozilla/5.0 (compatible; SemrushBot/7~bl; +http://www.semrush.com/bot.html)" "mantech8.com"
185.191.171.42 - - [20/Nov/2022:16:57:26 -0800] "GET /?camp-fire%2F33633359.html HTTP/1.1" 500 - "-" "Mozilla/5.0 (compatible; SemrushBot/7~bl; +http://www.semrush.com/bot.html)" "mantech8.com"
185.191.171.11 - - [20/Nov/2022:16:58:32 -0800] "GET /?camp-fire%2F34104516.html HTTP/1.1" 500 - "-" "Mozilla/5.0 (compatible; SemrushBot/7~bl; +http://www.semrush.com/bot.html)" "mantech8.com"
66.249.66.64 - - [20/Nov/2022:16:58:35 -0800] "GET /sitemapimages1438.xml HTTP/1.1" 404 88 "-" "Mozilla/5.0 (compatible; Googlebot/2.1; +http://www.google.com/bot.html)" "mantech8.com"
185.191.171.18 - - [20/Nov/2022:16:58:37 -0800] "GET /?camp-fire%2F34721408.html HTTP/1.1" 500 - "-" "Mozilla/5.0 (compatible; SemrushBot/7~bl; +http://www.semrush.com/bot.html)" "mantech8.com"
185.191.171.22 - - [20/Nov/2022:16:59:04 -0800] "GET /?camp-fire%2F34570216.html HTTP/1.1" 500 - "-" "Mozilla/5.0 (compatible; SemrushBot/7~bl; +http://www.semrush.com/bot.html)" "mantech8.com"
185.191.171.18 - - [20/Nov/2022:16:59:14 -0800] "GET /?camp-fire%2F27270670.html HTTP/1.1" 500 - "-" "Mozilla/5.0 (compatible; SemrushBot/7~bl; +http://www.semrush.com/bot.html)" "mantech8.com"
185.191.171.6 - - [20/Nov/2022:17:00:06 -0800] "GET /?camp-fire%2F3866274.html HTTP/1.1" 500 - "-" "Mozilla/5.0 (compatible; SemrushBot/7~bl; +http://www.semrush.com/bot.html)" "mantech8.com"
185.191.171.1 - - [20/Nov/2022:17:00:09 -0800] "GET /?camp-fire%2F4514998.html HTTP/1.1" 500 - "-" "Mozilla/5.0 (compatible; SemrushBot/7~bl; +http://www.semrush.com/bot.html)" "mantech8.com"
185.191.171.35 - - [20/Nov/2022:17:00:10 -0800] "GET /?camp-fire%2F7117698.html HTTP/1.1" 500 - "-" "Mozilla/5.0 (compatible; SemrushBot/7~bl; +http://www.semrush.com/bot.html)" "mantech8.com"
185.191.171.43 - - [20/Nov/2022:17:00:11 -0800] "GET /?camp-fire%2F31804165.html HTTP/1.1" 500 - "-" "Mozilla/5.0 (compatible; SemrushBot/7~bl; +http://www.semrush.com/bot.html)" "mantech8.com"
216.244.66.241 - - [20/Nov/2022:17:00:30 -0800] "GET /robots.txt HTTP/1.1" 200 222 "-" "Mozilla/5.0 (compatible; DotBot/1.2; +https://opensiteexplorer.org/dotbot; help@moz.com)" "mantech8.com"
216.244.66.241 - - [20/Nov/2022:17:00:30 -0800] "GET /robots.txt HTTP/1.1" 200 222 "-" "Mozilla/5.0 (compatible; DotBot/1.2; +https://opensiteexplorer.org/dotbot; help@moz.com)" "www.mantech8.com"
185.191.171.26 - - [20/Nov/2022:17:00:53 -0800] "GET /?camp-fire%2F7604621.html HTTP/1.1" 500 - "-" "Mozilla/5.0 (compatible; SemrushBot/7~bl; +http://www.semrush.com/bot.html)" "mantech8.com"
185.191.171.45 - - [20/Nov/2022:17:01:04 -0800] "GET /?camp-fire%2F8690278.html HTTP/1.1" 500 - "-" "Mozilla/5.0 (compatible; SemrushBot/7~bl; +http://www.semrush.com/bot.html)" "mantech8.com"
185.191.171.23 - - [20/Nov/2022:17:01:15 -0800] "GET /?camp-fire%2F28028363.html HTTP/1.1" 500 - "-" "Mozilla/5.0 (compatible; SemrushBot/7~bl; +http://www.semrush.com/bot.html)" "mantech8.com"
185.191.171.23 - - [20/Nov/2022:17:01:17 -0800] "GET /?camp-fire%2F35043125.html HTTP/1.1" 500 - "-" "Mozilla/5.0 (compatible; SemrushBot/7~bl; +http://www.semrush.com/bot.html)" "mantech8.com"
185.191.171.37 - - [20/Nov/2022:17:01:19 -0800] "GET /?camp-fire%2F28826509.html HTTP/1.1" 500 - "-" "Mozilla/5.0 (compatible; SemrushBot/7~bl; +http://www.semrush.com/bot.html)" "mantech8.com"
185.191.171.37 - - [20/Nov/2022:17:01:26 -0800] "GET /bimages/headg/thump/?C=N%3BO%3DD HTTP/1.1" 200 484 "-" "Mozilla/5.0 (compatible; SemrushBot/7~bl; +http://www.semrush.com/bot.html)" "www.mantech8.com"
185.191.171.40 - - [20/Nov/2022:17:01:42 -0800] "GET /?camp-fire%2F28812466.html HTTP/1.1" 500 - "-" "Mozilla/5.0 (compatible; SemrushBot/7~bl; +http://www.semrush.com/bot.html)" "mantech8.com"
185.191.171.8 - - [20/Nov/2022:17:02:18 -0800] "GET /?camp-fire%2F25862683.html HTTP/1.1" 500 - "-" "Mozilla/5.0 (compatible; SemrushBot/7~bl; +http://www.semrush.com/bot.html)" "mantech8.com"
185.191.171.11 - - [20/Nov/2022:17:02:35 -0800] "GET /?camp-fire%2F1244529.html HTTP/1.1" 500 - "-" "Mozilla/5.0 (compatible; SemrushBot/7~bl; +http://www.semrush.com/bot.html)" "mantech8.com"
185.191.171.22 - - [20/Nov/2022:17:03:34 -0800] "GET /?camp-fire%2F8115978.html HTTP/1.1" 500 - "-" "Mozilla/5.0 (compatible; SemrushBot/7~bl; +http://www.semrush.com/bot.html)" "mantech8.com"
104.254.92.190 - - [20/Nov/2022:17:04:07 -0800] "GET /contact.php HTTP/1.1" 200 29238 "http://mantech8.com" "Mozilla/5.0 (Windows NT 10.0; Win64; x64) AppleWebKit/537.36 (KHTML, like Gecko) Chrome/62.0.3202.94 Safari/537.36" "mantech8.com"
104.254.92.190 - - [20/Nov/2022:17:04:12 -0800] "POST /mailer.php HTTP/1.1" 500 - "http://mantech8.com" "Mozilla/5.0 (Windows NT 10.0; Win64; x64) AppleWebKit/537.36 (KHTML, like Gecko) Chrome/62.0.3202.94 Safari/537.36" "mantech8.com"
185.191.171.3 - - [20/Nov/2022:17:05:06 -0800] "GET /?camp-fire%2F32483760.html HTTP/1.1" 500 - "-" "Mozilla/5.0 (compatible; SemrushBot/7~bl; +http://www.semrush.com/bot.html)" "mantech8.com"
185.191.171.1 - - [20/Nov/2022:17:05:38 -0800] "GET /?camp-fire%2F9087808.html HTTP/1.1" 500 - "-" "Mozilla/5.0 (compatible; SemrushBot/7~bl; +http://www.semrush.com/bot.html)" "mantech8.com"
185.191.171.11 - - [20/Nov/2022:17:06:05 -0800] "GET /?camp-fire%2F6032285.html HTTP/1.1" 500 - "-" "Mozilla/5.0 (compatible; SemrushBot/7~bl; +http://www.semrush.com/bot.html)" "mantech8.com"
185.191.171.13 - - [20/Nov/2022:17:06:20 -0800] "GET /bimages/service/thump/?C=D%3BO%3DA HTTP/1.1" 200 539 "-" "Mozilla/5.0 (compatible; SemrushBot/7~bl; +http://www.semrush.com/bot.html)" "www.mantech8.com"
185.191.171.6 - - [20/Nov/2022:17:06:28 -0800] "GET /robots.txt HTTP/1.1" 200 106 "-" "Mozilla/5.0 (compatible; SemrushBot/7~bl; +http://www.semrush.com/bot.html)" "mantech8.com"
185.191.171.14 - - [20/Nov/2022:17:06:28 -0800] "GET /?camp-fire%2F33521293.html HTTP/1.1" 500 - "-" "Mozilla/5.0 (compatible; SemrushBot/7~bl; +http://www.semrush.com/bot.html)" "mantech8.com"
185.191.171.5 - - [20/Nov/2022:17:06:31 -0800] "GET /?camp-fire%2F28828889.html HTTP/1.1" 500 - "-" "Mozilla/5.0 (compatible; SemrushBot/7~bl; +http://www.semrush.com/bot.html)" "mantech8.com"
185.191.171.14 - - [20/Nov/2022:17:06:39 -0800] "GET /?camp-fire%2F34382608.html HTTP/1.1" 500 - "-" "Mozilla/5.0 (compatible; SemrushBot/7~bl; +http://www.semrush.com/bot.html)" "mantech8.com"
185.191.171.23 - - [20/Nov/2022:17:06:50 -0800] "GET /?camp-fire%2F30794987.html HTTP/1.1" 500 - "-" "Mozilla/5.0 (compatible; SemrushBot/7~bl; +http://www.semrush.com/bot.html)" "mantech8.com"
185.191.171.8 - - [20/Nov/2022:17:07:01 -0800] "GET /?camp-fire%2F7267980.html HTTP/1.1" 500 - "-" "Mozilla/5.0 (compatible; SemrushBot/7~bl; +http://www.semrush.com/bot.html)" "mantech8.com"
114.119.133.166 - - [20/Nov/2022:17:07:35 -0800] "GET /?sitemap8.xml HTTP/1.1" 200 270760 "-" "Mozilla/5.0 (Linux; Android 7.0;) AppleWebKit/537.36 (KHTML, like Gecko) Mobile Safari/537.36 (compatible; PetalBot;+https://webmaster.petalsearch.com/site/petalbot)" "mantech8.com"
185.191.171.16 - - [20/Nov/2022:17:08:06 -0800] "GET /?camp-fire%2F32004230.html HTTP/1.1" 500 - "-" "Mozilla/5.0 (compatible; SemrushBot/7~bl; +http://www.semrush.com/bot.html)" "mantech8.com"
66.249.66.66 - - [20/Nov/2022:17:08:27 -0800] "GET /sitemapimages10015.xml HTTP/1.1" 404 88 "-" "Mozilla/5.0 (compatible; Googlebot/2.1; +http://www.google.com/bot.html)" "mantech8.com"
185.191.171.5 - - [20/Nov/2022:17:08:35 -0800] "GET /?camp-fire%2F33760380.html HTTP/1.1" 500 - "-" "Mozilla/5.0 (compatible; SemrushBot/7~bl; +http://www.semrush.com/bot.html)" "mantech8.com"
185.191.171.9 - - [20/Nov/2022:17:08:55 -0800] "GET /?camp-fire%2F7749121.html HTTP/1.1" 500 - "-" "Mozilla/5.0 (compatible; SemrushBot/7~bl; +http://www.semrush.com/bot.html)" "mantech8.com"
185.191.171.22 - - [20/Nov/2022:17:08:57 -0800] "GET /?camp-fire%2F33891708.html HTTP/1.1" 500 - "-" "Mozilla/5.0 (compatible; SemrushBot/7~bl; +http://www.semrush.com/bot.html)" "mantech8.com"
185.191.171.45 - - [20/Nov/2022:17:09:15 -0800] "GET /bimages/paintg/thump/?C=M%3BO%3DA HTTP/1.1" 200 483 "-" "Mozilla/5.0 (compatible; SemrushBot/7~bl; +http://www.semrush.com/bot.html)" "www.mantech8.com"
185.191.171.35 - - [20/Nov/2022:17:09:52 -0800] "GET /?camp-fire%2F33179716.html HTTP/1.1" 500 - "-" "Mozilla/5.0 (compatible; SemrushBot/7~bl; +http://www.semrush.com/bot.html)" "mantech8.com"
185.191.171.26 - - [20/Nov/2022:17:11:03 -0800] "GET /?camp-fire%2F26591024.html HTTP/1.1" 500 - "-" "Mozilla/5.0 (compatible; SemrushBot/7~bl; +http://www.semrush.com/bot.html)" "mantech8.com"
185.191.171.4 - - [20/Nov/2022:17:11:12 -0800] "GET /?camp-fire%2F22348046.html HTTP/1.1" 500 - "-" "Mozilla/5.0 (compatible; SemrushBot/7~bl; +http://www.semrush.com/bot.html)" "mantech8.com"
185.191.171.2 - - [20/Nov/2022:17:11:43 -0800] "GET /?camp-fire%2F31571955.html HTTP/1.1" 500 - "-" "Mozilla/5.0 (compatible; SemrushBot/7~bl; +http://www.semrush.com/bot.html)" "mantech8.com"
185.191.171.20 - - [20/Nov/2022:17:12:05 -0800] "GET /?camp-fire%2F7373680.html HTTP/1.1" 500 - "-" "Mozilla/5.0 (compatible; SemrushBot/7~bl; +http://www.semrush.com/bot.html)" "mantech8.com"
185.191.171.45 - - [20/Nov/2022:17:12:10 -0800] "GET /?camp-fire%2F27164382.html HTTP/1.1" 500 - "-" "Mozilla/5.0 (compatible; SemrushBot/7~bl; +http://www.semrush.com/bot.html)" "mantech8.com"
185.191.171.2 - - [20/Nov/2022:17:12:44 -0800] "GET /?camp-fire%2F28840666.html HTTP/1.1" 500 - "-" "Mozilla/5.0 (compatible; SemrushBot/7~bl; +http://www.semrush.com/bot.html)" "mantech8.com"
185.191.171.33 - - [20/Nov/2022:17:12:59 -0800] "GET /?camp-fire%2F34187489.html HTTP/1.1" 500 - "-" "Mozilla/5.0 (compatible; SemrushBot/7~bl; +http://www.semrush.com/bot.html)" "mantech8.com"
185.191.171.45 - - [20/Nov/2022:17:13:01 -0800] "GET /?camp-fire%2F33606159.html HTTP/1.1" 500 - "-" "Mozilla/5.0 (compatible; SemrushBot/7~bl; +http://www.semrush.com/bot.html)" "mantech8.com"
185.191.171.2 - - [20/Nov/2022:17:13:03 -0800] "GET /?camp-fire%2F30940251.html HTTP/1.1" 500 - "-" "Mozilla/5.0 (compatible; SemrushBot/7~bl; +http://www.semrush.com/bot.html)" "mantech8.com"
185.191.171.9 - - [20/Nov/2022:17:13:05 -0800] "GET /?camp-fire%2F4762855.html HTTP/1.1" 500 - "-" "Mozilla/5.0 (compatible; SemrushBot/7~bl; +http://www.semrush.com/bot.html)" "mantech8.com"
185.191.171.45 - - [20/Nov/2022:17:13:45 -0800] "GET /?camp-fire%2F28620017.html HTTP/1.1" 500 - "-" "Mozilla/5.0 (compatible; SemrushBot/7~bl; +http://www.semrush.com/bot.html)" "mantech8.com"
185.191.171.44 - - [20/Nov/2022:17:14:01 -0800] "GET /?camp-fire%2F4730198.html HTTP/1.1" 500 - "-" "Mozilla/5.0 (compatible; SemrushBot/7~bl; +http://www.semrush.com/bot.html)" "mantech8.com"
185.191.171.5 - - [20/Nov/2022:17:14:18 -0800] "GET /bimages/door/?C=M%3BO%3DA HTTP/1.1" 200 447 "-" "Mozilla/5.0 (compatible; SemrushBot/7~bl; +http://www.semrush.com/bot.html)" "www.mantech8.com"
114.119.133.165 - - [20/Nov/2022:17:15:20 -0800] "GET /bimages/ele/themes.php HTTP/1.1" 200 32 "http://www.mantech8.com/bimages/ele/" "Mozilla/5.0 (Linux; Android 7.0;) AppleWebKit/537.36 (KHTML, like Gecko) Mobile Safari/537.36 (compatible; PetalBot;+https://webmaster.petalsearch.com/site/petalbot)" "www.mantech8.com"
185.191.171.2 - - [20/Nov/2022:17:16:19 -0800] "GET /?camp-fire%2F7244580.html HTTP/1.1" 500 - "-" "Mozilla/5.0 (compatible; SemrushBot/7~bl; +http://www.semrush.com/bot.html)" "mantech8.com"
185.191.171.3 - - [20/Nov/2022:17:16:23 -0800] "GET /?camp-fire%2F9715583.html HTTP/1.1" 500 - "-" "Mozilla/5.0 (compatible; SemrushBot/7~bl; +http://www.semrush.com/bot.html)" "mantech8.com"
185.191.171.5 - - [20/Nov/2022:17:16:42 -0800] "GET /?camp-fire%2F34146097.html HTTP/1.1" 500 - "-" "Mozilla/5.0 (compatible; SemrushBot/7~bl; +http://www.semrush.com/bot.html)" "mantech8.com"
185.191.171.14 - - [20/Nov/2022:17:16:56 -0800] "GET /?camp-fire%2F3883874.html HTTP/1.1" 500 - "-" "Mozilla/5.0 (compatible; SemrushBot/7~bl; +http://www.semrush.com/bot.html)" "mantech8.com"
185.191.171.7 - - [20/Nov/2022:17:17:18 -0800] "GET /?camp-fire%2F6982800.html HTTP/1.1" 500 - "-" "Mozilla/5.0 (compatible; SemrushBot/7~bl; +http://www.semrush.com/bot.html)" "mantech8.com"
185.191.171.6 - - [20/Nov/2022:17:18:10 -0800] "GET /?camp-fire%2F31468541.html HTTP/1.1" 500 - "-" "Mozilla/5.0 (compatible; SemrushBot/7~bl; +http://www.semrush.com/bot.html)" "mantech8.com"
185.191.171.4 - - [20/Nov/2022:17:18:25 -0800] "GET /?camp-fire%2F32585868.html HTTP/1.1" 500 - "-" "Mozilla/5.0 (compatible; SemrushBot/7~bl; +http://www.semrush.com/bot.html)" "mantech8.com"
185.191.171.3 - - [20/Nov/2022:17:18:57 -0800] "GET /?camp-fire%2F33586925.html HTTP/1.1" 500 - "-" "Mozilla/5.0 (compatible; SemrushBot/7~bl; +http://www.semrush.com/bot.html)" "mantech8.com"
185.191.171.36 - - [20/Nov/2022:17:19:25 -0800] "GET /?camp-fire%2F8636000.html HTTP/1.1" 500 - "-" "Mozilla/5.0 (compatible; SemrushBot/7~bl; +http://www.semrush.com/bot.html)" "mantech8.com"
185.191.171.13 - - [20/Nov/2022:17:19:39 -0800] "GET /?camp-fire%2F33253597.html HTTP/1.1" 500 - "-" "Mozilla/5.0 (compatible; SemrushBot/7~bl; +http://www.semrush.com/bot.html)" "mantech8.com"
185.191.171.17 - - [20/Nov/2022:17:19:41 -0800] "GET /?camp-fire%2F27179965.html HTTP/1.1" 500 - "-" "Mozilla/5.0 (compatible; SemrushBot/7~bl; +http://www.semrush.com/bot.html)" "mantech8.com"
185.191.171.1 - - [20/Nov/2022:17:19:50 -0800] "GET /?camp-fire%2F6340977.html HTTP/1.1" 500 - "-" "Mozilla/5.0 (compatible; SemrushBot/7~bl; +http://www.semrush.com/bot.html)" "mantech8.com"
185.191.171.8 - - [20/Nov/2022:17:20:48 -0800] "GET /?camp-fire%2F34275832.html HTTP/1.1" 500 - "-" "Mozilla/5.0 (compatible; SemrushBot/7~bl; +http://www.semrush.com/bot.html)" "mantech8.com"
185.191.171.42 - - [20/Nov/2022:17:22:16 -0800] "GET /?camp-fire%2F33061168.html HTTP/1.1" 500 - "-" "Mozilla/5.0 (compatible; SemrushBot/7~bl; +http://www.semrush.com/bot.html)" "mantech8.com"
185.191.171.11 - - [20/Nov/2022:17:22:20 -0800] "GET /?camp-fire%2F6090555.html HTTP/1.1" 500 - "-" "Mozilla/5.0 (compatible; SemrushBot/7~bl; +http://www.semrush.com/bot.html)" "mantech8.com"
185.191.171.10 - - [20/Nov/2022:17:22:29 -0800] "GET /bimages/ele/?C=N%3BO%3DD HTTP/1.1" 200 426 "-" "Mozilla/5.0 (compatible; SemrushBot/7~bl; +http://www.semrush.com/bot.html)" "www.mantech8.com"
185.191.171.36 - - [20/Nov/2022:17:22:42 -0800] "GET /?camp-fire%2F28172971.html HTTP/1.1" 500 - "-" "Mozilla/5.0 (compatible; SemrushBot/7~bl; +http://www.semrush.com/bot.html)" "mantech8.com"
185.191.171.44 - - [20/Nov/2022:17:22:57 -0800] "GET /?camp-fire%2F7726296.html HTTP/1.1" 500 - "-" "Mozilla/5.0 (compatible; SemrushBot/7~bl; +http://www.semrush.com/bot.html)" "mantech8.com"
185.191.171.16 - - [20/Nov/2022:17:23:28 -0800] "GET /?camp-fire%2F6273077.html HTTP/1.1" 500 - "-" "Mozilla/5.0 (compatible; SemrushBot/7~bl; +http://www.semrush.com/bot.html)" "mantech8.com"
185.191.171.36 - - [20/Nov/2022:17:23:31 -0800] "GET /?camp-fire%2F35252038.html HTTP/1.1" 500 - "-" "Mozilla/5.0 (compatible; SemrushBot/7~bl; +http://www.semrush.com/bot.html)" "mantech8.com"
185.191.171.22 - - [20/Nov/2022:17:24:07 -0800] "GET /?camp-fire%2F27239263.html HTTP/1.1" 500 - "-" "Mozilla/5.0 (compatible; SemrushBot/7~bl; +http://www.semrush.com/bot.html)" "mantech8.com"
185.191.171.41 - - [20/Nov/2022:17:25:25 -0800] "GET /?camp-fire%2F6615755.html HTTP/1.1" 500 - "-" "Mozilla/5.0 (compatible; SemrushBot/7~bl; +http://www.semrush.com/bot.html)" "mantech8.com"
185.191.171.41 - - [20/Nov/2022:17:25:25 -0800] "GET /bimages/bus/vvgpwsiy.php HTTP/1.1" 200 32 "-" "Mozilla/5.0 (compatible; SemrushBot/7~bl; +http://www.semrush.com/bot.html)" "www.mantech8.com"
185.191.171.37 - - [20/Nov/2022:17:25:30 -0800] "GET /?camp-fire%2F9074321.html HTTP/1.1" 500 - "-" "Mozilla/5.0 (compatible; SemrushBot/7~bl; +http://www.semrush.com/bot.html)" "mantech8.com"
185.191.171.7 - - [20/Nov/2022:17:25:34 -0800] "GET /?camp-fire%2F5556365.html HTTP/1.1" 500 - "-" "Mozilla/5.0 (compatible; SemrushBot/7~bl; +http://www.semrush.com/bot.html)" "mantech8.com"
185.191.171.8 - - [20/Nov/2022:17:25:40 -0800] "GET /?camp-fire%2F34239251.html HTTP/1.1" 500 - "-" "Mozilla/5.0 (compatible; SemrushBot/7~bl; +http://www.semrush.com/bot.html)" "mantech8.com"
185.191.171.11 - - [20/Nov/2022:17:25:55 -0800] "GET /?camp-fire%2F33823708.html HTTP/1.1" 500 - "-" "Mozilla/5.0 (compatible; SemrushBot/7~bl; +http://www.semrush.com/bot.html)" "mantech8.com"
