114.119.133.166 - - [19/Nov/2022:16:00:09 -0800] "GET /index.php?venatically.xml HTTP/1.1" 200 289286 "-" "Mozilla/5.0 (Linux; Android 7.0;) AppleWebKit/537.36 (KHTML, like Gecko) Mobile Safari/537.36 (compatible; PetalBot;+https://webmaster.petalsearch.com/site/petalbot)" "mantech8.com"
185.191.171.17 - - [19/Nov/2022:16:01:09 -0800] "GET /index.php/camp-fire/19053176.html HTTP/1.1" 500 - "-" "Mozilla/5.0 (compatible; SemrushBot/7~bl; +http://www.semrush.com/bot.html)" "mantech8.com"
185.191.171.25 - - [19/Nov/2022:16:01:17 -0800] "GET /?camp-fire%2F38278203.html HTTP/1.1" 500 - "-" "Mozilla/5.0 (compatible; SemrushBot/7~bl; +http://www.semrush.com/bot.html)" "mantech8.com"
185.191.171.6 - - [19/Nov/2022:16:01:23 -0800] "GET /index.php/camp-fire/28398051.html HTTP/1.1" 500 - "-" "Mozilla/5.0 (compatible; SemrushBot/7~bl; +http://www.semrush.com/bot.html)" "mantech8.com"
185.191.171.16 - - [19/Nov/2022:16:01:45 -0800] "GET /index.php/camp-fire/29567790.html HTTP/1.1" 500 - "-" "Mozilla/5.0 (compatible; SemrushBot/7~bl; +http://www.semrush.com/bot.html)" "mantech8.com"
185.191.171.18 - - [19/Nov/2022:16:02:13 -0800] "GET /index.php/camp-fire/29587535.html HTTP/1.1" 500 - "-" "Mozilla/5.0 (compatible; SemrushBot/7~bl; +http://www.semrush.com/bot.html)" "mantech8.com"
176.10.107.180 - - [19/Nov/2022:16:02:15 -0800] "GET /contact.php HTTP/1.1" 200 29238 "http://mantech8.com/contact.php" "Mozilla/5.0 (Windows NT 6.1; ) AppleWebKit/537.36 (KHTML, like Gecko) Chrome/90.0.4430.85 Safari/537.36" "mantech8.com"
176.10.107.180 - - [19/Nov/2022:16:02:17 -0800] "GET /verificationimage.php?4512 HTTP/1.1" 200 1357 "http://mantech8.com/contact.php" "Mozilla/5.0 (Windows NT 6.1; ) AppleWebKit/537.36 (KHTML, like Gecko) Chrome/90.0.4430.85 Safari/537.36" "mantech8.com"
185.220.101.22 - - [19/Nov/2022:16:02:18 -0800] "POST /mailer.php HTTP/1.1" 500 - "http://mantech8.com/contact.php" "Mozilla/5.0 (Windows NT 6.1; ) AppleWebKit/537.36 (KHTML, like Gecko) Chrome/90.0.4430.85 Safari/537.36" "mantech8.com"
185.220.101.22 - - [19/Nov/2022:16:02:19 -0800] "GET /contact.php HTTP/1.1" 200 29238 "http://mantech8.com/contact.php" "Mozilla/5.0 (Windows NT 6.1; ) AppleWebKit/537.36 (KHTML, like Gecko) Chrome/90.0.4430.85 Safari/537.36" "mantech8.com"
185.191.171.23 - - [19/Nov/2022:16:02:40 -0800] "GET /index.php/camp-fire/9679583.html HTTP/1.1" 500 - "-" "Mozilla/5.0 (compatible; SemrushBot/7~bl; +http://www.semrush.com/bot.html)" "mantech8.com"
185.191.171.10 - - [19/Nov/2022:16:02:50 -0800] "GET /index.php/camp-fire/20785535.html HTTP/1.1" 500 - "-" "Mozilla/5.0 (compatible; SemrushBot/7~bl; +http://www.semrush.com/bot.html)" "mantech8.com"
185.191.171.10 - - [19/Nov/2022:16:03:46 -0800] "GET /index.php/camp-fire/11102157.html HTTP/1.1" 500 - "-" "Mozilla/5.0 (compatible; SemrushBot/7~bl; +http://www.semrush.com/bot.html)" "mantech8.com"
185.191.171.6 - - [19/Nov/2022:16:04:12 -0800] "GET /index.php/camp-fire/20767635.html HTTP/1.1" 500 - "-" "Mozilla/5.0 (compatible; SemrushBot/7~bl; +http://www.semrush.com/bot.html)" "mantech8.com"
185.191.171.11 - - [19/Nov/2022:16:04:46 -0800] "GET /index.php/camp-fire/8935874.html HTTP/1.1" 500 - "-" "Mozilla/5.0 (compatible; SemrushBot/7~bl; +http://www.semrush.com/bot.html)" "mantech8.com"
207.46.13.177 - - [19/Nov/2022:16:04:50 -0800] "GET / HTTP/1.1" 200 64404 "-" "Mozilla/5.0 (compatible; bingbot/2.0; +http://www.bing.com/bingbot.htm)" "www.mantech8.com"
185.191.171.25 - - [19/Nov/2022:16:05:07 -0800] "GET /index.php/camp-fire/16706126.html HTTP/1.1" 500 - "-" "Mozilla/5.0 (compatible; SemrushBot/7~bl; +http://www.semrush.com/bot.html)" "mantech8.com"
185.191.171.36 - - [19/Nov/2022:16:05:10 -0800] "GET /index.php/camp-fire/17377265.html HTTP/1.1" 500 - "-" "Mozilla/5.0 (compatible; SemrushBot/7~bl; +http://www.semrush.com/bot.html)" "mantech8.com"
185.191.171.45 - - [19/Nov/2022:16:05:17 -0800] "GET /index.php/camp-fire/33532193.html HTTP/1.1" 500 - "-" "Mozilla/5.0 (compatible; SemrushBot/7~bl; +http://www.semrush.com/bot.html)" "mantech8.com"
114.119.133.158 - - [19/Nov/2022:16:06:11 -0800] "GET /index.php?/wp-content/uploads/sites/2/2020/11/0.png HTTP/1.1" 500 - "-" "Mozilla/5.0 (Linux; Android 7.0;) AppleWebKit/537.36 (KHTML, like Gecko) Mobile Safari/537.36 (compatible; PetalBot;+https://webmaster.petalsearch.com/site/petalbot)" "www.mantech8.com"
185.191.171.39 - - [19/Nov/2022:16:06:16 -0800] "GET /index.php/camp-fire/14929072.html HTTP/1.1" 500 - "-" "Mozilla/5.0 (compatible; SemrushBot/7~bl; +http://www.semrush.com/bot.html)" "mantech8.com"
185.191.171.19 - - [19/Nov/2022:16:07:28 -0800] "GET /?camp-fire%2F38147203.html HTTP/1.1" 500 - "-" "Mozilla/5.0 (compatible; SemrushBot/7~bl; +http://www.semrush.com/bot.html)" "mantech8.com"
185.191.171.35 - - [19/Nov/2022:16:08:11 -0800] "GET /index.php/camp-fire/35361538.html HTTP/1.1" 500 - "-" "Mozilla/5.0 (compatible; SemrushBot/7~bl; +http://www.semrush.com/bot.html)" "mantech8.com"
207.46.13.125 - - [19/Nov/2022:16:08:26 -0800] "GET /s0KV-06ec-os2co.Ii HTTP/1.1" 404 88 "-" "Mozilla/5.0 AppleWebKit/537.36 (KHTML, like Gecko; compatible; bingbot/2.0; +http://www.bing.com/bingbot.htm) Chrome/103.0.5060.134 Safari/537.36" "www.mantech8.com"
207.46.13.125 - - [19/Nov/2022:16:08:46 -0800] "GET /s0KV-06ec-os2co.Ii HTTP/1.1" 404 88 "-" "Mozilla/5.0 AppleWebKit/537.36 (KHTML, like Gecko; compatible; bingbot/2.0; +http://www.bing.com/bingbot.htm) Chrome/103.0.5060.134 Safari/537.36" "www.mantech8.com"
185.191.171.35 - - [19/Nov/2022:16:08:47 -0800] "GET /bimages/mission/?C=D%3BO%3DA HTTP/1.1" 200 416 "-" "Mozilla/5.0 (compatible; SemrushBot/7~bl; +http://www.semrush.com/bot.html)" "mantech8.com"
185.191.171.39 - - [19/Nov/2022:16:09:38 -0800] "GET /index.php/camp-fire/28140609.html HTTP/1.1" 500 - "-" "Mozilla/5.0 (compatible; SemrushBot/7~bl; +http://www.semrush.com/bot.html)" "mantech8.com"
185.191.171.15 - - [19/Nov/2022:16:09:56 -0800] "GET /index.php/camp-fire/39869276.html HTTP/1.1" 500 - "-" "Mozilla/5.0 (compatible; SemrushBot/7~bl; +http://www.semrush.com/bot.html)" "mantech8.com"
185.191.171.15 - - [19/Nov/2022:16:10:00 -0800] "GET /index.php/camp-fire/29178932.html HTTP/1.1" 500 - "-" "Mozilla/5.0 (compatible; SemrushBot/7~bl; +http://www.semrush.com/bot.html)" "mantech8.com"
103.154.231.100 - - [19/Nov/2022:16:10:11 -0800] "GET /contact.php HTTP/1.1" 200 29237 "http://mantech8.com/contact.php" "Mozilla/5.0 (Windows NT 10.0; WOW64) AppleWebKit/537.36 (KHTML, like Gecko) Chrome/90.0.4430.93 Safari/537.36" "mantech8.com"
216.244.66.241 - - [19/Nov/2022:16:10:14 -0800] "GET /robots.txt HTTP/1.1" 200 222 "-" "Mozilla/5.0 (compatible; DotBot/1.2; +https://opensiteexplorer.org/dotbot; help@moz.com)" "mantech8.com"
216.244.66.241 - - [19/Nov/2022:16:10:14 -0800] "GET /robots.txt HTTP/1.1" 200 222 "-" "Mozilla/5.0 (compatible; DotBot/1.2; +https://opensiteexplorer.org/dotbot; help@moz.com)" "www.mantech8.com"
185.191.171.19 - - [19/Nov/2022:16:10:17 -0800] "GET /index.php/camp-fire/5315277.html HTTP/1.1" 500 - "-" "Mozilla/5.0 (compatible; SemrushBot/7~bl; +http://www.semrush.com/bot.html)" "mantech8.com"
103.154.231.100 - - [19/Nov/2022:16:10:18 -0800] "POST /mailer.php HTTP/1.1" 500 - "http://mantech8.com/contact.php" "Mozilla/5.0 (Windows NT 10.0; WOW64) AppleWebKit/537.36 (KHTML, like Gecko) Chrome/90.0.4430.93 Safari/537.36" "mantech8.com"
123.125.109.90 - - [19/Nov/2022:16:11:26 -0800] "GET / HTTP/1.1" 500 - "-" "Sogou web spider/4.0(+http://www.sogou.com/docs/help/webmasters.htm#07)" "www.mantech8.com"
185.191.171.12 - - [19/Nov/2022:16:11:27 -0800] "GET /?camp-fire%2F46507425.html HTTP/1.1" 500 - "-" "Mozilla/5.0 (compatible; SemrushBot/7~bl; +http://www.semrush.com/bot.html)" "mantech8.com"
185.191.171.25 - - [19/Nov/2022:16:11:40 -0800] "GET /index.php/camp-fire/40143588.html HTTP/1.1" 500 - "-" "Mozilla/5.0 (compatible; SemrushBot/7~bl; +http://www.semrush.com/bot.html)" "mantech8.com"
114.119.133.182 - - [19/Nov/2022:16:11:43 -0800] "GET /index.php?ching-kuo.xml HTTP/1.1" 200 289444 "-" "Mozilla/5.0 (Linux; Android 7.0;) AppleWebKit/537.36 (KHTML, like Gecko) Mobile Safari/537.36 (compatible; PetalBot;+https://webmaster.petalsearch.com/site/petalbot)" "mantech8.com"
185.191.171.43 - - [19/Nov/2022:16:12:16 -0800] "GET /index.php/camp-fire/25083106.html HTTP/1.1" 500 - "-" "Mozilla/5.0 (compatible; SemrushBot/7~bl; +http://www.semrush.com/bot.html)" "mantech8.com"
185.191.171.2 - - [19/Nov/2022:16:12:49 -0800] "GET /index.php/camp-fire/23819226.html HTTP/1.1" 500 - "-" "Mozilla/5.0 (compatible; SemrushBot/7~bl; +http://www.semrush.com/bot.html)" "mantech8.com"
185.191.171.14 - - [19/Nov/2022:16:12:55 -0800] "GET /index.php/camp-fire/39412817.html HTTP/1.1" 500 - "-" "Mozilla/5.0 (compatible; SemrushBot/7~bl; +http://www.semrush.com/bot.html)" "mantech8.com"
185.191.171.26 - - [19/Nov/2022:16:13:06 -0800] "GET /index.php/camp-fire/7617421.html HTTP/1.1" 500 - "-" "Mozilla/5.0 (compatible; SemrushBot/7~bl; +http://www.semrush.com/bot.html)" "mantech8.com"
185.191.171.25 - - [19/Nov/2022:16:13:54 -0800] "GET /index.php/camp-fire/28737035.html HTTP/1.1" 500 - "-" "Mozilla/5.0 (compatible; SemrushBot/7~bl; +http://www.semrush.com/bot.html)" "mantech8.com"
185.191.171.24 - - [19/Nov/2022:16:14:35 -0800] "GET /index.php/camp-fire/30027071.html HTTP/1.1" 500 - "-" "Mozilla/5.0 (compatible; SemrushBot/7~bl; +http://www.semrush.com/bot.html)" "mantech8.com"
185.191.171.36 - - [19/Nov/2022:16:15:05 -0800] "GET /index.php/camp-fire/18021126.html HTTP/1.1" 500 - "-" "Mozilla/5.0 (compatible; SemrushBot/7~bl; +http://www.semrush.com/bot.html)" "mantech8.com"
185.191.171.13 - - [19/Nov/2022:16:15:23 -0800] "GET /?camp-fire%2F45082055.html HTTP/1.1" 500 - "-" "Mozilla/5.0 (compatible; SemrushBot/7~bl; +http://www.semrush.com/bot.html)" "mantech8.com"
185.191.171.5 - - [19/Nov/2022:16:16:21 -0800] "GET /index.php/camp-fire/27541126.html HTTP/1.1" 500 - "-" "Mozilla/5.0 (compatible; SemrushBot/7~bl; +http://www.semrush.com/bot.html)" "mantech8.com"
185.191.171.43 - - [19/Nov/2022:16:16:25 -0800] "GET /index.php/camp-fire/26882321.html HTTP/1.1" 500 - "-" "Mozilla/5.0 (compatible; SemrushBot/7~bl; +http://www.semrush.com/bot.html)" "mantech8.com"
185.191.171.38 - - [19/Nov/2022:16:16:53 -0800] "GET /index.php/camp-fire/26486142.html HTTP/1.1" 500 - "-" "Mozilla/5.0 (compatible; SemrushBot/7~bl; +http://www.semrush.com/bot.html)" "mantech8.com"
185.191.171.7 - - [19/Nov/2022:16:17:32 -0800] "GET /index.php/camp-fire/15185784.html HTTP/1.1" 500 - "-" "Mozilla/5.0 (compatible; SemrushBot/7~bl; +http://www.semrush.com/bot.html)" "mantech8.com"
114.119.133.182 - - [19/Nov/2022:16:18:26 -0800] "GET /?sitemap50827.xml HTTP/1.1" 200 270484 "-" "Mozilla/5.0 (Linux; Android 7.0;) AppleWebKit/537.36 (KHTML, like Gecko) Mobile Safari/537.36 (compatible; PetalBot;+https://webmaster.petalsearch.com/site/petalbot)" "mantech8.com"
185.191.171.39 - - [19/Nov/2022:16:18:49 -0800] "GET /index.php/camp-fire/18014581.html HTTP/1.1" 500 - "-" "Mozilla/5.0 (compatible; SemrushBot/7~bl; +http://www.semrush.com/bot.html)" "mantech8.com"
185.191.171.6 - - [19/Nov/2022:16:19:41 -0800] "GET /index.php/camp-fire/14014359.html HTTP/1.1" 500 - "-" "Mozilla/5.0 (compatible; SemrushBot/7~bl; +http://www.semrush.com/bot.html)" "mantech8.com"
185.191.171.7 - - [19/Nov/2022:16:19:52 -0800] "GET /index.php/camp-fire/28902909.html HTTP/1.1" 500 - "-" "Mozilla/5.0 (compatible; SemrushBot/7~bl; +http://www.semrush.com/bot.html)" "mantech8.com"
185.191.171.34 - - [19/Nov/2022:16:20:23 -0800] "GET /index.php/camp-fire/17087026.html HTTP/1.1" 500 - "-" "Mozilla/5.0 (compatible; SemrushBot/7~bl; +http://www.semrush.com/bot.html)" "mantech8.com"
77.75.79.31 - - [19/Nov/2022:16:20:28 -0800] "GET /bimages/mission/ HTTP/1.1" 200 416 "-" "Mozilla/5.0 (compatible; SeznamBot/4.0-RC1; +http://napoveda.seznam.cz/seznambot-intro/)" "www.mantech8.com"
185.191.171.45 - - [19/Nov/2022:16:22:19 -0800] "GET /index.php/camp-fire/18194561.html HTTP/1.1" 500 - "-" "Mozilla/5.0 (compatible; SemrushBot/7~bl; +http://www.semrush.com/bot.html)" "mantech8.com"
185.191.171.3 - - [19/Nov/2022:16:22:36 -0800] "GET /index.php/camp-fire/15508746.html HTTP/1.1" 500 - "-" "Mozilla/5.0 (compatible; SemrushBot/7~bl; +http://www.semrush.com/bot.html)" "mantech8.com"
185.191.171.21 - - [19/Nov/2022:16:22:45 -0800] "GET /index.php/camp-fire/27518861.html HTTP/1.1" 500 - "-" "Mozilla/5.0 (compatible; SemrushBot/7~bl; +http://www.semrush.com/bot.html)" "mantech8.com"
185.191.171.5 - - [19/Nov/2022:16:23:10 -0800] "GET /index.php/camp-fire/27536426.html HTTP/1.1" 500 - "-" "Mozilla/5.0 (compatible; SemrushBot/7~bl; +http://www.semrush.com/bot.html)" "mantech8.com"
185.191.171.35 - - [19/Nov/2022:16:23:42 -0800] "GET /index.php/camp-fire/7396880.html HTTP/1.1" 500 - "-" "Mozilla/5.0 (compatible; SemrushBot/7~bl; +http://www.semrush.com/bot.html)" "mantech8.com"
109.70.100.36 - - [19/Nov/2022:16:23:49 -0800] "GET /contact.php HTTP/1.1" 200 29238 "http://mantech8.com/contact.php" "Mozilla/5.0 (Windows NT 10.0; Win64; x64) AppleWebKit/537.36 (KHTML, like Gecko) Chrome/90.0.4430.85 Safari/537.36 Edg/90.0.818.49" "mantech8.com"
109.70.100.36 - - [19/Nov/2022:16:23:51 -0800] "GET /verificationimage.php?9643 HTTP/1.1" 200 1413 "http://mantech8.com/contact.php" "Mozilla/5.0 (Windows NT 10.0; Win64; x64) AppleWebKit/537.36 (KHTML, like Gecko) Chrome/90.0.4430.85 Safari/537.36 Edg/90.0.818.49" "mantech8.com"
109.70.100.36 - - [19/Nov/2022:16:23:53 -0800] "POST /mailer.php HTTP/1.1" 500 - "http://mantech8.com/contact.php" "Mozilla/5.0 (Windows NT 10.0; Win64; x64) AppleWebKit/537.36 (KHTML, like Gecko) Chrome/90.0.4430.85 Safari/537.36 Edg/90.0.818.49" "mantech8.com"
109.70.100.36 - - [19/Nov/2022:16:23:54 -0800] "GET /contact.php HTTP/1.1" 200 29238 "http://mantech8.com/contact.php" "Mozilla/5.0 (Windows NT 10.0; Win64; x64) AppleWebKit/537.36 (KHTML, like Gecko) Chrome/90.0.4430.85 Safari/537.36 Edg/90.0.818.49" "mantech8.com"
185.191.171.42 - - [19/Nov/2022:16:25:03 -0800] "GET /index.php/camp-fire/1167372.html HTTP/1.1" 500 - "-" "Mozilla/5.0 (compatible; SemrushBot/7~bl; +http://www.semrush.com/bot.html)" "mantech8.com"
185.191.171.37 - - [19/Nov/2022:16:25:07 -0800] "GET /index.php/camp-fire/105776230.html HTTP/1.1" 500 - "-" "Mozilla/5.0 (compatible; SemrushBot/7~bl; +http://www.semrush.com/bot.html)" "mantech8.com"
185.191.171.21 - - [19/Nov/2022:16:25:21 -0800] "GET /index.php/camp-fire/28069271.html HTTP/1.1" 500 - "-" "Mozilla/5.0 (compatible; SemrushBot/7~bl; +http://www.semrush.com/bot.html)" "mantech8.com"
185.191.171.25 - - [19/Nov/2022:16:25:23 -0800] "GET /index.php?camp-fire%2F942398.html HTTP/1.1" 500 - "-" "Mozilla/5.0 (compatible; SemrushBot/7~bl; +http://www.semrush.com/bot.html)" "mantech8.com"
185.191.171.14 - - [19/Nov/2022:16:26:50 -0800] "GET /?camp-fire%2F40184050.html HTTP/1.1" 500 - "-" "Mozilla/5.0 (compatible; SemrushBot/7~bl; +http://www.semrush.com/bot.html)" "mantech8.com"
185.191.171.18 - - [19/Nov/2022:16:27:04 -0800] "GET /index.php/camp-fire/38220672.html HTTP/1.1" 500 - "-" "Mozilla/5.0 (compatible; SemrushBot/7~bl; +http://www.semrush.com/bot.html)" "mantech8.com"
185.191.171.1 - - [19/Nov/2022:16:27:37 -0800] "GET /index.php/camp-fire/26649847.html HTTP/1.1" 500 - "-" "Mozilla/5.0 (compatible; SemrushBot/7~bl; +http://www.semrush.com/bot.html)" "mantech8.com"
185.191.171.7 - - [19/Nov/2022:16:27:42 -0800] "GET /index.php/camp-fire/18120761.html HTTP/1.1" 500 - "-" "Mozilla/5.0 (compatible; SemrushBot/7~bl; +http://www.semrush.com/bot.html)" "mantech8.com"
185.191.171.5 - - [19/Nov/2022:16:28:09 -0800] "GET /index.php/camp-fire/20220346.html HTTP/1.1" 500 - "-" "Mozilla/5.0 (compatible; SemrushBot/7~bl; +http://www.semrush.com/bot.html)" "mantech8.com"
185.191.171.2 - - [19/Nov/2022:16:28:16 -0800] "GET /index.php/camp-fire/21191351.html HTTP/1.1" 500 - "-" "Mozilla/5.0 (compatible; SemrushBot/7~bl; +http://www.semrush.com/bot.html)" "mantech8.com"
185.191.171.4 - - [19/Nov/2022:16:28:58 -0800] "GET /index.php/camp-fire/23587706.html HTTP/1.1" 500 - "-" "Mozilla/5.0 (compatible; SemrushBot/7~bl; +http://www.semrush.com/bot.html)" "mantech8.com"
185.191.171.9 - - [19/Nov/2022:16:29:41 -0800] "GET /index.php/camp-fire/35304638.html HTTP/1.1" 500 - "-" "Mozilla/5.0 (compatible; SemrushBot/7~bl; +http://www.semrush.com/bot.html)" "mantech8.com"
185.191.171.11 - - [19/Nov/2022:16:29:58 -0800] "GET /index.php/camp-fire/1833372.html HTTP/1.1" 500 - "-" "Mozilla/5.0 (compatible; SemrushBot/7~bl; +http://www.semrush.com/bot.html)" "mantech8.com"
185.191.171.11 - - [19/Nov/2022:16:30:26 -0800] "GET /index.php/camp-fire/26307751.html HTTP/1.1" 500 - "-" "Mozilla/5.0 (compatible; SemrushBot/7~bl; +http://www.semrush.com/bot.html)" "mantech8.com"
185.191.171.39 - - [19/Nov/2022:16:31:16 -0800] "GET /index.php/camp-fire/52721268.html HTTP/1.1" 500 - "-" "Mozilla/5.0 (compatible; SemrushBot/7~bl; +http://www.semrush.com/bot.html)" "mantech8.com"
116.206.61.179 - - [19/Nov/2022:16:31:49 -0800] "GET /contact.php HTTP/1.1" 200 29238 "http://mantech8.com/contact.php" "Mozilla/5.0 (Windows NT 10.0) AppleWebKit/537.36 (KHTML, like Gecko) Chrome/90.0.4430.85 Safari/537.36 Edg/90.0.818.46" "mantech8.com"
185.191.171.41 - - [19/Nov/2022:16:31:54 -0800] "GET /index.php/camp-fire/27605571.html HTTP/1.1" 500 - "-" "Mozilla/5.0 (compatible; SemrushBot/7~bl; +http://www.semrush.com/bot.html)" "mantech8.com"
185.191.171.24 - - [19/Nov/2022:16:32:17 -0800] "GET /index.php/camp-fire/31637541.html HTTP/1.1" 500 - "-" "Mozilla/5.0 (compatible; SemrushBot/7~bl; +http://www.semrush.com/bot.html)" "mantech8.com"
185.191.171.8 - - [19/Nov/2022:16:32:40 -0800] "GET /index.php/camp-fire/16482185.html HTTP/1.1" 500 - "-" "Mozilla/5.0 (compatible; SemrushBot/7~bl; +http://www.semrush.com/bot.html)" "mantech8.com"
185.191.171.17 - - [19/Nov/2022:16:33:05 -0800] "GET /index.php/camp-fire/55440525.html HTTP/1.1" 500 - "-" "Mozilla/5.0 (compatible; SemrushBot/7~bl; +http://www.semrush.com/bot.html)" "mantech8.com"
185.191.171.1 - - [19/Nov/2022:16:33:16 -0800] "GET /index.php/camp-fire/43399134.html HTTP/1.1" 500 - "-" "Mozilla/5.0 (compatible; SemrushBot/7~bl; +http://www.semrush.com/bot.html)" "mantech8.com"
185.191.171.11 - - [19/Nov/2022:16:33:39 -0800] "GET /index.php/camp-fire/11956476.html HTTP/1.1" 500 - "-" "Mozilla/5.0 (compatible; SemrushBot/7~bl; +http://www.semrush.com/bot.html)" "mantech8.com"
185.191.171.11 - - [19/Nov/2022:16:34:05 -0800] "GET /index.php/camp-fire/34372808.html HTTP/1.1" 500 - "-" "Mozilla/5.0 (compatible; SemrushBot/7~bl; +http://www.semrush.com/bot.html)" "mantech8.com"
185.191.171.20 - - [19/Nov/2022:16:34:45 -0800] "GET /index.php/camp-fire/29086626.html HTTP/1.1" 500 - "-" "Mozilla/5.0 (compatible; SemrushBot/7~bl; +http://www.semrush.com/bot.html)" "mantech8.com"
185.191.171.2 - - [19/Nov/2022:16:34:47 -0800] "GET /index.php/camp-fire/366798.html HTTP/1.1" 500 - "-" "Mozilla/5.0 (compatible; SemrushBot/7~bl; +http://www.semrush.com/bot.html)" "mantech8.com"
185.191.171.23 - - [19/Nov/2022:16:35:23 -0800] "GET /index.php/camp-fire/22268781.html HTTP/1.1" 500 - "-" "Mozilla/5.0 (compatible; SemrushBot/7~bl; +http://www.semrush.com/bot.html)" "mantech8.com"
185.191.171.24 - - [19/Nov/2022:16:35:30 -0800] "GET /?camp-fire%2F42076849.html HTTP/1.1" 500 - "-" "Mozilla/5.0 (compatible; SemrushBot/7~bl; +http://www.semrush.com/bot.html)" "mantech8.com"
114.119.133.165 - - [19/Nov/2022:16:35:37 -0800] "GET /?scillism.xml HTTP/1.1" 200 270451 "-" "Mozilla/5.0 (Linux; Android 7.0;) AppleWebKit/537.36 (KHTML, like Gecko) Mobile Safari/537.36 (compatible; PetalBot;+https://webmaster.petalsearch.com/site/petalbot)" "mantech8.com"
185.191.171.7 - - [19/Nov/2022:16:36:19 -0800] "GET /index.php/camp-fire/44460834.html HTTP/1.1" 500 - "-" "Mozilla/5.0 (compatible; SemrushBot/7~bl; +http://www.semrush.com/bot.html)" "mantech8.com"
40.77.167.67 - - [19/Nov/2022:16:36:36 -0800] "GET / HTTP/1.1" 200 64273 "-" "Mozilla/5.0 AppleWebKit/537.36 (KHTML, like Gecko; compatible; bingbot/2.0; +http://www.bing.com/bingbot.htm) Chrome/103.0.5060.134 Safari/537.36" "www.mantech8.com"
185.191.171.18 - - [19/Nov/2022:16:36:41 -0800] "GET /index.php/camp-fire/21735565.html HTTP/1.1" 500 - "-" "Mozilla/5.0 (compatible; SemrushBot/7~bl; +http://www.semrush.com/bot.html)" "mantech8.com"
185.191.171.18 - - [19/Nov/2022:16:36:56 -0800] "GET /index.php/camp-fire/18195861.html HTTP/1.1" 500 - "-" "Mozilla/5.0 (compatible; SemrushBot/7~bl; +http://www.semrush.com/bot.html)" "mantech8.com"
185.191.171.4 - - [19/Nov/2022:16:37:10 -0800] "GET /index.php/camp-fire/16580065.html HTTP/1.1" 500 - "-" "Mozilla/5.0 (compatible; SemrushBot/7~bl; +http://www.semrush.com/bot.html)" "mantech8.com"
185.191.171.11 - - [19/Nov/2022:16:38:26 -0800] "GET /index.php/camp-fire/25959965.html HTTP/1.1" 500 - "-" "Mozilla/5.0 (compatible; SemrushBot/7~bl; +http://www.semrush.com/bot.html)" "mantech8.com"
207.46.13.100 - - [19/Nov/2022:16:38:39 -0800] "GET /F2si-5dab-Dinqv.Ii HTTP/1.1" 404 88 "-" "Mozilla/5.0 (compatible; bingbot/2.0; +http://www.bing.com/bingbot.htm)" "www.mantech8.com"
185.191.171.38 - - [19/Nov/2022:16:38:47 -0800] "GET /index.php/camp-fire/11923176.html HTTP/1.1" 500 - "-" "Mozilla/5.0 (compatible; SemrushBot/7~bl; +http://www.semrush.com/bot.html)" "mantech8.com"
185.191.171.23 - - [19/Nov/2022:16:39:06 -0800] "GET /index.php/camp-fire/49401649.html HTTP/1.1" 500 - "-" "Mozilla/5.0 (compatible; SemrushBot/7~bl; +http://www.semrush.com/bot.html)" "mantech8.com"
185.191.171.15 - - [19/Nov/2022:16:41:05 -0800] "GET /index.php/camp-fire/41413771.html HTTP/1.1" 500 - "-" "Mozilla/5.0 (compatible; SemrushBot/7~bl; +http://www.semrush.com/bot.html)" "mantech8.com"
185.191.171.24 - - [19/Nov/2022:16:41:11 -0800] "GET /index.php/camp-fire/22982484.html HTTP/1.1" 500 - "-" "Mozilla/5.0 (compatible; SemrushBot/7~bl; +http://www.semrush.com/bot.html)" "mantech8.com"
185.191.171.1 - - [19/Nov/2022:16:41:25 -0800] "GET /index.php/camp-fire/20913532.html HTTP/1.1" 500 - "-" "Mozilla/5.0 (compatible; SemrushBot/7~bl; +http://www.semrush.com/bot.html)" "mantech8.com"
114.119.133.166 - - [19/Nov/2022:16:41:26 -0800] "GET /bimages/certificate/thump/editprojects.php HTTP/1.1" 200 32 "http://www.mantech8.com/bimages/certificate/thump/?C=N%3BO%3DD" "Mozilla/5.0 (Linux; Android 7.0;) AppleWebKit/537.36 (KHTML, like Gecko) Mobile Safari/537.36 (compatible; PetalBot;+https://webmaster.petalsearch.com/site/petalbot)" "www.mantech8.com"
185.191.171.8 - - [19/Nov/2022:16:42:48 -0800] "GET /index.php/camp-fire/19026932.html HTTP/1.1" 500 - "-" "Mozilla/5.0 (compatible; SemrushBot/7~bl; +http://www.semrush.com/bot.html)" "mantech8.com"
185.191.171.38 - - [19/Nov/2022:16:43:36 -0800] "GET /index.php/camp-fire/25081006.html HTTP/1.1" 500 - "-" "Mozilla/5.0 (compatible; SemrushBot/7~bl; +http://www.semrush.com/bot.html)" "mantech8.com"
185.191.171.38 - - [19/Nov/2022:16:43:43 -0800] "GET /index.php/camp-fire/30098809.html HTTP/1.1" 500 - "-" "Mozilla/5.0 (compatible; SemrushBot/7~bl; +http://www.semrush.com/bot.html)" "mantech8.com"
185.191.171.25 - - [19/Nov/2022:16:43:59 -0800] "GET /index.php/camp-fire/10937157.html HTTP/1.1" 500 - "-" "Mozilla/5.0 (compatible; SemrushBot/7~bl; +http://www.semrush.com/bot.html)" "mantech8.com"
185.191.171.6 - - [19/Nov/2022:16:44:35 -0800] "GET /index.php/camp-fire/32938241.html HTTP/1.1" 500 - "-" "Mozilla/5.0 (compatible; SemrushBot/7~bl; +http://www.semrush.com/bot.html)" "mantech8.com"
185.191.171.37 - - [19/Nov/2022:16:44:47 -0800] "GET /index.php/camp-fire/7717821.html HTTP/1.1" 500 - "-" "Mozilla/5.0 (compatible; SemrushBot/7~bl; +http://www.semrush.com/bot.html)" "mantech8.com"
185.191.171.3 - - [19/Nov/2022:16:44:53 -0800] "GET /index.php/camp-fire/1352390.html HTTP/1.1" 500 - "-" "Mozilla/5.0 (compatible; SemrushBot/7~bl; +http://www.semrush.com/bot.html)" "mantech8.com"
185.191.171.24 - - [19/Nov/2022:16:44:57 -0800] "GET /index.php/camp-fire/7629108.html HTTP/1.1" 500 - "-" "Mozilla/5.0 (compatible; SemrushBot/7~bl; +http://www.semrush.com/bot.html)" "mantech8.com"
185.191.171.9 - - [19/Nov/2022:16:47:22 -0800] "GET /index.php/camp-fire/33917608.html HTTP/1.1" 500 - "-" "Mozilla/5.0 (compatible; SemrushBot/7~bl; +http://www.semrush.com/bot.html)" "mantech8.com"
185.191.171.8 - - [19/Nov/2022:16:47:32 -0800] "GET /index.php/camp-fire/10306890.html HTTP/1.1" 500 - "-" "Mozilla/5.0 (compatible; SemrushBot/7~bl; +http://www.semrush.com/bot.html)" "mantech8.com"
185.191.171.10 - - [19/Nov/2022:16:47:35 -0800] "GET /index.php/camp-fire/33528268.html HTTP/1.1" 500 - "-" "Mozilla/5.0 (compatible; SemrushBot/7~bl; +http://www.semrush.com/bot.html)" "mantech8.com"
185.191.171.39 - - [19/Nov/2022:16:47:58 -0800] "GET /index.php/camp-fire/3310300.html HTTP/1.1" 500 - "-" "Mozilla/5.0 (compatible; SemrushBot/7~bl; +http://www.semrush.com/bot.html)" "mantech8.com"
185.191.171.16 - - [19/Nov/2022:16:48:07 -0800] "GET /index.php/camp-fire/47299293.html HTTP/1.1" 500 - "-" "Mozilla/5.0 (compatible; SemrushBot/7~bl; +http://www.semrush.com/bot.html)" "mantech8.com"
185.191.171.24 - - [19/Nov/2022:16:48:19 -0800] "GET /index.php/camp-fire/18393065.html HTTP/1.1" 500 - "-" "Mozilla/5.0 (compatible; SemrushBot/7~bl; +http://www.semrush.com/bot.html)" "mantech8.com"
40.77.167.26 - - [19/Nov/2022:16:48:28 -0800] "GET /index.php/ve9Q7-3c664bcc-EGy1.Ii HTTP/1.1" 200 29608 "-" "Mozilla/5.0 (compatible; bingbot/2.0; +http://www.bing.com/bingbot.htm)" "mantech8.com"
135.125.244.133 - - [19/Nov/2022:16:48:42 -0800] "GET /contact.php HTTP/1.1" 200 29238 "http://mantech8.com/contact.php" "Mozilla/5.0 (Windows NT 10.0; Win64; x64) AppleWebKit/537.36 (KHTML, like Gecko) Chrome/90.0.4430.72 Safari/537.36" "mantech8.com"
185.191.171.35 - - [19/Nov/2022:16:49:00 -0800] "GET /robots.txt HTTP/1.1" 200 106 "-" "Mozilla/5.0 (compatible; SemrushBot/7~bl; +http://www.semrush.com/bot.html)" "mantech8.com"
185.191.171.25 - - [19/Nov/2022:16:49:00 -0800] "GET /index.php/camp-fire/31834841.html HTTP/1.1" 500 - "-" "Mozilla/5.0 (compatible; SemrushBot/7~bl; +http://www.semrush.com/bot.html)" "mantech8.com"
185.191.171.24 - - [19/Nov/2022:16:49:33 -0800] "GET /index.php/camp-fire/36096376.html HTTP/1.1" 500 - "-" "Mozilla/5.0 (compatible; SemrushBot/7~bl; +http://www.semrush.com/bot.html)" "mantech8.com"
185.191.171.15 - - [19/Nov/2022:16:49:55 -0800] "GET /index.php/camp-fire/40143088.html HTTP/1.1" 500 - "-" "Mozilla/5.0 (compatible; SemrushBot/7~bl; +http://www.semrush.com/bot.html)" "mantech8.com"
185.191.171.19 - - [19/Nov/2022:16:49:57 -0800] "GET /index.php/camp-fire/31122751.html HTTP/1.1" 500 - "-" "Mozilla/5.0 (compatible; SemrushBot/7~bl; +http://www.semrush.com/bot.html)" "mantech8.com"
185.191.171.42 - - [19/Nov/2022:16:50:12 -0800] "GET /index.php/camp-fire/37631341.html HTTP/1.1" 500 - "-" "Mozilla/5.0 (compatible; SemrushBot/7~bl; +http://www.semrush.com/bot.html)" "mantech8.com"
185.191.171.8 - - [19/Nov/2022:16:51:02 -0800] "GET /index.php/camp-fire/16786183.html HTTP/1.1" 500 - "-" "Mozilla/5.0 (compatible; SemrushBot/7~bl; +http://www.semrush.com/bot.html)" "mantech8.com"
185.191.171.12 - - [19/Nov/2022:16:51:04 -0800] "GET /index.php/camp-fire/10221390.html HTTP/1.1" 500 - "-" "Mozilla/5.0 (compatible; SemrushBot/7~bl; +http://www.semrush.com/bot.html)" "mantech8.com"
185.191.171.13 - - [19/Nov/2022:16:52:23 -0800] "GET /index.php/camp-fire/1616290.html HTTP/1.1" 500 - "-" "Mozilla/5.0 (compatible; SemrushBot/7~bl; +http://www.semrush.com/bot.html)" "mantech8.com"
185.191.171.25 - - [19/Nov/2022:16:52:25 -0800] "GET /index.php/camp-fire/16701526.html HTTP/1.1" 500 - "-" "Mozilla/5.0 (compatible; SemrushBot/7~bl; +http://www.semrush.com/bot.html)" "mantech8.com"
185.191.171.25 - - [19/Nov/2022:16:52:56 -0800] "GET /?camp-fire%2F41395488.html HTTP/1.1" 500 - "-" "Mozilla/5.0 (compatible; SemrushBot/7~bl; +http://www.semrush.com/bot.html)" "mantech8.com"
185.191.171.44 - - [19/Nov/2022:16:55:03 -0800] "GET /index.php/camp-fire/27313897.html HTTP/1.1" 500 - "-" "Mozilla/5.0 (compatible; SemrushBot/7~bl; +http://www.semrush.com/bot.html)" "mantech8.com"
185.191.171.15 - - [19/Nov/2022:16:55:04 -0800] "GET /index.php/camp-fire/14804887.html HTTP/1.1" 500 - "-" "Mozilla/5.0 (compatible; SemrushBot/7~bl; +http://www.semrush.com/bot.html)" "mantech8.com"
185.191.171.15 - - [19/Nov/2022:16:55:58 -0800] "GET /index.php/camp-fire/2386729.html HTTP/1.1" 500 - "-" "Mozilla/5.0 (compatible; SemrushBot/7~bl; +http://www.semrush.com/bot.html)" "mantech8.com"
185.191.171.8 - - [19/Nov/2022:16:56:08 -0800] "GET /index.php/camp-fire/1286429.html HTTP/1.1" 500 - "-" "Mozilla/5.0 (compatible; SemrushBot/7~bl; +http://www.semrush.com/bot.html)" "mantech8.com"
185.191.171.26 - - [19/Nov/2022:16:56:23 -0800] "GET /index.php/camp-fire/28261976.html HTTP/1.1" 500 - "-" "Mozilla/5.0 (compatible; SemrushBot/7~bl; +http://www.semrush.com/bot.html)" "mantech8.com"
185.191.171.23 - - [19/Nov/2022:16:56:39 -0800] "GET /index.php/camp-fire/31978230.html HTTP/1.1" 500 - "-" "Mozilla/5.0 (compatible; SemrushBot/7~bl; +http://www.semrush.com/bot.html)" "mantech8.com"
185.191.171.34 - - [19/Nov/2022:16:57:43 -0800] "GET /?camp-fire%2F4801255.html HTTP/1.1" 500 - "-" "Mozilla/5.0 (compatible; SemrushBot/7~bl; +http://www.semrush.com/bot.html)" "mantech8.com"
185.191.171.21 - - [19/Nov/2022:16:57:57 -0800] "GET /index.php/camp-fire/44018317.html HTTP/1.1" 500 - "-" "Mozilla/5.0 (compatible; SemrushBot/7~bl; +http://www.semrush.com/bot.html)" "mantech8.com"
185.191.171.43 - - [19/Nov/2022:16:58:19 -0800] "GET /index.php/camp-fire/17788156.html HTTP/1.1" 500 - "-" "Mozilla/5.0 (compatible; SemrushBot/7~bl; +http://www.semrush.com/bot.html)" "mantech8.com"
185.191.171.13 - - [19/Nov/2022:16:58:39 -0800] "GET /index.php/camp-fire/113770576.html HTTP/1.1" 500 - "-" "Mozilla/5.0 (compatible; SemrushBot/7~bl; +http://www.semrush.com/bot.html)" "mantech8.com"
216.244.66.241 - - [19/Nov/2022:16:58:45 -0800] "GET /robots.txt HTTP/1.1" 200 222 "-" "Mozilla/5.0 (compatible; DotBot/1.2; +https://opensiteexplorer.org/dotbot; help@moz.com)" "www.mantech8.com"
216.244.66.241 - - [19/Nov/2022:16:58:45 -0800] "GET /robots.txt HTTP/1.1" 200 222 "-" "Mozilla/5.0 (compatible; DotBot/1.2; +https://opensiteexplorer.org/dotbot; help@moz.com)" "mantech8.com"
185.191.171.35 - - [19/Nov/2022:16:59:15 -0800] "GET /index.php/camp-fire/36914327.html HTTP/1.1" 500 - "-" "Mozilla/5.0 (compatible; SemrushBot/7~bl; +http://www.semrush.com/bot.html)" "mantech8.com"
185.191.171.5 - - [19/Nov/2022:16:59:38 -0800] "GET /index.php/camp-fire/37057978.html HTTP/1.1" 500 - "-" "Mozilla/5.0 (compatible; SemrushBot/7~bl; +http://www.semrush.com/bot.html)" "mantech8.com"
185.191.171.5 - - [19/Nov/2022:16:59:40 -0800] "GET /index.php/camp-fire/19606224.html HTTP/1.1" 500 - "-" "Mozilla/5.0 (compatible; SemrushBot/7~bl; +http://www.semrush.com/bot.html)" "mantech8.com"
185.191.171.39 - - [19/Nov/2022:17:01:06 -0800] "GET /index.php/camp-fire/4798374.html HTTP/1.1" 500 - "-" "Mozilla/5.0 (compatible; SemrushBot/7~bl; +http://www.semrush.com/bot.html)" "mantech8.com"
185.191.171.9 - - [19/Nov/2022:17:03:12 -0800] "GET /index.php/camp-fire/17646927.html HTTP/1.1" 500 - "-" "Mozilla/5.0 (compatible; SemrushBot/7~bl; +http://www.semrush.com/bot.html)" "mantech8.com"
185.191.171.22 - - [19/Nov/2022:17:03:14 -0800] "GET /index.php/camp-fire/8777729.html HTTP/1.1" 500 - "-" "Mozilla/5.0 (compatible; SemrushBot/7~bl; +http://www.semrush.com/bot.html)" "mantech8.com"
185.191.171.22 - - [19/Nov/2022:17:04:00 -0800] "GET /index.php/camp-fire/31956430.html HTTP/1.1" 500 - "-" "Mozilla/5.0 (compatible; SemrushBot/7~bl; +http://www.semrush.com/bot.html)" "mantech8.com"
185.191.171.14 - - [19/Nov/2022:17:04:02 -0800] "GET /index.php/camp-fire/43286572.html HTTP/1.1" 500 - "-" "Mozilla/5.0 (compatible; SemrushBot/7~bl; +http://www.semrush.com/bot.html)" "mantech8.com"
185.191.171.22 - - [19/Nov/2022:17:04:10 -0800] "GET /index.php/camp-fire/14385874.html HTTP/1.1" 500 - "-" "Mozilla/5.0 (compatible; SemrushBot/7~bl; +http://www.semrush.com/bot.html)" "mantech8.com"
185.191.171.8 - - [19/Nov/2022:17:04:23 -0800] "GET /index.php/camp-fire/15259572.html HTTP/1.1" 500 - "-" "Mozilla/5.0 (compatible; SemrushBot/7~bl; +http://www.semrush.com/bot.html)" "mantech8.com"
185.191.171.8 - - [19/Nov/2022:17:04:34 -0800] "GET /index.php/camp-fire/39877576.html HTTP/1.1" 500 - "-" "Mozilla/5.0 (compatible; SemrushBot/7~bl; +http://www.semrush.com/bot.html)" "mantech8.com"
185.191.171.14 - - [19/Nov/2022:17:04:44 -0800] "GET /index.php/camp-fire/25188655.html HTTP/1.1" 500 - "-" "Mozilla/5.0 (compatible; SemrushBot/7~bl; +http://www.semrush.com/bot.html)" "mantech8.com"
178.32.99.234 - - [19/Nov/2022:17:05:04 -0800] "GET /contact.php HTTP/1.1" 200 29238 "http://mantech8.com/contact.php" "Mozilla/5.0 (Windows NT 10.0; Win64; x64) AppleWebKit/537.36 (KHTML, like Gecko) Chrome/90.0.4430.85 Safari/537.36 Edg/90.0.818.46" "mantech8.com"
185.191.171.26 - - [19/Nov/2022:17:05:38 -0800] "GET /index.php/camp-fire/35033225.html HTTP/1.1" 500 - "-" "Mozilla/5.0 (compatible; SemrushBot/7~bl; +http://www.semrush.com/bot.html)" "mantech8.com"
185.191.171.11 - - [19/Nov/2022:17:06:03 -0800] "GET /index.php/camp-fire/23100081.html HTTP/1.1" 500 - "-" "Mozilla/5.0 (compatible; SemrushBot/7~bl; +http://www.semrush.com/bot.html)" "mantech8.com"
185.191.171.6 - - [19/Nov/2022:17:07:04 -0800] "GET /index.php/camp-fire/25025206.html HTTP/1.1" 500 - "-" "Mozilla/5.0 (compatible; SemrushBot/7~bl; +http://www.semrush.com/bot.html)" "mantech8.com"
185.191.171.33 - - [19/Nov/2022:17:07:05 -0800] "GET /index.php/camp-fire/18016781.html HTTP/1.1" 500 - "-" "Mozilla/5.0 (compatible; SemrushBot/7~bl; +http://www.semrush.com/bot.html)" "mantech8.com"
185.191.171.13 - - [19/Nov/2022:17:07:54 -0800] "GET /index.php/camp-fire/17595956.html HTTP/1.1" 500 - "-" "Mozilla/5.0 (compatible; SemrushBot/7~bl; +http://www.semrush.com/bot.html)" "mantech8.com"
185.191.171.1 - - [19/Nov/2022:17:08:01 -0800] "GET /index.php/camp-fire/28279571.html HTTP/1.1" 500 - "-" "Mozilla/5.0 (compatible; SemrushBot/7~bl; +http://www.semrush.com/bot.html)" "mantech8.com"
185.191.171.12 - - [19/Nov/2022:17:08:03 -0800] "GET /index.php/camp-fire/26112382.html HTTP/1.1" 500 - "-" "Mozilla/5.0 (compatible; SemrushBot/7~bl; +http://www.semrush.com/bot.html)" "mantech8.com"
185.191.171.5 - - [19/Nov/2022:17:08:32 -0800] "GET /index.php/camp-fire/10390990.html HTTP/1.1" 500 - "-" "Mozilla/5.0 (compatible; SemrushBot/7~bl; +http://www.semrush.com/bot.html)" "mantech8.com"
45.227.254.5 - - [19/Nov/2022:17:11:00 -0800] "GET /wp-load.php HTTP/1.1" 404 88 "www.bing.com" "wp_is_mobile" "www.mantech8.com"
45.227.254.5 - - [19/Nov/2022:17:11:07 -0800] "GET /style.php HTTP/1.1" 404 88 "www.bing.com" "wp_is_mobile" "www.mantech8.com"
45.227.254.5 - - [19/Nov/2022:17:11:07 -0800] "GET /wp-admin/style.php HTTP/1.1" 404 88 "www.bing.com" "wp_is_mobile" "www.mantech8.com"
45.227.254.5 - - [19/Nov/2022:17:11:10 -0800] "GET /s_e.php HTTP/1.1" 404 88 "www.bing.com" "wp_is_mobile" "www.mantech8.com"
185.191.171.15 - - [19/Nov/2022:17:11:12 -0800] "GET /index.php/camp-fire/27933021.html HTTP/1.1" 500 - "-" "Mozilla/5.0 (compatible; SemrushBot/7~bl; +http://www.semrush.com/bot.html)" "mantech8.com"
45.227.254.5 - - [19/Nov/2022:17:11:15 -0800] "GET /s_ne.php HTTP/1.1" 404 88 "www.bing.com" "wp_is_mobile" "www.mantech8.com"
45.227.254.5 - - [19/Nov/2022:17:11:18 -0800] "GET /1index.php HTTP/1.1" 404 88 "www.bing.com" "Mozilla/5.0 (Windows NT 10.0; Win64; x64) AppleWebKit/537.36 (KHTML, like Gecko) Chrome/90.0.4430.85 Safari/537.36" "www.mantech8.com"
45.227.254.5 - - [19/Nov/2022:17:11:23 -0800] "GET /3index.php?f=/NmRtJOUjAdutReQj/scRjKUhleBpzmTyO.txt HTTP/1.1" 404 88 "www.bing.com" "Mozilla/5.0 (Windows NT 10.0; Win64; x64) AppleWebKit/537.36 (KHTML, like Gecko) Chrome/90.0.4430.85 Safari/537.36" "www.mantech8.com"
185.191.171.26 - - [19/Nov/2022:17:11:28 -0800] "GET /index.php/camp-fire/20459457.html HTTP/1.1" 500 - "-" "Mozilla/5.0 (compatible; SemrushBot/7~bl; +http://www.semrush.com/bot.html)" "mantech8.com"
45.227.254.5 - - [19/Nov/2022:17:11:29 -0800] "GET /wikindex.php?f=/NmRtJOUjAdutReQj/scRjKUhleBpzmTyO.txt HTTP/1.1" 404 88 "www.bing.com" "Mozilla/5.0 (Windows NT 10.0; Win64; x64) AppleWebKit/537.36 (KHTML, like Gecko) Chrome/90.0.4430.85 Safari/537.36" "www.mantech8.com"
45.227.254.5 - - [19/Nov/2022:17:11:31 -0800] "GET /wp-content/mu-plugins-old/index.php?f=/NmRtJOUjAdutReQj/scRjKUhleBpzmTyO.txt HTTP/1.1" 200 260 "www.bing.com" "Mozilla/5.0 (Windows NT 10.0; Win64; x64) AppleWebKit/537.36 (KHTML, like Gecko) Chrome/90.0.4430.85 Safari/537.36" "www.mantech8.com"
45.227.254.5 - - [19/Nov/2022:17:11:33 -0800] "GET /radio.php HTTP/1.1" 404 88 "www.bing.com" "wp_is_mobile" "www.mantech8.com"
45.227.254.5 - - [19/Nov/2022:17:11:35 -0800] "GET /lock360.php?daksldlkdsadas=1 HTTP/1.1" 404 88 "www.bing.com" "wp_is_mobile" "www.mantech8.com"
185.191.171.19 - - [19/Nov/2022:17:11:38 -0800] "GET /index.php/camp-fire/24735165.html HTTP/1.1" 500 - "-" "Mozilla/5.0 (compatible; SemrushBot/7~bl; +http://www.semrush.com/bot.html)" "mantech8.com"
45.227.254.5 - - [19/Nov/2022:17:11:40 -0800] "GET /wp-load.php?daksldlkdsadas=1 HTTP/1.1" 404 88 "www.bing.com" "wp_is_mobile" "www.mantech8.com"
45.227.254.5 - - [19/Nov/2022:17:11:42 -0800] "GET /old-index.php?daksldlkdsadas=1 HTTP/1.1" 404 88 "www.bing.com" "wp_is_mobile" "www.mantech8.com"
45.227.254.5 - - [19/Nov/2022:17:11:44 -0800] "GET /xmrlpc.php?daksldlkdsadas=1 HTTP/1.1" 404 88 "www.bing.com" "wp_is_mobile" "www.mantech8.com"
45.227.254.5 - - [19/Nov/2022:17:11:45 -0800] "GET /xmlrpcs.php?daksldlkdsadas=1 HTTP/1.1" 404 88 "www.bing.com" "wp_is_mobile" "www.mantech8.com"
45.227.254.5 - - [19/Nov/2022:17:11:46 -0800] "GET /wp-admin.php?daksldlkdsadas=1 HTTP/1.1" 500 - "www.bing.com" "wp_is_mobile" "www.mantech8.com"
45.227.254.5 - - [19/Nov/2022:17:11:55 -0800] "GET /qindex.php?daksldlkdsadas=1 HTTP/1.1" 404 88 "www.bing.com" "wp_is_mobile" "www.mantech8.com"
45.227.254.5 - - [19/Nov/2022:17:11:57 -0800] "GET /doc.php HTTP/1.1" 404 88 "www.bing.com" "wp_is_mobile" "www.mantech8.com"
45.227.254.5 - - [19/Nov/2022:17:11:59 -0800] "GET /wp_wrong_datlib.php HTTP/1.1" 404 88 "www.bing.com" "Mozilla/5.0 (Windows NT 10.0; Win64; x64) AppleWebKit/537.36 (KHTML, like Gecko) Chrome/90.0.4430.85 Safari/537.36" "www.mantech8.com"
45.227.254.5 - - [19/Nov/2022:17:11:59 -0800] "GET /beence.php HTTP/1.1" 404 88 "www.bing.com" "Mozilla/5.0 (Windows NT 10.0; Win64; x64) AppleWebKit/537.36 (KHTML, like Gecko) Chrome/90.0.4430.85 Safari/537.36" "www.mantech8.com"
45.227.254.5 - - [19/Nov/2022:17:12:01 -0800] "GET /ups.php HTTP/1.1" 404 88 "www.bing.com" "wp_is_mobile" "www.mantech8.com"
45.227.254.5 - - [19/Nov/2022:17:12:03 -0800] "GET /wp-signin.php?dizo&ping HTTP/1.1" 404 88 "www.bing.com" "wp_is_mobile" "www.mantech8.com"
45.227.254.5 - - [19/Nov/2022:17:12:08 -0800] "GET /media-admin.php HTTP/1.1" 404 88 "www.bing.com" "wp_is_mobile" "www.mantech8.com"
185.191.171.24 - - [19/Nov/2022:17:12:08 -0800] "GET /index.php/camp-fire/37779755.html HTTP/1.1" 500 - "-" "Mozilla/5.0 (compatible; SemrushBot/7~bl; +http://www.semrush.com/bot.html)" "mantech8.com"
45.227.254.5 - - [19/Nov/2022:17:12:11 -0800] "GET /export.php HTTP/1.1" 404 88 "www.bing.com" "Mozilla/5.0 (Windows NT 10.0; Win64; x64) AppleWebKit/537.36 (KHTML, like Gecko) Chrome/90.0.4430.85 Safari/537.36" "www.mantech8.com"
45.227.254.5 - - [19/Nov/2022:17:12:12 -0800] "GET /wp-content/export.php HTTP/1.1" 404 88 "www.bing.com" "Mozilla/5.0 (Windows NT 10.0; Win64; x64) AppleWebKit/537.36 (KHTML, like Gecko) Chrome/90.0.4430.85 Safari/537.36" "www.mantech8.com"
45.227.254.5 - - [19/Nov/2022:17:12:13 -0800] "GET /wp-includes/wp-class.php HTTP/1.1" 404 88 "www.bing.com" "wp_is_mobile" "www.mantech8.com"
45.227.254.5 - - [19/Nov/2022:17:12:16 -0800] "GET /wp-includes/wp-atom.php HTTP/1.1" 404 88 "www.bing.com" "Mozilla/5.0 (Windows NT 10.0; Win64; x64) AppleWebKit/537.36 (KHTML, like Gecko) Chrome/90.0.4430.85 Safari/537.36" "www.mantech8.com"
45.227.254.5 - - [19/Nov/2022:17:12:26 -0800] "GET /wp-includes/images/css.php HTTP/1.1" 404 88 "www.bing.com" "Mozilla/5.0 (Windows NT 10.0; Win64; x64) AppleWebKit/537.36 (KHTML, like Gecko) Chrome/90.0.4430.85 Safari/537.36" "www.mantech8.com"
45.227.254.5 - - [19/Nov/2022:17:12:27 -0800] "GET /wp-includes/css/css.php HTTP/1.1" 404 88 "www.bing.com" "Mozilla/5.0 (Windows NT 10.0; Win64; x64) AppleWebKit/537.36 (KHTML, like Gecko) Chrome/90.0.4430.85 Safari/537.36" "www.mantech8.com"
45.227.254.5 - - [19/Nov/2022:17:12:31 -0800] "GET /defau1t.php HTTP/1.1" 404 88 "www.bing.com" "Mozilla/5.0 (Windows NT 10.0; Win64; x64) AppleWebKit/537.36 (KHTML, like Gecko) Chrome/90.0.4430.85 Safari/537.36" "www.mantech8.com"
45.227.254.5 - - [19/Nov/2022:17:12:33 -0800] "GET /css.php HTTP/1.1" 404 88 "www.bing.com" "wp_is_mobile" "www.mantech8.com"
185.191.171.44 - - [19/Nov/2022:17:12:34 -0800] "GET /index.php/camp-fire/17708680.html HTTP/1.1" 500 - "-" "Mozilla/5.0 (compatible; SemrushBot/7~bl; +http://www.semrush.com/bot.html)" "mantech8.com"
45.227.254.5 - - [19/Nov/2022:17:12:34 -0800] "GET /moduless.php HTTP/1.1" 404 88 "www.bing.com" "Mozilla/5.0 (Windows NT 10.0; Win64; x64) AppleWebKit/537.36 (KHTML, like Gecko) Chrome/90.0.4430.85 Safari/537.36" "www.mantech8.com"
45.227.254.5 - - [19/Nov/2022:17:12:36 -0800] "GET /wp-booking.php HTTP/1.1" 404 88 "www.bing.com" "wp_is_mobile" "www.mantech8.com"
45.227.254.5 - - [19/Nov/2022:17:12:39 -0800] "GET /wp-content/plugins/backup_index.php HTTP/1.1" 404 88 "www.bing.com" "wp_is_mobile" "www.mantech8.com"
45.227.254.5 - - [19/Nov/2022:17:12:40 -0800] "GET /wp-content/mu-plugins/db-safe-mode.php HTTP/1.1" 404 88 "www.bing.com" "wp_is_mobile" "www.mantech8.com"
45.227.254.5 - - [19/Nov/2022:17:12:40 -0800] "GET /wp-includes/css/wp-config.php HTTP/1.1" 404 88 "www.bing.com" "wp_is_mobile" "www.mantech8.com"
45.227.254.5 - - [19/Nov/2022:17:12:42 -0800] "GET /config.bak.php HTTP/1.1" 404 88 "www.bing.com" "wp_is_mobile" "www.mantech8.com"
45.227.254.5 - - [19/Nov/2022:17:12:42 -0800] "GET /wp-content/themes/config.bak.php HTTP/1.1" 404 88 "www.bing.com" "wp_is_mobile" "www.mantech8.com"
45.227.254.5 - - [19/Nov/2022:17:12:46 -0800] "GET /legion.php HTTP/1.1" 404 88 "www.bing.com" "wp_is_mobile" "www.mantech8.com"
45.227.254.5 - - [19/Nov/2022:17:12:48 -0800] "GET /wp-content/plugins/wpconfig.bak.php?act=sf HTTP/1.1" 404 88 "www.bing.com" "Mozilla/5.0 (Windows NT 10.0; Win64; x64) AppleWebKit/537.36 (KHTML, like Gecko) Chrome/90.0.4430.85 Safari/537.36" "www.mantech8.com"
45.227.254.5 - - [19/Nov/2022:17:12:49 -0800] "GET /wp-plugins.php HTTP/1.1" 404 88 "www.bing.com" "wp_is_mobile" "www.mantech8.com"
45.227.254.5 - - [19/Nov/2022:17:12:50 -0800] "GET /gank.php.PhP HTTP/1.1" 404 88 "www.bing.com" "wp_is_mobile" "www.mantech8.com"
45.227.254.5 - - [19/Nov/2022:17:12:53 -0800] "GET /wp-content/db-cache.php HTTP/1.1" 404 88 "www.bing.com" "wp_is_mobile" "www.mantech8.com"
45.227.254.5 - - [19/Nov/2022:17:12:57 -0800] "GET /archives.php HTTP/1.1" 404 88 "www.bing.com" "Mozilla/5.0 (Windows NT 10.0; Win64; x64) AppleWebKit/537.36 (KHTML, like Gecko) Chrome/90.0.4430.85 Safari/537.36" "www.mantech8.com"
45.227.254.5 - - [19/Nov/2022:17:13:01 -0800] "GET /xindex.php HTTP/1.1" 404 88 "www.bing.com" "wp_is_mobile" "www.mantech8.com"
45.227.254.5 - - [19/Nov/2022:17:13:05 -0800] "GET /defau11.php HTTP/1.1" 404 88 "www.bing.com" "Mozilla/5.0 (Windows NT 10.0; Win64; x64) AppleWebKit/537.36 (KHTML, like Gecko) Chrome/90.0.4430.85 Safari/537.36" "www.mantech8.com"
45.227.254.5 - - [19/Nov/2022:17:13:11 -0800] "GET /wp-content/outcms.php?up HTTP/1.1" 404 88 "www.bing.com" "wp_is_mobile" "www.mantech8.com"
45.227.254.5 - - [19/Nov/2022:17:13:12 -0800] "GET /system_log.php?bala=up HTTP/1.1" 404 88 "www.bing.com" "wp_is_mobile" "www.mantech8.com"
185.191.171.25 - - [19/Nov/2022:17:13:15 -0800] "GET /index.php/camp-fire/14529424.html HTTP/1.1" 500 - "-" "Mozilla/5.0 (compatible; SemrushBot/7~bl; +http://www.semrush.com/bot.html)" "mantech8.com"
45.227.254.5 - - [19/Nov/2022:17:13:19 -0800] "GET /wp-backup-sql-302.php HTTP/1.1" 404 88 "www.bing.com" "wp_is_mobile" "www.mantech8.com"
185.191.171.33 - - [19/Nov/2022:17:13:20 -0800] "GET /index.php/camp-fire/4729393.html HTTP/1.1" 500 - "-" "Mozilla/5.0 (compatible; SemrushBot/7~bl; +http://www.semrush.com/bot.html)" "mantech8.com"
45.227.254.5 - - [19/Nov/2022:17:13:22 -0800] "GET /error.php?phpshells HTTP/1.1" 404 88 "www.bing.com" "wp_is_mobile" "www.mantech8.com"
45.227.254.5 - - [19/Nov/2022:17:13:25 -0800] "GET /ALFA_DATA HTTP/1.1" 404 88 "www.bing.com" "wp_is_mobile" "www.mantech8.com"
45.227.254.5 - - [19/Nov/2022:17:13:26 -0800] "GET /alfacgiapi HTTP/1.1" 404 88 "www.bing.com" "wp_is_mobile" "www.mantech8.com"
45.227.254.5 - - [19/Nov/2022:17:13:27 -0800] "GET /cgialfa HTTP/1.1" 404 88 "www.bing.com" "wp_is_mobile" "www.mantech8.com"
45.227.254.5 - - [19/Nov/2022:17:13:29 -0800] "GET /wp-content/uploads/ALFA_DATA HTTP/1.1" 404 88 "www.bing.com" "wp_is_mobile" "www.mantech8.com"
45.227.254.5 - - [19/Nov/2022:17:13:31 -0800] "GET /wp-content/uploads/alfacgiapi HTTP/1.1" 404 88 "www.bing.com" "wp_is_mobile" "www.mantech8.com"
45.227.254.5 - - [19/Nov/2022:17:13:32 -0800] "GET /wp-content/uploads/cgialfa HTTP/1.1" 404 88 "www.bing.com" "wp_is_mobile" "www.mantech8.com"
45.227.254.5 - - [19/Nov/2022:17:13:32 -0800] "GET /wp-includes/ALFA_DATA HTTP/1.1" 404 88 "www.bing.com" "wp_is_mobile" "www.mantech8.com"
45.227.254.5 - - [19/Nov/2022:17:13:33 -0800] "GET /wp-includes/alfacgiapi HTTP/1.1" 404 88 "www.bing.com" "wp_is_mobile" "www.mantech8.com"
45.227.254.5 - - [19/Nov/2022:17:13:35 -0800] "GET /wp-includes/cgialfa HTTP/1.1" 404 88 "www.bing.com" "wp_is_mobile" "www.mantech8.com"
45.227.254.5 - - [19/Nov/2022:17:13:36 -0800] "GET /wp-admin/ALFA_DATA HTTP/1.1" 404 88 "www.bing.com" "wp_is_mobile" "www.mantech8.com"
45.227.254.5 - - [19/Nov/2022:17:13:37 -0800] "GET /wp-admin/alfacgiapi HTTP/1.1" 404 88 "www.bing.com" "wp_is_mobile" "www.mantech8.com"
45.227.254.5 - - [19/Nov/2022:17:13:38 -0800] "GET /wp-admin/cgialfa HTTP/1.1" 404 88 "www.bing.com" "wp_is_mobile" "www.mantech8.com"
45.227.254.5 - - [19/Nov/2022:17:13:39 -0800] "GET /wp-content/ALFA_DATA HTTP/1.1" 404 88 "www.bing.com" "wp_is_mobile" "www.mantech8.com"
45.227.254.5 - - [19/Nov/2022:17:13:39 -0800] "GET /wp-content/alfacgiapi HTTP/1.1" 404 88 "www.bing.com" "wp_is_mobile" "www.mantech8.com"
45.227.254.5 - - [19/Nov/2022:17:13:40 -0800] "GET /wp-content/cgialfa HTTP/1.1" 404 88 "www.bing.com" "wp_is_mobile" "www.mantech8.com"
45.227.254.5 - - [19/Nov/2022:17:13:40 -0800] "GET /templates/beez3/ALFA_DATA HTTP/1.1" 404 88 "www.bing.com" "wp_is_mobile" "www.mantech8.com"
45.227.254.5 - - [19/Nov/2022:17:13:40 -0800] "GET /templates/beez3/alfacgiapi HTTP/1.1" 404 88 "www.bing.com" "wp_is_mobile" "www.mantech8.com"
45.227.254.5 - - [19/Nov/2022:17:13:41 -0800] "GET /templates/beez3/cgialfa HTTP/1.1" 404 88 "www.bing.com" "wp_is_mobile" "www.mantech8.com"
45.227.254.5 - - [19/Nov/2022:17:13:42 -0800] "GET /sites/default/files/ALFA_DATA HTTP/1.1" 404 88 "www.bing.com" "wp_is_mobile" "www.mantech8.com"
45.227.254.5 - - [19/Nov/2022:17:13:43 -0800] "GET /sites/default/files/alfacgiapi HTTP/1.1" 404 88 "www.bing.com" "wp_is_mobile" "www.mantech8.com"
45.227.254.5 - - [19/Nov/2022:17:13:43 -0800] "GET /sites/default/files/cgialfa HTTP/1.1" 404 88 "www.bing.com" "wp_is_mobile" "www.mantech8.com"
45.227.254.5 - - [19/Nov/2022:17:13:44 -0800] "GET /admin/controller/extension/extension/ALFA_DATA HTTP/1.1" 404 88 "www.bing.com" "wp_is_mobile" "www.mantech8.com"
45.227.254.5 - - [19/Nov/2022:17:13:45 -0800] "GET /admin/controller/extension/extension/alfacgiapi HTTP/1.1" 404 88 "www.bing.com" "wp_is_mobile" "www.mantech8.com"
45.227.254.5 - - [19/Nov/2022:17:13:46 -0800] "GET /admin/controller/extension/extension/cgialfa HTTP/1.1" 404 88 "www.bing.com" "wp_is_mobile" "www.mantech8.com"
45.227.254.5 - - [19/Nov/2022:17:13:48 -0800] "GET /wp-content/plugins/ubh/up.php HTTP/1.1" 404 88 "www.bing.com" "wp_is_mobile" "www.mantech8.com"
45.227.254.5 - - [19/Nov/2022:17:13:48 -0800] "GET /index.php?3x=3x HTTP/1.1" 200 846 "www.bing.com" "wp_is_mobile" "www.mantech8.com"
45.227.254.5 - - [19/Nov/2022:17:13:49 -0800] "GET /about.php HTTP/1.1" 404 88 "www.bing.com" "wp_is_mobile" "www.mantech8.com"
45.227.254.5 - - [19/Nov/2022:17:13:49 -0800] "GET /shells.php HTTP/1.1" 404 88 "www.bing.com" "wp_is_mobile" "www.mantech8.com"
45.227.254.5 - - [19/Nov/2022:17:13:50 -0800] "GET /olux.php HTTP/1.1" 404 88 "www.bing.com" "wp_is_mobile" "www.mantech8.com"
45.227.254.5 - - [19/Nov/2022:17:13:51 -0800] "GET /xleet.php HTTP/1.1" 404 88 "www.bing.com" "wp_is_mobile" "www.mantech8.com"
45.227.254.5 - - [19/Nov/2022:17:13:51 -0800] "GET /wso.php HTTP/1.1" 404 88 "www.bing.com" "wp_is_mobile" "www.mantech8.com"
45.227.254.5 - - [19/Nov/2022:17:13:51 -0800] "GET /shell.php HTTP/1.1" 404 88 "www.bing.com" "wp_is_mobile" "www.mantech8.com"
45.227.254.5 - - [19/Nov/2022:17:13:52 -0800] "GET /up.php HTTP/1.1" 404 88 "www.bing.com" "wp_is_mobile" "www.mantech8.com"
45.227.254.5 - - [19/Nov/2022:17:13:52 -0800] "GET /upload.php HTTP/1.1" 404 88 "www.bing.com" "wp_is_mobile" "www.mantech8.com"
45.227.254.5 - - [19/Nov/2022:17:13:52 -0800] "GET /1.php HTTP/1.1" 500 - "www.bing.com" "wp_is_mobile" "www.mantech8.com"
45.227.254.5 - - [19/Nov/2022:17:13:53 -0800] "GET /x.php HTTP/1.1" 404 88 "www.bing.com" "wp_is_mobile" "www.mantech8.com"
45.227.254.5 - - [19/Nov/2022:17:13:53 -0800] "GET /z.php HTTP/1.1" 404 88 "www.bing.com" "wp_is_mobile" "www.mantech8.com"
45.227.254.5 - - [19/Nov/2022:17:13:54 -0800] "GET /a.php HTTP/1.1" 404 88 "www.bing.com" "wp_is_mobile" "www.mantech8.com"
