185.191.171.3 - - [15/Nov/2022:06:39:37 -0800] "GET /index.php/camp-fire/25221606.html HTTP/1.1" 500 - "-" "Mozilla/5.0 (compatible; SemrushBot/7~bl; +http://www.semrush.com/bot.html)" "mantech8.com"
109.107.184.211 - - [15/Nov/2022:06:39:54 -0800] "GET /verificationimage.php?7425 HTTP/1.1" 200 1383 "http://mantech8.com/contact.php" "Mozilla/5.0 (Windows NT 10.0; WOW64) AppleWebKit/537.36 (KHTML, like Gecko) Chrome/90.0.4430.72 Safari/537.36" "mantech8.com"
109.107.184.211 - - [15/Nov/2022:06:39:53 -0800] "GET /contact.php HTTP/1.1" 200 29238 "http://mantech8.com/contact.php" "Mozilla/5.0 (Windows NT 10.0; WOW64) AppleWebKit/537.36 (KHTML, like Gecko) Chrome/90.0.4430.72 Safari/537.36" "mantech8.com"
109.107.184.211 - - [15/Nov/2022:06:39:54 -0800] "POST /mailer.php HTTP/1.1" 500 - "http://mantech8.com/contact.php" "Mozilla/5.0 (Windows NT 10.0; WOW64) AppleWebKit/537.36 (KHTML, like Gecko) Chrome/90.0.4430.72 Safari/537.36" "mantech8.com"
185.191.171.38 - - [15/Nov/2022:06:40:34 -0800] "GET /?camp-fire%2F7344980.html HTTP/1.1" 500 - "-" "Mozilla/5.0 (compatible; SemrushBot/7~bl; +http://www.semrush.com/bot.html)" "mantech8.com"
185.191.171.26 - - [15/Nov/2022:06:40:49 -0800] "GET /index.php/camp-fire/13925359.html HTTP/1.1" 500 - "-" "Mozilla/5.0 (compatible; SemrushBot/7~bl; +http://www.semrush.com/bot.html)" "mantech8.com"
66.249.66.16 - - [15/Nov/2022:06:40:52 -0800] "GET /bimages/scafg/thump/sb12.jpg HTTP/1.1" 200 161160 "-" "Googlebot-Image/1.0" "www.mantech8.com"
185.191.171.6 - - [15/Nov/2022:06:41:06 -0800] "GET /index.php/camp-fire/9139651.html HTTP/1.1" 500 - "-" "Mozilla/5.0 (compatible; SemrushBot/7~bl; +http://www.semrush.com/bot.html)" "mantech8.com"
185.191.171.6 - - [15/Nov/2022:06:41:15 -0800] "GET /index.php/camp-fire/31833447.html HTTP/1.1" 500 - "-" "Mozilla/5.0 (compatible; SemrushBot/7~bl; +http://www.semrush.com/bot.html)" "mantech8.com"
185.191.171.23 - - [15/Nov/2022:06:41:43 -0800] "GET /?camp-fire%2F4300400.html HTTP/1.1" 500 - "-" "Mozilla/5.0 (compatible; SemrushBot/7~bl; +http://www.semrush.com/bot.html)" "mantech8.com"
185.191.171.44 - - [15/Nov/2022:06:41:48 -0800] "GET /?camp-fire%2F48468250.html HTTP/1.1" 500 - "-" "Mozilla/5.0 (compatible; SemrushBot/7~bl; +http://www.semrush.com/bot.html)" "mantech8.com"
114.119.133.166 - - [15/Nov/2022:06:41:57 -0800] "GET /index.php?murium.xml HTTP/1.1" 200 289292 "-" "Mozilla/5.0 (Linux; Android 7.0;) AppleWebKit/537.36 (KHTML, like Gecko) Mobile Safari/537.36 (compatible; PetalBot;+https://webmaster.petalsearch.com/site/petalbot)" "mantech8.com"
185.191.171.24 - - [15/Nov/2022:06:43:32 -0800] "GET /index.php/camp-fire/5208774.html HTTP/1.1" 500 - "-" "Mozilla/5.0 (compatible; SemrushBot/7~bl; +http://www.semrush.com/bot.html)" "mantech8.com"
185.191.171.12 - - [15/Nov/2022:06:43:40 -0800] "GET /?camp-fire%2F1474090.html HTTP/1.1" 500 - "-" "Mozilla/5.0 (compatible; SemrushBot/7~bl; +http://www.semrush.com/bot.html)" "mantech8.com"
185.191.171.20 - - [15/Nov/2022:06:44:31 -0800] "GET /index.php/camp-fire/262798.html HTTP/1.1" 500 - "-" "Mozilla/5.0 (compatible; SemrushBot/7~bl; +http://www.semrush.com/bot.html)" "mantech8.com"
185.191.171.10 - - [15/Nov/2022:06:45:22 -0800] "GET /?camp-fire%2F4310565.html HTTP/1.1" 500 - "-" "Mozilla/5.0 (compatible; SemrushBot/7~bl; +http://www.semrush.com/bot.html)" "mantech8.com"
185.191.171.5 - - [15/Nov/2022:06:46:36 -0800] "GET /index.php/camp-fire/20637983.html HTTP/1.1" 500 - "-" "Mozilla/5.0 (compatible; SemrushBot/7~bl; +http://www.semrush.com/bot.html)" "mantech8.com"
185.191.171.9 - - [15/Nov/2022:06:46:57 -0800] "GET /index.php/camp-fire/10838298.html HTTP/1.1" 500 - "-" "Mozilla/5.0 (compatible; SemrushBot/7~bl; +http://www.semrush.com/bot.html)" "mantech8.com"
185.191.171.25 - - [15/Nov/2022:06:47:22 -0800] "GET /?camp-fire%2F48469050.html HTTP/1.1" 500 - "-" "Mozilla/5.0 (compatible; SemrushBot/7~bl; +http://www.semrush.com/bot.html)" "mantech8.com"
185.191.171.42 - - [15/Nov/2022:06:47:32 -0800] "GET /?camp-fire%2F7640808.html HTTP/1.1" 500 - "-" "Mozilla/5.0 (compatible; SemrushBot/7~bl; +http://www.semrush.com/bot.html)" "mantech8.com"
114.119.133.190 - - [15/Nov/2022:06:47:20 -0800] "GET /index.php?sitemap732.xml HTTP/1.1" 200 289150 "-" "Mozilla/5.0 (Linux; Android 7.0;) AppleWebKit/537.36 (KHTML, like Gecko) Mobile Safari/537.36 (compatible; PetalBot;+https://webmaster.petalsearch.com/site/petalbot)" "mantech8.com"
207.46.13.177 - - [15/Nov/2022:06:47:37 -0800] "GET / HTTP/1.1" 200 64888 "-" "Mozilla/5.0 AppleWebKit/537.36 (KHTML, like Gecko; compatible; bingbot/2.0; +http://www.bing.com/bingbot.htm) Chrome/103.0.5060.134 Safari/537.36" "www.mantech8.com"
42.236.10.116 - - [15/Nov/2022:06:48:04 -0800] "GET / HTTP/1.1" 500 - "http://www.mantech8.com/" "Mozilla/5.0 (Windows NT 6.1; WOW64) AppleWebKit/537.36 (KHTML, like Gecko) Chrome/50.0.2661.102 Safari/537.36; 360Spider" "www.mantech8.com"
185.191.171.43 - - [15/Nov/2022:06:48:22 -0800] "GET /?camp-fire%2F7377880.html HTTP/1.1" 500 - "-" "Mozilla/5.0 (compatible; SemrushBot/7~bl; +http://www.semrush.com/bot.html)" "mantech8.com"
185.191.171.9 - - [15/Nov/2022:06:48:42 -0800] "GET /index.php?camp-fire%2F497469.html HTTP/1.1" 500 - "-" "Mozilla/5.0 (compatible; SemrushBot/7~bl; +http://www.semrush.com/bot.html)" "mantech8.com"
185.191.171.39 - - [15/Nov/2022:06:48:53 -0800] "GET /?camp-fire%2F9797583.html HTTP/1.1" 500 - "-" "Mozilla/5.0 (compatible; SemrushBot/7~bl; +http://www.semrush.com/bot.html)" "mantech8.com"
185.191.171.25 - - [15/Nov/2022:06:49:01 -0800] "GET /index.php/camp-fire/13906859.html HTTP/1.1" 500 - "-" "Mozilla/5.0 (compatible; SemrushBot/7~bl; +http://www.semrush.com/bot.html)" "mantech8.com"
185.191.171.5 - - [15/Nov/2022:06:49:20 -0800] "GET /index.php/camp-fire/24254717.html HTTP/1.1" 500 - "-" "Mozilla/5.0 (compatible; SemrushBot/7~bl; +http://www.semrush.com/bot.html)" "mantech8.com"
185.191.171.5 - - [15/Nov/2022:06:49:31 -0800] "GET /index.php/camp-fire/24377850.html HTTP/1.1" 500 - "-" "Mozilla/5.0 (compatible; SemrushBot/7~bl; +http://www.semrush.com/bot.html)" "mantech8.com"
185.191.171.40 - - [15/Nov/2022:06:50:07 -0800] "GET /index.php/camp-fire/59328608.html HTTP/1.1" 500 - "-" "Mozilla/5.0 (compatible; SemrushBot/7~bl; +http://www.semrush.com/bot.html)" "mantech8.com"
207.46.13.177 - - [15/Nov/2022:06:50:28 -0800] "GET /index.php/eaYH-0eb06debde-Rjknm.Ii HTTP/1.1" 200 69474 "-" "Mozilla/5.0 (compatible; bingbot/2.0; +http://www.bing.com/bingbot.htm)" "www.mantech8.com"
52.34.76.65 - - [15/Nov/2022:06:51:02 -0800] "GET / HTTP/1.1" 500 - "-" "Mozilla/5.0 (Windows NT 6.1; Win64; x64) AppleWebKit/537.36 (KHTML, like Gecko) Chrome/106.0.0.0 Safari/537.36" "mantech8.com"
185.191.171.12 - - [15/Nov/2022:06:51:10 -0800] "GET /?camp-fire%2F44540925.html HTTP/1.1" 500 - "-" "Mozilla/5.0 (compatible; SemrushBot/7~bl; +http://www.semrush.com/bot.html)" "mantech8.com"
185.191.171.25 - - [15/Nov/2022:06:51:56 -0800] "GET /?camp-fire%2F2828859.html HTTP/1.1" 500 - "-" "Mozilla/5.0 (compatible; SemrushBot/7~bl; +http://www.semrush.com/bot.html)" "mantech8.com"
104.148.106.84 - - [15/Nov/2022:06:52:17 -0800] "GET / HTTP/1.1" 500 - "-" "Mozilla/5.0 (Windows NT 6.1; Win64; x64) AppleWebKit/537.36 (KHTML, like Gecko) Chrome/106.0.0.0 Safari/537.36" "mantech8.com"
180.163.220.101 - - [15/Nov/2022:06:52:58 -0800] "GET / HTTP/1.1" 500 - "http://mantech8.com/" "Mozilla/5.0 (Windows NT 6.1; WOW64) AppleWebKit/537.36 (KHTML, like Gecko) Chrome/50.0.2661.102 Safari/537.36; 360Spider" "mantech8.com"
185.191.171.33 - - [15/Nov/2022:06:53:11 -0800] "GET /?camp-fire%2F7715208.html HTTP/1.1" 500 - "-" "Mozilla/5.0 (compatible; SemrushBot/7~bl; +http://www.semrush.com/bot.html)" "mantech8.com"
185.191.171.35 - - [15/Nov/2022:06:53:30 -0800] "GET /index.php/camp-fire/22866776.html HTTP/1.1" 500 - "-" "Mozilla/5.0 (compatible; SemrushBot/7~bl; +http://www.semrush.com/bot.html)" "mantech8.com"
40.77.167.42 - - [15/Nov/2022:06:54:24 -0800] "GET /WtZk-662c5edae-n2oww.Ii HTTP/1.1" 404 88 "-" "Mozilla/5.0 AppleWebKit/537.36 (KHTML, like Gecko; compatible; bingbot/2.0; +http://www.bing.com/bingbot.htm) Chrome/103.0.5060.134 Safari/537.36" "www.mantech8.com"
185.128.178.5 - - [15/Nov/2022:06:54:37 -0800] "GET / HTTP/1.1" 500 - "-" "Mozilla/5.0 (Windows NT 6.1; Win64; x64; rv:106.0) Gecko/20100101 Firefox/106.0" "mantech8.com"
185.191.171.1 - - [15/Nov/2022:06:54:59 -0800] "GET /index.php?camp-fire%2F276298.html HTTP/1.1" 500 - "-" "Mozilla/5.0 (compatible; SemrushBot/7~bl; +http://www.semrush.com/bot.html)" "mantech8.com"
185.191.171.38 - - [15/Nov/2022:06:55:00 -0800] "GET /?camp-fire%2F4304898.html HTTP/1.1" 500 - "-" "Mozilla/5.0 (compatible; SemrushBot/7~bl; +http://www.semrush.com/bot.html)" "mantech8.com"
185.191.171.34 - - [15/Nov/2022:06:55:15 -0800] "GET /?camp-fire%2F4077265.html HTTP/1.1" 500 - "-" "Mozilla/5.0 (compatible; SemrushBot/7~bl; +http://www.semrush.com/bot.html)" "mantech8.com"
114.119.133.158 - - [15/Nov/2022:06:55:17 -0800] "GET /bimages/electric/?C=M%3BO%3DA HTTP/1.1" 200 420 "http://mantech8.com/bimages/electric/?C=S%3BO%3DA" "Mozilla/5.0 (Linux; Android 7.0;) AppleWebKit/537.36 (KHTML, like Gecko) Mobile Safari/537.36 (compatible; PetalBot;+https://webmaster.petalsearch.com/site/petalbot)" "mantech8.com"
185.191.171.17 - - [15/Nov/2022:06:55:21 -0800] "GET /?camp-fire%2F8115193.html HTTP/1.1" 500 - "-" "Mozilla/5.0 (compatible; SemrushBot/7~bl; +http://www.semrush.com/bot.html)" "mantech8.com"
185.191.171.16 - - [15/Nov/2022:06:55:29 -0800] "GET /index.php/camp-fire/10171090.html HTTP/1.1" 500 - "-" "Mozilla/5.0 (compatible; SemrushBot/7~bl; +http://www.semrush.com/bot.html)" "mantech8.com"
185.191.171.42 - - [15/Nov/2022:06:55:39 -0800] "GET /index.php/camp-fire/106978616.html HTTP/1.1" 500 - "-" "Mozilla/5.0 (compatible; SemrushBot/7~bl; +http://www.semrush.com/bot.html)" "mantech8.com"
207.46.13.65 - - [15/Nov/2022:06:55:55 -0800] "GET /index.php/Mcko-66adc-Vb0T5.Ii HTTP/1.1" 200 69920 "-" "Mozilla/5.0 (compatible; bingbot/2.0; +http://www.bing.com/bingbot.htm)" "www.mantech8.com"
185.191.171.11 - - [15/Nov/2022:06:56:35 -0800] "GET /index.php/camp-fire/1617290.html HTTP/1.1" 500 - "-" "Mozilla/5.0 (compatible; SemrushBot/7~bl; +http://www.semrush.com/bot.html)" "mantech8.com"
185.191.171.21 - - [15/Nov/2022:06:56:47 -0800] "GET /?camp-fire%2F8275180.html HTTP/1.1" 500 - "-" "Mozilla/5.0 (compatible; SemrushBot/7~bl; +http://www.semrush.com/bot.html)" "mantech8.com"
40.77.167.42 - - [15/Nov/2022:06:56:56 -0800] "GET / HTTP/1.1" 200 64283 "-" "Mozilla/5.0 AppleWebKit/537.36 (KHTML, like Gecko; compatible; bingbot/2.0; +http://www.bing.com/bingbot.htm) Chrome/103.0.5060.134 Safari/537.36" "www.mantech8.com"
185.191.171.7 - - [15/Nov/2022:06:57:27 -0800] "GET /index.php?camp-fire%2F836298.html HTTP/1.1" 500 - "-" "Mozilla/5.0 (compatible; SemrushBot/7~bl; +http://www.semrush.com/bot.html)" "mantech8.com"
185.191.171.24 - - [15/Nov/2022:06:57:44 -0800] "GET /index.php/camp-fire/17858583.html HTTP/1.1" 500 - "-" "Mozilla/5.0 (compatible; SemrushBot/7~bl; +http://www.semrush.com/bot.html)" "mantech8.com"
185.191.171.42 - - [15/Nov/2022:06:57:48 -0800] "GET /?camp-fire%2F5432877.html HTTP/1.1" 500 - "-" "Mozilla/5.0 (compatible; SemrushBot/7~bl; +http://www.semrush.com/bot.html)" "mantech8.com"
171.22.229.74 - - [15/Nov/2022:06:58:02 -0800] "GET / HTTP/1.1" 500 - "-" "Mozilla/5.0 (Windows NT 6.1; Win64; x64) AppleWebKit/537.36 (KHTML, like Gecko) Chrome/106.0.0.0 Safari/537.36" "mantech8.com"
185.191.171.37 - - [15/Nov/2022:06:58:07 -0800] "GET /index.php/camp-fire/43609316.html HTTP/1.1" 500 - "-" "Mozilla/5.0 (compatible; SemrushBot/7~bl; +http://www.semrush.com/bot.html)" "mantech8.com"
185.191.171.26 - - [15/Nov/2022:06:58:21 -0800] "GET /index.php/camp-fire/733769.html HTTP/1.1" 500 - "-" "Mozilla/5.0 (compatible; SemrushBot/7~bl; +http://www.semrush.com/bot.html)" "mantech8.com"
185.191.171.1 - - [15/Nov/2022:06:58:33 -0800] "GET /?camp-fire%2F3784598.html HTTP/1.1" 500 - "-" "Mozilla/5.0 (compatible; SemrushBot/7~bl; +http://www.semrush.com/bot.html)" "mantech8.com"
185.191.171.8 - - [15/Nov/2022:06:59:16 -0800] "GET /?camp-fire%2F5750755.html HTTP/1.1" 500 - "-" "Mozilla/5.0 (compatible; SemrushBot/7~bl; +http://www.semrush.com/bot.html)" "mantech8.com"
40.77.167.42 - - [15/Nov/2022:07:00:06 -0800] "GET /blJc-c365fbbbc-ksZEo.Ii HTTP/1.1" 404 88 "-" "Mozilla/5.0 (compatible; bingbot/2.0; +http://www.bing.com/bingbot.htm)" "www.mantech8.com"
114.119.133.165 - - [15/Nov/2022:07:00:32 -0800] "GET /index.php/sitemap4099.xml HTTP/1.1" 200 289335 "-" "Mozilla/5.0 (Linux; Android 7.0;) AppleWebKit/537.36 (KHTML, like Gecko) Mobile Safari/537.36 (compatible; PetalBot;+https://webmaster.petalsearch.com/site/petalbot)" "mantech8.com"
185.191.171.44 - - [15/Nov/2022:07:00:45 -0800] "GET /?camp-fire%2F48443533.html HTTP/1.1" 500 - "-" "Mozilla/5.0 (compatible; SemrushBot/7~bl; +http://www.semrush.com/bot.html)" "mantech8.com"
185.191.171.21 - - [15/Nov/2022:07:00:48 -0800] "GET /robots.txt HTTP/1.1" 200 106 "-" "Mozilla/5.0 (compatible; SemrushBot/7~bl; +http://www.semrush.com/bot.html)" "mantech8.com"
185.191.171.12 - - [15/Nov/2022:07:00:49 -0800] "GET /index.php/camp-fire/26833821.html HTTP/1.1" 500 - "-" "Mozilla/5.0 (compatible; SemrushBot/7~bl; +http://www.semrush.com/bot.html)" "mantech8.com"
185.191.171.21 - - [15/Nov/2022:07:01:10 -0800] "GET /?camp-fire%2F8810021.html HTTP/1.1" 500 - "-" "Mozilla/5.0 (compatible; SemrushBot/7~bl; +http://www.semrush.com/bot.html)" "mantech8.com"
185.191.171.15 - - [15/Nov/2022:07:01:18 -0800] "GET /index.php/camp-fire/10185690.html HTTP/1.1" 500 - "-" "Mozilla/5.0 (compatible; SemrushBot/7~bl; +http://www.semrush.com/bot.html)" "mantech8.com"
185.191.171.16 - - [15/Nov/2022:07:01:20 -0800] "GET /?camp-fire%2F6091355.html HTTP/1.1" 500 - "-" "Mozilla/5.0 (compatible; SemrushBot/7~bl; +http://www.semrush.com/bot.html)" "mantech8.com"
206.127.208.84 - - [15/Nov/2022:07:01:51 -0800] "GET / HTTP/1.1" 500 - "-" "Mozilla/5.0 (Windows NT 6.1; Win64; x64) AppleWebKit/537.36 (KHTML, like Gecko) Chrome/106.0.0.0 Safari/537.36" "mantech8.com"
40.77.167.42 - - [15/Nov/2022:07:02:16 -0800] "GET /?camp-fire/3507200.html HTTP/1.1" 200 60684 "-" "Mozilla/5.0 AppleWebKit/537.36 (KHTML, like Gecko; compatible; bingbot/2.0; +http://www.bing.com/bingbot.htm) Chrome/103.0.5060.134 Safari/537.36" "mantech8.com"
185.191.171.20 - - [15/Nov/2022:07:03:36 -0800] "GET /index.php/camp-fire/22302280.html HTTP/1.1" 500 - "-" "Mozilla/5.0 (compatible; SemrushBot/7~bl; +http://www.semrush.com/bot.html)" "mantech8.com"
216.244.66.241 - - [15/Nov/2022:07:04:48 -0800] "GET /robots.txt HTTP/1.1" 200 222 "-" "Mozilla/5.0 (compatible; DotBot/1.2; +https://opensiteexplorer.org/dotbot; help@moz.com)" "www.mantech8.com"
216.244.66.241 - - [15/Nov/2022:07:04:48 -0800] "GET /robots.txt HTTP/1.1" 200 222 "-" "Mozilla/5.0 (compatible; DotBot/1.2; +https://opensiteexplorer.org/dotbot; help@moz.com)" "mantech8.com"
185.191.171.23 - - [15/Nov/2022:07:05:10 -0800] "GET /index.php/camp-fire/9705280.html HTTP/1.1" 500 - "-" "Mozilla/5.0 (compatible; SemrushBot/7~bl; +http://www.semrush.com/bot.html)" "mantech8.com"
185.191.171.40 - - [15/Nov/2022:07:05:16 -0800] "GET /index.php/camp-fire/76273293.html HTTP/1.1" 500 - "-" "Mozilla/5.0 (compatible; SemrushBot/7~bl; +http://www.semrush.com/bot.html)" "mantech8.com"
114.119.133.190 - - [15/Nov/2022:07:05:44 -0800] "GET /bimages/hydrog/thump/qfbixycmeb.php HTTP/1.1" 200 32 "http://www.mantech8.com/bimages/hydrog/thump/?C=M%3BO%3DA" "Mozilla/5.0 (Linux; Android 7.0;) AppleWebKit/537.36 (KHTML, like Gecko) Mobile Safari/537.36 (compatible; PetalBot;+https://webmaster.petalsearch.com/site/petalbot)" "www.mantech8.com"
185.191.171.38 - - [15/Nov/2022:07:06:33 -0800] "GET /index.php/camp-fire/43953149.html HTTP/1.1" 500 - "-" "Mozilla/5.0 (compatible; SemrushBot/7~bl; +http://www.semrush.com/bot.html)" "mantech8.com"
146.255.187.184 - - [15/Nov/2022:07:06:33 -0800] "GET / HTTP/1.1" 500 - "-" "Mozilla/5.0 (Windows NT 6.1; Win64; x64) AppleWebKit/537.36 (KHTML, like Gecko) Chrome/106.0.0.0 Safari/537.36" "mantech8.com"
185.191.171.4 - - [15/Nov/2022:07:06:41 -0800] "GET /?camp-fire%2F4353796.html HTTP/1.1" 500 - "-" "Mozilla/5.0 (compatible; SemrushBot/7~bl; +http://www.semrush.com/bot.html)" "mantech8.com"
185.191.171.38 - - [15/Nov/2022:07:06:44 -0800] "GET /index.php/camp-fire/28382059.html HTTP/1.1" 500 - "-" "Mozilla/5.0 (compatible; SemrushBot/7~bl; +http://www.semrush.com/bot.html)" "mantech8.com"
185.191.171.10 - - [15/Nov/2022:07:07:41 -0800] "GET /?camp-fire%2F5212396.html HTTP/1.1" 500 - "-" "Mozilla/5.0 (compatible; SemrushBot/7~bl; +http://www.semrush.com/bot.html)" "mantech8.com"
185.191.171.13 - - [15/Nov/2022:07:07:48 -0800] "GET /?camp-fire%2F4280685.html HTTP/1.1" 500 - "-" "Mozilla/5.0 (compatible; SemrushBot/7~bl; +http://www.semrush.com/bot.html)" "mantech8.com"
185.191.171.41 - - [15/Nov/2022:07:07:55 -0800] "GET /?camp-fire%2F5656185.html HTTP/1.1" 500 - "-" "Mozilla/5.0 (compatible; SemrushBot/7~bl; +http://www.semrush.com/bot.html)" "mantech8.com"
185.191.171.5 - - [15/Nov/2022:07:09:51 -0800] "GET /?camp-fire%2F8752177.html HTTP/1.1" 500 - "-" "Mozilla/5.0 (compatible; SemrushBot/7~bl; +http://www.semrush.com/bot.html)" "mantech8.com"
185.191.171.40 - - [15/Nov/2022:07:10:10 -0800] "GET /?camp-fire%2F49378393.html HTTP/1.1" 500 - "-" "Mozilla/5.0 (compatible; SemrushBot/7~bl; +http://www.semrush.com/bot.html)" "mantech8.com"
185.191.171.40 - - [15/Nov/2022:07:10:39 -0800] "GET /index.php?camp-fire%2F702169.html HTTP/1.1" 500 - "-" "Mozilla/5.0 (compatible; SemrushBot/7~bl; +http://www.semrush.com/bot.html)" "mantech8.com"
185.191.171.23 - - [15/Nov/2022:07:11:33 -0800] "GET /?camp-fire%2F3690378.html HTTP/1.1" 500 - "-" "Mozilla/5.0 (compatible; SemrushBot/7~bl; +http://www.semrush.com/bot.html)" "mantech8.com"
185.191.171.1 - - [15/Nov/2022:07:11:36 -0800] "GET /index.php/camp-fire/33695808.html HTTP/1.1" 500 - "-" "Mozilla/5.0 (compatible; SemrushBot/7~bl; +http://www.semrush.com/bot.html)" "mantech8.com"
185.191.171.17 - - [15/Nov/2022:07:11:41 -0800] "GET /?camp-fire%2F50870241.html HTTP/1.1" 500 - "-" "Mozilla/5.0 (compatible; SemrushBot/7~bl; +http://www.semrush.com/bot.html)" "mantech8.com"
185.191.171.26 - - [15/Nov/2022:07:12:17 -0800] "GET /?camp-fire%2F8679678.html HTTP/1.1" 500 - "-" "Mozilla/5.0 (compatible; SemrushBot/7~bl; +http://www.semrush.com/bot.html)" "mantech8.com"
185.191.171.43 - - [15/Nov/2022:07:12:24 -0800] "GET /?camp-fire%2F1482353.html HTTP/1.1" 500 - "-" "Mozilla/5.0 (compatible; SemrushBot/7~bl; +http://www.semrush.com/bot.html)" "mantech8.com"
185.191.171.41 - - [15/Nov/2022:07:12:53 -0800] "GET /index.php/camp-fire/39502192.html HTTP/1.1" 500 - "-" "Mozilla/5.0 (compatible; SemrushBot/7~bl; +http://www.semrush.com/bot.html)" "mantech8.com"
185.191.171.11 - - [15/Nov/2022:07:13:03 -0800] "GET /index.php/camp-fire/32663325.html HTTP/1.1" 500 - "-" "Mozilla/5.0 (compatible; SemrushBot/7~bl; +http://www.semrush.com/bot.html)" "mantech8.com"
185.191.171.8 - - [15/Nov/2022:07:13:10 -0800] "GET /index.php/camp-fire/13953859.html HTTP/1.1" 500 - "-" "Mozilla/5.0 (compatible; SemrushBot/7~bl; +http://www.semrush.com/bot.html)" "mantech8.com"
185.191.171.8 - - [15/Nov/2022:07:13:56 -0800] "GET /?camp-fire%2F43735659.html HTTP/1.1" 500 - "-" "Mozilla/5.0 (compatible; SemrushBot/7~bl; +http://www.semrush.com/bot.html)" "mantech8.com"
185.191.171.35 - - [15/Nov/2022:07:13:57 -0800] "GET /index.php/camp-fire/48981535.html HTTP/1.1" 500 - "-" "Mozilla/5.0 (compatible; SemrushBot/7~bl; +http://www.semrush.com/bot.html)" "mantech8.com"
185.191.171.11 - - [15/Nov/2022:07:15:02 -0800] "GET /index.php/camp-fire/15459383.html HTTP/1.1" 500 - "-" "Mozilla/5.0 (compatible; SemrushBot/7~bl; +http://www.semrush.com/bot.html)" "mantech8.com"
185.191.171.35 - - [15/Nov/2022:07:15:09 -0800] "GET /?camp-fire%2F2190429.html HTTP/1.1" 500 - "-" "Mozilla/5.0 (compatible; SemrushBot/7~bl; +http://www.semrush.com/bot.html)" "mantech8.com"
185.191.171.2 - - [15/Nov/2022:07:16:16 -0800] "GET /?camp-fire%2F46678003.html HTTP/1.1" 500 - "-" "Mozilla/5.0 (compatible; SemrushBot/7~bl; +http://www.semrush.com/bot.html)" "mantech8.com"
185.191.171.7 - - [15/Nov/2022:07:16:45 -0800] "GET /index.php/camp-fire/29950289.html HTTP/1.1" 500 - "-" "Mozilla/5.0 (compatible; SemrushBot/7~bl; +http://www.semrush.com/bot.html)" "mantech8.com"
185.191.171.14 - - [15/Nov/2022:07:17:42 -0800] "GET /?camp-fire%2F9429308.html HTTP/1.1" 500 - "-" "Mozilla/5.0 (compatible; SemrushBot/7~bl; +http://www.semrush.com/bot.html)" "mantech8.com"
185.191.171.5 - - [15/Nov/2022:07:17:59 -0800] "GET /?camp-fire%2F1970029.html HTTP/1.1" 500 - "-" "Mozilla/5.0 (compatible; SemrushBot/7~bl; +http://www.semrush.com/bot.html)" "mantech8.com"
114.119.133.158 - - [15/Nov/2022:07:18:02 -0800] "GET /hydrogal.php HTTP/1.1" 200 17303 "http://www.mantech8.com/scaffoldinggal.php" "Mozilla/5.0 (Linux; Android 7.0;) AppleWebKit/537.36 (KHTML, like Gecko) Mobile Safari/537.36 (compatible; PetalBot;+https://webmaster.petalsearch.com/site/petalbot)" "www.mantech8.com"
185.191.171.14 - - [15/Nov/2022:07:18:09 -0800] "GET /?camp-fire%2F45343259.html HTTP/1.1" 500 - "-" "Mozilla/5.0 (compatible; SemrushBot/7~bl; +http://www.semrush.com/bot.html)" "mantech8.com"
185.191.171.1 - - [15/Nov/2022:07:19:53 -0800] "GET /?camp-fire%2F42795966.html HTTP/1.1" 500 - "-" "Mozilla/5.0 (compatible; SemrushBot/7~bl; +http://www.semrush.com/bot.html)" "mantech8.com"
185.191.171.21 - - [15/Nov/2022:07:20:07 -0800] "GET /index.php/camp-fire/24666550.html HTTP/1.1" 500 - "-" "Mozilla/5.0 (compatible; SemrushBot/7~bl; +http://www.semrush.com/bot.html)" "mantech8.com"
185.191.171.10 - - [15/Nov/2022:07:20:17 -0800] "GET /?camp-fire%2F7117998.html HTTP/1.1" 500 - "-" "Mozilla/5.0 (compatible; SemrushBot/7~bl; +http://www.semrush.com/bot.html)" "mantech8.com"
185.191.171.17 - - [15/Nov/2022:07:20:22 -0800] "GET /?camp-fire%2F4891072.html HTTP/1.1" 500 - "-" "Mozilla/5.0 (compatible; SemrushBot/7~bl; +http://www.semrush.com/bot.html)" "mantech8.com"
207.46.13.65 - - [15/Nov/2022:07:21:29 -0800] "GET /new/2022-08-08-164020.html HTTP/1.1" 404 88 "-" "Mozilla/5.0 AppleWebKit/537.36 (KHTML, like Gecko; compatible; bingbot/2.0; +http://www.bing.com/bingbot.htm) Chrome/103.0.5060.134 Safari/537.36" "www.mantech8.com"
20.241.233.77 - - [15/Nov/2022:07:22:32 -0800] "GET /robots.txt HTTP/1.1" 200 106 "-" "python-requests/2.27.1" "mantech8.com"
20.241.233.77 - - [15/Nov/2022:07:22:36 -0800] "GET /contact.php HTTP/1.1" 200 29238 "-" "Mozilla/5.0 (Windows NT 10.0; Win64; x64) AppleWebKit/537.36 (KHTML, like Gecko) Chrome/76.0.3809.100 Safari/537.36" "mantech8.com"
185.191.171.42 - - [15/Nov/2022:07:22:40 -0800] "GET /index.php/camp-fire/1127172.html HTTP/1.1" 500 - "-" "Mozilla/5.0 (compatible; SemrushBot/7~bl; +http://www.semrush.com/bot.html)" "mantech8.com"
40.77.167.42 - - [15/Nov/2022:07:22:57 -0800] "GET / HTTP/1.1" 200 64937 "-" "Mozilla/5.0 AppleWebKit/537.36 (KHTML, like Gecko; compatible; bingbot/2.0; +http://www.bing.com/bingbot.htm) Chrome/103.0.5060.134 Safari/537.36" "www.mantech8.com"
185.191.171.10 - - [15/Nov/2022:07:23:02 -0800] "GET /index.php/camp-fire/12760185.html HTTP/1.1" 500 - "-" "Mozilla/5.0 (compatible; SemrushBot/7~bl; +http://www.semrush.com/bot.html)" "mantech8.com"
114.119.133.166 - - [15/Nov/2022:07:23:07 -0800] "GET /index.php/sitemap-index-5.xml HTTP/1.1" 200 4843 "-" "Mozilla/5.0 (Linux; Android 7.0;) AppleWebKit/537.36 (KHTML, like Gecko) Mobile Safari/537.36 (compatible; PetalBot;+https://webmaster.petalsearch.com/site/petalbot)" "mantech8.com"
185.191.171.3 - - [15/Nov/2022:07:23:15 -0800] "GET /?camp-fire%2F7979372.html HTTP/1.1" 500 - "-" "Mozilla/5.0 (compatible; SemrushBot/7~bl; +http://www.semrush.com/bot.html)" "mantech8.com"
185.191.171.6 - - [15/Nov/2022:07:23:33 -0800] "GET /index.php/camp-fire/291298.html HTTP/1.1" 500 - "-" "Mozilla/5.0 (compatible; SemrushBot/7~bl; +http://www.semrush.com/bot.html)" "mantech8.com"
185.191.171.26 - - [15/Nov/2022:07:23:49 -0800] "GET /index.php/camp-fire/26774821.html HTTP/1.1" 500 - "-" "Mozilla/5.0 (compatible; SemrushBot/7~bl; +http://www.semrush.com/bot.html)" "mantech8.com"
207.46.13.177 - - [15/Nov/2022:07:23:51 -0800] "GET / HTTP/1.1" 200 64172 "-" "Mozilla/5.0 AppleWebKit/537.36 (KHTML, like Gecko; compatible; bingbot/2.0; +http://www.bing.com/bingbot.htm) Chrome/103.0.5060.134 Safari/537.36" "www.mantech8.com"
185.191.171.17 - - [15/Nov/2022:07:24:48 -0800] "GET /?camp-fire%2F7263780.html HTTP/1.1" 500 - "-" "Mozilla/5.0 (compatible; SemrushBot/7~bl; +http://www.semrush.com/bot.html)" "mantech8.com"
185.191.171.15 - - [15/Nov/2022:07:25:35 -0800] "GET /index.php/camp-fire/11939476.html HTTP/1.1" 500 - "-" "Mozilla/5.0 (compatible; SemrushBot/7~bl; +http://www.semrush.com/bot.html)" "mantech8.com"
185.191.171.25 - - [15/Nov/2022:07:25:41 -0800] "GET /index.php/camp-fire/19861946.html HTTP/1.1" 500 - "-" "Mozilla/5.0 (compatible; SemrushBot/7~bl; +http://www.semrush.com/bot.html)" "mantech8.com"
185.191.171.3 - - [15/Nov/2022:07:26:09 -0800] "GET /?camp-fire%2F9600778.html HTTP/1.1" 500 - "-" "Mozilla/5.0 (compatible; SemrushBot/7~bl; +http://www.semrush.com/bot.html)" "mantech8.com"
185.191.171.25 - - [15/Nov/2022:07:26:27 -0800] "GET /?camp-fire%2F7263880.html HTTP/1.1" 500 - "-" "Mozilla/5.0 (compatible; SemrushBot/7~bl; +http://www.semrush.com/bot.html)" "mantech8.com"
185.191.171.11 - - [15/Nov/2022:07:26:39 -0800] "GET /index.php?camp-fire%2F494069.html HTTP/1.1" 500 - "-" "Mozilla/5.0 (compatible; SemrushBot/7~bl; +http://www.semrush.com/bot.html)" "mantech8.com"
185.191.171.23 - - [15/Nov/2022:07:27:15 -0800] "GET /index.php/camp-fire/17505227.html HTTP/1.1" 500 - "-" "Mozilla/5.0 (compatible; SemrushBot/7~bl; +http://www.semrush.com/bot.html)" "mantech8.com"
185.191.171.40 - - [15/Nov/2022:07:27:57 -0800] "GET /?camp-fire%2F8137721.html HTTP/1.1" 500 - "-" "Mozilla/5.0 (compatible; SemrushBot/7~bl; +http://www.semrush.com/bot.html)" "mantech8.com"
114.119.133.158 - - [15/Nov/2022:07:28:13 -0800] "GET /?sitemap783.xml HTTP/1.1" 200 270560 "-" "Mozilla/5.0 (Linux; Android 7.0;) AppleWebKit/537.36 (KHTML, like Gecko) Mobile Safari/537.36 (compatible; PetalBot;+https://webmaster.petalsearch.com/site/petalbot)" "mantech8.com"
207.46.13.177 - - [15/Nov/2022:07:29:01 -0800] "GET /Wf2o-6f72babcad-G7uci.Ii HTTP/1.1" 404 88 "-" "Mozilla/5.0 (compatible; bingbot/2.0; +http://www.bing.com/bingbot.htm)" "www.mantech8.com"
185.191.171.22 - - [15/Nov/2022:07:29:11 -0800] "GET /index.php/camp-fire/18126896.html HTTP/1.1" 500 - "-" "Mozilla/5.0 (compatible; SemrushBot/7~bl; +http://www.semrush.com/bot.html)" "mantech8.com"
40.77.167.64 - - [15/Nov/2022:07:29:23 -0800] "GET /index.php/%E4%BB%99%E5%8F%B0%E3%81%AE%E6%97%A5%E7%85%A7%E6%99%82%E9%96%93%E3%81%A8%E7%99%BA%E9%9B%BB%E9%87%8F/ HTTP/1.1" 200 69826 "-" "Mozilla/5.0 AppleWebKit/537.36 (KHTML, like Gecko; compatible; bingbot/2.0; +http://www.bing.com/bingbot.htm) Chrome/103.0.5060.134 Safari/537.36" "mantech8.com"
185.191.171.5 - - [15/Nov/2022:07:29:25 -0800] "GET /?camp-fire%2F5010365.html HTTP/1.1" 500 - "-" "Mozilla/5.0 (compatible; SemrushBot/7~bl; +http://www.semrush.com/bot.html)" "mantech8.com"
199.114.218.116 - - [15/Nov/2022:07:29:45 -0800] "POST /ALFA_DATA/alfacgiapi/perl.alfa HTTP/1.1" 404 73 "www.google.com" "Mozlila/5.0 (Linux; Android 7.0; SM-G892A Bulid/NRD90M; wv) AppleWebKit/537.36 (KHTML, like Gecko) Version/4.0 Chrome/60.0.3112.107 Moblie Safari/537.36" "www.mantech8.com"
199.114.218.116 - - [15/Nov/2022:07:29:45 -0800] "GET / HTTP/1.1" 500 - "-" "Mozlila/5.0 (Linux; Android 7.0; SM-G892A Bulid/NRD90M; wv) AppleWebKit/537.36 (KHTML, like Gecko) Version/4.0 Chrome/60.0.3112.107 Moblie Safari/537.36" "www.mantech8.com"
199.114.218.116 - - [15/Nov/2022:07:29:45 -0800] "POST /wp-plain.php HTTP/1.1" 404 73 "www.google.com" "Mozilla/5.0 (Linux; Android 7.0; SM-G892A Bulid/NRD90M; wv) AppleWebKit/537.36 (KHTML, like Gecko) Version/4.0 Chrome/60.0.3112.107 Moblie Safari/537.36" "www.mantech8.com"
199.114.218.116 - - [15/Nov/2022:07:29:45 -0800] "POST /alfacgiapi/perl.alfa HTTP/1.1" 404 73 "www.google.com" "Mozlila/5.0 (Linux; Android 7.0; SM-G892A Bulid/NRD90M; wv) AppleWebKit/537.36 (KHTML, like Gecko) Version/4.0 Chrome/60.0.3112.107 Moblie Safari/537.36" "www.mantech8.com"
199.114.218.116 - - [15/Nov/2022:07:29:45 -0800] "GET /kdvsohvv.php?Fox=d3wL7 HTTP/1.1" 404 73 "www.google.com" "Mozilla/5.0 (Linux; Android 7.0; SM-G892A Bulid/NRD90M; wv) AppleWebKit/537.36 (KHTML, like Gecko) Version/4.0 Chrome/60.0.3112.107 Moblie Safari/537.36" "www.mantech8.com"
199.114.218.116 - - [15/Nov/2022:07:29:46 -0800] "POST /wp-plain.php HTTP/1.1" 404 73 "www.google.com" "Mozilla/5.0 (Linux; Android 7.0; SM-G892A Bulid/NRD90M; wv) AppleWebKit/537.36 (KHTML, like Gecko) Version/4.0 Chrome/60.0.3112.107 Moblie Safari/537.36" "www.mantech8.com"
199.114.218.116 - - [15/Nov/2022:07:29:46 -0800] "GET /pthqmbfo.php?Fox=d3wL7 HTTP/1.1" 404 73 "www.google.com" "Mozilla/5.0 (Linux; Android 7.0; SM-G892A Bulid/NRD90M; wv) AppleWebKit/537.36 (KHTML, like Gecko) Version/4.0 Chrome/60.0.3112.107 Moblie Safari/537.36" "www.mantech8.com"
54.202.69.33 - - [15/Nov/2022:07:30:53 -0800] "GET / HTTP/1.1" 500 - "-" "Mozilla/5.0 (X11; Linux x86_64) AppleWebKit/537.36 (KHTML, like Gecko) Chrome/83.0.4103.97 Safari/537.36" "mantech8.com"
185.191.171.8 - - [15/Nov/2022:07:30:54 -0800] "GET /?camp-fire%2F4305098.html HTTP/1.1" 500 - "-" "Mozilla/5.0 (compatible; SemrushBot/7~bl; +http://www.semrush.com/bot.html)" "mantech8.com"
54.185.135.29 - - [15/Nov/2022:07:31:13 -0800] "GET / HTTP/1.1" 500 - "-" "Mozilla/5.0 (X11; Linux x86_64) AppleWebKit/537.36 (KHTML, like Gecko) Chrome/83.0.4103.97 Safari/537.36" "mantech8.com"
207.46.13.36 - - [15/Nov/2022:07:31:51 -0800] "GET /index.php?camp-fire/24464833.html HTTP/1.1" 200 70392 "-" "Mozilla/5.0 (compatible; bingbot/2.0; +http://www.bing.com/bingbot.htm)" "www.mantech8.com"
185.191.171.34 - - [15/Nov/2022:07:32:08 -0800] "GET /index.php/camp-fire/43396035.html HTTP/1.1" 500 - "-" "Mozilla/5.0 (compatible; SemrushBot/7~bl; +http://www.semrush.com/bot.html)" "mantech8.com"
185.191.171.34 - - [15/Nov/2022:07:32:17 -0800] "GET /index.php/camp-fire/37494759.html HTTP/1.1" 500 - "-" "Mozilla/5.0 (compatible; SemrushBot/7~bl; +http://www.semrush.com/bot.html)" "mantech8.com"
185.191.171.6 - - [15/Nov/2022:07:32:37 -0800] "GET /index.php/camp-fire/29225871.html HTTP/1.1" 500 - "-" "Mozilla/5.0 (compatible; SemrushBot/7~bl; +http://www.semrush.com/bot.html)" "mantech8.com"
185.191.171.36 - - [15/Nov/2022:07:32:40 -0800] "GET /?camp-fire%2F7908942.html HTTP/1.1" 500 - "-" "Mozilla/5.0 (compatible; SemrushBot/7~bl; +http://www.semrush.com/bot.html)" "mantech8.com"
185.191.171.44 - - [15/Nov/2022:07:32:43 -0800] "GET /?camp-fire%2F3854174.html HTTP/1.1" 500 - "-" "Mozilla/5.0 (compatible; SemrushBot/7~bl; +http://www.semrush.com/bot.html)" "mantech8.com"
185.191.171.3 - - [15/Nov/2022:07:32:46 -0800] "GET /?camp-fire%2F7824880.html HTTP/1.1" 500 - "-" "Mozilla/5.0 (compatible; SemrushBot/7~bl; +http://www.semrush.com/bot.html)" "mantech8.com"
185.191.171.41 - - [15/Nov/2022:07:33:02 -0800] "GET /?camp-fire%2F51027425.html HTTP/1.1" 500 - "-" "Mozilla/5.0 (compatible; SemrushBot/7~bl; +http://www.semrush.com/bot.html)" "mantech8.com"
114.119.133.166 - - [15/Nov/2022:07:33:20 -0800] "GET /index.php?camp-fire/10617330.html HTTP/1.1" 500 - "-" "Mozilla/5.0 (Linux; Android 7.0;) AppleWebKit/537.36 (KHTML, like Gecko) Mobile Safari/537.36 (compatible; PetalBot;+https://webmaster.petalsearch.com/site/petalbot)" "www.mantech8.com"
185.191.171.40 - - [15/Nov/2022:07:34:16 -0800] "GET /index.php/camp-fire/3890900.html HTTP/1.1" 500 - "-" "Mozilla/5.0 (compatible; SemrushBot/7~bl; +http://www.semrush.com/bot.html)" "mantech8.com"
144.85.24.185 - - [15/Nov/2022:07:34:40 -0800] "GET / HTTP/1.1" 500 - "-" "Mozilla/5.0 (Windows NT 10.0; Win64; x64) AppleWebKit/537.36 (KHTML, like Gecko) Chrome/107.0.0.0 Safari/537.36" "www.mantech8.com"
144.85.24.185 - - [15/Nov/2022:07:34:51 -0800] "GET /contact.php HTTP/1.1" 200 29238 "https://www.google.com/" "Mozilla/5.0 (Windows NT 10.0; Win64; x64) AppleWebKit/537.36 (KHTML, like Gecko) Chrome/107.0.0.0 Safari/537.36" "www.mantech8.com"
144.85.24.185 - - [15/Nov/2022:07:34:55 -0800] "GET /engine1/style.css HTTP/1.1" 200 2450 "http://www.mantech8.com/contact.php" "Mozilla/5.0 (Windows NT 10.0; Win64; x64) AppleWebKit/537.36 (KHTML, like Gecko) Chrome/107.0.0.0 Safari/537.36" "www.mantech8.com"
144.85.24.185 - - [15/Nov/2022:07:34:55 -0800] "GET /revolution/css/settings.css HTTP/1.1" 200 7703 "http://www.mantech8.com/contact.php" "Mozilla/5.0 (Windows NT 10.0; Win64; x64) AppleWebKit/537.36 (KHTML, like Gecko) Chrome/107.0.0.0 Safari/537.36" "www.mantech8.com"
144.85.24.185 - - [15/Nov/2022:07:34:55 -0800] "GET /css/contact-form.css HTTP/1.1" 200 1554 "http://www.mantech8.com/contact.php" "Mozilla/5.0 (Windows NT 10.0; Win64; x64) AppleWebKit/537.36 (KHTML, like Gecko) Chrome/107.0.0.0 Safari/537.36" "www.mantech8.com"
144.85.24.185 - - [15/Nov/2022:07:34:55 -0800] "GET /css/contactstyle.css HTTP/1.1" 200 2844 "http://www.mantech8.com/contact.php" "Mozilla/5.0 (Windows NT 10.0; Win64; x64) AppleWebKit/537.36 (KHTML, like Gecko) Chrome/107.0.0.0 Safari/537.36" "www.mantech8.com"
144.85.24.185 - - [15/Nov/2022:07:34:55 -0800] "GET /revolution/css/layers.css HTTP/1.1" 200 7418 "http://www.mantech8.com/contact.php" "Mozilla/5.0 (Windows NT 10.0; Win64; x64) AppleWebKit/537.36 (KHTML, like Gecko) Chrome/107.0.0.0 Safari/537.36" "www.mantech8.com"
144.85.24.185 - - [15/Nov/2022:07:34:55 -0800] "GET /css/grid.css HTTP/1.1" 200 1400 "http://www.mantech8.com/contact.php" "Mozilla/5.0 (Windows NT 10.0; Win64; x64) AppleWebKit/537.36 (KHTML, like Gecko) Chrome/107.0.0.0 Safari/537.36" "www.mantech8.com"
144.85.24.185 - - [15/Nov/2022:07:34:55 -0800] "GET /revolution/css/navigation.css HTTP/1.1" 200 8028 "http://www.mantech8.com/contact.php" "Mozilla/5.0 (Windows NT 10.0; Win64; x64) AppleWebKit/537.36 (KHTML, like Gecko) Chrome/107.0.0.0 Safari/537.36" "www.mantech8.com"
144.85.24.185 - - [15/Nov/2022:07:34:55 -0800] "GET /css/style2.css HTTP/1.1" 200 8414 "http://www.mantech8.com/contact.php" "Mozilla/5.0 (Windows NT 10.0; Win64; x64) AppleWebKit/537.36 (KHTML, like Gecko) Chrome/107.0.0.0 Safari/537.36" "www.mantech8.com"
144.85.24.185 - - [15/Nov/2022:07:34:55 -0800] "GET /css/responsive1.css HTTP/1.1" 200 1710 "http://www.mantech8.com/contact.php" "Mozilla/5.0 (Windows NT 10.0; Win64; x64) AppleWebKit/537.36 (KHTML, like Gecko) Chrome/107.0.0.0 Safari/537.36" "www.mantech8.com"
144.85.24.185 - - [15/Nov/2022:07:34:55 -0800] "GET /css/animate.css HTTP/1.1" 200 4264 "http://www.mantech8.com/contact.php" "Mozilla/5.0 (Windows NT 10.0; Win64; x64) AppleWebKit/537.36 (KHTML, like Gecko) Chrome/107.0.0.0 Safari/537.36" "www.mantech8.com"
144.85.24.185 - - [15/Nov/2022:07:34:55 -0800] "GET /css/style.css HTTP/1.1" 200 126990 "http://www.mantech8.com/contact.php" "Mozilla/5.0 (Windows NT 10.0; Win64; x64) AppleWebKit/537.36 (KHTML, like Gecko) Chrome/107.0.0.0 Safari/537.36" "www.mantech8.com"
144.85.24.185 - - [15/Nov/2022:07:34:55 -0800] "GET /css/font-awesome.css HTTP/1.1" 200 5793 "http://www.mantech8.com/css/style2.css" "Mozilla/5.0 (Windows NT 10.0; Win64; x64) AppleWebKit/537.36 (KHTML, like Gecko) Chrome/107.0.0.0 Safari/537.36" "www.mantech8.com"
144.85.24.185 - - [15/Nov/2022:07:34:55 -0800] "GET /css/hover.css HTTP/1.1" 200 8530 "http://www.mantech8.com/css/style2.css" "Mozilla/5.0 (Windows NT 10.0; Win64; x64) AppleWebKit/537.36 (KHTML, like Gecko) Chrome/107.0.0.0 Safari/537.36" "www.mantech8.com"
144.85.24.185 - - [15/Nov/2022:07:34:55 -0800] "GET /css/flaticon.css HTTP/1.1" 200 321 "http://www.mantech8.com/css/style2.css" "Mozilla/5.0 (Windows NT 10.0; Win64; x64) AppleWebKit/537.36 (KHTML, like Gecko) Chrome/107.0.0.0 Safari/537.36" "www.mantech8.com"
144.85.24.185 - - [15/Nov/2022:07:34:55 -0800] "GET /js/jquery.marquee.js?v=3 HTTP/1.1" 404 88 "http://www.mantech8.com/contact.php" "Mozilla/5.0 (Windows NT 10.0; Win64; x64) AppleWebKit/537.36 (KHTML, like Gecko) Chrome/107.0.0.0 Safari/537.36" "www.mantech8.com"
144.85.24.185 - - [15/Nov/2022:07:34:55 -0800] "GET /js/jquery-1.11.3.min.js HTTP/1.1" 200 33279 "http://www.mantech8.com/contact.php" "Mozilla/5.0 (Windows NT 10.0; Win64; x64) AppleWebKit/537.36 (KHTML, like Gecko) Chrome/107.0.0.0 Safari/537.36" "www.mantech8.com"
144.85.24.185 - - [15/Nov/2022:07:34:56 -0800] "GET /js/jquery-migrate-1.2.1.min.js HTTP/1.1" 200 3063 "http://www.mantech8.com/contact.php" "Mozilla/5.0 (Windows NT 10.0; Win64; x64) AppleWebKit/537.36 (KHTML, like Gecko) Chrome/107.0.0.0 Safari/537.36" "www.mantech8.com"
144.85.24.185 - - [15/Nov/2022:07:34:56 -0800] "GET /revolution/js/jquery.themepunch.tools.min.js HTTP/1.1" 200 36033 "http://www.mantech8.com/contact.php" "Mozilla/5.0 (Windows NT 10.0; Win64; x64) AppleWebKit/537.36 (KHTML, like Gecko) Chrome/107.0.0.0 Safari/537.36" "www.mantech8.com"
144.85.24.185 - - [15/Nov/2022:07:34:56 -0800] "GET /revolution/js/jquery.themepunch.revolution.min.js HTTP/1.1" 200 14034 "http://www.mantech8.com/contact.php" "Mozilla/5.0 (Windows NT 10.0; Win64; x64) AppleWebKit/537.36 (KHTML, like Gecko) Chrome/107.0.0.0 Safari/537.36" "www.mantech8.com"
144.85.24.185 - - [15/Nov/2022:07:34:56 -0800] "GET /js/plugins.js HTTP/1.1" 200 67071 "http://www.mantech8.com/contact.php" "Mozilla/5.0 (Windows NT 10.0; Win64; x64) AppleWebKit/537.36 (KHTML, like Gecko) Chrome/107.0.0.0 Safari/537.36" "www.mantech8.com"
144.85.24.185 - - [15/Nov/2022:07:34:56 -0800] "GET /js/custom.js HTTP/1.1" 200 1648 "http://www.mantech8.com/contact.php" "Mozilla/5.0 (Windows NT 10.0; Win64; x64) AppleWebKit/537.36 (KHTML, like Gecko) Chrome/107.0.0.0 Safari/537.36" "www.mantech8.com"
144.85.24.185 - - [15/Nov/2022:07:34:56 -0800] "GET /js/jquery.rd-parallax.js HTTP/1.1" 200 2021 "http://www.mantech8.com/contact.php" "Mozilla/5.0 (Windows NT 10.0; Win64; x64) AppleWebKit/537.36 (KHTML, like Gecko) Chrome/107.0.0.0 Safari/537.36" "www.mantech8.com"
144.85.24.185 - - [15/Nov/2022:07:34:56 -0800] "GET /js/bootstrap.min.js HTTP/1.1" 200 9765 "http://www.mantech8.com/contact.php" "Mozilla/5.0 (Windows NT 10.0; Win64; x64) AppleWebKit/537.36 (KHTML, like Gecko) Chrome/107.0.0.0 Safari/537.36" "www.mantech8.com"
144.85.24.185 - - [15/Nov/2022:07:34:56 -0800] "GET /js/core.min1.js HTTP/1.1" 200 5104 "http://www.mantech8.com/contact.php" "Mozilla/5.0 (Windows NT 10.0; Win64; x64) AppleWebKit/537.36 (KHTML, like Gecko) Chrome/107.0.0.0 Safari/537.36" "www.mantech8.com"
144.85.24.185 - - [15/Nov/2022:07:34:56 -0800] "GET /fonts/fontawesome-webfont.woff2?v=4.5.0 HTTP/1.1" 200 66624 "http://www.mantech8.com/css/style.css" "Mozilla/5.0 (Windows NT 10.0; Win64; x64) AppleWebKit/537.36 (KHTML, like Gecko) Chrome/107.0.0.0 Safari/537.36" "www.mantech8.com"
144.85.24.185 - - [15/Nov/2022:07:34:56 -0800] "GET /images/flag-23-gif.gif HTTP/1.1" 200 20141 "http://www.mantech8.com/contact.php" "Mozilla/5.0 (Windows NT 10.0; Win64; x64) AppleWebKit/537.36 (KHTML, like Gecko) Chrome/107.0.0.0 Safari/537.36" "www.mantech8.com"
144.85.24.185 - - [15/Nov/2022:07:34:56 -0800] "GET /fonts/MaterialIcons-Regular.woff2 HTTP/1.1" 200 36888 "http://www.mantech8.com/css/style.css" "Mozilla/5.0 (Windows NT 10.0; Win64; x64) AppleWebKit/537.36 (KHTML, like Gecko) Chrome/107.0.0.0 Safari/537.36" "www.mantech8.com"
144.85.24.185 - - [15/Nov/2022:07:34:56 -0800] "GET /images/form-loader.gif HTTP/1.1" 404 88 "http://www.mantech8.com/css/contact-form.css" "Mozilla/5.0 (Windows NT 10.0; Win64; x64) AppleWebKit/537.36 (KHTML, like Gecko) Chrome/107.0.0.0 Safari/537.36" "www.mantech8.com"
144.85.24.185 - - [15/Nov/2022:07:34:56 -0800] "GET /images/parallaxcont.jpg HTTP/1.1" 200 2613369 "http://www.mantech8.com/css/contactstyle.css" "Mozilla/5.0 (Windows NT 10.0; Win64; x64) AppleWebKit/537.36 (KHTML, like Gecko) Chrome/107.0.0.0 Safari/537.36" "www.mantech8.com"
144.85.24.185 - - [15/Nov/2022:07:34:56 -0800] "GET /js/rd-smoothscroll.min1.js HTTP/1.1" 200 1124 "http://www.mantech8.com/contact.php" "Mozilla/5.0 (Windows NT 10.0; Win64; x64) AppleWebKit/537.36 (KHTML, like Gecko) Chrome/107.0.0.0 Safari/537.36" "www.mantech8.com"
144.85.24.185 - - [15/Nov/2022:07:34:56 -0800] "GET /js/script.js HTTP/1.1" 200 7687 "http://www.mantech8.com/contact.php" "Mozilla/5.0 (Windows NT 10.0; Win64; x64) AppleWebKit/537.36 (KHTML, like Gecko) Chrome/107.0.0.0 Safari/537.36" "www.mantech8.com"
144.85.24.185 - - [15/Nov/2022:07:34:56 -0800] "GET /revolution/js/revolution.extension.actions.min.js HTTP/1.1" 200 2110 "http://www.mantech8.com/contact.php" "Mozilla/5.0 (Windows NT 10.0; Win64; x64) AppleWebKit/537.36 (KHTML, like Gecko) Chrome/107.0.0.0 Safari/537.36" "www.mantech8.com"
144.85.24.185 - - [15/Nov/2022:07:34:56 -0800] "GET /revolution/js/revolution.extension.carousel.min.js HTTP/1.1" 200 2465 "http://www.mantech8.com/contact.php" "Mozilla/5.0 (Windows NT 10.0; Win64; x64) AppleWebKit/537.36 (KHTML, like Gecko) Chrome/107.0.0.0 Safari/537.36" "www.mantech8.com"
144.85.24.185 - - [15/Nov/2022:07:34:56 -0800] "GET /revolution/js/revolution.extension.kenburn.min.js HTTP/1.1" 200 1285 "http://www.mantech8.com/contact.php" "Mozilla/5.0 (Windows NT 10.0; Win64; x64) AppleWebKit/537.36 (KHTML, like Gecko) Chrome/107.0.0.0 Safari/537.36" "www.mantech8.com"
144.85.24.185 - - [15/Nov/2022:07:34:56 -0800] "GET /revolution/js/revolution.extension.layeranimation.min.js HTTP/1.1" 200 8295 "http://www.mantech8.com/contact.php" "Mozilla/5.0 (Windows NT 10.0; Win64; x64) AppleWebKit/537.36 (KHTML, like Gecko) Chrome/107.0.0.0 Safari/537.36" "www.mantech8.com"
144.85.24.185 - - [15/Nov/2022:07:34:56 -0800] "GET /js/wow.min.js HTTP/1.1" 200 2731 "http://www.mantech8.com/contact.php" "Mozilla/5.0 (Windows NT 10.0; Win64; x64) AppleWebKit/537.36 (KHTML, like Gecko) Chrome/107.0.0.0 Safari/537.36" "www.mantech8.com"
144.85.24.185 - - [15/Nov/2022:07:34:57 -0800] "GET /js/jquery.ui.totop.min.js HTTP/1.1" 200 510 "http://www.mantech8.com/contact.php" "Mozilla/5.0 (Windows NT 10.0; Win64; x64) AppleWebKit/537.36 (KHTML, like Gecko) Chrome/107.0.0.0 Safari/537.36" "www.mantech8.com"
144.85.24.185 - - [15/Nov/2022:07:34:57 -0800] "GET /revolution/js/revolution.extension.migration.min.js HTTP/1.1" 200 1739 "http://www.mantech8.com/contact.php" "Mozilla/5.0 (Windows NT 10.0; Win64; x64) AppleWebKit/537.36 (KHTML, like Gecko) Chrome/107.0.0.0 Safari/537.36" "www.mantech8.com"
144.85.24.185 - - [15/Nov/2022:07:34:57 -0800] "GET /revolution/js/revolution.extension.navigation.min.js HTTP/1.1" 200 6533 "http://www.mantech8.com/contact.php" "Mozilla/5.0 (Windows NT 10.0; Win64; x64) AppleWebKit/537.36 (KHTML, like Gecko) Chrome/107.0.0.0 Safari/537.36" "www.mantech8.com"
144.85.24.185 - - [15/Nov/2022:07:34:57 -0800] "GET /revolution/js/revolution.extension.parallax.min.js HTTP/1.1" 200 2490 "http://www.mantech8.com/contact.php" "Mozilla/5.0 (Windows NT 10.0; Win64; x64) AppleWebKit/537.36 (KHTML, like Gecko) Chrome/107.0.0.0 Safari/537.36" "www.mantech8.com"
144.85.24.185 - - [15/Nov/2022:07:34:57 -0800] "GET /revolution/js/revolution.extension.slideanims.min.js HTTP/1.1" 200 6622 "http://www.mantech8.com/contact.php" "Mozilla/5.0 (Windows NT 10.0; Win64; x64) AppleWebKit/537.36 (KHTML, like Gecko) Chrome/107.0.0.0 Safari/537.36" "www.mantech8.com"
144.85.24.185 - - [15/Nov/2022:07:34:57 -0800] "GET /revolution/js/revolution.extension.video.min.js HTTP/1.1" 200 5233 "http://www.mantech8.com/contact.php" "Mozilla/5.0 (Windows NT 10.0; Win64; x64) AppleWebKit/537.36 (KHTML, like Gecko) Chrome/107.0.0.0 Safari/537.36" "www.mantech8.com"
144.85.24.185 - - [15/Nov/2022:07:34:57 -0800] "GET /verificationimage.php?1212 HTTP/1.1" 200 1347 "http://www.mantech8.com/contact.php" "Mozilla/5.0 (Windows NT 10.0; Win64; x64) AppleWebKit/537.36 (KHTML, like Gecko) Chrome/107.0.0.0 Safari/537.36" "www.mantech8.com"
144.85.24.185 - - [15/Nov/2022:07:34:57 -0800] "GET /images/logo1.png HTTP/1.1" 200 2143 "http://www.mantech8.com/contact.php" "Mozilla/5.0 (Windows NT 10.0; Win64; x64) AppleWebKit/537.36 (KHTML, like Gecko) Chrome/107.0.0.0 Safari/537.36" "www.mantech8.com"
185.191.171.42 - - [15/Nov/2022:07:35:01 -0800] "GET /?camp-fire%2F1462629.html HTTP/1.1" 500 - "-" "Mozilla/5.0 (compatible; SemrushBot/7~bl; +http://www.semrush.com/bot.html)" "mantech8.com"
144.85.24.185 - - [15/Nov/2022:07:35:01 -0800] "GET /images/favicon.ico HTTP/1.1" 200 241886 "http://www.mantech8.com/contact.php" "Mozilla/5.0 (Windows NT 10.0; Win64; x64) AppleWebKit/537.36 (KHTML, like Gecko) Chrome/107.0.0.0 Safari/537.36" "www.mantech8.com"
144.85.24.185 - - [15/Nov/2022:07:35:06 -0800] "GET /services.php HTTP/1.1" 200 39198 "http://www.mantech8.com/contact.php" "Mozilla/5.0 (Windows NT 10.0; Win64; x64) AppleWebKit/537.36 (KHTML, like Gecko) Chrome/107.0.0.0 Safari/537.36" "www.mantech8.com"
144.85.24.185 - - [15/Nov/2022:07:35:07 -0800] "GET /enginenew/style.css HTTP/1.1" 200 2803 "http://www.mantech8.com/services.php?" "Mozilla/5.0 (Windows NT 10.0; Win64; x64) AppleWebKit/537.36 (KHTML, like Gecko) Chrome/107.0.0.0 Safari/537.36" "www.mantech8.com"
144.85.24.185 - - [15/Nov/2022:07:35:07 -0800] "GET /enginenew/jquery.js HTTP/1.1" 200 33282 "http://www.mantech8.com/services.php?" "Mozilla/5.0 (Windows NT 10.0; Win64; x64) AppleWebKit/537.36 (KHTML, like Gecko) Chrome/107.0.0.0 Safari/537.36" "www.mantech8.com"
144.85.24.185 - - [15/Nov/2022:07:35:07 -0800] "GET /js/script1.js HTTP/1.1" 200 2007 "http://www.mantech8.com/services.php?" "Mozilla/5.0 (Windows NT 10.0; Win64; x64) AppleWebKit/537.36 (KHTML, like Gecko) Chrome/107.0.0.0 Safari/537.36" "www.mantech8.com"
144.85.24.185 - - [15/Nov/2022:07:35:07 -0800] "GET /js/wow.js HTTP/1.1" 200 2795 "http://www.mantech8.com/services.php?" "Mozilla/5.0 (Windows NT 10.0; Win64; x64) AppleWebKit/537.36 (KHTML, like Gecko) Chrome/107.0.0.0 Safari/537.36" "www.mantech8.com"
185.191.171.9 - - [15/Nov/2022:07:35:07 -0800] "GET /?camp-fire%2F5897865.html HTTP/1.1" 500 - "-" "Mozilla/5.0 (compatible; SemrushBot/7~bl; +http://www.semrush.com/bot.html)" "mantech8.com"
144.85.24.185 - - [15/Nov/2022:07:35:07 -0800] "GET /enginenew/wowslider.js HTTP/1.1" 200 9696 "http://www.mantech8.com/services.php?" "Mozilla/5.0 (Windows NT 10.0; Win64; x64) AppleWebKit/537.36 (KHTML, like Gecko) Chrome/107.0.0.0 Safari/537.36" "www.mantech8.com"
144.85.24.185 - - [15/Nov/2022:07:35:07 -0800] "GET /enginenew/script.js HTTP/1.1" 200 2804 "http://www.mantech8.com/services.php?" "Mozilla/5.0 (Windows NT 10.0; Win64; x64) AppleWebKit/537.36 (KHTML, like Gecko) Chrome/107.0.0.0 Safari/537.36" "www.mantech8.com"
144.85.24.185 - - [15/Nov/2022:07:35:07 -0800] "GET /bimages/service/s111.jpg HTTP/1.1" 200 136831 "http://www.mantech8.com/services.php?" "Mozilla/5.0 (Windows NT 10.0; Win64; x64) AppleWebKit/537.36 (KHTML, like Gecko) Chrome/107.0.0.0 Safari/537.36" "www.mantech8.com"
144.85.24.185 - - [15/Nov/2022:07:35:07 -0800] "GET /bimages/service/s333.jpg HTTP/1.1" 200 136000 "http://www.mantech8.com/services.php?" "Mozilla/5.0 (Windows NT 10.0; Win64; x64) AppleWebKit/537.36 (KHTML, like Gecko) Chrome/107.0.0.0 Safari/537.36" "www.mantech8.com"
144.85.24.185 - - [15/Nov/2022:07:35:07 -0800] "GET /bimages/service/s222.jpg HTTP/1.1" 200 158362 "http://www.mantech8.com/services.php?" "Mozilla/5.0 (Windows NT 10.0; Win64; x64) AppleWebKit/537.36 (KHTML, like Gecko) Chrome/107.0.0.0 Safari/537.36" "www.mantech8.com"
144.85.24.185 - - [15/Nov/2022:07:35:07 -0800] "GET /bimages/service/s555.jpg HTTP/1.1" 200 145255 "http://www.mantech8.com/services.php?" "Mozilla/5.0 (Windows NT 10.0; Win64; x64) AppleWebKit/537.36 (KHTML, like Gecko) Chrome/107.0.0.0 Safari/537.36" "www.mantech8.com"
144.85.24.185 - - [15/Nov/2022:07:35:07 -0800] "GET /bimages/service/s444.jpg HTTP/1.1" 200 146149 "http://www.mantech8.com/services.php?" "Mozilla/5.0 (Windows NT 10.0; Win64; x64) AppleWebKit/537.36 (KHTML, like Gecko) Chrome/107.0.0.0 Safari/537.36" "www.mantech8.com"
144.85.24.185 - - [15/Nov/2022:07:35:08 -0800] "GET /bimages/service/thump/b888.jpg HTTP/1.1" 200 26812 "http://www.mantech8.com/services.php?" "Mozilla/5.0 (Windows NT 10.0; Win64; x64) AppleWebKit/537.36 (KHTML, like Gecko) Chrome/107.0.0.0 Safari/537.36" "www.mantech8.com"
144.85.24.185 - - [15/Nov/2022:07:35:08 -0800] "GET /bimages/service/thump/b444.jpg HTTP/1.1" 200 20891 "http://www.mantech8.com/services.php?" "Mozilla/5.0 (Windows NT 10.0; Win64; x64) AppleWebKit/537.36 (KHTML, like Gecko) Chrome/107.0.0.0 Safari/537.36" "www.mantech8.com"
144.85.24.185 - - [15/Nov/2022:07:35:08 -0800] "GET /bimages/service/thump/b777.jpg HTTP/1.1" 200 29482 "http://www.mantech8.com/services.php?" "Mozilla/5.0 (Windows NT 10.0; Win64; x64) AppleWebKit/537.36 (KHTML, like Gecko) Chrome/107.0.0.0 Safari/537.36" "www.mantech8.com"
144.85.24.185 - - [15/Nov/2022:07:35:08 -0800] "GET /enginenew/bullet.png HTTP/1.1" 200 288 "http://www.mantech8.com/enginenew/style.css" "Mozilla/5.0 (Windows NT 10.0; Win64; x64) AppleWebKit/537.36 (KHTML, like Gecko) Chrome/107.0.0.0 Safari/537.36" "www.mantech8.com"
144.85.24.185 - - [15/Nov/2022:07:35:08 -0800] "GET /bimages/service/thump/b1111.jpg HTTP/1.1" 200 26895 "http://www.mantech8.com/services.php?" "Mozilla/5.0 (Windows NT 10.0; Win64; x64) AppleWebKit/537.36 (KHTML, like Gecko) Chrome/107.0.0.0 Safari/537.36" "www.mantech8.com"
144.85.24.185 - - [15/Nov/2022:07:35:08 -0800] "GET /bimages/service/thump/b555.jpg HTTP/1.1" 200 21936 "http://www.mantech8.com/services.php?" "Mozilla/5.0 (Windows NT 10.0; Win64; x64) AppleWebKit/537.36 (KHTML, like Gecko) Chrome/107.0.0.0 Safari/537.36" "www.mantech8.com"
