188.165.237.120 - - [15/Nov/2022:03:02:54 -0800] "GET /bimages/gallery/plugin.php HTTP/1.1" 200 295 "-" "Mozilla/5.0 (compatible; MJ12bot/v1.4.8; http://mj12bot.com/)" "mantech8.com"
188.165.237.120 - - [15/Nov/2022:03:02:59 -0800] "GET /bimages/gallery/wp-Annonymous.php HTTP/1.1" 200 881 "-" "Mozilla/5.0 (compatible; MJ12bot/v1.4.8; http://mj12bot.com/)" "mantech8.com"
185.191.171.37 - - [15/Nov/2022:03:03:33 -0800] "GET /?camp-fire%2F8831578.html HTTP/1.1" 500 - "-" "Mozilla/5.0 (compatible; SemrushBot/7~bl; +http://www.semrush.com/bot.html)" "mantech8.com"
185.191.171.42 - - [15/Nov/2022:03:03:45 -0800] "GET /?camp-fire%2F8113278.html HTTP/1.1" 500 - "-" "Mozilla/5.0 (compatible; SemrushBot/7~bl; +http://www.semrush.com/bot.html)" "mantech8.com"
194.110.203.46 - - [15/Nov/2022:03:03:47 -0800] "GET /localhost_dump.zip HTTP/1.1" 404 73 "-" "Firefox" "mantech8.com"
185.191.171.35 - - [15/Nov/2022:03:04:01 -0800] "GET /?camp-fire%2F8457898.html HTTP/1.1" 500 - "-" "Mozilla/5.0 (compatible; SemrushBot/7~bl; +http://www.semrush.com/bot.html)" "mantech8.com"
185.191.171.14 - - [15/Nov/2022:03:04:11 -0800] "GET /?camp-fire%2F7258780.html HTTP/1.1" 500 - "-" "Mozilla/5.0 (compatible; SemrushBot/7~bl; +http://www.semrush.com/bot.html)" "mantech8.com"
185.191.171.16 - - [15/Nov/2022:03:04:50 -0800] "GET /?camp-fire%2F1492669.html HTTP/1.1" 500 - "-" "Mozilla/5.0 (compatible; SemrushBot/7~bl; +http://www.semrush.com/bot.html)" "mantech8.com"
185.191.171.15 - - [15/Nov/2022:03:05:21 -0800] "GET /?camp-fire%2F49759303.html HTTP/1.1" 500 - "-" "Mozilla/5.0 (compatible; SemrushBot/7~bl; +http://www.semrush.com/bot.html)" "mantech8.com"
185.191.171.4 - - [15/Nov/2022:03:05:37 -0800] "GET /?camp-fire%2F51477564.html HTTP/1.1" 500 - "-" "Mozilla/5.0 (compatible; SemrushBot/7~bl; +http://www.semrush.com/bot.html)" "mantech8.com"
185.191.171.3 - - [15/Nov/2022:03:05:55 -0800] "GET /?camp-fire%2F8237753.html HTTP/1.1" 500 - "-" "Mozilla/5.0 (compatible; SemrushBot/7~bl; +http://www.semrush.com/bot.html)" "mantech8.com"
185.191.171.6 - - [15/Nov/2022:03:06:00 -0800] "GET /index.php/camp-fire/4356396.html HTTP/1.1" 500 - "-" "Mozilla/5.0 (compatible; SemrushBot/7~bl; +http://www.semrush.com/bot.html)" "mantech8.com"
185.191.171.40 - - [15/Nov/2022:03:06:25 -0800] "GET /?camp-fire%2F9288390.html HTTP/1.1" 500 - "-" "Mozilla/5.0 (compatible; SemrushBot/7~bl; +http://www.semrush.com/bot.html)" "mantech8.com"
185.191.171.16 - - [15/Nov/2022:03:07:04 -0800] "GET /?camp-fire%2F2330859.html HTTP/1.1" 500 - "-" "Mozilla/5.0 (compatible; SemrushBot/7~bl; +http://www.semrush.com/bot.html)" "mantech8.com"
185.191.171.35 - - [15/Nov/2022:03:07:18 -0800] "GET /index.php/camp-fire/31536106.html HTTP/1.1" 500 - "-" "Mozilla/5.0 (compatible; SemrushBot/7~bl; +http://www.semrush.com/bot.html)" "mantech8.com"
185.191.171.36 - - [15/Nov/2022:03:07:46 -0800] "GET /index.php/camp-fire/35244365.html HTTP/1.1" 500 - "-" "Mozilla/5.0 (compatible; SemrushBot/7~bl; +http://www.semrush.com/bot.html)" "mantech8.com"
185.191.171.33 - - [15/Nov/2022:03:07:56 -0800] "GET /?camp-fire%2F46885476.html HTTP/1.1" 500 - "-" "Mozilla/5.0 (compatible; SemrushBot/7~bl; +http://www.semrush.com/bot.html)" "mantech8.com"
185.191.171.17 - - [15/Nov/2022:03:08:48 -0800] "GET /?camp-fire%2F47705272.html HTTP/1.1" 500 - "-" "Mozilla/5.0 (compatible; SemrushBot/7~bl; +http://www.semrush.com/bot.html)" "mantech8.com"
185.191.171.13 - - [15/Nov/2022:03:09:47 -0800] "GET /index.php/camp-fire/13983359.html HTTP/1.1" 500 - "-" "Mozilla/5.0 (compatible; SemrushBot/7~bl; +http://www.semrush.com/bot.html)" "mantech8.com"
185.191.171.38 - - [15/Nov/2022:03:10:36 -0800] "GET /?camp-fire%2F4267100.html HTTP/1.1" 500 - "-" "Mozilla/5.0 (compatible; SemrushBot/7~bl; +http://www.semrush.com/bot.html)" "mantech8.com"
185.191.171.44 - - [15/Nov/2022:03:11:15 -0800] "GET /index.php/camp-fire/14977087.html HTTP/1.1" 500 - "-" "Mozilla/5.0 (compatible; SemrushBot/7~bl; +http://www.semrush.com/bot.html)" "mantech8.com"
185.191.171.33 - - [15/Nov/2022:03:11:33 -0800] "GET /?camp-fire%2F5182674.html HTTP/1.1" 500 - "-" "Mozilla/5.0 (compatible; SemrushBot/7~bl; +http://www.semrush.com/bot.html)" "mantech8.com"
185.191.171.21 - - [15/Nov/2022:03:11:37 -0800] "GET /?camp-fire%2F1376753.html HTTP/1.1" 500 - "-" "Mozilla/5.0 (compatible; SemrushBot/7~bl; +http://www.semrush.com/bot.html)" "mantech8.com"
185.191.171.38 - - [15/Nov/2022:03:11:45 -0800] "GET /?camp-fire%2F2744251.html HTTP/1.1" 500 - "-" "Mozilla/5.0 (compatible; SemrushBot/7~bl; +http://www.semrush.com/bot.html)" "mantech8.com"
185.191.171.19 - - [15/Nov/2022:03:12:38 -0800] "GET /index.php/camp-fire/1410053.html HTTP/1.1" 500 - "-" "Mozilla/5.0 (compatible; SemrushBot/7~bl; +http://www.semrush.com/bot.html)" "mantech8.com"
185.191.171.14 - - [15/Nov/2022:03:13:07 -0800] "GET /index.php/camp-fire/8189042.html HTTP/1.1" 500 - "-" "Mozilla/5.0 (compatible; SemrushBot/7~bl; +http://www.semrush.com/bot.html)" "mantech8.com"
207.46.13.177 - - [15/Nov/2022:03:13:27 -0800] "GET / HTTP/1.1" 200 64618 "-" "Mozilla/5.0 AppleWebKit/537.36 (KHTML, like Gecko; compatible; bingbot/2.0; +http://www.bing.com/bingbot.htm) Chrome/103.0.5060.134 Safari/537.36" "www.mantech8.com"
185.191.171.38 - - [15/Nov/2022:03:13:38 -0800] "GET /?camp-fire%2F1574359.html HTTP/1.1" 500 - "-" "Mozilla/5.0 (compatible; SemrushBot/7~bl; +http://www.semrush.com/bot.html)" "mantech8.com"
185.191.171.33 - - [15/Nov/2022:03:14:13 -0800] "GET /?camp-fire%2F43165034.html HTTP/1.1" 500 - "-" "Mozilla/5.0 (compatible; SemrushBot/7~bl; +http://www.semrush.com/bot.html)" "mantech8.com"
185.191.171.33 - - [15/Nov/2022:03:14:17 -0800] "GET /?camp-fire%2F4387896.html HTTP/1.1" 500 - "-" "Mozilla/5.0 (compatible; SemrushBot/7~bl; +http://www.semrush.com/bot.html)" "mantech8.com"
185.191.171.23 - - [15/Nov/2022:03:15:19 -0800] "GET /?camp-fire%2F4275596.html HTTP/1.1" 500 - "-" "Mozilla/5.0 (compatible; SemrushBot/7~bl; +http://www.semrush.com/bot.html)" "mantech8.com"
185.191.171.9 - - [15/Nov/2022:03:15:21 -0800] "GET /?camp-fire%2F9415021.html HTTP/1.1" 500 - "-" "Mozilla/5.0 (compatible; SemrushBot/7~bl; +http://www.semrush.com/bot.html)" "mantech8.com"
185.191.171.15 - - [15/Nov/2022:03:15:59 -0800] "GET /index.php/camp-fire/50139230.html HTTP/1.1" 500 - "-" "Mozilla/5.0 (compatible; SemrushBot/7~bl; +http://www.semrush.com/bot.html)" "mantech8.com"
52.215.219.210 - - [15/Nov/2022:03:16:11 -0800] "GET /robots.txt HTTP/1.1" 200 106 "-" "webprosbot/2.0 (+mailto:abuse-6337@webpros.com)" "www.mantech8.com"
185.191.171.44 - - [15/Nov/2022:03:16:39 -0800] "GET /?camp-fire%2F9675883.html HTTP/1.1" 500 - "-" "Mozilla/5.0 (compatible; SemrushBot/7~bl; +http://www.semrush.com/bot.html)" "mantech8.com"
185.191.171.11 - - [15/Nov/2022:03:17:32 -0800] "GET /?camp-fire%2F3459800.html HTTP/1.1" 500 - "-" "Mozilla/5.0 (compatible; SemrushBot/7~bl; +http://www.semrush.com/bot.html)" "mantech8.com"
185.191.171.12 - - [15/Nov/2022:03:18:21 -0800] "GET /index.php/camp-fire/15159856.html HTTP/1.1" 500 - "-" "Mozilla/5.0 (compatible; SemrushBot/7~bl; +http://www.semrush.com/bot.html)" "mantech8.com"
185.191.171.1 - - [15/Nov/2022:03:19:19 -0800] "GET /?camp-fire%2F48744750.html HTTP/1.1" 500 - "-" "Mozilla/5.0 (compatible; SemrushBot/7~bl; +http://www.semrush.com/bot.html)" "mantech8.com"
185.191.171.35 - - [15/Nov/2022:03:19:29 -0800] "GET /?camp-fire%2F9066880.html HTTP/1.1" 500 - "-" "Mozilla/5.0 (compatible; SemrushBot/7~bl; +http://www.semrush.com/bot.html)" "mantech8.com"
185.191.171.3 - - [15/Nov/2022:03:20:19 -0800] "GET /?camp-fire%2F51001592.html HTTP/1.1" 500 - "-" "Mozilla/5.0 (compatible; SemrushBot/7~bl; +http://www.semrush.com/bot.html)" "mantech8.com"
185.191.171.1 - - [15/Nov/2022:03:20:56 -0800] "GET /?camp-fire%2F8112378.html HTTP/1.1" 500 - "-" "Mozilla/5.0 (compatible; SemrushBot/7~bl; +http://www.semrush.com/bot.html)" "mantech8.com"
40.77.167.42 - - [15/Nov/2022:03:21:07 -0800] "GET / HTTP/1.1" 200 64004 "-" "Mozilla/5.0 AppleWebKit/537.36 (KHTML, like Gecko; compatible; bingbot/2.0; +http://www.bing.com/bingbot.htm) Chrome/103.0.5060.134 Safari/537.36" "www.mantech8.com"
185.191.171.24 - - [15/Nov/2022:03:21:16 -0800] "GET /index.php/camp-fire/11215451.html HTTP/1.1" 500 - "-" "Mozilla/5.0 (compatible; SemrushBot/7~bl; +http://www.semrush.com/bot.html)" "mantech8.com"
216.244.66.241 - - [15/Nov/2022:03:22:10 -0800] "GET /robots.txt HTTP/1.1" 200 222 "-" "Mozilla/5.0 (compatible; DotBot/1.2; +https://opensiteexplorer.org/dotbot; help@moz.com)" "mantech8.com"
216.244.66.241 - - [15/Nov/2022:03:22:10 -0800] "GET /robots.txt HTTP/1.1" 200 222 "-" "Mozilla/5.0 (compatible; DotBot/1.2; +https://opensiteexplorer.org/dotbot; help@moz.com)" "www.mantech8.com"
185.191.171.37 - - [15/Nov/2022:03:22:31 -0800] "GET /?camp-fire%2F2410790.html HTTP/1.1" 500 - "-" "Mozilla/5.0 (compatible; SemrushBot/7~bl; +http://www.semrush.com/bot.html)" "mantech8.com"
185.191.171.26 - - [15/Nov/2022:03:22:45 -0800] "GET /?camp-fire%2F42625378.html HTTP/1.1" 500 - "-" "Mozilla/5.0 (compatible; SemrushBot/7~bl; +http://www.semrush.com/bot.html)" "mantech8.com"
185.191.171.11 - - [15/Nov/2022:03:22:47 -0800] "GET /?camp-fire%2F43715303.html HTTP/1.1" 500 - "-" "Mozilla/5.0 (compatible; SemrushBot/7~bl; +http://www.semrush.com/bot.html)" "mantech8.com"
185.191.171.11 - - [15/Nov/2022:03:23:00 -0800] "GET /?camp-fire%2F1944959.html HTTP/1.1" 500 - "-" "Mozilla/5.0 (compatible; SemrushBot/7~bl; +http://www.semrush.com/bot.html)" "mantech8.com"
207.46.13.36 - - [15/Nov/2022:03:23:34 -0800] "GET /index.php/xwM20-cdd2acece-ihSW.Ii HTTP/1.1" 200 74183 "-" "Mozilla/5.0 AppleWebKit/537.36 (KHTML, like Gecko; compatible; bingbot/2.0; +http://www.bing.com/bingbot.htm) Chrome/103.0.5060.134 Safari/537.36" "mantech8.com"
185.191.171.39 - - [15/Nov/2022:03:23:39 -0800] "GET /robots.txt HTTP/1.1" 200 106 "-" "Mozilla/5.0 (compatible; SemrushBot/7~bl; +http://www.semrush.com/bot.html)" "mantech8.com"
185.191.171.41 - - [15/Nov/2022:03:23:39 -0800] "GET /?camp-fire%2F3853774.html HTTP/1.1" 500 - "-" "Mozilla/5.0 (compatible; SemrushBot/7~bl; +http://www.semrush.com/bot.html)" "mantech8.com"
185.191.171.38 - - [15/Nov/2022:03:23:43 -0800] "GET /?camp-fire%2F6982100.html HTTP/1.1" 500 - "-" "Mozilla/5.0 (compatible; SemrushBot/7~bl; +http://www.semrush.com/bot.html)" "mantech8.com"
185.191.171.15 - - [15/Nov/2022:03:23:45 -0800] "GET /?camp-fire%2F51342925.html HTTP/1.1" 500 - "-" "Mozilla/5.0 (compatible; SemrushBot/7~bl; +http://www.semrush.com/bot.html)" "mantech8.com"
185.191.171.38 - - [15/Nov/2022:03:24:06 -0800] "GET /?camp-fire%2F43620326.html HTTP/1.1" 500 - "-" "Mozilla/5.0 (compatible; SemrushBot/7~bl; +http://www.semrush.com/bot.html)" "mantech8.com"
185.191.171.25 - - [15/Nov/2022:03:24:13 -0800] "GET /index.php/camp-fire/4297974.html HTTP/1.1" 500 - "-" "Mozilla/5.0 (compatible; SemrushBot/7~bl; +http://www.semrush.com/bot.html)" "mantech8.com"
185.191.171.40 - - [15/Nov/2022:03:24:50 -0800] "GET /?camp-fire%2F9073678.html HTTP/1.1" 500 - "-" "Mozilla/5.0 (compatible; SemrushBot/7~bl; +http://www.semrush.com/bot.html)" "mantech8.com"
40.77.167.64 - - [15/Nov/2022:03:25:01 -0800] "GET /hFdr-eccefadeba-IoZxa.Ii HTTP/1.1" 404 88 "-" "Mozilla/5.0 AppleWebKit/537.36 (KHTML, like Gecko; compatible; bingbot/2.0; +http://www.bing.com/bingbot.htm) Chrome/103.0.5060.134 Safari/537.36" "www.mantech8.com"
185.191.171.24 - - [15/Nov/2022:03:26:24 -0800] "GET /index.php?camp-fire%2F288898.html HTTP/1.1" 500 - "-" "Mozilla/5.0 (compatible; SemrushBot/7~bl; +http://www.semrush.com/bot.html)" "mantech8.com"
185.191.171.9 - - [15/Nov/2022:03:26:26 -0800] "GET /?camp-fire%2F44145271.html HTTP/1.1" 500 - "-" "Mozilla/5.0 (compatible; SemrushBot/7~bl; +http://www.semrush.com/bot.html)" "mantech8.com"
185.191.171.21 - - [15/Nov/2022:03:27:00 -0800] "GET /index.php/camp-fire/15587483.html HTTP/1.1" 500 - "-" "Mozilla/5.0 (compatible; SemrushBot/7~bl; +http://www.semrush.com/bot.html)" "mantech8.com"
185.191.171.16 - - [15/Nov/2022:03:28:43 -0800] "GET /index.php?camp-fire%2F702069.html HTTP/1.1" 500 - "-" "Mozilla/5.0 (compatible; SemrushBot/7~bl; +http://www.semrush.com/bot.html)" "mantech8.com"
185.191.171.36 - - [15/Nov/2022:03:29:13 -0800] "GET /index.php/camp-fire/15189421.html HTTP/1.1" 500 - "-" "Mozilla/5.0 (compatible; SemrushBot/7~bl; +http://www.semrush.com/bot.html)" "mantech8.com"
40.77.167.42 - - [15/Nov/2022:03:29:15 -0800] "GET /index.php/2020/09/11/9-11%E7%99%BA%E8%A1%8C%E3%80%8C%E3%81%82%E3%81%8A%E3%81%BD%E3%80%8D%E3%81%AB%E3%83%9E%E3%82%B9%E3%82%BF%E3%83%BC%E3%83%94%E3%83%BC%E3%82%B9%E3%81%AE%E6%96%B0%E7%AF%89%E5%BB%BA%E5%A3%B2%E3%83%BB/ HTTP/1.1" 200 63656 "-" "Mozilla/5.0 (compatible; bingbot/2.0; +http://www.bing.com/bingbot.htm)" "mantech8.com"
207.46.13.177 - - [15/Nov/2022:03:29:18 -0800] "GET /camp-fire/38424086.html HTTP/1.1" 404 88 "-" "Mozilla/5.0 (compatible; bingbot/2.0; +http://www.bing.com/bingbot.htm)" "www.mantech8.com"
185.191.171.41 - - [15/Nov/2022:03:29:34 -0800] "GET /?camp-fire%2F3148478.html HTTP/1.1" 500 - "-" "Mozilla/5.0 (compatible; SemrushBot/7~bl; +http://www.semrush.com/bot.html)" "mantech8.com"
185.191.171.34 - - [15/Nov/2022:03:30:07 -0800] "GET /?camp-fire%2F48233108.html HTTP/1.1" 500 - "-" "Mozilla/5.0 (compatible; SemrushBot/7~bl; +http://www.semrush.com/bot.html)" "mantech8.com"
40.77.167.25 - - [15/Nov/2022:03:30:27 -0800] "GET /index.php?camp-fire/1465.html HTTP/1.1" 200 64359 "-" "Mozilla/5.0 (compatible; bingbot/2.0; +http://www.bing.com/bingbot.htm)" "www.mantech8.com"
185.191.171.6 - - [15/Nov/2022:03:31:01 -0800] "GET /?camp-fire%2F8758942.html HTTP/1.1" 500 - "-" "Mozilla/5.0 (compatible; SemrushBot/7~bl; +http://www.semrush.com/bot.html)" "mantech8.com"
185.191.171.41 - - [15/Nov/2022:03:31:24 -0800] "GET /?camp-fire%2F44461841.html HTTP/1.1" 500 - "-" "Mozilla/5.0 (compatible; SemrushBot/7~bl; +http://www.semrush.com/bot.html)" "mantech8.com"
185.191.171.19 - - [15/Nov/2022:03:31:05 -0800] "GET /?camp-fire%2F8834498.html HTTP/1.1" 500 - "-" "Mozilla/5.0 (compatible; SemrushBot/7~bl; +http://www.semrush.com/bot.html)" "mantech8.com"
185.191.171.7 - - [15/Nov/2022:03:31:41 -0800] "GET /?camp-fire%2F2511100.html HTTP/1.1" 500 - "-" "Mozilla/5.0 (compatible; SemrushBot/7~bl; +http://www.semrush.com/bot.html)" "mantech8.com"
185.191.171.21 - - [15/Nov/2022:03:32:19 -0800] "GET /?camp-fire%2F3849693.html HTTP/1.1" 500 - "-" "Mozilla/5.0 (compatible; SemrushBot/7~bl; +http://www.semrush.com/bot.html)" "mantech8.com"
185.191.171.12 - - [15/Nov/2022:03:32:24 -0800] "GET /index.php/camp-fire/30720789.html HTTP/1.1" 500 - "-" "Mozilla/5.0 (compatible; SemrushBot/7~bl; +http://www.semrush.com/bot.html)" "mantech8.com"
185.191.171.39 - - [15/Nov/2022:03:34:13 -0800] "GET /?camp-fire%2F42822834.html HTTP/1.1" 500 - "-" "Mozilla/5.0 (compatible; SemrushBot/7~bl; +http://www.semrush.com/bot.html)" "mantech8.com"
185.191.171.44 - - [15/Nov/2022:03:34:21 -0800] "GET /index.php/camp-fire/15593346.html HTTP/1.1" 500 - "-" "Mozilla/5.0 (compatible; SemrushBot/7~bl; +http://www.semrush.com/bot.html)" "mantech8.com"
185.191.171.7 - - [15/Nov/2022:03:34:24 -0800] "GET /?camp-fire%2F50442668.html HTTP/1.1" 500 - "-" "Mozilla/5.0 (compatible; SemrushBot/7~bl; +http://www.semrush.com/bot.html)" "mantech8.com"
185.191.171.25 - - [15/Nov/2022:03:34:33 -0800] "GET /?camp-fire%2F51802697.html HTTP/1.1" 500 - "-" "Mozilla/5.0 (compatible; SemrushBot/7~bl; +http://www.semrush.com/bot.html)" "mantech8.com"
185.191.171.5 - - [15/Nov/2022:03:35:08 -0800] "GET /index.php/camp-fire/25493435.html HTTP/1.1" 500 - "-" "Mozilla/5.0 (compatible; SemrushBot/7~bl; +http://www.semrush.com/bot.html)" "mantech8.com"
185.191.171.23 - - [15/Nov/2022:03:35:48 -0800] "GET /?camp-fire%2F9231293.html HTTP/1.1" 500 - "-" "Mozilla/5.0 (compatible; SemrushBot/7~bl; +http://www.semrush.com/bot.html)" "mantech8.com"
185.191.171.12 - - [15/Nov/2022:03:36:02 -0800] "GET /index.php?camp-fire%2F594269.html HTTP/1.1" 500 - "-" "Mozilla/5.0 (compatible; SemrushBot/7~bl; +http://www.semrush.com/bot.html)" "mantech8.com"
185.191.171.1 - - [15/Nov/2022:03:36:42 -0800] "GET /index.php/camp-fire/15551646.html HTTP/1.1" 500 - "-" "Mozilla/5.0 (compatible; SemrushBot/7~bl; +http://www.semrush.com/bot.html)" "mantech8.com"
185.191.171.24 - - [15/Nov/2022:03:37:11 -0800] "GET /?camp-fire%2F7642808.html HTTP/1.1" 500 - "-" "Mozilla/5.0 (compatible; SemrushBot/7~bl; +http://www.semrush.com/bot.html)" "mantech8.com"
185.191.171.15 - - [15/Nov/2022:03:38:52 -0800] "GET /?camp-fire%2F9806883.html HTTP/1.1" 500 - "-" "Mozilla/5.0 (compatible; SemrushBot/7~bl; +http://www.semrush.com/bot.html)" "mantech8.com"
185.191.171.7 - - [15/Nov/2022:03:39:49 -0800] "GET /index.php/camp-fire/13814974.html HTTP/1.1" 500 - "-" "Mozilla/5.0 (compatible; SemrushBot/7~bl; +http://www.semrush.com/bot.html)" "mantech8.com"
185.191.171.2 - - [15/Nov/2022:03:39:58 -0800] "GET /?camp-fire%2F1389953.html HTTP/1.1" 500 - "-" "Mozilla/5.0 (compatible; SemrushBot/7~bl; +http://www.semrush.com/bot.html)" "mantech8.com"
185.191.171.3 - - [15/Nov/2022:03:41:09 -0800] "GET /index.php/camp-fire/11929876.html HTTP/1.1" 500 - "-" "Mozilla/5.0 (compatible; SemrushBot/7~bl; +http://www.semrush.com/bot.html)" "mantech8.com"
185.191.171.6 - - [15/Nov/2022:03:41:31 -0800] "GET /?camp-fire%2F2727351.html HTTP/1.1" 500 - "-" "Mozilla/5.0 (compatible; SemrushBot/7~bl; +http://www.semrush.com/bot.html)" "mantech8.com"
185.191.171.44 - - [15/Nov/2022:03:41:32 -0800] "GET /index.php/camp-fire/1245100.html HTTP/1.1" 500 - "-" "Mozilla/5.0 (compatible; SemrushBot/7~bl; +http://www.semrush.com/bot.html)" "mantech8.com"
89.22.106.31 - - [15/Nov/2022:03:42:17 -0800] "GET /contact.php HTTP/1.1" 200 29238 "http://mantech8.com/contact.php" "Mozilla/5.0 (Windows NT 10.0; Win64; x64) AppleWebKit/537.36 (KHTML, like Gecko) Chrome/90.0.4430.72 Safari/537.36 Edg/90.0.818.42" "mantech8.com"
185.191.171.12 - - [15/Nov/2022:03:42:20 -0800] "GET /?camp-fire%2F7724908.html HTTP/1.1" 500 - "-" "Mozilla/5.0 (compatible; SemrushBot/7~bl; +http://www.semrush.com/bot.html)" "mantech8.com"
185.191.171.24 - - [15/Nov/2022:03:42:22 -0800] "GET /?camp-fire%2F5751355.html HTTP/1.1" 500 - "-" "Mozilla/5.0 (compatible; SemrushBot/7~bl; +http://www.semrush.com/bot.html)" "mantech8.com"
89.22.106.31 - - [15/Nov/2022:03:42:27 -0800] "POST /mailer.php HTTP/1.1" 500 - "http://mantech8.com/contact.php" "Mozilla/5.0 (Windows NT 10.0; Win64; x64) AppleWebKit/537.36 (KHTML, like Gecko) Chrome/90.0.4430.72 Safari/537.36 Edg/90.0.818.42" "mantech8.com"
185.191.171.26 - - [15/Nov/2022:03:42:35 -0800] "GET /index.php/camp-fire/1400153.html HTTP/1.1" 500 - "-" "Mozilla/5.0 (compatible; SemrushBot/7~bl; +http://www.semrush.com/bot.html)" "mantech8.com"
185.191.171.44 - - [15/Nov/2022:03:42:37 -0800] "GET /?camp-fire%2F47888230.html HTTP/1.1" 500 - "-" "Mozilla/5.0 (compatible; SemrushBot/7~bl; +http://www.semrush.com/bot.html)" "mantech8.com"
185.191.171.10 - - [15/Nov/2022:03:43:06 -0800] "GET /?camp-fire%2F7767242.html HTTP/1.1" 500 - "-" "Mozilla/5.0 (compatible; SemrushBot/7~bl; +http://www.semrush.com/bot.html)" "mantech8.com"
185.191.171.16 - - [15/Nov/2022:03:43:13 -0800] "GET /?camp-fire%2F1782251.html HTTP/1.1" 500 - "-" "Mozilla/5.0 (compatible; SemrushBot/7~bl; +http://www.semrush.com/bot.html)" "mantech8.com"
185.191.171.22 - - [15/Nov/2022:03:43:46 -0800] "GET /?camp-fire%2F2039151.html HTTP/1.1" 500 - "-" "Mozilla/5.0 (compatible; SemrushBot/7~bl; +http://www.semrush.com/bot.html)" "mantech8.com"
185.191.171.15 - - [15/Nov/2022:03:43:59 -0800] "GET /?camp-fire%2F42852634.html HTTP/1.1" 500 - "-" "Mozilla/5.0 (compatible; SemrushBot/7~bl; +http://www.semrush.com/bot.html)" "mantech8.com"
185.191.171.10 - - [15/Nov/2022:03:44:45 -0800] "GET /?camp-fire%2F1235129.html HTTP/1.1" 500 - "-" "Mozilla/5.0 (compatible; SemrushBot/7~bl; +http://www.semrush.com/bot.html)" "mantech8.com"
185.191.171.1 - - [15/Nov/2022:03:46:08 -0800] "GET /index.php/camp-fire/11460909.html HTTP/1.1" 500 - "-" "Mozilla/5.0 (compatible; SemrushBot/7~bl; +http://www.semrush.com/bot.html)" "mantech8.com"
185.191.171.20 - - [15/Nov/2022:03:46:31 -0800] "GET /index.php/camp-fire/33458493.html HTTP/1.1" 500 - "-" "Mozilla/5.0 (compatible; SemrushBot/7~bl; +http://www.semrush.com/bot.html)" "mantech8.com"
77.75.79.119 - - [15/Nov/2022:03:46:44 -0800] "GET /bimages/dimage/ HTTP/1.1" 200 419 "-" "Mozilla/5.0 (compatible; SeznamBot/4.0-RC1; +http://napoveda.seznam.cz/seznambot-intro/)" "www.mantech8.com"
185.191.171.19 - - [15/Nov/2022:03:47:23 -0800] "GET /?camp-fire%2F8188208.html HTTP/1.1" 500 - "-" "Mozilla/5.0 (compatible; SemrushBot/7~bl; +http://www.semrush.com/bot.html)" "mantech8.com"
185.191.171.3 - - [15/Nov/2022:03:47:38 -0800] "GET /?camp-fire%2F42589592.html HTTP/1.1" 500 - "-" "Mozilla/5.0 (compatible; SemrushBot/7~bl; +http://www.semrush.com/bot.html)" "mantech8.com"
185.191.171.18 - - [15/Nov/2022:03:48:00 -0800] "GET /?camp-fire%2F50893788.html HTTP/1.1" 500 - "-" "Mozilla/5.0 (compatible; SemrushBot/7~bl; +http://www.semrush.com/bot.html)" "mantech8.com"
185.191.171.43 - - [15/Nov/2022:03:48:01 -0800] "GET /index.php/camp-fire/1344700.html HTTP/1.1" 500 - "-" "Mozilla/5.0 (compatible; SemrushBot/7~bl; +http://www.semrush.com/bot.html)" "mantech8.com"
185.191.171.22 - - [15/Nov/2022:03:48:02 -0800] "GET /index.php/camp-fire/6081290.html HTTP/1.1" 500 - "-" "Mozilla/5.0 (compatible; SemrushBot/7~bl; +http://www.semrush.com/bot.html)" "mantech8.com"
207.46.13.177 - - [15/Nov/2022:03:48:20 -0800] "GET / HTTP/1.1" 200 64405 "-" "Mozilla/5.0 AppleWebKit/537.36 (KHTML, like Gecko; compatible; bingbot/2.0; +http://www.bing.com/bingbot.htm) Chrome/103.0.5060.134 Safari/537.36" "www.mantech8.com"
185.191.171.20 - - [15/Nov/2022:03:48:53 -0800] "GET /?camp-fire%2F1240629.html HTTP/1.1" 500 - "-" "Mozilla/5.0 (compatible; SemrushBot/7~bl; +http://www.semrush.com/bot.html)" "mantech8.com"
185.191.171.8 - - [15/Nov/2022:03:48:58 -0800] "GET /index.php/camp-fire/7611308.html HTTP/1.1" 500 - "-" "Mozilla/5.0 (compatible; SemrushBot/7~bl; +http://www.semrush.com/bot.html)" "mantech8.com"
185.191.171.24 - - [15/Nov/2022:03:49:04 -0800] "GET /?camp-fire%2F3333300.html HTTP/1.1" 500 - "-" "Mozilla/5.0 (compatible; SemrushBot/7~bl; +http://www.semrush.com/bot.html)" "mantech8.com"
185.191.171.35 - - [15/Nov/2022:03:49:56 -0800] "GET /?camp-fire%2F45261716.html HTTP/1.1" 500 - "-" "Mozilla/5.0 (compatible; SemrushBot/7~bl; +http://www.semrush.com/bot.html)" "mantech8.com"
207.46.13.65 - - [15/Nov/2022:03:51:07 -0800] "GET /F2si-814f3eccec-DiiC1.Ii HTTP/1.1" 404 88 "-" "Mozilla/5.0 (compatible; bingbot/2.0; +http://www.bing.com/bingbot.htm)" "www.mantech8.com"
185.191.171.2 - - [15/Nov/2022:03:51:04 -0800] "GET /index.php/camp-fire/9672383.html HTTP/1.1" 500 - "-" "Mozilla/5.0 (compatible; SemrushBot/7~bl; +http://www.semrush.com/bot.html)" "mantech8.com"
185.191.171.38 - - [15/Nov/2022:03:51:23 -0800] "GET /?camp-fire%2F4577800.html HTTP/1.1" 500 - "-" "Mozilla/5.0 (compatible; SemrushBot/7~bl; +http://www.semrush.com/bot.html)" "mantech8.com"
207.46.13.65 - - [15/Nov/2022:03:51:28 -0800] "GET /F2si-814f3eccec-DiiC1.Ii HTTP/1.1" 404 88 "-" "Mozilla/5.0 (compatible; bingbot/2.0; +http://www.bing.com/bingbot.htm)" "www.mantech8.com"
185.191.171.39 - - [15/Nov/2022:03:51:48 -0800] "GET /?camp-fire%2F5210974.html HTTP/1.1" 500 - "-" "Mozilla/5.0 (compatible; SemrushBot/7~bl; +http://www.semrush.com/bot.html)" "mantech8.com"
185.191.171.43 - - [15/Nov/2022:03:52:14 -0800] "GET /?camp-fire%2F5608796.html HTTP/1.1" 500 - "-" "Mozilla/5.0 (compatible; SemrushBot/7~bl; +http://www.semrush.com/bot.html)" "mantech8.com"
185.191.171.5 - - [15/Nov/2022:03:52:15 -0800] "GET /index.php/camp-fire/103135559.html HTTP/1.1" 500 - "-" "Mozilla/5.0 (compatible; SemrushBot/7~bl; +http://www.semrush.com/bot.html)" "mantech8.com"
185.191.171.19 - - [15/Nov/2022:03:52:29 -0800] "GET /?camp-fire%2F1445059.html HTTP/1.1" 500 - "-" "Mozilla/5.0 (compatible; SemrushBot/7~bl; +http://www.semrush.com/bot.html)" "mantech8.com"
185.191.171.21 - - [15/Nov/2022:03:52:46 -0800] "GET /?camp-fire%2F8541508.html HTTP/1.1" 500 - "-" "Mozilla/5.0 (compatible; SemrushBot/7~bl; +http://www.semrush.com/bot.html)" "mantech8.com"
185.191.171.16 - - [15/Nov/2022:03:53:52 -0800] "GET /index.php/camp-fire/8224978.html HTTP/1.1" 500 - "-" "Mozilla/5.0 (compatible; SemrushBot/7~bl; +http://www.semrush.com/bot.html)" "mantech8.com"
40.77.167.42 - - [15/Nov/2022:03:54:12 -0800] "GET / HTTP/1.1" 200 64167 "-" "Mozilla/5.0 AppleWebKit/537.36 (KHTML, like Gecko; compatible; bingbot/2.0; +http://www.bing.com/bingbot.htm) Chrome/103.0.5060.134 Safari/537.36" "www.mantech8.com"
185.191.171.44 - - [15/Nov/2022:03:54:58 -0800] "GET /index.php/camp-fire/10296990.html HTTP/1.1" 500 - "-" "Mozilla/5.0 (compatible; SemrushBot/7~bl; +http://www.semrush.com/bot.html)" "mantech8.com"
185.191.171.36 - - [15/Nov/2022:03:55:21 -0800] "GET /index.php/camp-fire/102053225.html HTTP/1.1" 500 - "-" "Mozilla/5.0 (compatible; SemrushBot/7~bl; +http://www.semrush.com/bot.html)" "mantech8.com"
40.77.167.42 - - [15/Nov/2022:03:56:00 -0800] "GET /F2si-b8ffadcea-DipPy.Ii HTTP/1.1" 404 88 "-" "Mozilla/5.0 AppleWebKit/537.36 (KHTML, like Gecko; compatible; bingbot/2.0; +http://www.bing.com/bingbot.htm) Chrome/103.0.5060.134 Safari/537.36" "www.mantech8.com"
185.191.171.45 - - [15/Nov/2022:03:56:04 -0800] "GET /?camp-fire%2F45439193.html HTTP/1.1" 500 - "-" "Mozilla/5.0 (compatible; SemrushBot/7~bl; +http://www.semrush.com/bot.html)" "mantech8.com"
40.77.167.42 - - [15/Nov/2022:03:56:21 -0800] "GET /F2si-b8ffadcea-DipPy.Ii HTTP/1.1" 404 88 "-" "Mozilla/5.0 AppleWebKit/537.36 (KHTML, like Gecko; compatible; bingbot/2.0; +http://www.bing.com/bingbot.htm) Chrome/103.0.5060.134 Safari/537.36" "www.mantech8.com"
185.191.171.37 - - [15/Nov/2022:03:56:54 -0800] "GET /?camp-fire%2F2834559.html HTTP/1.1" 500 - "-" "Mozilla/5.0 (compatible; SemrushBot/7~bl; +http://www.semrush.com/bot.html)" "mantech8.com"
185.191.171.10 - - [15/Nov/2022:03:57:24 -0800] "GET /?camp-fire%2F1786851.html HTTP/1.1" 500 - "-" "Mozilla/5.0 (compatible; SemrushBot/7~bl; +http://www.semrush.com/bot.html)" "mantech8.com"
185.191.171.12 - - [15/Nov/2022:03:58:09 -0800] "GET /?camp-fire%2F6278353.html HTTP/1.1" 500 - "-" "Mozilla/5.0 (compatible; SemrushBot/7~bl; +http://www.semrush.com/bot.html)" "mantech8.com"
37.148.161.15 - - [15/Nov/2022:03:58:22 -0800] "GET / HTTP/1.1" 500 - "-" "Mozilla/5.0 (OS/2; Warp 4.5; rv:45.0) Gecko/20100101 Firefox/45.0" "mantech8.com"
185.191.171.1 - - [15/Nov/2022:03:58:34 -0800] "GET /index.php/camp-fire/11925276.html HTTP/1.1" 500 - "-" "Mozilla/5.0 (compatible; SemrushBot/7~bl; +http://www.semrush.com/bot.html)" "mantech8.com"
185.191.171.25 - - [15/Nov/2022:03:58:54 -0800] "GET /?camp-fire%2F3386500.html HTTP/1.1" 500 - "-" "Mozilla/5.0 (compatible; SemrushBot/7~bl; +http://www.semrush.com/bot.html)" "mantech8.com"
36.133.119.77 - - [15/Nov/2022:03:58:56 -0800] "GET /contact.php HTTP/1.1" 200 29238 "http://mantech8.com/contact.php" "Mozilla/5.0 (Windows NT 10.0; Win64; x64) AppleWebKit/537.36 (KHTML, like Gecko) Chrome/90.0.4430.72 Safari/537.36 Edg/90.0.818.42" "mantech8.com"
101.109.27.77 - - [15/Nov/2022:03:59:17 -0800] "GET /contact.php HTTP/1.1" 200 29238 "http://mantech8.com/contact.php" "Mozilla/5.0 (Windows NT 10.0; Win64; x64) AppleWebKit/537.36 (KHTML, like Gecko) Chrome/90.0.4430.72 Safari/537.36 Edg/90.0.818.42" "mantech8.com"
101.109.27.77 - - [15/Nov/2022:03:59:19 -0800] "POST /mailer.php HTTP/1.1" 500 - "http://mantech8.com/contact.php" "Mozilla/5.0 (Windows NT 10.0; Win64; x64) AppleWebKit/537.36 (KHTML, like Gecko) Chrome/90.0.4430.72 Safari/537.36 Edg/90.0.818.42" "mantech8.com"
185.191.171.1 - - [15/Nov/2022:03:59:29 -0800] "GET /index.php?camp-fire%2F474598.html HTTP/1.1" 500 - "-" "Mozilla/5.0 (compatible; SemrushBot/7~bl; +http://www.semrush.com/bot.html)" "mantech8.com"
185.191.171.37 - - [15/Nov/2022:03:59:41 -0800] "GET /?camp-fire%2F43908371.html HTTP/1.1" 500 - "-" "Mozilla/5.0 (compatible; SemrushBot/7~bl; +http://www.semrush.com/bot.html)" "mantech8.com"
185.191.171.23 - - [15/Nov/2022:03:59:46 -0800] "GET /?camp-fire%2F2371693.html HTTP/1.1" 500 - "-" "Mozilla/5.0 (compatible; SemrushBot/7~bl; +http://www.semrush.com/bot.html)" "mantech8.com"
185.191.171.8 - - [15/Nov/2022:03:59:48 -0800] "GET /index.php/camp-fire/1808051.html HTTP/1.1" 500 - "-" "Mozilla/5.0 (compatible; SemrushBot/7~bl; +http://www.semrush.com/bot.html)" "mantech8.com"
185.191.171.35 - - [15/Nov/2022:04:00:28 -0800] "GET /index.php/camp-fire/24648135.html HTTP/1.1" 500 - "-" "Mozilla/5.0 (compatible; SemrushBot/7~bl; +http://www.semrush.com/bot.html)" "mantech8.com"
185.191.171.10 - - [15/Nov/2022:04:00:36 -0800] "GET /index.php/camp-fire/38813217.html HTTP/1.1" 500 - "-" "Mozilla/5.0 (compatible; SemrushBot/7~bl; +http://www.semrush.com/bot.html)" "mantech8.com"
185.191.171.10 - - [15/Nov/2022:04:00:49 -0800] "GET /?camp-fire%2F1610353.html HTTP/1.1" 500 - "-" "Mozilla/5.0 (compatible; SemrushBot/7~bl; +http://www.semrush.com/bot.html)" "mantech8.com"
185.191.171.9 - - [15/Nov/2022:04:01:29 -0800] "GET /index.php/camp-fire/23325456.html HTTP/1.1" 500 - "-" "Mozilla/5.0 (compatible; SemrushBot/7~bl; +http://www.semrush.com/bot.html)" "mantech8.com"
185.191.171.42 - - [15/Nov/2022:04:01:47 -0800] "GET /?camp-fire%2F5126374.html HTTP/1.1" 500 - "-" "Mozilla/5.0 (compatible; SemrushBot/7~bl; +http://www.semrush.com/bot.html)" "mantech8.com"
185.191.171.8 - - [15/Nov/2022:04:02:08 -0800] "GET /index.php/camp-fire/45452906.html HTTP/1.1" 500 - "-" "Mozilla/5.0 (compatible; SemrushBot/7~bl; +http://www.semrush.com/bot.html)" "mantech8.com"
185.191.171.36 - - [15/Nov/2022:04:03:00 -0800] "GET /?camp-fire%2F1832129.html HTTP/1.1" 500 - "-" "Mozilla/5.0 (compatible; SemrushBot/7~bl; +http://www.semrush.com/bot.html)" "mantech8.com"
185.191.171.18 - - [15/Nov/2022:04:05:18 -0800] "GET /index.php/camp-fire/11800296.html HTTP/1.1" 500 - "-" "Mozilla/5.0 (compatible; SemrushBot/7~bl; +http://www.semrush.com/bot.html)" "mantech8.com"
185.191.171.24 - - [15/Nov/2022:04:05:40 -0800] "GET /index.php/camp-fire/28619489.html HTTP/1.1" 500 - "-" "Mozilla/5.0 (compatible; SemrushBot/7~bl; +http://www.semrush.com/bot.html)" "mantech8.com"
185.191.171.13 - - [15/Nov/2022:04:06:12 -0800] "GET /index.php/camp-fire/26626447.html HTTP/1.1" 500 - "-" "Mozilla/5.0 (compatible; SemrushBot/7~bl; +http://www.semrush.com/bot.html)" "mantech8.com"
185.191.171.26 - - [15/Nov/2022:04:06:43 -0800] "GET /?camp-fire%2F3304900.html HTTP/1.1" 500 - "-" "Mozilla/5.0 (compatible; SemrushBot/7~bl; +http://www.semrush.com/bot.html)" "mantech8.com"
185.191.171.1 - - [15/Nov/2022:04:07:07 -0800] "GET /index.php?camp-fire%2F485569.html HTTP/1.1" 500 - "-" "Mozilla/5.0 (compatible; SemrushBot/7~bl; +http://www.semrush.com/bot.html)" "mantech8.com"
185.191.171.15 - - [15/Nov/2022:04:07:09 -0800] "GET /?camp-fire%2F8713142.html HTTP/1.1" 500 - "-" "Mozilla/5.0 (compatible; SemrushBot/7~bl; +http://www.semrush.com/bot.html)" "mantech8.com"
185.191.171.26 - - [15/Nov/2022:04:07:15 -0800] "GET /index.php/camp-fire/19501232.html HTTP/1.1" 500 - "-" "Mozilla/5.0 (compatible; SemrushBot/7~bl; +http://www.semrush.com/bot.html)" "mantech8.com"
185.191.171.25 - - [15/Nov/2022:04:08:06 -0800] "GET /index.php/camp-fire/15455677.html HTTP/1.1" 500 - "-" "Mozilla/5.0 (compatible; SemrushBot/7~bl; +http://www.semrush.com/bot.html)" "mantech8.com"
185.191.171.24 - - [15/Nov/2022:04:09:07 -0800] "GET /?camp-fire%2F4773055.html HTTP/1.1" 500 - "-" "Mozilla/5.0 (compatible; SemrushBot/7~bl; +http://www.semrush.com/bot.html)" "mantech8.com"
185.191.171.17 - - [15/Nov/2022:04:09:16 -0800] "GET /?camp-fire%2F43870700.html HTTP/1.1" 500 - "-" "Mozilla/5.0 (compatible; SemrushBot/7~bl; +http://www.semrush.com/bot.html)" "mantech8.com"
185.191.171.33 - - [15/Nov/2022:04:09:18 -0800] "GET /?camp-fire%2F43097334.html HTTP/1.1" 500 - "-" "Mozilla/5.0 (compatible; SemrushBot/7~bl; +http://www.semrush.com/bot.html)" "mantech8.com"
185.191.171.24 - - [15/Nov/2022:04:09:32 -0800] "GET /?camp-fire%2F8276778.html HTTP/1.1" 500 - "-" "Mozilla/5.0 (compatible; SemrushBot/7~bl; +http://www.semrush.com/bot.html)" "mantech8.com"
185.191.171.40 - - [15/Nov/2022:04:09:35 -0800] "GET /?camp-fire%2F7610008.html HTTP/1.1" 500 - "-" "Mozilla/5.0 (compatible; SemrushBot/7~bl; +http://www.semrush.com/bot.html)" "mantech8.com"
185.191.171.20 - - [15/Nov/2022:04:10:33 -0800] "GET /?camp-fire%2F2826690.html HTTP/1.1" 500 - "-" "Mozilla/5.0 (compatible; SemrushBot/7~bl; +http://www.semrush.com/bot.html)" "mantech8.com"
185.191.171.21 - - [15/Nov/2022:04:10:35 -0800] "GET /?camp-fire%2F4592672.html HTTP/1.1" 500 - "-" "Mozilla/5.0 (compatible; SemrushBot/7~bl; +http://www.semrush.com/bot.html)" "mantech8.com"
185.191.171.44 - - [15/Nov/2022:04:11:14 -0800] "GET /?camp-fire%2F5172985.html HTTP/1.1" 500 - "-" "Mozilla/5.0 (compatible; SemrushBot/7~bl; +http://www.semrush.com/bot.html)" "mantech8.com"
185.191.171.24 - - [15/Nov/2022:04:11:46 -0800] "GET /index.php/camp-fire/40987076.html HTTP/1.1" 500 - "-" "Mozilla/5.0 (compatible; SemrushBot/7~bl; +http://www.semrush.com/bot.html)" "mantech8.com"
185.191.171.8 - - [15/Nov/2022:04:12:13 -0800] "GET /index.php/camp-fire/4780985.html HTTP/1.1" 500 - "-" "Mozilla/5.0 (compatible; SemrushBot/7~bl; +http://www.semrush.com/bot.html)" "mantech8.com"
134.236.18.141 - - [15/Nov/2022:04:13:15 -0800] "GET /contact.php HTTP/1.1" 200 29238 "http://mantech8.com/contact.php" "Mozilla/5.0 (Windows NT 6.3; Win64; x64) AppleWebKit/537.36 (KHTML, like Gecko) Chrome/90.0.4430.85 Safari/537.36 Edg/90.0.818.46" "mantech8.com"
134.236.18.141 - - [15/Nov/2022:04:13:17 -0800] "POST /mailer.php HTTP/1.1" 500 - "http://mantech8.com/contact.php" "Mozilla/5.0 (Windows NT 6.3; Win64; x64) AppleWebKit/537.36 (KHTML, like Gecko) Chrome/90.0.4430.85 Safari/537.36 Edg/90.0.818.46" "mantech8.com"
185.191.171.24 - - [15/Nov/2022:04:13:16 -0800] "GET /index.php/camp-fire/14810387.html HTTP/1.1" 500 - "-" "Mozilla/5.0 (compatible; SemrushBot/7~bl; +http://www.semrush.com/bot.html)" "mantech8.com"
185.191.171.40 - - [15/Nov/2022:04:13:35 -0800] "GET /index.php/camp-fire/36544763.html HTTP/1.1" 500 - "-" "Mozilla/5.0 (compatible; SemrushBot/7~bl; +http://www.semrush.com/bot.html)" "mantech8.com"
185.191.171.26 - - [15/Nov/2022:04:14:27 -0800] "GET /index.php/camp-fire/40716850.html HTTP/1.1" 500 - "-" "Mozilla/5.0 (compatible; SemrushBot/7~bl; +http://www.semrush.com/bot.html)" "mantech8.com"
185.191.171.6 - - [15/Nov/2022:04:14:37 -0800] "GET /robots.txt HTTP/1.1" 200 106 "-" "Mozilla/5.0 (compatible; SemrushBot/7~bl; +http://www.semrush.com/bot.html)" "mantech8.com"
185.191.171.35 - - [15/Nov/2022:04:14:38 -0800] "GET /?camp-fire%2F8336421.html HTTP/1.1" 500 - "-" "Mozilla/5.0 (compatible; SemrushBot/7~bl; +http://www.semrush.com/bot.html)" "mantech8.com"
185.191.171.40 - - [15/Nov/2022:04:14:53 -0800] "GET /index.php?camp-fire%2F322698.html HTTP/1.1" 500 - "-" "Mozilla/5.0 (compatible; SemrushBot/7~bl; +http://www.semrush.com/bot.html)" "mantech8.com"
185.191.171.10 - - [15/Nov/2022:04:15:12 -0800] "GET /index.php?camp-fire%2F700769.html HTTP/1.1" 500 - "-" "Mozilla/5.0 (compatible; SemrushBot/7~bl; +http://www.semrush.com/bot.html)" "mantech8.com"
185.191.171.20 - - [15/Nov/2022:04:16:49 -0800] "GET /?camp-fire%2F1241600.html HTTP/1.1" 500 - "-" "Mozilla/5.0 (compatible; SemrushBot/7~bl; +http://www.semrush.com/bot.html)" "mantech8.com"
216.244.66.241 - - [15/Nov/2022:04:17:18 -0800] "GET /robots.txt HTTP/1.1" 200 222 "-" "Mozilla/5.0 (compatible; DotBot/1.2; +https://opensiteexplorer.org/dotbot; help@moz.com)" "www.mantech8.com"
216.244.66.241 - - [15/Nov/2022:04:17:19 -0800] "GET /robots.txt HTTP/1.1" 200 222 "-" "Mozilla/5.0 (compatible; DotBot/1.2; +https://opensiteexplorer.org/dotbot; help@moz.com)" "mantech8.com"
185.191.171.3 - - [15/Nov/2022:04:17:26 -0800] "GET /?camp-fire%2F1236400.html HTTP/1.1" 500 - "-" "Mozilla/5.0 (compatible; SemrushBot/7~bl; +http://www.semrush.com/bot.html)" "mantech8.com"
185.191.171.12 - - [15/Nov/2022:04:17:30 -0800] "GET /?camp-fire%2F50898472.html HTTP/1.1" 500 - "-" "Mozilla/5.0 (compatible; SemrushBot/7~bl; +http://www.semrush.com/bot.html)" "mantech8.com"
185.191.171.24 - - [15/Nov/2022:04:17:59 -0800] "GET /index.php/camp-fire/25136181.html HTTP/1.1" 500 - "-" "Mozilla/5.0 (compatible; SemrushBot/7~bl; +http://www.semrush.com/bot.html)" "mantech8.com"
185.191.171.22 - - [15/Nov/2022:04:18:28 -0800] "GET /?camp-fire%2F1263400.html HTTP/1.1" 500 - "-" "Mozilla/5.0 (compatible; SemrushBot/7~bl; +http://www.semrush.com/bot.html)" "mantech8.com"
185.191.171.39 - - [15/Nov/2022:04:18:57 -0800] "GET /?camp-fire%2F8338793.html HTTP/1.1" 500 - "-" "Mozilla/5.0 (compatible; SemrushBot/7~bl; +http://www.semrush.com/bot.html)" "mantech8.com"
185.191.171.21 - - [15/Nov/2022:04:19:47 -0800] "GET /?camp-fire%2F3984274.html HTTP/1.1" 500 - "-" "Mozilla/5.0 (compatible; SemrushBot/7~bl; +http://www.semrush.com/bot.html)" "mantech8.com"
185.191.171.36 - - [15/Nov/2022:04:19:55 -0800] "GET /index.php?camp-fire%2F278398.html HTTP/1.1" 500 - "-" "Mozilla/5.0 (compatible; SemrushBot/7~bl; +http://www.semrush.com/bot.html)" "mantech8.com"
185.191.171.5 - - [15/Nov/2022:04:20:21 -0800] "GET /index.php/camp-fire/1497190.html HTTP/1.1" 500 - "-" "Mozilla/5.0 (compatible; SemrushBot/7~bl; +http://www.semrush.com/bot.html)" "mantech8.com"
185.191.171.16 - - [15/Nov/2022:04:20:46 -0800] "GET /?camp-fire%2F1443659.html HTTP/1.1" 500 - "-" "Mozilla/5.0 (compatible; SemrushBot/7~bl; +http://www.semrush.com/bot.html)" "mantech8.com"
185.191.171.38 - - [15/Nov/2022:04:21:17 -0800] "GET /index.php/camp-fire/12344176.html HTTP/1.1" 500 - "-" "Mozilla/5.0 (compatible; SemrushBot/7~bl; +http://www.semrush.com/bot.html)" "mantech8.com"
185.191.171.33 - - [15/Nov/2022:04:21:31 -0800] "GET /?camp-fire%2F9066280.html HTTP/1.1" 500 - "-" "Mozilla/5.0 (compatible; SemrushBot/7~bl; +http://www.semrush.com/bot.html)" "mantech8.com"
185.191.171.13 - - [15/Nov/2022:04:22:39 -0800] "GET /?camp-fire%2F4793800.html HTTP/1.1" 500 - "-" "Mozilla/5.0 (compatible; SemrushBot/7~bl; +http://www.semrush.com/bot.html)" "mantech8.com"
185.191.171.42 - - [15/Nov/2022:04:23:14 -0800] "GET /?camp-fire%2F2520000.html HTTP/1.1" 500 - "-" "Mozilla/5.0 (compatible; SemrushBot/7~bl; +http://www.semrush.com/bot.html)" "mantech8.com"
185.191.171.8 - - [15/Nov/2022:04:23:49 -0800] "GET /index.php?camp-fire%2F349298.html HTTP/1.1" 500 - "-" "Mozilla/5.0 (compatible; SemrushBot/7~bl; +http://www.semrush.com/bot.html)" "mantech8.com"
185.191.171.17 - - [15/Nov/2022:04:24:39 -0800] "GET /index.php?camp-fire%2F770869.html HTTP/1.1" 500 - "-" "Mozilla/5.0 (compatible; SemrushBot/7~bl; +http://www.semrush.com/bot.html)" "mantech8.com"
207.46.13.177 - - [15/Nov/2022:04:24:54 -0800] "GET / HTTP/1.1" 200 64203 "-" "Mozilla/5.0 (compatible; bingbot/2.0; +http://www.bing.com/bingbot.htm)" "www.mantech8.com"
185.191.171.36 - - [15/Nov/2022:04:25:14 -0800] "GET /?camp-fire%2F51603350.html HTTP/1.1" 500 - "-" "Mozilla/5.0 (compatible; SemrushBot/7~bl; +http://www.semrush.com/bot.html)" "mantech8.com"
185.191.171.25 - - [15/Nov/2022:04:26:06 -0800] "GET /index.php/camp-fire/22677224.html HTTP/1.1" 500 - "-" "Mozilla/5.0 (compatible; SemrushBot/7~bl; +http://www.semrush.com/bot.html)" "mantech8.com"
185.191.171.23 - - [15/Nov/2022:04:26:11 -0800] "GET /?camp-fire%2F9408065.html HTTP/1.1" 500 - "-" "Mozilla/5.0 (compatible; SemrushBot/7~bl; +http://www.semrush.com/bot.html)" "mantech8.com"
114.119.133.165 - - [15/Nov/2022:04:26:14 -0800] "GET /?sitemap4689.xml HTTP/1.1" 200 270496 "-" "Mozilla/5.0 (compatible;PetalBot;+https://webmaster.petalsearch.com/site/petalbot)" "mantech8.com"
185.191.171.37 - - [15/Nov/2022:04:26:27 -0800] "GET /index.php/camp-fire/14400459.html HTTP/1.1" 500 - "-" "Mozilla/5.0 (compatible; SemrushBot/7~bl; +http://www.semrush.com/bot.html)" "mantech8.com"
185.191.171.33 - - [15/Nov/2022:04:26:36 -0800] "GET /index.php/camp-fire/29704970.html HTTP/1.1" 500 - "-" "Mozilla/5.0 (compatible; SemrushBot/7~bl; +http://www.semrush.com/bot.html)" "mantech8.com"
185.191.171.15 - - [15/Nov/2022:04:26:44 -0800] "GET /index.php/camp-fire/46997617.html HTTP/1.1" 500 - "-" "Mozilla/5.0 (compatible; SemrushBot/7~bl; +http://www.semrush.com/bot.html)" "mantech8.com"
185.191.171.41 - - [15/Nov/2022:04:27:14 -0800] "GET /index.php?camp-fire%2F401398.html HTTP/1.1" 500 - "-" "Mozilla/5.0 (compatible; SemrushBot/7~bl; +http://www.semrush.com/bot.html)" "mantech8.com"
114.119.133.165 - - [15/Nov/2022:04:27:28 -0800] "GET /sitemap669.xml HTTP/1.1" 404 88 "-" "Mozilla/5.0 (compatible;PetalBot;+https://webmaster.petalsearch.com/site/petalbot)" "mantech8.com"
185.191.171.9 - - [15/Nov/2022:04:27:56 -0800] "GET /?camp-fire%2F4492100.html HTTP/1.1" 500 - "-" "Mozilla/5.0 (compatible; SemrushBot/7~bl; +http://www.semrush.com/bot.html)" "mantech8.com"
185.191.171.20 - - [15/Nov/2022:04:28:22 -0800] "GET /?camp-fire%2F5719677.html HTTP/1.1" 500 - "-" "Mozilla/5.0 (compatible; SemrushBot/7~bl; +http://www.semrush.com/bot.html)" "mantech8.com"
185.191.171.4 - - [15/Nov/2022:04:29:00 -0800] "GET /?camp-fire%2F6255555.html HTTP/1.1" 500 - "-" "Mozilla/5.0 (compatible; SemrushBot/7~bl; +http://www.semrush.com/bot.html)" "mantech8.com"
40.77.167.42 - - [15/Nov/2022:04:29:05 -0800] "GET / HTTP/1.1" 200 64620 "-" "Mozilla/5.0 (compatible; bingbot/2.0; +http://www.bing.com/bingbot.htm)" "www.mantech8.com"
185.191.171.33 - - [15/Nov/2022:04:29:34 -0800] "GET /?camp-fire%2F7281980.html HTTP/1.1" 500 - "-" "Mozilla/5.0 (compatible; SemrushBot/7~bl; +http://www.semrush.com/bot.html)" "mantech8.com"
185.191.171.8 - - [15/Nov/2022:04:31:18 -0800] "GET /index.php/camp-fire/3285598.html HTTP/1.1" 500 - "-" "Mozilla/5.0 (compatible; SemrushBot/7~bl; +http://www.semrush.com/bot.html)" "mantech8.com"
185.191.171.9 - - [15/Nov/2022:04:32:23 -0800] "GET /index.php/camp-fire/18123961.html HTTP/1.1" 500 - "-" "Mozilla/5.0 (compatible; SemrushBot/7~bl; +http://www.semrush.com/bot.html)" "mantech8.com"
185.191.171.10 - - [15/Nov/2022:04:32:53 -0800] "GET /?camp-fire%2F1504753.html HTTP/1.1" 500 - "-" "Mozilla/5.0 (compatible; SemrushBot/7~bl; +http://www.semrush.com/bot.html)" "mantech8.com"
207.46.13.65 - - [15/Nov/2022:04:33:11 -0800] "GET /F2si-19cc-Di4lY.Ii HTTP/1.1" 404 88 "-" "Mozilla/5.0 AppleWebKit/537.36 (KHTML, like Gecko; compatible; bingbot/2.0; +http://www.bing.com/bingbot.htm) Chrome/103.0.5060.134 Safari/537.36" "www.mantech8.com"
207.46.13.65 - - [15/Nov/2022:04:33:31 -0800] "GET /F2si-19cc-Di4lY.Ii HTTP/1.1" 404 88 "-" "Mozilla/5.0 (compatible; bingbot/2.0; +http://www.bing.com/bingbot.htm)" "www.mantech8.com"
185.191.171.37 - - [15/Nov/2022:04:34:01 -0800] "GET /index.php/camp-fire/15050787.html HTTP/1.1" 500 - "-" "Mozilla/5.0 (compatible; SemrushBot/7~bl; +http://www.semrush.com/bot.html)" "mantech8.com"
185.191.171.14 - - [15/Nov/2022:04:34:25 -0800] "GET /?camp-fire%2F51738008.html HTTP/1.1" 500 - "-" "Mozilla/5.0 (compatible; SemrushBot/7~bl; +http://www.semrush.com/bot.html)" "mantech8.com"
185.191.171.6 - - [15/Nov/2022:04:34:31 -0800] "GET /index.php/camp-fire/55652503.html HTTP/1.1" 500 - "-" "Mozilla/5.0 (compatible; SemrushBot/7~bl; +http://www.semrush.com/bot.html)" "mantech8.com"
185.191.171.40 - - [15/Nov/2022:04:35:08 -0800] "GET /?camp-fire%2F42879071.html HTTP/1.1" 500 - "-" "Mozilla/5.0 (compatible; SemrushBot/7~bl; +http://www.semrush.com/bot.html)" "mantech8.com"
185.191.171.10 - - [15/Nov/2022:04:35:22 -0800] "GET /?camp-fire%2F9170129.html HTTP/1.1" 500 - "-" "Mozilla/5.0 (compatible; SemrushBot/7~bl; +http://www.semrush.com/bot.html)" "mantech8.com"
185.191.171.25 - - [15/Nov/2022:04:35:28 -0800] "GET /?camp-fire%2F1375759.html HTTP/1.1" 500 100 "-" "Mozilla/5.0 (compatible; SemrushBot/7~bl; +http://www.semrush.com/bot.html)" "mantech8.com"
185.191.171.13 - - [15/Nov/2022:04:35:37 -0800] "GET /index.php/camp-fire/12569855.html HTTP/1.1" 500 - "-" "Mozilla/5.0 (compatible; SemrushBot/7~bl; +http://www.semrush.com/bot.html)" "mantech8.com"
185.191.171.44 - - [15/Nov/2022:04:35:52 -0800] "GET /?camp-fire%2F8142878.html HTTP/1.1" 500 - "-" "Mozilla/5.0 (compatible; SemrushBot/7~bl; +http://www.semrush.com/bot.html)" "mantech8.com"
185.191.171.8 - - [15/Nov/2022:04:36:05 -0800] "GET /index.php/camp-fire/29967835.html HTTP/1.1" 500 - "-" "Mozilla/5.0 (compatible; SemrushBot/7~bl; +http://www.semrush.com/bot.html)" "mantech8.com"
185.191.171.9 - - [15/Nov/2022:04:36:19 -0800] "GET /?camp-fire%2F9430108.html HTTP/1.1" 500 - "-" "Mozilla/5.0 (compatible; SemrushBot/7~bl; +http://www.semrush.com/bot.html)" "mantech8.com"
185.191.171.2 - - [15/Nov/2022:04:36:35 -0800] "GET /?camp-fire%2F4081165.html HTTP/1.1" 500 - "-" "Mozilla/5.0 (compatible; SemrushBot/7~bl; +http://www.semrush.com/bot.html)" "mantech8.com"
185.191.171.26 - - [15/Nov/2022:04:36:45 -0800] "GET /index.php/camp-fire/40234803.html HTTP/1.1" 500 - "-" "Mozilla/5.0 (compatible; SemrushBot/7~bl; +http://www.semrush.com/bot.html)" "mantech8.com"
40.77.167.64 - - [15/Nov/2022:04:36:57 -0800] "GET /index.php?camp-fire/37834363.html HTTP/1.1" 200 69666 "-" "Mozilla/5.0 (compatible; bingbot/2.0; +http://www.bing.com/bingbot.htm)" "www.mantech8.com"
185.191.171.2 - - [15/Nov/2022:04:38:15 -0800] "GET /?camp-fire%2F48969976.html HTTP/1.1" 500 - "-" "Mozilla/5.0 (compatible; SemrushBot/7~bl; +http://www.semrush.com/bot.html)" "mantech8.com"
185.191.171.43 - - [15/Nov/2022:04:38:52 -0800] "GET /?camp-fire%2F2519093.html HTTP/1.1" 500 - "-" "Mozilla/5.0 (compatible; SemrushBot/7~bl; +http://www.semrush.com/bot.html)" "mantech8.com"
185.191.171.8 - - [15/Nov/2022:04:39:27 -0800] "GET /?camp-fire%2F8638008.html HTTP/1.1" 500 - "-" "Mozilla/5.0 (compatible; SemrushBot/7~bl; +http://www.semrush.com/bot.html)" "mantech8.com"
40.77.167.64 - - [15/Nov/2022:04:39:36 -0800] "GET /index.php/WyaQ-5cce-yCPU8.Ii HTTP/1.1" 200 68052 "-" "Mozilla/5.0 AppleWebKit/537.36 (KHTML, like Gecko; compatible; bingbot/2.0; +http://www.bing.com/bingbot.htm) Chrome/103.0.5060.134 Safari/537.36" "www.mantech8.com"
185.191.171.42 - - [15/Nov/2022:04:39:39 -0800] "GET /index.php/camp-fire/29389235.html HTTP/1.1" 500 - "-" "Mozilla/5.0 (compatible; SemrushBot/7~bl; +http://www.semrush.com/bot.html)" "mantech8.com"
185.191.171.20 - - [15/Nov/2022:04:40:20 -0800] "GET /index.php/camp-fire/33402416.html HTTP/1.1" 500 - "-" "Mozilla/5.0 (compatible; SemrushBot/7~bl; +http://www.semrush.com/bot.html)" "mantech8.com"
185.191.171.3 - - [15/Nov/2022:04:40:51 -0800] "GET /?camp-fire%2F8654378.html HTTP/1.1" 500 - "-" "Mozilla/5.0 (compatible; SemrushBot/7~bl; +http://www.semrush.com/bot.html)" "mantech8.com"
185.191.171.43 - - [15/Nov/2022:04:41:03 -0800] "GET /index.php/camp-fire/19932157.html HTTP/1.1" 500 - "-" "Mozilla/5.0 (compatible; SemrushBot/7~bl; +http://www.semrush.com/bot.html)" "mantech8.com"
185.191.171.39 - - [15/Nov/2022:04:42:08 -0800] "GET /?camp-fire%2F2015151.html HTTP/1.1" 500 - "-" "Mozilla/5.0 (compatible; SemrushBot/7~bl; +http://www.semrush.com/bot.html)" "mantech8.com"
185.191.171.20 - - [15/Nov/2022:04:42:34 -0800] "GET /index.php/camp-fire/30505641.html HTTP/1.1" 500 - "-" "Mozilla/5.0 (compatible; SemrushBot/7~bl; +http://www.semrush.com/bot.html)" "mantech8.com"
185.191.171.23 - - [15/Nov/2022:04:43:15 -0800] "GET /index.php/camp-fire/13229278.html HTTP/1.1" 500 - "-" "Mozilla/5.0 (compatible; SemrushBot/7~bl; +http://www.semrush.com/bot.html)" "mantech8.com"
185.191.171.3 - - [15/Nov/2022:04:44:26 -0800] "GET /index.php?camp-fire%2F285998.html HTTP/1.1" 500 - "-" "Mozilla/5.0 (compatible; SemrushBot/7~bl; +http://www.semrush.com/bot.html)" "mantech8.com"
103.131.71.183 - - [15/Nov/2022:04:44:48 -0800] "GET /robots.txt HTTP/1.1" 200 106 "-" "Mozilla/5.0 (compatible; coccocbot-web/1.0; +http://help.coccoc.com/searchengine)" "mantech8.com"
185.191.171.19 - - [15/Nov/2022:04:46:18 -0800] "GET /?camp-fire%2F7253280.html HTTP/1.1" 500 - "-" "Mozilla/5.0 (compatible; SemrushBot/7~bl; +http://www.semrush.com/bot.html)" "mantech8.com"
185.191.171.13 - - [15/Nov/2022:04:46:25 -0800] "GET /?camp-fire%2F3820698.html HTTP/1.1" 500 - "-" "Mozilla/5.0 (compatible; SemrushBot/7~bl; +http://www.semrush.com/bot.html)" "mantech8.com"
185.191.171.23 - - [15/Nov/2022:04:46:31 -0800] "GET /?camp-fire%2F43384634.html HTTP/1.1" 500 - "-" "Mozilla/5.0 (compatible; SemrushBot/7~bl; +http://www.semrush.com/bot.html)" "mantech8.com"
185.191.171.38 - - [15/Nov/2022:04:46:52 -0800] "GET /index.php/camp-fire/1379590.html HTTP/1.1" 500 - "-" "Mozilla/5.0 (compatible; SemrushBot/7~bl; +http://www.semrush.com/bot.html)" "mantech8.com"
185.191.171.38 - - [15/Nov/2022:04:48:40 -0800] "GET /?camp-fire%2F8172421.html HTTP/1.1" 500 - "-" "Mozilla/5.0 (compatible; SemrushBot/7~bl; +http://www.semrush.com/bot.html)" "mantech8.com"
185.191.171.16 - - [15/Nov/2022:04:49:19 -0800] "GET /index.php/camp-fire/15315465.html HTTP/1.1" 500 - "-" "Mozilla/5.0 (compatible; SemrushBot/7~bl; +http://www.semrush.com/bot.html)" "mantech8.com"
185.191.171.19 - - [15/Nov/2022:04:49:21 -0800] "GET /?camp-fire%2F44758741.html HTTP/1.1" 500 - "-" "Mozilla/5.0 (compatible; SemrushBot/7~bl; +http://www.semrush.com/bot.html)" "mantech8.com"
185.191.171.19 - - [15/Nov/2022:04:49:23 -0800] "GET /index.php/camp-fire/25148506.html HTTP/1.1" 500 - "-" "Mozilla/5.0 (compatible; SemrushBot/7~bl; +http://www.semrush.com/bot.html)" "mantech8.com"
185.191.171.43 - - [15/Nov/2022:04:49:27 -0800] "GET /?camp-fire%2F42707603.html HTTP/1.1" 500 - "-" "Mozilla/5.0 (compatible; SemrushBot/7~bl; +http://www.semrush.com/bot.html)" "mantech8.com"
