185.191.171.8 - - [14/Nov/2022:17:41:29 -0800] "GET /index.php/camp-fire/38247066.html HTTP/1.1" 500 - "-" "Mozilla/5.0 (compatible; SemrushBot/7~bl; +http://www.semrush.com/bot.html)" "mantech8.com"
185.191.171.34 - - [14/Nov/2022:17:42:52 -0800] "GET /?camp-fire%2F1482153.html HTTP/1.1" 500 - "-" "Mozilla/5.0 (compatible; SemrushBot/7~bl; +http://www.semrush.com/bot.html)" "mantech8.com"
185.191.171.19 - - [14/Nov/2022:17:42:53 -0800] "GET /index.php/camp-fire/19008232.html HTTP/1.1" 500 - "-" "Mozilla/5.0 (compatible; SemrushBot/7~bl; +http://www.semrush.com/bot.html)" "mantech8.com"
185.191.171.21 - - [14/Nov/2022:17:42:59 -0800] "GET /?camp-fire%2F4763455.html HTTP/1.1" 500 - "-" "Mozilla/5.0 (compatible; SemrushBot/7~bl; +http://www.semrush.com/bot.html)" "mantech8.com"
185.191.171.1 - - [14/Nov/2022:17:43:09 -0800] "GET /index.php/camp-fire/3897074.html HTTP/1.1" 500 - "-" "Mozilla/5.0 (compatible; SemrushBot/7~bl; +http://www.semrush.com/bot.html)" "mantech8.com"
185.191.171.4 - - [14/Nov/2022:17:44:36 -0800] "GET /?camp-fire%2F4115478.html HTTP/1.1" 500 - "-" "Mozilla/5.0 (compatible; SemrushBot/7~bl; +http://www.semrush.com/bot.html)" "mantech8.com"
185.191.171.34 - - [14/Nov/2022:17:44:45 -0800] "GET /?camp-fire%2F8604208.html HTTP/1.1" 500 - "-" "Mozilla/5.0 (compatible; SemrushBot/7~bl; +http://www.semrush.com/bot.html)" "mantech8.com"
185.191.171.5 - - [14/Nov/2022:17:45:06 -0800] "GET /robots.txt HTTP/1.1" 200 106 "-" "Mozilla/5.0 (compatible; SemrushBot/7~bl; +http://www.semrush.com/bot.html)" "mantech8.com"
185.191.171.1 - - [14/Nov/2022:17:45:06 -0800] "GET /index.php?camp-fire%2F528969.html HTTP/1.1" 500 - "-" "Mozilla/5.0 (compatible; SemrushBot/7~bl; +http://www.semrush.com/bot.html)" "mantech8.com"
185.191.171.22 - - [14/Nov/2022:17:45:31 -0800] "GET /?camp-fire%2F3371500.html HTTP/1.1" 500 - "-" "Mozilla/5.0 (compatible; SemrushBot/7~bl; +http://www.semrush.com/bot.html)" "mantech8.com"
185.191.171.45 - - [14/Nov/2022:17:46:33 -0800] "GET /index.php/camp-fire/39236272.html HTTP/1.1" 500 - "-" "Mozilla/5.0 (compatible; SemrushBot/7~bl; +http://www.semrush.com/bot.html)" "mantech8.com"
185.191.171.8 - - [14/Nov/2022:17:47:30 -0800] "GET /index.php/camp-fire/27433326.html HTTP/1.1" 500 - "-" "Mozilla/5.0 (compatible; SemrushBot/7~bl; +http://www.semrush.com/bot.html)" "mantech8.com"
185.191.171.7 - - [14/Nov/2022:17:47:59 -0800] "GET /index.php/camp-fire/107559908.html HTTP/1.1" 500 - "-" "Mozilla/5.0 (compatible; SemrushBot/7~bl; +http://www.semrush.com/bot.html)" "mantech8.com"
185.191.171.12 - - [14/Nov/2022:17:48:05 -0800] "GET /?camp-fire%2F4827996.html HTTP/1.1" 500 - "-" "Mozilla/5.0 (compatible; SemrushBot/7~bl; +http://www.semrush.com/bot.html)" "mantech8.com"
185.191.171.11 - - [14/Nov/2022:17:48:18 -0800] "GET /index.php/camp-fire/15460565.html HTTP/1.1" 500 - "-" "Mozilla/5.0 (compatible; SemrushBot/7~bl; +http://www.semrush.com/bot.html)" "mantech8.com"
114.119.133.166 - - [14/Nov/2022:17:48:45 -0800] "GET /index.php?sitemap-index-8.xml HTTP/1.1" 200 4843 "-" "Mozilla/5.0 (compatible;PetalBot;+https://webmaster.petalsearch.com/site/petalbot)" "mantech8.com"
185.191.171.7 - - [14/Nov/2022:17:49:52 -0800] "GET /index.php/camp-fire/18688280.html HTTP/1.1" 500 - "-" "Mozilla/5.0 (compatible; SemrushBot/7~bl; +http://www.semrush.com/bot.html)" "mantech8.com"
66.249.70.164 - - [14/Nov/2022:17:49:55 -0800] "GET /ads.txt HTTP/1.1" 404 88 "-" "Mozilla/5.0 (compatible; Googlebot/2.1; +http://www.google.com/bot.html)" "mantech8.com"
185.191.171.12 - - [14/Nov/2022:17:50:06 -0800] "GET /?camp-fire%2F2454100.html HTTP/1.1" 500 - "-" "Mozilla/5.0 (compatible; SemrushBot/7~bl; +http://www.semrush.com/bot.html)" "mantech8.com"
185.191.171.1 - - [14/Nov/2022:17:50:29 -0800] "GET /index.php/camp-fire/15185184.html HTTP/1.1" 500 - "-" "Mozilla/5.0 (compatible; SemrushBot/7~bl; +http://www.semrush.com/bot.html)" "mantech8.com"
185.191.171.36 - - [14/Nov/2022:17:51:01 -0800] "GET /index.php/camp-fire/3959274.html HTTP/1.1" 500 - "-" "Mozilla/5.0 (compatible; SemrushBot/7~bl; +http://www.semrush.com/bot.html)" "mantech8.com"
185.191.171.41 - - [14/Nov/2022:17:51:19 -0800] "GET /?camp-fire%2F51203225.html HTTP/1.1" 500 - "-" "Mozilla/5.0 (compatible; SemrushBot/7~bl; +http://www.semrush.com/bot.html)" "mantech8.com"
185.191.171.36 - - [14/Nov/2022:17:51:24 -0800] "GET /?camp-fire%2F4308085.html HTTP/1.1" 500 - "-" "Mozilla/5.0 (compatible; SemrushBot/7~bl; +http://www.semrush.com/bot.html)" "mantech8.com"
185.191.171.34 - - [14/Nov/2022:17:51:47 -0800] "GET /index.php/camp-fire/30899241.html HTTP/1.1" 500 - "-" "Mozilla/5.0 (compatible; SemrushBot/7~bl; +http://www.semrush.com/bot.html)" "mantech8.com"
207.46.13.65 - - [14/Nov/2022:17:52:12 -0800] "GET /index.php/shopdetail/000000002048/ HTTP/1.1" 200 75207 "-" "Mozilla/5.0 (compatible; bingbot/2.0; +http://www.bing.com/bingbot.htm)" "www.mantech8.com"
185.191.171.21 - - [14/Nov/2022:17:53:23 -0800] "GET /index.php/camp-fire/38435655.html HTTP/1.1" 500 - "-" "Mozilla/5.0 (compatible; SemrushBot/7~bl; +http://www.semrush.com/bot.html)" "mantech8.com"
185.191.171.2 - - [14/Nov/2022:17:53:47 -0800] "GET /?camp-fire%2F6549677.html HTTP/1.1" 500 - "-" "Mozilla/5.0 (compatible; SemrushBot/7~bl; +http://www.semrush.com/bot.html)" "mantech8.com"
185.191.171.13 - - [14/Nov/2022:17:53:48 -0800] "GET /?camp-fire%2F7690808.html HTTP/1.1" 500 - "-" "Mozilla/5.0 (compatible; SemrushBot/7~bl; +http://www.semrush.com/bot.html)" "mantech8.com"
185.191.171.25 - - [14/Nov/2022:17:53:58 -0800] "GET /?camp-fire%2F7015498.html HTTP/1.1" 500 - "-" "Mozilla/5.0 (compatible; SemrushBot/7~bl; +http://www.semrush.com/bot.html)" "mantech8.com"
185.191.171.22 - - [14/Nov/2022:17:54:16 -0800] "GET /index.php/camp-fire/15858184.html HTTP/1.1" 500 - "-" "Mozilla/5.0 (compatible; SemrushBot/7~bl; +http://www.semrush.com/bot.html)" "mantech8.com"
185.191.171.37 - - [14/Nov/2022:17:54:44 -0800] "GET /index.php/camp-fire/10396298.html HTTP/1.1" 500 - "-" "Mozilla/5.0 (compatible; SemrushBot/7~bl; +http://www.semrush.com/bot.html)" "mantech8.com"
185.191.171.4 - - [14/Nov/2022:17:55:24 -0800] "GET /index.php/camp-fire/10502457.html HTTP/1.1" 500 - "-" "Mozilla/5.0 (compatible; SemrushBot/7~bl; +http://www.semrush.com/bot.html)" "mantech8.com"
185.191.171.10 - - [14/Nov/2022:17:55:31 -0800] "GET /?camp-fire%2F8140378.html HTTP/1.1" 500 - "-" "Mozilla/5.0 (compatible; SemrushBot/7~bl; +http://www.semrush.com/bot.html)" "mantech8.com"
185.191.171.18 - - [14/Nov/2022:17:55:39 -0800] "GET /index.php/camp-fire/15166856.html HTTP/1.1" 500 - "-" "Mozilla/5.0 (compatible; SemrushBot/7~bl; +http://www.semrush.com/bot.html)" "mantech8.com"
185.191.171.10 - - [14/Nov/2022:17:55:41 -0800] "GET /?camp-fire%2F49417565.html HTTP/1.1" 500 - "-" "Mozilla/5.0 (compatible; SemrushBot/7~bl; +http://www.semrush.com/bot.html)" "mantech8.com"
40.77.167.42 - - [14/Nov/2022:17:55:54 -0800] "GET /index.php?camp-fire/72460388.html HTTP/1.1" 200 73538 "-" "Mozilla/5.0 (compatible; bingbot/2.0; +http://www.bing.com/bingbot.htm)" "www.mantech8.com"
185.191.171.44 - - [14/Nov/2022:17:56:15 -0800] "GET /?camp-fire%2F4356196.html HTTP/1.1" 500 - "-" "Mozilla/5.0 (compatible; SemrushBot/7~bl; +http://www.semrush.com/bot.html)" "mantech8.com"
185.191.171.33 - - [14/Nov/2022:17:57:25 -0800] "GET /?camp-fire%2F3989574.html HTTP/1.1" 500 - "-" "Mozilla/5.0 (compatible; SemrushBot/7~bl; +http://www.semrush.com/bot.html)" "mantech8.com"
185.191.171.1 - - [14/Nov/2022:17:58:20 -0800] "GET /index.php/camp-fire/23695806.html HTTP/1.1" 500 - "-" "Mozilla/5.0 (compatible; SemrushBot/7~bl; +http://www.semrush.com/bot.html)" "mantech8.com"
185.191.171.8 - - [14/Nov/2022:17:58:27 -0800] "GET /index.php/camp-fire/15661978.html HTTP/1.1" 500 - "-" "Mozilla/5.0 (compatible; SemrushBot/7~bl; +http://www.semrush.com/bot.html)" "mantech8.com"
185.191.171.35 - - [14/Nov/2022:17:58:47 -0800] "GET /index.php/camp-fire/29010533.html HTTP/1.1" 500 - "-" "Mozilla/5.0 (compatible; SemrushBot/7~bl; +http://www.semrush.com/bot.html)" "mantech8.com"
40.77.167.64 - - [14/Nov/2022:17:58:47 -0800] "GET /index.php/lbODw-6f84abcebe-C1W4.Ii HTTP/1.1" 200 43533 "-" "Mozilla/5.0 (compatible; bingbot/2.0; +http://www.bing.com/bingbot.htm)" "mantech8.com"
40.77.167.64 - - [14/Nov/2022:17:59:17 -0800] "GET /index.php?/ip-strategy/personal-opinion-of-japans-international-competitiveness_3/ HTTP/1.1" 200 65366 "-" "Mozilla/5.0 (compatible; bingbot/2.0; +http://www.bing.com/bingbot.htm)" "mantech8.com"
185.191.171.14 - - [14/Nov/2022:18:00:39 -0800] "GET /index.php/camp-fire/14550476.html HTTP/1.1" 500 - "-" "Mozilla/5.0 (compatible; SemrushBot/7~bl; +http://www.semrush.com/bot.html)" "mantech8.com"
185.191.171.22 - - [14/Nov/2022:18:01:04 -0800] "GET /index.php/camp-fire/17027983.html HTTP/1.1" 500 - "-" "Mozilla/5.0 (compatible; SemrushBot/7~bl; +http://www.semrush.com/bot.html)" "mantech8.com"
185.191.171.35 - - [14/Nov/2022:18:01:46 -0800] "GET /index.php/camp-fire/10502657.html HTTP/1.1" 500 - "-" "Mozilla/5.0 (compatible; SemrushBot/7~bl; +http://www.semrush.com/bot.html)" "mantech8.com"
207.46.13.177 - - [14/Nov/2022:18:01:47 -0800] "GET /index.php/GVdr-5bfbfc-vMhQA.Ii HTTP/1.1" 200 69610 "-" "Mozilla/5.0 AppleWebKit/537.36 (KHTML, like Gecko; compatible; bingbot/2.0; +http://www.bing.com/bingbot.htm) Chrome/103.0.5060.134 Safari/537.36" "www.mantech8.com"
185.191.171.6 - - [14/Nov/2022:18:02:06 -0800] "GET /?camp-fire%2F7789842.html HTTP/1.1" 500 - "-" "Mozilla/5.0 (compatible; SemrushBot/7~bl; +http://www.semrush.com/bot.html)" "mantech8.com"
185.191.171.12 - - [14/Nov/2022:18:02:53 -0800] "GET /?camp-fire%2F1366559.html HTTP/1.1" 500 - "-" "Mozilla/5.0 (compatible; SemrushBot/7~bl; +http://www.semrush.com/bot.html)" "mantech8.com"
185.191.171.1 - - [14/Nov/2022:18:03:02 -0800] "GET /index.php/camp-fire/20691657.html HTTP/1.1" 500 - "-" "Mozilla/5.0 (compatible; SemrushBot/7~bl; +http://www.semrush.com/bot.html)" "mantech8.com"
185.191.171.34 - - [14/Nov/2022:18:03:04 -0800] "GET /index.php/camp-fire/45204525.html HTTP/1.1" 500 - "-" "Mozilla/5.0 (compatible; SemrushBot/7~bl; +http://www.semrush.com/bot.html)" "mantech8.com"
20.241.233.77 - - [14/Nov/2022:18:03:29 -0800] "GET /robots.txt HTTP/1.1" 200 106 "-" "python-requests/2.27.1" "www.mantech8.com"
20.241.233.77 - - [14/Nov/2022:18:03:40 -0800] "GET /shopbrand/013/x/ HTTP/1.1" 404 88 "-" "Mozilla/5.0 (Windows NT 10.0; Win64; x64) AppleWebKit/537.36 (KHTML, like Gecko) Chrome/76.0.3809.100 Safari/537.36" "www.mantech8.com"
185.191.171.11 - - [14/Nov/2022:18:03:53 -0800] "GET /index.php?camp-fire%2F354498.html HTTP/1.1" 500 - "-" "Mozilla/5.0 (compatible; SemrushBot/7~bl; +http://www.semrush.com/bot.html)" "mantech8.com"
185.191.171.10 - - [14/Nov/2022:18:04:40 -0800] "GET /index.php/camp-fire/33923693.html HTTP/1.1" 500 - "-" "Mozilla/5.0 (compatible; SemrushBot/7~bl; +http://www.semrush.com/bot.html)" "mantech8.com"
207.46.13.65 - - [14/Nov/2022:18:04:41 -0800] "GET /index.php/WtZk-655ffcbafc-n17Jq.Ii HTTP/1.1" 200 72889 "-" "Mozilla/5.0 (compatible; bingbot/2.0; +http://www.bing.com/bingbot.htm)" "www.mantech8.com"
185.191.171.1 - - [14/Nov/2022:18:05:05 -0800] "GET /index.php/camp-fire/1884253.html HTTP/1.1" 500 - "-" "Mozilla/5.0 (compatible; SemrushBot/7~bl; +http://www.semrush.com/bot.html)" "mantech8.com"
185.191.171.39 - - [14/Nov/2022:18:05:22 -0800] "GET /index.php/camp-fire/23587006.html HTTP/1.1" 500 - "-" "Mozilla/5.0 (compatible; SemrushBot/7~bl; +http://www.semrush.com/bot.html)" "mantech8.com"
185.191.171.19 - - [14/Nov/2022:18:05:39 -0800] "GET /index.php/camp-fire/26047351.html HTTP/1.1" 500 - "-" "Mozilla/5.0 (compatible; SemrushBot/7~bl; +http://www.semrush.com/bot.html)" "mantech8.com"
185.191.171.40 - - [14/Nov/2022:18:06:11 -0800] "GET /index.php/camp-fire/17934465.html HTTP/1.1" 500 - "-" "Mozilla/5.0 (compatible; SemrushBot/7~bl; +http://www.semrush.com/bot.html)" "mantech8.com"
185.191.171.39 - - [14/Nov/2022:18:06:51 -0800] "GET /?camp-fire%2F8519480.html HTTP/1.1" 500 - "-" "Mozilla/5.0 (compatible; SemrushBot/7~bl; +http://www.semrush.com/bot.html)" "mantech8.com"
185.191.171.2 - - [14/Nov/2022:18:08:05 -0800] "GET /?camp-fire%2F9768583.html HTTP/1.1" 500 - "-" "Mozilla/5.0 (compatible; SemrushBot/7~bl; +http://www.semrush.com/bot.html)" "mantech8.com"
185.191.171.5 - - [14/Nov/2022:18:08:17 -0800] "GET /index.php/camp-fire/30534941.html HTTP/1.1" 500 - "-" "Mozilla/5.0 (compatible; SemrushBot/7~bl; +http://www.semrush.com/bot.html)" "mantech8.com"
185.191.171.14 - - [14/Nov/2022:18:08:37 -0800] "GET /index.php/camp-fire/47152902.html HTTP/1.1" 500 - "-" "Mozilla/5.0 (compatible; SemrushBot/7~bl; +http://www.semrush.com/bot.html)" "mantech8.com"
185.191.171.4 - - [14/Nov/2022:18:09:48 -0800] "GET /index.php/camp-fire/27673671.html HTTP/1.1" 500 - "-" "Mozilla/5.0 (compatible; SemrushBot/7~bl; +http://www.semrush.com/bot.html)" "mantech8.com"
185.191.171.2 - - [14/Nov/2022:18:09:50 -0800] "GET /?camp-fire%2F8417478.html HTTP/1.1" 500 - "-" "Mozilla/5.0 (compatible; SemrushBot/7~bl; +http://www.semrush.com/bot.html)" "mantech8.com"
185.191.171.10 - - [14/Nov/2022:18:09:51 -0800] "GET /?camp-fire%2F4305598.html HTTP/1.1" 500 - "-" "Mozilla/5.0 (compatible; SemrushBot/7~bl; +http://www.semrush.com/bot.html)" "mantech8.com"
185.191.171.45 - - [14/Nov/2022:18:10:06 -0800] "GET /?camp-fire%2F43900571.html HTTP/1.1" 500 - "-" "Mozilla/5.0 (compatible; SemrushBot/7~bl; +http://www.semrush.com/bot.html)" "mantech8.com"
103.131.71.169 - - [14/Nov/2022:18:10:22 -0800] "GET /robots.txt HTTP/1.1" 200 106 "-" "Mozilla/5.0 (compatible; coccocbot-web/1.0; +http://help.coccoc.com/searchengine)" "mantech8.com"
185.191.171.4 - - [14/Nov/2022:18:10:32 -0800] "GET /index.php/camp-fire/12844176.html HTTP/1.1" 500 - "-" "Mozilla/5.0 (compatible; SemrushBot/7~bl; +http://www.semrush.com/bot.html)" "mantech8.com"
185.191.171.18 - - [14/Nov/2022:18:11:10 -0800] "GET /index.php/camp-fire/18687961.html HTTP/1.1" 500 - "-" "Mozilla/5.0 (compatible; SemrushBot/7~bl; +http://www.semrush.com/bot.html)" "mantech8.com"
185.191.171.39 - - [14/Nov/2022:18:11:20 -0800] "GET /index.php/camp-fire/3358600.html HTTP/1.1" 500 - "-" "Mozilla/5.0 (compatible; SemrushBot/7~bl; +http://www.semrush.com/bot.html)" "mantech8.com"
185.191.171.18 - - [14/Nov/2022:18:11:38 -0800] "GET /?camp-fire%2F2841090.html HTTP/1.1" 500 - "-" "Mozilla/5.0 (compatible; SemrushBot/7~bl; +http://www.semrush.com/bot.html)" "mantech8.com"
185.191.171.1 - - [14/Nov/2022:18:11:42 -0800] "GET /?camp-fire%2F1782051.html HTTP/1.1" 500 - "-" "Mozilla/5.0 (compatible; SemrushBot/7~bl; +http://www.semrush.com/bot.html)" "mantech8.com"
185.191.171.25 - - [14/Nov/2022:18:12:00 -0800] "GET /index.php/camp-fire/33634859.html HTTP/1.1" 500 - "-" "Mozilla/5.0 (compatible; SemrushBot/7~bl; +http://www.semrush.com/bot.html)" "mantech8.com"
185.191.171.5 - - [14/Nov/2022:18:12:26 -0800] "GET /index.php/camp-fire/21960798.html HTTP/1.1" 500 - "-" "Mozilla/5.0 (compatible; SemrushBot/7~bl; +http://www.semrush.com/bot.html)" "mantech8.com"
185.191.171.26 - - [14/Nov/2022:18:12:41 -0800] "GET /?camp-fire%2F7770942.html HTTP/1.1" 500 - "-" "Mozilla/5.0 (compatible; SemrushBot/7~bl; +http://www.semrush.com/bot.html)" "mantech8.com"
185.191.171.8 - - [14/Nov/2022:18:13:04 -0800] "GET /index.php/camp-fire/38166603.html HTTP/1.1" 500 - "-" "Mozilla/5.0 (compatible; SemrushBot/7~bl; +http://www.semrush.com/bot.html)" "mantech8.com"
185.191.171.35 - - [14/Nov/2022:18:13:56 -0800] "GET /index.php/camp-fire/28282047.html HTTP/1.1" 500 - "-" "Mozilla/5.0 (compatible; SemrushBot/7~bl; +http://www.semrush.com/bot.html)" "mantech8.com"
185.191.171.6 - - [14/Nov/2022:18:14:08 -0800] "GET /index.php/camp-fire/1244700.html HTTP/1.1" 500 - "-" "Mozilla/5.0 (compatible; SemrushBot/7~bl; +http://www.semrush.com/bot.html)" "mantech8.com"
185.191.171.25 - - [14/Nov/2022:18:14:26 -0800] "GET /?camp-fire%2F3919574.html HTTP/1.1" 500 - "-" "Mozilla/5.0 (compatible; SemrushBot/7~bl; +http://www.semrush.com/bot.html)" "mantech8.com"
185.191.171.17 - - [14/Nov/2022:18:15:10 -0800] "GET /index.php/camp-fire/26739772.html HTTP/1.1" 500 - "-" "Mozilla/5.0 (compatible; SemrushBot/7~bl; +http://www.semrush.com/bot.html)" "mantech8.com"
20.124.47.144 - - [14/Nov/2022:18:15:38 -0800] "GET /robots.txt HTTP/1.1" 200 106 "-" "python-requests/2.27.1" "mantech8.com"
185.191.171.17 - - [14/Nov/2022:18:15:39 -0800] "GET /index.php/camp-fire/12502676.html HTTP/1.1" 500 - "-" "Mozilla/5.0 (compatible; SemrushBot/7~bl; +http://www.semrush.com/bot.html)" "mantech8.com"
20.124.47.144 - - [14/Nov/2022:18:15:43 -0800] "GET /bimages/hgallery/thump/gb2.jpg HTTP/1.1" 200 80996 "-" "Mozilla/5.0 (Windows NT 10.0; Win64; x64) AppleWebKit/537.36 (KHTML, like Gecko) Chrome/76.0.3809.100 Safari/537.36" "mantech8.com"
114.119.133.158 - - [14/Nov/2022:18:16:00 -0800] "GET /index.php/sitemap3.xml HTTP/1.1" 200 289435 "-" "Mozilla/5.0 (compatible;PetalBot;+https://webmaster.petalsearch.com/site/petalbot)" "mantech8.com"
185.191.171.1 - - [14/Nov/2022:18:16:27 -0800] "GET /?camp-fire%2F4348096.html HTTP/1.1" 500 - "-" "Mozilla/5.0 (compatible; SemrushBot/7~bl; +http://www.semrush.com/bot.html)" "mantech8.com"
185.191.171.2 - - [14/Nov/2022:18:17:01 -0800] "GET /index.php/camp-fire/370798.html HTTP/1.1" 500 - "-" "Mozilla/5.0 (compatible; SemrushBot/7~bl; +http://www.semrush.com/bot.html)" "mantech8.com"
185.191.171.43 - - [14/Nov/2022:18:17:20 -0800] "GET /index.php/camp-fire/4311396.html HTTP/1.1" 500 - "-" "Mozilla/5.0 (compatible; SemrushBot/7~bl; +http://www.semrush.com/bot.html)" "mantech8.com"
185.191.171.17 - - [14/Nov/2022:18:17:49 -0800] "GET /?camp-fire%2F3047829.html HTTP/1.1" 500 - "-" "Mozilla/5.0 (compatible; SemrushBot/7~bl; +http://www.semrush.com/bot.html)" "mantech8.com"
185.191.171.24 - - [14/Nov/2022:18:18:20 -0800] "GET /index.php/camp-fire/15518146.html HTTP/1.1" 500 - "-" "Mozilla/5.0 (compatible; SemrushBot/7~bl; +http://www.semrush.com/bot.html)" "mantech8.com"
185.191.171.8 - - [14/Nov/2022:18:20:18 -0800] "GET /?camp-fire%2F9414321.html HTTP/1.1" 500 - "-" "Mozilla/5.0 (compatible; SemrushBot/7~bl; +http://www.semrush.com/bot.html)" "mantech8.com"
185.191.171.33 - - [14/Nov/2022:18:20:34 -0800] "GET /index.php/camp-fire/25704777.html HTTP/1.1" 500 - "-" "Mozilla/5.0 (compatible; SemrushBot/7~bl; +http://www.semrush.com/bot.html)" "mantech8.com"
185.191.171.18 - - [14/Nov/2022:18:21:08 -0800] "GET /?camp-fire%2F8310080.html HTTP/1.1" 500 - "-" "Mozilla/5.0 (compatible; SemrushBot/7~bl; +http://www.semrush.com/bot.html)" "mantech8.com"
185.191.171.36 - - [14/Nov/2022:18:21:18 -0800] "GET /?camp-fire%2F7248080.html HTTP/1.1" 500 - "-" "Mozilla/5.0 (compatible; SemrushBot/7~bl; +http://www.semrush.com/bot.html)" "mantech8.com"
185.191.171.19 - - [14/Nov/2022:18:21:35 -0800] "GET /index.php?camp-fire%2F280798.html HTTP/1.1" 500 - "-" "Mozilla/5.0 (compatible; SemrushBot/7~bl; +http://www.semrush.com/bot.html)" "mantech8.com"
185.191.171.9 - - [14/Nov/2022:18:21:39 -0800] "GET /index.php/camp-fire/19591190.html HTTP/1.1" 500 - "-" "Mozilla/5.0 (compatible; SemrushBot/7~bl; +http://www.semrush.com/bot.html)" "mantech8.com"
185.191.171.41 - - [14/Nov/2022:18:21:40 -0800] "GET /index.php/camp-fire/30736555.html HTTP/1.1" 500 - "-" "Mozilla/5.0 (compatible; SemrushBot/7~bl; +http://www.semrush.com/bot.html)" "mantech8.com"
185.191.171.38 - - [14/Nov/2022:18:21:45 -0800] "GET /index.php/camp-fire/1377698.html HTTP/1.1" 500 - "-" "Mozilla/5.0 (compatible; SemrushBot/7~bl; +http://www.semrush.com/bot.html)" "mantech8.com"
40.77.167.42 - - [14/Nov/2022:18:22:36 -0800] "GET /index.php/WtZk-ab8b7aecca-n2oIH.Ii HTTP/1.1" 200 71827 "-" "Mozilla/5.0 (compatible; bingbot/2.0; +http://www.bing.com/bingbot.htm)" "www.mantech8.com"
185.191.171.8 - - [14/Nov/2022:18:22:46 -0800] "GET /index.php/camp-fire/32379260.html HTTP/1.1" 500 - "-" "Mozilla/5.0 (compatible; SemrushBot/7~bl; +http://www.semrush.com/bot.html)" "mantech8.com"
185.191.171.18 - - [14/Nov/2022:18:22:57 -0800] "GET /index.php/camp-fire/16535065.html HTTP/1.1" 500 - "-" "Mozilla/5.0 (compatible; SemrushBot/7~bl; +http://www.semrush.com/bot.html)" "mantech8.com"
185.191.171.21 - - [14/Nov/2022:18:23:09 -0800] "GET /index.php/camp-fire/17471965.html HTTP/1.1" 500 - "-" "Mozilla/5.0 (compatible; SemrushBot/7~bl; +http://www.semrush.com/bot.html)" "mantech8.com"
185.191.171.43 - - [14/Nov/2022:18:23:15 -0800] "GET /?camp-fire%2F4736898.html HTTP/1.1" 500 - "-" "Mozilla/5.0 (compatible; SemrushBot/7~bl; +http://www.semrush.com/bot.html)" "mantech8.com"
185.191.171.25 - - [14/Nov/2022:18:25:29 -0800] "GET /?camp-fire%2F7746508.html HTTP/1.1" 500 - "-" "Mozilla/5.0 (compatible; SemrushBot/7~bl; +http://www.semrush.com/bot.html)" "mantech8.com"
185.191.171.5 - - [14/Nov/2022:18:25:38 -0800] "GET /index.php/camp-fire/33231808.html HTTP/1.1" 500 - "-" "Mozilla/5.0 (compatible; SemrushBot/7~bl; +http://www.semrush.com/bot.html)" "mantech8.com"
185.191.171.20 - - [14/Nov/2022:18:26:24 -0800] "GET /index.php/camp-fire/19747572.html HTTP/1.1" 500 - "-" "Mozilla/5.0 (compatible; SemrushBot/7~bl; +http://www.semrush.com/bot.html)" "mantech8.com"
185.191.171.38 - - [14/Nov/2022:18:26:29 -0800] "GET /index.php?camp-fire%2F462869.html HTTP/1.1" 500 - "-" "Mozilla/5.0 (compatible; SemrushBot/7~bl; +http://www.semrush.com/bot.html)" "mantech8.com"
185.191.171.36 - - [14/Nov/2022:18:26:37 -0800] "GET /?camp-fire%2F48513938.html HTTP/1.1" 500 - "-" "Mozilla/5.0 (compatible; SemrushBot/7~bl; +http://www.semrush.com/bot.html)" "mantech8.com"
185.191.171.37 - - [14/Nov/2022:18:27:24 -0800] "GET /?camp-fire%2F45005166.html HTTP/1.1" 500 - "-" "Mozilla/5.0 (compatible; SemrushBot/7~bl; +http://www.semrush.com/bot.html)" "mantech8.com"
185.191.171.43 - - [14/Nov/2022:18:28:02 -0800] "GET /index.php/camp-fire/8697759.html HTTP/1.1" 500 - "-" "Mozilla/5.0 (compatible; SemrushBot/7~bl; +http://www.semrush.com/bot.html)" "mantech8.com"
185.191.171.36 - - [14/Nov/2022:18:28:17 -0800] "GET /?camp-fire%2F4079265.html HTTP/1.1" 500 - "-" "Mozilla/5.0 (compatible; SemrushBot/7~bl; +http://www.semrush.com/bot.html)" "mantech8.com"
185.191.171.8 - - [14/Nov/2022:18:28:20 -0800] "GET /index.php/camp-fire/19035332.html HTTP/1.1" 500 - "-" "Mozilla/5.0 (compatible; SemrushBot/7~bl; +http://www.semrush.com/bot.html)" "mantech8.com"
185.191.171.33 - - [14/Nov/2022:18:29:08 -0800] "GET /?camp-fire%2F51638092.html HTTP/1.1" 500 - "-" "Mozilla/5.0 (compatible; SemrushBot/7~bl; +http://www.semrush.com/bot.html)" "mantech8.com"
194.110.203.42 - - [14/Nov/2022:18:29:31 -0800] "GET /localhostdb.zip HTTP/1.1" 404 73 "-" "Firefox" "mantech8.com"
185.191.171.7 - - [14/Nov/2022:18:29:36 -0800] "GET /index.php/camp-fire/4226985.html HTTP/1.1" 500 - "-" "Mozilla/5.0 (compatible; SemrushBot/7~bl; +http://www.semrush.com/bot.html)" "mantech8.com"
185.191.171.7 - - [14/Nov/2022:18:29:56 -0800] "GET /index.php/camp-fire/18012480.html HTTP/1.1" 500 - "-" "Mozilla/5.0 (compatible; SemrushBot/7~bl; +http://www.semrush.com/bot.html)" "mantech8.com"
185.191.171.8 - - [14/Nov/2022:18:30:48 -0800] "GET /index.php/camp-fire/15610000.html HTTP/1.1" 500 - "-" "Mozilla/5.0 (compatible; SemrushBot/7~bl; +http://www.semrush.com/bot.html)" "mantech8.com"
185.191.171.8 - - [14/Nov/2022:18:31:03 -0800] "GET /index.php/camp-fire/32532025.html HTTP/1.1" 500 - "-" "Mozilla/5.0 (compatible; SemrushBot/7~bl; +http://www.semrush.com/bot.html)" "mantech8.com"
40.77.167.42 - - [14/Nov/2022:18:31:19 -0800] "GET /index.php?camp-fire/65249735.html HTTP/1.1" 200 68363 "-" "Mozilla/5.0 (compatible; bingbot/2.0; +http://www.bing.com/bingbot.htm)" "www.mantech8.com"
185.191.171.39 - - [14/Nov/2022:18:31:42 -0800] "GET /index.php/camp-fire/27106463.html HTTP/1.1" 500 - "-" "Mozilla/5.0 (compatible; SemrushBot/7~bl; +http://www.semrush.com/bot.html)" "mantech8.com"
185.191.171.39 - - [14/Nov/2022:18:31:56 -0800] "GET /index.php/camp-fire/14886887.html HTTP/1.1" 500 - "-" "Mozilla/5.0 (compatible; SemrushBot/7~bl; +http://www.semrush.com/bot.html)" "mantech8.com"
40.77.167.42 - - [14/Nov/2022:18:32:17 -0800] "GET /index.php/iXcwn-7abb-Pstd.Ii HTTP/1.1" 200 32212 "-" "Mozilla/5.0 (compatible; bingbot/2.0; +http://www.bing.com/bingbot.htm)" "mantech8.com"
185.191.171.24 - - [14/Nov/2022:18:32:19 -0800] "GET /index.php/camp-fire/27426197.html HTTP/1.1" 500 - "-" "Mozilla/5.0 (compatible; SemrushBot/7~bl; +http://www.semrush.com/bot.html)" "mantech8.com"
185.191.171.16 - - [14/Nov/2022:18:32:40 -0800] "GET /?camp-fire%2F46288034.html HTTP/1.1" 500 - "-" "Mozilla/5.0 (compatible; SemrushBot/7~bl; +http://www.semrush.com/bot.html)" "mantech8.com"
185.191.171.20 - - [14/Nov/2022:18:34:14 -0800] "GET /?camp-fire%2F5332874.html HTTP/1.1" 500 - "-" "Mozilla/5.0 (compatible; SemrushBot/7~bl; +http://www.semrush.com/bot.html)" "mantech8.com"
185.191.171.4 - - [14/Nov/2022:18:34:29 -0800] "GET /index.php/camp-fire/25947176.html HTTP/1.1" 500 - "-" "Mozilla/5.0 (compatible; SemrushBot/7~bl; +http://www.semrush.com/bot.html)" "mantech8.com"
185.191.171.44 - - [14/Nov/2022:18:35:00 -0800] "GET /robots.txt HTTP/1.1" 200 106 "-" "Mozilla/5.0 (compatible; SemrushBot/7~bl; +http://www.semrush.com/bot.html)" "mantech8.com"
185.191.171.13 - - [14/Nov/2022:18:35:00 -0800] "GET /?camp-fire%2F8266578.html HTTP/1.1" 500 - "-" "Mozilla/5.0 (compatible; SemrushBot/7~bl; +http://www.semrush.com/bot.html)" "mantech8.com"
185.191.171.13 - - [14/Nov/2022:18:35:02 -0800] "GET /index.php/camp-fire/97830733.html HTTP/1.1" 500 - "-" "Mozilla/5.0 (compatible; SemrushBot/7~bl; +http://www.semrush.com/bot.html)" "mantech8.com"
185.191.171.13 - - [14/Nov/2022:18:35:18 -0800] "GET /index.php/camp-fire/8170578.html HTTP/1.1" 500 - "-" "Mozilla/5.0 (compatible; SemrushBot/7~bl; +http://www.semrush.com/bot.html)" "mantech8.com"
185.191.171.18 - - [14/Nov/2022:18:35:37 -0800] "GET /index.php/camp-fire/16775326.html HTTP/1.1" 500 - "-" "Mozilla/5.0 (compatible; SemrushBot/7~bl; +http://www.semrush.com/bot.html)" "mantech8.com"
185.191.171.7 - - [14/Nov/2022:18:35:43 -0800] "GET /?camp-fire%2F43614234.html HTTP/1.1" 500 - "-" "Mozilla/5.0 (compatible; SemrushBot/7~bl; +http://www.semrush.com/bot.html)" "mantech8.com"
185.191.171.1 - - [14/Nov/2022:18:36:41 -0800] "GET /?camp-fire%2F8406269.html HTTP/1.1" 500 - "-" "Mozilla/5.0 (compatible; SemrushBot/7~bl; +http://www.semrush.com/bot.html)" "mantech8.com"
185.191.171.13 - - [14/Nov/2022:18:36:44 -0800] "GET /index.php/camp-fire/25664733.html HTTP/1.1" 500 - "-" "Mozilla/5.0 (compatible; SemrushBot/7~bl; +http://www.semrush.com/bot.html)" "mantech8.com"
185.191.171.37 - - [14/Nov/2022:18:37:09 -0800] "GET /?camp-fire%2F9724751.html HTTP/1.1" 500 - "-" "Mozilla/5.0 (compatible; SemrushBot/7~bl; +http://www.semrush.com/bot.html)" "mantech8.com"
185.191.171.18 - - [14/Nov/2022:18:37:30 -0800] "GET /index.php/camp-fire/28242709.html HTTP/1.1" 500 - "-" "Mozilla/5.0 (compatible; SemrushBot/7~bl; +http://www.semrush.com/bot.html)" "mantech8.com"
185.191.171.15 - - [14/Nov/2022:18:37:32 -0800] "GET /index.php/camp-fire/26984751.html HTTP/1.1" 500 - "-" "Mozilla/5.0 (compatible; SemrushBot/7~bl; +http://www.semrush.com/bot.html)" "mantech8.com"
216.244.66.241 - - [14/Nov/2022:18:37:38 -0800] "GET /robots.txt HTTP/1.1" 200 222 "-" "Mozilla/5.0 (compatible; DotBot/1.2; +https://opensiteexplorer.org/dotbot; help@moz.com)" "mantech8.com"
216.244.66.241 - - [14/Nov/2022:18:37:38 -0800] "GET /robots.txt HTTP/1.1" 200 222 "-" "Mozilla/5.0 (compatible; DotBot/1.2; +https://opensiteexplorer.org/dotbot; help@moz.com)" "www.mantech8.com"
142.93.127.92 - - [14/Nov/2022:18:37:50 -0800] "GET /contact.php HTTP/1.1" 200 29238 "http://mantech8.com/contact.php" "Mozilla/5.0 (Windows NT 10.0; WOW64) AppleWebKit/537.36 (KHTML, like Gecko) Chrome/90.0.4430.85 Safari/537.36" "mantech8.com"
142.93.127.92 - - [14/Nov/2022:18:37:51 -0800] "POST /mailer.php HTTP/1.1" 500 - "http://mantech8.com/contact.php" "Mozilla/5.0 (Windows NT 10.0; WOW64) AppleWebKit/537.36 (KHTML, like Gecko) Chrome/90.0.4430.85 Safari/537.36" "mantech8.com"
185.191.171.34 - - [14/Nov/2022:18:37:54 -0800] "GET /?camp-fire%2F1953069.html HTTP/1.1" 500 - "-" "Mozilla/5.0 (compatible; SemrushBot/7~bl; +http://www.semrush.com/bot.html)" "mantech8.com"
185.191.171.10 - - [14/Nov/2022:18:40:03 -0800] "GET /?camp-fire%2F9041242.html HTTP/1.1" 500 - "-" "Mozilla/5.0 (compatible; SemrushBot/7~bl; +http://www.semrush.com/bot.html)" "mantech8.com"
185.191.171.14 - - [14/Nov/2022:18:40:19 -0800] "GET /?camp-fire%2F1283500.html HTTP/1.1" 500 - "-" "Mozilla/5.0 (compatible; SemrushBot/7~bl; +http://www.semrush.com/bot.html)" "mantech8.com"
185.191.171.7 - - [14/Nov/2022:18:40:32 -0800] "GET /?camp-fire%2F8052108.html HTTP/1.1" 500 - "-" "Mozilla/5.0 (compatible; SemrushBot/7~bl; +http://www.semrush.com/bot.html)" "mantech8.com"
185.191.171.11 - - [14/Nov/2022:18:40:42 -0800] "GET /index.php/camp-fire/10171990.html HTTP/1.1" 500 - "-" "Mozilla/5.0 (compatible; SemrushBot/7~bl; +http://www.semrush.com/bot.html)" "mantech8.com"
185.191.171.4 - - [14/Nov/2022:18:41:00 -0800] "GET /index.php/camp-fire/27726280.html HTTP/1.1" 500 - "-" "Mozilla/5.0 (compatible; SemrushBot/7~bl; +http://www.semrush.com/bot.html)" "mantech8.com"
114.119.133.166 - - [14/Nov/2022:18:41:39 -0800] "GET /unpower.xml HTTP/1.1" 404 88 "-" "Mozilla/5.0 (compatible;PetalBot;+https://webmaster.petalsearch.com/site/petalbot)" "mantech8.com"
185.191.171.17 - - [14/Nov/2022:18:41:55 -0800] "GET /?camp-fire%2F9106378.html HTTP/1.1" 500 - "-" "Mozilla/5.0 (compatible; SemrushBot/7~bl; +http://www.semrush.com/bot.html)" "mantech8.com"
185.191.171.24 - - [14/Nov/2022:18:42:16 -0800] "GET /index.php/camp-fire/34141568.html HTTP/1.1" 500 - "-" "Mozilla/5.0 (compatible; SemrushBot/7~bl; +http://www.semrush.com/bot.html)" "mantech8.com"
185.191.171.19 - - [14/Nov/2022:18:42:59 -0800] "GET /index.php/camp-fire/21615653.html HTTP/1.1" 500 - "-" "Mozilla/5.0 (compatible; SemrushBot/7~bl; +http://www.semrush.com/bot.html)" "mantech8.com"
185.191.171.10 - - [14/Nov/2022:18:43:12 -0800] "GET /index.php/camp-fire/31817763.html HTTP/1.1" 500 - "-" "Mozilla/5.0 (compatible; SemrushBot/7~bl; +http://www.semrush.com/bot.html)" "mantech8.com"
185.191.171.13 - - [14/Nov/2022:18:44:30 -0800] "GET /index.php/camp-fire/41796259.html HTTP/1.1" 500 - "-" "Mozilla/5.0 (compatible; SemrushBot/7~bl; +http://www.semrush.com/bot.html)" "mantech8.com"
185.191.171.24 - - [14/Nov/2022:18:44:48 -0800] "GET /index.php/camp-fire/16171446.html HTTP/1.1" 500 - "-" "Mozilla/5.0 (compatible; SemrushBot/7~bl; +http://www.semrush.com/bot.html)" "mantech8.com"
185.191.171.37 - - [14/Nov/2022:18:45:04 -0800] "GET /index.php/camp-fire/15075224.html HTTP/1.1" 500 - "-" "Mozilla/5.0 (compatible; SemrushBot/7~bl; +http://www.semrush.com/bot.html)" "mantech8.com"
185.191.171.43 - - [14/Nov/2022:18:45:28 -0800] "GET /?camp-fire%2F8798242.html HTTP/1.1" 500 - "-" "Mozilla/5.0 (compatible; SemrushBot/7~bl; +http://www.semrush.com/bot.html)" "mantech8.com"
185.191.171.40 - - [14/Nov/2022:18:46:47 -0800] "GET /index.php/camp-fire/38394826.html HTTP/1.1" 500 - "-" "Mozilla/5.0 (compatible; SemrushBot/7~bl; +http://www.semrush.com/bot.html)" "mantech8.com"
185.191.171.33 - - [14/Nov/2022:18:46:50 -0800] "GET /?camp-fire%2F49690947.html HTTP/1.1" 500 - "-" "Mozilla/5.0 (compatible; SemrushBot/7~bl; +http://www.semrush.com/bot.html)" "mantech8.com"
185.191.171.14 - - [14/Nov/2022:18:46:57 -0800] "GET /?camp-fire%2F44704265.html HTTP/1.1" 500 - "-" "Mozilla/5.0 (compatible; SemrushBot/7~bl; +http://www.semrush.com/bot.html)" "mantech8.com"
185.191.171.19 - - [14/Nov/2022:18:47:16 -0800] "GET /index.php/camp-fire/35914846.html HTTP/1.1" 500 - "-" "Mozilla/5.0 (compatible; SemrushBot/7~bl; +http://www.semrush.com/bot.html)" "mantech8.com"
185.191.171.17 - - [14/Nov/2022:18:47:30 -0800] "GET /index.php/camp-fire/28346963.html HTTP/1.1" 500 - "-" "Mozilla/5.0 (compatible; SemrushBot/7~bl; +http://www.semrush.com/bot.html)" "mantech8.com"
185.191.171.24 - - [14/Nov/2022:18:47:48 -0800] "GET /index.php/camp-fire/10095590.html HTTP/1.1" 500 - "-" "Mozilla/5.0 (compatible; SemrushBot/7~bl; +http://www.semrush.com/bot.html)" "mantech8.com"
185.191.171.15 - - [14/Nov/2022:18:48:05 -0800] "GET /?camp-fire%2F8798142.html HTTP/1.1" 500 - "-" "Mozilla/5.0 (compatible; SemrushBot/7~bl; +http://www.semrush.com/bot.html)" "mantech8.com"
185.191.171.25 - - [14/Nov/2022:18:49:14 -0800] "GET /?camp-fire%2F8310580.html HTTP/1.1" 500 - "-" "Mozilla/5.0 (compatible; SemrushBot/7~bl; +http://www.semrush.com/bot.html)" "mantech8.com"
114.119.133.165 - - [14/Nov/2022:18:49:19 -0800] "GET /index.php?sitemap1.xml HTTP/1.1" 200 289369 "-" "Mozilla/5.0 (compatible;PetalBot;+https://webmaster.petalsearch.com/site/petalbot)" "mantech8.com"
185.191.171.37 - - [14/Nov/2022:18:51:05 -0800] "GET /index.php/camp-fire/20418365.html HTTP/1.1" 500 - "-" "Mozilla/5.0 (compatible; SemrushBot/7~bl; +http://www.semrush.com/bot.html)" "mantech8.com"
185.191.171.37 - - [14/Nov/2022:18:51:20 -0800] "GET /index.php/camp-fire/42760349.html HTTP/1.1" 500 - "-" "Mozilla/5.0 (compatible; SemrushBot/7~bl; +http://www.semrush.com/bot.html)" "mantech8.com"
185.191.171.3 - - [14/Nov/2022:18:51:37 -0800] "GET /?camp-fire%2F44693930.html HTTP/1.1" 500 - "-" "Mozilla/5.0 (compatible; SemrushBot/7~bl; +http://www.semrush.com/bot.html)" "mantech8.com"
185.191.171.5 - - [14/Nov/2022:18:53:45 -0800] "GET /?camp-fire%2F1266529.html HTTP/1.1" 500 - "-" "Mozilla/5.0 (compatible; SemrushBot/7~bl; +http://www.semrush.com/bot.html)" "mantech8.com"
185.191.171.42 - - [14/Nov/2022:18:54:10 -0800] "GET /?camp-fire%2F7905042.html HTTP/1.1" 500 - "-" "Mozilla/5.0 (compatible; SemrushBot/7~bl; +http://www.semrush.com/bot.html)" "mantech8.com"
114.119.133.165 - - [14/Nov/2022:18:54:21 -0800] "GET /index.php/dehydrochlorinases.xml HTTP/1.1" 200 289559 "-" "Mozilla/5.0 (compatible;PetalBot;+https://webmaster.petalsearch.com/site/petalbot)" "mantech8.com"
185.191.171.36 - - [14/Nov/2022:18:54:26 -0800] "GET /index.php/camp-fire/28948835.html HTTP/1.1" 500 - "-" "Mozilla/5.0 (compatible; SemrushBot/7~bl; +http://www.semrush.com/bot.html)" "mantech8.com"
185.191.171.17 - - [14/Nov/2022:18:54:29 -0800] "GET /index.php/camp-fire/7635308.html HTTP/1.1" 500 - "-" "Mozilla/5.0 (compatible; SemrushBot/7~bl; +http://www.semrush.com/bot.html)" "mantech8.com"
185.191.171.15 - - [14/Nov/2022:18:54:57 -0800] "GET /index.php/camp-fire/30142335.html HTTP/1.1" 500 - "-" "Mozilla/5.0 (compatible; SemrushBot/7~bl; +http://www.semrush.com/bot.html)" "mantech8.com"
185.191.171.38 - - [14/Nov/2022:18:55:02 -0800] "GET /index.php/camp-fire/25680646.html HTTP/1.1" 500 - "-" "Mozilla/5.0 (compatible; SemrushBot/7~bl; +http://www.semrush.com/bot.html)" "mantech8.com"
185.191.171.10 - - [14/Nov/2022:18:55:31 -0800] "GET /?camp-fire%2F8134978.html HTTP/1.1" 500 - "-" "Mozilla/5.0 (compatible; SemrushBot/7~bl; +http://www.semrush.com/bot.html)" "mantech8.com"
185.191.171.42 - - [14/Nov/2022:18:55:33 -0800] "GET /?camp-fire%2F42499181.html HTTP/1.1" 500 - "-" "Mozilla/5.0 (compatible; SemrushBot/7~bl; +http://www.semrush.com/bot.html)" "mantech8.com"
185.191.171.21 - - [14/Nov/2022:18:55:57 -0800] "GET /index.php/camp-fire/14838172.html HTTP/1.1" 500 - "-" "Mozilla/5.0 (compatible; SemrushBot/7~bl; +http://www.semrush.com/bot.html)" "mantech8.com"
185.191.171.4 - - [14/Nov/2022:18:56:47 -0800] "GET /index.php/camp-fire/38951517.html HTTP/1.1" 500 - "-" "Mozilla/5.0 (compatible; SemrushBot/7~bl; +http://www.semrush.com/bot.html)" "mantech8.com"
185.191.171.25 - - [14/Nov/2022:18:57:17 -0800] "GET /?camp-fire%2F338298.html HTTP/1.1" 500 - "-" "Mozilla/5.0 (compatible; SemrushBot/7~bl; +http://www.semrush.com/bot.html)" "mantech8.com"
185.191.171.9 - - [14/Nov/2022:18:57:35 -0800] "GET /?camp-fire%2F7361380.html HTTP/1.1" 500 - "-" "Mozilla/5.0 (compatible; SemrushBot/7~bl; +http://www.semrush.com/bot.html)" "mantech8.com"
185.191.171.44 - - [14/Nov/2022:18:58:30 -0800] "GET /?camp-fire%2F5072165.html HTTP/1.1" 500 - "-" "Mozilla/5.0 (compatible; SemrushBot/7~bl; +http://www.semrush.com/bot.html)" "mantech8.com"
185.191.171.11 - - [14/Nov/2022:18:59:03 -0800] "GET /?camp-fire%2F3848493.html HTTP/1.1" 500 - "-" "Mozilla/5.0 (compatible; SemrushBot/7~bl; +http://www.semrush.com/bot.html)" "mantech8.com"
185.191.171.26 - - [14/Nov/2022:18:59:37 -0800] "GET /index.php/camp-fire/33184716.html HTTP/1.1" 500 - "-" "Mozilla/5.0 (compatible; SemrushBot/7~bl; +http://www.semrush.com/bot.html)" "mantech8.com"
185.191.171.36 - - [14/Nov/2022:19:00:12 -0800] "GET /?camp-fire%2F1530198.html HTTP/1.1" 500 - "-" "Mozilla/5.0 (compatible; SemrushBot/7~bl; +http://www.semrush.com/bot.html)" "mantech8.com"
185.191.171.13 - - [14/Nov/2022:19:00:38 -0800] "GET /?camp-fire%2F8584921.html HTTP/1.1" 500 - "-" "Mozilla/5.0 (compatible; SemrushBot/7~bl; +http://www.semrush.com/bot.html)" "mantech8.com"
185.191.171.4 - - [14/Nov/2022:19:00:55 -0800] "GET /index.php/camp-fire/10011477.html HTTP/1.1" 500 - "-" "Mozilla/5.0 (compatible; SemrushBot/7~bl; +http://www.semrush.com/bot.html)" "mantech8.com"
185.191.171.43 - - [14/Nov/2022:19:01:25 -0800] "GET /?camp-fire%2F44085834.html HTTP/1.1" 500 - "-" "Mozilla/5.0 (compatible; SemrushBot/7~bl; +http://www.semrush.com/bot.html)" "mantech8.com"
185.191.171.43 - - [14/Nov/2022:19:01:58 -0800] "GET /index.php/camp-fire/24658927.html HTTP/1.1" 500 - "-" "Mozilla/5.0 (compatible; SemrushBot/7~bl; +http://www.semrush.com/bot.html)" "mantech8.com"
185.191.171.3 - - [14/Nov/2022:19:02:53 -0800] "GET /?camp-fire%2F4524098.html HTTP/1.1" 500 - "-" "Mozilla/5.0 (compatible; SemrushBot/7~bl; +http://www.semrush.com/bot.html)" "mantech8.com"
185.191.171.41 - - [14/Nov/2022:19:02:59 -0800] "GET /index.php/camp-fire/41432771.html HTTP/1.1" 500 - "-" "Mozilla/5.0 (compatible; SemrushBot/7~bl; +http://www.semrush.com/bot.html)" "mantech8.com"
185.191.171.15 - - [14/Nov/2022:19:05:08 -0800] "GET /?camp-fire%2F4879265.html HTTP/1.1" 500 - "-" "Mozilla/5.0 (compatible; SemrushBot/7~bl; +http://www.semrush.com/bot.html)" "mantech8.com"
207.46.13.177 - - [14/Nov/2022:19:05:12 -0800] "GET / HTTP/1.1" 200 64439 "-" "Mozilla/5.0 (compatible; bingbot/2.0; +http://www.bing.com/bingbot.htm)" "www.mantech8.com"
185.191.171.37 - - [14/Nov/2022:19:05:36 -0800] "GET /?camp-fire%2F48673968.html HTTP/1.1" 500 - "-" "Mozilla/5.0 (compatible; SemrushBot/7~bl; +http://www.semrush.com/bot.html)" "mantech8.com"
185.191.171.16 - - [14/Nov/2022:19:06:01 -0800] "GET /index.php/camp-fire/18605909.html HTTP/1.1" 500 - "-" "Mozilla/5.0 (compatible; SemrushBot/7~bl; +http://www.semrush.com/bot.html)" "mantech8.com"
185.191.171.25 - - [14/Nov/2022:19:06:23 -0800] "GET /index.php?camp-fire%2F280998.html HTTP/1.1" 500 - "-" "Mozilla/5.0 (compatible; SemrushBot/7~bl; +http://www.semrush.com/bot.html)" "mantech8.com"
185.191.171.11 - - [14/Nov/2022:19:06:30 -0800] "GET /index.php/camp-fire/15516246.html HTTP/1.1" 500 - "-" "Mozilla/5.0 (compatible; SemrushBot/7~bl; +http://www.semrush.com/bot.html)" "mantech8.com"
185.191.171.17 - - [14/Nov/2022:19:07:01 -0800] "GET /index.php/camp-fire/10188090.html HTTP/1.1" 500 - "-" "Mozilla/5.0 (compatible; SemrushBot/7~bl; +http://www.semrush.com/bot.html)" "mantech8.com"
185.191.171.36 - - [14/Nov/2022:19:07:09 -0800] "GET /index.php/camp-fire/15887865.html HTTP/1.1" 500 - "-" "Mozilla/5.0 (compatible; SemrushBot/7~bl; +http://www.semrush.com/bot.html)" "mantech8.com"
185.191.171.22 - - [14/Nov/2022:19:07:59 -0800] "GET /index.php/camp-fire/26678047.html HTTP/1.1" 500 - "-" "Mozilla/5.0 (compatible; SemrushBot/7~bl; +http://www.semrush.com/bot.html)" "mantech8.com"
185.191.171.34 - - [14/Nov/2022:19:08:25 -0800] "GET /?camp-fire%2F8241080.html HTTP/1.1" 500 - "-" "Mozilla/5.0 (compatible; SemrushBot/7~bl; +http://www.semrush.com/bot.html)" "mantech8.com"
40.77.167.64 - - [14/Nov/2022:19:08:33 -0800] "GET /F2si-abdea-Di8I3.Ii HTTP/1.1" 404 88 "-" "Mozilla/5.0 (compatible; bingbot/2.0; +http://www.bing.com/bingbot.htm)" "www.mantech8.com"
185.191.171.40 - - [14/Nov/2022:19:08:46 -0800] "GET /?camp-fire%2F7388480.html HTTP/1.1" 500 - "-" "Mozilla/5.0 (compatible; SemrushBot/7~bl; +http://www.semrush.com/bot.html)" "mantech8.com"
40.77.167.64 - - [14/Nov/2022:19:08:53 -0800] "GET /F2si-abdea-Di8I3.Ii HTTP/1.1" 404 88 "-" "Mozilla/5.0 (compatible; bingbot/2.0; +http://www.bing.com/bingbot.htm)" "www.mantech8.com"
185.191.171.23 - - [14/Nov/2022:19:08:54 -0800] "GET /?camp-fire%2F50459680.html HTTP/1.1" 500 - "-" "Mozilla/5.0 (compatible; SemrushBot/7~bl; +http://www.semrush.com/bot.html)" "mantech8.com"
185.191.171.39 - - [14/Nov/2022:19:09:32 -0800] "GET /?camp-fire%2F7608408.html HTTP/1.1" 500 - "-" "Mozilla/5.0 (compatible; SemrushBot/7~bl; +http://www.semrush.com/bot.html)" "mantech8.com"
185.191.171.9 - - [14/Nov/2022:19:10:26 -0800] "GET /index.php/camp-fire/49300076.html HTTP/1.1" 500 - "-" "Mozilla/5.0 (compatible; SemrushBot/7~bl; +http://www.semrush.com/bot.html)" "mantech8.com"
185.191.171.26 - - [14/Nov/2022:19:10:39 -0800] "GET /index.php/camp-fire/34189987.html HTTP/1.1" 500 - "-" "Mozilla/5.0 (compatible; SemrushBot/7~bl; +http://www.semrush.com/bot.html)" "mantech8.com"
185.191.171.34 - - [14/Nov/2022:19:10:59 -0800] "GET /index.php/camp-fire/21621817.html HTTP/1.1" 500 - "-" "Mozilla/5.0 (compatible; SemrushBot/7~bl; +http://www.semrush.com/bot.html)" "mantech8.com"
185.191.171.42 - - [14/Nov/2022:19:12:18 -0800] "GET /index.php/camp-fire/73705685.html HTTP/1.1" 500 - "-" "Mozilla/5.0 (compatible; SemrushBot/7~bl; +http://www.semrush.com/bot.html)" "mantech8.com"
185.191.171.26 - - [14/Nov/2022:19:12:47 -0800] "GET /index.php/camp-fire/30909947.html HTTP/1.1" 500 - "-" "Mozilla/5.0 (compatible; SemrushBot/7~bl; +http://www.semrush.com/bot.html)" "mantech8.com"
185.191.171.14 - - [14/Nov/2022:19:13:03 -0800] "GET /index.php?camp-fire%2F564498.html HTTP/1.1" 500 - "-" "Mozilla/5.0 (compatible; SemrushBot/7~bl; +http://www.semrush.com/bot.html)" "mantech8.com"
185.191.171.10 - - [14/Nov/2022:19:13:33 -0800] "GET /index.php?camp-fire%2F609998.html HTTP/1.1" 500 - "-" "Mozilla/5.0 (compatible; SemrushBot/7~bl; +http://www.semrush.com/bot.html)" "mantech8.com"
185.191.171.13 - - [14/Nov/2022:19:13:46 -0800] "GET /?camp-fire%2F50834092.html HTTP/1.1" 500 - "-" "Mozilla/5.0 (compatible; SemrushBot/7~bl; +http://www.semrush.com/bot.html)" "mantech8.com"
185.191.171.24 - - [14/Nov/2022:19:14:14 -0800] "GET /index.php/camp-fire/8130774.html HTTP/1.1" 500 - "-" "Mozilla/5.0 (compatible; SemrushBot/7~bl; +http://www.semrush.com/bot.html)" "mantech8.com"
185.191.171.21 - - [14/Nov/2022:19:14:40 -0800] "GET /?camp-fire%2F5508085.html HTTP/1.1" 500 - "-" "Mozilla/5.0 (compatible; SemrushBot/7~bl; +http://www.semrush.com/bot.html)" "mantech8.com"
185.191.171.42 - - [14/Nov/2022:19:15:36 -0800] "GET /index.php/camp-fire/33909982.html HTTP/1.1" 500 - "-" "Mozilla/5.0 (compatible; SemrushBot/7~bl; +http://www.semrush.com/bot.html)" "mantech8.com"
185.191.171.21 - - [14/Nov/2022:19:15:39 -0800] "GET /index.php/camp-fire/4354074.html HTTP/1.1" 500 - "-" "Mozilla/5.0 (compatible; SemrushBot/7~bl; +http://www.semrush.com/bot.html)" "mantech8.com"
185.191.171.24 - - [14/Nov/2022:19:15:48 -0800] "GET /index.php/camp-fire/10227242.html HTTP/1.1" 500 - "-" "Mozilla/5.0 (compatible; SemrushBot/7~bl; +http://www.semrush.com/bot.html)" "mantech8.com"
157.55.39.178 - - [14/Nov/2022:19:15:50 -0800] "GET /index.php/2ccfa HTTP/1.1" 200 67788 "-" "Mozilla/5.0 AppleWebKit/537.36 (KHTML, like Gecko; compatible; bingbot/2.0; +http://www.bing.com/bingbot.htm) Chrome/103.0.5060.134 Safari/537.36" "mantech8.com"
185.191.171.43 - - [14/Nov/2022:19:17:30 -0800] "GET /?camp-fire%2F50102850.html HTTP/1.1" 500 - "-" "Mozilla/5.0 (compatible; SemrushBot/7~bl; +http://www.semrush.com/bot.html)" "mantech8.com"
185.191.171.25 - - [14/Nov/2022:19:17:46 -0800] "GET /?camp-fire%2F1131372.html HTTP/1.1" 500 - "-" "Mozilla/5.0 (compatible; SemrushBot/7~bl; +http://www.semrush.com/bot.html)" "mantech8.com"
51.222.133.35 - - [14/Nov/2022:19:17:58 -0800] "GET / HTTP/1.1" 500 - "-" "Mozilla/5.0 (Windows NT 10.0; rv:73.0) Gecko/20100101 Firefox/73.0" "mantech8.com"
185.191.171.8 - - [14/Nov/2022:19:18:03 -0800] "GET /index.php/camp-fire/27629571.html HTTP/1.1" 500 - "-" "Mozilla/5.0 (compatible; SemrushBot/7~bl; +http://www.semrush.com/bot.html)" "mantech8.com"
142.44.138.126 - - [14/Nov/2022:19:18:53 -0800] "GET / HTTP/1.1" 500 - "-" "Mozilla/5.0 (Windows NT 6.1; Win64; x64; +http://url-classification.io/wiki/index.php?title=URL_server_crawler) KStandBot/1.0" "www.mantech8.com"
185.191.171.21 - - [14/Nov/2022:19:18:56 -0800] "GET /?camp-fire%2F4049578.html HTTP/1.1" 500 - "-" "Mozilla/5.0 (compatible; SemrushBot/7~bl; +http://www.semrush.com/bot.html)" "mantech8.com"
185.191.171.43 - - [14/Nov/2022:19:19:19 -0800] "GET /index.php/camp-fire/17535127.html HTTP/1.1" 500 - "-" "Mozilla/5.0 (compatible; SemrushBot/7~bl; +http://www.semrush.com/bot.html)" "mantech8.com"
185.191.171.10 - - [14/Nov/2022:19:19:35 -0800] "GET /index.php/camp-fire/46360068.html HTTP/1.1" 500 - "-" "Mozilla/5.0 (compatible; SemrushBot/7~bl; +http://www.semrush.com/bot.html)" "mantech8.com"
185.191.171.8 - - [14/Nov/2022:19:20:32 -0800] "GET /?camp-fire%2F49781917.html HTTP/1.1" 500 - "-" "Mozilla/5.0 (compatible; SemrushBot/7~bl; +http://www.semrush.com/bot.html)" "mantech8.com"
185.191.171.25 - - [14/Nov/2022:19:21:01 -0800] "GET /index.php?camp-fire%2F501469.html HTTP/1.1" 500 - "-" "Mozilla/5.0 (compatible; SemrushBot/7~bl; +http://www.semrush.com/bot.html)" "mantech8.com"
185.191.171.2 - - [14/Nov/2022:19:21:24 -0800] "GET /index.php/camp-fire/26183782.html HTTP/1.1" 500 - "-" "Mozilla/5.0 (compatible; SemrushBot/7~bl; +http://www.semrush.com/bot.html)" "mantech8.com"
185.191.171.34 - - [14/Nov/2022:19:21:29 -0800] "GET /index.php/camp-fire/31934130.html HTTP/1.1" 500 - "-" "Mozilla/5.0 (compatible; SemrushBot/7~bl; +http://www.semrush.com/bot.html)" "mantech8.com"
207.46.13.65 - - [14/Nov/2022:19:22:19 -0800] "GET /index.php?/tieng-duc/kinh-nghiem-hoc-tieng-duc HTTP/1.1" 200 72960 "-" "Mozilla/5.0 (compatible; bingbot/2.0; +http://www.bing.com/bingbot.htm)" "mantech8.com"
185.191.171.12 - - [14/Nov/2022:19:22:30 -0800] "GET /?camp-fire%2F6271777.html HTTP/1.1" 500 - "-" "Mozilla/5.0 (compatible; SemrushBot/7~bl; +http://www.semrush.com/bot.html)" "mantech8.com"
185.191.171.34 - - [14/Nov/2022:19:22:48 -0800] "GET /index.php/camp-fire/22673535.html HTTP/1.1" 500 - "-" "Mozilla/5.0 (compatible; SemrushBot/7~bl; +http://www.semrush.com/bot.html)" "mantech8.com"
46.148.206.226 - - [14/Nov/2022:19:22:57 -0800] "GET /contact.php HTTP/1.1" 200 29238 "http://mantech8.com/contact.php" "Mozilla/5.0 (Windows NT 6.1; ) AppleWebKit/537.36 (KHTML, like Gecko) Chrome/90.0.4430.72 Safari/537.36" "mantech8.com"
46.148.206.226 - - [14/Nov/2022:19:22:58 -0800] "GET /verificationimage.php?3392 HTTP/1.1" 200 1412 "http://mantech8.com/contact.php" "Mozilla/5.0 (Windows NT 6.1; ) AppleWebKit/537.36 (KHTML, like Gecko) Chrome/90.0.4430.72 Safari/537.36" "mantech8.com"
46.148.206.226 - - [14/Nov/2022:19:22:58 -0800] "POST /mailer.php HTTP/1.1" 500 - "http://mantech8.com/contact.php" "Mozilla/5.0 (Windows NT 6.1; ) AppleWebKit/537.36 (KHTML, like Gecko) Chrome/90.0.4430.72 Safari/537.36" "mantech8.com"
46.148.206.226 - - [14/Nov/2022:19:22:58 -0800] "GET /contact.php HTTP/1.1" 200 29238 "http://mantech8.com/contact.php" "Mozilla/5.0 (Windows NT 6.1; ) AppleWebKit/537.36 (KHTML, like Gecko) Chrome/90.0.4430.72 Safari/537.36" "mantech8.com"
185.191.171.26 - - [14/Nov/2022:19:23:32 -0800] "GET /index.php/camp-fire/36119857.html HTTP/1.1" 500 - "-" "Mozilla/5.0 (compatible; SemrushBot/7~bl; +http://www.semrush.com/bot.html)" "mantech8.com"
40.77.167.64 - - [14/Nov/2022:19:23:42 -0800] "GET /index.php?c=product&a=type&tid=77 HTTP/1.1" 200 73208 "-" "Mozilla/5.0 AppleWebKit/537.36 (KHTML, like Gecko; compatible; bingbot/2.0; +http://www.bing.com/bingbot.htm) Chrome/103.0.5060.134 Safari/537.36" "www.mantech8.com"
185.191.171.2 - - [14/Nov/2022:19:23:45 -0800] "GET /index.php/camp-fire/9111485.html HTTP/1.1" 500 - "-" "Mozilla/5.0 (compatible; SemrushBot/7~bl; +http://www.semrush.com/bot.html)" "mantech8.com"
185.191.171.39 - - [14/Nov/2022:19:24:41 -0800] "GET /index.php/camp-fire/7936508.html HTTP/1.1" 500 - "-" "Mozilla/5.0 (compatible; SemrushBot/7~bl; +http://www.semrush.com/bot.html)" "mantech8.com"
185.191.171.11 - - [14/Nov/2022:19:24:56 -0800] "GET /index.php/camp-fire/1162572.html HTTP/1.1" 500 - "-" "Mozilla/5.0 (compatible; SemrushBot/7~bl; +http://www.semrush.com/bot.html)" "mantech8.com"
185.191.171.17 - - [14/Nov/2022:19:25:31 -0800] "GET /index.php/camp-fire/37074609.html HTTP/1.1" 500 - "-" "Mozilla/5.0 (compatible; SemrushBot/7~bl; +http://www.semrush.com/bot.html)" "mantech8.com"
185.191.171.41 - - [14/Nov/2022:19:25:46 -0800] "GET /index.php/camp-fire/16374183.html HTTP/1.1" 500 - "-" "Mozilla/5.0 (compatible; SemrushBot/7~bl; +http://www.semrush.com/bot.html)" "mantech8.com"
185.191.171.41 - - [14/Nov/2022:19:26:23 -0800] "GET /?camp-fire%2F42316571.html HTTP/1.1" 500 - "-" "Mozilla/5.0 (compatible; SemrushBot/7~bl; +http://www.semrush.com/bot.html)" "mantech8.com"
185.191.171.8 - - [14/Nov/2022:19:26:38 -0800] "GET /index.php/camp-fire/48614776.html HTTP/1.1" 500 - "-" "Mozilla/5.0 (compatible; SemrushBot/7~bl; +http://www.semrush.com/bot.html)" "mantech8.com"
114.119.133.166 - - [14/Nov/2022:19:27:05 -0800] "GET /?sitemap19398.xml HTTP/1.1" 200 270521 "-" "Mozilla/5.0 (compatible;PetalBot;+https://webmaster.petalsearch.com/site/petalbot)" "mantech8.com"
185.191.171.44 - - [14/Nov/2022:19:27:34 -0800] "GET /robots.txt HTTP/1.1" 200 106 "-" "Mozilla/5.0 (compatible; SemrushBot/7~bl; +http://www.semrush.com/bot.html)" "mantech8.com"
