114.119.133.158 - - [14/Nov/2022:21:03:39 -0800] "GET /index.php?sitemap445.xml HTTP/1.1" 200 289575 "-" "Mozilla/5.0 (Linux; Android 7.0;) AppleWebKit/537.36 (KHTML, like Gecko) Mobile Safari/537.36 (compatible; PetalBot;+https://webmaster.petalsearch.com/site/petalbot)" "mantech8.com"
185.191.171.18 - - [14/Nov/2022:21:04:13 -0800] "GET /?camp-fire%2F4411796.html HTTP/1.1" 500 - "-" "Mozilla/5.0 (compatible; SemrushBot/7~bl; +http://www.semrush.com/bot.html)" "mantech8.com"
185.191.171.21 - - [14/Nov/2022:21:04:34 -0800] "GET /?camp-fire%2F9606678.html HTTP/1.1" 500 - "-" "Mozilla/5.0 (compatible; SemrushBot/7~bl; +http://www.semrush.com/bot.html)" "mantech8.com"
185.191.171.21 - - [14/Nov/2022:21:04:42 -0800] "GET /?camp-fire%2F3319978.html HTTP/1.1" 500 - "-" "Mozilla/5.0 (compatible; SemrushBot/7~bl; +http://www.semrush.com/bot.html)" "mantech8.com"
185.191.171.33 - - [14/Nov/2022:21:04:53 -0800] "GET /index.php/camp-fire/44855588.html HTTP/1.1" 500 - "-" "Mozilla/5.0 (compatible; SemrushBot/7~bl; +http://www.semrush.com/bot.html)" "mantech8.com"
40.77.167.42 - - [14/Nov/2022:21:05:19 -0800] "GET /clients.php HTTP/1.1" 200 18489 "-" "Mozilla/5.0 AppleWebKit/537.36 (KHTML, like Gecko; compatible; bingbot/2.0; +http://www.bing.com/bingbot.htm) Chrome/103.0.5060.134 Safari/537.36" "mantech8.com"
185.191.171.18 - - [14/Nov/2022:21:06:11 -0800] "GET /index.php/camp-fire/26859600.html HTTP/1.1" 500 - "-" "Mozilla/5.0 (compatible; SemrushBot/7~bl; +http://www.semrush.com/bot.html)" "mantech8.com"
185.191.171.24 - - [14/Nov/2022:21:06:39 -0800] "GET /index.php/camp-fire/39145678.html HTTP/1.1" 500 - "-" "Mozilla/5.0 (compatible; SemrushBot/7~bl; +http://www.semrush.com/bot.html)" "mantech8.com"
185.191.171.24 - - [14/Nov/2022:21:06:55 -0800] "GET /index.php/camp-fire/39024355.html HTTP/1.1" 500 - "-" "Mozilla/5.0 (compatible; SemrushBot/7~bl; +http://www.semrush.com/bot.html)" "mantech8.com"
185.191.171.25 - - [14/Nov/2022:21:06:58 -0800] "GET /?camp-fire%2F3407900.html HTTP/1.1" 500 - "-" "Mozilla/5.0 (compatible; SemrushBot/7~bl; +http://www.semrush.com/bot.html)" "mantech8.com"
185.191.171.6 - - [14/Nov/2022:21:07:27 -0800] "GET /index.php/camp-fire/10632298.html HTTP/1.1" 500 - "-" "Mozilla/5.0 (compatible; SemrushBot/7~bl; +http://www.semrush.com/bot.html)" "mantech8.com"
185.191.171.23 - - [14/Nov/2022:21:07:48 -0800] "GET /index.php/camp-fire/12327821.html HTTP/1.1" 500 - "-" "Mozilla/5.0 (compatible; SemrushBot/7~bl; +http://www.semrush.com/bot.html)" "mantech8.com"
185.191.171.12 - - [14/Nov/2022:21:08:16 -0800] "GET /index.php/camp-fire/10281790.html HTTP/1.1" 500 - "-" "Mozilla/5.0 (compatible; SemrushBot/7~bl; +http://www.semrush.com/bot.html)" "mantech8.com"
114.119.133.158 - - [14/Nov/2022:21:08:42 -0800] "GET /kleffens.xml HTTP/1.1" 404 88 "-" "Mozilla/5.0 (compatible;PetalBot;+https://webmaster.petalsearch.com/site/petalbot)" "mantech8.com"
185.191.171.4 - - [14/Nov/2022:21:08:52 -0800] "GET /index.php/camp-fire/12825565.html HTTP/1.1" 500 - "-" "Mozilla/5.0 (compatible; SemrushBot/7~bl; +http://www.semrush.com/bot.html)" "mantech8.com"
185.191.171.3 - - [14/Nov/2022:21:09:20 -0800] "GET /index.php/camp-fire/36764465.html HTTP/1.1" 500 - "-" "Mozilla/5.0 (compatible; SemrushBot/7~bl; +http://www.semrush.com/bot.html)" "mantech8.com"
185.191.171.12 - - [14/Nov/2022:21:09:55 -0800] "GET /index.php?camp-fire%2F334098.html HTTP/1.1" 500 - "-" "Mozilla/5.0 (compatible; SemrushBot/7~bl; +http://www.semrush.com/bot.html)" "mantech8.com"
94.103.232.220 - - [14/Nov/2022:21:10:07 -0800] "GET /contact.php HTTP/1.1" 200 29238 "-" "Mozilla/5.0 (Windows NT 10.0; WOW64) AppleWebKit/537.36 (KHTML, like Gecko) Chrome/103.0.0.0 Safari/537.36 Vivaldi/5.3.2679.68" "mantech8.com"
185.191.171.25 - - [14/Nov/2022:21:10:08 -0800] "GET /?camp-fire%2F1380459.html HTTP/1.1" 500 - "-" "Mozilla/5.0 (compatible; SemrushBot/7~bl; +http://www.semrush.com/bot.html)" "mantech8.com"
94.103.232.220 - - [14/Nov/2022:21:10:11 -0800] "GET /verificationimage.php?7051 HTTP/1.1" 200 1386 "http://mantech8.com/mailer.php" "Mozilla/5.0 (Windows NT 10.0; WOW64) AppleWebKit/537.36 (KHTML, like Gecko) Chrome/103.0.0.0 Safari/537.36 Vivaldi/5.3.2679.68" "mantech8.com"
94.103.232.220 - - [14/Nov/2022:21:10:13 -0800] "GET /mailer.php?name=Jon+Schrader&email=jon.schrader%40yahoo.com&phone=06-83427825&message=Hello%21&verif_box=6280 HTTP/1.1" 500 - "http://mantech8.com/contact.php" "Mozilla/5.0 (Windows NT 10.0; WOW64) AppleWebKit/537.36 (KHTML, like Gecko) Chrome/103.0.0.0 Safari/537.36 Vivaldi/5.3.2679.68" "mantech8.com"
185.191.171.6 - - [14/Nov/2022:21:10:39 -0800] "GET /?camp-fire%2F4703529.html HTTP/1.1" 500 - "-" "Mozilla/5.0 (compatible; SemrushBot/7~bl; +http://www.semrush.com/bot.html)" "mantech8.com"
185.191.171.25 - - [14/Nov/2022:21:10:53 -0800] "GET /index.php/camp-fire/16438987.html HTTP/1.1" 500 - "-" "Mozilla/5.0 (compatible; SemrushBot/7~bl; +http://www.semrush.com/bot.html)" "mantech8.com"
207.46.13.177 - - [14/Nov/2022:21:11:44 -0800] "GET / HTTP/1.1" 200 64193 "-" "Mozilla/5.0 (compatible; bingbot/2.0; +http://www.bing.com/bingbot.htm)" "www.mantech8.com"
185.191.171.17 - - [14/Nov/2022:21:12:24 -0800] "GET /?camp-fire%2F4848474.html HTTP/1.1" 500 - "-" "Mozilla/5.0 (compatible; SemrushBot/7~bl; +http://www.semrush.com/bot.html)" "mantech8.com"
185.191.171.6 - - [14/Nov/2022:21:12:28 -0800] "GET /index.php/camp-fire/26172051.html HTTP/1.1" 500 - "-" "Mozilla/5.0 (compatible; SemrushBot/7~bl; +http://www.semrush.com/bot.html)" "mantech8.com"
185.191.171.12 - - [14/Nov/2022:21:12:33 -0800] "GET /?camp-fire%2F9693583.html HTTP/1.1" 500 - "-" "Mozilla/5.0 (compatible; SemrushBot/7~bl; +http://www.semrush.com/bot.html)" "mantech8.com"
185.191.171.39 - - [14/Nov/2022:21:12:46 -0800] "GET /index.php/camp-fire/15315365.html HTTP/1.1" 500 - "-" "Mozilla/5.0 (compatible; SemrushBot/7~bl; +http://www.semrush.com/bot.html)" "mantech8.com"
114.119.133.165 - - [14/Nov/2022:21:13:46 -0800] "GET /sitemap6.xml HTTP/1.1" 404 88 "-" "Mozilla/5.0 (compatible;PetalBot;+https://webmaster.petalsearch.com/site/petalbot)" "mantech8.com"
185.191.171.23 - - [14/Nov/2022:21:14:02 -0800] "GET /index.php?camp-fire%2F511169.html HTTP/1.1" 500 - "-" "Mozilla/5.0 (compatible; SemrushBot/7~bl; +http://www.semrush.com/bot.html)" "mantech8.com"
185.191.171.42 - - [14/Nov/2022:21:14:05 -0800] "GET /index.php/camp-fire/1519798.html HTTP/1.1" 500 - "-" "Mozilla/5.0 (compatible; SemrushBot/7~bl; +http://www.semrush.com/bot.html)" "mantech8.com"
185.191.171.37 - - [14/Nov/2022:21:14:33 -0800] "GET /index.php/camp-fire/1340629.html HTTP/1.1" 500 - "-" "Mozilla/5.0 (compatible; SemrushBot/7~bl; +http://www.semrush.com/bot.html)" "mantech8.com"
185.191.171.37 - - [14/Nov/2022:21:14:38 -0800] "GET /index.php/camp-fire/40636041.html HTTP/1.1" 500 - "-" "Mozilla/5.0 (compatible; SemrushBot/7~bl; +http://www.semrush.com/bot.html)" "mantech8.com"
185.191.171.11 - - [14/Nov/2022:21:16:28 -0800] "GET /index.php/camp-fire/42155549.html HTTP/1.1" 500 - "-" "Mozilla/5.0 (compatible; SemrushBot/7~bl; +http://www.semrush.com/bot.html)" "mantech8.com"
185.191.171.39 - - [14/Nov/2022:21:17:11 -0800] "GET /index.php/camp-fire/111980272.html HTTP/1.1" 500 - "-" "Mozilla/5.0 (compatible; SemrushBot/7~bl; +http://www.semrush.com/bot.html)" "mantech8.com"
185.191.171.15 - - [14/Nov/2022:21:17:29 -0800] "GET /index.php/camp-fire/81428276.html HTTP/1.1" 500 - "-" "Mozilla/5.0 (compatible; SemrushBot/7~bl; +http://www.semrush.com/bot.html)" "mantech8.com"
185.191.171.1 - - [14/Nov/2022:21:17:38 -0800] "GET /index.php/camp-fire/14903987.html HTTP/1.1" 500 - "-" "Mozilla/5.0 (compatible; SemrushBot/7~bl; +http://www.semrush.com/bot.html)" "mantech8.com"
185.191.171.35 - - [14/Nov/2022:21:18:31 -0800] "GET /index.php/camp-fire/47820564.html HTTP/1.1" 500 - "-" "Mozilla/5.0 (compatible; SemrushBot/7~bl; +http://www.semrush.com/bot.html)" "mantech8.com"
185.191.171.33 - - [14/Nov/2022:21:18:44 -0800] "GET /index.php/camp-fire/7373078.html HTTP/1.1" 500 - "-" "Mozilla/5.0 (compatible; SemrushBot/7~bl; +http://www.semrush.com/bot.html)" "mantech8.com"
114.119.133.166 - - [14/Nov/2022:21:18:52 -0800] "GET /index.php?sitemap-index-10.xml HTTP/1.1" 200 4845 "-" "Mozilla/5.0 (compatible;PetalBot;+https://webmaster.petalsearch.com/site/petalbot)" "mantech8.com"
185.191.171.9 - - [14/Nov/2022:21:18:55 -0800] "GET /?camp-fire%2F2451893.html HTTP/1.1" 500 - "-" "Mozilla/5.0 (compatible; SemrushBot/7~bl; +http://www.semrush.com/bot.html)" "mantech8.com"
185.191.171.35 - - [14/Nov/2022:21:19:28 -0800] "GET /?camp-fire%2F8639008.html HTTP/1.1" 500 - "-" "Mozilla/5.0 (compatible; SemrushBot/7~bl; +http://www.semrush.com/bot.html)" "mantech8.com"
185.191.171.25 - - [14/Nov/2022:21:19:52 -0800] "GET /?camp-fire%2F9675383.html HTTP/1.1" 500 - "-" "Mozilla/5.0 (compatible; SemrushBot/7~bl; +http://www.semrush.com/bot.html)" "mantech8.com"
185.191.171.8 - - [14/Nov/2022:21:19:54 -0800] "GET /?camp-fire%2F8136372.html HTTP/1.1" 500 - "-" "Mozilla/5.0 (compatible; SemrushBot/7~bl; +http://www.semrush.com/bot.html)" "mantech8.com"
185.191.171.3 - - [14/Nov/2022:21:20:24 -0800] "GET /index.php/camp-fire/36039135.html HTTP/1.1" 500 - "-" "Mozilla/5.0 (compatible; SemrushBot/7~bl; +http://www.semrush.com/bot.html)" "mantech8.com"
66.249.64.237 - - [14/Nov/2022:21:20:55 -0800] "GET /ads.txt HTTP/1.1" 404 88 "-" "Mozilla/5.0 (compatible; Googlebot/2.1; +http://www.google.com/bot.html)" "www.mantech8.com"
185.191.171.36 - - [14/Nov/2022:21:21:19 -0800] "GET /index.php/camp-fire/17347565.html HTTP/1.1" 500 - "-" "Mozilla/5.0 (compatible; SemrushBot/7~bl; +http://www.semrush.com/bot.html)" "mantech8.com"
207.46.13.177 - - [14/Nov/2022:21:21:30 -0800] "GET /index.php?camp-fire/15416851.html HTTP/1.1" 200 18384 "-" "Mozilla/5.0 AppleWebKit/537.36 (KHTML, like Gecko; compatible; bingbot/2.0; +http://www.bing.com/bingbot.htm) Chrome/103.0.5060.134 Safari/537.36" "www.mantech8.com"
185.191.171.25 - - [14/Nov/2022:21:22:00 -0800] "GET /index.php/camp-fire/27882859.html HTTP/1.1" 500 - "-" "Mozilla/5.0 (compatible; SemrushBot/7~bl; +http://www.semrush.com/bot.html)" "mantech8.com"
185.191.171.41 - - [14/Nov/2022:21:22:27 -0800] "GET /index.php/camp-fire/14053078.html HTTP/1.1" 500 - "-" "Mozilla/5.0 (compatible; SemrushBot/7~bl; +http://www.semrush.com/bot.html)" "mantech8.com"
66.249.70.180 - - [14/Nov/2022:21:22:31 -0800] "GET /favicon.ico HTTP/1.1" 404 88 "-" "Googlebot-Image/1.0" "mantech8.com"
185.191.171.9 - - [14/Nov/2022:21:22:51 -0800] "GET /index.php/camp-fire/45626072.html HTTP/1.1" 500 - "-" "Mozilla/5.0 (compatible; SemrushBot/7~bl; +http://www.semrush.com/bot.html)" "mantech8.com"
185.191.171.21 - - [14/Nov/2022:21:23:13 -0800] "GET /?camp-fire%2F49989308.html HTTP/1.1" 500 - "-" "Mozilla/5.0 (compatible; SemrushBot/7~bl; +http://www.semrush.com/bot.html)" "mantech8.com"
185.191.171.8 - - [14/Nov/2022:21:23:36 -0800] "GET /index.php/camp-fire/51604376.html HTTP/1.1" 500 - "-" "Mozilla/5.0 (compatible; SemrushBot/7~bl; +http://www.semrush.com/bot.html)" "mantech8.com"
40.77.167.24 - - [14/Nov/2022:21:23:39 -0800] "GET /index.php?camp-fire/78020935.html HTTP/1.1" 200 71353 "-" "Mozilla/5.0 (compatible; bingbot/2.0; +http://www.bing.com/bingbot.htm)" "www.mantech8.com"
114.119.133.158 - - [14/Nov/2022:21:23:56 -0800] "GET /index.php?camp-fire/75930041.html HTTP/1.1" 500 - "-" "Mozilla/5.0 (Linux; Android 7.0;) AppleWebKit/537.36 (KHTML, like Gecko) Mobile Safari/537.36 (compatible; PetalBot;+https://webmaster.petalsearch.com/site/petalbot)" "www.mantech8.com"
185.191.171.45 - - [14/Nov/2022:21:24:48 -0800] "GET /?camp-fire%2F48064630.html HTTP/1.1" 500 - "-" "Mozilla/5.0 (compatible; SemrushBot/7~bl; +http://www.semrush.com/bot.html)" "mantech8.com"
185.191.171.43 - - [14/Nov/2022:21:25:14 -0800] "GET /?camp-fire%2F48012349.html HTTP/1.1" 500 - "-" "Mozilla/5.0 (compatible; SemrushBot/7~bl; +http://www.semrush.com/bot.html)" "mantech8.com"
185.191.171.21 - - [14/Nov/2022:21:24:57 -0800] "GET /?camp-fire%2F2390372.html HTTP/1.1" 500 - "-" "Mozilla/5.0 (compatible; SemrushBot/7~bl; +http://www.semrush.com/bot.html)" "mantech8.com"
185.191.171.37 - - [14/Nov/2022:21:25:24 -0800] "GET /index.php/camp-fire/42214034.html HTTP/1.1" 500 - "-" "Mozilla/5.0 (compatible; SemrushBot/7~bl; +http://www.semrush.com/bot.html)" "mantech8.com"
207.46.13.65 - - [14/Nov/2022:21:25:51 -0800] "GET /index.php/Digi5-91e4cefacf-F2si.Ii HTTP/1.1" 200 43068 "-" "Mozilla/5.0 (compatible; bingbot/2.0; +http://www.bing.com/bingbot.htm)" "mantech8.com"
185.191.171.45 - - [14/Nov/2022:21:26:02 -0800] "GET /?camp-fire%2F7831442.html HTTP/1.1" 500 - "-" "Mozilla/5.0 (compatible; SemrushBot/7~bl; +http://www.semrush.com/bot.html)" "mantech8.com"
185.191.171.9 - - [14/Nov/2022:21:26:37 -0800] "GET /index.php/camp-fire/30940135.html HTTP/1.1" 500 - "-" "Mozilla/5.0 (compatible; SemrushBot/7~bl; +http://www.semrush.com/bot.html)" "mantech8.com"
185.191.171.39 - - [14/Nov/2022:21:26:39 -0800] "GET /?camp-fire%2F1723572.html HTTP/1.1" 500 - "-" "Mozilla/5.0 (compatible; SemrushBot/7~bl; +http://www.semrush.com/bot.html)" "mantech8.com"
185.191.171.43 - - [14/Nov/2022:21:26:41 -0800] "GET /index.php/camp-fire/1343600.html HTTP/1.1" 500 - "-" "Mozilla/5.0 (compatible; SemrushBot/7~bl; +http://www.semrush.com/bot.html)" "mantech8.com"
185.191.171.8 - - [14/Nov/2022:21:26:45 -0800] "GET /index.php/camp-fire/32588825.html HTTP/1.1" 500 - "-" "Mozilla/5.0 (compatible; SemrushBot/7~bl; +http://www.semrush.com/bot.html)" "mantech8.com"
40.77.167.42 - - [14/Nov/2022:21:26:53 -0800] "GET /gallery.php HTTP/1.1" 200 49088 "-" "Mozilla/5.0 (compatible; bingbot/2.0; +http://www.bing.com/bingbot.htm)" "mantech8.com"
185.191.171.7 - - [14/Nov/2022:21:27:09 -0800] "GET /index.php/camp-fire/13256476.html HTTP/1.1" 500 - "-" "Mozilla/5.0 (compatible; SemrushBot/7~bl; +http://www.semrush.com/bot.html)" "mantech8.com"
109.70.100.26 - - [14/Nov/2022:21:27:14 -0800] "GET /contact.php HTTP/1.1" 200 29238 "http://mantech8.com/contact.php" "Mozilla/5.0 (Windows NT 6.3; Win64; x64) AppleWebKit/537.36 (KHTML, like Gecko) Chrome/90.0.4430.85 Safari/537.36 Edg/90.0.818.49" "mantech8.com"
109.70.100.26 - - [14/Nov/2022:21:27:21 -0800] "GET /verificationimage.php?1915 HTTP/1.1" 200 1364 "http://mantech8.com/contact.php" "Mozilla/5.0 (Windows NT 6.3; Win64; x64) AppleWebKit/537.36 (KHTML, like Gecko) Chrome/90.0.4430.85 Safari/537.36 Edg/90.0.818.49" "mantech8.com"
95.217.210.45 - - [14/Nov/2022:21:27:27 -0800] "POST /mailer.php HTTP/1.1" 500 - "http://mantech8.com/contact.php" "Mozilla/5.0 (Windows NT 6.3; Win64; x64) AppleWebKit/537.36 (KHTML, like Gecko) Chrome/90.0.4430.85 Safari/537.36 Edg/90.0.818.49" "mantech8.com"
95.217.210.45 - - [14/Nov/2022:21:27:28 -0800] "GET /contact.php HTTP/1.1" 200 29238 "http://mantech8.com/contact.php" "Mozilla/5.0 (Windows NT 6.3; Win64; x64) AppleWebKit/537.36 (KHTML, like Gecko) Chrome/90.0.4430.85 Safari/537.36 Edg/90.0.818.49" "mantech8.com"
185.191.171.25 - - [14/Nov/2022:21:28:17 -0800] "GET /index.php/camp-fire/18143108.html HTTP/1.1" 500 - "-" "Mozilla/5.0 (compatible; SemrushBot/7~bl; +http://www.semrush.com/bot.html)" "mantech8.com"
185.191.171.12 - - [14/Nov/2022:21:28:23 -0800] "GET /index.php/camp-fire/27599771.html HTTP/1.1" 500 - "-" "Mozilla/5.0 (compatible; SemrushBot/7~bl; +http://www.semrush.com/bot.html)" "mantech8.com"
185.191.171.21 - - [14/Nov/2022:21:28:33 -0800] "GET /?camp-fire%2F6634677.html HTTP/1.1" 500 - "-" "Mozilla/5.0 (compatible; SemrushBot/7~bl; +http://www.semrush.com/bot.html)" "mantech8.com"
114.119.133.166 - - [14/Nov/2022:21:28:59 -0800] "GET /index.php?camp-fire/32373791.html HTTP/1.1" 500 - "-" "Mozilla/5.0 (Linux; Android 7.0;) AppleWebKit/537.36 (KHTML, like Gecko) Mobile Safari/537.36 (compatible; PetalBot;+https://webmaster.petalsearch.com/site/petalbot)" "www.mantech8.com"
185.191.171.15 - - [14/Nov/2022:21:29:17 -0800] "GET /?camp-fire%2F46582855.html HTTP/1.1" 500 - "-" "Mozilla/5.0 (compatible; SemrushBot/7~bl; +http://www.semrush.com/bot.html)" "mantech8.com"
185.191.171.25 - - [14/Nov/2022:21:29:21 -0800] "GET /?camp-fire%2F2826990.html HTTP/1.1" 500 - "-" "Mozilla/5.0 (compatible; SemrushBot/7~bl; +http://www.semrush.com/bot.html)" "mantech8.com"
185.191.171.9 - - [14/Nov/2022:21:29:54 -0800] "GET /?camp-fire%2F9152996.html HTTP/1.1" 500 - "-" "Mozilla/5.0 (compatible; SemrushBot/7~bl; +http://www.semrush.com/bot.html)" "mantech8.com"
185.191.171.10 - - [14/Nov/2022:21:30:41 -0800] "GET /index.php/camp-fire/2595600.html HTTP/1.1" 500 - "-" "Mozilla/5.0 (compatible; SemrushBot/7~bl; +http://www.semrush.com/bot.html)" "mantech8.com"
185.191.171.6 - - [14/Nov/2022:21:30:57 -0800] "GET /index.php/camp-fire/11772085.html HTTP/1.1" 500 - "-" "Mozilla/5.0 (compatible; SemrushBot/7~bl; +http://www.semrush.com/bot.html)" "mantech8.com"
185.191.171.17 - - [14/Nov/2022:21:31:09 -0800] "GET /index.php/camp-fire/42786234.html HTTP/1.1" 500 - "-" "Mozilla/5.0 (compatible; SemrushBot/7~bl; +http://www.semrush.com/bot.html)" "mantech8.com"
185.191.171.22 - - [14/Nov/2022:21:31:25 -0800] "GET /index.php/camp-fire/29936397.html HTTP/1.1" 500 - "-" "Mozilla/5.0 (compatible; SemrushBot/7~bl; +http://www.semrush.com/bot.html)" "mantech8.com"
185.191.171.39 - - [14/Nov/2022:21:31:43 -0800] "GET /index.php/camp-fire/33763208.html HTTP/1.1" 500 - "-" "Mozilla/5.0 (compatible; SemrushBot/7~bl; +http://www.semrush.com/bot.html)" "mantech8.com"
45.130.125.128 - - [14/Nov/2022:21:32:47 -0800] "GET / HTTP/1.1" 500 - "mantech8.com" "Mozilla/5.0 (compatible; MSIE 10.0; Windows NT 6.2; Trident/6.0; MASMJS)" "mantech8.com"
154.92.121.194 - - [14/Nov/2022:21:32:48 -0800] "GET / HTTP/1.1" 500 - "mantech8.com" "Mozilla/5.0 (Windows NT 6.1; Win64; x64; rv:38.9) Gecko/20100101 Goanna/2.0 Firefox/38.9 PaleMoon/26.0.3" "mantech8.com"
84.21.190.128 - - [14/Nov/2022:21:32:48 -0800] "GET / HTTP/1.1" 500 - "mantech8.com" "Mozilla/5.0 (Windows NT 10.0; WOW64; rv:44.0) Gecko/20100101 Firefox/44.0" "mantech8.com"
185.191.171.20 - - [14/Nov/2022:21:32:53 -0800] "GET /index.php/camp-fire/22023500.html HTTP/1.1" 500 - "-" "Mozilla/5.0 (compatible; SemrushBot/7~bl; +http://www.semrush.com/bot.html)" "mantech8.com"
185.191.171.39 - - [14/Nov/2022:21:33:48 -0800] "GET /?camp-fire%2F6239255.html HTTP/1.1" 500 - "-" "Mozilla/5.0 (compatible; SemrushBot/7~bl; +http://www.semrush.com/bot.html)" "mantech8.com"
185.191.171.11 - - [14/Nov/2022:21:33:58 -0800] "GET /index.php/camp-fire/38830392.html HTTP/1.1" 500 - "-" "Mozilla/5.0 (compatible; SemrushBot/7~bl; +http://www.semrush.com/bot.html)" "mantech8.com"
114.119.133.158 - - [14/Nov/2022:21:34:04 -0800] "GET /bimages/ework/nwknstkjnx.php HTTP/1.1" 200 32 "http://www.mantech8.com/bimages/ework/?C=D%3BO%3DA" "Mozilla/5.0 (Linux; Android 7.0;) AppleWebKit/537.36 (KHTML, like Gecko) Mobile Safari/537.36 (compatible; PetalBot;+https://webmaster.petalsearch.com/site/petalbot)" "www.mantech8.com"
185.191.171.44 - - [14/Nov/2022:21:34:46 -0800] "GET /?camp-fire%2F43255534.html HTTP/1.1" 500 - "-" "Mozilla/5.0 (compatible; SemrushBot/7~bl; +http://www.semrush.com/bot.html)" "mantech8.com"
185.191.171.10 - - [14/Nov/2022:21:35:36 -0800] "GET /index.php/camp-fire/8362965.html HTTP/1.1" 500 - "-" "Mozilla/5.0 (compatible; SemrushBot/7~bl; +http://www.semrush.com/bot.html)" "mantech8.com"
185.191.171.33 - - [14/Nov/2022:21:35:45 -0800] "GET /index.php/camp-fire/1432253.html HTTP/1.1" 500 - "-" "Mozilla/5.0 (compatible; SemrushBot/7~bl; +http://www.semrush.com/bot.html)" "mantech8.com"
185.191.171.14 - - [14/Nov/2022:21:36:29 -0800] "GET /?camp-fire%2F1745298.html HTTP/1.1" 500 - "-" "Mozilla/5.0 (compatible; SemrushBot/7~bl; +http://www.semrush.com/bot.html)" "mantech8.com"
185.191.171.1 - - [14/Nov/2022:21:36:32 -0800] "GET /index.php/camp-fire/12364680.html HTTP/1.1" 500 - "-" "Mozilla/5.0 (compatible; SemrushBot/7~bl; +http://www.semrush.com/bot.html)" "mantech8.com"
185.191.171.26 - - [14/Nov/2022:21:36:56 -0800] "GET /index.php?camp-fire%2F488569.html HTTP/1.1" 500 - "-" "Mozilla/5.0 (compatible; SemrushBot/7~bl; +http://www.semrush.com/bot.html)" "mantech8.com"
185.191.171.4 - - [14/Nov/2022:21:36:58 -0800] "GET /?camp-fire%2F2223529.html HTTP/1.1" 500 - "-" "Mozilla/5.0 (compatible; SemrushBot/7~bl; +http://www.semrush.com/bot.html)" "mantech8.com"
185.191.171.4 - - [14/Nov/2022:21:37:27 -0800] "GET /index.php/camp-fire/19001709.html HTTP/1.1" 500 - "-" "Mozilla/5.0 (compatible; SemrushBot/7~bl; +http://www.semrush.com/bot.html)" "mantech8.com"
185.191.171.21 - - [14/Nov/2022:21:38:23 -0800] "GET /?camp-fire%2F49292025.html HTTP/1.1" 500 - "-" "Mozilla/5.0 (compatible; SemrushBot/7~bl; +http://www.semrush.com/bot.html)" "mantech8.com"
185.191.171.33 - - [14/Nov/2022:21:39:19 -0800] "GET /index.php?camp-fire%2F332898.html HTTP/1.1" 500 - "-" "Mozilla/5.0 (compatible; SemrushBot/7~bl; +http://www.semrush.com/bot.html)" "mantech8.com"
40.77.167.42 - - [14/Nov/2022:21:39:52 -0800] "GET /index.php/s0KV-a9227abeda-ozsVC.Ii HTTP/1.1" 200 64640 "-" "Mozilla/5.0 AppleWebKit/537.36 (KHTML, like Gecko; compatible; bingbot/2.0; +http://www.bing.com/bingbot.htm) Chrome/103.0.5060.134 Safari/537.36" "www.mantech8.com"
185.191.171.19 - - [14/Nov/2022:21:40:28 -0800] "GET /index.php/camp-fire/3673478.html HTTP/1.1" 500 - "-" "Mozilla/5.0 (compatible; SemrushBot/7~bl; +http://www.semrush.com/bot.html)" "mantech8.com"
185.191.171.10 - - [14/Nov/2022:21:40:50 -0800] "GET /index.php/camp-fire/2381672.html HTTP/1.1" 500 - "-" "Mozilla/5.0 (compatible; SemrushBot/7~bl; +http://www.semrush.com/bot.html)" "mantech8.com"
185.191.171.26 - - [14/Nov/2022:21:40:52 -0800] "GET /?camp-fire%2F7279580.html HTTP/1.1" 500 - "-" "Mozilla/5.0 (compatible; SemrushBot/7~bl; +http://www.semrush.com/bot.html)" "mantech8.com"
185.191.171.42 - - [14/Nov/2022:21:40:59 -0800] "GET /index.php/camp-fire/24656530.html HTTP/1.1" 500 - "-" "Mozilla/5.0 (compatible; SemrushBot/7~bl; +http://www.semrush.com/bot.html)" "mantech8.com"
185.191.171.24 - - [14/Nov/2022:21:41:08 -0800] "GET /?camp-fire%2F50150763.html HTTP/1.1" 500 - "-" "Mozilla/5.0 (compatible; SemrushBot/7~bl; +http://www.semrush.com/bot.html)" "mantech8.com"
185.191.171.4 - - [14/Nov/2022:21:42:04 -0800] "GET /index.php/camp-fire/11468265.html HTTP/1.1" 500 - "-" "Mozilla/5.0 (compatible; SemrushBot/7~bl; +http://www.semrush.com/bot.html)" "mantech8.com"
185.191.171.45 - - [14/Nov/2022:21:42:21 -0800] "GET /?camp-fire%2F42952834.html HTTP/1.1" 500 - "-" "Mozilla/5.0 (compatible; SemrushBot/7~bl; +http://www.semrush.com/bot.html)" "mantech8.com"
185.191.171.38 - - [14/Nov/2022:21:43:02 -0800] "GET /index.php/camp-fire/9996783.html HTTP/1.1" 500 - "-" "Mozilla/5.0 (compatible; SemrushBot/7~bl; +http://www.semrush.com/bot.html)" "mantech8.com"
185.191.171.18 - - [14/Nov/2022:21:44:37 -0800] "GET /index.php/camp-fire/7615008.html HTTP/1.1" 500 - "-" "Mozilla/5.0 (compatible; SemrushBot/7~bl; +http://www.semrush.com/bot.html)" "mantech8.com"
185.191.171.24 - - [14/Nov/2022:21:45:07 -0800] "GET /index.php/camp-fire/29009433.html HTTP/1.1" 500 - "-" "Mozilla/5.0 (compatible; SemrushBot/7~bl; +http://www.semrush.com/bot.html)" "mantech8.com"
185.191.171.20 - - [14/Nov/2022:21:45:14 -0800] "GET /?camp-fire%2F3326800.html HTTP/1.1" 500 - "-" "Mozilla/5.0 (compatible; SemrushBot/7~bl; +http://www.semrush.com/bot.html)" "mantech8.com"
185.191.171.40 - - [14/Nov/2022:21:45:56 -0800] "GET /index.php/camp-fire/26783521.html HTTP/1.1" 500 - "-" "Mozilla/5.0 (compatible; SemrushBot/7~bl; +http://www.semrush.com/bot.html)" "mantech8.com"
185.191.171.3 - - [14/Nov/2022:21:45:57 -0800] "GET /index.php/camp-fire/15468883.html HTTP/1.1" 500 - "-" "Mozilla/5.0 (compatible; SemrushBot/7~bl; +http://www.semrush.com/bot.html)" "mantech8.com"
185.191.171.21 - - [14/Nov/2022:21:46:00 -0800] "GET /index.php/camp-fire/11500909.html HTTP/1.1" 500 - "-" "Mozilla/5.0 (compatible; SemrushBot/7~bl; +http://www.semrush.com/bot.html)" "mantech8.com"
185.191.171.23 - - [14/Nov/2022:21:46:01 -0800] "GET /?camp-fire%2F48497150.html HTTP/1.1" 500 - "-" "Mozilla/5.0 (compatible; SemrushBot/7~bl; +http://www.semrush.com/bot.html)" "mantech8.com"
185.191.171.25 - - [14/Nov/2022:21:46:40 -0800] "GET /?camp-fire%2F9581996.html HTTP/1.1" 500 - "-" "Mozilla/5.0 (compatible; SemrushBot/7~bl; +http://www.semrush.com/bot.html)" "mantech8.com"
185.191.171.45 - - [14/Nov/2022:21:46:44 -0800] "GET /index.php/camp-fire/41145735.html HTTP/1.1" 500 - "-" "Mozilla/5.0 (compatible; SemrushBot/7~bl; +http://www.semrush.com/bot.html)" "mantech8.com"
114.119.133.190 - - [14/Nov/2022:21:46:48 -0800] "GET /index.php?inflorescences.xml HTTP/1.1" 200 289468 "-" "Mozilla/5.0 (compatible;PetalBot;+https://webmaster.petalsearch.com/site/petalbot)" "mantech8.com"
185.191.171.11 - - [14/Nov/2022:21:46:55 -0800] "GET /?camp-fire%2F44790876.html HTTP/1.1" 500 - "-" "Mozilla/5.0 (compatible; SemrushBot/7~bl; +http://www.semrush.com/bot.html)" "mantech8.com"
185.191.171.35 - - [14/Nov/2022:21:47:15 -0800] "GET /?camp-fire%2F1427990.html HTTP/1.1" 500 - "-" "Mozilla/5.0 (compatible; SemrushBot/7~bl; +http://www.semrush.com/bot.html)" "mantech8.com"
185.191.171.45 - - [14/Nov/2022:21:47:23 -0800] "GET /index.php/camp-fire/24271550.html HTTP/1.1" 500 - "-" "Mozilla/5.0 (compatible; SemrushBot/7~bl; +http://www.semrush.com/bot.html)" "mantech8.com"
185.191.171.23 - - [14/Nov/2022:21:47:57 -0800] "GET /index.php?camp-fire%2F285298.html HTTP/1.1" 500 - "-" "Mozilla/5.0 (compatible; SemrushBot/7~bl; +http://www.semrush.com/bot.html)" "mantech8.com"
185.191.171.5 - - [14/Nov/2022:21:48:09 -0800] "GET /robots.txt HTTP/1.1" 200 106 "-" "Mozilla/5.0 (compatible; SemrushBot/7~bl; +http://www.semrush.com/bot.html)" "mantech8.com"
185.191.171.15 - - [14/Nov/2022:21:48:09 -0800] "GET /index.php/camp-fire/35208187.html HTTP/1.1" 500 - "-" "Mozilla/5.0 (compatible; SemrushBot/7~bl; +http://www.semrush.com/bot.html)" "mantech8.com"
185.191.171.7 - - [14/Nov/2022:21:48:38 -0800] "GET /index.php?camp-fire%2F510169.html HTTP/1.1" 500 - "-" "Mozilla/5.0 (compatible; SemrushBot/7~bl; +http://www.semrush.com/bot.html)" "mantech8.com"
157.55.39.177 - - [14/Nov/2022:21:50:19 -0800] "GET /index.php?camp-fire/51102286.html HTTP/1.1" 200 75099 "-" "Mozilla/5.0 AppleWebKit/537.36 (KHTML, like Gecko; compatible; bingbot/2.0; +http://www.bing.com/bingbot.htm) Chrome/103.0.5060.134 Safari/537.36" "www.mantech8.com"
185.191.171.22 - - [14/Nov/2022:21:50:36 -0800] "GET /?camp-fire%2F4782285.html HTTP/1.1" 500 - "-" "Mozilla/5.0 (compatible; SemrushBot/7~bl; +http://www.semrush.com/bot.html)" "mantech8.com"
185.191.171.39 - - [14/Nov/2022:21:50:39 -0800] "GET /index.php/camp-fire/26637447.html HTTP/1.1" 500 - "-" "Mozilla/5.0 (compatible; SemrushBot/7~bl; +http://www.semrush.com/bot.html)" "mantech8.com"
185.191.171.25 - - [14/Nov/2022:21:50:40 -0800] "GET /index.php/camp-fire/32216341.html HTTP/1.1" 500 - "-" "Mozilla/5.0 (compatible; SemrushBot/7~bl; +http://www.semrush.com/bot.html)" "mantech8.com"
185.191.171.24 - - [14/Nov/2022:21:50:42 -0800] "GET /?camp-fire%2F8372542.html HTTP/1.1" 500 - "-" "Mozilla/5.0 (compatible; SemrushBot/7~bl; +http://www.semrush.com/bot.html)" "mantech8.com"
185.191.171.22 - - [14/Nov/2022:21:49:46 -0800] "GET /?camp-fire%2F4782285.html HTTP/1.1" 500 - "-" "Mozilla/5.0 (compatible; SemrushBot/7~bl; +http://www.semrush.com/bot.html)" "mantech8.com"
185.191.171.42 - - [14/Nov/2022:21:51:08 -0800] "GET /?camp-fire%2F43315765.html HTTP/1.1" 500 - "-" "Mozilla/5.0 (compatible; SemrushBot/7~bl; +http://www.semrush.com/bot.html)" "mantech8.com"
185.191.171.45 - - [14/Nov/2022:21:51:59 -0800] "GET /?camp-fire%2F4204498.html HTTP/1.1" 500 - "-" "Mozilla/5.0 (compatible; SemrushBot/7~bl; +http://www.semrush.com/bot.html)" "mantech8.com"
185.191.171.26 - - [14/Nov/2022:21:52:02 -0800] "GET /?camp-fire%2F4018474.html HTTP/1.1" 500 - "-" "Mozilla/5.0 (compatible; SemrushBot/7~bl; +http://www.semrush.com/bot.html)" "mantech8.com"
185.191.171.43 - - [14/Nov/2022:21:53:08 -0800] "GET /index.php/camp-fire/25324606.html HTTP/1.1" 500 - "-" "Mozilla/5.0 (compatible; SemrushBot/7~bl; +http://www.semrush.com/bot.html)" "mantech8.com"
185.191.171.12 - - [14/Nov/2022:21:53:10 -0800] "GET /index.php/camp-fire/35726038.html HTTP/1.1" 500 - "-" "Mozilla/5.0 (compatible; SemrushBot/7~bl; +http://www.semrush.com/bot.html)" "mantech8.com"
128.106.187.15 - - [14/Nov/2022:21:53:58 -0800] "GET / HTTP/1.1" 500 - "-" "Mozilla/5.0 (Windows NT 10.0; Win64; x64) AppleWebKit/537.36 (KHTML, like Gecko) Chrome/55.0.2883.87 Safari/537.36 Hancom Mail/8.2.1509.0" "www.mantech8.com"
128.106.187.15 - - [14/Nov/2022:21:53:58 -0800] "GET /favicon.ico HTTP/1.1" 404 73 "-" "Mozilla/5.0 (Windows NT 10.0; Win64; x64) AppleWebKit/537.36 (KHTML, like Gecko) Chrome/55.0.2883.87 Safari/537.36 Hancom Mail/8.2.1509.0" "www.mantech8.com"
128.106.187.15 - - [14/Nov/2022:21:53:58 -0800] "GET /apple-touch-icon.png HTTP/1.1" 404 73 "-" "Mozilla/5.0 (Windows NT 10.0; Win64; x64) AppleWebKit/537.36 (KHTML, like Gecko) Chrome/55.0.2883.87 Safari/537.36 Hancom Mail/8.2.1509.0" "www.mantech8.com"
128.106.187.15 - - [14/Nov/2022:21:53:58 -0800] "GET /apple-touch-icon-precomposed.png HTTP/1.1" 404 73 "-" "Mozilla/5.0 (Windows NT 10.0; Win64; x64) AppleWebKit/537.36 (KHTML, like Gecko) Chrome/55.0.2883.87 Safari/537.36 Hancom Mail/8.2.1509.0" "www.mantech8.com"
128.106.187.15 - - [14/Nov/2022:21:53:59 -0800] "GET /apple-touch-icon.png HTTP/1.1" 404 73 "-" "Mozilla/5.0 (Windows NT 10.0; Win64; x64) AppleWebKit/537.36 (KHTML, like Gecko) Chrome/55.0.2883.87 Safari/537.36 Hancom Mail/8.2.1509.0" "mantech8.com"
128.106.187.15 - - [14/Nov/2022:21:53:59 -0800] "GET /apple-touch-icon-precomposed.png HTTP/1.1" 404 73 "-" "Mozilla/5.0 (Windows NT 10.0; Win64; x64) AppleWebKit/537.36 (KHTML, like Gecko) Chrome/55.0.2883.87 Safari/537.36 Hancom Mail/8.2.1509.0" "mantech8.com"
128.106.187.15 - - [14/Nov/2022:21:53:58 -0800] "GET / HTTP/1.1" 500 - "-" "Mozilla/5.0 (Windows NT 10.0; Win64; x64) AppleWebKit/537.36 (KHTML, like Gecko) Chrome/55.0.2883.87 Safari/537.36 Hancom Mail/8.2.1509.0" "mantech8.com"
185.191.171.1 - - [14/Nov/2022:21:54:06 -0800] "GET /?camp-fire%2F4854396.html HTTP/1.1" 500 - "-" "Mozilla/5.0 (compatible; SemrushBot/7~bl; +http://www.semrush.com/bot.html)" "mantech8.com"
185.191.171.5 - - [14/Nov/2022:21:54:13 -0800] "GET /index.php/camp-fire/33975708.html HTTP/1.1" 500 - "-" "Mozilla/5.0 (compatible; SemrushBot/7~bl; +http://www.semrush.com/bot.html)" "mantech8.com"
114.119.133.158 - - [14/Nov/2022:21:54:18 -0800] "GET /index.php?ambrilidine.xml HTTP/1.1" 200 289343 "-" "Mozilla/5.0 (compatible;PetalBot;+https://webmaster.petalsearch.com/site/petalbot)" "mantech8.com"
185.191.171.9 - - [14/Nov/2022:21:54:22 -0800] "GET /index.php?camp-fire%2F529769.html HTTP/1.1" 500 - "-" "Mozilla/5.0 (compatible; SemrushBot/7~bl; +http://www.semrush.com/bot.html)" "mantech8.com"
185.191.171.45 - - [14/Nov/2022:21:54:50 -0800] "GET /index.php?camp-fire%2F475069.html HTTP/1.1" 500 - "-" "Mozilla/5.0 (compatible; SemrushBot/7~bl; +http://www.semrush.com/bot.html)" "mantech8.com"
66.249.64.238 - - [14/Nov/2022:21:55:01 -0800] "GET /ads.txt HTTP/1.1" 404 88 "-" "Mozilla/5.0 (compatible; Googlebot/2.1; +http://www.google.com/bot.html)" "www.mantech8.com"
185.191.171.3 - - [14/Nov/2022:21:55:27 -0800] "GET /index.php/camp-fire/1396690.html HTTP/1.1" 500 - "-" "Mozilla/5.0 (compatible; SemrushBot/7~bl; +http://www.semrush.com/bot.html)" "mantech8.com"
185.191.171.3 - - [14/Nov/2022:21:55:46 -0800] "GET /index.php/camp-fire/13921359.html HTTP/1.1" 500 - "-" "Mozilla/5.0 (compatible; SemrushBot/7~bl; +http://www.semrush.com/bot.html)" "mantech8.com"
185.191.171.4 - - [14/Nov/2022:21:56:03 -0800] "GET /index.php/camp-fire/21637517.html HTTP/1.1" 500 - "-" "Mozilla/5.0 (compatible; SemrushBot/7~bl; +http://www.semrush.com/bot.html)" "mantech8.com"
216.244.66.241 - - [14/Nov/2022:21:56:09 -0800] "GET /robots.txt HTTP/1.1" 200 222 "-" "Mozilla/5.0 (compatible; DotBot/1.2; +https://opensiteexplorer.org/dotbot; help@moz.com)" "mantech8.com"
216.244.66.241 - - [14/Nov/2022:21:56:09 -0800] "GET /robots.txt HTTP/1.1" 200 222 "-" "Mozilla/5.0 (compatible; DotBot/1.2; +https://opensiteexplorer.org/dotbot; help@moz.com)" "www.mantech8.com"
185.191.171.1 - - [14/Nov/2022:21:56:10 -0800] "GET /index.php/camp-fire/19189365.html HTTP/1.1" 500 - "-" "Mozilla/5.0 (compatible; SemrushBot/7~bl; +http://www.semrush.com/bot.html)" "mantech8.com"
185.191.171.37 - - [14/Nov/2022:21:57:31 -0800] "GET /?camp-fire%2F3276851.html HTTP/1.1" 500 - "-" "Mozilla/5.0 (compatible; SemrushBot/7~bl; +http://www.semrush.com/bot.html)" "mantech8.com"
185.191.171.23 - - [14/Nov/2022:21:57:41 -0800] "GET /index.php/camp-fire/1257029.html HTTP/1.1" 500 - "-" "Mozilla/5.0 (compatible; SemrushBot/7~bl; +http://www.semrush.com/bot.html)" "mantech8.com"
185.191.171.18 - - [14/Nov/2022:21:58:41 -0800] "GET /index.php/camp-fire/15529272.html HTTP/1.1" 500 - "-" "Mozilla/5.0 (compatible; SemrushBot/7~bl; +http://www.semrush.com/bot.html)" "mantech8.com"
114.119.133.166 - - [14/Nov/2022:21:59:23 -0800] "GET /index.php/sitemap44.xml HTTP/1.1" 200 289301 "-" "Mozilla/5.0 (Linux; Android 7.0;) AppleWebKit/537.36 (KHTML, like Gecko) Mobile Safari/537.36 (compatible; PetalBot;+https://webmaster.petalsearch.com/site/petalbot)" "mantech8.com"
185.191.171.1 - - [14/Nov/2022:21:59:38 -0800] "GET /index.php/camp-fire/11908376.html HTTP/1.1" 500 - "-" "Mozilla/5.0 (compatible; SemrushBot/7~bl; +http://www.semrush.com/bot.html)" "mantech8.com"
185.191.171.9 - - [14/Nov/2022:21:59:42 -0800] "GET /?camp-fire%2F7286580.html HTTP/1.1" 500 - "-" "Mozilla/5.0 (compatible; SemrushBot/7~bl; +http://www.semrush.com/bot.html)" "mantech8.com"
185.191.171.35 - - [14/Nov/2022:21:59:50 -0800] "GET /index.php?camp-fire%2F474298.html HTTP/1.1" 500 - "-" "Mozilla/5.0 (compatible; SemrushBot/7~bl; +http://www.semrush.com/bot.html)" "mantech8.com"
185.191.171.16 - - [14/Nov/2022:21:59:58 -0800] "GET /?camp-fire%2F9590078.html HTTP/1.1" 500 - "-" "Mozilla/5.0 (compatible; SemrushBot/7~bl; +http://www.semrush.com/bot.html)" "mantech8.com"
185.191.171.1 - - [14/Nov/2022:22:00:39 -0800] "GET /?camp-fire%2F43532449.html HTTP/1.1" 500 - "-" "Mozilla/5.0 (compatible; SemrushBot/7~bl; +http://www.semrush.com/bot.html)" "mantech8.com"
185.191.171.37 - - [14/Nov/2022:22:01:22 -0800] "GET /index.php/camp-fire/52635934.html HTTP/1.1" 500 - "-" "Mozilla/5.0 (compatible; SemrushBot/7~bl; +http://www.semrush.com/bot.html)" "mantech8.com"
185.191.171.45 - - [14/Nov/2022:22:02:02 -0800] "GET /?camp-fire%2F4765555.html HTTP/1.1" 500 - "-" "Mozilla/5.0 (compatible; SemrushBot/7~bl; +http://www.semrush.com/bot.html)" "mantech8.com"
185.191.171.15 - - [14/Nov/2022:22:02:10 -0800] "GET /index.php/camp-fire/116716634.html HTTP/1.1" 500 - "-" "Mozilla/5.0 (compatible; SemrushBot/7~bl; +http://www.semrush.com/bot.html)" "mantech8.com"
185.191.171.24 - - [14/Nov/2022:22:02:33 -0800] "GET /?camp-fire%2F7895442.html HTTP/1.1" 500 - "-" "Mozilla/5.0 (compatible; SemrushBot/7~bl; +http://www.semrush.com/bot.html)" "mantech8.com"
185.191.171.1 - - [14/Nov/2022:22:03:07 -0800] "GET /?camp-fire%2F1386953.html HTTP/1.1" 500 - "-" "Mozilla/5.0 (compatible; SemrushBot/7~bl; +http://www.semrush.com/bot.html)" "mantech8.com"
185.191.171.41 - - [14/Nov/2022:22:03:20 -0800] "GET /?camp-fire%2F3308100.html HTTP/1.1" 500 - "-" "Mozilla/5.0 (compatible; SemrushBot/7~bl; +http://www.semrush.com/bot.html)" "mantech8.com"
185.191.171.12 - - [14/Nov/2022:22:03:25 -0800] "GET /?camp-fire%2F1511390.html HTTP/1.1" 500 - "-" "Mozilla/5.0 (compatible; SemrushBot/7~bl; +http://www.semrush.com/bot.html)" "mantech8.com"
185.191.171.45 - - [14/Nov/2022:22:03:47 -0800] "GET /?camp-fire%2F42291682.html HTTP/1.1" 500 - "-" "Mozilla/5.0 (compatible; SemrushBot/7~bl; +http://www.semrush.com/bot.html)" "mantech8.com"
114.119.133.190 - - [14/Nov/2022:22:04:28 -0800] "GET /bimages/client/black2llleaf.php HTTP/1.1" 500 - "http://www.mantech8.com/bimages/client/?C=M%3BO%3DA" "Mozilla/5.0 (Linux; Android 7.0;) AppleWebKit/537.36 (KHTML, like Gecko) Mobile Safari/537.36 (compatible; PetalBot;+https://webmaster.petalsearch.com/site/petalbot)" "www.mantech8.com"
185.191.171.8 - - [14/Nov/2022:22:04:41 -0800] "GET /?camp-fire%2F43651378.html HTTP/1.1" 500 - "-" "Mozilla/5.0 (compatible; SemrushBot/7~bl; +http://www.semrush.com/bot.html)" "mantech8.com"
185.191.171.2 - - [14/Nov/2022:22:05:08 -0800] "GET /index.php/camp-fire/26165482.html HTTP/1.1" 500 - "-" "Mozilla/5.0 (compatible; SemrushBot/7~bl; +http://www.semrush.com/bot.html)" "mantech8.com"
40.77.167.24 - - [14/Nov/2022:22:05:51 -0800] "GET /F2si-aea88bbc-Divam.Ii HTTP/1.1" 404 88 "-" "Mozilla/5.0 (compatible; bingbot/2.0; +http://www.bing.com/bingbot.htm)" "www.mantech8.com"
185.191.171.18 - - [14/Nov/2022:22:06:11 -0800] "GET /index.php/camp-fire/35729850.html HTTP/1.1" 500 - "-" "Mozilla/5.0 (compatible; SemrushBot/7~bl; +http://www.semrush.com/bot.html)" "mantech8.com"
185.191.171.41 - - [14/Nov/2022:22:06:51 -0800] "GET /index.php/camp-fire/33792108.html HTTP/1.1" 500 - "-" "Mozilla/5.0 (compatible; SemrushBot/7~bl; +http://www.semrush.com/bot.html)" "mantech8.com"
185.191.171.8 - - [14/Nov/2022:22:07:25 -0800] "GET /?camp-fire%2F44667534.html HTTP/1.1" 500 - "-" "Mozilla/5.0 (compatible; SemrushBot/7~bl; +http://www.semrush.com/bot.html)" "mantech8.com"
185.191.171.43 - - [14/Nov/2022:22:07:29 -0800] "GET /?camp-fire%2F4806555.html HTTP/1.1" 500 - "-" "Mozilla/5.0 (compatible; SemrushBot/7~bl; +http://www.semrush.com/bot.html)" "mantech8.com"
185.191.171.10 - - [14/Nov/2022:22:08:25 -0800] "GET /index.php?camp-fire%2F506369.html HTTP/1.1" 500 - "-" "Mozilla/5.0 (compatible; SemrushBot/7~bl; +http://www.semrush.com/bot.html)" "mantech8.com"
185.191.171.10 - - [14/Nov/2022:22:08:27 -0800] "GET /index.php/camp-fire/33799816.html HTTP/1.1" 500 - "-" "Mozilla/5.0 (compatible; SemrushBot/7~bl; +http://www.semrush.com/bot.html)" "mantech8.com"
185.191.171.6 - - [14/Nov/2022:22:08:30 -0800] "GET /?camp-fire%2F8867321.html HTTP/1.1" 500 - "-" "Mozilla/5.0 (compatible; SemrushBot/7~bl; +http://www.semrush.com/bot.html)" "mantech8.com"
185.191.171.33 - - [14/Nov/2022:22:08:42 -0800] "GET /index.php/camp-fire/16569965.html HTTP/1.1" 500 - "-" "Mozilla/5.0 (compatible; SemrushBot/7~bl; +http://www.semrush.com/bot.html)" "mantech8.com"
185.191.171.38 - - [14/Nov/2022:22:09:26 -0800] "GET /?camp-fire%2F51312278.html HTTP/1.1" 500 - "-" "Mozilla/5.0 (compatible; SemrushBot/7~bl; +http://www.semrush.com/bot.html)" "mantech8.com"
114.119.133.165 - - [14/Nov/2022:22:09:33 -0800] "GET /bimages/hydrog/thump/qfbixycmeb.php HTTP/1.1" 200 32 "http://mantech8.com/bimages/hydrog/thump/?C=S%3BO%3DA" "Mozilla/5.0 (Linux; Android 7.0;) AppleWebKit/537.36 (KHTML, like Gecko) Mobile Safari/537.36 (compatible; PetalBot;+https://webmaster.petalsearch.com/site/petalbot)" "mantech8.com"
185.191.171.43 - - [14/Nov/2022:22:09:51 -0800] "GET /index.php/camp-fire/14886687.html HTTP/1.1" 500 - "-" "Mozilla/5.0 (compatible; SemrushBot/7~bl; +http://www.semrush.com/bot.html)" "mantech8.com"
185.191.171.18 - - [14/Nov/2022:22:10:47 -0800] "GET /?camp-fire%2F6070596.html HTTP/1.1" 500 - "-" "Mozilla/5.0 (compatible; SemrushBot/7~bl; +http://www.semrush.com/bot.html)" "mantech8.com"
185.191.171.44 - - [14/Nov/2022:22:10:49 -0800] "GET /?camp-fire%2F1199972.html HTTP/1.1" 500 - "-" "Mozilla/5.0 (compatible; SemrushBot/7~bl; +http://www.semrush.com/bot.html)" "mantech8.com"
185.191.171.33 - - [14/Nov/2022:22:12:03 -0800] "GET /?camp-fire%2F8406169.html HTTP/1.1" 500 - "-" "Mozilla/5.0 (compatible; SemrushBot/7~bl; +http://www.semrush.com/bot.html)" "mantech8.com"
185.191.171.25 - - [14/Nov/2022:22:12:47 -0800] "GET /index.php/camp-fire/39042617.html HTTP/1.1" 500 - "-" "Mozilla/5.0 (compatible; SemrushBot/7~bl; +http://www.semrush.com/bot.html)" "mantech8.com"
185.191.171.5 - - [14/Nov/2022:22:13:21 -0800] "GET /?camp-fire%2F8526121.html HTTP/1.1" 500 - "-" "Mozilla/5.0 (compatible; SemrushBot/7~bl; +http://www.semrush.com/bot.html)" "mantech8.com"
185.191.171.2 - - [14/Nov/2022:22:13:57 -0800] "GET /index.php/camp-fire/8601480.html HTTP/1.1" 500 - "-" "Mozilla/5.0 (compatible; SemrushBot/7~bl; +http://www.semrush.com/bot.html)" "mantech8.com"
185.191.171.38 - - [14/Nov/2022:22:14:14 -0800] "GET /?camp-fire%2F8368678.html HTTP/1.1" 500 - "-" "Mozilla/5.0 (compatible; SemrushBot/7~bl; +http://www.semrush.com/bot.html)" "mantech8.com"
185.191.171.22 - - [14/Nov/2022:22:14:16 -0800] "GET /?camp-fire%2F4771255.html HTTP/1.1" 500 - "-" "Mozilla/5.0 (compatible; SemrushBot/7~bl; +http://www.semrush.com/bot.html)" "mantech8.com"
185.191.171.13 - - [14/Nov/2022:22:14:18 -0800] "GET /index.php/camp-fire/32386941.html HTTP/1.1" 500 - "-" "Mozilla/5.0 (compatible; SemrushBot/7~bl; +http://www.semrush.com/bot.html)" "mantech8.com"
185.191.171.14 - - [14/Nov/2022:22:14:34 -0800] "GET /?camp-fire%2F9801883.html HTTP/1.1" 500 - "-" "Mozilla/5.0 (compatible; SemrushBot/7~bl; +http://www.semrush.com/bot.html)" "mantech8.com"
114.119.133.190 - - [14/Nov/2022:22:14:36 -0800] "GET /?athermallize.xml HTTP/1.1" 200 270591 "-" "Mozilla/5.0 (compatible;PetalBot;+https://webmaster.petalsearch.com/site/petalbot)" "mantech8.com"
185.191.171.5 - - [14/Nov/2022:22:14:39 -0800] "GET /index.php/camp-fire/13932359.html HTTP/1.1" 500 - "-" "Mozilla/5.0 (compatible; SemrushBot/7~bl; +http://www.semrush.com/bot.html)" "mantech8.com"
185.191.171.7 - - [14/Nov/2022:22:14:58 -0800] "GET /?camp-fire%2F8461780.html HTTP/1.1" 500 - "-" "Mozilla/5.0 (compatible; SemrushBot/7~bl; +http://www.semrush.com/bot.html)" "mantech8.com"
185.191.171.12 - - [14/Nov/2022:22:15:30 -0800] "GET /?camp-fire%2F42839303.html HTTP/1.1" 500 - "-" "Mozilla/5.0 (compatible; SemrushBot/7~bl; +http://www.semrush.com/bot.html)" "mantech8.com"
185.191.171.38 - - [14/Nov/2022:22:15:39 -0800] "GET /?camp-fire%2F9246642.html HTTP/1.1" 500 - "-" "Mozilla/5.0 (compatible; SemrushBot/7~bl; +http://www.semrush.com/bot.html)" "mantech8.com"
185.191.171.25 - - [14/Nov/2022:22:15:49 -0800] "GET /?camp-fire%2F45387426.html HTTP/1.1" 500 - "-" "Mozilla/5.0 (compatible; SemrushBot/7~bl; +http://www.semrush.com/bot.html)" "mantech8.com"
185.191.171.35 - - [14/Nov/2022:22:15:57 -0800] "GET /?camp-fire%2F8152478.html HTTP/1.1" 500 - "-" "Mozilla/5.0 (compatible; SemrushBot/7~bl; +http://www.semrush.com/bot.html)" "mantech8.com"
185.191.171.39 - - [14/Nov/2022:22:16:15 -0800] "GET /?camp-fire%2F3643293.html HTTP/1.1" 500 - "-" "Mozilla/5.0 (compatible; SemrushBot/7~bl; +http://www.semrush.com/bot.html)" "mantech8.com"
185.191.171.35 - - [14/Nov/2022:22:18:45 -0800] "GET /?camp-fire%2F52988878.html HTTP/1.1" 500 - "-" "Mozilla/5.0 (compatible; SemrushBot/7~bl; +http://www.semrush.com/bot.html)" "mantech8.com"
185.191.171.10 - - [14/Nov/2022:22:19:15 -0800] "GET /index.php/camp-fire/1228429.html HTTP/1.1" 500 - "-" "Mozilla/5.0 (compatible; SemrushBot/7~bl; +http://www.semrush.com/bot.html)" "mantech8.com"
157.55.39.178 - - [14/Nov/2022:22:19:16 -0800] "GET /index.php/DintV-ab82ebccc-F2si.Ii HTTP/1.1" 200 40934 "-" "Mozilla/5.0 (compatible; bingbot/2.0; +http://www.bing.com/bingbot.htm)" "mantech8.com"
185.191.171.5 - - [14/Nov/2022:22:19:24 -0800] "GET /?camp-fire%2F3538300.html HTTP/1.1" 500 - "-" "Mozilla/5.0 (compatible; SemrushBot/7~bl; +http://www.semrush.com/bot.html)" "mantech8.com"
185.191.171.5 - - [14/Nov/2022:22:19:26 -0800] "GET /index.php/camp-fire/43331303.html HTTP/1.1" 500 - "-" "Mozilla/5.0 (compatible; SemrushBot/7~bl; +http://www.semrush.com/bot.html)" "mantech8.com"
114.119.133.190 - - [14/Nov/2022:22:19:40 -0800] "GET /qiaojis.xml HTTP/1.1" 404 88 "-" "Mozilla/5.0 (compatible;PetalBot;+https://webmaster.petalsearch.com/site/petalbot)" "mantech8.com"
185.191.171.6 - - [14/Nov/2022:22:20:40 -0800] "GET /?camp-fire%2F2404059.html HTTP/1.1" 500 - "-" "Mozilla/5.0 (compatible; SemrushBot/7~bl; +http://www.semrush.com/bot.html)" "mantech8.com"
185.191.171.33 - - [14/Nov/2022:22:21:13 -0800] "GET /index.php/camp-fire/33447493.html HTTP/1.1" 500 - "-" "Mozilla/5.0 (compatible; SemrushBot/7~bl; +http://www.semrush.com/bot.html)" "mantech8.com"
185.191.171.35 - - [14/Nov/2022:22:21:31 -0800] "GET /index.php/camp-fire/11275672.html HTTP/1.1" 500 - "-" "Mozilla/5.0 (compatible; SemrushBot/7~bl; +http://www.semrush.com/bot.html)" "mantech8.com"
185.191.171.33 - - [14/Nov/2022:22:21:34 -0800] "GET /?camp-fire%2F50239365.html HTTP/1.1" 500 - "-" "Mozilla/5.0 (compatible; SemrushBot/7~bl; +http://www.semrush.com/bot.html)" "mantech8.com"
185.191.171.19 - - [14/Nov/2022:22:21:43 -0800] "GET /?camp-fire%2F44786689.html HTTP/1.1" 500 - "-" "Mozilla/5.0 (compatible; SemrushBot/7~bl; +http://www.semrush.com/bot.html)" "mantech8.com"
157.55.39.178 - - [14/Nov/2022:22:21:47 -0800] "GET /camp-fire/19161825.html HTTP/1.1" 404 88 "-" "Mozilla/5.0 (compatible; bingbot/2.0; +http://www.bing.com/bingbot.htm)" "www.mantech8.com"
185.191.171.14 - - [14/Nov/2022:22:21:53 -0800] "GET /?camp-fire%2F51297635.html HTTP/1.1" 500 - "-" "Mozilla/5.0 (compatible; SemrushBot/7~bl; +http://www.semrush.com/bot.html)" "mantech8.com"
185.191.171.5 - - [14/Nov/2022:22:23:21 -0800] "GET /?camp-fire%2F43448255.html HTTP/1.1" 500 - "-" "Mozilla/5.0 (compatible; SemrushBot/7~bl; +http://www.semrush.com/bot.html)" "mantech8.com"
185.191.171.11 - - [14/Nov/2022:22:23:24 -0800] "GET /?camp-fire%2F49714072.html HTTP/1.1" 500 - "-" "Mozilla/5.0 (compatible; SemrushBot/7~bl; +http://www.semrush.com/bot.html)" "mantech8.com"
185.191.171.9 - - [14/Nov/2022:22:23:34 -0800] "GET /index.php/camp-fire/1252929.html HTTP/1.1" 500 - "-" "Mozilla/5.0 (compatible; SemrushBot/7~bl; +http://www.semrush.com/bot.html)" "mantech8.com"
185.191.171.35 - - [14/Nov/2022:22:23:48 -0800] "GET /?camp-fire%2F9775583.html HTTP/1.1" 500 - "-" "Mozilla/5.0 (compatible; SemrushBot/7~bl; +http://www.semrush.com/bot.html)" "mantech8.com"
185.191.171.7 - - [14/Nov/2022:22:24:03 -0800] "GET /?camp-fire%2F8457798.html HTTP/1.1" 500 - "-" "Mozilla/5.0 (compatible; SemrushBot/7~bl; +http://www.semrush.com/bot.html)" "mantech8.com"
185.191.171.1 - - [14/Nov/2022:22:24:33 -0800] "GET /index.php?camp-fire%2F556969.html HTTP/1.1" 500 - "-" "Mozilla/5.0 (compatible; SemrushBot/7~bl; +http://www.semrush.com/bot.html)" "mantech8.com"
114.119.133.165 - - [14/Nov/2022:22:24:44 -0800] "GET /index.php?sitemap204.xml HTTP/1.1" 200 289300 "-" "Mozilla/5.0 (compatible;PetalBot;+https://webmaster.petalsearch.com/site/petalbot)" "mantech8.com"
185.191.171.21 - - [14/Nov/2022:22:25:49 -0800] "GET /?camp-fire%2F1355229.html HTTP/1.1" 500 - "-" "Mozilla/5.0 (compatible; SemrushBot/7~bl; +http://www.semrush.com/bot.html)" "mantech8.com"
185.191.171.19 - - [14/Nov/2022:22:26:02 -0800] "GET /index.php/camp-fire/10394483.html HTTP/1.1" 500 - "-" "Mozilla/5.0 (compatible; SemrushBot/7~bl; +http://www.semrush.com/bot.html)" "mantech8.com"
185.191.171.5 - - [14/Nov/2022:22:26:06 -0800] "GET /index.php/camp-fire/7631421.html HTTP/1.1" 500 - "-" "Mozilla/5.0 (compatible; SemrushBot/7~bl; +http://www.semrush.com/bot.html)" "mantech8.com"
185.191.171.4 - - [14/Nov/2022:22:26:44 -0800] "GET /?camp-fire%2F9751483.html HTTP/1.1" 500 - "-" "Mozilla/5.0 (compatible; SemrushBot/7~bl; +http://www.semrush.com/bot.html)" "mantech8.com"
185.191.171.12 - - [14/Nov/2022:22:26:59 -0800] "GET /?camp-fire%2F7851780.html HTTP/1.1" 500 - "-" "Mozilla/5.0 (compatible; SemrushBot/7~bl; +http://www.semrush.com/bot.html)" "mantech8.com"
185.191.171.13 - - [14/Nov/2022:22:27:26 -0800] "GET /index.php/camp-fire/102052425.html HTTP/1.1" 500 - "-" "Mozilla/5.0 (compatible; SemrushBot/7~bl; +http://www.semrush.com/bot.html)" "mantech8.com"
185.191.171.22 - - [14/Nov/2022:22:27:27 -0800] "GET /index.php?camp-fire%2F261898.html HTTP/1.1" 500 - "-" "Mozilla/5.0 (compatible; SemrushBot/7~bl; +http://www.semrush.com/bot.html)" "mantech8.com"
185.191.171.39 - - [14/Nov/2022:22:28:03 -0800] "GET /index.php/camp-fire/16351242.html HTTP/1.1" 500 - "-" "Mozilla/5.0 (compatible; SemrushBot/7~bl; +http://www.semrush.com/bot.html)" "mantech8.com"
207.46.13.177 - - [14/Nov/2022:22:28:09 -0800] "GET /index.php/UfsZ-3ffc2eca-cBRIh.Ii HTTP/1.1" 200 64212 "-" "Mozilla/5.0 AppleWebKit/537.36 (KHTML, like Gecko; compatible; bingbot/2.0; +http://www.bing.com/bingbot.htm) Chrome/103.0.5060.134 Safari/537.36" "www.mantech8.com"
185.191.171.26 - - [14/Nov/2022:22:29:39 -0800] "GET /?camp-fire%2F3445000.html HTTP/1.1" 500 - "-" "Mozilla/5.0 (compatible; SemrushBot/7~bl; +http://www.semrush.com/bot.html)" "mantech8.com"
185.191.171.4 - - [14/Nov/2022:22:30:06 -0800] "GET /?camp-fire%2F51018055.html HTTP/1.1" 500 - "-" "Mozilla/5.0 (compatible; SemrushBot/7~bl; +http://www.semrush.com/bot.html)" "mantech8.com"
185.191.171.16 - - [14/Nov/2022:22:30:13 -0800] "GET /index.php/camp-fire/43011772.html HTTP/1.1" 500 - "-" "Mozilla/5.0 (compatible; SemrushBot/7~bl; +http://www.semrush.com/bot.html)" "mantech8.com"
114.119.133.166 - - [14/Nov/2022:22:29:50 -0800] "GET /index.php/sitemap661.xml HTTP/1.1" 200 289421 "-" "Mozilla/5.0 (compatible;PetalBot;+https://webmaster.petalsearch.com/site/petalbot)" "mantech8.com"
185.191.171.19 - - [14/Nov/2022:22:30:22 -0800] "GET /index.php/camp-fire/17355165.html HTTP/1.1" 500 - "-" "Mozilla/5.0 (compatible; SemrushBot/7~bl; +http://www.semrush.com/bot.html)" "mantech8.com"
185.191.171.35 - - [14/Nov/2022:22:30:35 -0800] "GET /?camp-fire%2F1526853.html HTTP/1.1" 500 - "-" "Mozilla/5.0 (compatible; SemrushBot/7~bl; +http://www.semrush.com/bot.html)" "mantech8.com"
185.191.171.2 - - [14/Nov/2022:22:30:46 -0800] "GET /index.php?camp-fire%2F562669.html HTTP/1.1" 500 - "-" "Mozilla/5.0 (compatible; SemrushBot/7~bl; +http://www.semrush.com/bot.html)" "mantech8.com"
