185.191.171.39 - - [13/Nov/2022:21:16:41 -0800] "GET /index.php/camp-fire/1372029.html HTTP/1.1" 500 - "-" "Mozilla/5.0 (compatible; SemrushBot/7~bl; +http://www.semrush.com/bot.html)" "mantech8.com"
185.191.171.4 - - [13/Nov/2022:21:16:42 -0800] "GET /?camp-fire%2F4792600.html HTTP/1.1" 500 - "-" "Mozilla/5.0 (compatible; SemrushBot/7~bl; +http://www.semrush.com/bot.html)" "mantech8.com"
185.191.171.13 - - [13/Nov/2022:21:16:44 -0800] "GET /?camp-fire%2F47818081.html HTTP/1.1" 500 - "-" "Mozilla/5.0 (compatible; SemrushBot/7~bl; +http://www.semrush.com/bot.html)" "mantech8.com"
185.191.171.6 - - [13/Nov/2022:21:16:48 -0800] "GET /?camp-fire%2F7206800.html HTTP/1.1" 500 - "-" "Mozilla/5.0 (compatible; SemrushBot/7~bl; +http://www.semrush.com/bot.html)" "mantech8.com"
185.191.171.3 - - [13/Nov/2022:21:17:29 -0800] "GET /?camp-fire%2F6057869.html HTTP/1.1" 500 - "-" "Mozilla/5.0 (compatible; SemrushBot/7~bl; +http://www.semrush.com/bot.html)" "mantech8.com"
66.249.70.178 - - [13/Nov/2022:21:18:03 -0800] "GET /sitemapimages4171.xml HTTP/1.1" 404 88 "-" "Mozilla/5.0 (compatible; Googlebot/2.1; +http://www.google.com/bot.html)" "mantech8.com"
66.249.70.178 - - [13/Nov/2022:21:18:19 -0800] "GET /sitemapmobile3279.xml HTTP/1.1" 404 88 "-" "Mozilla/5.0 (compatible; Googlebot/2.1; +http://www.google.com/bot.html)" "mantech8.com"
185.191.171.2 - - [13/Nov/2022:21:18:30 -0800] "GET /index.php/camp-fire/1289529.html HTTP/1.1" 500 - "-" "Mozilla/5.0 (compatible; SemrushBot/7~bl; +http://www.semrush.com/bot.html)" "mantech8.com"
185.191.171.34 - - [13/Nov/2022:21:18:43 -0800] "GET /?camp-fire%2F8152908.html HTTP/1.1" 500 - "-" "Mozilla/5.0 (compatible; SemrushBot/7~bl; +http://www.semrush.com/bot.html)" "mantech8.com"
66.249.70.176 - - [13/Nov/2022:21:18:56 -0800] "GET /sitemapimages650.xml HTTP/1.1" 404 88 "-" "Mozilla/5.0 (compatible; Googlebot/2.1; +http://www.google.com/bot.html)" "mantech8.com"
167.114.159.183 - - [13/Nov/2022:21:19:17 -0800] "GET /robots.txt HTTP/1.1" 200 222 "-" "Mozilla/5.0 (compatible; MJ12bot/v1.4.8; http://mj12bot.com/)" "mantech8.com"
167.114.159.183 - - [13/Nov/2022:21:19:18 -0800] "GET /bimages/gallery/thump/?C=D;O=D HTTP/1.1" 200 1127 "-" "Mozilla/5.0 (compatible; MJ12bot/v1.4.8; http://mj12bot.com/)" "mantech8.com"
167.114.159.183 - - [13/Nov/2022:21:19:20 -0800] "GET /bimages/gallery/thump/?C=M;O=D HTTP/1.1" 200 1116 "-" "Mozilla/5.0 (compatible; MJ12bot/v1.4.8; http://mj12bot.com/)" "mantech8.com"
167.114.159.183 - - [13/Nov/2022:21:19:21 -0800] "GET /bimages/gallery/thump/?C=N;O=A HTTP/1.1" 200 1142 "-" "Mozilla/5.0 (compatible; MJ12bot/v1.4.8; http://mj12bot.com/)" "mantech8.com"
167.114.159.183 - - [13/Nov/2022:21:19:23 -0800] "GET /bimages/gallery/thump/?C=S;O=D HTTP/1.1" 200 1129 "-" "Mozilla/5.0 (compatible; MJ12bot/v1.4.8; http://mj12bot.com/)" "mantech8.com"
185.191.171.9 - - [13/Nov/2022:21:19:25 -0800] "GET /?camp-fire%2F5067565.html HTTP/1.1" 500 - "-" "Mozilla/5.0 (compatible; SemrushBot/7~bl; +http://www.semrush.com/bot.html)" "mantech8.com"
185.191.171.17 - - [13/Nov/2022:21:19:35 -0800] "GET /?camp-fire%2F8199621.html HTTP/1.1" 500 - "-" "Mozilla/5.0 (compatible; SemrushBot/7~bl; +http://www.semrush.com/bot.html)" "mantech8.com"
185.191.171.6 - - [13/Nov/2022:21:19:47 -0800] "GET /?camp-fire%2F4238765.html HTTP/1.1" 500 - "-" "Mozilla/5.0 (compatible; SemrushBot/7~bl; +http://www.semrush.com/bot.html)" "mantech8.com"
66.249.70.176 - - [13/Nov/2022:21:19:59 -0800] "GET /sitemapnew9960.xml HTTP/1.1" 404 88 "-" "Mozilla/5.0 (compatible; Googlebot/2.1; +http://www.google.com/bot.html)" "mantech8.com"
185.191.171.22 - - [13/Nov/2022:21:20:27 -0800] "GET /?camp-fire%2F8198821.html HTTP/1.1" 500 - "-" "Mozilla/5.0 (compatible; SemrushBot/7~bl; +http://www.semrush.com/bot.html)" "mantech8.com"
185.191.171.42 - - [13/Nov/2022:21:20:31 -0800] "GET /?camp-fire%2F8405569.html HTTP/1.1" 500 - "-" "Mozilla/5.0 (compatible; SemrushBot/7~bl; +http://www.semrush.com/bot.html)" "mantech8.com"
185.191.171.39 - - [13/Nov/2022:21:20:33 -0800] "GET /?camp-fire%2F9040642.html HTTP/1.1" 500 - "-" "Mozilla/5.0 (compatible; SemrushBot/7~bl; +http://www.semrush.com/bot.html)" "mantech8.com"
66.249.70.176 - - [13/Nov/2022:21:20:39 -0800] "GET /sitemapmobile19769.xml HTTP/1.1" 404 88 "-" "Mozilla/5.0 (compatible; Googlebot/2.1; +http://www.google.com/bot.html)" "mantech8.com"
185.191.171.18 - - [13/Nov/2022:21:20:41 -0800] "GET /?camp-fire%2F4254496.html HTTP/1.1" 500 - "-" "Mozilla/5.0 (compatible; SemrushBot/7~bl; +http://www.semrush.com/bot.html)" "mantech8.com"
66.249.70.176 - - [13/Nov/2022:21:20:51 -0800] "GET /sitemapimages18793.xml HTTP/1.1" 404 88 "-" "Mozilla/5.0 (compatible; Googlebot/2.1; +http://www.google.com/bot.html)" "mantech8.com"
40.77.167.25 - - [13/Nov/2022:21:21:27 -0800] "GET /index.php/shopdetail/000000002175/ HTTP/1.1" 200 68806 "-" "Mozilla/5.0 AppleWebKit/537.36 (KHTML, like Gecko; compatible; bingbot/2.0; +http://www.bing.com/bingbot.htm) Chrome/103.0.5060.134 Safari/537.36" "www.mantech8.com"
185.191.171.22 - - [13/Nov/2022:21:22:01 -0800] "GET /?camp-fire%2F1981153.html HTTP/1.1" 500 - "-" "Mozilla/5.0 (compatible; SemrushBot/7~bl; +http://www.semrush.com/bot.html)" "mantech8.com"
185.191.171.12 - - [13/Nov/2022:21:22:05 -0800] "GET /?camp-fire%2F1787951.html HTTP/1.1" 500 - "-" "Mozilla/5.0 (compatible; SemrushBot/7~bl; +http://www.semrush.com/bot.html)" "mantech8.com"
114.119.133.158 - - [13/Nov/2022:21:22:32 -0800] "GET /sitemap885.xml HTTP/1.1" 404 88 "-" "Mozilla/5.0 (compatible;PetalBot;+https://webmaster.petalsearch.com/site/petalbot)" "mantech8.com"
185.191.171.44 - - [13/Nov/2022:21:22:57 -0800] "GET /index.php/camp-fire/14825372.html HTTP/1.1" 500 - "-" "Mozilla/5.0 (compatible; SemrushBot/7~bl; +http://www.semrush.com/bot.html)" "mantech8.com"
185.191.171.7 - - [13/Nov/2022:21:23:08 -0800] "GET /?camp-fire%2F4771955.html HTTP/1.1" 500 - "-" "Mozilla/5.0 (compatible; SemrushBot/7~bl; +http://www.semrush.com/bot.html)" "mantech8.com"
66.249.70.176 - - [13/Nov/2022:21:23:22 -0800] "GET /sitemapimages1260.xml HTTP/1.1" 404 88 "-" "Mozilla/5.0 (compatible; Googlebot/2.1; +http://www.google.com/bot.html)" "mantech8.com"
185.191.171.10 - - [13/Nov/2022:21:23:36 -0800] "GET /?camp-fire%2F3828378.html HTTP/1.1" 500 - "-" "Mozilla/5.0 (compatible; SemrushBot/7~bl; +http://www.semrush.com/bot.html)" "mantech8.com"
185.191.171.8 - - [13/Nov/2022:21:25:28 -0800] "GET /?camp-fire%2F9831583.html HTTP/1.1" 500 - "-" "Mozilla/5.0 (compatible; SemrushBot/7~bl; +http://www.semrush.com/bot.html)" "mantech8.com"
66.249.70.176 - - [13/Nov/2022:21:25:46 -0800] "GET /sitemapimages15599.xml HTTP/1.1" 404 88 "-" "Mozilla/5.0 (compatible; Googlebot/2.1; +http://www.google.com/bot.html)" "mantech8.com"
66.249.64.239 - - [13/Nov/2022:21:25:57 -0800] "GET /ads.txt HTTP/1.1" 404 88 "-" "Mozilla/5.0 (compatible; Googlebot/2.1; +http://www.google.com/bot.html)" "www.mantech8.com"
185.191.171.1 - - [13/Nov/2022:21:25:57 -0800] "GET /?camp-fire%2F5739896.html HTTP/1.1" 500 - "-" "Mozilla/5.0 (compatible; SemrushBot/7~bl; +http://www.semrush.com/bot.html)" "mantech8.com"
66.249.70.176 - - [13/Nov/2022:21:26:52 -0800] "GET /sitemapnew6041.xml HTTP/1.1" 404 88 "-" "Mozilla/5.0 (compatible; Googlebot/2.1; +http://www.google.com/bot.html)" "mantech8.com"
185.191.171.3 - - [13/Nov/2022:21:26:56 -0800] "GET /?camp-fire%2F9318253.html HTTP/1.1" 500 - "-" "Mozilla/5.0 (compatible; SemrushBot/7~bl; +http://www.semrush.com/bot.html)" "mantech8.com"
66.249.70.180 - - [13/Nov/2022:21:27:11 -0800] "GET /sitemapnew20554.xml HTTP/1.1" 404 88 "-" "Mozilla/5.0 (compatible; Googlebot/2.1; +http://www.google.com/bot.html)" "mantech8.com"
185.191.171.10 - - [13/Nov/2022:21:27:14 -0800] "GET /index.php/camp-fire/26546082.html HTTP/1.1" 500 - "-" "Mozilla/5.0 (compatible; SemrushBot/7~bl; +http://www.semrush.com/bot.html)" "mantech8.com"
185.191.171.34 - - [13/Nov/2022:21:27:16 -0800] "GET /?camp-fire%2F8236255.html HTTP/1.1" 500 - "-" "Mozilla/5.0 (compatible; SemrushBot/7~bl; +http://www.semrush.com/bot.html)" "mantech8.com"
185.191.171.9 - - [13/Nov/2022:21:27:37 -0800] "GET /?camp-fire%2F48525203.html HTTP/1.1" 500 - "-" "Mozilla/5.0 (compatible; SemrushBot/7~bl; +http://www.semrush.com/bot.html)" "mantech8.com"
185.191.171.7 - - [13/Nov/2022:21:27:40 -0800] "GET /?camp-fire%2F7118398.html HTTP/1.1" 500 - "-" "Mozilla/5.0 (compatible; SemrushBot/7~bl; +http://www.semrush.com/bot.html)" "mantech8.com"
66.249.70.176 - - [13/Nov/2022:21:28:10 -0800] "GET /sitemapmobile4361.xml HTTP/1.1" 404 88 "-" "Mozilla/5.0 (compatible; Googlebot/2.1; +http://www.google.com/bot.html)" "mantech8.com"
185.191.171.25 - - [13/Nov/2022:21:28:47 -0800] "GET /?camp-fire%2F6225998.html HTTP/1.1" 500 - "-" "Mozilla/5.0 (compatible; SemrushBot/7~bl; +http://www.semrush.com/bot.html)" "mantech8.com"
185.191.171.37 - - [13/Nov/2022:21:29:16 -0800] "GET /?camp-fire%2F2107972.html HTTP/1.1" 500 - "-" "Mozilla/5.0 (compatible; SemrushBot/7~bl; +http://www.semrush.com/bot.html)" "mantech8.com"
185.191.171.11 - - [13/Nov/2022:21:29:47 -0800] "GET /?camp-fire%2F9548790.html HTTP/1.1" 500 - "-" "Mozilla/5.0 (compatible; SemrushBot/7~bl; +http://www.semrush.com/bot.html)" "mantech8.com"
66.249.70.180 - - [13/Nov/2022:21:30:35 -0800] "GET /sitemapmobile9762.xml HTTP/1.1" 404 88 "-" "Mozilla/5.0 (compatible; Googlebot/2.1; +http://www.google.com/bot.html)" "mantech8.com"
66.249.70.178 - - [13/Nov/2022:21:31:04 -0800] "GET /sitemapmobile8587.xml HTTP/1.1" 404 88 "-" "Mozilla/5.0 (compatible; Googlebot/2.1; +http://www.google.com/bot.html)" "mantech8.com"
185.191.171.11 - - [13/Nov/2022:21:31:04 -0800] "GET /?camp-fire%2F4774255.html HTTP/1.1" 500 - "-" "Mozilla/5.0 (compatible; SemrushBot/7~bl; +http://www.semrush.com/bot.html)" "mantech8.com"
185.191.171.16 - - [13/Nov/2022:21:32:14 -0800] "GET /?camp-fire%2F8262878.html HTTP/1.1" 500 - "-" "Mozilla/5.0 (compatible; SemrushBot/7~bl; +http://www.semrush.com/bot.html)" "mantech8.com"
185.191.171.4 - - [13/Nov/2022:21:32:23 -0800] "GET /?camp-fire%2F5331974.html HTTP/1.1" 500 - "-" "Mozilla/5.0 (compatible; SemrushBot/7~bl; +http://www.semrush.com/bot.html)" "mantech8.com"
185.191.171.20 - - [13/Nov/2022:21:32:27 -0800] "GET /?camp-fire%2F7275580.html HTTP/1.1" 500 - "-" "Mozilla/5.0 (compatible; SemrushBot/7~bl; +http://www.semrush.com/bot.html)" "mantech8.com"
66.249.70.178 - - [13/Nov/2022:21:32:32 -0800] "GET /sitemapmobile5355.xml HTTP/1.1" 404 88 "-" "Mozilla/5.0 (compatible; Googlebot/2.1; +http://www.google.com/bot.html)" "mantech8.com"
185.191.171.11 - - [13/Nov/2022:21:32:39 -0800] "GET /robots.txt HTTP/1.1" 200 106 "-" "Mozilla/5.0 (compatible; SemrushBot/7~bl; +http://www.semrush.com/bot.html)" "mantech8.com"
185.191.171.23 - - [13/Nov/2022:21:32:39 -0800] "GET /?camp-fire%2F6780100.html HTTP/1.1" 500 - "-" "Mozilla/5.0 (compatible; SemrushBot/7~bl; +http://www.semrush.com/bot.html)" "mantech8.com"
34.79.230.17 - - [13/Nov/2022:21:32:50 -0800] "GET / HTTP/1.1" 500 - "-" "Mozilla/5.0 (Windows NT 10.0; Win64; x64) AppleWebKit/537.36 (KHTML, like Gecko) Chrome/84.0.4147.105 Safari/537.36" "www.mantech8.com"
185.191.171.40 - - [13/Nov/2022:21:33:07 -0800] "GET /index.php/camp-fire/27328497.html HTTP/1.1" 500 - "-" "Mozilla/5.0 (compatible; SemrushBot/7~bl; +http://www.semrush.com/bot.html)" "mantech8.com"
185.191.171.23 - - [13/Nov/2022:21:33:26 -0800] "GET /?camp-fire%2F7784642.html HTTP/1.1" 500 - "-" "Mozilla/5.0 (compatible; SemrushBot/7~bl; +http://www.semrush.com/bot.html)" "mantech8.com"
185.191.171.23 - - [13/Nov/2022:21:33:27 -0800] "GET /?camp-fire%2F4841855.html HTTP/1.1" 500 - "-" "Mozilla/5.0 (compatible; SemrushBot/7~bl; +http://www.semrush.com/bot.html)" "mantech8.com"
66.249.70.180 - - [13/Nov/2022:21:33:56 -0800] "GET /sitemapimages11496.xml HTTP/1.1" 404 88 "-" "Mozilla/5.0 (compatible; Googlebot/2.1; +http://www.google.com/bot.html)" "mantech8.com"
185.191.171.23 - - [13/Nov/2022:21:34:03 -0800] "GET /?camp-fire%2F9835678.html HTTP/1.1" 500 - "-" "Mozilla/5.0 (compatible; SemrushBot/7~bl; +http://www.semrush.com/bot.html)" "mantech8.com"
185.191.171.18 - - [13/Nov/2022:21:34:06 -0800] "GET /?camp-fire%2F6756977.html HTTP/1.1" 500 - "-" "Mozilla/5.0 (compatible; SemrushBot/7~bl; +http://www.semrush.com/bot.html)" "mantech8.com"
185.191.171.18 - - [13/Nov/2022:21:34:10 -0800] "GET /?camp-fire%2F3853474.html HTTP/1.1" 500 - "-" "Mozilla/5.0 (compatible; SemrushBot/7~bl; +http://www.semrush.com/bot.html)" "mantech8.com"
185.191.171.6 - - [13/Nov/2022:21:35:12 -0800] "GET /index.php/camp-fire/10774459.html HTTP/1.1" 500 - "-" "Mozilla/5.0 (compatible; SemrushBot/7~bl; +http://www.semrush.com/bot.html)" "mantech8.com"
185.191.171.3 - - [13/Nov/2022:21:35:41 -0800] "GET /index.php/camp-fire/11561809.html HTTP/1.1" 500 - "-" "Mozilla/5.0 (compatible; SemrushBot/7~bl; +http://www.semrush.com/bot.html)" "mantech8.com"
185.191.171.1 - - [13/Nov/2022:21:36:39 -0800] "GET /?camp-fire%2F3106278.html HTTP/1.1" 500 - "-" "Mozilla/5.0 (compatible; SemrushBot/7~bl; +http://www.semrush.com/bot.html)" "mantech8.com"
185.191.171.43 - - [13/Nov/2022:21:37:00 -0800] "GET /?camp-fire%2F6969353.html HTTP/1.1" 500 - "-" "Mozilla/5.0 (compatible; SemrushBot/7~bl; +http://www.semrush.com/bot.html)" "mantech8.com"
185.191.171.8 - - [13/Nov/2022:21:37:23 -0800] "GET /?camp-fire%2F1922351.html HTTP/1.1" 500 - "-" "Mozilla/5.0 (compatible; SemrushBot/7~bl; +http://www.semrush.com/bot.html)" "mantech8.com"
185.191.171.22 - - [13/Nov/2022:21:37:28 -0800] "GET /?camp-fire%2F3892574.html HTTP/1.1" 500 - "-" "Mozilla/5.0 (compatible; SemrushBot/7~bl; +http://www.semrush.com/bot.html)" "mantech8.com"
194.110.203.39 - - [13/Nov/2022:21:37:29 -0800] "GET /mantech8.com-database.sql.tar HTTP/1.1" 404 73 "-" "Firefox" "mantech8.com"
185.191.171.15 - - [13/Nov/2022:21:37:35 -0800] "GET /?camp-fire%2F7909042.html HTTP/1.1" 500 - "-" "Mozilla/5.0 (compatible; SemrushBot/7~bl; +http://www.semrush.com/bot.html)" "mantech8.com"
66.249.70.178 - - [13/Nov/2022:21:37:57 -0800] "GET /sitemapmobile12236.xml HTTP/1.1" 404 88 "-" "Mozilla/5.0 (compatible; Googlebot/2.1; +http://www.google.com/bot.html)" "mantech8.com"
185.191.171.3 - - [13/Nov/2022:21:38:56 -0800] "GET /?camp-fire%2F9754883.html HTTP/1.1" 500 - "-" "Mozilla/5.0 (compatible; SemrushBot/7~bl; +http://www.semrush.com/bot.html)" "mantech8.com"
185.191.171.1 - - [13/Nov/2022:21:39:24 -0800] "GET /?camp-fire%2F2321753.html HTTP/1.1" 500 - "-" "Mozilla/5.0 (compatible; SemrushBot/7~bl; +http://www.semrush.com/bot.html)" "mantech8.com"
185.191.171.8 - - [13/Nov/2022:21:39:29 -0800] "GET /index.php?camp-fire%2F562069.html HTTP/1.1" 500 - "-" "Mozilla/5.0 (compatible; SemrushBot/7~bl; +http://www.semrush.com/bot.html)" "mantech8.com"
185.191.171.25 - - [13/Nov/2022:21:39:47 -0800] "GET /?camp-fire%2F1909251.html HTTP/1.1" 500 - "-" "Mozilla/5.0 (compatible; SemrushBot/7~bl; +http://www.semrush.com/bot.html)" "mantech8.com"
167.114.158.215 - - [13/Nov/2022:21:39:56 -0800] "GET /robots.txt HTTP/1.1" 200 222 "-" "Mozilla/5.0 (compatible; MJ12bot/v1.4.8; http://mj12bot.com/)" "mantech8.com"
167.114.158.215 - - [13/Nov/2022:21:39:58 -0800] "GET /bimages/SliderImage/?C=D;O=D HTTP/1.1" 200 559 "-" "Mozilla/5.0 (compatible; MJ12bot/v1.4.8; http://mj12bot.com/)" "mantech8.com"
167.114.158.215 - - [13/Nov/2022:21:40:00 -0800] "GET /bimages/SliderImage/?C=M;O=D HTTP/1.1" 200 551 "-" "Mozilla/5.0 (compatible; MJ12bot/v1.4.8; http://mj12bot.com/)" "mantech8.com"
167.114.158.215 - - [13/Nov/2022:21:40:01 -0800] "GET /bimages/SliderImage/?C=N;O=A HTTP/1.1" 200 566 "-" "Mozilla/5.0 (compatible; MJ12bot/v1.4.8; http://mj12bot.com/)" "mantech8.com"
167.114.158.215 - - [13/Nov/2022:21:40:03 -0800] "GET /bimages/SliderImage/?C=S;O=D HTTP/1.1" 200 550 "-" "Mozilla/5.0 (compatible; MJ12bot/v1.4.8; http://mj12bot.com/)" "mantech8.com"
167.114.158.215 - - [13/Nov/2022:21:40:05 -0800] "GET /bimages/bus/?C=D;O=D HTTP/1.1" 200 450 "-" "Mozilla/5.0 (compatible; MJ12bot/v1.4.8; http://mj12bot.com/)" "mantech8.com"
167.114.158.215 - - [13/Nov/2022:21:40:07 -0800] "GET /bimages/bus/?C=M;O=D HTTP/1.1" 200 450 "-" "Mozilla/5.0 (compatible; MJ12bot/v1.4.8; http://mj12bot.com/)" "mantech8.com"
167.114.158.215 - - [13/Nov/2022:21:40:09 -0800] "GET /bimages/bus/?C=N;O=A HTTP/1.1" 200 452 "-" "Mozilla/5.0 (compatible; MJ12bot/v1.4.8; http://mj12bot.com/)" "mantech8.com"
167.114.158.215 - - [13/Nov/2022:21:40:12 -0800] "GET /bimages/bus/?C=S;O=D HTTP/1.1" 200 450 "-" "Mozilla/5.0 (compatible; MJ12bot/v1.4.8; http://mj12bot.com/)" "mantech8.com"
167.114.158.215 - - [13/Nov/2022:21:40:14 -0800] "GET /bimages/cert/?C=D;O=D HTTP/1.1" 200 525 "-" "Mozilla/5.0 (compatible; MJ12bot/v1.4.8; http://mj12bot.com/)" "mantech8.com"
167.114.158.215 - - [13/Nov/2022:21:40:16 -0800] "GET /bimages/cert/?C=M;O=D HTTP/1.1" 200 524 "-" "Mozilla/5.0 (compatible; MJ12bot/v1.4.8; http://mj12bot.com/)" "mantech8.com"
167.114.158.215 - - [13/Nov/2022:21:40:18 -0800] "GET /bimages/cert/?C=N;O=A HTTP/1.1" 200 530 "-" "Mozilla/5.0 (compatible; MJ12bot/v1.4.8; http://mj12bot.com/)" "mantech8.com"
167.114.158.215 - - [13/Nov/2022:21:40:21 -0800] "GET /bimages/cert/?C=S;O=D HTTP/1.1" 200 527 "-" "Mozilla/5.0 (compatible; MJ12bot/v1.4.8; http://mj12bot.com/)" "mantech8.com"
167.114.158.215 - - [13/Nov/2022:21:40:23 -0800] "GET /bimages/certificate/?C=M;O=D HTTP/1.1" 200 652 "-" "Mozilla/5.0 (compatible; MJ12bot/v1.4.8; http://mj12bot.com/)" "mantech8.com"
167.114.158.215 - - [13/Nov/2022:21:40:25 -0800] "GET /bimages/certificate/?C=S;O=D HTTP/1.1" 200 655 "-" "Mozilla/5.0 (compatible; MJ12bot/v1.4.8; http://mj12bot.com/)" "mantech8.com"
167.114.158.215 - - [13/Nov/2022:21:40:27 -0800] "GET /bimages/certificate/thump/?C=D;O=A HTTP/1.1" 200 637 "-" "Mozilla/5.0 (compatible; MJ12bot/v1.4.8; http://mj12bot.com/)" "mantech8.com"
167.114.158.215 - - [13/Nov/2022:21:40:30 -0800] "GET /bimages/certificate/thump/?C=M;O=A HTTP/1.1" 200 643 "-" "Mozilla/5.0 (compatible; MJ12bot/v1.4.8; http://mj12bot.com/)" "mantech8.com"
167.114.158.215 - - [13/Nov/2022:21:40:33 -0800] "GET /bimages/certificate/thump/?C=N;O=D HTTP/1.1" 200 634 "-" "Mozilla/5.0 (compatible; MJ12bot/v1.4.8; http://mj12bot.com/)" "mantech8.com"
167.114.158.215 - - [13/Nov/2022:21:40:35 -0800] "GET /bimages/certificate/thump/?C=S;O=A HTTP/1.1" 200 648 "-" "Mozilla/5.0 (compatible; MJ12bot/v1.4.8; http://mj12bot.com/)" "mantech8.com"
167.114.158.215 - - [13/Nov/2022:21:40:37 -0800] "GET /bimages/cleang/?C=D;O=D HTTP/1.1" 200 499 "-" "Mozilla/5.0 (compatible; MJ12bot/v1.4.8; http://mj12bot.com/)" "mantech8.com"
167.114.158.215 - - [13/Nov/2022:21:40:41 -0800] "GET /bimages/cleang/?C=M;O=D HTTP/1.1" 200 500 "-" "Mozilla/5.0 (compatible; MJ12bot/v1.4.8; http://mj12bot.com/)" "mantech8.com"
167.114.158.215 - - [13/Nov/2022:21:40:44 -0800] "GET /bimages/cleang/?C=N;O=A HTTP/1.1" 200 505 "-" "Mozilla/5.0 (compatible; MJ12bot/v1.4.8; http://mj12bot.com/)" "mantech8.com"
167.114.158.215 - - [13/Nov/2022:21:40:47 -0800] "GET /bimages/cleang/?C=S;O=D HTTP/1.1" 200 503 "-" "Mozilla/5.0 (compatible; MJ12bot/v1.4.8; http://mj12bot.com/)" "mantech8.com"
167.114.158.215 - - [13/Nov/2022:21:40:50 -0800] "GET /bimages/cleang/thump/?C=D;O=A HTTP/1.1" 200 462 "-" "Mozilla/5.0 (compatible; MJ12bot/v1.4.8; http://mj12bot.com/)" "mantech8.com"
167.114.158.215 - - [13/Nov/2022:21:40:52 -0800] "GET /bimages/cleang/thump/?C=M;O=A HTTP/1.1" 200 463 "-" "Mozilla/5.0 (compatible; MJ12bot/v1.4.8; http://mj12bot.com/)" "mantech8.com"
167.114.158.215 - - [13/Nov/2022:21:40:55 -0800] "GET /bimages/cleang/thump/?C=N;O=D HTTP/1.1" 200 459 "-" "Mozilla/5.0 (compatible; MJ12bot/v1.4.8; http://mj12bot.com/)" "mantech8.com"
167.114.158.215 - - [13/Nov/2022:21:40:59 -0800] "GET /bimages/cleang/thump/?C=S;O=A HTTP/1.1" 200 463 "-" "Mozilla/5.0 (compatible; MJ12bot/v1.4.8; http://mj12bot.com/)" "mantech8.com"
167.114.158.215 - - [13/Nov/2022:21:41:02 -0800] "GET /bimages/client/?C=D;O=D HTTP/1.1" 200 711 "-" "Mozilla/5.0 (compatible; MJ12bot/v1.4.8; http://mj12bot.com/)" "mantech8.com"
185.191.171.18 - - [13/Nov/2022:21:41:03 -0800] "GET /index.php/camp-fire/24009333.html HTTP/1.1" 500 - "-" "Mozilla/5.0 (compatible; SemrushBot/7~bl; +http://www.semrush.com/bot.html)" "mantech8.com"
167.114.158.215 - - [13/Nov/2022:21:41:04 -0800] "GET /bimages/client/?C=M;O=D HTTP/1.1" 200 696 "-" "Mozilla/5.0 (compatible; MJ12bot/v1.4.8; http://mj12bot.com/)" "mantech8.com"
167.114.158.215 - - [13/Nov/2022:21:41:06 -0800] "GET /bimages/client/?C=S;O=D HTTP/1.1" 200 706 "-" "Mozilla/5.0 (compatible; MJ12bot/v1.4.8; http://mj12bot.com/)" "mantech8.com"
167.114.158.215 - - [13/Nov/2022:21:41:08 -0800] "GET /bimages/dimage/?C=D;O=D HTTP/1.1" 200 418 "-" "Mozilla/5.0 (compatible; MJ12bot/v1.4.8; http://mj12bot.com/)" "mantech8.com"
167.114.158.215 - - [13/Nov/2022:21:41:10 -0800] "GET /bimages/dimage/?C=M;O=D HTTP/1.1" 200 418 "-" "Mozilla/5.0 (compatible; MJ12bot/v1.4.8; http://mj12bot.com/)" "mantech8.com"
167.114.158.215 - - [13/Nov/2022:21:41:12 -0800] "GET /bimages/dimage/?C=N;O=A HTTP/1.1" 200 419 "-" "Mozilla/5.0 (compatible; MJ12bot/v1.4.8; http://mj12bot.com/)" "mantech8.com"
185.191.171.8 - - [13/Nov/2022:21:41:15 -0800] "GET /index.php/camp-fire/8652469.html HTTP/1.1" 500 - "-" "Mozilla/5.0 (compatible; SemrushBot/7~bl; +http://www.semrush.com/bot.html)" "mantech8.com"
167.114.158.215 - - [13/Nov/2022:21:41:16 -0800] "GET /bimages/dimage/?C=S;O=D HTTP/1.1" 200 418 "-" "Mozilla/5.0 (compatible; MJ12bot/v1.4.8; http://mj12bot.com/)" "mantech8.com"
167.114.158.215 - - [13/Nov/2022:21:41:19 -0800] "GET /bimages/door/?C=D;O=D HTTP/1.1" 200 444 "-" "Mozilla/5.0 (compatible; MJ12bot/v1.4.8; http://mj12bot.com/)" "mantech8.com"
167.114.158.215 - - [13/Nov/2022:21:41:22 -0800] "GET /bimages/door/?C=M;O=D HTTP/1.1" 200 444 "-" "Mozilla/5.0 (compatible; MJ12bot/v1.4.8; http://mj12bot.com/)" "mantech8.com"
167.114.158.215 - - [13/Nov/2022:21:41:25 -0800] "GET /bimages/door/?C=N;O=A HTTP/1.1" 200 447 "-" "Mozilla/5.0 (compatible; MJ12bot/v1.4.8; http://mj12bot.com/)" "mantech8.com"
167.114.158.215 - - [13/Nov/2022:21:41:27 -0800] "GET /bimages/door/?C=S;O=D HTTP/1.1" 200 444 "-" "Mozilla/5.0 (compatible; MJ12bot/v1.4.8; http://mj12bot.com/)" "mantech8.com"
167.114.158.215 - - [13/Nov/2022:21:41:29 -0800] "GET /bimages/ele/?C=D;O=D HTTP/1.1" 200 425 "-" "Mozilla/5.0 (compatible; MJ12bot/v1.4.8; http://mj12bot.com/)" "mantech8.com"
167.114.158.215 - - [13/Nov/2022:21:41:31 -0800] "GET /bimages/ele/?C=M;O=D HTTP/1.1" 200 424 "-" "Mozilla/5.0 (compatible; MJ12bot/v1.4.8; http://mj12bot.com/)" "mantech8.com"
167.114.158.215 - - [13/Nov/2022:21:41:33 -0800] "GET /bimages/ele/?C=N;O=A HTTP/1.1" 200 426 "-" "Mozilla/5.0 (compatible; MJ12bot/v1.4.8; http://mj12bot.com/)" "mantech8.com"
167.114.158.215 - - [13/Nov/2022:21:41:36 -0800] "GET /bimages/ele/?C=S;O=D HTTP/1.1" 200 424 "-" "Mozilla/5.0 (compatible; MJ12bot/v1.4.8; http://mj12bot.com/)" "mantech8.com"
167.114.158.215 - - [13/Nov/2022:21:41:40 -0800] "GET /bimages/elect/?C=D;O=D HTTP/1.1" 200 415 "-" "Mozilla/5.0 (compatible; MJ12bot/v1.4.8; http://mj12bot.com/)" "mantech8.com"
167.114.158.215 - - [13/Nov/2022:21:41:44 -0800] "GET /bimages/elect/?C=M;O=D HTTP/1.1" 200 415 "-" "Mozilla/5.0 (compatible; MJ12bot/v1.4.8; http://mj12bot.com/)" "mantech8.com"
167.114.158.215 - - [13/Nov/2022:21:41:46 -0800] "GET /bimages/elect/?C=N;O=A HTTP/1.1" 200 417 "-" "Mozilla/5.0 (compatible; MJ12bot/v1.4.8; http://mj12bot.com/)" "mantech8.com"
185.191.171.14 - - [13/Nov/2022:21:41:48 -0800] "GET /?camp-fire%2F2475293.html HTTP/1.1" 500 - "-" "Mozilla/5.0 (compatible; SemrushBot/7~bl; +http://www.semrush.com/bot.html)" "mantech8.com"
167.114.158.215 - - [13/Nov/2022:21:41:49 -0800] "GET /bimages/elect/?C=S;O=D HTTP/1.1" 200 415 "-" "Mozilla/5.0 (compatible; MJ12bot/v1.4.8; http://mj12bot.com/)" "mantech8.com"
185.191.171.14 - - [13/Nov/2022:21:41:49 -0800] "GET /?camp-fire%2F4282896.html HTTP/1.1" 500 - "-" "Mozilla/5.0 (compatible; SemrushBot/7~bl; +http://www.semrush.com/bot.html)" "mantech8.com"
167.114.158.215 - - [13/Nov/2022:21:41:50 -0800] "GET /bimages/electric/?C=D;O=D HTTP/1.1" 200 418 "-" "Mozilla/5.0 (compatible; MJ12bot/v1.4.8; http://mj12bot.com/)" "mantech8.com"
167.114.158.215 - - [13/Nov/2022:21:41:54 -0800] "GET /bimages/electric/?C=M;O=D HTTP/1.1" 200 418 "-" "Mozilla/5.0 (compatible; MJ12bot/v1.4.8; http://mj12bot.com/)" "mantech8.com"
167.114.158.215 - - [13/Nov/2022:21:41:56 -0800] "GET /bimages/electric/?C=N;O=A HTTP/1.1" 200 420 "-" "Mozilla/5.0 (compatible; MJ12bot/v1.4.8; http://mj12bot.com/)" "mantech8.com"
167.114.158.215 - - [13/Nov/2022:21:41:57 -0800] "GET /bimages/electric/?C=S;O=D HTTP/1.1" 200 418 "-" "Mozilla/5.0 (compatible; MJ12bot/v1.4.8; http://mj12bot.com/)" "mantech8.com"
167.114.158.215 - - [13/Nov/2022:21:41:59 -0800] "GET /bimages/ework/?C=D;O=D HTTP/1.1" 200 417 "-" "Mozilla/5.0 (compatible; MJ12bot/v1.4.8; http://mj12bot.com/)" "mantech8.com"
167.114.158.215 - - [13/Nov/2022:21:42:01 -0800] "GET /bimages/ework/?C=M;O=D HTTP/1.1" 200 417 "-" "Mozilla/5.0 (compatible; MJ12bot/v1.4.8; http://mj12bot.com/)" "mantech8.com"
167.114.158.215 - - [13/Nov/2022:21:42:03 -0800] "GET /bimages/ework/?C=N;O=A HTTP/1.1" 200 419 "-" "Mozilla/5.0 (compatible; MJ12bot/v1.4.8; http://mj12bot.com/)" "mantech8.com"
167.114.158.215 - - [13/Nov/2022:21:42:04 -0800] "GET /bimages/ework/?C=S;O=D HTTP/1.1" 200 417 "-" "Mozilla/5.0 (compatible; MJ12bot/v1.4.8; http://mj12bot.com/)" "mantech8.com"
167.114.158.215 - - [13/Nov/2022:21:42:06 -0800] "GET /bimages/headg/?C=D;O=D HTTP/1.1" 200 489 "-" "Mozilla/5.0 (compatible; MJ12bot/v1.4.8; http://mj12bot.com/)" "mantech8.com"
167.114.158.215 - - [13/Nov/2022:21:42:08 -0800] "GET /bimages/headg/?C=M;O=D HTTP/1.1" 200 492 "-" "Mozilla/5.0 (compatible; MJ12bot/v1.4.8; http://mj12bot.com/)" "mantech8.com"
167.114.158.215 - - [13/Nov/2022:21:42:10 -0800] "GET /bimages/headg/?C=N;O=A HTTP/1.1" 200 491 "-" "Mozilla/5.0 (compatible; MJ12bot/v1.4.8; http://mj12bot.com/)" "mantech8.com"
167.114.158.215 - - [13/Nov/2022:21:42:14 -0800] "GET /bimages/headg/?C=S;O=D HTTP/1.1" 200 490 "-" "Mozilla/5.0 (compatible; MJ12bot/v1.4.8; http://mj12bot.com/)" "mantech8.com"
167.114.158.215 - - [13/Nov/2022:21:42:17 -0800] "GET /bimages/headg/thump/?C=D;O=A HTTP/1.1" 200 484 "-" "Mozilla/5.0 (compatible; MJ12bot/v1.4.8; http://mj12bot.com/)" "mantech8.com"
167.114.158.215 - - [13/Nov/2022:21:42:18 -0800] "GET /bimages/headg/thump/?C=M;O=A HTTP/1.1" 200 484 "-" "Mozilla/5.0 (compatible; MJ12bot/v1.4.8; http://mj12bot.com/)" "mantech8.com"
167.114.158.215 - - [13/Nov/2022:21:42:20 -0800] "GET /bimages/headg/thump/?C=N;O=D HTTP/1.1" 200 479 "-" "Mozilla/5.0 (compatible; MJ12bot/v1.4.8; http://mj12bot.com/)" "mantech8.com"
167.114.158.215 - - [13/Nov/2022:21:42:24 -0800] "GET /bimages/headg/thump/?C=S;O=A HTTP/1.1" 200 481 "-" "Mozilla/5.0 (compatible; MJ12bot/v1.4.8; http://mj12bot.com/)" "mantech8.com"
66.249.70.180 - - [13/Nov/2022:21:42:25 -0800] "GET /sitemapmobile8380.xml HTTP/1.1" 404 88 "-" "Mozilla/5.0 (compatible; Googlebot/2.1; +http://www.google.com/bot.html)" "mantech8.com"
167.114.158.215 - - [13/Nov/2022:21:42:26 -0800] "GET /bimages/hgallery/?C=D;O=D HTTP/1.1" 200 497 "-" "Mozilla/5.0 (compatible; MJ12bot/v1.4.8; http://mj12bot.com/)" "mantech8.com"
185.191.171.6 - - [13/Nov/2022:21:42:27 -0800] "GET /?camp-fire%2F4234285.html HTTP/1.1" 500 - "-" "Mozilla/5.0 (compatible; SemrushBot/7~bl; +http://www.semrush.com/bot.html)" "mantech8.com"
167.114.158.215 - - [13/Nov/2022:21:42:28 -0800] "GET /bimages/hgallery/?C=M;O=D HTTP/1.1" 200 497 "-" "Mozilla/5.0 (compatible; MJ12bot/v1.4.8; http://mj12bot.com/)" "mantech8.com"
167.114.158.215 - - [13/Nov/2022:21:42:29 -0800] "GET /bimages/hgallery/?C=N;O=A HTTP/1.1" 200 499 "-" "Mozilla/5.0 (compatible; MJ12bot/v1.4.8; http://mj12bot.com/)" "mantech8.com"
167.114.158.215 - - [13/Nov/2022:21:42:31 -0800] "GET /bimages/hgallery/?C=S;O=D HTTP/1.1" 200 498 "-" "Mozilla/5.0 (compatible; MJ12bot/v1.4.8; http://mj12bot.com/)" "mantech8.com"
167.114.158.215 - - [13/Nov/2022:21:42:34 -0800] "GET /bimages/hgallery/thump/?C=D;O=A HTTP/1.1" 200 506 "-" "Mozilla/5.0 (compatible; MJ12bot/v1.4.8; http://mj12bot.com/)" "mantech8.com"
167.114.158.215 - - [13/Nov/2022:21:42:42 -0800] "GET /bimages/hgallery/thump/?C=M;O=A HTTP/1.1" 200 503 "-" "Mozilla/5.0 (compatible; MJ12bot/v1.4.8; http://mj12bot.com/)" "mantech8.com"
167.114.158.215 - - [13/Nov/2022:21:42:44 -0800] "GET /bimages/hgallery/thump/?C=N;O=D HTTP/1.1" 200 503 "-" "Mozilla/5.0 (compatible; MJ12bot/v1.4.8; http://mj12bot.com/)" "mantech8.com"
167.114.158.215 - - [13/Nov/2022:21:42:47 -0800] "GET /bimages/hgallery/thump/?C=S;O=A HTTP/1.1" 200 504 "-" "Mozilla/5.0 (compatible; MJ12bot/v1.4.8; http://mj12bot.com/)" "mantech8.com"
167.114.158.215 - - [13/Nov/2022:21:42:50 -0800] "GET /bimages/himage/?C=D;O=D HTTP/1.1" 200 442 "-" "Mozilla/5.0 (compatible; MJ12bot/v1.4.8; http://mj12bot.com/)" "mantech8.com"
167.114.158.215 - - [13/Nov/2022:21:42:53 -0800] "GET /bimages/himage/?C=M;O=D HTTP/1.1" 200 442 "-" "Mozilla/5.0 (compatible; MJ12bot/v1.4.8; http://mj12bot.com/)" "mantech8.com"
167.114.158.215 - - [13/Nov/2022:21:42:56 -0800] "GET /bimages/himage/?C=N;O=A HTTP/1.1" 200 443 "-" "Mozilla/5.0 (compatible; MJ12bot/v1.4.8; http://mj12bot.com/)" "mantech8.com"
167.114.158.215 - - [13/Nov/2022:21:42:58 -0800] "GET /bimages/himage/?C=S;O=D HTTP/1.1" 200 442 "-" "Mozilla/5.0 (compatible; MJ12bot/v1.4.8; http://mj12bot.com/)" "mantech8.com"
167.114.158.215 - - [13/Nov/2022:21:43:02 -0800] "GET /bimages/hydrog/?C=D;O=D HTTP/1.1" 200 483 "-" "Mozilla/5.0 (compatible; MJ12bot/v1.4.8; http://mj12bot.com/)" "mantech8.com"
167.114.158.215 - - [13/Nov/2022:21:43:05 -0800] "GET /bimages/hydrog/?C=M;O=D HTTP/1.1" 200 482 "-" "Mozilla/5.0 (compatible; MJ12bot/v1.4.8; http://mj12bot.com/)" "mantech8.com"
167.114.158.215 - - [13/Nov/2022:21:43:07 -0800] "GET /bimages/hydrog/?C=N;O=A HTTP/1.1" 200 486 "-" "Mozilla/5.0 (compatible; MJ12bot/v1.4.8; http://mj12bot.com/)" "mantech8.com"
167.114.158.215 - - [13/Nov/2022:21:43:12 -0800] "GET /bimages/hydrog/?C=S;O=D HTTP/1.1" 200 483 "-" "Mozilla/5.0 (compatible; MJ12bot/v1.4.8; http://mj12bot.com/)" "mantech8.com"
167.114.158.215 - - [13/Nov/2022:21:43:15 -0800] "GET /bimages/hydrog/thump/?C=D;O=A HTTP/1.1" 200 468 "-" "Mozilla/5.0 (compatible; MJ12bot/v1.4.8; http://mj12bot.com/)" "mantech8.com"
167.114.158.215 - - [13/Nov/2022:21:43:17 -0800] "GET /bimages/hydrog/thump/?C=M;O=A HTTP/1.1" 200 468 "-" "Mozilla/5.0 (compatible; MJ12bot/v1.4.8; http://mj12bot.com/)" "mantech8.com"
167.114.158.215 - - [13/Nov/2022:21:43:23 -0800] "GET /bimages/hydrog/thump/?C=N;O=D HTTP/1.1" 200 466 "-" "Mozilla/5.0 (compatible; MJ12bot/v1.4.8; http://mj12bot.com/)" "mantech8.com"
167.114.158.215 - - [13/Nov/2022:21:43:27 -0800] "GET /bimages/hydrog/thump/?C=S;O=A HTTP/1.1" 200 468 "-" "Mozilla/5.0 (compatible; MJ12bot/v1.4.8; http://mj12bot.com/)" "mantech8.com"
185.191.171.23 - - [13/Nov/2022:21:43:29 -0800] "GET /?camp-fire%2F7750021.html HTTP/1.1" 500 - "-" "Mozilla/5.0 (compatible; SemrushBot/7~bl; +http://www.semrush.com/bot.html)" "mantech8.com"
167.114.158.215 - - [13/Nov/2022:21:43:30 -0800] "GET /bimages/mission/?C=D;O=D HTTP/1.1" 200 414 "-" "Mozilla/5.0 (compatible; MJ12bot/v1.4.8; http://mj12bot.com/)" "mantech8.com"
167.114.158.215 - - [13/Nov/2022:21:43:35 -0800] "GET /bimages/mission/?C=M;O=D HTTP/1.1" 200 415 "-" "Mozilla/5.0 (compatible; MJ12bot/v1.4.8; http://mj12bot.com/)" "mantech8.com"
167.114.158.215 - - [13/Nov/2022:21:43:39 -0800] "GET /bimages/mission/?C=N;O=A HTTP/1.1" 200 416 "-" "Mozilla/5.0 (compatible; MJ12bot/v1.4.8; http://mj12bot.com/)" "mantech8.com"
167.114.158.215 - - [13/Nov/2022:21:43:43 -0800] "GET /bimages/mission/?C=S;O=D HTTP/1.1" 200 414 "-" "Mozilla/5.0 (compatible; MJ12bot/v1.4.8; http://mj12bot.com/)" "mantech8.com"
167.114.158.215 - - [13/Nov/2022:21:43:46 -0800] "GET /bimages/paintg/?C=D;O=D HTTP/1.1" 200 491 "-" "Mozilla/5.0 (compatible; MJ12bot/v1.4.8; http://mj12bot.com/)" "mantech8.com"
167.114.158.215 - - [13/Nov/2022:21:43:53 -0800] "GET /bimages/paintg/?C=M;O=D HTTP/1.1" 200 493 "-" "Mozilla/5.0 (compatible; MJ12bot/v1.4.8; http://mj12bot.com/)" "mantech8.com"
167.114.158.215 - - [13/Nov/2022:21:43:58 -0800] "GET /bimages/paintg/?C=N;O=A HTTP/1.1" 200 497 "-" "Mozilla/5.0 (compatible; MJ12bot/v1.4.8; http://mj12bot.com/)" "mantech8.com"
167.114.158.215 - - [13/Nov/2022:21:44:01 -0800] "GET /bimages/paintg/?C=S;O=D HTTP/1.1" 200 494 "-" "Mozilla/5.0 (compatible; MJ12bot/v1.4.8; http://mj12bot.com/)" "mantech8.com"
167.114.158.215 - - [13/Nov/2022:21:44:03 -0800] "GET /bimages/paintg/thump/?C=D;O=A HTTP/1.1" 200 483 "-" "Mozilla/5.0 (compatible; MJ12bot/v1.4.8; http://mj12bot.com/)" "mantech8.com"
167.114.158.215 - - [13/Nov/2022:21:44:08 -0800] "GET /bimages/paintg/thump/?C=M;O=A HTTP/1.1" 200 484 "-" "Mozilla/5.0 (compatible; MJ12bot/v1.4.8; http://mj12bot.com/)" "mantech8.com"
167.114.158.215 - - [13/Nov/2022:21:44:11 -0800] "GET /bimages/paintg/thump/?C=N;O=D HTTP/1.1" 200 481 "-" "Mozilla/5.0 (compatible; MJ12bot/v1.4.8; http://mj12bot.com/)" "mantech8.com"
167.114.158.215 - - [13/Nov/2022:21:44:16 -0800] "GET /bimages/paintg/thump/?C=S;O=A HTTP/1.1" 200 484 "-" "Mozilla/5.0 (compatible; MJ12bot/v1.4.8; http://mj12bot.com/)" "mantech8.com"
185.191.171.44 - - [13/Nov/2022:21:44:18 -0800] "GET /?camp-fire%2F5212896.html HTTP/1.1" 500 - "-" "Mozilla/5.0 (compatible; SemrushBot/7~bl; +http://www.semrush.com/bot.html)" "mantech8.com"
167.114.158.215 - - [13/Nov/2022:21:44:20 -0800] "GET /bimages/pipeg/?C=D;O=D HTTP/1.1" 200 564 "-" "Mozilla/5.0 (compatible; MJ12bot/v1.4.8; http://mj12bot.com/)" "mantech8.com"
167.114.158.215 - - [13/Nov/2022:21:44:25 -0800] "GET /bimages/pipeg/?C=M;O=D HTTP/1.1" 200 565 "-" "Mozilla/5.0 (compatible; MJ12bot/v1.4.8; http://mj12bot.com/)" "mantech8.com"
185.191.171.38 - - [13/Nov/2022:21:44:27 -0800] "GET /index.php/camp-fire/19421856.html HTTP/1.1" 500 - "-" "Mozilla/5.0 (compatible; SemrushBot/7~bl; +http://www.semrush.com/bot.html)" "mantech8.com"
167.114.158.215 - - [13/Nov/2022:21:44:27 -0800] "GET /bimages/pipeg/?C=N;O=A HTTP/1.1" 200 569 "-" "Mozilla/5.0 (compatible; MJ12bot/v1.4.8; http://mj12bot.com/)" "mantech8.com"
167.114.158.215 - - [13/Nov/2022:21:44:30 -0800] "GET /bimages/pipeg/?C=S;O=D HTTP/1.1" 200 570 "-" "Mozilla/5.0 (compatible; MJ12bot/v1.4.8; http://mj12bot.com/)" "mantech8.com"
167.114.158.215 - - [13/Nov/2022:21:44:33 -0800] "GET /bimages/pipeg/thump/?C=D;O=A HTTP/1.1" 200 568 "-" "Mozilla/5.0 (compatible; MJ12bot/v1.4.8; http://mj12bot.com/)" "mantech8.com"
185.191.171.14 - - [13/Nov/2022:21:44:36 -0800] "GET /?camp-fire%2F2534690.html HTTP/1.1" 500 - "-" "Mozilla/5.0 (compatible; SemrushBot/7~bl; +http://www.semrush.com/bot.html)" "mantech8.com"
167.114.158.215 - - [13/Nov/2022:21:44:36 -0800] "GET /bimages/pipeg/thump/?C=M;O=A HTTP/1.1" 200 568 "-" "Mozilla/5.0 (compatible; MJ12bot/v1.4.8; http://mj12bot.com/)" "mantech8.com"
167.114.158.215 - - [13/Nov/2022:21:44:38 -0800] "GET /bimages/pipeg/thump/?C=N;O=D HTTP/1.1" 200 562 "-" "Mozilla/5.0 (compatible; MJ12bot/v1.4.8; http://mj12bot.com/)" "mantech8.com"
167.114.158.215 - - [13/Nov/2022:21:44:45 -0800] "GET /bimages/pipeg/thump/?C=S;O=A HTTP/1.1" 200 567 "-" "Mozilla/5.0 (compatible; MJ12bot/v1.4.8; http://mj12bot.com/)" "mantech8.com"
167.114.158.215 - - [13/Nov/2022:21:44:48 -0800] "GET /bimages/safety/?C=D;O=D HTTP/1.1" 200 462 "-" "Mozilla/5.0 (compatible; MJ12bot/v1.4.8; http://mj12bot.com/)" "mantech8.com"
167.114.158.215 - - [13/Nov/2022:21:44:51 -0800] "GET /bimages/safety/?C=M;O=D HTTP/1.1" 200 462 "-" "Mozilla/5.0 (compatible; MJ12bot/v1.4.8; http://mj12bot.com/)" "mantech8.com"
167.114.158.215 - - [13/Nov/2022:21:44:54 -0800] "GET /bimages/safety/?C=N;O=A HTTP/1.1" 200 465 "-" "Mozilla/5.0 (compatible; MJ12bot/v1.4.8; http://mj12bot.com/)" "mantech8.com"
167.114.158.215 - - [13/Nov/2022:21:44:57 -0800] "GET /bimages/safety/?C=S;O=D HTTP/1.1" 200 462 "-" "Mozilla/5.0 (compatible; MJ12bot/v1.4.8; http://mj12bot.com/)" "mantech8.com"
167.114.158.215 - - [13/Nov/2022:21:45:01 -0800] "GET /bimages/scafg/?C=D;O=D HTTP/1.1" 200 547 "-" "Mozilla/5.0 (compatible; MJ12bot/v1.4.8; http://mj12bot.com/)" "mantech8.com"
167.114.158.215 - - [13/Nov/2022:21:45:06 -0800] "GET /bimages/scafg/?C=M;O=D HTTP/1.1" 200 551 "-" "Mozilla/5.0 (compatible; MJ12bot/v1.4.8; http://mj12bot.com/)" "mantech8.com"
167.114.158.215 - - [13/Nov/2022:21:45:08 -0800] "GET /bimages/scafg/?C=N;O=A HTTP/1.1" 200 555 "-" "Mozilla/5.0 (compatible; MJ12bot/v1.4.8; http://mj12bot.com/)" "mantech8.com"
167.114.158.215 - - [13/Nov/2022:21:45:13 -0800] "GET /bimages/scafg/?C=S;O=D HTTP/1.1" 200 554 "-" "Mozilla/5.0 (compatible; MJ12bot/v1.4.8; http://mj12bot.com/)" "mantech8.com"
66.249.70.180 - - [13/Nov/2022:21:45:14 -0800] "GET /sitemapmobile19303.xml HTTP/1.1" 404 88 "-" "Mozilla/5.0 (compatible; Googlebot/2.1; +http://www.google.com/bot.html)" "mantech8.com"
167.114.158.215 - - [13/Nov/2022:21:45:16 -0800] "GET /bimages/scafg/thump/?C=D;O=A HTTP/1.1" 200 535 "-" "Mozilla/5.0 (compatible; MJ12bot/v1.4.8; http://mj12bot.com/)" "mantech8.com"
167.114.158.215 - - [13/Nov/2022:21:45:18 -0800] "GET /bimages/scafg/thump/?C=M;O=A HTTP/1.1" 200 534 "-" "Mozilla/5.0 (compatible; MJ12bot/v1.4.8; http://mj12bot.com/)" "mantech8.com"
185.191.171.39 - - [13/Nov/2022:21:45:21 -0800] "GET /?camp-fire%2F1480653.html HTTP/1.1" 500 - "-" "Mozilla/5.0 (compatible; SemrushBot/7~bl; +http://www.semrush.com/bot.html)" "mantech8.com"
167.114.158.215 - - [13/Nov/2022:21:45:23 -0800] "GET /bimages/scafg/thump/?C=N;O=D HTTP/1.1" 200 530 "-" "Mozilla/5.0 (compatible; MJ12bot/v1.4.8; http://mj12bot.com/)" "mantech8.com"
167.114.158.215 - - [13/Nov/2022:21:45:25 -0800] "GET /bimages/scafg/thump/?C=S;O=A HTTP/1.1" 200 539 "-" "Mozilla/5.0 (compatible; MJ12bot/v1.4.8; http://mj12bot.com/)" "mantech8.com"
167.114.158.215 - - [13/Nov/2022:21:45:28 -0800] "GET /bimages/service/?C=D;O=D HTTP/1.1" 200 582 "-" "Mozilla/5.0 (compatible; MJ12bot/v1.4.8; http://mj12bot.com/)" "mantech8.com"
167.114.158.215 - - [13/Nov/2022:21:45:30 -0800] "GET /bimages/service/?C=M;O=D HTTP/1.1" 200 583 "-" "Mozilla/5.0 (compatible; MJ12bot/v1.4.8; http://mj12bot.com/)" "mantech8.com"
167.114.158.215 - - [13/Nov/2022:21:45:34 -0800] "GET /bimages/service/?C=N;O=A HTTP/1.1" 200 591 "-" "Mozilla/5.0 (compatible; MJ12bot/v1.4.8; http://mj12bot.com/)" "mantech8.com"
167.114.158.215 - - [13/Nov/2022:21:45:38 -0800] "GET /bimages/service/?C=S;O=D HTTP/1.1" 200 588 "-" "Mozilla/5.0 (compatible; MJ12bot/v1.4.8; http://mj12bot.com/)" "mantech8.com"
185.191.171.1 - - [13/Nov/2022:21:45:39 -0800] "GET /?camp-fire%2F3064351.html HTTP/1.1" 500 - "-" "Mozilla/5.0 (compatible; SemrushBot/7~bl; +http://www.semrush.com/bot.html)" "mantech8.com"
167.114.158.215 - - [13/Nov/2022:21:45:42 -0800] "GET /bimages/service/thump/?C=D;O=A HTTP/1.1" 200 539 "-" "Mozilla/5.0 (compatible; MJ12bot/v1.4.8; http://mj12bot.com/)" "mantech8.com"
167.114.158.215 - - [13/Nov/2022:21:45:44 -0800] "GET /bimages/service/thump/?C=M;O=A HTTP/1.1" 200 544 "-" "Mozilla/5.0 (compatible; MJ12bot/v1.4.8; http://mj12bot.com/)" "mantech8.com"
167.114.158.215 - - [13/Nov/2022:21:45:47 -0800] "GET /bimages/service/thump/?C=N;O=D HTTP/1.1" 200 539 "-" "Mozilla/5.0 (compatible; MJ12bot/v1.4.8; http://mj12bot.com/)" "mantech8.com"
185.191.171.17 - - [13/Nov/2022:21:45:49 -0800] "GET /?camp-fire%2F1387790.html HTTP/1.1" 500 - "-" "Mozilla/5.0 (compatible; SemrushBot/7~bl; +http://www.semrush.com/bot.html)" "mantech8.com"
167.114.158.215 - - [13/Nov/2022:21:45:50 -0800] "GET /bimages/service/thump/?C=S;O=A HTTP/1.1" 200 539 "-" "Mozilla/5.0 (compatible; MJ12bot/v1.4.8; http://mj12bot.com/)" "mantech8.com"
167.114.158.215 - - [13/Nov/2022:21:45:54 -0800] "GET /bimages/tank/?C=D;O=D HTTP/1.1" 200 411 "-" "Mozilla/5.0 (compatible; MJ12bot/v1.4.8; http://mj12bot.com/)" "mantech8.com"
167.114.158.215 - - [13/Nov/2022:21:45:57 -0800] "GET /bimages/tank/?C=M;O=D HTTP/1.1" 200 410 "-" "Mozilla/5.0 (compatible; MJ12bot/v1.4.8; http://mj12bot.com/)" "mantech8.com"
167.114.158.215 - - [13/Nov/2022:21:46:00 -0800] "GET /bimages/tank/?C=N;O=A HTTP/1.1" 200 411 "-" "Mozilla/5.0 (compatible; MJ12bot/v1.4.8; http://mj12bot.com/)" "mantech8.com"
167.114.158.215 - - [13/Nov/2022:21:46:06 -0800] "GET /bimages/tank/?C=S;O=D HTTP/1.1" 200 411 "-" "Mozilla/5.0 (compatible; MJ12bot/v1.4.8; http://mj12bot.com/)" "mantech8.com"
167.114.158.215 - - [13/Nov/2022:21:46:08 -0800] "GET /bimages/video/?C=D;O=D HTTP/1.1" 200 545 "-" "Mozilla/5.0 (compatible; MJ12bot/v1.4.8; http://mj12bot.com/)" "mantech8.com"
167.114.158.215 - - [13/Nov/2022:21:46:10 -0800] "GET /bimages/video/?C=M;O=D HTTP/1.1" 200 545 "-" "Mozilla/5.0 (compatible; MJ12bot/v1.4.8; http://mj12bot.com/)" "mantech8.com"
185.191.171.15 - - [13/Nov/2022:21:46:12 -0800] "GET /?camp-fire%2F47817581.html HTTP/1.1" 500 - "-" "Mozilla/5.0 (compatible; SemrushBot/7~bl; +http://www.semrush.com/bot.html)" "mantech8.com"
167.114.158.215 - - [13/Nov/2022:21:46:13 -0800] "GET /bimages/video/?C=N;O=A HTTP/1.1" 200 550 "-" "Mozilla/5.0 (compatible; MJ12bot/v1.4.8; http://mj12bot.com/)" "mantech8.com"
167.114.158.215 - - [13/Nov/2022:21:46:16 -0800] "GET /bimages/video/?C=S;O=D HTTP/1.1" 200 549 "-" "Mozilla/5.0 (compatible; MJ12bot/v1.4.8; http://mj12bot.com/)" "mantech8.com"
167.114.158.215 - - [13/Nov/2022:21:46:17 -0800] "GET /bimages/video/thump/?C=D;O=A HTTP/1.1" 200 432 "-" "Mozilla/5.0 (compatible; MJ12bot/v1.4.8; http://mj12bot.com/)" "mantech8.com"
167.114.158.215 - - [13/Nov/2022:21:46:19 -0800] "GET /bimages/video/thump/?C=M;O=A HTTP/1.1" 200 432 "-" "Mozilla/5.0 (compatible; MJ12bot/v1.4.8; http://mj12bot.com/)" "mantech8.com"
185.191.171.37 - - [13/Nov/2022:21:46:20 -0800] "GET /?camp-fire%2F9211098.html HTTP/1.1" 500 - "-" "Mozilla/5.0 (compatible; SemrushBot/7~bl; +http://www.semrush.com/bot.html)" "mantech8.com"
167.114.158.215 - - [13/Nov/2022:21:46:21 -0800] "GET /bimages/video/thump/?C=N;O=D HTTP/1.1" 200 430 "-" "Mozilla/5.0 (compatible; MJ12bot/v1.4.8; http://mj12bot.com/)" "mantech8.com"
167.114.158.215 - - [13/Nov/2022:21:46:26 -0800] "GET /bimages/video/thump/?C=S;O=A HTTP/1.1" 200 432 "-" "Mozilla/5.0 (compatible; MJ12bot/v1.4.8; http://mj12bot.com/)" "mantech8.com"
167.114.158.215 - - [13/Nov/2022:21:46:28 -0800] "GET /bimages/vision/?C=D;O=D HTTP/1.1" 200 419 "-" "Mozilla/5.0 (compatible; MJ12bot/v1.4.8; http://mj12bot.com/)" "mantech8.com"
167.114.158.215 - - [13/Nov/2022:21:46:30 -0800] "GET /bimages/vision/?C=M;O=D HTTP/1.1" 200 419 "-" "Mozilla/5.0 (compatible; MJ12bot/v1.4.8; http://mj12bot.com/)" "mantech8.com"
66.249.70.180 - - [13/Nov/2022:21:46:31 -0800] "GET /852267.xml HTTP/1.1" 404 88 "-" "Mozilla/5.0 (compatible; Googlebot/2.1; +http://www.google.com/bot.html)" "mantech8.com"
167.114.158.215 - - [13/Nov/2022:21:46:32 -0800] "GET /bimages/vision/?C=N;O=A HTTP/1.1" 200 421 "-" "Mozilla/5.0 (compatible; MJ12bot/v1.4.8; http://mj12bot.com/)" "mantech8.com"
167.114.158.215 - - [13/Nov/2022:21:46:33 -0800] "GET /bimages/vision/?C=S;O=D HTTP/1.1" 200 420 "-" "Mozilla/5.0 (compatible; MJ12bot/v1.4.8; http://mj12bot.com/)" "mantech8.com"
40.77.167.64 - - [13/Nov/2022:21:47:55 -0800] "GET /index.php?camp-fire/26054113.html HTTP/1.1" 200 68509 "-" "Mozilla/5.0 AppleWebKit/537.36 (KHTML, like Gecko; compatible; bingbot/2.0; +http://www.bing.com/bingbot.htm) Chrome/103.0.5060.134 Safari/537.36" "www.mantech8.com"
66.249.70.180 - - [13/Nov/2022:21:48:04 -0800] "GET /sitemapmobile9579.xml HTTP/1.1" 404 88 "-" "Mozilla/5.0 (compatible; Googlebot/2.1; +http://www.google.com/bot.html)" "mantech8.com"
66.249.70.180 - - [13/Nov/2022:21:48:05 -0800] "GET /sitemapnew5036.xml HTTP/1.1" 404 88 "-" "Mozilla/5.0 (compatible; Googlebot/2.1; +http://www.google.com/bot.html)" "mantech8.com"
66.249.70.176 - - [13/Nov/2022:21:48:23 -0800] "GET /sitemapnew1050.xml HTTP/1.1" 404 88 "-" "Mozilla/5.0 (compatible; Googlebot/2.1; +http://www.google.com/bot.html)" "mantech8.com"
66.249.70.176 - - [13/Nov/2022:21:48:38 -0800] "GET /sitemapimages18600.xml HTTP/1.1" 404 88 "-" "Mozilla/5.0 (compatible; Googlebot/2.1; +http://www.google.com/bot.html)" "mantech8.com"
185.191.171.33 - - [13/Nov/2022:21:48:46 -0800] "GET /index.php/camp-fire/24623930.html HTTP/1.1" 500 - "-" "Mozilla/5.0 (compatible; SemrushBot/7~bl; +http://www.semrush.com/bot.html)" "mantech8.com"
185.191.171.43 - - [13/Nov/2022:21:48:50 -0800] "GET /?camp-fire%2F8276680.html HTTP/1.1" 500 - "-" "Mozilla/5.0 (compatible; SemrushBot/7~bl; +http://www.semrush.com/bot.html)" "mantech8.com"
185.191.171.14 - - [13/Nov/2022:21:49:02 -0800] "GET /?camp-fire%2F48378346.html HTTP/1.1" 500 - "-" "Mozilla/5.0 (compatible; SemrushBot/7~bl; +http://www.semrush.com/bot.html)" "mantech8.com"
66.249.70.176 - - [13/Nov/2022:21:49:49 -0800] "GET /sitemapmobile20109.xml HTTP/1.1" 404 88 "-" "Mozilla/5.0 (compatible; Googlebot/2.1; +http://www.google.com/bot.html)" "mantech8.com"
185.191.171.3 - - [13/Nov/2022:21:49:52 -0800] "GET /?camp-fire%2F8110378.html HTTP/1.1" 500 - "-" "Mozilla/5.0 (compatible; SemrushBot/7~bl; +http://www.semrush.com/bot.html)" "mantech8.com"
185.191.171.4 - - [13/Nov/2022:21:50:07 -0800] "GET /?camp-fire%2F5109485.html HTTP/1.1" 500 - "-" "Mozilla/5.0 (compatible; SemrushBot/7~bl; +http://www.semrush.com/bot.html)" "mantech8.com"
185.191.171.9 - - [13/Nov/2022:21:50:19 -0800] "GET /?camp-fire%2F8351508.html HTTP/1.1" 500 - "-" "Mozilla/5.0 (compatible; SemrushBot/7~bl; +http://www.semrush.com/bot.html)" "mantech8.com"
185.191.171.12 - - [13/Nov/2022:21:51:25 -0800] "GET /?camp-fire%2F8112078.html HTTP/1.1" 500 - "-" "Mozilla/5.0 (compatible; SemrushBot/7~bl; +http://www.semrush.com/bot.html)" "mantech8.com"
40.77.167.25 - - [13/Nov/2022:21:51:29 -0800] "GET /index.php?camp-fire/81890990.html HTTP/1.1" 200 66736 "-" "Mozilla/5.0 AppleWebKit/537.36 (KHTML, like Gecko; compatible; bingbot/2.0; +http://www.bing.com/bingbot.htm) Chrome/103.0.5060.134 Safari/537.36" "www.mantech8.com"
185.191.171.6 - - [13/Nov/2022:21:52:01 -0800] "GET /?camp-fire%2F4663100.html HTTP/1.1" 500 - "-" "Mozilla/5.0 (compatible; SemrushBot/7~bl; +http://www.semrush.com/bot.html)" "mantech8.com"
185.191.171.8 - - [13/Nov/2022:21:52:03 -0800] "GET /?camp-fire%2F52065872.html HTTP/1.1" 500 - "-" "Mozilla/5.0 (compatible; SemrushBot/7~bl; +http://www.semrush.com/bot.html)" "mantech8.com"
66.249.70.180 - - [13/Nov/2022:21:52:04 -0800] "GET /sitemapimages14455.xml HTTP/1.1" 404 88 "-" "Mozilla/5.0 (compatible; Googlebot/2.1; +http://www.google.com/bot.html)" "mantech8.com"
185.191.171.25 - - [13/Nov/2022:21:52:20 -0800] "GET /index.php/camp-fire/20511883.html HTTP/1.1" 500 - "-" "Mozilla/5.0 (compatible; SemrushBot/7~bl; +http://www.semrush.com/bot.html)" "mantech8.com"
66.249.64.238 - - [13/Nov/2022:21:52:27 -0800] "GET /ads.txt HTTP/1.1" 404 88 "-" "Mozilla/5.0 (compatible; Googlebot/2.1; +http://www.google.com/bot.html)" "www.mantech8.com"
114.119.133.190 - - [13/Nov/2022:21:52:52 -0800] "GET /index.php/sitemap6075.xml HTTP/1.1" 200 289354 "-" "Mozilla/5.0 (compatible;PetalBot;+https://webmaster.petalsearch.com/site/petalbot)" "mantech8.com"
185.191.171.18 - - [13/Nov/2022:21:53:00 -0800] "GET /index.php/camp-fire/31795617.html HTTP/1.1" 500 - "-" "Mozilla/5.0 (compatible; SemrushBot/7~bl; +http://www.semrush.com/bot.html)" "mantech8.com"
40.77.167.25 - - [13/Nov/2022:21:53:00 -0800] "GET /index.php?camp-fire/952.html HTTP/1.1" 200 64826 "-" "Mozilla/5.0 (compatible; bingbot/2.0; +http://www.bing.com/bingbot.htm)" "www.mantech8.com"
157.55.39.154 - - [13/Nov/2022:21:53:04 -0800] "GET / HTTP/1.1" 200 64909 "-" "Mozilla/5.0 AppleWebKit/537.36 (KHTML, like Gecko; compatible; bingbot/2.0; +http://www.bing.com/bingbot.htm) Chrome/103.0.5060.134 Safari/537.36" "www.mantech8.com"
185.191.171.36 - - [13/Nov/2022:21:53:13 -0800] "GET /?camp-fire%2F47584530.html HTTP/1.1" 500 - "-" "Mozilla/5.0 (compatible; SemrushBot/7~bl; +http://www.semrush.com/bot.html)" "mantech8.com"
185.191.171.17 - - [13/Nov/2022:21:53:24 -0800] "GET /?camp-fire%2F3287498.html HTTP/1.1" 500 - "-" "Mozilla/5.0 (compatible; SemrushBot/7~bl; +http://www.semrush.com/bot.html)" "mantech8.com"
185.191.171.2 - - [13/Nov/2022:21:53:26 -0800] "GET /?camp-fire%2F3112751.html HTTP/1.1" 500 - "-" "Mozilla/5.0 (compatible; SemrushBot/7~bl; +http://www.semrush.com/bot.html)" "mantech8.com"
185.191.171.18 - - [13/Nov/2022:21:53:27 -0800] "GET /?camp-fire%2F6683651.html HTTP/1.1" 500 - "-" "Mozilla/5.0 (compatible; SemrushBot/7~bl; +http://www.semrush.com/bot.html)" "mantech8.com"
185.191.171.44 - - [13/Nov/2022:21:53:30 -0800] "GET /?camp-fire%2F1129072.html HTTP/1.1" 500 - "-" "Mozilla/5.0 (compatible; SemrushBot/7~bl; +http://www.semrush.com/bot.html)" "mantech8.com"
185.191.171.15 - - [13/Nov/2022:21:54:05 -0800] "GET /?camp-fire%2F3691278.html HTTP/1.1" 500 - "-" "Mozilla/5.0 (compatible; SemrushBot/7~bl; +http://www.semrush.com/bot.html)" "mantech8.com"
157.55.39.14 - - [13/Nov/2022:21:54:39 -0800] "GET /index.php/Di8I5-4c7addaf-F2si.Ii HTTP/1.1" 200 37419 "-" "Mozilla/5.0 (compatible; bingbot/2.0; +http://www.bing.com/bingbot.htm)" "mantech8.com"
185.191.171.1 - - [13/Nov/2022:21:55:25 -0800] "GET /?camp-fire%2F8266978.html HTTP/1.1" 500 - "-" "Mozilla/5.0 (compatible; SemrushBot/7~bl; +http://www.semrush.com/bot.html)" "mantech8.com"
66.249.70.180 - - [13/Nov/2022:21:55:36 -0800] "GET /ejaculates7194.xml HTTP/1.1" 404 88 "-" "Mozilla/5.0 (compatible; Googlebot/2.1; +http://www.google.com/bot.html)" "mantech8.com"
66.249.70.176 - - [13/Nov/2022:21:55:53 -0800] "GET /36.xml HTTP/1.1" 404 88 "-" "Mozilla/5.0 (compatible; Googlebot/2.1; +http://www.google.com/bot.html)" "mantech8.com"
