185.191.171.45 - - [14/Nov/2022:14:42:48 -0800] "GET /index.php?camp-fire%2F257198.html HTTP/1.1" 500 - "-" "Mozilla/5.0 (compatible; SemrushBot/7~bl; +http://www.semrush.com/bot.html)" "mantech8.com"
114.119.133.166 - - [14/Nov/2022:14:42:54 -0800] "GET /index.php?steaded.xml HTTP/1.1" 200 289164 "-" "Mozilla/5.0 (Linux; Android 7.0;) AppleWebKit/537.36 (KHTML, like Gecko) Mobile Safari/537.36 (compatible; PetalBot;+https://webmaster.petalsearch.com/site/petalbot)" "mantech8.com"
185.191.171.21 - - [14/Nov/2022:14:43:45 -0800] "GET /?camp-fire%2F7745621.html HTTP/1.1" 500 - "-" "Mozilla/5.0 (compatible; SemrushBot/7~bl; +http://www.semrush.com/bot.html)" "mantech8.com"
185.191.171.26 - - [14/Nov/2022:14:45:20 -0800] "GET /index.php/camp-fire/36670125.html HTTP/1.1" 500 - "-" "Mozilla/5.0 (compatible; SemrushBot/7~bl; +http://www.semrush.com/bot.html)" "mantech8.com"
185.191.171.26 - - [14/Nov/2022:14:46:59 -0800] "GET /?camp-fire%2F7608108.html HTTP/1.1" 500 - "-" "Mozilla/5.0 (compatible; SemrushBot/7~bl; +http://www.semrush.com/bot.html)" "mantech8.com"
185.191.171.24 - - [14/Nov/2022:14:47:17 -0800] "GET /?camp-fire%2F3322698.html HTTP/1.1" 500 - "-" "Mozilla/5.0 (compatible; SemrushBot/7~bl; +http://www.semrush.com/bot.html)" "mantech8.com"
185.191.171.17 - - [14/Nov/2022:14:47:19 -0800] "GET /?camp-fire%2F1806529.html HTTP/1.1" 500 - "-" "Mozilla/5.0 (compatible; SemrushBot/7~bl; +http://www.semrush.com/bot.html)" "mantech8.com"
185.191.171.15 - - [14/Nov/2022:14:47:39 -0800] "GET /?camp-fire%2F4008974.html HTTP/1.1" 500 - "-" "Mozilla/5.0 (compatible; SemrushBot/7~bl; +http://www.semrush.com/bot.html)" "mantech8.com"
185.191.171.44 - - [14/Nov/2022:14:47:53 -0800] "GET /?camp-fire%2F2828059.html HTTP/1.1" 500 - "-" "Mozilla/5.0 (compatible; SemrushBot/7~bl; +http://www.semrush.com/bot.html)" "mantech8.com"
114.119.133.166 - - [14/Nov/2022:14:47:59 -0800] "GET /?scillism.xml HTTP/1.1" 200 270451 "-" "Mozilla/5.0 (Linux; Android 7.0;) AppleWebKit/537.36 (KHTML, like Gecko) Mobile Safari/537.36 (compatible; PetalBot;+https://webmaster.petalsearch.com/site/petalbot)" "mantech8.com"
185.191.171.1 - - [14/Nov/2022:14:48:34 -0800] "GET /index.php/camp-fire/16771326.html HTTP/1.1" 500 - "-" "Mozilla/5.0 (compatible; SemrushBot/7~bl; +http://www.semrush.com/bot.html)" "mantech8.com"
185.191.171.42 - - [14/Nov/2022:14:48:59 -0800] "GET /index.php/camp-fire/28605889.html HTTP/1.1" 500 - "-" "Mozilla/5.0 (compatible; SemrushBot/7~bl; +http://www.semrush.com/bot.html)" "mantech8.com"
185.191.171.23 - - [14/Nov/2022:14:49:14 -0800] "GET /index.php/camp-fire/36056925.html HTTP/1.1" 500 - "-" "Mozilla/5.0 (compatible; SemrushBot/7~bl; +http://www.semrush.com/bot.html)" "mantech8.com"
207.46.13.177 - - [14/Nov/2022:14:50:00 -0800] "GET / HTTP/1.1" 200 64940 "-" "Mozilla/5.0 AppleWebKit/537.36 (KHTML, like Gecko; compatible; bingbot/2.0; +http://www.bing.com/bingbot.htm) Chrome/103.0.5060.134 Safari/537.36" "www.mantech8.com"
185.191.171.1 - - [14/Nov/2022:14:51:38 -0800] "GET /?camp-fire%2F1787251.html HTTP/1.1" 500 - "-" "Mozilla/5.0 (compatible; SemrushBot/7~bl; +http://www.semrush.com/bot.html)" "mantech8.com"
185.191.171.4 - - [14/Nov/2022:14:51:43 -0800] "GET /?camp-fire%2F51566559.html HTTP/1.1" 500 - "-" "Mozilla/5.0 (compatible; SemrushBot/7~bl; +http://www.semrush.com/bot.html)" "mantech8.com"
185.191.171.21 - - [14/Nov/2022:14:52:10 -0800] "GET /?camp-fire%2F7316190.html HTTP/1.1" 500 - "-" "Mozilla/5.0 (compatible; SemrushBot/7~bl; +http://www.semrush.com/bot.html)" "mantech8.com"
185.191.171.3 - - [14/Nov/2022:14:52:18 -0800] "GET /index.php/camp-fire/14006359.html HTTP/1.1" 500 - "-" "Mozilla/5.0 (compatible; SemrushBot/7~bl; +http://www.semrush.com/bot.html)" "mantech8.com"
185.191.171.21 - - [14/Nov/2022:14:52:30 -0800] "GET /index.php?camp-fire%2F292398.html HTTP/1.1" 500 - "-" "Mozilla/5.0 (compatible; SemrushBot/7~bl; +http://www.semrush.com/bot.html)" "mantech8.com"
185.191.171.39 - - [14/Nov/2022:14:52:40 -0800] "GET /?camp-fire%2F1180972.html HTTP/1.1" 500 - "-" "Mozilla/5.0 (compatible; SemrushBot/7~bl; +http://www.semrush.com/bot.html)" "mantech8.com"
185.191.171.43 - - [14/Nov/2022:14:52:56 -0800] "GET /index.php/camp-fire/4098365.html HTTP/1.1" 500 - "-" "Mozilla/5.0 (compatible; SemrushBot/7~bl; +http://www.semrush.com/bot.html)" "mantech8.com"
114.119.133.165 - - [14/Nov/2022:14:53:03 -0800] "GET /bimages/tank/director.php HTTP/1.1" 200 32 "http://mantech8.com/bimages/tank/?C=S%3BO%3DA" "Mozilla/5.0 (Linux; Android 7.0;) AppleWebKit/537.36 (KHTML, like Gecko) Mobile Safari/537.36 (compatible; PetalBot;+https://webmaster.petalsearch.com/site/petalbot)" "mantech8.com"
40.77.167.64 - - [14/Nov/2022:14:53:15 -0800] "GET /index.php?camp-fire/72072979.html HTTP/1.1" 200 65560 "-" "Mozilla/5.0 (compatible; bingbot/2.0; +http://www.bing.com/bingbot.htm)" "www.mantech8.com"
185.191.171.7 - - [14/Nov/2022:14:53:20 -0800] "GET /index.php/camp-fire/40299050.html HTTP/1.1" 500 - "-" "Mozilla/5.0 (compatible; SemrushBot/7~bl; +http://www.semrush.com/bot.html)" "mantech8.com"
207.46.13.65 - - [14/Nov/2022:14:53:29 -0800] "GET /F2si-12ac-DkMOD.Ii HTTP/1.1" 404 88 "-" "Mozilla/5.0 (compatible; bingbot/2.0; +http://www.bing.com/bingbot.htm)" "www.mantech8.com"
207.46.13.65 - - [14/Nov/2022:14:53:49 -0800] "GET /F2si-12ac-DkMOD.Ii HTTP/1.1" 404 88 "-" "Mozilla/5.0 (compatible; bingbot/2.0; +http://www.bing.com/bingbot.htm)" "www.mantech8.com"
185.191.171.8 - - [14/Nov/2022:14:55:08 -0800] "GET /index.php/camp-fire/42237034.html HTTP/1.1" 500 - "-" "Mozilla/5.0 (compatible; SemrushBot/7~bl; +http://www.semrush.com/bot.html)" "mantech8.com"
185.191.171.5 - - [14/Nov/2022:14:55:20 -0800] "GET /?camp-fire%2F3602251.html HTTP/1.1" 500 - "-" "Mozilla/5.0 (compatible; SemrushBot/7~bl; +http://www.semrush.com/bot.html)" "mantech8.com"
185.191.171.17 - - [14/Nov/2022:14:56:07 -0800] "GET /?camp-fire%2F5587598.html HTTP/1.1" 500 - "-" "Mozilla/5.0 (compatible; SemrushBot/7~bl; +http://www.semrush.com/bot.html)" "mantech8.com"
185.191.171.25 - - [14/Nov/2022:14:56:26 -0800] "GET /?camp-fire%2F1610153.html HTTP/1.1" 500 - "-" "Mozilla/5.0 (compatible; SemrushBot/7~bl; +http://www.semrush.com/bot.html)" "mantech8.com"
185.191.171.21 - - [14/Nov/2022:14:56:31 -0800] "GET /?camp-fire%2F9388493.html HTTP/1.1" 500 - "-" "Mozilla/5.0 (compatible; SemrushBot/7~bl; +http://www.semrush.com/bot.html)" "mantech8.com"
185.191.171.12 - - [14/Nov/2022:14:57:13 -0800] "GET /?camp-fire%2F7764108.html HTTP/1.1" 500 - "-" "Mozilla/5.0 (compatible; SemrushBot/7~bl; +http://www.semrush.com/bot.html)" "mantech8.com"
185.191.171.19 - - [14/Nov/2022:14:57:20 -0800] "GET /?camp-fire%2F6464477.html HTTP/1.1" 500 - "-" "Mozilla/5.0 (compatible; SemrushBot/7~bl; +http://www.semrush.com/bot.html)" "mantech8.com"
185.191.171.9 - - [14/Nov/2022:14:57:44 -0800] "GET /index.php/camp-fire/7666108.html HTTP/1.1" 500 - "-" "Mozilla/5.0 (compatible; SemrushBot/7~bl; +http://www.semrush.com/bot.html)" "mantech8.com"
216.244.66.241 - - [14/Nov/2022:14:57:49 -0800] "GET /robots.txt HTTP/1.1" 200 222 "-" "Mozilla/5.0 (compatible; DotBot/1.2; +https://opensiteexplorer.org/dotbot; help@moz.com)" "www.mantech8.com"
216.244.66.241 - - [14/Nov/2022:14:57:49 -0800] "GET /robots.txt HTTP/1.1" 200 222 "-" "Mozilla/5.0 (compatible; DotBot/1.2; +https://opensiteexplorer.org/dotbot; help@moz.com)" "mantech8.com"
185.191.171.15 - - [14/Nov/2022:14:58:05 -0800] "GET /index.php/camp-fire/34841070.html HTTP/1.1" 500 - "-" "Mozilla/5.0 (compatible; SemrushBot/7~bl; +http://www.semrush.com/bot.html)" "mantech8.com"
114.119.133.158 - - [14/Nov/2022:14:58:06 -0800] "GET /contact.php HTTP/1.1" 200 29238 "-" "Mozilla/5.0 (Linux; Android 7.0;) AppleWebKit/537.36 (KHTML, like Gecko) Mobile Safari/537.36 (compatible; PetalBot;+https://webmaster.petalsearch.com/site/petalbot)" "www.mantech8.com"
114.119.133.158 - - [14/Nov/2022:14:58:15 -0800] "GET /engine1/style.css HTTP/1.1" 200 2450 "http://www.mantech8.com/contact.php" "Mozilla/5.0 (Linux; Android 7.0;) AppleWebKit/537.36 (KHTML, like Gecko) Mobile Safari/537.36 (compatible; PetalBot;+https://webmaster.petalsearch.com/site/petalbot)" "www.mantech8.com"
114.119.133.158 - - [14/Nov/2022:14:58:15 -0800] "GET /revolution/css/settings.css HTTP/1.1" 200 7703 "http://www.mantech8.com/contact.php" "Mozilla/5.0 (Linux; Android 7.0;) AppleWebKit/537.36 (KHTML, like Gecko) Mobile Safari/537.36 (compatible; PetalBot;+https://webmaster.petalsearch.com/site/petalbot)" "www.mantech8.com"
114.119.133.158 - - [14/Nov/2022:14:58:15 -0800] "GET /css/contactstyle.css HTTP/1.1" 200 2844 "http://www.mantech8.com/contact.php" "Mozilla/5.0 (Linux; Android 7.0;) AppleWebKit/537.36 (KHTML, like Gecko) Mobile Safari/537.36 (compatible; PetalBot;+https://webmaster.petalsearch.com/site/petalbot)" "www.mantech8.com"
114.119.133.158 - - [14/Nov/2022:14:58:15 -0800] "GET /revolution/css/navigation.css HTTP/1.1" 200 8028 "http://www.mantech8.com/contact.php" "Mozilla/5.0 (Linux; Android 7.0;) AppleWebKit/537.36 (KHTML, like Gecko) Mobile Safari/537.36 (compatible; PetalBot;+https://webmaster.petalsearch.com/site/petalbot)" "www.mantech8.com"
114.119.133.158 - - [14/Nov/2022:14:58:15 -0800] "GET /css/style2.css HTTP/1.1" 200 8414 "http://www.mantech8.com/contact.php" "Mozilla/5.0 (Linux; Android 7.0;) AppleWebKit/537.36 (KHTML, like Gecko) Mobile Safari/537.36 (compatible; PetalBot;+https://webmaster.petalsearch.com/site/petalbot)" "www.mantech8.com"
114.119.133.158 - - [14/Nov/2022:14:58:15 -0800] "GET /css/animate.css HTTP/1.1" 200 4264 "http://www.mantech8.com/contact.php" "Mozilla/5.0 (Linux; Android 7.0;) AppleWebKit/537.36 (KHTML, like Gecko) Mobile Safari/537.36 (compatible; PetalBot;+https://webmaster.petalsearch.com/site/petalbot)" "www.mantech8.com"
114.119.133.158 - - [14/Nov/2022:14:58:16 -0800] "GET /css/responsive1.css HTTP/1.1" 200 1710 "http://www.mantech8.com/contact.php" "Mozilla/5.0 (Linux; Android 7.0;) AppleWebKit/537.36 (KHTML, like Gecko) Mobile Safari/537.36 (compatible; PetalBot;+https://webmaster.petalsearch.com/site/petalbot)" "www.mantech8.com"
114.119.133.158 - - [14/Nov/2022:14:58:16 -0800] "GET /css/hover.css HTTP/1.1" 200 8530 "http://www.mantech8.com/css/style2.css" "Mozilla/5.0 (Linux; Android 7.0;) AppleWebKit/537.36 (KHTML, like Gecko) Mobile Safari/537.36 (compatible; PetalBot;+https://webmaster.petalsearch.com/site/petalbot)" "www.mantech8.com"
114.119.133.158 - - [14/Nov/2022:14:58:15 -0800] "GET /css/style.css HTTP/1.1" 200 126990 "http://www.mantech8.com/contact.php" "Mozilla/5.0 (Linux; Android 7.0;) AppleWebKit/537.36 (KHTML, like Gecko) Mobile Safari/537.36 (compatible; PetalBot;+https://webmaster.petalsearch.com/site/petalbot)" "www.mantech8.com"
114.119.133.158 - - [14/Nov/2022:14:58:15 -0800] "GET /css/grid.css HTTP/1.1" 200 1400 "http://www.mantech8.com/contact.php" "Mozilla/5.0 (Linux; Android 7.0;) AppleWebKit/537.36 (KHTML, like Gecko) Mobile Safari/537.36 (compatible; PetalBot;+https://webmaster.petalsearch.com/site/petalbot)" "www.mantech8.com"
114.119.133.158 - - [14/Nov/2022:14:58:15 -0800] "GET /css/contact-form.css HTTP/1.1" 200 1554 "http://www.mantech8.com/contact.php" "Mozilla/5.0 (Linux; Android 7.0;) AppleWebKit/537.36 (KHTML, like Gecko) Mobile Safari/537.36 (compatible; PetalBot;+https://webmaster.petalsearch.com/site/petalbot)" "www.mantech8.com"
114.119.133.158 - - [14/Nov/2022:14:58:15 -0800] "GET /revolution/css/layers.css HTTP/1.1" 200 7418 "http://www.mantech8.com/contact.php" "Mozilla/5.0 (Linux; Android 7.0;) AppleWebKit/537.36 (KHTML, like Gecko) Mobile Safari/537.36 (compatible; PetalBot;+https://webmaster.petalsearch.com/site/petalbot)" "www.mantech8.com"
114.119.133.158 - - [14/Nov/2022:14:58:17 -0800] "GET /css/font-awesome.css HTTP/1.1" 200 5793 "http://www.mantech8.com/css/style2.css" "Mozilla/5.0 (Linux; Android 7.0;) AppleWebKit/537.36 (KHTML, like Gecko) Mobile Safari/537.36 (compatible; PetalBot;+https://webmaster.petalsearch.com/site/petalbot)" "www.mantech8.com"
114.119.133.158 - - [14/Nov/2022:14:58:19 -0800] "GET /js/jquery.marquee.js?v=3 HTTP/1.1" 404 88 "http://www.mantech8.com/contact.php" "Mozilla/5.0 (Linux; Android 7.0;) AppleWebKit/537.36 (KHTML, like Gecko) Mobile Safari/537.36 (compatible; PetalBot;+https://webmaster.petalsearch.com/site/petalbot)" "www.mantech8.com"
114.119.133.158 - - [14/Nov/2022:14:58:19 -0800] "GET /js/jquery-1.11.3.min.js HTTP/1.1" 200 33279 "http://www.mantech8.com/contact.php" "Mozilla/5.0 (Linux; Android 7.0;) AppleWebKit/537.36 (KHTML, like Gecko) Mobile Safari/537.36 (compatible; PetalBot;+https://webmaster.petalsearch.com/site/petalbot)" "www.mantech8.com"
114.119.133.158 - - [14/Nov/2022:14:58:16 -0800] "GET /css/flaticon.css HTTP/1.1" 200 321 "http://www.mantech8.com/css/style2.css" "Mozilla/5.0 (Linux; Android 7.0;) AppleWebKit/537.36 (KHTML, like Gecko) Mobile Safari/537.36 (compatible; PetalBot;+https://webmaster.petalsearch.com/site/petalbot)" "www.mantech8.com"
114.119.133.158 - - [14/Nov/2022:14:58:20 -0800] "GET /js/jquery-migrate-1.2.1.min.js HTTP/1.1" 200 3063 "http://www.mantech8.com/contact.php" "Mozilla/5.0 (Linux; Android 7.0;) AppleWebKit/537.36 (KHTML, like Gecko) Mobile Safari/537.36 (compatible; PetalBot;+https://webmaster.petalsearch.com/site/petalbot)" "www.mantech8.com"
114.119.133.158 - - [14/Nov/2022:14:58:20 -0800] "GET /js/core.min1.js HTTP/1.1" 200 5104 "http://www.mantech8.com/contact.php" "Mozilla/5.0 (Linux; Android 7.0;) AppleWebKit/537.36 (KHTML, like Gecko) Mobile Safari/537.36 (compatible; PetalBot;+https://webmaster.petalsearch.com/site/petalbot)" "www.mantech8.com"
114.119.133.158 - - [14/Nov/2022:14:58:20 -0800] "GET /js/custom.js HTTP/1.1" 200 1648 "http://www.mantech8.com/contact.php" "Mozilla/5.0 (Linux; Android 7.0;) AppleWebKit/537.36 (KHTML, like Gecko) Mobile Safari/537.36 (compatible; PetalBot;+https://webmaster.petalsearch.com/site/petalbot)" "www.mantech8.com"
114.119.133.158 - - [14/Nov/2022:14:58:20 -0800] "GET /js/bootstrap.min.js HTTP/1.1" 200 9765 "http://www.mantech8.com/contact.php" "Mozilla/5.0 (Linux; Android 7.0;) AppleWebKit/537.36 (KHTML, like Gecko) Mobile Safari/537.36 (compatible; PetalBot;+https://webmaster.petalsearch.com/site/petalbot)" "www.mantech8.com"
114.119.133.158 - - [14/Nov/2022:14:58:20 -0800] "GET /js/plugins.js HTTP/1.1" 200 67071 "http://www.mantech8.com/contact.php" "Mozilla/5.0 (Linux; Android 7.0;) AppleWebKit/537.36 (KHTML, like Gecko) Mobile Safari/537.36 (compatible; PetalBot;+https://webmaster.petalsearch.com/site/petalbot)" "www.mantech8.com"
114.119.133.158 - - [14/Nov/2022:14:58:20 -0800] "GET /js/script.js HTTP/1.1" 200 7687 "http://www.mantech8.com/contact.php" "Mozilla/5.0 (Linux; Android 7.0;) AppleWebKit/537.36 (KHTML, like Gecko) Mobile Safari/537.36 (compatible; PetalBot;+https://webmaster.petalsearch.com/site/petalbot)" "www.mantech8.com"
114.119.133.158 - - [14/Nov/2022:14:58:20 -0800] "GET /js/rd-smoothscroll.min1.js HTTP/1.1" 200 1124 "http://www.mantech8.com/contact.php" "Mozilla/5.0 (Linux; Android 7.0;) AppleWebKit/537.36 (KHTML, like Gecko) Mobile Safari/537.36 (compatible; PetalBot;+https://webmaster.petalsearch.com/site/petalbot)" "www.mantech8.com"
114.119.133.158 - - [14/Nov/2022:14:58:20 -0800] "GET /js/jquery.rd-parallax.js HTTP/1.1" 200 2021 "http://www.mantech8.com/contact.php" "Mozilla/5.0 (Linux; Android 7.0;) AppleWebKit/537.36 (KHTML, like Gecko) Mobile Safari/537.36 (compatible; PetalBot;+https://webmaster.petalsearch.com/site/petalbot)" "www.mantech8.com"
114.119.133.158 - - [14/Nov/2022:14:58:21 -0800] "GET /revolution/js/revolution.extension.carousel.min.js HTTP/1.1" 200 2465 "http://www.mantech8.com/contact.php" "Mozilla/5.0 (Linux; Android 7.0;) AppleWebKit/537.36 (KHTML, like Gecko) Mobile Safari/537.36 (compatible; PetalBot;+https://webmaster.petalsearch.com/site/petalbot)" "www.mantech8.com"
114.119.133.158 - - [14/Nov/2022:14:58:21 -0800] "GET /revolution/js/revolution.extension.kenburn.min.js HTTP/1.1" 200 1285 "http://www.mantech8.com/contact.php" "Mozilla/5.0 (Linux; Android 7.0;) AppleWebKit/537.36 (KHTML, like Gecko) Mobile Safari/537.36 (compatible; PetalBot;+https://webmaster.petalsearch.com/site/petalbot)" "www.mantech8.com"
114.119.133.158 - - [14/Nov/2022:14:58:20 -0800] "GET /revolution/js/jquery.themepunch.revolution.min.js HTTP/1.1" 200 14034 "http://www.mantech8.com/contact.php" "Mozilla/5.0 (Linux; Android 7.0;) AppleWebKit/537.36 (KHTML, like Gecko) Mobile Safari/537.36 (compatible; PetalBot;+https://webmaster.petalsearch.com/site/petalbot)" "www.mantech8.com"
114.119.133.158 - - [14/Nov/2022:14:58:21 -0800] "GET /revolution/js/revolution.extension.actions.min.js HTTP/1.1" 200 2110 "http://www.mantech8.com/contact.php" "Mozilla/5.0 (Linux; Android 7.0;) AppleWebKit/537.36 (KHTML, like Gecko) Mobile Safari/537.36 (compatible; PetalBot;+https://webmaster.petalsearch.com/site/petalbot)" "www.mantech8.com"
114.119.133.158 - - [14/Nov/2022:14:58:20 -0800] "GET /revolution/js/jquery.themepunch.tools.min.js HTTP/1.1" 200 36033 "http://www.mantech8.com/contact.php" "Mozilla/5.0 (Linux; Android 7.0;) AppleWebKit/537.36 (KHTML, like Gecko) Mobile Safari/537.36 (compatible; PetalBot;+https://webmaster.petalsearch.com/site/petalbot)" "www.mantech8.com"
114.119.133.158 - - [14/Nov/2022:14:58:21 -0800] "GET /revolution/js/revolution.extension.layeranimation.min.js HTTP/1.1" 200 8295 "http://www.mantech8.com/contact.php" "Mozilla/5.0 (Linux; Android 7.0;) AppleWebKit/537.36 (KHTML, like Gecko) Mobile Safari/537.36 (compatible; PetalBot;+https://webmaster.petalsearch.com/site/petalbot)" "www.mantech8.com"
114.119.133.158 - - [14/Nov/2022:14:58:21 -0800] "GET /js/jquery.marquee.js?v=3 HTTP/1.1" 404 88 "http://www.mantech8.com/contact.php" "Mozilla/5.0 (Linux; Android 7.0;) AppleWebKit/537.36 (KHTML, like Gecko) Mobile Safari/537.36 (compatible; PetalBot;+https://webmaster.petalsearch.com/site/petalbot)" "www.mantech8.com"
114.119.133.158 - - [14/Nov/2022:14:58:22 -0800] "GET /revolution/js/revolution.extension.navigation.min.js HTTP/1.1" 200 6533 "http://www.mantech8.com/contact.php" "Mozilla/5.0 (Linux; Android 7.0;) AppleWebKit/537.36 (KHTML, like Gecko) Mobile Safari/537.36 (compatible; PetalBot;+https://webmaster.petalsearch.com/site/petalbot)" "www.mantech8.com"
114.119.133.158 - - [14/Nov/2022:14:58:22 -0800] "GET /revolution/js/revolution.extension.migration.min.js HTTP/1.1" 200 1739 "http://www.mantech8.com/contact.php" "Mozilla/5.0 (Linux; Android 7.0;) AppleWebKit/537.36 (KHTML, like Gecko) Mobile Safari/537.36 (compatible; PetalBot;+https://webmaster.petalsearch.com/site/petalbot)" "www.mantech8.com"
114.119.133.158 - - [14/Nov/2022:14:58:22 -0800] "GET /revolution/js/revolution.extension.slideanims.min.js HTTP/1.1" 200 6622 "http://www.mantech8.com/contact.php" "Mozilla/5.0 (Linux; Android 7.0;) AppleWebKit/537.36 (KHTML, like Gecko) Mobile Safari/537.36 (compatible; PetalBot;+https://webmaster.petalsearch.com/site/petalbot)" "www.mantech8.com"
114.119.133.158 - - [14/Nov/2022:14:58:22 -0800] "GET /revolution/js/revolution.extension.parallax.min.js HTTP/1.1" 200 2490 "http://www.mantech8.com/contact.php" "Mozilla/5.0 (Linux; Android 7.0;) AppleWebKit/537.36 (KHTML, like Gecko) Mobile Safari/537.36 (compatible; PetalBot;+https://webmaster.petalsearch.com/site/petalbot)" "www.mantech8.com"
114.119.133.158 - - [14/Nov/2022:14:58:22 -0800] "GET /revolution/js/revolution.extension.video.min.js HTTP/1.1" 200 5233 "http://www.mantech8.com/contact.php" "Mozilla/5.0 (Linux; Android 7.0;) AppleWebKit/537.36 (KHTML, like Gecko) Mobile Safari/537.36 (compatible; PetalBot;+https://webmaster.petalsearch.com/site/petalbot)" "www.mantech8.com"
185.191.171.35 - - [14/Nov/2022:14:58:56 -0800] "GET /?camp-fire%2F45081855.html HTTP/1.1" 500 - "-" "Mozilla/5.0 (compatible; SemrushBot/7~bl; +http://www.semrush.com/bot.html)" "mantech8.com"
185.191.171.23 - - [14/Nov/2022:15:00:58 -0800] "GET /?camp-fire%2F3469300.html HTTP/1.1" 500 - "-" "Mozilla/5.0 (compatible; SemrushBot/7~bl; +http://www.semrush.com/bot.html)" "mantech8.com"
185.191.171.11 - - [14/Nov/2022:15:01:01 -0800] "GET /index.php/camp-fire/28150059.html HTTP/1.1" 500 - "-" "Mozilla/5.0 (compatible; SemrushBot/7~bl; +http://www.semrush.com/bot.html)" "mantech8.com"
185.191.171.17 - - [14/Nov/2022:15:02:19 -0800] "GET /index.php/camp-fire/18115061.html HTTP/1.1" 500 - "-" "Mozilla/5.0 (compatible; SemrushBot/7~bl; +http://www.semrush.com/bot.html)" "mantech8.com"
185.191.171.23 - - [14/Nov/2022:15:02:38 -0800] "GET /index.php/camp-fire/15076124.html HTTP/1.1" 500 - "-" "Mozilla/5.0 (compatible; SemrushBot/7~bl; +http://www.semrush.com/bot.html)" "mantech8.com"
185.191.171.12 - - [14/Nov/2022:15:02:39 -0800] "GET /?camp-fire%2F1376153.html HTTP/1.1" 500 - "-" "Mozilla/5.0 (compatible; SemrushBot/7~bl; +http://www.semrush.com/bot.html)" "mantech8.com"
185.191.171.39 - - [14/Nov/2022:15:02:40 -0800] "GET /?camp-fire%2F7598021.html HTTP/1.1" 500 - "-" "Mozilla/5.0 (compatible; SemrushBot/7~bl; +http://www.semrush.com/bot.html)" "mantech8.com"
114.119.133.165 - - [14/Nov/2022:15:03:11 -0800] "GET /index.php?sitemap17044.xml HTTP/1.1" 200 289347 "-" "Mozilla/5.0 (compatible;PetalBot;+https://webmaster.petalsearch.com/site/petalbot)" "mantech8.com"
185.191.171.16 - - [14/Nov/2022:15:03:13 -0800] "GET /?camp-fire%2F9836083.html HTTP/1.1" 500 - "-" "Mozilla/5.0 (compatible; SemrushBot/7~bl; +http://www.semrush.com/bot.html)" "mantech8.com"
185.191.171.14 - - [14/Nov/2022:15:03:41 -0800] "GET /?camp-fire%2F2826390.html HTTP/1.1" 500 - "-" "Mozilla/5.0 (compatible; SemrushBot/7~bl; +http://www.semrush.com/bot.html)" "mantech8.com"
185.191.171.19 - - [14/Nov/2022:15:04:01 -0800] "GET /index.php/camp-fire/17618927.html HTTP/1.1" 500 - "-" "Mozilla/5.0 (compatible; SemrushBot/7~bl; +http://www.semrush.com/bot.html)" "mantech8.com"
185.191.171.33 - - [14/Nov/2022:15:04:08 -0800] "GET /index.php?camp-fire%2F464869.html HTTP/1.1" 500 - "-" "Mozilla/5.0 (compatible; SemrushBot/7~bl; +http://www.semrush.com/bot.html)" "mantech8.com"
185.191.171.26 - - [14/Nov/2022:15:05:04 -0800] "GET /?camp-fire%2F9590978.html HTTP/1.1" 500 - "-" "Mozilla/5.0 (compatible; SemrushBot/7~bl; +http://www.semrush.com/bot.html)" "mantech8.com"
185.191.171.20 - - [14/Nov/2022:15:05:11 -0800] "GET /?camp-fire%2F8110578.html HTTP/1.1" 500 - "-" "Mozilla/5.0 (compatible; SemrushBot/7~bl; +http://www.semrush.com/bot.html)" "mantech8.com"
185.191.171.1 - - [14/Nov/2022:15:05:20 -0800] "GET /index.php/camp-fire/45840050.html HTTP/1.1" 500 - "-" "Mozilla/5.0 (compatible; SemrushBot/7~bl; +http://www.semrush.com/bot.html)" "mantech8.com"
185.191.171.36 - - [14/Nov/2022:15:05:59 -0800] "GET /robots.txt HTTP/1.1" 200 106 "-" "Mozilla/5.0 (compatible; SemrushBot/7~bl; +http://www.semrush.com/bot.html)" "mantech8.com"
185.191.171.2 - - [14/Nov/2022:15:05:59 -0800] "GET /?camp-fire%2F3892874.html HTTP/1.1" 500 - "-" "Mozilla/5.0 (compatible; SemrushBot/7~bl; +http://www.semrush.com/bot.html)" "mantech8.com"
185.191.171.23 - - [14/Nov/2022:15:07:22 -0800] "GET /?camp-fire%2F1068969.html HTTP/1.1" 500 - "-" "Mozilla/5.0 (compatible; SemrushBot/7~bl; +http://www.semrush.com/bot.html)" "mantech8.com"
185.191.171.44 - - [14/Nov/2022:15:07:25 -0800] "GET /index.php/camp-fire/2424293.html HTTP/1.1" 500 - "-" "Mozilla/5.0 (compatible; SemrushBot/7~bl; +http://www.semrush.com/bot.html)" "mantech8.com"
185.191.171.24 - - [14/Nov/2022:15:07:29 -0800] "GET /?camp-fire%2F45835776.html HTTP/1.1" 500 - "-" "Mozilla/5.0 (compatible; SemrushBot/7~bl; +http://www.semrush.com/bot.html)" "mantech8.com"
61.135.159.214 - - [14/Nov/2022:15:07:50 -0800] "GET / HTTP/1.1" 500 - "-" "Sogou web spider/4.0(+http://www.sogou.com/docs/help/webmasters.htm#07)" "mantech8.com"
185.191.171.14 - - [14/Nov/2022:15:07:59 -0800] "GET /index.php/camp-fire/35053072.html HTTP/1.1" 500 - "-" "Mozilla/5.0 (compatible; SemrushBot/7~bl; +http://www.semrush.com/bot.html)" "mantech8.com"
114.119.133.190 - - [14/Nov/2022:15:08:17 -0800] "GET /index.php/sitemap6075.xml HTTP/1.1" 200 289354 "-" "Mozilla/5.0 (Linux; Android 7.0;) AppleWebKit/537.36 (KHTML, like Gecko) Mobile Safari/537.36 (compatible; PetalBot;+https://webmaster.petalsearch.com/site/petalbot)" "mantech8.com"
185.191.171.33 - - [14/Nov/2022:15:09:18 -0800] "GET /?camp-fire%2F46977071.html HTTP/1.1" 500 - "-" "Mozilla/5.0 (compatible; SemrushBot/7~bl; +http://www.semrush.com/bot.html)" "mantech8.com"
185.191.171.21 - - [14/Nov/2022:15:10:07 -0800] "GET /index.php/camp-fire/56099041.html HTTP/1.1" 500 - "-" "Mozilla/5.0 (compatible; SemrushBot/7~bl; +http://www.semrush.com/bot.html)" "mantech8.com"
185.191.171.39 - - [14/Nov/2022:15:10:16 -0800] "GET /index.php/camp-fire/26026876.html HTTP/1.1" 500 - "-" "Mozilla/5.0 (compatible; SemrushBot/7~bl; +http://www.semrush.com/bot.html)" "mantech8.com"
185.191.171.17 - - [14/Nov/2022:15:10:33 -0800] "GET /index.php/camp-fire/15196284.html HTTP/1.1" 500 - "-" "Mozilla/5.0 (compatible; SemrushBot/7~bl; +http://www.semrush.com/bot.html)" "mantech8.com"
185.191.171.4 - - [14/Nov/2022:15:10:56 -0800] "GET /index.php/camp-fire/17351165.html HTTP/1.1" 500 - "-" "Mozilla/5.0 (compatible; SemrushBot/7~bl; +http://www.semrush.com/bot.html)" "mantech8.com"
185.191.171.17 - - [14/Nov/2022:15:10:58 -0800] "GET /?camp-fire%2F9842996.html HTTP/1.1" 500 - "-" "Mozilla/5.0 (compatible; SemrushBot/7~bl; +http://www.semrush.com/bot.html)" "mantech8.com"
185.191.171.19 - - [14/Nov/2022:15:12:33 -0800] "GET /?camp-fire%2F5555565.html HTTP/1.1" 500 - "-" "Mozilla/5.0 (compatible; SemrushBot/7~bl; +http://www.semrush.com/bot.html)" "mantech8.com"
114.119.133.158 - - [14/Nov/2022:15:13:21 -0800] "GET /index.php?housewifelinesses.xml HTTP/1.1" 200 289218 "-" "Mozilla/5.0 (Linux; Android 7.0;) AppleWebKit/537.36 (KHTML, like Gecko) Mobile Safari/537.36 (compatible; PetalBot;+https://webmaster.petalsearch.com/site/petalbot)" "mantech8.com"
185.191.171.39 - - [14/Nov/2022:15:14:00 -0800] "GET /?camp-fire%2F3360700.html HTTP/1.1" 500 - "-" "Mozilla/5.0 (compatible; SemrushBot/7~bl; +http://www.semrush.com/bot.html)" "mantech8.com"
185.191.171.9 - - [14/Nov/2022:15:14:24 -0800] "GET /index.php?camp-fire%2F286398.html HTTP/1.1" 500 - "-" "Mozilla/5.0 (compatible; SemrushBot/7~bl; +http://www.semrush.com/bot.html)" "mantech8.com"
185.191.171.4 - - [14/Nov/2022:15:14:32 -0800] "GET /?camp-fire%2F1350090.html HTTP/1.1" 500 - "-" "Mozilla/5.0 (compatible; SemrushBot/7~bl; +http://www.semrush.com/bot.html)" "mantech8.com"
185.191.171.39 - - [14/Nov/2022:15:15:17 -0800] "GET /?camp-fire%2F1481053.html HTTP/1.1" 500 - "-" "Mozilla/5.0 (compatible; SemrushBot/7~bl; +http://www.semrush.com/bot.html)" "mantech8.com"
185.191.171.38 - - [14/Nov/2022:15:15:41 -0800] "GET /index.php/camp-fire/36808864.html HTTP/1.1" 500 - "-" "Mozilla/5.0 (compatible; SemrushBot/7~bl; +http://www.semrush.com/bot.html)" "mantech8.com"
185.191.171.44 - - [14/Nov/2022:15:15:47 -0800] "GET /?camp-fire%2F1421759.html HTTP/1.1" 500 - "-" "Mozilla/5.0 (compatible; SemrushBot/7~bl; +http://www.semrush.com/bot.html)" "mantech8.com"
185.191.171.5 - - [14/Nov/2022:15:16:17 -0800] "GET /?camp-fire%2F46871588.html HTTP/1.1" 500 - "-" "Mozilla/5.0 (compatible; SemrushBot/7~bl; +http://www.semrush.com/bot.html)" "mantech8.com"
185.191.171.39 - - [14/Nov/2022:15:16:22 -0800] "GET /index.php/camp-fire/1787951.html HTTP/1.1" 500 - "-" "Mozilla/5.0 (compatible; SemrushBot/7~bl; +http://www.semrush.com/bot.html)" "mantech8.com"
185.191.171.1 - - [14/Nov/2022:15:16:28 -0800] "GET /index.php/camp-fire/12885842.html HTTP/1.1" 500 - "-" "Mozilla/5.0 (compatible; SemrushBot/7~bl; +http://www.semrush.com/bot.html)" "mantech8.com"
185.191.171.4 - - [14/Nov/2022:15:16:45 -0800] "GET /?camp-fire%2F1128872.html HTTP/1.1" 500 - "-" "Mozilla/5.0 (compatible; SemrushBot/7~bl; +http://www.semrush.com/bot.html)" "mantech8.com"
185.191.171.38 - - [14/Nov/2022:15:17:01 -0800] "GET /index.php/camp-fire/10698700.html HTTP/1.1" 500 - "-" "Mozilla/5.0 (compatible; SemrushBot/7~bl; +http://www.semrush.com/bot.html)" "mantech8.com"
185.191.171.15 - - [14/Nov/2022:15:17:44 -0800] "GET /index.php/camp-fire/27339547.html HTTP/1.1" 500 - "-" "Mozilla/5.0 (compatible; SemrushBot/7~bl; +http://www.semrush.com/bot.html)" "mantech8.com"
114.119.133.190 - - [14/Nov/2022:15:18:40 -0800] "GET /index.php/athermallize.xml HTTP/1.1" 200 289312 "-" "Mozilla/5.0 (compatible;PetalBot;+https://webmaster.petalsearch.com/site/petalbot)" "mantech8.com"
207.46.13.177 - - [14/Nov/2022:15:19:23 -0800] "GET /index.php?camp-fire/17687430.html HTTP/1.1" 200 66220 "-" "Mozilla/5.0 AppleWebKit/537.36 (KHTML, like Gecko; compatible; bingbot/2.0; +http://www.bing.com/bingbot.htm) Chrome/103.0.5060.134 Safari/537.36" "www.mantech8.com"
185.191.171.16 - - [14/Nov/2022:15:20:14 -0800] "GET /index.php?camp-fire%2F770969.html HTTP/1.1" 500 - "-" "Mozilla/5.0 (compatible; SemrushBot/7~bl; +http://www.semrush.com/bot.html)" "mantech8.com"
185.191.171.13 - - [14/Nov/2022:15:20:29 -0800] "GET /?camp-fire%2F4702929.html HTTP/1.1" 500 - "-" "Mozilla/5.0 (compatible; SemrushBot/7~bl; +http://www.semrush.com/bot.html)" "mantech8.com"
185.191.171.41 - - [14/Nov/2022:15:20:36 -0800] "GET /?camp-fire%2F3111951.html HTTP/1.1" 500 - "-" "Mozilla/5.0 (compatible; SemrushBot/7~bl; +http://www.semrush.com/bot.html)" "mantech8.com"
185.191.171.40 - - [14/Nov/2022:15:21:30 -0800] "GET /?camp-fire%2F1348890.html HTTP/1.1" 500 - "-" "Mozilla/5.0 (compatible; SemrushBot/7~bl; +http://www.semrush.com/bot.html)" "mantech8.com"
185.191.171.9 - - [14/Nov/2022:15:22:09 -0800] "GET /index.php/camp-fire/9334196.html HTTP/1.1" 500 - "-" "Mozilla/5.0 (compatible; SemrushBot/7~bl; +http://www.semrush.com/bot.html)" "mantech8.com"
185.191.171.18 - - [14/Nov/2022:15:22:29 -0800] "GET /?camp-fire%2F8796608.html HTTP/1.1" 500 - "-" "Mozilla/5.0 (compatible; SemrushBot/7~bl; +http://www.semrush.com/bot.html)" "mantech8.com"
185.191.171.7 - - [14/Nov/2022:15:22:46 -0800] "GET /?camp-fire%2F9385078.html HTTP/1.1" 500 - "-" "Mozilla/5.0 (compatible; SemrushBot/7~bl; +http://www.semrush.com/bot.html)" "mantech8.com"
185.191.171.42 - - [14/Nov/2022:15:23:06 -0800] "GET /index.php/camp-fire/9330751.html HTTP/1.1" 500 - "-" "Mozilla/5.0 (compatible; SemrushBot/7~bl; +http://www.semrush.com/bot.html)" "mantech8.com"
185.191.171.7 - - [14/Nov/2022:15:23:21 -0800] "GET /?camp-fire%2F5158498.html HTTP/1.1" 500 - "-" "Mozilla/5.0 (compatible; SemrushBot/7~bl; +http://www.semrush.com/bot.html)" "mantech8.com"
114.119.133.158 - - [14/Nov/2022:15:23:29 -0800] "GET /?dejerator.xml HTTP/1.1" 200 270594 "-" "Mozilla/5.0 (compatible;PetalBot;+https://webmaster.petalsearch.com/site/petalbot)" "mantech8.com"
185.191.171.15 - - [14/Nov/2022:15:23:45 -0800] "GET /index.php/camp-fire/112025303.html HTTP/1.1" 500 - "-" "Mozilla/5.0 (compatible; SemrushBot/7~bl; +http://www.semrush.com/bot.html)" "mantech8.com"
185.191.171.4 - - [14/Nov/2022:15:23:49 -0800] "GET /index.php/camp-fire/26098726.html HTTP/1.1" 500 - "-" "Mozilla/5.0 (compatible; SemrushBot/7~bl; +http://www.semrush.com/bot.html)" "mantech8.com"
185.191.171.15 - - [14/Nov/2022:15:23:56 -0800] "GET /index.php/camp-fire/18010981.html HTTP/1.1" 500 - "-" "Mozilla/5.0 (compatible; SemrushBot/7~bl; +http://www.semrush.com/bot.html)" "mantech8.com"
185.191.171.5 - - [14/Nov/2022:15:24:24 -0800] "GET /index.php/camp-fire/27930370.html HTTP/1.1" 500 - "-" "Mozilla/5.0 (compatible; SemrushBot/7~bl; +http://www.semrush.com/bot.html)" "mantech8.com"
185.191.171.26 - - [14/Nov/2022:15:25:07 -0800] "GET /?camp-fire%2F47550135.html HTTP/1.1" 500 - "-" "Mozilla/5.0 (compatible; SemrushBot/7~bl; +http://www.semrush.com/bot.html)" "mantech8.com"
185.191.171.25 - - [14/Nov/2022:15:25:46 -0800] "GET /index.php/camp-fire/19155077.html HTTP/1.1" 500 - "-" "Mozilla/5.0 (compatible; SemrushBot/7~bl; +http://www.semrush.com/bot.html)" "mantech8.com"
185.191.171.13 - - [14/Nov/2022:15:25:52 -0800] "GET /index.php/camp-fire/65415976.html HTTP/1.1" 500 - "-" "Mozilla/5.0 (compatible; SemrushBot/7~bl; +http://www.semrush.com/bot.html)" "mantech8.com"
185.191.171.33 - - [14/Nov/2022:15:26:11 -0800] "GET /?camp-fire%2F47908272.html HTTP/1.1" 500 - "-" "Mozilla/5.0 (compatible; SemrushBot/7~bl; +http://www.semrush.com/bot.html)" "mantech8.com"
185.191.171.8 - - [14/Nov/2022:15:27:23 -0800] "GET /?camp-fire%2F4754885.html HTTP/1.1" 500 - "-" "Mozilla/5.0 (compatible; SemrushBot/7~bl; +http://www.semrush.com/bot.html)" "mantech8.com"
114.119.133.190 - - [14/Nov/2022:15:28:36 -0800] "GET /?crystalgazer.xml HTTP/1.1" 200 270556 "-" "Mozilla/5.0 (Linux; Android 7.0;) AppleWebKit/537.36 (KHTML, like Gecko) Mobile Safari/537.36 (compatible; PetalBot;+https://webmaster.petalsearch.com/site/petalbot)" "mantech8.com"
207.46.13.177 - - [14/Nov/2022:15:28:44 -0800] "GET /index.php/oM8T-43ed-XlyuN.Ii HTTP/1.1" 200 70760 "-" "Mozilla/5.0 (compatible; bingbot/2.0; +http://www.bing.com/bingbot.htm)" "www.mantech8.com"
185.191.171.11 - - [14/Nov/2022:15:29:00 -0800] "GET /index.php/camp-fire/9047669.html HTTP/1.1" 500 - "-" "Mozilla/5.0 (compatible; SemrushBot/7~bl; +http://www.semrush.com/bot.html)" "mantech8.com"
185.191.171.10 - - [14/Nov/2022:15:29:59 -0800] "GET /index.php/camp-fire/12547478.html HTTP/1.1" 500 - "-" "Mozilla/5.0 (compatible; SemrushBot/7~bl; +http://www.semrush.com/bot.html)" "mantech8.com"
40.77.167.64 - - [14/Nov/2022:15:30:10 -0800] "GET /index.php?camp-fire/36153777.html HTTP/1.1" 200 71018 "-" "Mozilla/5.0 AppleWebKit/537.36 (KHTML, like Gecko; compatible; bingbot/2.0; +http://www.bing.com/bingbot.htm) Chrome/103.0.5060.134 Safari/537.36" "www.mantech8.com"
185.191.171.44 - - [14/Nov/2022:15:30:32 -0800] "GET /?camp-fire%2F4332396.html HTTP/1.1" 500 - "-" "Mozilla/5.0 (compatible; SemrushBot/7~bl; +http://www.semrush.com/bot.html)" "mantech8.com"
185.191.171.3 - - [14/Nov/2022:15:31:06 -0800] "GET /index.php/camp-fire/11189629.html HTTP/1.1" 500 - "-" "Mozilla/5.0 (compatible; SemrushBot/7~bl; +http://www.semrush.com/bot.html)" "mantech8.com"
185.191.171.16 - - [14/Nov/2022:15:31:36 -0800] "GET /?camp-fire%2F4272096.html HTTP/1.1" 500 - "-" "Mozilla/5.0 (compatible; SemrushBot/7~bl; +http://www.semrush.com/bot.html)" "mantech8.com"
185.191.171.21 - - [14/Nov/2022:15:31:51 -0800] "GET /index.php/camp-fire/39623935.html HTTP/1.1" 500 - "-" "Mozilla/5.0 (compatible; SemrushBot/7~bl; +http://www.semrush.com/bot.html)" "mantech8.com"
185.191.171.14 - - [14/Nov/2022:15:32:37 -0800] "GET /index.php/camp-fire/42946034.html HTTP/1.1" 500 - "-" "Mozilla/5.0 (compatible; SemrushBot/7~bl; +http://www.semrush.com/bot.html)" "mantech8.com"
185.191.171.37 - - [14/Nov/2022:15:33:14 -0800] "GET /index.php/camp-fire/28405597.html HTTP/1.1" 500 - "-" "Mozilla/5.0 (compatible; SemrushBot/7~bl; +http://www.semrush.com/bot.html)" "mantech8.com"
185.191.171.14 - - [14/Nov/2022:15:33:34 -0800] "GET /?camp-fire%2F8345642.html HTTP/1.1" 500 - "-" "Mozilla/5.0 (compatible; SemrushBot/7~bl; +http://www.semrush.com/bot.html)" "mantech8.com"
185.191.171.40 - - [14/Nov/2022:15:33:37 -0800] "GET /?camp-fire%2F47045250.html HTTP/1.1" 500 - "-" "Mozilla/5.0 (compatible; SemrushBot/7~bl; +http://www.semrush.com/bot.html)" "mantech8.com"
114.119.133.190 - - [14/Nov/2022:15:33:40 -0800] "GET /?sitemap870.xml HTTP/1.1" 200 270219 "-" "Mozilla/5.0 (Linux; Android 7.0;) AppleWebKit/537.36 (KHTML, like Gecko) Mobile Safari/537.36 (compatible; PetalBot;+https://webmaster.petalsearch.com/site/petalbot)" "mantech8.com"
185.191.171.2 - - [14/Nov/2022:15:33:47 -0800] "GET /?camp-fire%2F1251029.html HTTP/1.1" 500 - "-" "Mozilla/5.0 (compatible; SemrushBot/7~bl; +http://www.semrush.com/bot.html)" "mantech8.com"
185.191.171.21 - - [14/Nov/2022:15:33:49 -0800] "GET /index.php/camp-fire/28440663.html HTTP/1.1" 500 - "-" "Mozilla/5.0 (compatible; SemrushBot/7~bl; +http://www.semrush.com/bot.html)" "mantech8.com"
185.191.171.12 - - [14/Nov/2022:15:34:35 -0800] "GET /?camp-fire%2F7769642.html HTTP/1.1" 500 - "-" "Mozilla/5.0 (compatible; SemrushBot/7~bl; +http://www.semrush.com/bot.html)" "mantech8.com"
185.191.171.6 - - [14/Nov/2022:15:34:41 -0800] "GET /index.php/camp-fire/27340697.html HTTP/1.1" 500 - "-" "Mozilla/5.0 (compatible; SemrushBot/7~bl; +http://www.semrush.com/bot.html)" "mantech8.com"
185.191.171.41 - - [14/Nov/2022:15:34:59 -0800] "GET /index.php/camp-fire/14774957.html HTTP/1.1" 500 - "-" "Mozilla/5.0 (compatible; SemrushBot/7~bl; +http://www.semrush.com/bot.html)" "mantech8.com"
185.191.171.45 - - [14/Nov/2022:15:36:08 -0800] "GET /?camp-fire%2F2520993.html HTTP/1.1" 500 - "-" "Mozilla/5.0 (compatible; SemrushBot/7~bl; +http://www.semrush.com/bot.html)" "mantech8.com"
185.191.171.3 - - [14/Nov/2022:15:36:18 -0800] "GET /index.php/camp-fire/20421546.html HTTP/1.1" 500 - "-" "Mozilla/5.0 (compatible; SemrushBot/7~bl; +http://www.semrush.com/bot.html)" "mantech8.com"
185.191.171.41 - - [14/Nov/2022:15:36:24 -0800] "GET /index.php/camp-fire/33389042.html HTTP/1.1" 500 - "-" "Mozilla/5.0 (compatible; SemrushBot/7~bl; +http://www.semrush.com/bot.html)" "mantech8.com"
185.191.171.15 - - [14/Nov/2022:15:38:31 -0800] "GET /?camp-fire%2F8898000.html HTTP/1.1" 500 - "-" "Mozilla/5.0 (compatible; SemrushBot/7~bl; +http://www.semrush.com/bot.html)" "mantech8.com"
185.191.171.4 - - [14/Nov/2022:15:38:33 -0800] "GET /index.php/camp-fire/28352635.html HTTP/1.1" 500 - "-" "Mozilla/5.0 (compatible; SemrushBot/7~bl; +http://www.semrush.com/bot.html)" "mantech8.com"
114.119.133.165 - - [14/Nov/2022:15:38:43 -0800] "GET /sitemap1797.xml HTTP/1.1" 404 88 "-" "Mozilla/5.0 (Linux; Android 7.0;) AppleWebKit/537.36 (KHTML, like Gecko) Mobile Safari/537.36 (compatible; PetalBot;+https://webmaster.petalsearch.com/site/petalbot)" "mantech8.com"
185.191.171.22 - - [14/Nov/2022:15:39:08 -0800] "GET /?camp-fire%2F7808142.html HTTP/1.1" 500 - "-" "Mozilla/5.0 (compatible; SemrushBot/7~bl; +http://www.semrush.com/bot.html)" "mantech8.com"
185.191.171.42 - - [14/Nov/2022:15:39:29 -0800] "GET /index.php/camp-fire/32013909.html HTTP/1.1" 500 - "-" "Mozilla/5.0 (compatible; SemrushBot/7~bl; +http://www.semrush.com/bot.html)" "mantech8.com"
185.191.171.3 - - [14/Nov/2022:15:39:40 -0800] "GET /?camp-fire%2F4814474.html HTTP/1.1" 500 - "-" "Mozilla/5.0 (compatible; SemrushBot/7~bl; +http://www.semrush.com/bot.html)" "mantech8.com"
185.191.171.33 - - [14/Nov/2022:15:40:02 -0800] "GET /?camp-fire%2F3846198.html HTTP/1.1" 500 - "-" "Mozilla/5.0 (compatible; SemrushBot/7~bl; +http://www.semrush.com/bot.html)" "mantech8.com"
185.191.171.7 - - [14/Nov/2022:15:40:57 -0800] "GET /?camp-fire%2F8701042.html HTTP/1.1" 500 - "-" "Mozilla/5.0 (compatible; SemrushBot/7~bl; +http://www.semrush.com/bot.html)" "mantech8.com"
185.191.171.6 - - [14/Nov/2022:15:41:06 -0800] "GET /?camp-fire%2F4682365.html HTTP/1.1" 500 - "-" "Mozilla/5.0 (compatible; SemrushBot/7~bl; +http://www.semrush.com/bot.html)" "mantech8.com"
185.191.171.15 - - [14/Nov/2022:15:41:43 -0800] "GET /index.php/camp-fire/19897487.html HTTP/1.1" 500 - "-" "Mozilla/5.0 (compatible; SemrushBot/7~bl; +http://www.semrush.com/bot.html)" "mantech8.com"
185.191.171.8 - - [14/Nov/2022:15:42:04 -0800] "GET /index.php/camp-fire/1446259.html HTTP/1.1" 500 - "-" "Mozilla/5.0 (compatible; SemrushBot/7~bl; +http://www.semrush.com/bot.html)" "mantech8.com"
185.191.171.12 - - [14/Nov/2022:15:42:05 -0800] "GET /index.php/camp-fire/12070790.html HTTP/1.1" 500 - "-" "Mozilla/5.0 (compatible; SemrushBot/7~bl; +http://www.semrush.com/bot.html)" "mantech8.com"
185.191.171.34 - - [14/Nov/2022:15:43:30 -0800] "GET /?camp-fire%2F8191080.html HTTP/1.1" 500 - "-" "Mozilla/5.0 (compatible; SemrushBot/7~bl; +http://www.semrush.com/bot.html)" "mantech8.com"
185.191.171.14 - - [14/Nov/2022:15:44:10 -0800] "GET /index.php/camp-fire/32105930.html HTTP/1.1" 500 - "-" "Mozilla/5.0 (compatible; SemrushBot/7~bl; +http://www.semrush.com/bot.html)" "mantech8.com"
185.191.171.37 - - [14/Nov/2022:15:44:34 -0800] "GET /index.php/camp-fire/23023683.html HTTP/1.1" 500 - "-" "Mozilla/5.0 (compatible; SemrushBot/7~bl; +http://www.semrush.com/bot.html)" "mantech8.com"
185.191.171.44 - - [14/Nov/2022:15:44:37 -0800] "GET /index.php/camp-fire/10317590.html HTTP/1.1" 500 - "-" "Mozilla/5.0 (compatible; SemrushBot/7~bl; +http://www.semrush.com/bot.html)" "mantech8.com"
185.191.171.39 - - [14/Nov/2022:15:44:45 -0800] "GET /?camp-fire%2F2376893.html HTTP/1.1" 500 - "-" "Mozilla/5.0 (compatible; SemrushBot/7~bl; +http://www.semrush.com/bot.html)" "mantech8.com"
185.191.171.34 - - [14/Nov/2022:15:44:56 -0800] "GET /index.php/camp-fire/18705665.html HTTP/1.1" 500 - "-" "Mozilla/5.0 (compatible; SemrushBot/7~bl; +http://www.semrush.com/bot.html)" "mantech8.com"
185.191.171.22 - - [14/Nov/2022:15:45:18 -0800] "GET /index.php?camp-fire%2F566569.html HTTP/1.1" 500 - "-" "Mozilla/5.0 (compatible; SemrushBot/7~bl; +http://www.semrush.com/bot.html)" "mantech8.com"
185.191.171.25 - - [14/Nov/2022:15:46:16 -0800] "GET /index.php/camp-fire/15215384.html HTTP/1.1" 500 - "-" "Mozilla/5.0 (compatible; SemrushBot/7~bl; +http://www.semrush.com/bot.html)" "mantech8.com"
185.191.171.41 - - [14/Nov/2022:15:46:17 -0800] "GET /index.php/camp-fire/18093557.html HTTP/1.1" 500 - "-" "Mozilla/5.0 (compatible; SemrushBot/7~bl; +http://www.semrush.com/bot.html)" "mantech8.com"
185.191.171.23 - - [14/Nov/2022:15:47:26 -0800] "GET /?camp-fire%2F1932951.html HTTP/1.1" 500 - "-" "Mozilla/5.0 (compatible; SemrushBot/7~bl; +http://www.semrush.com/bot.html)" "mantech8.com"
185.191.171.34 - - [14/Nov/2022:15:48:53 -0800] "GET /?camp-fire%2F49672508.html HTTP/1.1" 500 - "-" "Mozilla/5.0 (compatible; SemrushBot/7~bl; +http://www.semrush.com/bot.html)" "mantech8.com"
20.124.47.144 - - [14/Nov/2022:15:49:16 -0800] "GET /robots.txt HTTP/1.1" 200 106 "-" "python-requests/2.27.1" "mantech8.com"
20.124.47.144 - - [14/Nov/2022:15:49:21 -0800] "GET /bimages/hgallery/thump/latest2big.jpg HTTP/1.1" 200 58819 "-" "Mozilla/5.0 (Windows NT 10.0; Win64; x64) AppleWebKit/537.36 (KHTML, like Gecko) Chrome/76.0.3809.100 Safari/537.36" "mantech8.com"
185.191.171.37 - - [14/Nov/2022:15:50:08 -0800] "GET /index.php/camp-fire/17773821.html HTTP/1.1" 500 - "-" "Mozilla/5.0 (compatible; SemrushBot/7~bl; +http://www.semrush.com/bot.html)" "mantech8.com"
185.191.171.11 - - [14/Nov/2022:15:51:24 -0800] "GET /?camp-fire%2F49378193.html HTTP/1.1" 500 - "-" "Mozilla/5.0 (compatible; SemrushBot/7~bl; +http://www.semrush.com/bot.html)" "mantech8.com"
185.191.171.15 - - [14/Nov/2022:15:51:56 -0800] "GET /index.php/camp-fire/5624090.html HTTP/1.1" 500 - "-" "Mozilla/5.0 (compatible; SemrushBot/7~bl; +http://www.semrush.com/bot.html)" "mantech8.com"
185.191.171.12 - - [14/Nov/2022:15:52:10 -0800] "GET /index.php/camp-fire/15551846.html HTTP/1.1" 500 - "-" "Mozilla/5.0 (compatible; SemrushBot/7~bl; +http://www.semrush.com/bot.html)" "mantech8.com"
216.244.66.241 - - [14/Nov/2022:15:52:22 -0800] "GET /robots.txt HTTP/1.1" 200 222 "-" "Mozilla/5.0 (compatible; DotBot/1.2; +https://opensiteexplorer.org/dotbot; help@moz.com)" "mantech8.com"
216.244.66.241 - - [14/Nov/2022:15:52:22 -0800] "GET /robots.txt HTTP/1.1" 200 222 "-" "Mozilla/5.0 (compatible; DotBot/1.2; +https://opensiteexplorer.org/dotbot; help@moz.com)" "www.mantech8.com"
185.191.171.40 - - [14/Nov/2022:15:52:16 -0800] "GET /?camp-fire%2F1931051.html HTTP/1.1" 500 - "-" "Mozilla/5.0 (compatible; SemrushBot/7~bl; +http://www.semrush.com/bot.html)" "mantech8.com"
185.191.171.33 - - [14/Nov/2022:15:52:44 -0800] "GET /?camp-fire%2F1945259.html HTTP/1.1" 500 - "-" "Mozilla/5.0 (compatible; SemrushBot/7~bl; +http://www.semrush.com/bot.html)" "mantech8.com"
185.191.171.25 - - [14/Nov/2022:15:52:59 -0800] "GET /index.php/camp-fire/14404683.html HTTP/1.1" 500 - "-" "Mozilla/5.0 (compatible; SemrushBot/7~bl; +http://www.semrush.com/bot.html)" "mantech8.com"
185.191.171.14 - - [14/Nov/2022:15:53:29 -0800] "GET /index.php/camp-fire/14359476.html HTTP/1.1" 500 - "-" "Mozilla/5.0 (compatible; SemrushBot/7~bl; +http://www.semrush.com/bot.html)" "mantech8.com"
185.191.171.25 - - [14/Nov/2022:15:53:36 -0800] "GET /index.php/camp-fire/11520159.html HTTP/1.1" 500 - "-" "Mozilla/5.0 (compatible; SemrushBot/7~bl; +http://www.semrush.com/bot.html)" "mantech8.com"
185.191.171.17 - - [14/Nov/2022:15:53:37 -0800] "GET /index.php/camp-fire/2396900.html HTTP/1.1" 500 - "-" "Mozilla/5.0 (compatible; SemrushBot/7~bl; +http://www.semrush.com/bot.html)" "mantech8.com"
185.191.171.10 - - [14/Nov/2022:15:54:17 -0800] "GET /index.php/camp-fire/15177884.html HTTP/1.1" 500 - "-" "Mozilla/5.0 (compatible; SemrushBot/7~bl; +http://www.semrush.com/bot.html)" "mantech8.com"
185.191.171.37 - - [14/Nov/2022:15:54:31 -0800] "GET /?camp-fire%2F9687183.html HTTP/1.1" 500 - "-" "Mozilla/5.0 (compatible; SemrushBot/7~bl; +http://www.semrush.com/bot.html)" "mantech8.com"
185.191.171.1 - - [14/Nov/2022:15:55:12 -0800] "GET /?camp-fire%2F1184472.html HTTP/1.1" 500 - "-" "Mozilla/5.0 (compatible; SemrushBot/7~bl; +http://www.semrush.com/bot.html)" "mantech8.com"
185.191.171.8 - - [14/Nov/2022:15:55:13 -0800] "GET /index.php/camp-fire/5417100.html HTTP/1.1" 500 - "-" "Mozilla/5.0 (compatible; SemrushBot/7~bl; +http://www.semrush.com/bot.html)" "mantech8.com"
40.77.167.25 - - [14/Nov/2022:15:55:47 -0800] "GET /index.php?camp-fire/72085531.html HTTP/1.1" 200 63745 "-" "Mozilla/5.0 AppleWebKit/537.36 (KHTML, like Gecko; compatible; bingbot/2.0; +http://www.bing.com/bingbot.htm) Chrome/103.0.5060.134 Safari/537.36" "www.mantech8.com"
207.46.13.65 - - [14/Nov/2022:15:56:35 -0800] "GET /index.php/iWlKP-0bb5cbdaba-Pstd.Ii HTTP/1.1" 200 31509 "-" "Mozilla/5.0 (compatible; bingbot/2.0; +http://www.bing.com/bingbot.htm)" "mantech8.com"
185.191.171.2 - - [14/Nov/2022:15:56:41 -0800] "GET /index.php/camp-fire/11464609.html HTTP/1.1" 500 - "-" "Mozilla/5.0 (compatible; SemrushBot/7~bl; +http://www.semrush.com/bot.html)" "mantech8.com"
185.191.171.23 - - [14/Nov/2022:15:56:49 -0800] "GET /?camp-fire%2F9802283.html HTTP/1.1" 500 - "-" "Mozilla/5.0 (compatible; SemrushBot/7~bl; +http://www.semrush.com/bot.html)" "mantech8.com"
185.191.171.2 - - [14/Nov/2022:15:55:51 -0800] "GET /index.php/camp-fire/11464609.html HTTP/1.1" 500 - "-" "Mozilla/5.0 (compatible; SemrushBot/7~bl; +http://www.semrush.com/bot.html)" "mantech8.com"
207.46.13.177 - - [14/Nov/2022:15:56:49 -0800] "GET /index.php/BltHf-35b2ebddd-9hDJ.Ii HTTP/1.1" 200 33976 "-" "Mozilla/5.0 (compatible; bingbot/2.0; +http://www.bing.com/bingbot.htm)" "mantech8.com"
185.191.171.13 - - [14/Nov/2022:15:56:59 -0800] "GET /?camp-fire%2F4335000.html HTTP/1.1" 500 - "-" "Mozilla/5.0 (compatible; SemrushBot/7~bl; +http://www.semrush.com/bot.html)" "mantech8.com"
185.191.171.8 - - [14/Nov/2022:15:57:22 -0800] "GET /index.php?camp-fire%2F503469.html HTTP/1.1" 500 - "-" "Mozilla/5.0 (compatible; SemrushBot/7~bl; +http://www.semrush.com/bot.html)" "mantech8.com"
185.191.171.11 - - [14/Nov/2022:15:58:30 -0800] "GET /index.php/camp-fire/10541057.html HTTP/1.1" 500 - "-" "Mozilla/5.0 (compatible; SemrushBot/7~bl; +http://www.semrush.com/bot.html)" "mantech8.com"
185.191.171.10 - - [14/Nov/2022:15:58:50 -0800] "GET /?camp-fire%2F8673808.html HTTP/1.1" 500 - "-" "Mozilla/5.0 (compatible; SemrushBot/7~bl; +http://www.semrush.com/bot.html)" "mantech8.com"
