122.11.177.221 - - [13/Nov/2022:22:15:07 -0800] "GET /bimages/gallery/paint3.jpg HTTP/1.1" 200 182290 "http://www.mantech8.com/gallery.php" "Mozilla/5.0 (Windows NT 10.0; Win64; x64) AppleWebKit/537.36 (KHTML, like Gecko) Chrome/107.0.0.0 Safari/537.36 Edg/107.0.1418.42" "www.mantech8.com"
122.11.177.221 - - [13/Nov/2022:22:15:07 -0800] "GET /bimages/gallery/paint4.jpg HTTP/1.1" 200 184695 "http://www.mantech8.com/gallery.php" "Mozilla/5.0 (Windows NT 10.0; Win64; x64) AppleWebKit/537.36 (KHTML, like Gecko) Chrome/107.0.0.0 Safari/537.36 Edg/107.0.1418.42" "www.mantech8.com"
122.11.177.221 - - [13/Nov/2022:22:15:07 -0800] "GET /bimages/gallery/paint5.jpg HTTP/1.1" 200 126763 "http://www.mantech8.com/gallery.php" "Mozilla/5.0 (Windows NT 10.0; Win64; x64) AppleWebKit/537.36 (KHTML, like Gecko) Chrome/107.0.0.0 Safari/537.36 Edg/107.0.1418.42" "www.mantech8.com"
122.11.177.221 - - [13/Nov/2022:22:15:08 -0800] "GET /bimages/gallery/paint1.jpg HTTP/1.1" 200 181426 "http://www.mantech8.com/gallery.php" "Mozilla/5.0 (Windows NT 10.0; Win64; x64) AppleWebKit/537.36 (KHTML, like Gecko) Chrome/107.0.0.0 Safari/537.36 Edg/107.0.1418.42" "www.mantech8.com"
122.11.177.221 - - [13/Nov/2022:22:15:08 -0800] "GET /bimages/gallery/13.jpg HTTP/1.1" 200 148224 "http://www.mantech8.com/gallery.php" "Mozilla/5.0 (Windows NT 10.0; Win64; x64) AppleWebKit/537.36 (KHTML, like Gecko) Chrome/107.0.0.0 Safari/537.36 Edg/107.0.1418.42" "www.mantech8.com"
122.11.177.221 - - [13/Nov/2022:22:15:08 -0800] "GET /bimages/gallery/31.jpg HTTP/1.1" 200 106635 "http://www.mantech8.com/gallery.php" "Mozilla/5.0 (Windows NT 10.0; Win64; x64) AppleWebKit/537.36 (KHTML, like Gecko) Chrome/107.0.0.0 Safari/537.36 Edg/107.0.1418.42" "www.mantech8.com"
122.11.177.221 - - [13/Nov/2022:22:15:08 -0800] "GET /bimages/gallery/cb1.jpg HTTP/1.1" 200 201031 "http://www.mantech8.com/gallery.php" "Mozilla/5.0 (Windows NT 10.0; Win64; x64) AppleWebKit/537.36 (KHTML, like Gecko) Chrome/107.0.0.0 Safari/537.36 Edg/107.0.1418.42" "www.mantech8.com"
122.11.177.221 - - [13/Nov/2022:22:15:09 -0800] "GET /bimages/gallery/ HTTP/1.1" 200 9508 "http://www.mantech8.com/gallery.php" "Mozilla/5.0 (Windows NT 10.0; Win64; x64) AppleWebKit/537.36 (KHTML, like Gecko) Chrome/107.0.0.0 Safari/537.36 Edg/107.0.1418.42" "www.mantech8.com"
122.11.177.221 - - [13/Nov/2022:22:15:07 -0800] "GET /bimages/gallery/paint6.jpg HTTP/1.1" 200 105094 "http://www.mantech8.com/gallery.php" "Mozilla/5.0 (Windows NT 10.0; Win64; x64) AppleWebKit/537.36 (KHTML, like Gecko) Chrome/107.0.0.0 Safari/537.36 Edg/107.0.1418.42" "www.mantech8.com"
122.11.177.221 - - [13/Nov/2022:22:15:08 -0800] "GET /bimages/gallery/paint2.jpg HTTP/1.1" 200 149594 "http://www.mantech8.com/gallery.php" "Mozilla/5.0 (Windows NT 10.0; Win64; x64) AppleWebKit/537.36 (KHTML, like Gecko) Chrome/107.0.0.0 Safari/537.36 Edg/107.0.1418.42" "www.mantech8.com"
122.11.177.221 - - [13/Nov/2022:22:15:12 -0800] "GET /head1.php HTTP/1.1" 200 17894 "http://www.mantech8.com/gallery.php" "Mozilla/5.0 (Windows NT 10.0; Win64; x64) AppleWebKit/537.36 (KHTML, like Gecko) Chrome/107.0.0.0 Safari/537.36 Edg/107.0.1418.42" "www.mantech8.com"
122.11.177.221 - - [13/Nov/2022:22:15:12 -0800] "GET /bimages/headg/12.jpg HTTP/1.1" 200 121344 "http://www.mantech8.com/head1.php" "Mozilla/5.0 (Windows NT 10.0; Win64; x64) AppleWebKit/537.36 (KHTML, like Gecko) Chrome/107.0.0.0 Safari/537.36 Edg/107.0.1418.42" "www.mantech8.com"
122.11.177.221 - - [13/Nov/2022:22:15:12 -0800] "GET /bimages/headg/31.jpg HTTP/1.1" 200 106635 "http://www.mantech8.com/head1.php" "Mozilla/5.0 (Windows NT 10.0; Win64; x64) AppleWebKit/537.36 (KHTML, like Gecko) Chrome/107.0.0.0 Safari/537.36 Edg/107.0.1418.42" "www.mantech8.com"
122.11.177.221 - - [13/Nov/2022:22:15:12 -0800] "GET /bimages/headg/13.jpg HTTP/1.1" 200 148224 "http://www.mantech8.com/head1.php" "Mozilla/5.0 (Windows NT 10.0; Win64; x64) AppleWebKit/537.36 (KHTML, like Gecko) Chrome/107.0.0.0 Safari/537.36 Edg/107.0.1418.42" "www.mantech8.com"
122.11.177.221 - - [13/Nov/2022:22:15:12 -0800] "GET /bimages/headg/11.jpg HTTP/1.1" 200 143756 "http://www.mantech8.com/head1.php" "Mozilla/5.0 (Windows NT 10.0; Win64; x64) AppleWebKit/537.36 (KHTML, like Gecko) Chrome/107.0.0.0 Safari/537.36 Edg/107.0.1418.42" "www.mantech8.com"
122.11.177.221 - - [13/Nov/2022:22:15:12 -0800] "GET /bimages/headg/IDN%20S.jpg HTTP/1.1" 200 196250 "http://www.mantech8.com/head1.php" "Mozilla/5.0 (Windows NT 10.0; Win64; x64) AppleWebKit/537.36 (KHTML, like Gecko) Chrome/107.0.0.0 Safari/537.36 Edg/107.0.1418.42" "www.mantech8.com"
122.11.177.221 - - [13/Nov/2022:22:15:17 -0800] "GET /head1.php HTTP/1.1" 200 17894 "http://www.mantech8.com/head1.php" "Mozilla/5.0 (Windows NT 10.0; Win64; x64) AppleWebKit/537.36 (KHTML, like Gecko) Chrome/107.0.0.0 Safari/537.36 Edg/107.0.1418.42" "www.mantech8.com"
122.11.177.221 - - [13/Nov/2022:22:15:18 -0800] "GET /gallery.php HTTP/1.1" 200 49088 "http://www.mantech8.com/head1.php" "Mozilla/5.0 (Windows NT 10.0; Win64; x64) AppleWebKit/537.36 (KHTML, like Gecko) Chrome/107.0.0.0 Safari/537.36 Edg/107.0.1418.42" "www.mantech8.com"
122.11.177.221 - - [13/Nov/2022:22:15:19 -0800] "GET /bimages/gallery/s6.jpg HTTP/1.1" 200 131268 "http://www.mantech8.com/gallery.php" "Mozilla/5.0 (Windows NT 10.0; Win64; x64) AppleWebKit/537.36 (KHTML, like Gecko) Chrome/107.0.0.0 Safari/537.36 Edg/107.0.1418.42" "www.mantech8.com"
122.11.177.221 - - [13/Nov/2022:22:15:19 -0800] "GET /bimages/gallery/ HTTP/1.1" 200 9508 "http://www.mantech8.com/gallery.php" "Mozilla/5.0 (Windows NT 10.0; Win64; x64) AppleWebKit/537.36 (KHTML, like Gecko) Chrome/107.0.0.0 Safari/537.36 Edg/107.0.1418.42" "www.mantech8.com"
122.11.177.221 - - [13/Nov/2022:22:15:24 -0800] "GET /hydrogal.php HTTP/1.1" 200 17303 "http://www.mantech8.com/gallery.php" "Mozilla/5.0 (Windows NT 10.0; Win64; x64) AppleWebKit/537.36 (KHTML, like Gecko) Chrome/107.0.0.0 Safari/537.36 Edg/107.0.1418.42" "www.mantech8.com"
122.11.177.221 - - [13/Nov/2022:22:15:25 -0800] "GET /bimages/hydrog/IDN%20S2.jpg HTTP/1.1" 200 204791 "http://www.mantech8.com/hydrogal.php" "Mozilla/5.0 (Windows NT 10.0; Win64; x64) AppleWebKit/537.36 (KHTML, like Gecko) Chrome/107.0.0.0 Safari/537.36 Edg/107.0.1418.42" "www.mantech8.com"
122.11.177.221 - - [13/Nov/2022:22:15:25 -0800] "GET /bimages/hydrog/IDN%20S1.jpg HTTP/1.1" 200 165815 "http://www.mantech8.com/hydrogal.php" "Mozilla/5.0 (Windows NT 10.0; Win64; x64) AppleWebKit/537.36 (KHTML, like Gecko) Chrome/107.0.0.0 Safari/537.36 Edg/107.0.1418.42" "www.mantech8.com"
122.11.177.221 - - [13/Nov/2022:22:15:25 -0800] "GET /bimages/hydrog/IDN%20S3.jpg HTTP/1.1" 200 119804 "http://www.mantech8.com/hydrogal.php" "Mozilla/5.0 (Windows NT 10.0; Win64; x64) AppleWebKit/537.36 (KHTML, like Gecko) Chrome/107.0.0.0 Safari/537.36 Edg/107.0.1418.42" "www.mantech8.com"
122.11.177.221 - - [13/Nov/2022:22:15:25 -0800] "GET /bimages/hydrog/IDN%20S4.jpg HTTP/1.1" 200 162587 "http://www.mantech8.com/hydrogal.php" "Mozilla/5.0 (Windows NT 10.0; Win64; x64) AppleWebKit/537.36 (KHTML, like Gecko) Chrome/107.0.0.0 Safari/537.36 Edg/107.0.1418.42" "www.mantech8.com"
66.249.70.178 - - [13/Nov/2022:22:15:28 -0800] "GET /sitemapmobile19532.xml HTTP/1.1" 404 88 "-" "Mozilla/5.0 (compatible; Googlebot/2.1; +http://www.google.com/bot.html)" "mantech8.com"
66.249.70.176 - - [13/Nov/2022:22:15:39 -0800] "GET /sitemapimages9210.xml HTTP/1.1" 404 88 "-" "Mozilla/5.0 (compatible; Googlebot/2.1; +http://www.google.com/bot.html)" "mantech8.com"
122.11.177.221 - - [13/Nov/2022:22:15:40 -0800] "GET /career.php HTTP/1.1" 200 19644 "http://www.mantech8.com/hydrogal.php" "Mozilla/5.0 (Windows NT 10.0; Win64; x64) AppleWebKit/537.36 (KHTML, like Gecko) Chrome/107.0.0.0 Safari/537.36 Edg/107.0.1418.42" "www.mantech8.com"
122.11.177.221 - - [13/Nov/2022:22:15:40 -0800] "GET /css/career.css HTTP/1.1" 200 10688 "http://www.mantech8.com/career.php" "Mozilla/5.0 (Windows NT 10.0; Win64; x64) AppleWebKit/537.36 (KHTML, like Gecko) Chrome/107.0.0.0 Safari/537.36 Edg/107.0.1418.42" "www.mantech8.com"
122.11.177.221 - - [13/Nov/2022:22:15:41 -0800] "GET /images/user.png HTTP/1.1" 200 1204 "http://www.mantech8.com/css/career.css" "Mozilla/5.0 (Windows NT 10.0; Win64; x64) AppleWebKit/537.36 (KHTML, like Gecko) Chrome/107.0.0.0 Safari/537.36 Edg/107.0.1418.42" "www.mantech8.com"
122.11.177.221 - - [13/Nov/2022:22:15:41 -0800] "GET /images/speech.png HTTP/1.1" 200 1494 "http://www.mantech8.com/css/career.css" "Mozilla/5.0 (Windows NT 10.0; Win64; x64) AppleWebKit/537.36 (KHTML, like Gecko) Chrome/107.0.0.0 Safari/537.36 Edg/107.0.1418.42" "www.mantech8.com"
122.11.177.221 - - [13/Nov/2022:22:15:41 -0800] "GET /images/phone.png HTTP/1.1" 200 998 "http://www.mantech8.com/css/career.css" "Mozilla/5.0 (Windows NT 10.0; Win64; x64) AppleWebKit/537.36 (KHTML, like Gecko) Chrome/107.0.0.0 Safari/537.36 Edg/107.0.1418.42" "www.mantech8.com"
122.11.177.221 - - [13/Nov/2022:22:15:41 -0800] "GET /images/email.png HTTP/1.1" 200 1656 "http://www.mantech8.com/css/career.css" "Mozilla/5.0 (Windows NT 10.0; Win64; x64) AppleWebKit/537.36 (KHTML, like Gecko) Chrome/107.0.0.0 Safari/537.36 Edg/107.0.1418.42" "www.mantech8.com"
122.11.177.221 - - [13/Nov/2022:22:15:42 -0800] "GET /contact.php HTTP/1.1" 200 29238 "http://www.mantech8.com/career.php" "Mozilla/5.0 (Windows NT 10.0; Win64; x64) AppleWebKit/537.36 (KHTML, like Gecko) Chrome/107.0.0.0 Safari/537.36 Edg/107.0.1418.42" "www.mantech8.com"
122.11.177.221 - - [13/Nov/2022:22:15:43 -0800] "GET /images/form-loader.gif HTTP/1.1" 404 73 "http://www.mantech8.com/css/contact-form.css" "Mozilla/5.0 (Windows NT 10.0; Win64; x64) AppleWebKit/537.36 (KHTML, like Gecko) Chrome/107.0.0.0 Safari/537.36 Edg/107.0.1418.42" "www.mantech8.com"
122.11.177.221 - - [13/Nov/2022:22:15:43 -0800] "GET /images/parallaxcont.jpg HTTP/1.1" 200 2613369 "http://www.mantech8.com/css/contactstyle.css" "Mozilla/5.0 (Windows NT 10.0; Win64; x64) AppleWebKit/537.36 (KHTML, like Gecko) Chrome/107.0.0.0 Safari/537.36 Edg/107.0.1418.42" "www.mantech8.com"
122.11.177.221 - - [13/Nov/2022:22:15:43 -0800] "GET /verificationimage.php?2925 HTTP/1.1" 200 1327 "http://www.mantech8.com/contact.php" "Mozilla/5.0 (Windows NT 10.0; Win64; x64) AppleWebKit/537.36 (KHTML, like Gecko) Chrome/107.0.0.0 Safari/537.36 Edg/107.0.1418.42" "www.mantech8.com"
185.191.171.23 - - [13/Nov/2022:22:15:46 -0800] "GET /?camp-fire%2F50127650.html HTTP/1.1" 500 - "-" "Mozilla/5.0 (compatible; SemrushBot/7~bl; +http://www.semrush.com/bot.html)" "mantech8.com"
185.191.171.4 - - [13/Nov/2022:22:16:23 -0800] "GET /?camp-fire%2F47405693.html HTTP/1.1" 500 - "-" "Mozilla/5.0 (compatible; SemrushBot/7~bl; +http://www.semrush.com/bot.html)" "mantech8.com"
185.191.171.7 - - [13/Nov/2022:22:16:49 -0800] "GET /?camp-fire%2F51969876.html HTTP/1.1" 500 - "-" "Mozilla/5.0 (compatible; SemrushBot/7~bl; +http://www.semrush.com/bot.html)" "mantech8.com"
185.191.171.2 - - [13/Nov/2022:22:16:50 -0800] "GET /?camp-fire%2F9385178.html HTTP/1.1" 500 - "-" "Mozilla/5.0 (compatible; SemrushBot/7~bl; +http://www.semrush.com/bot.html)" "mantech8.com"
185.191.171.4 - - [13/Nov/2022:22:17:13 -0800] "GET /?camp-fire%2F8394753.html HTTP/1.1" 500 - "-" "Mozilla/5.0 (compatible; SemrushBot/7~bl; +http://www.semrush.com/bot.html)" "mantech8.com"
185.191.171.25 - - [13/Nov/2022:22:17:38 -0800] "GET /?camp-fire%2F5366055.html HTTP/1.1" 500 - "-" "Mozilla/5.0 (compatible; SemrushBot/7~bl; +http://www.semrush.com/bot.html)" "mantech8.com"
185.191.171.17 - - [13/Nov/2022:22:18:11 -0800] "GET /?camp-fire%2F3538700.html HTTP/1.1" 500 - "-" "Mozilla/5.0 (compatible; SemrushBot/7~bl; +http://www.semrush.com/bot.html)" "mantech8.com"
185.191.171.44 - - [13/Nov/2022:22:18:36 -0800] "GET /?camp-fire%2F49840721.html HTTP/1.1" 500 - "-" "Mozilla/5.0 (compatible; SemrushBot/7~bl; +http://www.semrush.com/bot.html)" "mantech8.com"
185.191.171.34 - - [13/Nov/2022:22:18:49 -0800] "GET /?camp-fire%2F7844408.html HTTP/1.1" 500 - "-" "Mozilla/5.0 (compatible; SemrushBot/7~bl; +http://www.semrush.com/bot.html)" "mantech8.com"
185.191.171.6 - - [13/Nov/2022:22:18:51 -0800] "GET /?camp-fire%2F3857774.html HTTP/1.1" 500 - "-" "Mozilla/5.0 (compatible; SemrushBot/7~bl; +http://www.semrush.com/bot.html)" "mantech8.com"
185.191.171.35 - - [13/Nov/2022:22:19:06 -0800] "GET /?camp-fire%2F2189829.html HTTP/1.1" 500 - "-" "Mozilla/5.0 (compatible; SemrushBot/7~bl; +http://www.semrush.com/bot.html)" "mantech8.com"
185.191.171.44 - - [13/Nov/2022:22:19:08 -0800] "GET /?camp-fire%2F7692721.html HTTP/1.1" 500 - "-" "Mozilla/5.0 (compatible; SemrushBot/7~bl; +http://www.semrush.com/bot.html)" "mantech8.com"
66.249.70.176 - - [13/Nov/2022:22:19:29 -0800] "GET /tinglian249.xml HTTP/1.1" 404 88 "-" "Mozilla/5.0 (compatible; Googlebot/2.1; +http://www.google.com/bot.html)" "mantech8.com"
66.249.70.178 - - [13/Nov/2022:22:19:35 -0800] "GET /sitemapnew9013.xml HTTP/1.1" 404 88 "-" "Mozilla/5.0 (compatible; Googlebot/2.1; +http://www.google.com/bot.html)" "mantech8.com"
185.191.171.18 - - [13/Nov/2022:22:19:50 -0800] "GET /?camp-fire%2F3350800.html HTTP/1.1" 500 - "-" "Mozilla/5.0 (compatible; SemrushBot/7~bl; +http://www.semrush.com/bot.html)" "mantech8.com"
185.191.171.25 - - [13/Nov/2022:22:20:34 -0800] "GET /?camp-fire%2F1531453.html HTTP/1.1" 500 - "-" "Mozilla/5.0 (compatible; SemrushBot/7~bl; +http://www.semrush.com/bot.html)" "mantech8.com"
185.191.171.45 - - [13/Nov/2022:22:20:46 -0800] "GET /?camp-fire%2F7697821.html HTTP/1.1" 500 - "-" "Mozilla/5.0 (compatible; SemrushBot/7~bl; +http://www.semrush.com/bot.html)" "mantech8.com"
157.55.39.131 - - [13/Nov/2022:22:21:27 -0800] "GET /robots.txt HTTP/1.1" 200 106 "-" "Mozilla/5.0 (compatible; bingbot/2.0; +http://www.bing.com/bingbot.htm)" "mantech8.com"
157.55.39.131 - - [13/Nov/2022:22:21:27 -0800] "GET /robots.txt HTTP/1.1" 200 106 "-" "Mozilla/5.0 (compatible; bingbot/2.0; +http://www.bing.com/bingbot.htm)" "mantech8.com"
40.77.167.42 - - [13/Nov/2022:22:21:39 -0800] "GET /index.php?:8088/home/bsdtindex HTTP/1.1" 200 66971 "-" "Mozilla/5.0 (compatible; bingbot/2.0; +http://www.bing.com/bingbot.htm)" "mantech8.com"
185.191.171.23 - - [13/Nov/2022:22:22:01 -0800] "GET /index.php/camp-fire/8536196.html HTTP/1.1" 500 - "-" "Mozilla/5.0 (compatible; SemrushBot/7~bl; +http://www.semrush.com/bot.html)" "mantech8.com"
185.191.171.3 - - [13/Nov/2022:22:23:11 -0800] "GET /robots.txt HTTP/1.1" 200 106 "-" "Mozilla/5.0 (compatible; SemrushBot/7~bl; +http://www.semrush.com/bot.html)" "mantech8.com"
185.191.171.39 - - [13/Nov/2022:22:23:11 -0800] "GET /?camp-fire%2F2050972.html HTTP/1.1" 500 - "-" "Mozilla/5.0 (compatible; SemrushBot/7~bl; +http://www.semrush.com/bot.html)" "mantech8.com"
185.191.171.8 - - [13/Nov/2022:22:23:20 -0800] "GET /?camp-fire%2F2390393.html HTTP/1.1" 500 - "-" "Mozilla/5.0 (compatible; SemrushBot/7~bl; +http://www.semrush.com/bot.html)" "mantech8.com"
185.191.171.4 - - [13/Nov/2022:22:23:31 -0800] "GET /?camp-fire%2F3882100.html HTTP/1.1" 500 - "-" "Mozilla/5.0 (compatible; SemrushBot/7~bl; +http://www.semrush.com/bot.html)" "mantech8.com"
185.191.171.41 - - [13/Nov/2022:22:24:22 -0800] "GET /index.php/camp-fire/3694751.html HTTP/1.1" 500 - "-" "Mozilla/5.0 (compatible; SemrushBot/7~bl; +http://www.semrush.com/bot.html)" "mantech8.com"
185.191.171.36 - - [13/Nov/2022:22:24:24 -0800] "GET /?camp-fire%2F46993133.html HTTP/1.1" 500 - "-" "Mozilla/5.0 (compatible; SemrushBot/7~bl; +http://www.semrush.com/bot.html)" "mantech8.com"
185.191.171.36 - - [13/Nov/2022:22:24:39 -0800] "GET /?camp-fire%2F1239500.html HTTP/1.1" 500 - "-" "Mozilla/5.0 (compatible; SemrushBot/7~bl; +http://www.semrush.com/bot.html)" "mantech8.com"
185.191.171.5 - - [13/Nov/2022:22:24:43 -0800] "GET /?camp-fire%2F1404653.html HTTP/1.1" 500 - "-" "Mozilla/5.0 (compatible; SemrushBot/7~bl; +http://www.semrush.com/bot.html)" "mantech8.com"
185.191.171.15 - - [13/Nov/2022:22:25:08 -0800] "GET /?camp-fire%2F9698783.html HTTP/1.1" 500 - "-" "Mozilla/5.0 (compatible; SemrushBot/7~bl; +http://www.semrush.com/bot.html)" "mantech8.com"
66.249.70.176 - - [13/Nov/2022:22:25:16 -0800] "GET /Garwal66.xml HTTP/1.1" 404 88 "-" "Mozilla/5.0 (compatible; Googlebot/2.1; +http://www.google.com/bot.html)" "mantech8.com"
66.249.70.176 - - [13/Nov/2022:22:25:18 -0800] "GET /sitemapimages12387.xml HTTP/1.1" 404 88 "-" "Mozilla/5.0 (compatible; Googlebot/2.1; +http://www.google.com/bot.html)" "mantech8.com"
185.191.171.11 - - [13/Nov/2022:22:25:46 -0800] "GET /?camp-fire%2F3247898.html HTTP/1.1" 500 - "-" "Mozilla/5.0 (compatible; SemrushBot/7~bl; +http://www.semrush.com/bot.html)" "mantech8.com"
114.119.133.166 - - [13/Nov/2022:22:25:58 -0800] "GET /index.php/sitemap3014.xml HTTP/1.1" 200 289415 "-" "Mozilla/5.0 (compatible;PetalBot;+https://webmaster.petalsearch.com/site/petalbot)" "mantech8.com"
185.191.171.16 - - [13/Nov/2022:22:26:43 -0800] "GET /?camp-fire%2F5655585.html HTTP/1.1" 500 - "-" "Mozilla/5.0 (compatible; SemrushBot/7~bl; +http://www.semrush.com/bot.html)" "mantech8.com"
185.191.171.2 - - [13/Nov/2022:22:28:32 -0800] "GET /index.php/camp-fire/11909453.html HTTP/1.1" 500 - "-" "Mozilla/5.0 (compatible; SemrushBot/7~bl; +http://www.semrush.com/bot.html)" "mantech8.com"
185.191.171.38 - - [13/Nov/2022:22:28:47 -0800] "GET /?camp-fire%2F7552165.html HTTP/1.1" 500 - "-" "Mozilla/5.0 (compatible; SemrushBot/7~bl; +http://www.semrush.com/bot.html)" "mantech8.com"
40.77.167.25 - - [13/Nov/2022:22:28:53 -0800] "GET /sitemapindeximages.xml HTTP/1.1" 404 88 "-" "Mozilla/5.0 AppleWebKit/537.36 (KHTML, like Gecko; compatible; bingbot/2.0; +http://www.bing.com/bingbot.htm) Chrome/103.0.5060.134 Safari/537.36" "mantech8.com"
40.77.167.25 - - [13/Nov/2022:22:28:53 -0800] "GET /sitemapindex.xml HTTP/1.1" 404 88 "-" "Mozilla/5.0 AppleWebKit/537.36 (KHTML, like Gecko; compatible; bingbot/2.0; +http://www.bing.com/bingbot.htm) Chrome/103.0.5060.134 Safari/537.36" "mantech8.com"
40.77.167.64 - - [13/Nov/2022:22:28:57 -0800] "GET /sitemapnewindex.xml HTTP/1.1" 404 88 "-" "Mozilla/5.0 (compatible; bingbot/2.0; +http://www.bing.com/bingbot.htm)" "mantech8.com"
66.249.70.178 - - [13/Nov/2022:22:29:50 -0800] "GET /sitemapnew3583.xml HTTP/1.1" 404 88 "-" "Mozilla/5.0 (compatible; Googlebot/2.1; +http://www.google.com/bot.html)" "mantech8.com"
66.249.70.180 - - [13/Nov/2022:22:29:53 -0800] "GET /sitemapnew14617.xml HTTP/1.1" 404 88 "-" "Mozilla/5.0 (compatible; Googlebot/2.1; +http://www.google.com/bot.html)" "mantech8.com"
185.191.171.37 - - [13/Nov/2022:22:29:58 -0800] "GET /?camp-fire%2F4331996.html HTTP/1.1" 500 - "-" "Mozilla/5.0 (compatible; SemrushBot/7~bl; +http://www.semrush.com/bot.html)" "mantech8.com"
66.249.70.180 - - [13/Nov/2022:22:30:08 -0800] "GET /sitemapimages17685.xml HTTP/1.1" 404 88 "-" "Mozilla/5.0 (compatible; Googlebot/2.1; +http://www.google.com/bot.html)" "mantech8.com"
185.191.171.9 - - [13/Nov/2022:22:30:37 -0800] "GET /?camp-fire%2F8346342.html HTTP/1.1" 500 - "-" "Mozilla/5.0 (compatible; SemrushBot/7~bl; +http://www.semrush.com/bot.html)" "mantech8.com"
66.249.70.178 - - [13/Nov/2022:22:30:58 -0800] "GET /sitemapnew18842.xml HTTP/1.1" 404 88 "-" "Mozilla/5.0 (compatible; Googlebot/2.1; +http://www.google.com/bot.html)" "mantech8.com"
185.191.171.16 - - [13/Nov/2022:22:31:07 -0800] "GET /?camp-fire%2F8672708.html HTTP/1.1" 500 - "-" "Mozilla/5.0 (compatible; SemrushBot/7~bl; +http://www.semrush.com/bot.html)" "mantech8.com"
157.55.39.14 - - [13/Nov/2022:22:31:12 -0800] "GET /sitemapmobileindex.xml HTTP/1.1" 404 88 "-" "Mozilla/5.0 (compatible; bingbot/2.0; +http://www.bing.com/bingbot.htm)" "mantech8.com"
185.191.171.34 - - [13/Nov/2022:22:31:38 -0800] "GET /?camp-fire%2F2379993.html HTTP/1.1" 500 - "-" "Mozilla/5.0 (compatible; SemrushBot/7~bl; +http://www.semrush.com/bot.html)" "mantech8.com"
185.191.171.6 - - [13/Nov/2022:22:32:11 -0800] "GET /?camp-fire%2F3094078.html HTTP/1.1" 500 - "-" "Mozilla/5.0 (compatible; SemrushBot/7~bl; +http://www.semrush.com/bot.html)" "mantech8.com"
185.191.171.33 - - [13/Nov/2022:22:32:21 -0800] "GET /?camp-fire%2F8253278.html HTTP/1.1" 500 - "-" "Mozilla/5.0 (compatible; SemrushBot/7~bl; +http://www.semrush.com/bot.html)" "mantech8.com"
185.191.171.39 - - [13/Nov/2022:22:32:31 -0800] "GET /?camp-fire%2F4281696.html HTTP/1.1" 500 - "-" "Mozilla/5.0 (compatible; SemrushBot/7~bl; +http://www.semrush.com/bot.html)" "mantech8.com"
185.191.171.41 - - [13/Nov/2022:22:32:37 -0800] "GET /index.php?camp-fire%2F493069.html HTTP/1.1" 500 - "-" "Mozilla/5.0 (compatible; SemrushBot/7~bl; +http://www.semrush.com/bot.html)" "mantech8.com"
185.191.171.44 - - [13/Nov/2022:22:32:51 -0800] "GET /?camp-fire%2F2386151.html HTTP/1.1" 500 - "-" "Mozilla/5.0 (compatible; SemrushBot/7~bl; +http://www.semrush.com/bot.html)" "mantech8.com"
185.191.171.15 - - [13/Nov/2022:22:33:30 -0800] "GET /index.php/camp-fire/35307438.html HTTP/1.1" 500 - "-" "Mozilla/5.0 (compatible; SemrushBot/7~bl; +http://www.semrush.com/bot.html)" "mantech8.com"
185.191.171.7 - - [13/Nov/2022:22:33:56 -0800] "GET /?camp-fire%2F1354590.html HTTP/1.1" 500 - "-" "Mozilla/5.0 (compatible; SemrushBot/7~bl; +http://www.semrush.com/bot.html)" "mantech8.com"
66.249.70.176 - - [13/Nov/2022:22:34:39 -0800] "GET /sitemapimages1640.xml HTTP/1.1" 404 88 "-" "Mozilla/5.0 (compatible; Googlebot/2.1; +http://www.google.com/bot.html)" "mantech8.com"
66.249.70.178 - - [13/Nov/2022:22:34:52 -0800] "GET /sitemapnew10574.xml HTTP/1.1" 404 88 "-" "Mozilla/5.0 (compatible; Googlebot/2.1; +http://www.google.com/bot.html)" "mantech8.com"
185.191.171.7 - - [13/Nov/2022:22:35:20 -0800] "GET /?camp-fire%2F1385559.html HTTP/1.1" 500 - "-" "Mozilla/5.0 (compatible; SemrushBot/7~bl; +http://www.semrush.com/bot.html)" "mantech8.com"
185.191.171.13 - - [13/Nov/2022:22:35:58 -0800] "GET /?camp-fire%2F46676703.html HTTP/1.1" 500 - "-" "Mozilla/5.0 (compatible; SemrushBot/7~bl; +http://www.semrush.com/bot.html)" "mantech8.com"
185.191.171.23 - - [13/Nov/2022:22:36:26 -0800] "GET /?camp-fire%2F7386980.html HTTP/1.1" 500 - "-" "Mozilla/5.0 (compatible; SemrushBot/7~bl; +http://www.semrush.com/bot.html)" "mantech8.com"
185.191.171.35 - - [13/Nov/2022:22:36:44 -0800] "GET /?camp-fire%2F2726551.html HTTP/1.1" 500 - "-" "Mozilla/5.0 (compatible; SemrushBot/7~bl; +http://www.semrush.com/bot.html)" "mantech8.com"
66.249.70.176 - - [13/Nov/2022:22:36:49 -0800] "GET /sitemapimages9485.xml HTTP/1.1" 404 88 "-" "Mozilla/5.0 (compatible; Googlebot/2.1; +http://www.google.com/bot.html)" "mantech8.com"
185.191.171.11 - - [13/Nov/2022:22:37:28 -0800] "GET /?camp-fire%2F7325569.html HTTP/1.1" 500 - "-" "Mozilla/5.0 (compatible; SemrushBot/7~bl; +http://www.semrush.com/bot.html)" "mantech8.com"
185.191.171.22 - - [13/Nov/2022:22:37:29 -0800] "GET /?camp-fire%2F8256000.html HTTP/1.1" 500 - "-" "Mozilla/5.0 (compatible; SemrushBot/7~bl; +http://www.semrush.com/bot.html)" "mantech8.com"
185.191.171.24 - - [13/Nov/2022:22:37:46 -0800] "GET /?camp-fire%2F2865053.html HTTP/1.1" 500 - "-" "Mozilla/5.0 (compatible; SemrushBot/7~bl; +http://www.semrush.com/bot.html)" "mantech8.com"
20.241.233.77 - - [13/Nov/2022:22:37:56 -0800] "GET /robots.txt HTTP/1.1" 200 106 "-" "python-requests/2.27.1" "www.mantech8.com"
66.249.70.176 - - [13/Nov/2022:22:38:10 -0800] "GET /foresignify9409.xml HTTP/1.1" 404 88 "-" "Mozilla/5.0 (compatible; Googlebot/2.1; +http://www.google.com/bot.html)" "mantech8.com"
20.241.233.77 - - [13/Nov/2022:22:38:13 -0800] "GET /shopbrand/017/x/ HTTP/1.1" 404 88 "-" "Mozilla/5.0 (Windows NT 10.0; Win64; x64) AppleWebKit/537.36 (KHTML, like Gecko) Chrome/76.0.3809.100 Safari/537.36" "www.mantech8.com"
185.191.171.37 - - [13/Nov/2022:22:40:13 -0800] "GET /?camp-fire%2F2443929.html HTTP/1.1" 500 - "-" "Mozilla/5.0 (compatible; SemrushBot/7~bl; +http://www.semrush.com/bot.html)" "mantech8.com"
185.191.171.14 - - [13/Nov/2022:22:40:21 -0800] "GET /?camp-fire%2F9662955.html HTTP/1.1" 500 - "-" "Mozilla/5.0 (compatible; SemrushBot/7~bl; +http://www.semrush.com/bot.html)" "mantech8.com"
185.191.171.38 - - [13/Nov/2022:22:40:23 -0800] "GET /?camp-fire%2F1251598.html HTTP/1.1" 500 - "-" "Mozilla/5.0 (compatible; SemrushBot/7~bl; +http://www.semrush.com/bot.html)" "mantech8.com"
185.191.171.36 - - [13/Nov/2022:22:40:28 -0800] "GET /?camp-fire%2F7263280.html HTTP/1.1" 500 - "-" "Mozilla/5.0 (compatible; SemrushBot/7~bl; +http://www.semrush.com/bot.html)" "mantech8.com"
185.191.171.5 - - [13/Nov/2022:22:40:33 -0800] "GET /?camp-fire%2F2302559.html HTTP/1.1" 500 - "-" "Mozilla/5.0 (compatible; SemrushBot/7~bl; +http://www.semrush.com/bot.html)" "mantech8.com"
212.102.33.44 - - [13/Nov/2022:22:40:34 -0800] "GET /contact.php HTTP/1.1" 200 29238 "-" "Mozilla/5.0 (Windows NT 10.0; WOW64) AppleWebKit/537.36 (KHTML, like Gecko) Chrome/103.0.0.0 Safari/537.36" "mantech8.com"
212.102.33.44 - - [13/Nov/2022:22:40:34 -0800] "GET /verificationimage.php?1564 HTTP/1.1" 200 1372 "http://mantech8.com/mailer.php" "Mozilla/5.0 (Windows NT 10.0; WOW64) AppleWebKit/537.36 (KHTML, like Gecko) Chrome/103.0.0.0 Safari/537.36" "mantech8.com"
185.191.171.10 - - [13/Nov/2022:22:40:42 -0800] "GET /index.php/camp-fire/38832317.html HTTP/1.1" 500 - "-" "Mozilla/5.0 (compatible; SemrushBot/7~bl; +http://www.semrush.com/bot.html)" "mantech8.com"
185.216.71.71 - - [13/Nov/2022:22:40:58 -0800] "GET / HTTP/1.1" 500 - "-" "Mozilla/5.0 (Windows NT 6.1; Win64; x64; rv:100.0) Gecko/20100101 Firefox/100.0" "www.mantech8.com"
185.216.71.71 - - [13/Nov/2022:22:41:01 -0800] "GET / HTTP/1.1" 500 - "-" "Mozilla/5.0 (Windows NT 10.0; Win64; x64) AppleWebKit/537.36 (KHTML, like Gecko) Chrome/80.0.3987.132 Safari/537.36" "www.mantech8.com"
185.191.171.33 - - [13/Nov/2022:22:41:38 -0800] "GET /?camp-fire%2F1068469.html HTTP/1.1" 500 - "-" "Mozilla/5.0 (compatible; SemrushBot/7~bl; +http://www.semrush.com/bot.html)" "mantech8.com"
66.249.70.178 - - [13/Nov/2022:22:41:40 -0800] "GET /sitemapnew18358.xml HTTP/1.1" 404 88 "-" "Mozilla/5.0 (compatible; Googlebot/2.1; +http://www.google.com/bot.html)" "mantech8.com"
185.191.171.20 - - [13/Nov/2022:22:41:57 -0800] "GET /?camp-fire%2F9677183.html HTTP/1.1" 500 - "-" "Mozilla/5.0 (compatible; SemrushBot/7~bl; +http://www.semrush.com/bot.html)" "mantech8.com"
66.249.70.180 - - [13/Nov/2022:22:42:25 -0800] "GET /sitemapimages8004.xml HTTP/1.1" 404 88 "-" "Mozilla/5.0 (compatible; Googlebot/2.1; +http://www.google.com/bot.html)" "mantech8.com"
66.249.70.178 - - [13/Nov/2022:22:42:27 -0800] "GET /sitemapmobile11551.xml HTTP/1.1" 404 88 "-" "Mozilla/5.0 (compatible; Googlebot/2.1; +http://www.google.com/bot.html)" "mantech8.com"
185.191.171.44 - - [13/Nov/2022:22:42:28 -0800] "GET /?camp-fire%2F6764677.html HTTP/1.1" 500 - "-" "Mozilla/5.0 (compatible; SemrushBot/7~bl; +http://www.semrush.com/bot.html)" "mantech8.com"
185.191.171.16 - - [13/Nov/2022:22:42:35 -0800] "GET /?camp-fire%2F7756321.html HTTP/1.1" 500 - "-" "Mozilla/5.0 (compatible; SemrushBot/7~bl; +http://www.semrush.com/bot.html)" "mantech8.com"
185.220.100.242 - - [13/Nov/2022:22:42:50 -0800] "GET /contact.php HTTP/1.1" 200 29238 "http://mantech8.com/contact.php" "Mozilla/5.0 (Windows NT 10.0; WOW64) AppleWebKit/537.36 (KHTML, like Gecko) Chrome/90.0.4430.93 Safari/537.36" "mantech8.com"
185.220.100.242 - - [13/Nov/2022:22:42:51 -0800] "GET /verificationimage.php?9701 HTTP/1.1" 200 1331 "http://mantech8.com/contact.php" "Mozilla/5.0 (Windows NT 10.0; WOW64) AppleWebKit/537.36 (KHTML, like Gecko) Chrome/90.0.4430.93 Safari/537.36" "mantech8.com"
185.220.100.242 - - [13/Nov/2022:22:42:54 -0800] "POST /mailer.php HTTP/1.1" 500 - "http://mantech8.com/contact.php" "Mozilla/5.0 (Windows NT 10.0; WOW64) AppleWebKit/537.36 (KHTML, like Gecko) Chrome/90.0.4430.93 Safari/537.36" "mantech8.com"
185.220.100.242 - - [13/Nov/2022:22:42:55 -0800] "GET /contact.php HTTP/1.1" 200 29238 "http://mantech8.com/contact.php" "Mozilla/5.0 (Windows NT 10.0; WOW64) AppleWebKit/537.36 (KHTML, like Gecko) Chrome/90.0.4430.93 Safari/537.36" "mantech8.com"
185.191.171.3 - - [13/Nov/2022:22:42:57 -0800] "GET /?camp-fire%2F6266877.html HTTP/1.1" 500 - "-" "Mozilla/5.0 (compatible; SemrushBot/7~bl; +http://www.semrush.com/bot.html)" "mantech8.com"
185.191.171.4 - - [13/Nov/2022:22:43:08 -0800] "GET /?camp-fire%2F3166790.html HTTP/1.1" 500 - "-" "Mozilla/5.0 (compatible; SemrushBot/7~bl; +http://www.semrush.com/bot.html)" "mantech8.com"
66.249.70.178 - - [13/Nov/2022:22:43:38 -0800] "GET /sitemapmobile8122.xml HTTP/1.1" 404 88 "-" "Mozilla/5.0 (compatible; Googlebot/2.1; +http://www.google.com/bot.html)" "mantech8.com"
185.191.171.3 - - [13/Nov/2022:22:44:48 -0800] "GET /?camp-fire%2F4754985.html HTTP/1.1" 500 - "-" "Mozilla/5.0 (compatible; SemrushBot/7~bl; +http://www.semrush.com/bot.html)" "mantech8.com"
185.191.171.36 - - [13/Nov/2022:22:45:25 -0800] "GET /?camp-fire%2F1414490.html HTTP/1.1" 500 - "-" "Mozilla/5.0 (compatible; SemrushBot/7~bl; +http://www.semrush.com/bot.html)" "mantech8.com"
185.191.171.45 - - [13/Nov/2022:22:46:00 -0800] "GET /?camp-fire%2F47375749.html HTTP/1.1" 500 - "-" "Mozilla/5.0 (compatible; SemrushBot/7~bl; +http://www.semrush.com/bot.html)" "mantech8.com"
66.249.70.178 - - [13/Nov/2022:22:46:01 -0800] "GET /merengued82.xml HTTP/1.1" 404 88 "-" "Mozilla/5.0 (compatible; Googlebot/2.1; +http://www.google.com/bot.html)" "mantech8.com"
185.191.171.22 - - [13/Nov/2022:22:46:04 -0800] "GET /?camp-fire%2F8759042.html HTTP/1.1" 500 - "-" "Mozilla/5.0 (compatible; SemrushBot/7~bl; +http://www.semrush.com/bot.html)" "mantech8.com"
157.55.39.154 - - [13/Nov/2022:22:48:04 -0800] "GET /index.php/lvldh-3bc7baacd-C1W4.Ii HTTP/1.1" 200 32453 "-" "Mozilla/5.0 (compatible; bingbot/2.0; +http://www.bing.com/bingbot.htm)" "mantech8.com"
66.249.70.178 - - [13/Nov/2022:22:48:37 -0800] "GET /sitemapnew1380.xml HTTP/1.1" 404 88 "-" "Mozilla/5.0 (compatible; Googlebot/2.1; +http://www.google.com/bot.html)" "mantech8.com"
185.191.171.33 - - [13/Nov/2022:22:49:19 -0800] "GET /?camp-fire%2F1402600.html HTTP/1.1" 500 - "-" "Mozilla/5.0 (compatible; SemrushBot/7~bl; +http://www.semrush.com/bot.html)" "mantech8.com"
185.191.171.16 - - [13/Nov/2022:22:49:22 -0800] "GET /?camp-fire%2F3909174.html HTTP/1.1" 500 - "-" "Mozilla/5.0 (compatible; SemrushBot/7~bl; +http://www.semrush.com/bot.html)" "mantech8.com"
185.191.171.20 - - [13/Nov/2022:22:49:46 -0800] "GET /?camp-fire%2F9825683.html HTTP/1.1" 500 - "-" "Mozilla/5.0 (compatible; SemrushBot/7~bl; +http://www.semrush.com/bot.html)" "mantech8.com"
185.191.171.22 - - [13/Nov/2022:22:49:58 -0800] "GET /?camp-fire%2F46986738.html HTTP/1.1" 500 - "-" "Mozilla/5.0 (compatible; SemrushBot/7~bl; +http://www.semrush.com/bot.html)" "mantech8.com"
185.191.171.35 - - [13/Nov/2022:22:50:00 -0800] "GET /?camp-fire%2F4444078.html HTTP/1.1" 500 - "-" "Mozilla/5.0 (compatible; SemrushBot/7~bl; +http://www.semrush.com/bot.html)" "mantech8.com"
66.249.70.178 - - [13/Nov/2022:22:50:18 -0800] "GET /sitemapimages3244.xml HTTP/1.1" 404 88 "-" "Mozilla/5.0 (compatible; Googlebot/2.1; +http://www.google.com/bot.html)" "mantech8.com"
66.249.70.178 - - [13/Nov/2022:22:50:41 -0800] "GET /sitemapimages15662.xml HTTP/1.1" 404 88 "-" "Mozilla/5.0 (compatible; Googlebot/2.1; +http://www.google.com/bot.html)" "mantech8.com"
185.191.171.34 - - [13/Nov/2022:22:50:47 -0800] "GET /index.php?camp-fire%2F673469.html HTTP/1.1" 500 - "-" "Mozilla/5.0 (compatible; SemrushBot/7~bl; +http://www.semrush.com/bot.html)" "mantech8.com"
66.249.70.180 - - [13/Nov/2022:22:51:11 -0800] "GET /sitemapnew21223.xml HTTP/1.1" 404 88 "-" "Mozilla/5.0 (compatible; Googlebot/2.1; +http://www.google.com/bot.html)" "mantech8.com"
185.191.171.44 - - [13/Nov/2022:22:51:12 -0800] "GET /?camp-fire%2F4824255.html HTTP/1.1" 500 - "-" "Mozilla/5.0 (compatible; SemrushBot/7~bl; +http://www.semrush.com/bot.html)" "mantech8.com"
185.191.171.5 - - [13/Nov/2022:22:51:18 -0800] "GET /?camp-fire%2F5277777.html HTTP/1.1" 500 - "-" "Mozilla/5.0 (compatible; SemrushBot/7~bl; +http://www.semrush.com/bot.html)" "mantech8.com"
185.191.171.42 - - [13/Nov/2022:22:51:19 -0800] "GET /?camp-fire%2F2308953.html HTTP/1.1" 500 - "-" "Mozilla/5.0 (compatible; SemrushBot/7~bl; +http://www.semrush.com/bot.html)" "mantech8.com"
216.244.66.241 - - [13/Nov/2022:22:51:55 -0800] "GET /robots.txt HTTP/1.1" 200 222 "-" "Mozilla/5.0 (compatible; DotBot/1.2; +https://opensiteexplorer.org/dotbot; help@moz.com)" "mantech8.com"
216.244.66.241 - - [13/Nov/2022:22:51:55 -0800] "GET /robots.txt HTTP/1.1" 200 222 "-" "Mozilla/5.0 (compatible; DotBot/1.2; +https://opensiteexplorer.org/dotbot; help@moz.com)" "www.mantech8.com"
185.191.171.9 - - [13/Nov/2022:22:52:14 -0800] "GET /?camp-fire%2F46790359.html HTTP/1.1" 500 - "-" "Mozilla/5.0 (compatible; SemrushBot/7~bl; +http://www.semrush.com/bot.html)" "mantech8.com"
114.119.133.165 - - [13/Nov/2022:22:52:36 -0800] "GET /?murium.xml HTTP/1.1" 200 270425 "-" "Mozilla/5.0 (compatible;PetalBot;+https://webmaster.petalsearch.com/site/petalbot)" "mantech8.com"
185.191.171.12 - - [13/Nov/2022:22:52:42 -0800] "GET /index.php/camp-fire/33649459.html HTTP/1.1" 500 - "-" "Mozilla/5.0 (compatible; SemrushBot/7~bl; +http://www.semrush.com/bot.html)" "mantech8.com"
185.191.171.40 - - [13/Nov/2022:22:52:48 -0800] "GET /?camp-fire%2F5315677.html HTTP/1.1" 500 - "-" "Mozilla/5.0 (compatible; SemrushBot/7~bl; +http://www.semrush.com/bot.html)" "mantech8.com"
185.191.171.6 - - [13/Nov/2022:22:53:23 -0800] "GET /?camp-fire%2F4291096.html HTTP/1.1" 500 - "-" "Mozilla/5.0 (compatible; SemrushBot/7~bl; +http://www.semrush.com/bot.html)" "mantech8.com"
157.55.39.154 - - [13/Nov/2022:22:53:26 -0800] "GET /index.php?camp-fire/55017607.html HTTP/1.1" 200 69418 "-" "Mozilla/5.0 AppleWebKit/537.36 (KHTML, like Gecko; compatible; bingbot/2.0; +http://www.bing.com/bingbot.htm) Chrome/103.0.5060.134 Safari/537.36" "www.mantech8.com"
45.146.130.95 - - [13/Nov/2022:22:54:09 -0800] "GET / HTTP/1.1" 500 - "mantech8.com" "Mozilla/5.0 (X11; Linux x86_64; rv:38.0) Gecko/20100101 Firefox/38.0" "mantech8.com"
45.146.130.95 - - [13/Nov/2022:22:54:09 -0800] "GET / HTTP/1.1" 500 - "mantech8.com" "Mozilla/5.0 (Windows NT 5.1) AppleWebKit/537.36 (KHTML, like Gecko) Chrome/38.0.2125.104 Safari/537.36" "mantech8.com"
104.227.13.191 - - [13/Nov/2022:22:54:10 -0800] "GET / HTTP/1.1" 500 - "mantech8.com" "Mozilla/5.0 (X11; U; Linux i686; en-US; rv:1.8.0.14eol) Gecko/20101004 Red Hat/1.0.9-64.el4 SeaMonkey/1.0.9" "mantech8.com"
185.191.171.42 - - [13/Nov/2022:22:54:52 -0800] "GET /?camp-fire%2F8122878.html HTTP/1.1" 500 - "-" "Mozilla/5.0 (compatible; SemrushBot/7~bl; +http://www.semrush.com/bot.html)" "mantech8.com"
185.191.171.8 - - [13/Nov/2022:22:55:16 -0800] "GET /?camp-fire%2F2268100.html HTTP/1.1" 500 - "-" "Mozilla/5.0 (compatible; SemrushBot/7~bl; +http://www.semrush.com/bot.html)" "mantech8.com"
185.191.171.15 - - [13/Nov/2022:22:55:20 -0800] "GET /?camp-fire%2F8986398.html HTTP/1.1" 500 - "-" "Mozilla/5.0 (compatible; SemrushBot/7~bl; +http://www.semrush.com/bot.html)" "mantech8.com"
66.249.70.178 - - [13/Nov/2022:22:55:26 -0800] "GET /sitemapmobile8338.xml HTTP/1.1" 404 88 "-" "Mozilla/5.0 (compatible; Googlebot/2.1; +http://www.google.com/bot.html)" "mantech8.com"
66.249.70.176 - - [13/Nov/2022:22:55:26 -0800] "GET /sitemapnew4160.xml HTTP/1.1" 404 88 "-" "Mozilla/5.0 (compatible; Googlebot/2.1; +http://www.google.com/bot.html)" "mantech8.com"
185.191.171.18 - - [13/Nov/2022:22:55:41 -0800] "GET /?camp-fire%2F45745693.html HTTP/1.1" 500 - "-" "Mozilla/5.0 (compatible; SemrushBot/7~bl; +http://www.semrush.com/bot.html)" "mantech8.com"
66.249.70.176 - - [13/Nov/2022:22:55:53 -0800] "GET /nonexpediency.xml HTTP/1.1" 404 88 "-" "Mozilla/5.0 (compatible; Googlebot/2.1; +http://www.google.com/bot.html)" "mantech8.com"
66.249.70.178 - - [13/Nov/2022:22:56:36 -0800] "GET /sitemapimages1091.xml HTTP/1.1" 404 88 "-" "Mozilla/5.0 (compatible; Googlebot/2.1; +http://www.google.com/bot.html)" "mantech8.com"
185.191.171.12 - - [13/Nov/2022:22:57:01 -0800] "GET /?camp-fire%2F8533755.html HTTP/1.1" 500 - "-" "Mozilla/5.0 (compatible; SemrushBot/7~bl; +http://www.semrush.com/bot.html)" "mantech8.com"
185.191.171.13 - - [13/Nov/2022:22:57:16 -0800] "GET /?camp-fire%2F4269596.html HTTP/1.1" 500 - "-" "Mozilla/5.0 (compatible; SemrushBot/7~bl; +http://www.semrush.com/bot.html)" "mantech8.com"
185.191.171.7 - - [13/Nov/2022:22:57:29 -0800] "GET /?camp-fire%2F4713000.html HTTP/1.1" 500 - "-" "Mozilla/5.0 (compatible; SemrushBot/7~bl; +http://www.semrush.com/bot.html)" "mantech8.com"
185.191.171.18 - - [13/Nov/2022:22:57:31 -0800] "GET /?camp-fire%2F1745798.html HTTP/1.1" 500 - "-" "Mozilla/5.0 (compatible; SemrushBot/7~bl; +http://www.semrush.com/bot.html)" "mantech8.com"
185.191.171.10 - - [13/Nov/2022:22:57:36 -0800] "GET /?camp-fire%2F4805955.html HTTP/1.1" 500 - "-" "Mozilla/5.0 (compatible; SemrushBot/7~bl; +http://www.semrush.com/bot.html)" "mantech8.com"
185.191.171.11 - - [13/Nov/2022:22:57:50 -0800] "GET /?camp-fire%2F8191780.html HTTP/1.1" 500 - "-" "Mozilla/5.0 (compatible; SemrushBot/7~bl; +http://www.semrush.com/bot.html)" "mantech8.com"
157.55.39.14 - - [13/Nov/2022:22:58:15 -0800] "GET /31L7-6d1debfee-oJQoo.Ii HTTP/1.1" 404 88 "-" "Mozilla/5.0 AppleWebKit/537.36 (KHTML, like Gecko; compatible; bingbot/2.0; +http://www.bing.com/bingbot.htm) Chrome/103.0.5060.134 Safari/537.36" "www.mantech8.com"
66.249.70.176 - - [13/Nov/2022:22:59:32 -0800] "GET /sitemapmobile17745.xml HTTP/1.1" 404 88 "-" "Mozilla/5.0 (compatible; Googlebot/2.1; +http://www.google.com/bot.html)" "mantech8.com"
185.191.171.43 - - [13/Nov/2022:23:00:01 -0800] "GET /?camp-fire%2F44786589.html HTTP/1.1" 500 - "-" "Mozilla/5.0 (compatible; SemrushBot/7~bl; +http://www.semrush.com/bot.html)" "mantech8.com"
66.249.70.176 - - [13/Nov/2022:23:00:06 -0800] "GET /sitemapnew19022.xml HTTP/1.1" 404 88 "-" "Mozilla/5.0 (compatible; Googlebot/2.1; +http://www.google.com/bot.html)" "mantech8.com"
185.191.171.16 - - [13/Nov/2022:23:00:22 -0800] "GET /?camp-fire%2F9698483.html HTTP/1.1" 500 - "-" "Mozilla/5.0 (compatible; SemrushBot/7~bl; +http://www.semrush.com/bot.html)" "mantech8.com"
66.249.70.178 - - [13/Nov/2022:23:00:44 -0800] "GET /sitemapmobile9803.xml HTTP/1.1" 404 88 "-" "Mozilla/5.0 (compatible; Googlebot/2.1; +http://www.google.com/bot.html)" "mantech8.com"
185.191.171.42 - - [13/Nov/2022:23:01:13 -0800] "GET /?camp-fire%2F4083665.html HTTP/1.1" 500 - "-" "Mozilla/5.0 (compatible; SemrushBot/7~bl; +http://www.semrush.com/bot.html)" "mantech8.com"
185.191.171.16 - - [13/Nov/2022:23:01:35 -0800] "GET /?camp-fire%2F2272159.html HTTP/1.1" 500 - "-" "Mozilla/5.0 (compatible; SemrushBot/7~bl; +http://www.semrush.com/bot.html)" "mantech8.com"
185.191.171.43 - - [13/Nov/2022:23:02:00 -0800] "GET /?camp-fire%2F3864174.html HTTP/1.1" 500 - "-" "Mozilla/5.0 (compatible; SemrushBot/7~bl; +http://www.semrush.com/bot.html)" "mantech8.com"
185.191.171.24 - - [13/Nov/2022:23:02:03 -0800] "GET /?camp-fire%2F2324851.html HTTP/1.1" 500 - "-" "Mozilla/5.0 (compatible; SemrushBot/7~bl; +http://www.semrush.com/bot.html)" "mantech8.com"
37.245.148.252 - - [13/Nov/2022:23:02:35 -0800] "GET / HTTP/1.1" 500 - "https://www.google.com/" "Mozilla/5.0 (iPhone; CPU iPhone OS 16_0 like Mac OS X) AppleWebKit/605.1.15 (KHTML, like Gecko) CriOS/107.0.5304.101 Mobile/15E148 Safari/604.1" "www.mantech8.com"
37.245.148.252 - - [13/Nov/2022:23:02:35 -0800] "GET /favicon.ico HTTP/1.1" 404 88 "-" "Mozilla/5.0 (iPhone; CPU iPhone OS 16_0 like Mac OS X) AppleWebKit/605.1.15 (KHTML, like Gecko) CriOS/107.0.5304.101 Mobile/15E148 Safari/604.1" "www.mantech8.com"
185.191.171.7 - - [13/Nov/2022:23:03:12 -0800] "GET /?camp-fire%2F7271480.html HTTP/1.1" 500 - "-" "Mozilla/5.0 (compatible; SemrushBot/7~bl; +http://www.semrush.com/bot.html)" "mantech8.com"
185.191.171.6 - - [13/Nov/2022:23:03:29 -0800] "GET /?camp-fire%2F1263829.html HTTP/1.1" 500 - "-" "Mozilla/5.0 (compatible; SemrushBot/7~bl; +http://www.semrush.com/bot.html)" "mantech8.com"
185.191.171.26 - - [13/Nov/2022:23:03:32 -0800] "GET /?camp-fire%2F9407965.html HTTP/1.1" 500 - "-" "Mozilla/5.0 (compatible; SemrushBot/7~bl; +http://www.semrush.com/bot.html)" "mantech8.com"
66.249.70.180 - - [13/Nov/2022:23:03:43 -0800] "GET /sitemapmobile8833.xml HTTP/1.1" 404 88 "-" "Mozilla/5.0 (compatible; Googlebot/2.1; +http://www.google.com/bot.html)" "mantech8.com"
185.191.171.14 - - [13/Nov/2022:23:03:58 -0800] "GET /?camp-fire%2F3190078.html HTTP/1.1" 500 - "-" "Mozilla/5.0 (compatible; SemrushBot/7~bl; +http://www.semrush.com/bot.html)" "mantech8.com"
185.191.171.42 - - [13/Nov/2022:23:04:15 -0800] "GET /?camp-fire%2F1482453.html HTTP/1.1" 500 - "-" "Mozilla/5.0 (compatible; SemrushBot/7~bl; +http://www.semrush.com/bot.html)" "mantech8.com"
185.191.171.19 - - [13/Nov/2022:23:04:30 -0800] "GET /index.php/camp-fire/32629125.html HTTP/1.1" 500 - "-" "Mozilla/5.0 (compatible; SemrushBot/7~bl; +http://www.semrush.com/bot.html)" "mantech8.com"
185.191.171.43 - - [13/Nov/2022:23:04:32 -0800] "GET /?camp-fire%2F3859674.html HTTP/1.1" 500 - "-" "Mozilla/5.0 (compatible; SemrushBot/7~bl; +http://www.semrush.com/bot.html)" "mantech8.com"
66.249.70.176 - - [13/Nov/2022:23:05:13 -0800] "GET /sitemapmobile14536.xml HTTP/1.1" 404 88 "-" "Mozilla/5.0 (compatible; Googlebot/2.1; +http://www.google.com/bot.html)" "mantech8.com"
185.191.171.2 - - [13/Nov/2022:23:05:41 -0800] "GET /?camp-fire%2F48061759.html HTTP/1.1" 500 - "-" "Mozilla/5.0 (compatible; SemrushBot/7~bl; +http://www.semrush.com/bot.html)" "mantech8.com"
185.191.171.26 - - [13/Nov/2022:23:05:52 -0800] "GET /?camp-fire%2F1374390.html HTTP/1.1" 500 - "-" "Mozilla/5.0 (compatible; SemrushBot/7~bl; +http://www.semrush.com/bot.html)" "mantech8.com"
185.191.171.14 - - [13/Nov/2022:23:06:19 -0800] "GET /?camp-fire%2F4458274.html HTTP/1.1" 500 - "-" "Mozilla/5.0 (compatible; SemrushBot/7~bl; +http://www.semrush.com/bot.html)" "mantech8.com"
185.191.171.41 - - [13/Nov/2022:23:06:21 -0800] "GET /?camp-fire%2F8372242.html HTTP/1.1" 500 - "-" "Mozilla/5.0 (compatible; SemrushBot/7~bl; +http://www.semrush.com/bot.html)" "mantech8.com"
66.249.70.180 - - [13/Nov/2022:23:07:00 -0800] "GET /diploidize505.xml HTTP/1.1" 404 88 "-" "Mozilla/5.0 (compatible; Googlebot/2.1; +http://www.google.com/bot.html)" "mantech8.com"
185.191.171.15 - - [13/Nov/2022:23:07:23 -0800] "GET /?camp-fire%2F4411885.html HTTP/1.1" 500 - "-" "Mozilla/5.0 (compatible; SemrushBot/7~bl; +http://www.semrush.com/bot.html)" "mantech8.com"
66.249.70.178 - - [13/Nov/2022:23:07:46 -0800] "GET /sitemapnew19804.xml HTTP/1.1" 404 88 "-" "Mozilla/5.0 (compatible; Googlebot/2.1; +http://www.google.com/bot.html)" "mantech8.com"
185.191.171.24 - - [13/Nov/2022:23:08:29 -0800] "GET /?camp-fire%2F2453500.html HTTP/1.1" 500 - "-" "Mozilla/5.0 (compatible; SemrushBot/7~bl; +http://www.semrush.com/bot.html)" "mantech8.com"
114.119.133.190 - - [13/Nov/2022:23:10:07 -0800] "GET /ambrilidine.xml HTTP/1.1" 404 88 "-" "Mozilla/5.0 (compatible;PetalBot;+https://webmaster.petalsearch.com/site/petalbot)" "mantech8.com"
185.191.171.38 - - [13/Nov/2022:23:10:26 -0800] "GET /?camp-fire%2F3326500.html HTTP/1.1" 500 - "-" "Mozilla/5.0 (compatible; SemrushBot/7~bl; +http://www.semrush.com/bot.html)" "mantech8.com"
185.191.171.20 - - [13/Nov/2022:23:10:57 -0800] "GET /?camp-fire%2F3122178.html HTTP/1.1" 500 - "-" "Mozilla/5.0 (compatible; SemrushBot/7~bl; +http://www.semrush.com/bot.html)" "mantech8.com"
185.191.171.39 - - [13/Nov/2022:23:11:03 -0800] "GET /?camp-fire%2F4046500.html HTTP/1.1" 500 - "-" "Mozilla/5.0 (compatible; SemrushBot/7~bl; +http://www.semrush.com/bot.html)" "mantech8.com"
66.249.70.176 - - [13/Nov/2022:23:11:10 -0800] "GET /sitemapnew7974.xml HTTP/1.1" 404 88 "-" "Mozilla/5.0 (compatible; Googlebot/2.1; +http://www.google.com/bot.html)" "mantech8.com"
185.191.171.41 - - [13/Nov/2022:23:12:09 -0800] "GET /?camp-fire%2F5304477.html HTTP/1.1" 500 - "-" "Mozilla/5.0 (compatible; SemrushBot/7~bl; +http://www.semrush.com/bot.html)" "mantech8.com"
185.191.171.8 - - [13/Nov/2022:23:12:51 -0800] "GET /?camp-fire%2F4433985.html HTTP/1.1" 500 - "-" "Mozilla/5.0 (compatible; SemrushBot/7~bl; +http://www.semrush.com/bot.html)" "mantech8.com"
185.191.171.24 - - [13/Nov/2022:23:13:00 -0800] "GET /?camp-fire%2F1377853.html HTTP/1.1" 500 - "-" "Mozilla/5.0 (compatible; SemrushBot/7~bl; +http://www.semrush.com/bot.html)" "mantech8.com"
185.191.171.33 - - [13/Nov/2022:23:13:34 -0800] "GET /?camp-fire%2F4915955.html HTTP/1.1" 500 - "-" "Mozilla/5.0 (compatible; SemrushBot/7~bl; +http://www.semrush.com/bot.html)" "mantech8.com"
185.191.171.33 - - [13/Nov/2022:23:13:37 -0800] "GET /?camp-fire%2F1389353.html HTTP/1.1" 500 - "-" "Mozilla/5.0 (compatible; SemrushBot/7~bl; +http://www.semrush.com/bot.html)" "mantech8.com"
185.191.171.26 - - [13/Nov/2022:23:13:38 -0800] "GET /?camp-fire%2F1784351.html HTTP/1.1" 500 - "-" "Mozilla/5.0 (compatible; SemrushBot/7~bl; +http://www.semrush.com/bot.html)" "mantech8.com"
185.191.171.2 - - [13/Nov/2022:23:14:09 -0800] "GET /index.php/camp-fire/9701883.html HTTP/1.1" 500 - "-" "Mozilla/5.0 (compatible; SemrushBot/7~bl; +http://www.semrush.com/bot.html)" "mantech8.com"
185.191.171.9 - - [13/Nov/2022:23:14:27 -0800] "GET /index.php?camp-fire%2F970098.html HTTP/1.1" 500 - "-" "Mozilla/5.0 (compatible; SemrushBot/7~bl; +http://www.semrush.com/bot.html)" "mantech8.com"
66.249.70.176 - - [13/Nov/2022:23:15:03 -0800] "GET /sitemapmobile5998.xml HTTP/1.1" 404 88 "-" "Mozilla/5.0 (compatible; Googlebot/2.1; +http://www.google.com/bot.html)" "mantech8.com"
185.191.171.37 - - [13/Nov/2022:23:15:22 -0800] "GET /?camp-fire%2F5432677.html HTTP/1.1" 500 - "-" "Mozilla/5.0 (compatible; SemrushBot/7~bl; +http://www.semrush.com/bot.html)" "mantech8.com"
185.191.171.7 - - [13/Nov/2022:23:15:47 -0800] "GET /?camp-fire%2F2302300.html HTTP/1.1" 500 - "-" "Mozilla/5.0 (compatible; SemrushBot/7~bl; +http://www.semrush.com/bot.html)" "mantech8.com"
185.191.171.6 - - [13/Nov/2022:23:16:13 -0800] "GET /?camp-fire%2F4317596.html HTTP/1.1" 500 - "-" "Mozilla/5.0 (compatible; SemrushBot/7~bl; +http://www.semrush.com/bot.html)" "mantech8.com"
40.77.167.64 - - [13/Nov/2022:23:16:23 -0800] "GET /index.php/71tfI-c3c5afdeaf-K937.Ii HTTP/1.1" 200 33036 "-" "Mozilla/5.0 (compatible; bingbot/2.0; +http://www.bing.com/bingbot.htm)" "mantech8.com"
66.249.70.178 - - [13/Nov/2022:23:16:32 -0800] "GET /sitemapmobile16501.xml HTTP/1.1" 404 88 "-" "Mozilla/5.0 (compatible; Googlebot/2.1; +http://www.google.com/bot.html)" "mantech8.com"
185.191.171.38 - - [13/Nov/2022:23:18:11 -0800] "GET /robots.txt HTTP/1.1" 200 106 "-" "Mozilla/5.0 (compatible; SemrushBot/7~bl; +http://www.semrush.com/bot.html)" "mantech8.com"
185.191.171.6 - - [13/Nov/2022:23:18:11 -0800] "GET /?camp-fire%2F4730498.html HTTP/1.1" 500 - "-" "Mozilla/5.0 (compatible; SemrushBot/7~bl; +http://www.semrush.com/bot.html)" "mantech8.com"
185.191.171.1 - - [13/Nov/2022:23:18:54 -0800] "GET /?camp-fire%2F3665278.html HTTP/1.1" 500 - "-" "Mozilla/5.0 (compatible; SemrushBot/7~bl; +http://www.semrush.com/bot.html)" "mantech8.com"
66.249.70.176 - - [13/Nov/2022:23:19:04 -0800] "GET /sitemapnew17060.xml HTTP/1.1" 404 88 "-" "Mozilla/5.0 (compatible; Googlebot/2.1; +http://www.google.com/bot.html)" "mantech8.com"
185.191.171.42 - - [13/Nov/2022:23:19:50 -0800] "GET /?camp-fire%2F8025642.html HTTP/1.1" 500 - "-" "Mozilla/5.0 (compatible; SemrushBot/7~bl; +http://www.semrush.com/bot.html)" "mantech8.com"
66.249.70.176 - - [13/Nov/2022:23:19:53 -0800] "GET /sitemapmobile9364.xml HTTP/1.1" 404 88 "-" "Mozilla/5.0 (compatible; Googlebot/2.1; +http://www.google.com/bot.html)" "mantech8.com"
185.191.171.35 - - [13/Nov/2022:23:20:10 -0800] "GET /?camp-fire%2F8368078.html HTTP/1.1" 500 - "-" "Mozilla/5.0 (compatible; SemrushBot/7~bl; +http://www.semrush.com/bot.html)" "mantech8.com"
185.191.171.39 - - [13/Nov/2022:23:20:12 -0800] "GET /?camp-fire%2F9126742.html HTTP/1.1" 500 - "-" "Mozilla/5.0 (compatible; SemrushBot/7~bl; +http://www.semrush.com/bot.html)" "mantech8.com"
185.191.171.34 - - [13/Nov/2022:23:20:16 -0800] "GET /?camp-fire%2F5323177.html HTTP/1.1" 500 - "-" "Mozilla/5.0 (compatible; SemrushBot/7~bl; +http://www.semrush.com/bot.html)" "mantech8.com"
185.191.171.6 - - [13/Nov/2022:23:21:04 -0800] "GET /?camp-fire%2F46465868.html HTTP/1.1" 500 - "-" "Mozilla/5.0 (compatible; SemrushBot/7~bl; +http://www.semrush.com/bot.html)" "mantech8.com"
185.191.171.15 - - [13/Nov/2022:23:21:13 -0800] "GET /?camp-fire%2F1201472.html HTTP/1.1" 500 - "-" "Mozilla/5.0 (compatible; SemrushBot/7~bl; +http://www.semrush.com/bot.html)" "mantech8.com"
185.191.171.5 - - [13/Nov/2022:23:21:23 -0800] "GET /?camp-fire%2F1243500.html HTTP/1.1" 500 - "-" "Mozilla/5.0 (compatible; SemrushBot/7~bl; +http://www.semrush.com/bot.html)" "mantech8.com"
185.191.171.5 - - [13/Nov/2022:23:21:36 -0800] "GET /?camp-fire%2F2302459.html HTTP/1.1" 500 - "-" "Mozilla/5.0 (compatible; SemrushBot/7~bl; +http://www.semrush.com/bot.html)" "mantech8.com"
185.191.171.25 - - [13/Nov/2022:23:21:39 -0800] "GET /index.php?camp-fire%2F285398.html HTTP/1.1" 500 - "-" "Mozilla/5.0 (compatible; SemrushBot/7~bl; +http://www.semrush.com/bot.html)" "mantech8.com"
185.191.171.39 - - [13/Nov/2022:23:22:54 -0800] "GET /?camp-fire%2F4327285.html HTTP/1.1" 500 - "-" "Mozilla/5.0 (compatible; SemrushBot/7~bl; +http://www.semrush.com/bot.html)" "mantech8.com"
185.191.171.44 - - [13/Nov/2022:23:23:09 -0800] "GET /?camp-fire%2F1355429.html HTTP/1.1" 500 - "-" "Mozilla/5.0 (compatible; SemrushBot/7~bl; +http://www.semrush.com/bot.html)" "mantech8.com"
185.191.171.20 - - [13/Nov/2022:23:23:32 -0800] "GET /?camp-fire%2F1780751.html HTTP/1.1" 500 - "-" "Mozilla/5.0 (compatible; SemrushBot/7~bl; +http://www.semrush.com/bot.html)" "mantech8.com"
185.191.171.45 - - [13/Nov/2022:23:24:43 -0800] "GET /?camp-fire%2F8754074.html HTTP/1.1" 500 - "-" "Mozilla/5.0 (compatible; SemrushBot/7~bl; +http://www.semrush.com/bot.html)" "mantech8.com"
