185.191.171.11 - - [11/Nov/2022:16:00:02 -0800] "GET /?camp-fire%2F1805651.html HTTP/1.1" 500 - "-" "Mozilla/5.0 (compatible; SemrushBot/7~bl; +http://www.semrush.com/bot.html)" "mantech8.com"
185.191.171.44 - - [11/Nov/2022:16:00:22 -0800] "GET /?camp-fire%2F1268700.html HTTP/1.1" 500 - "-" "Mozilla/5.0 (compatible; SemrushBot/7~bl; +http://www.semrush.com/bot.html)" "mantech8.com"
185.191.171.10 - - [11/Nov/2022:16:01:03 -0800] "GET /index.php?camp-fire%2F283998.html HTTP/1.1" 500 - "-" "Mozilla/5.0 (compatible; SemrushBot/7~bl; +http://www.semrush.com/bot.html)" "mantech8.com"
185.191.171.36 - - [11/Nov/2022:16:01:06 -0800] "GET /index.php?camp-fire%2F287598.html HTTP/1.1" 500 - "-" "Mozilla/5.0 (compatible; SemrushBot/7~bl; +http://www.semrush.com/bot.html)" "mantech8.com"
185.191.171.17 - - [11/Nov/2022:16:01:15 -0800] "GET /?camp-fire%2F4048678.html HTTP/1.1" 500 - "-" "Mozilla/5.0 (compatible; SemrushBot/7~bl; +http://www.semrush.com/bot.html)" "mantech8.com"
185.191.171.40 - - [11/Nov/2022:16:01:41 -0800] "GET /index.php/camp-fire/34106208.html HTTP/1.1" 500 - "-" "Mozilla/5.0 (compatible; SemrushBot/7~bl; +http://www.semrush.com/bot.html)" "mantech8.com"
185.191.171.44 - - [11/Nov/2022:16:02:10 -0800] "GET /?camp-fire%2F1845251.html HTTP/1.1" 500 - "-" "Mozilla/5.0 (compatible; SemrushBot/7~bl; +http://www.semrush.com/bot.html)" "mantech8.com"
185.191.171.10 - - [11/Nov/2022:16:02:27 -0800] "GET /index.php/camp-fire/21609665.html HTTP/1.1" 500 - "-" "Mozilla/5.0 (compatible; SemrushBot/7~bl; +http://www.semrush.com/bot.html)" "mantech8.com"
185.191.171.7 - - [11/Nov/2022:16:02:34 -0800] "GET /?camp-fire%2F2973893.html HTTP/1.1" 500 - "-" "Mozilla/5.0 (compatible; SemrushBot/7~bl; +http://www.semrush.com/bot.html)" "mantech8.com"
185.191.171.5 - - [11/Nov/2022:16:02:48 -0800] "GET /index.php?camp-fire%2F493469.html HTTP/1.1" 500 - "-" "Mozilla/5.0 (compatible; SemrushBot/7~bl; +http://www.semrush.com/bot.html)" "mantech8.com"
185.191.171.21 - - [11/Nov/2022:16:03:26 -0800] "GET /?camp-fire%2F3403500.html HTTP/1.1" 500 - "-" "Mozilla/5.0 (compatible; SemrushBot/7~bl; +http://www.semrush.com/bot.html)" "mantech8.com"
185.191.171.9 - - [11/Nov/2022:16:03:59 -0800] "GET /?camp-fire%2F3139651.html HTTP/1.1" 500 - "-" "Mozilla/5.0 (compatible; SemrushBot/7~bl; +http://www.semrush.com/bot.html)" "mantech8.com"
185.191.171.41 - - [11/Nov/2022:16:04:13 -0800] "GET /?camp-fire%2F1257400.html HTTP/1.1" 500 - "-" "Mozilla/5.0 (compatible; SemrushBot/7~bl; +http://www.semrush.com/bot.html)" "mantech8.com"
185.191.171.17 - - [11/Nov/2022:16:04:58 -0800] "GET /index.php/camp-fire/15205108.html HTTP/1.1" 500 - "-" "Mozilla/5.0 (compatible; SemrushBot/7~bl; +http://www.semrush.com/bot.html)" "mantech8.com"
185.191.171.23 - - [11/Nov/2022:16:06:00 -0800] "GET /?camp-fire%2F2257929.html HTTP/1.1" 500 - "-" "Mozilla/5.0 (compatible; SemrushBot/7~bl; +http://www.semrush.com/bot.html)" "mantech8.com"
185.191.171.23 - - [11/Nov/2022:16:06:35 -0800] "GET /?camp-fire%2F1251729.html HTTP/1.1" 500 - "-" "Mozilla/5.0 (compatible; SemrushBot/7~bl; +http://www.semrush.com/bot.html)" "mantech8.com"
185.191.171.3 - - [11/Nov/2022:16:06:36 -0800] "GET /index.php/camp-fire/41012050.html HTTP/1.1" 500 - "-" "Mozilla/5.0 (compatible; SemrushBot/7~bl; +http://www.semrush.com/bot.html)" "mantech8.com"
185.191.171.17 - - [11/Nov/2022:16:06:51 -0800] "GET /?camp-fire%2F2081959.html HTTP/1.1" 500 - "-" "Mozilla/5.0 (compatible; SemrushBot/7~bl; +http://www.semrush.com/bot.html)" "mantech8.com"
20.100.172.53 - - [11/Nov/2022:16:07:02 -0800] "GET /wp-content/plugins/wpputty/wpputty.php HTTP/1.1" 404 88 "-" "Linux Mozilla" "mantech8.com"
20.100.172.53 - - [11/Nov/2022:16:07:03 -0800] "GET /wp-content/plugins/wpyii2/wpyii2.php HTTP/1.1" 404 88 "-" "Linux Mozilla" "mantech8.com"
20.100.172.53 - - [11/Nov/2022:16:07:03 -0800] "GET /wordpress/wp-content/plugins/wpyii2/wpyii2.php HTTP/1.1" 404 88 "-" "Linux Mozilla" "mantech8.com"
20.100.172.53 - - [11/Nov/2022:16:07:04 -0800] "GET /wp-content/plugins/wpzip/wpzip.php HTTP/1.1" 404 88 "-" "Linux Mozilla" "mantech8.com"
20.100.172.53 - - [11/Nov/2022:16:07:05 -0800] "GET /blog/wp-content/plugins/wpyii2/wpyii2.php HTTP/1.1" 404 88 "-" "Linux Mozilla" "mantech8.com"
20.100.172.53 - - [11/Nov/2022:16:07:08 -0800] "GET /wp-content/plugins/dos2unix/dos2unix.php HTTP/1.1" 404 88 "-" "Linux Mozilla" "mantech8.com"
20.100.172.53 - - [11/Nov/2022:16:07:08 -0800] "GET /wordpress/wp-content/plugins/dos2unix/dos2unix.php HTTP/1.1" 404 88 "-" "Linux Mozilla" "mantech8.com"
20.100.172.53 - - [11/Nov/2022:16:07:09 -0800] "GET /site/wp-content/plugins/dos2unix/dos2unix.php HTTP/1.1" 404 88 "-" "Linux Mozilla" "mantech8.com"
20.100.172.53 - - [11/Nov/2022:16:07:09 -0800] "GET /blog/wp-content/plugins/dos2unix/dos2unix.php HTTP/1.1" 404 88 "-" "Linux Mozilla" "mantech8.com"
185.191.171.1 - - [11/Nov/2022:16:07:55 -0800] "GET /?camp-fire%2F4254296.html HTTP/1.1" 500 - "-" "Mozilla/5.0 (compatible; SemrushBot/7~bl; +http://www.semrush.com/bot.html)" "mantech8.com"
185.191.171.22 - - [11/Nov/2022:16:08:23 -0800] "GET /robots.txt HTTP/1.1" 200 106 "-" "Mozilla/5.0 (compatible; SemrushBot/7~bl; +http://www.semrush.com/bot.html)" "mantech8.com"
185.191.171.14 - - [11/Nov/2022:16:08:24 -0800] "GET /?camp-fire%2F464269.html HTTP/1.1" 500 - "-" "Mozilla/5.0 (compatible; SemrushBot/7~bl; +http://www.semrush.com/bot.html)" "mantech8.com"
185.191.171.44 - - [11/Nov/2022:16:08:28 -0800] "GET /index.php?camp-fire%2F387598.html HTTP/1.1" 500 - "-" "Mozilla/5.0 (compatible; SemrushBot/7~bl; +http://www.semrush.com/bot.html)" "mantech8.com"
185.191.171.10 - - [11/Nov/2022:16:08:29 -0800] "GET /index.php/camp-fire/28241835.html HTTP/1.1" 500 - "-" "Mozilla/5.0 (compatible; SemrushBot/7~bl; +http://www.semrush.com/bot.html)" "mantech8.com"
185.191.171.15 - - [11/Nov/2022:16:09:22 -0800] "GET /?camp-fire%2F1959569.html HTTP/1.1" 500 - "-" "Mozilla/5.0 (compatible; SemrushBot/7~bl; +http://www.semrush.com/bot.html)" "mantech8.com"
49.7.20.144 - - [11/Nov/2022:16:09:25 -0800] "GET / HTTP/1.1" 500 - "-" "Sogou web spider/4.0(+http://www.sogou.com/docs/help/webmasters.htm#07)" "www.mantech8.com"
185.191.171.18 - - [11/Nov/2022:16:09:47 -0800] "GET /?camp-fire%2F1943651.html HTTP/1.1" 500 - "-" "Mozilla/5.0 (compatible; SemrushBot/7~bl; +http://www.semrush.com/bot.html)" "mantech8.com"
185.191.171.23 - - [11/Nov/2022:16:09:52 -0800] "GET /?camp-fire%2F3846398.html HTTP/1.1" 500 - "-" "Mozilla/5.0 (compatible; SemrushBot/7~bl; +http://www.semrush.com/bot.html)" "mantech8.com"
185.191.171.4 - - [11/Nov/2022:16:10:47 -0800] "GET /index.php/camp-fire/25026106.html HTTP/1.1" 500 - "-" "Mozilla/5.0 (compatible; SemrushBot/7~bl; +http://www.semrush.com/bot.html)" "mantech8.com"
185.191.171.5 - - [11/Nov/2022:16:10:49 -0800] "GET /index.php?camp-fire%2F511269.html HTTP/1.1" 500 - "-" "Mozilla/5.0 (compatible; SemrushBot/7~bl; +http://www.semrush.com/bot.html)" "mantech8.com"
185.191.171.4 - - [11/Nov/2022:16:12:01 -0800] "GET /?camp-fire%2F2726600.html HTTP/1.1" 500 - "-" "Mozilla/5.0 (compatible; SemrushBot/7~bl; +http://www.semrush.com/bot.html)" "mantech8.com"
185.191.171.43 - - [11/Nov/2022:16:12:38 -0800] "GET /?camp-fire%2F4019278.html HTTP/1.1" 500 - "-" "Mozilla/5.0 (compatible; SemrushBot/7~bl; +http://www.semrush.com/bot.html)" "mantech8.com"
54.36.148.64 - - [11/Nov/2022:16:12:48 -0800] "GET /robots.txt HTTP/1.1" 200 106 "-" "Mozilla/5.0 (compatible; AhrefsBot/7.0; +http://ahrefs.com/robot/)" "www.mantech8.com"
185.191.171.45 - - [11/Nov/2022:16:12:49 -0800] "GET /index.php/camp-fire/23535056.html HTTP/1.1" 500 - "-" "Mozilla/5.0 (compatible; SemrushBot/7~bl; +http://www.semrush.com/bot.html)" "mantech8.com"
185.191.171.38 - - [11/Nov/2022:16:13:00 -0800] "GET /?camp-fire%2F3994674.html HTTP/1.1" 500 - "-" "Mozilla/5.0 (compatible; SemrushBot/7~bl; +http://www.semrush.com/bot.html)" "mantech8.com"
185.191.171.14 - - [11/Nov/2022:16:13:03 -0800] "GET /?camp-fire%2F9600078.html HTTP/1.1" 500 - "-" "Mozilla/5.0 (compatible; SemrushBot/7~bl; +http://www.semrush.com/bot.html)" "mantech8.com"
185.191.171.37 - - [11/Nov/2022:16:13:34 -0800] "GET /?camp-fire%2F2500629.html HTTP/1.1" 500 - "-" "Mozilla/5.0 (compatible; SemrushBot/7~bl; +http://www.semrush.com/bot.html)" "mantech8.com"
185.191.171.26 - - [11/Nov/2022:16:13:54 -0800] "GET /?camp-fire%2F2531993.html HTTP/1.1" 500 - "-" "Mozilla/5.0 (compatible; SemrushBot/7~bl; +http://www.semrush.com/bot.html)" "mantech8.com"
185.191.171.6 - - [11/Nov/2022:16:14:27 -0800] "GET /index.php/camp-fire/39938592.html HTTP/1.1" 500 - "-" "Mozilla/5.0 (compatible; SemrushBot/7~bl; +http://www.semrush.com/bot.html)" "mantech8.com"
185.191.171.39 - - [11/Nov/2022:16:14:33 -0800] "GET /?camp-fire%2F3556893.html HTTP/1.1" 500 - "-" "Mozilla/5.0 (compatible; SemrushBot/7~bl; +http://www.semrush.com/bot.html)" "mantech8.com"
185.191.171.14 - - [11/Nov/2022:16:15:31 -0800] "GET /?camp-fire%2F1286298.html HTTP/1.1" 500 - "-" "Mozilla/5.0 (compatible; SemrushBot/7~bl; +http://www.semrush.com/bot.html)" "mantech8.com"
185.191.171.39 - - [11/Nov/2022:16:15:36 -0800] "GET /?camp-fire%2F2777651.html HTTP/1.1" 500 - "-" "Mozilla/5.0 (compatible; SemrushBot/7~bl; +http://www.semrush.com/bot.html)" "mantech8.com"
185.191.171.5 - - [11/Nov/2022:16:15:41 -0800] "GET /?camp-fire%2F9696183.html HTTP/1.1" 500 - "-" "Mozilla/5.0 (compatible; SemrushBot/7~bl; +http://www.semrush.com/bot.html)" "mantech8.com"
185.191.171.14 - - [11/Nov/2022:16:15:46 -0800] "GET /?camp-fire%2F3476398.html HTTP/1.1" 500 - "-" "Mozilla/5.0 (compatible; SemrushBot/7~bl; +http://www.semrush.com/bot.html)" "mantech8.com"
40.77.167.42 - - [11/Nov/2022:16:16:09 -0800] "GET / HTTP/1.1" 200 64557 "-" "Mozilla/5.0 (compatible; bingbot/2.0; +http://www.bing.com/bingbot.htm)" "www.mantech8.com"
185.191.171.9 - - [11/Nov/2022:16:16:18 -0800] "GET /index.php/camp-fire/44389593.html HTTP/1.1" 500 - "-" "Mozilla/5.0 (compatible; SemrushBot/7~bl; +http://www.semrush.com/bot.html)" "mantech8.com"
157.55.39.154 - - [11/Nov/2022:16:16:30 -0800] "GET / HTTP/1.1" 200 64864 "-" "Mozilla/5.0 AppleWebKit/537.36 (KHTML, like Gecko; compatible; bingbot/2.0; +http://www.bing.com/bingbot.htm) Chrome/103.0.5060.134 Safari/537.36" "www.mantech8.com"
185.191.171.21 - - [11/Nov/2022:16:17:11 -0800] "GET /?camp-fire%2F1924490.html HTTP/1.1" 500 - "-" "Mozilla/5.0 (compatible; SemrushBot/7~bl; +http://www.semrush.com/bot.html)" "mantech8.com"
185.191.171.23 - - [11/Nov/2022:16:17:15 -0800] "GET /?camp-fire%2F2336259.html HTTP/1.1" 500 - "-" "Mozilla/5.0 (compatible; SemrushBot/7~bl; +http://www.semrush.com/bot.html)" "mantech8.com"
66.249.66.95 - - [11/Nov/2022:16:17:20 -0800] "GET /dejerator.xml HTTP/1.1" 404 88 "-" "Mozilla/5.0 (compatible; Googlebot/2.1; +http://www.google.com/bot.html)" "mantech8.com"
40.77.167.42 - - [11/Nov/2022:16:19:28 -0800] "GET /APS-d600ecbbb-Om3VN.Ii HTTP/1.1" 404 88 "-" "Mozilla/5.0 (compatible; bingbot/2.0; +http://www.bing.com/bingbot.htm)" "www.mantech8.com"
185.191.171.15 - - [11/Nov/2022:16:19:30 -0800] "GET /?camp-fire%2F2030529.html HTTP/1.1" 500 - "-" "Mozilla/5.0 (compatible; SemrushBot/7~bl; +http://www.semrush.com/bot.html)" "mantech8.com"
40.77.167.42 - - [11/Nov/2022:16:19:48 -0800] "GET /APS-d600ecbbb-Om3VN.Ii HTTP/1.1" 404 88 "-" "Mozilla/5.0 (compatible; bingbot/2.0; +http://www.bing.com/bingbot.htm)" "www.mantech8.com"
185.191.171.21 - - [11/Nov/2022:16:20:02 -0800] "GET /?camp-fire%2F3346898.html HTTP/1.1" 500 - "-" "Mozilla/5.0 (compatible; SemrushBot/7~bl; +http://www.semrush.com/bot.html)" "mantech8.com"
185.191.171.24 - - [11/Nov/2022:16:20:12 -0800] "GET /?camp-fire%2F1780851.html HTTP/1.1" 500 - "-" "Mozilla/5.0 (compatible; SemrushBot/7~bl; +http://www.semrush.com/bot.html)" "mantech8.com"
185.191.171.3 - - [11/Nov/2022:16:21:12 -0800] "GET /?camp-fire%2F1538253.html HTTP/1.1" 500 - "-" "Mozilla/5.0 (compatible; SemrushBot/7~bl; +http://www.semrush.com/bot.html)" "mantech8.com"
185.191.171.16 - - [11/Nov/2022:16:21:28 -0800] "GET /?camp-fire%2F2604893.html HTTP/1.1" 500 - "-" "Mozilla/5.0 (compatible; SemrushBot/7~bl; +http://www.semrush.com/bot.html)" "mantech8.com"
185.191.171.36 - - [11/Nov/2022:16:22:00 -0800] "GET /index.php/camp-fire/13149957.html HTTP/1.1" 500 - "-" "Mozilla/5.0 (compatible; SemrushBot/7~bl; +http://www.semrush.com/bot.html)" "mantech8.com"
185.191.171.21 - - [11/Nov/2022:16:22:04 -0800] "GET /?camp-fire%2F4177685.html HTTP/1.1" 500 - "-" "Mozilla/5.0 (compatible; SemrushBot/7~bl; +http://www.semrush.com/bot.html)" "mantech8.com"
185.191.171.23 - - [11/Nov/2022:16:22:08 -0800] "GET /index.php/camp-fire/3246898.html HTTP/1.1" 500 - "-" "Mozilla/5.0 (compatible; SemrushBot/7~bl; +http://www.semrush.com/bot.html)" "mantech8.com"
40.77.167.42 - - [11/Nov/2022:16:22:08 -0800] "GET /index.php/Tcmd-db7ffbfbf-2ArT2.Ii HTTP/1.1" 200 70794 "-" "Mozilla/5.0 (compatible; bingbot/2.0; +http://www.bing.com/bingbot.htm)" "www.mantech8.com"
188.166.51.126 - - [11/Nov/2022:16:22:12 -0800] "GET /contact.php HTTP/1.1" 200 29238 "http://mantech8.com/contact.php" "Mozilla/5.0 (Windows NT 10.0; Win64; x64) AppleWebKit/537.36 (KHTML, like Gecko) Chrome/90.0.4430.72 Safari/537.36 Edg/90.0.818.42" "mantech8.com"
188.166.51.126 - - [11/Nov/2022:16:22:13 -0800] "POST /mailer.php HTTP/1.1" 500 - "http://mantech8.com/contact.php" "Mozilla/5.0 (Windows NT 10.0; Win64; x64) AppleWebKit/537.36 (KHTML, like Gecko) Chrome/90.0.4430.72 Safari/537.36 Edg/90.0.818.42" "mantech8.com"
185.191.171.43 - - [11/Nov/2022:16:22:33 -0800] "GET /index.php?camp-fire%2F508069.html HTTP/1.1" 500 - "-" "Mozilla/5.0 (compatible; SemrushBot/7~bl; +http://www.semrush.com/bot.html)" "mantech8.com"
185.191.171.15 - - [11/Nov/2022:16:22:34 -0800] "GET /?camp-fire%2F1331429.html HTTP/1.1" 500 - "-" "Mozilla/5.0 (compatible; SemrushBot/7~bl; +http://www.semrush.com/bot.html)" "mantech8.com"
185.191.171.15 - - [11/Nov/2022:16:22:51 -0800] "GET /index.php?camp-fire%2F345298.html HTTP/1.1" 500 - "-" "Mozilla/5.0 (compatible; SemrushBot/7~bl; +http://www.semrush.com/bot.html)" "mantech8.com"
185.191.171.42 - - [11/Nov/2022:16:23:04 -0800] "GET /index.php/camp-fire/10471678.html HTTP/1.1" 500 - "-" "Mozilla/5.0 (compatible; SemrushBot/7~bl; +http://www.semrush.com/bot.html)" "mantech8.com"
185.191.171.6 - - [11/Nov/2022:16:23:25 -0800] "GET /?camp-fire%2F1309629.html HTTP/1.1" 500 - "-" "Mozilla/5.0 (compatible; SemrushBot/7~bl; +http://www.semrush.com/bot.html)" "mantech8.com"
185.191.171.7 - - [11/Nov/2022:16:23:34 -0800] "GET /?camp-fire%2F1389753.html HTTP/1.1" 500 - "-" "Mozilla/5.0 (compatible; SemrushBot/7~bl; +http://www.semrush.com/bot.html)" "mantech8.com"
40.77.167.42 - - [11/Nov/2022:16:24:42 -0800] "GET /index.php?camp-fire/18859301.html HTTP/1.1" 200 62696 "-" "Mozilla/5.0 (compatible; bingbot/2.0; +http://www.bing.com/bingbot.htm)" "www.mantech8.com"
185.191.171.42 - - [11/Nov/2022:16:25:20 -0800] "GET /?camp-fire%2F2181972.html HTTP/1.1" 500 - "-" "Mozilla/5.0 (compatible; SemrushBot/7~bl; +http://www.semrush.com/bot.html)" "mantech8.com"
185.191.171.9 - - [11/Nov/2022:16:25:28 -0800] "GET /?camp-fire%2F1695772.html HTTP/1.1" 500 - "-" "Mozilla/5.0 (compatible; SemrushBot/7~bl; +http://www.semrush.com/bot.html)" "mantech8.com"
157.55.39.185 - - [11/Nov/2022:16:25:47 -0800] "GET /index.php?camp-fire/13139110.html HTTP/1.1" 200 67079 "-" "Mozilla/5.0 (compatible; bingbot/2.0; +http://www.bing.com/bingbot.htm)" "mantech8.com"
185.191.171.23 - - [11/Nov/2022:16:25:51 -0800] "GET /?camp-fire%2F2272459.html HTTP/1.1" 500 - "-" "Mozilla/5.0 (compatible; SemrushBot/7~bl; +http://www.semrush.com/bot.html)" "mantech8.com"
185.191.171.21 - - [11/Nov/2022:16:27:17 -0800] "GET /?camp-fire%2F4149678.html HTTP/1.1" 500 - "-" "Mozilla/5.0 (compatible; SemrushBot/7~bl; +http://www.semrush.com/bot.html)" "mantech8.com"
185.191.171.39 - - [11/Nov/2022:16:27:31 -0800] "GET /?camp-fire%2F7644908.html HTTP/1.1" 500 - "-" "Mozilla/5.0 (compatible; SemrushBot/7~bl; +http://www.semrush.com/bot.html)" "mantech8.com"
185.191.171.7 - - [11/Nov/2022:16:28:46 -0800] "GET /index.php/camp-fire/1387672.html HTTP/1.1" 500 - "-" "Mozilla/5.0 (compatible; SemrushBot/7~bl; +http://www.semrush.com/bot.html)" "mantech8.com"
185.191.171.23 - - [11/Nov/2022:16:29:59 -0800] "GET /?camp-fire%2F1250029.html HTTP/1.1" 500 - "-" "Mozilla/5.0 (compatible; SemrushBot/7~bl; +http://www.semrush.com/bot.html)" "mantech8.com"
157.55.39.154 - - [11/Nov/2022:16:30:10 -0800] "GET /index.php/blog/%E7%81%AB%E6%B8%A1%E3%82%8A%E3%81%BE%E3%81%A4%E3%82%8A%E3%81%8C%E3%81%82%E3%82%8A%E3%81%BE%E3%81%99/ HTTP/1.1" 200 68081 "-" "Mozilla/5.0 (compatible; bingbot/2.0; +http://www.bing.com/bingbot.htm)" "mantech8.com"
185.191.171.10 - - [11/Nov/2022:16:30:34 -0800] "GET /index.php?camp-fire%2F323198.html HTTP/1.1" 500 - "-" "Mozilla/5.0 (compatible; SemrushBot/7~bl; +http://www.semrush.com/bot.html)" "mantech8.com"
185.191.171.4 - - [11/Nov/2022:16:30:38 -0800] "GET /?camp-fire%2F2501729.html HTTP/1.1" 500 - "-" "Mozilla/5.0 (compatible; SemrushBot/7~bl; +http://www.semrush.com/bot.html)" "mantech8.com"
185.191.171.24 - - [11/Nov/2022:16:30:44 -0800] "GET /index.php/camp-fire/43752192.html HTTP/1.1" 500 - "-" "Mozilla/5.0 (compatible; SemrushBot/7~bl; +http://www.semrush.com/bot.html)" "mantech8.com"
185.191.171.33 - - [11/Nov/2022:16:30:46 -0800] "GET /?camp-fire%2F4236769.html HTTP/1.1" 500 - "-" "Mozilla/5.0 (compatible; SemrushBot/7~bl; +http://www.semrush.com/bot.html)" "mantech8.com"
185.191.171.15 - - [11/Nov/2022:16:30:48 -0800] "GET /index.php/camp-fire/17337283.html HTTP/1.1" 500 - "-" "Mozilla/5.0 (compatible; SemrushBot/7~bl; +http://www.semrush.com/bot.html)" "mantech8.com"
185.191.171.44 - - [11/Nov/2022:16:30:54 -0800] "GET /?camp-fire%2F2734553.html HTTP/1.1" 500 - "-" "Mozilla/5.0 (compatible; SemrushBot/7~bl; +http://www.semrush.com/bot.html)" "mantech8.com"
185.191.171.10 - - [11/Nov/2022:16:30:56 -0800] "GET /?camp-fire%2F1490259.html HTTP/1.1" 500 - "-" "Mozilla/5.0 (compatible; SemrushBot/7~bl; +http://www.semrush.com/bot.html)" "mantech8.com"
207.46.13.217 - - [11/Nov/2022:16:31:03 -0800] "GET /index.php?camp-fire/4201673.html HTTP/1.1" 200 68823 "-" "Mozilla/5.0 AppleWebKit/537.36 (KHTML, like Gecko; compatible; bingbot/2.0; +http://www.bing.com/bingbot.htm) Chrome/103.0.5060.134 Safari/537.36" "www.mantech8.com"
185.191.171.16 - - [11/Nov/2022:16:31:35 -0800] "GET /index.php/camp-fire/16113083.html HTTP/1.1" 500 - "-" "Mozilla/5.0 (compatible; SemrushBot/7~bl; +http://www.semrush.com/bot.html)" "mantech8.com"
185.191.171.26 - - [11/Nov/2022:16:31:40 -0800] "GET /?camp-fire%2F1527369.html HTTP/1.1" 500 - "-" "Mozilla/5.0 (compatible; SemrushBot/7~bl; +http://www.semrush.com/bot.html)" "mantech8.com"
185.191.171.14 - - [11/Nov/2022:16:32:20 -0800] "GET /?camp-fire%2F2841190.html HTTP/1.1" 500 - "-" "Mozilla/5.0 (compatible; SemrushBot/7~bl; +http://www.semrush.com/bot.html)" "mantech8.com"
185.191.171.8 - - [11/Nov/2022:16:32:43 -0800] "GET /?camp-fire%2F1392629.html HTTP/1.1" 500 - "-" "Mozilla/5.0 (compatible; SemrushBot/7~bl; +http://www.semrush.com/bot.html)" "mantech8.com"
185.191.171.7 - - [11/Nov/2022:16:33:05 -0800] "GET /?camp-fire%2F861398.html HTTP/1.1" 500 - "-" "Mozilla/5.0 (compatible; SemrushBot/7~bl; +http://www.semrush.com/bot.html)" "mantech8.com"
185.191.171.9 - - [11/Nov/2022:16:33:39 -0800] "GET /index.php/camp-fire/27320597.html HTTP/1.1" 500 - "-" "Mozilla/5.0 (compatible; SemrushBot/7~bl; +http://www.semrush.com/bot.html)" "mantech8.com"
185.191.171.22 - - [11/Nov/2022:16:34:02 -0800] "GET /?camp-fire%2F2082159.html HTTP/1.1" 500 - "-" "Mozilla/5.0 (compatible; SemrushBot/7~bl; +http://www.semrush.com/bot.html)" "mantech8.com"
157.55.39.14 - - [11/Nov/2022:16:34:22 -0800] "GET /F2si-994beffbb-DivUV.Ii HTTP/1.1" 404 88 "-" "Mozilla/5.0 (compatible; bingbot/2.0; +http://www.bing.com/bingbot.htm)" "www.mantech8.com"
185.191.171.2 - - [11/Nov/2022:16:35:06 -0800] "GET /?camp-fire%2F1859472.html HTTP/1.1" 500 - "-" "Mozilla/5.0 (compatible; SemrushBot/7~bl; +http://www.semrush.com/bot.html)" "mantech8.com"
185.191.171.1 - - [11/Nov/2022:16:35:34 -0800] "GET /?camp-fire%2F1457853.html HTTP/1.1" 500 - "-" "Mozilla/5.0 (compatible; SemrushBot/7~bl; +http://www.semrush.com/bot.html)" "mantech8.com"
185.191.171.22 - - [11/Nov/2022:16:36:21 -0800] "GET /?camp-fire%2F2109272.html HTTP/1.1" 500 - "-" "Mozilla/5.0 (compatible; SemrushBot/7~bl; +http://www.semrush.com/bot.html)" "mantech8.com"
207.46.13.217 - - [11/Nov/2022:16:37:14 -0800] "GET /contact_us.html HTTP/1.1" 200 3609 "-" "Mozilla/5.0 (compatible; bingbot/2.0; +http://www.bing.com/bingbot.htm)" "www.mantech8.com"
185.191.171.21 - - [11/Nov/2022:16:37:31 -0800] "GET /?camp-fire%2F3434093.html HTTP/1.1" 500 - "-" "Mozilla/5.0 (compatible; SemrushBot/7~bl; +http://www.semrush.com/bot.html)" "mantech8.com"
185.191.171.12 - - [11/Nov/2022:16:38:13 -0800] "GET /?camp-fire%2F2845851.html HTTP/1.1" 500 - "-" "Mozilla/5.0 (compatible; SemrushBot/7~bl; +http://www.semrush.com/bot.html)" "mantech8.com"
185.191.171.21 - - [11/Nov/2022:16:38:25 -0800] "GET /index.php/camp-fire/29209763.html HTTP/1.1" 500 - "-" "Mozilla/5.0 (compatible; SemrushBot/7~bl; +http://www.semrush.com/bot.html)" "mantech8.com"
185.191.171.38 - - [11/Nov/2022:16:38:51 -0800] "GET /?camp-fire%2F2619990.html HTTP/1.1" 500 - "-" "Mozilla/5.0 (compatible; SemrushBot/7~bl; +http://www.semrush.com/bot.html)" "mantech8.com"
185.191.171.16 - - [11/Nov/2022:16:38:53 -0800] "GET /?camp-fire%2F2148372.html HTTP/1.1" 500 - "-" "Mozilla/5.0 (compatible; SemrushBot/7~bl; +http://www.semrush.com/bot.html)" "mantech8.com"
185.191.171.8 - - [11/Nov/2022:16:39:02 -0800] "GET /?camp-fire%2F2207200.html HTTP/1.1" 500 - "-" "Mozilla/5.0 (compatible; SemrushBot/7~bl; +http://www.semrush.com/bot.html)" "mantech8.com"
185.191.171.21 - - [11/Nov/2022:16:39:15 -0800] "GET /?camp-fire%2F4106865.html HTTP/1.1" 500 - "-" "Mozilla/5.0 (compatible; SemrushBot/7~bl; +http://www.semrush.com/bot.html)" "mantech8.com"
185.191.171.21 - - [11/Nov/2022:16:40:02 -0800] "GET /index.php?camp-fire%2F594169.html HTTP/1.1" 500 - "-" "Mozilla/5.0 (compatible; SemrushBot/7~bl; +http://www.semrush.com/bot.html)" "mantech8.com"
185.191.171.5 - - [11/Nov/2022:16:40:03 -0800] "GET /?camp-fire%2F2309059.html HTTP/1.1" 500 - "-" "Mozilla/5.0 (compatible; SemrushBot/7~bl; +http://www.semrush.com/bot.html)" "mantech8.com"
185.191.171.39 - - [11/Nov/2022:16:40:27 -0800] "GET /?camp-fire%2F490898.html HTTP/1.1" 500 - "-" "Mozilla/5.0 (compatible; SemrushBot/7~bl; +http://www.semrush.com/bot.html)" "mantech8.com"
185.191.171.14 - - [11/Nov/2022:16:40:37 -0800] "GET /?camp-fire%2F3323398.html HTTP/1.1" 500 - "-" "Mozilla/5.0 (compatible; SemrushBot/7~bl; +http://www.semrush.com/bot.html)" "mantech8.com"
185.191.171.22 - - [11/Nov/2022:16:42:47 -0800] "GET /index.php?camp-fire%2F565869.html HTTP/1.1" 500 - "-" "Mozilla/5.0 (compatible; SemrushBot/7~bl; +http://www.semrush.com/bot.html)" "mantech8.com"
185.191.171.5 - - [11/Nov/2022:16:42:52 -0800] "GET /?camp-fire%2F3311600.html HTTP/1.1" 500 - "-" "Mozilla/5.0 (compatible; SemrushBot/7~bl; +http://www.semrush.com/bot.html)" "mantech8.com"
185.191.171.16 - - [11/Nov/2022:16:42:54 -0800] "GET /index.php/camp-fire/4381096.html HTTP/1.1" 500 - "-" "Mozilla/5.0 (compatible; SemrushBot/7~bl; +http://www.semrush.com/bot.html)" "mantech8.com"
185.191.171.40 - - [11/Nov/2022:16:43:52 -0800] "GET /?camp-fire%2F2369559.html HTTP/1.1" 500 - "-" "Mozilla/5.0 (compatible; SemrushBot/7~bl; +http://www.semrush.com/bot.html)" "mantech8.com"
185.191.171.43 - - [11/Nov/2022:16:43:54 -0800] "GET /?camp-fire%2F4224593.html HTTP/1.1" 500 - "-" "Mozilla/5.0 (compatible; SemrushBot/7~bl; +http://www.semrush.com/bot.html)" "mantech8.com"
185.191.171.23 - - [11/Nov/2022:16:44:04 -0800] "GET /?camp-fire%2F9982751.html HTTP/1.1" 500 - "-" "Mozilla/5.0 (compatible; SemrushBot/7~bl; +http://www.semrush.com/bot.html)" "mantech8.com"
185.191.171.36 - - [11/Nov/2022:16:44:11 -0800] "GET /?camp-fire%2F1202198.html HTTP/1.1" 500 - "-" "Mozilla/5.0 (compatible; SemrushBot/7~bl; +http://www.semrush.com/bot.html)" "mantech8.com"
185.191.171.16 - - [11/Nov/2022:16:44:14 -0800] "GET /?camp-fire%2F1538653.html HTTP/1.1" 500 - "-" "Mozilla/5.0 (compatible; SemrushBot/7~bl; +http://www.semrush.com/bot.html)" "mantech8.com"
185.191.171.41 - - [11/Nov/2022:16:44:17 -0800] "GET /?camp-fire%2F619769.html HTTP/1.1" 500 - "-" "Mozilla/5.0 (compatible; SemrushBot/7~bl; +http://www.semrush.com/bot.html)" "mantech8.com"
185.191.171.43 - - [11/Nov/2022:16:44:34 -0800] "GET /?camp-fire%2F1242100.html HTTP/1.1" 500 - "-" "Mozilla/5.0 (compatible; SemrushBot/7~bl; +http://www.semrush.com/bot.html)" "mantech8.com"
185.191.171.1 - - [11/Nov/2022:16:44:40 -0800] "GET /index.php/camp-fire/18324626.html HTTP/1.1" 500 - "-" "Mozilla/5.0 (compatible; SemrushBot/7~bl; +http://www.semrush.com/bot.html)" "mantech8.com"
185.191.171.10 - - [11/Nov/2022:16:44:57 -0800] "GET /index.php/camp-fire/15482983.html HTTP/1.1" 500 - "-" "Mozilla/5.0 (compatible; SemrushBot/7~bl; +http://www.semrush.com/bot.html)" "mantech8.com"
185.191.171.12 - - [11/Nov/2022:16:45:02 -0800] "GET /?camp-fire%2F605269.html HTTP/1.1" 500 - "-" "Mozilla/5.0 (compatible; SemrushBot/7~bl; +http://www.semrush.com/bot.html)" "mantech8.com"
185.191.171.17 - - [11/Nov/2022:16:45:12 -0800] "GET /?camp-fire%2F263698.html HTTP/1.1" 500 - "-" "Mozilla/5.0 (compatible; SemrushBot/7~bl; +http://www.semrush.com/bot.html)" "mantech8.com"
213.219.247.125 - - [11/Nov/2022:16:45:29 -0800] "GET /contact.php HTTP/1.1" 200 29238 "http://mantech8.com/contact.php" "Mozilla/5.0 (Windows NT 10.0; WOW64) AppleWebKit/537.36 (KHTML, like Gecko) Chrome/90.0.4430.85 Safari/537.36" "mantech8.com"
185.191.171.21 - - [11/Nov/2022:16:47:29 -0800] "GET /?camp-fire%2F1366300.html HTTP/1.1" 500 - "-" "Mozilla/5.0 (compatible; SemrushBot/7~bl; +http://www.semrush.com/bot.html)" "mantech8.com"
185.191.171.10 - - [11/Nov/2022:16:48:20 -0800] "GET /?camp-fire%2F4233265.html HTTP/1.1" 500 - "-" "Mozilla/5.0 (compatible; SemrushBot/7~bl; +http://www.semrush.com/bot.html)" "mantech8.com"
185.191.171.11 - - [11/Nov/2022:16:49:00 -0800] "GET /?camp-fire%2F1244000.html HTTP/1.1" 500 - "-" "Mozilla/5.0 (compatible; SemrushBot/7~bl; +http://www.semrush.com/bot.html)" "mantech8.com"
185.191.171.18 - - [11/Nov/2022:16:49:51 -0800] "GET /index.php?camp-fire%2F487469.html HTTP/1.1" 500 - "-" "Mozilla/5.0 (compatible; SemrushBot/7~bl; +http://www.semrush.com/bot.html)" "mantech8.com"
185.191.171.1 - - [11/Nov/2022:16:50:01 -0800] "GET /index.php/camp-fire/27290197.html HTTP/1.1" 500 - "-" "Mozilla/5.0 (compatible; SemrushBot/7~bl; +http://www.semrush.com/bot.html)" "mantech8.com"
185.191.171.42 - - [11/Nov/2022:16:50:29 -0800] "GET /?camp-fire%2F2257629.html HTTP/1.1" 500 - "-" "Mozilla/5.0 (compatible; SemrushBot/7~bl; +http://www.semrush.com/bot.html)" "mantech8.com"
185.191.171.25 - - [11/Nov/2022:16:51:37 -0800] "GET /?camp-fire%2F2308653.html HTTP/1.1" 500 - "-" "Mozilla/5.0 (compatible; SemrushBot/7~bl; +http://www.semrush.com/bot.html)" "mantech8.com"
185.191.171.25 - - [11/Nov/2022:16:51:39 -0800] "GET /?camp-fire%2F1782551.html HTTP/1.1" 500 - "-" "Mozilla/5.0 (compatible; SemrushBot/7~bl; +http://www.semrush.com/bot.html)" "mantech8.com"
185.191.171.45 - - [11/Nov/2022:16:52:17 -0800] "GET /?camp-fire%2F1481853.html HTTP/1.1" 500 - "-" "Mozilla/5.0 (compatible; SemrushBot/7~bl; +http://www.semrush.com/bot.html)" "mantech8.com"
185.191.171.1 - - [11/Nov/2022:16:52:19 -0800] "GET /?camp-fire%2F3365293.html HTTP/1.1" 500 - "-" "Mozilla/5.0 (compatible; SemrushBot/7~bl; +http://www.semrush.com/bot.html)" "mantech8.com"
144.76.41.194 - - [11/Nov/2022:16:52:21 -0800] "GET /contact.php HTTP/1.1" 200 29238 "http://mantech8.com/contact.php" "Mozilla/5.0 (Windows NT 6.3) AppleWebKit/537.36 (KHTML, like Gecko) Chrome/90.0.4430.72 Safari/537.36" "mantech8.com"
144.76.41.194 - - [11/Nov/2022:16:52:21 -0800] "GET /verificationimage.php?6960 HTTP/1.1" 200 1338 "http://mantech8.com/contact.php" "Mozilla/5.0 (Windows NT 6.3) AppleWebKit/537.36 (KHTML, like Gecko) Chrome/90.0.4430.72 Safari/537.36" "mantech8.com"
144.76.41.194 - - [11/Nov/2022:16:52:22 -0800] "POST /mailer.php HTTP/1.1" 500 - "http://mantech8.com/contact.php" "Mozilla/5.0 (Windows NT 6.3) AppleWebKit/537.36 (KHTML, like Gecko) Chrome/90.0.4430.72 Safari/537.36" "mantech8.com"
185.191.171.19 - - [11/Nov/2022:16:52:28 -0800] "GET /index.php?camp-fire%2F521169.html HTTP/1.1" 500 - "-" "Mozilla/5.0 (compatible; SemrushBot/7~bl; +http://www.semrush.com/bot.html)" "mantech8.com"
157.55.39.14 - - [11/Nov/2022:16:52:35 -0800] "GET /index.php/7B7V-8fcae-YuoBL.Ii HTTP/1.1" 200 72171 "-" "Mozilla/5.0 AppleWebKit/537.36 (KHTML, like Gecko; compatible; bingbot/2.0; +http://www.bing.com/bingbot.htm) Chrome/103.0.5060.134 Safari/537.36" "www.mantech8.com"
185.191.171.8 - - [11/Nov/2022:16:52:48 -0800] "GET /index.php/camp-fire/36954938.html HTTP/1.1" 500 - "-" "Mozilla/5.0 (compatible; SemrushBot/7~bl; +http://www.semrush.com/bot.html)" "mantech8.com"
185.191.171.2 - - [11/Nov/2022:16:53:13 -0800] "GET /?camp-fire%2F1399100.html HTTP/1.1" 500 - "-" "Mozilla/5.0 (compatible; SemrushBot/7~bl; +http://www.semrush.com/bot.html)" "mantech8.com"
185.191.171.25 - - [11/Nov/2022:16:53:29 -0800] "GET /index.php/camp-fire/109550150.html HTTP/1.1" 500 - "-" "Mozilla/5.0 (compatible; SemrushBot/7~bl; +http://www.semrush.com/bot.html)" "mantech8.com"
185.191.171.24 - - [11/Nov/2022:16:53:33 -0800] "GET /?camp-fire%2F2598072.html HTTP/1.1" 500 - "-" "Mozilla/5.0 (compatible; SemrushBot/7~bl; +http://www.semrush.com/bot.html)" "mantech8.com"
185.191.171.6 - - [11/Nov/2022:16:53:51 -0800] "GET /robots.txt HTTP/1.1" 200 106 "-" "Mozilla/5.0 (compatible; SemrushBot/7~bl; +http://www.semrush.com/bot.html)" "mantech8.com"
185.191.171.16 - - [11/Nov/2022:16:53:52 -0800] "GET /index.php/camp-fire/11482121.html HTTP/1.1" 500 - "-" "Mozilla/5.0 (compatible; SemrushBot/7~bl; +http://www.semrush.com/bot.html)" "mantech8.com"
40.77.167.42 - - [11/Nov/2022:16:54:22 -0800] "GET / HTTP/1.1" 200 64345 "-" "Mozilla/5.0 (compatible; bingbot/2.0; +http://www.bing.com/bingbot.htm)" "www.mantech8.com"
185.191.171.5 - - [11/Nov/2022:16:54:44 -0800] "GET /index.php/camp-fire/32638325.html HTTP/1.1" 500 - "-" "Mozilla/5.0 (compatible; SemrushBot/7~bl; +http://www.semrush.com/bot.html)" "mantech8.com"
157.55.39.154 - - [11/Nov/2022:16:54:44 -0800] "GET / HTTP/1.1" 200 64699 "-" "Mozilla/5.0 AppleWebKit/537.36 (KHTML, like Gecko; compatible; bingbot/2.0; +http://www.bing.com/bingbot.htm) Chrome/103.0.5060.134 Safari/537.36" "www.mantech8.com"
196.245.186.201 - - [11/Nov/2022:16:54:46 -0800] "GET /contact.php HTTP/1.1" 200 29238 "-" "Mozilla/5.0 (Windows NT 10.0; Win64; x64; rv:102.0) Gecko/20100101 Firefox/102.0" "www.mantech8.com"
196.245.186.201 - - [11/Nov/2022:16:54:47 -0800] "GET /verificationimage.php?3917 HTTP/1.1" 200 1415 "http://www.mantech8.com/mailer.php" "Mozilla/5.0 (Windows NT 10.0; Win64; x64; rv:102.0) Gecko/20100101 Firefox/102.0" "www.mantech8.com"
196.245.186.201 - - [11/Nov/2022:16:54:48 -0800] "GET /verificationimage.php?3917 HTTP/1.1" 200 1354 "http://www.mantech8.com/mailer.php" "Mozilla/5.0 (Windows NT 10.0; Win64; x64; rv:102.0) Gecko/20100101 Firefox/102.0" "www.mantech8.com"
216.244.66.241 - - [11/Nov/2022:16:54:49 -0800] "GET /robots.txt HTTP/1.1" 200 222 "-" "Mozilla/5.0 (compatible; DotBot/1.2; +https://opensiteexplorer.org/dotbot; help@moz.com)" "www.mantech8.com"
216.244.66.241 - - [11/Nov/2022:16:54:49 -0800] "GET /robots.txt HTTP/1.1" 200 222 "-" "Mozilla/5.0 (compatible; DotBot/1.2; +https://opensiteexplorer.org/dotbot; help@moz.com)" "mantech8.com"
185.191.171.26 - - [11/Nov/2022:16:55:14 -0800] "GET /?camp-fire%2F1794569.html HTTP/1.1" 500 - "-" "Mozilla/5.0 (compatible; SemrushBot/7~bl; +http://www.semrush.com/bot.html)" "mantech8.com"
40.77.167.40 - - [11/Nov/2022:16:55:26 -0800] "GET /index.php/pierohonpo?ref_src=twsrc%5Etfw HTTP/1.1" 200 62781 "-" "Mozilla/5.0 AppleWebKit/537.36 (KHTML, like Gecko; compatible; bingbot/2.0; +http://www.bing.com/bingbot.htm) Chrome/103.0.5060.134 Safari/537.36" "mantech8.com"
185.191.171.1 - - [11/Nov/2022:16:55:46 -0800] "GET /?camp-fire%2F2285259.html HTTP/1.1" 500 - "-" "Mozilla/5.0 (compatible; SemrushBot/7~bl; +http://www.semrush.com/bot.html)" "mantech8.com"
185.191.171.24 - - [11/Nov/2022:16:56:16 -0800] "GET /?camp-fire%2F3345898.html HTTP/1.1" 500 - "-" "Mozilla/5.0 (compatible; SemrushBot/7~bl; +http://www.semrush.com/bot.html)" "mantech8.com"
185.191.171.2 - - [11/Nov/2022:16:56:52 -0800] "GET /?camp-fire%2F2050472.html HTTP/1.1" 500 - "-" "Mozilla/5.0 (compatible; SemrushBot/7~bl; +http://www.semrush.com/bot.html)" "mantech8.com"
185.191.171.41 - - [11/Nov/2022:16:56:57 -0800] "GET /?camp-fire%2F319298.html HTTP/1.1" 500 - "-" "Mozilla/5.0 (compatible; SemrushBot/7~bl; +http://www.semrush.com/bot.html)" "mantech8.com"
185.191.171.41 - - [11/Nov/2022:16:57:26 -0800] "GET /index.php/camp-fire/28009397.html HTTP/1.1" 500 - "-" "Mozilla/5.0 (compatible; SemrushBot/7~bl; +http://www.semrush.com/bot.html)" "mantech8.com"
185.191.171.22 - - [11/Nov/2022:16:57:27 -0800] "GET /?camp-fire%2F2386051.html HTTP/1.1" 500 - "-" "Mozilla/5.0 (compatible; SemrushBot/7~bl; +http://www.semrush.com/bot.html)" "mantech8.com"
89.22.232.186 - - [11/Nov/2022:16:57:31 -0800] "GET /contact.php HTTP/1.1" 200 29238 "http://mantech8.com/contact.php" "Mozilla/5.0 (Windows NT 6.3; Win64; x64) AppleWebKit/537.36 (KHTML, like Gecko) Chrome/90.0.4430.85 Safari/537.36" "mantech8.com"
185.191.171.34 - - [11/Nov/2022:16:57:34 -0800] "GET /?camp-fire%2F4096065.html HTTP/1.1" 500 - "-" "Mozilla/5.0 (compatible; SemrushBot/7~bl; +http://www.semrush.com/bot.html)" "mantech8.com"
185.191.171.45 - - [11/Nov/2022:16:57:45 -0800] "GET /?camp-fire%2F1346459.html HTTP/1.1" 500 - "-" "Mozilla/5.0 (compatible; SemrushBot/7~bl; +http://www.semrush.com/bot.html)" "mantech8.com"
185.191.171.36 - - [11/Nov/2022:16:59:29 -0800] "GET /index.php/camp-fire/52005149.html HTTP/1.1" 500 - "-" "Mozilla/5.0 (compatible; SemrushBot/7~bl; +http://www.semrush.com/bot.html)" "mantech8.com"
157.55.39.154 - - [11/Nov/2022:17:00:15 -0800] "GET /index.php/lgKCL-f8dcd-C1W4.Ii HTTP/1.1" 200 30672 "-" "Mozilla/5.0 (compatible; bingbot/2.0; +http://www.bing.com/bingbot.htm)" "mantech8.com"
185.191.171.4 - - [11/Nov/2022:17:00:55 -0800] "GET /index.php/camp-fire/32576360.html HTTP/1.1" 500 - "-" "Mozilla/5.0 (compatible; SemrushBot/7~bl; +http://www.semrush.com/bot.html)" "mantech8.com"
89.22.232.186 - - [11/Nov/2022:17:00:58 -0800] "GET /contact.php HTTP/1.1" 200 29238 "http://mantech8.com/contact.php" "Mozilla/5.0 (Windows NT 6.3) AppleWebKit/537.36 (KHTML, like Gecko) Chrome/90.0.4430.72 Safari/537.36" "mantech8.com"
185.191.171.20 - - [11/Nov/2022:17:01:14 -0800] "GET /index.php/camp-fire/3597200.html HTTP/1.1" 500 - "-" "Mozilla/5.0 (compatible; SemrushBot/7~bl; +http://www.semrush.com/bot.html)" "mantech8.com"
185.191.171.9 - - [11/Nov/2022:17:02:18 -0800] "GET /?camp-fire%2F1366000.html HTTP/1.1" 500 - "-" "Mozilla/5.0 (compatible; SemrushBot/7~bl; +http://www.semrush.com/bot.html)" "mantech8.com"
185.191.171.3 - - [11/Nov/2022:17:03:11 -0800] "GET /?camp-fire%2F2864653.html HTTP/1.1" 500 - "-" "Mozilla/5.0 (compatible; SemrushBot/7~bl; +http://www.semrush.com/bot.html)" "mantech8.com"
185.191.171.16 - - [11/Nov/2022:17:03:50 -0800] "GET /?camp-fire%2F4251196.html HTTP/1.1" 500 - "-" "Mozilla/5.0 (compatible; SemrushBot/7~bl; +http://www.semrush.com/bot.html)" "mantech8.com"
185.191.171.2 - - [11/Nov/2022:17:03:53 -0800] "GET /?camp-fire%2F1370529.html HTTP/1.1" 500 - "-" "Mozilla/5.0 (compatible; SemrushBot/7~bl; +http://www.semrush.com/bot.html)" "mantech8.com"
185.191.171.33 - - [11/Nov/2022:17:04:16 -0800] "GET /?camp-fire%2F2947993.html HTTP/1.1" 500 - "-" "Mozilla/5.0 (compatible; SemrushBot/7~bl; +http://www.semrush.com/bot.html)" "mantech8.com"
185.191.171.17 - - [11/Nov/2022:17:04:18 -0800] "GET /?camp-fire%2F1392990.html HTTP/1.1" 500 - "-" "Mozilla/5.0 (compatible; SemrushBot/7~bl; +http://www.semrush.com/bot.html)" "mantech8.com"
185.191.171.9 - - [11/Nov/2022:17:04:25 -0800] "GET /?camp-fire%2F1421559.html HTTP/1.1" 500 - "-" "Mozilla/5.0 (compatible; SemrushBot/7~bl; +http://www.semrush.com/bot.html)" "mantech8.com"
185.191.171.6 - - [11/Nov/2022:17:04:53 -0800] "GET /?camp-fire%2F4255696.html HTTP/1.1" 500 - "-" "Mozilla/5.0 (compatible; SemrushBot/7~bl; +http://www.semrush.com/bot.html)" "mantech8.com"
185.191.171.19 - - [11/Nov/2022:17:05:29 -0800] "GET /?camp-fire%2F2938172.html HTTP/1.1" 500 - "-" "Mozilla/5.0 (compatible; SemrushBot/7~bl; +http://www.semrush.com/bot.html)" "mantech8.com"
185.191.171.18 - - [11/Nov/2022:17:05:55 -0800] "GET /?camp-fire%2F4763955.html HTTP/1.1" 500 - "-" "Mozilla/5.0 (compatible; SemrushBot/7~bl; +http://www.semrush.com/bot.html)" "mantech8.com"
185.191.171.35 - - [11/Nov/2022:17:05:57 -0800] "GET /?camp-fire%2F7987478.html HTTP/1.1" 500 - "-" "Mozilla/5.0 (compatible; SemrushBot/7~bl; +http://www.semrush.com/bot.html)" "mantech8.com"
185.191.171.23 - - [11/Nov/2022:17:06:27 -0800] "GET /index.php/camp-fire/28241135.html HTTP/1.1" 500 - "-" "Mozilla/5.0 (compatible; SemrushBot/7~bl; +http://www.semrush.com/bot.html)" "mantech8.com"
185.191.171.35 - - [11/Nov/2022:17:06:30 -0800] "GET /index.php/camp-fire/15323165.html HTTP/1.1" 500 - "-" "Mozilla/5.0 (compatible; SemrushBot/7~bl; +http://www.semrush.com/bot.html)" "mantech8.com"
185.191.171.17 - - [11/Nov/2022:17:07:35 -0800] "GET /index.php/camp-fire/27658509.html HTTP/1.1" 500 - "-" "Mozilla/5.0 (compatible; SemrushBot/7~bl; +http://www.semrush.com/bot.html)" "mantech8.com"
185.191.171.9 - - [11/Nov/2022:17:07:36 -0800] "GET /?camp-fire%2F1513753.html HTTP/1.1" 500 - "-" "Mozilla/5.0 (compatible; SemrushBot/7~bl; +http://www.semrush.com/bot.html)" "mantech8.com"
185.191.171.25 - - [11/Nov/2022:17:07:47 -0800] "GET /?camp-fire%2F474569.html HTTP/1.1" 500 - "-" "Mozilla/5.0 (compatible; SemrushBot/7~bl; +http://www.semrush.com/bot.html)" "mantech8.com"
185.191.171.12 - - [11/Nov/2022:17:07:54 -0800] "GET /?camp-fire%2F2440153.html HTTP/1.1" 500 - "-" "Mozilla/5.0 (compatible; SemrushBot/7~bl; +http://www.semrush.com/bot.html)" "mantech8.com"
185.191.171.26 - - [11/Nov/2022:17:08:31 -0800] "GET /?camp-fire%2F3851374.html HTTP/1.1" 500 - "-" "Mozilla/5.0 (compatible; SemrushBot/7~bl; +http://www.semrush.com/bot.html)" "mantech8.com"
185.191.171.16 - - [11/Nov/2022:17:09:28 -0800] "GET /?camp-fire%2F1234029.html HTTP/1.1" 500 - "-" "Mozilla/5.0 (compatible; SemrushBot/7~bl; +http://www.semrush.com/bot.html)" "mantech8.com"
146.190.40.18 - - [11/Nov/2022:17:09:32 -0800] "GET /about.php HTTP/1.1" 404 88 "-" "python-requests/2.28.1" "mantech8.com"
146.190.40.18 - - [11/Nov/2022:17:09:33 -0800] "GET /upload.php?mr=exe3 HTTP/1.1" 404 88 "-" "python-requests/2.28.1" "mantech8.com"
146.190.40.18 - - [11/Nov/2022:17:09:34 -0800] "GET /2index.php HTTP/1.1" 404 88 "-" "python-requests/2.28.1" "mantech8.com"
146.190.40.18 - - [11/Nov/2022:17:09:34 -0800] "GET /C.php HTTP/1.1" 404 88 "-" "python-requests/2.28.1" "mantech8.com"
146.190.40.18 - - [11/Nov/2022:17:09:34 -0800] "GET /c.php HTTP/1.1" 404 88 "-" "python-requests/2.28.1" "mantech8.com"
146.190.40.18 - - [11/Nov/2022:17:09:35 -0800] "GET /01.php HTTP/1.1" 404 88 "-" "python-requests/2.28.1" "mantech8.com"
146.190.40.18 - - [11/Nov/2022:17:09:35 -0800] "GET /1.php HTTP/1.1" 500 - "-" "python-requests/2.28.1" "mantech8.com"
146.190.40.18 - - [11/Nov/2022:17:09:35 -0800] "GET /02.php HTTP/1.1" 404 88 "-" "python-requests/2.28.1" "mantech8.com"
146.190.40.18 - - [11/Nov/2022:17:09:35 -0800] "GET /wp.php HTTP/1.1" 404 88 "-" "python-requests/2.28.1" "mantech8.com"
146.190.40.18 - - [11/Nov/2022:17:09:35 -0800] "GET /fw.php HTTP/1.1" 500 - "-" "python-requests/2.28.1" "mantech8.com"
146.190.40.18 - - [11/Nov/2022:17:09:36 -0800] "GET /alfa.php HTTP/1.1" 404 88 "-" "python-requests/2.28.1" "mantech8.com"
146.190.40.18 - - [11/Nov/2022:17:09:37 -0800] "GET /mini.php HTTP/1.1" 404 88 "-" "python-requests/2.28.1" "mantech8.com"
146.190.40.18 - - [11/Nov/2022:17:09:37 -0800] "GET /x.php HTTP/1.1" 404 88 "-" "python-requests/2.28.1" "mantech8.com"
146.190.40.18 - - [11/Nov/2022:17:09:37 -0800] "GET /404.php HTTP/1.1" 404 88 "-" "python-requests/2.28.1" "mantech8.com"
146.190.40.18 - - [11/Nov/2022:17:09:37 -0800] "GET /403.php HTTP/1.1" 404 88 "-" "python-requests/2.28.1" "mantech8.com"
146.190.40.18 - - [11/Nov/2022:17:09:38 -0800] "GET /wso.php HTTP/1.1" 404 88 "-" "python-requests/2.28.1" "mantech8.com"
146.190.40.18 - - [11/Nov/2022:17:09:38 -0800] "GET /admin.php HTTP/1.1" 200 18 "-" "python-requests/2.28.1" "mantech8.com"
185.191.171.10 - - [11/Nov/2022:17:10:41 -0800] "GET /?camp-fire%2F1580590.html HTTP/1.1" 500 - "-" "Mozilla/5.0 (compatible; SemrushBot/7~bl; +http://www.semrush.com/bot.html)" "mantech8.com"
157.230.186.55 - - [11/Nov/2022:17:11:23 -0800] "HEAD / HTTP/1.1" 200 - "https://www.bing.com" "Mozilla/5.0 (Macintosh; Intel Mac OS X 10_8_0) AppleWebKit/537.36 (KHTML, like Gecko) Chrome/32.0.1664.3 Safari/537.36" "mantech8.com"
157.230.186.55 - - [11/Nov/2022:17:11:23 -0800] "GET /wp-login.php HTTP/1.1" 404 88 "http://mantech8.com" "Mozilla/5.0 (Macintosh; Intel Mac OS X 10_8_0) AppleWebKit/537.36 (KHTML, like Gecko) Chrome/32.0.1664.3 Safari/537.36" "mantech8.com"
157.230.186.55 - - [11/Nov/2022:17:11:23 -0800] "GET /wordpress/wp-login.php HTTP/1.1" 404 88 "http://mantech8.com" "Mozilla/5.0 (Macintosh; Intel Mac OS X 10_8_0) AppleWebKit/537.36 (KHTML, like Gecko) Chrome/32.0.1664.3 Safari/537.36" "mantech8.com"
157.230.186.55 - - [11/Nov/2022:17:11:23 -0800] "GET /blog/wp-login.php HTTP/1.1" 404 88 "http://mantech8.com" "Mozilla/5.0 (Macintosh; Intel Mac OS X 10_8_0) AppleWebKit/537.36 (KHTML, like Gecko) Chrome/32.0.1664.3 Safari/537.36" "mantech8.com"
157.230.186.55 - - [11/Nov/2022:17:11:24 -0800] "GET /wp/wp-login.php HTTP/1.1" 404 88 "http://mantech8.com" "Mozilla/5.0 (Macintosh; Intel Mac OS X 10_8_0) AppleWebKit/537.36 (KHTML, like Gecko) Chrome/32.0.1664.3 Safari/537.36" "mantech8.com"
185.191.171.1 - - [11/Nov/2022:17:11:45 -0800] "GET /index.php/camp-fire/1119772.html HTTP/1.1" 500 - "-" "Mozilla/5.0 (compatible; SemrushBot/7~bl; +http://www.semrush.com/bot.html)" "mantech8.com"
40.77.167.42 - - [11/Nov/2022:17:12:05 -0800] "GET /index.php?camp-fire/65218737.html HTTP/1.1" 200 68420 "-" "Mozilla/5.0 (compatible; bingbot/2.0; +http://www.bing.com/bingbot.htm)" "mantech8.com"
185.191.171.23 - - [11/Nov/2022:17:12:07 -0800] "GET /index.php?camp-fire%2F622769.html HTTP/1.1" 500 - "-" "Mozilla/5.0 (compatible; SemrushBot/7~bl; +http://www.semrush.com/bot.html)" "mantech8.com"
185.191.171.20 - - [11/Nov/2022:17:12:35 -0800] "GET /index.php?camp-fire%2F304098.html HTTP/1.1" 500 - "-" "Mozilla/5.0 (compatible; SemrushBot/7~bl; +http://www.semrush.com/bot.html)" "mantech8.com"
185.191.171.1 - - [11/Nov/2022:17:12:39 -0800] "GET /?camp-fire%2F3562000.html HTTP/1.1" 500 - "-" "Mozilla/5.0 (compatible; SemrushBot/7~bl; +http://www.semrush.com/bot.html)" "mantech8.com"
185.191.171.35 - - [11/Nov/2022:17:12:44 -0800] "GET /?camp-fire%2F3302800.html HTTP/1.1" 500 - "-" "Mozilla/5.0 (compatible; SemrushBot/7~bl; +http://www.semrush.com/bot.html)" "mantech8.com"
185.191.171.40 - - [11/Nov/2022:17:12:47 -0800] "GET /?camp-fire%2F462869.html HTTP/1.1" 500 - "-" "Mozilla/5.0 (compatible; SemrushBot/7~bl; +http://www.semrush.com/bot.html)" "mantech8.com"
185.191.171.12 - - [11/Nov/2022:17:13:20 -0800] "GET /index.php/camp-fire/12575485.html HTTP/1.1" 500 - "-" "Mozilla/5.0 (compatible; SemrushBot/7~bl; +http://www.semrush.com/bot.html)" "mantech8.com"
185.191.171.8 - - [11/Nov/2022:17:14:36 -0800] "GET /index.php/camp-fire/33583416.html HTTP/1.1" 500 - "-" "Mozilla/5.0 (compatible; SemrushBot/7~bl; +http://www.semrush.com/bot.html)" "mantech8.com"
185.191.171.42 - - [11/Nov/2022:17:15:03 -0800] "GET /index.php?camp-fire%2F277298.html HTTP/1.1" 500 - "-" "Mozilla/5.0 (compatible; SemrushBot/7~bl; +http://www.semrush.com/bot.html)" "mantech8.com"
185.191.171.42 - - [11/Nov/2022:17:15:23 -0800] "GET /?camp-fire%2F1234629.html HTTP/1.1" 500 - "-" "Mozilla/5.0 (compatible; SemrushBot/7~bl; +http://www.semrush.com/bot.html)" "mantech8.com"
185.191.171.2 - - [11/Nov/2022:17:15:58 -0800] "GET /?camp-fire%2F1491059.html HTTP/1.1" 500 - "-" "Mozilla/5.0 (compatible; SemrushBot/7~bl; +http://www.semrush.com/bot.html)" "mantech8.com"
185.191.171.6 - - [11/Nov/2022:17:16:17 -0800] "GET /?camp-fire%2F4111565.html HTTP/1.1" 500 - "-" "Mozilla/5.0 (compatible; SemrushBot/7~bl; +http://www.semrush.com/bot.html)" "mantech8.com"
185.191.171.5 - - [11/Nov/2022:17:16:51 -0800] "GET /index.php/camp-fire/27975771.html HTTP/1.1" 500 - "-" "Mozilla/5.0 (compatible; SemrushBot/7~bl; +http://www.semrush.com/bot.html)" "mantech8.com"
185.191.171.42 - - [11/Nov/2022:17:17:33 -0800] "GET /index.php/camp-fire/15013887.html HTTP/1.1" 500 - "-" "Mozilla/5.0 (compatible; SemrushBot/7~bl; +http://www.semrush.com/bot.html)" "mantech8.com"
185.191.171.6 - - [11/Nov/2022:17:18:02 -0800] "GET /?camp-fire%2F4208485.html HTTP/1.1" 500 - "-" "Mozilla/5.0 (compatible; SemrushBot/7~bl; +http://www.semrush.com/bot.html)" "mantech8.com"
185.191.171.12 - - [11/Nov/2022:17:18:10 -0800] "GET /?camp-fire%2F7725396.html HTTP/1.1" 500 - "-" "Mozilla/5.0 (compatible; SemrushBot/7~bl; +http://www.semrush.com/bot.html)" "mantech8.com"
185.191.171.8 - - [11/Nov/2022:17:18:45 -0800] "GET /index.php?camp-fire%2F266698.html HTTP/1.1" 500 - "-" "Mozilla/5.0 (compatible; SemrushBot/7~bl; +http://www.semrush.com/bot.html)" "mantech8.com"
185.191.171.36 - - [11/Nov/2022:17:19:10 -0800] "GET /?camp-fire%2F4282585.html HTTP/1.1" 500 - "-" "Mozilla/5.0 (compatible; SemrushBot/7~bl; +http://www.semrush.com/bot.html)" "mantech8.com"
185.191.171.38 - - [11/Nov/2022:17:19:16 -0800] "GET /?camp-fire%2F1154072.html HTTP/1.1" 500 - "-" "Mozilla/5.0 (compatible; SemrushBot/7~bl; +http://www.semrush.com/bot.html)" "mantech8.com"
185.191.171.24 - - [11/Nov/2022:17:19:20 -0800] "GET /index.php/camp-fire/28009697.html HTTP/1.1" 500 - "-" "Mozilla/5.0 (compatible; SemrushBot/7~bl; +http://www.semrush.com/bot.html)" "mantech8.com"
185.191.171.6 - - [11/Nov/2022:17:19:58 -0800] "GET /index.php/camp-fire/23293961.html HTTP/1.1" 500 - "-" "Mozilla/5.0 (compatible; SemrushBot/7~bl; +http://www.semrush.com/bot.html)" "mantech8.com"
185.191.171.44 - - [11/Nov/2022:17:20:06 -0800] "GET /index.php/camp-fire/26837221.html HTTP/1.1" 500 - "-" "Mozilla/5.0 (compatible; SemrushBot/7~bl; +http://www.semrush.com/bot.html)" "mantech8.com"
185.191.171.35 - - [11/Nov/2022:17:20:13 -0800] "GET /?camp-fire%2F1488090.html HTTP/1.1" 500 - "-" "Mozilla/5.0 (compatible; SemrushBot/7~bl; +http://www.semrush.com/bot.html)" "mantech8.com"
74.208.227.128 - - [11/Nov/2022:17:21:40 -0800] "GET /arif/Telerik.Web.UI.WebResource.axd?type=rau HTTP/1.1" 404 88 "-" "Mozilla/5.0 (Windows NT 5.1) AppleWebKit/537.36 (KHTML, like Gecko) Chrome/41.0.2225.0 Safari/537.36" "mantech8.com"
185.191.171.10 - - [11/Nov/2022:17:21:46 -0800] "GET /?camp-fire%2F4139165.html HTTP/1.1" 500 - "-" "Mozilla/5.0 (compatible; SemrushBot/7~bl; +http://www.semrush.com/bot.html)" "mantech8.com"
185.191.171.26 - - [11/Nov/2022:17:22:06 -0800] "GET /index.php/camp-fire/24075933.html HTTP/1.1" 500 - "-" "Mozilla/5.0 (compatible; SemrushBot/7~bl; +http://www.semrush.com/bot.html)" "mantech8.com"
185.191.171.26 - - [11/Nov/2022:17:22:44 -0800] "GET /?camp-fire%2F4076465.html HTTP/1.1" 500 - "-" "Mozilla/5.0 (compatible; SemrushBot/7~bl; +http://www.semrush.com/bot.html)" "mantech8.com"
185.191.171.23 - - [11/Nov/2022:17:23:39 -0800] "GET /index.php?camp-fire%2F493769.html HTTP/1.1" 500 - "-" "Mozilla/5.0 (compatible; SemrushBot/7~bl; +http://www.semrush.com/bot.html)" "mantech8.com"
185.191.171.1 - - [11/Nov/2022:17:24:18 -0800] "GET /index.php/camp-fire/36331750.html HTTP/1.1" 500 - "-" "Mozilla/5.0 (compatible; SemrushBot/7~bl; +http://www.semrush.com/bot.html)" "mantech8.com"
185.191.171.36 - - [11/Nov/2022:17:24:28 -0800] "GET /index.php/camp-fire/43824606.html HTTP/1.1" 500 - "-" "Mozilla/5.0 (compatible; SemrushBot/7~bl; +http://www.semrush.com/bot.html)" "mantech8.com"
185.191.171.20 - - [11/Nov/2022:17:24:32 -0800] "GET /?camp-fire%2F1320598.html HTTP/1.1" 500 - "-" "Mozilla/5.0 (compatible; SemrushBot/7~bl; +http://www.semrush.com/bot.html)" "mantech8.com"
185.191.171.7 - - [11/Nov/2022:17:25:02 -0800] "GET /?camp-fire%2F1428190.html HTTP/1.1" 500 - "-" "Mozilla/5.0 (compatible; SemrushBot/7~bl; +http://www.semrush.com/bot.html)" "mantech8.com"
185.191.171.45 - - [11/Nov/2022:17:25:03 -0800] "GET /?camp-fire%2F1936651.html HTTP/1.1" 500 - "-" "Mozilla/5.0 (compatible; SemrushBot/7~bl; +http://www.semrush.com/bot.html)" "mantech8.com"
185.191.171.2 - - [11/Nov/2022:17:25:42 -0800] "GET /?camp-fire%2F1561072.html HTTP/1.1" 500 - "-" "Mozilla/5.0 (compatible; SemrushBot/7~bl; +http://www.semrush.com/bot.html)" "mantech8.com"
185.191.171.8 - - [11/Nov/2022:17:26:17 -0800] "GET /?camp-fire%2F1816700.html HTTP/1.1" 500 - "-" "Mozilla/5.0 (compatible; SemrushBot/7~bl; +http://www.semrush.com/bot.html)" "mantech8.com"
185.191.171.22 - - [11/Nov/2022:17:26:42 -0800] "GET /index.php/camp-fire/22482959.html HTTP/1.1" 500 - "-" "Mozilla/5.0 (compatible; SemrushBot/7~bl; +http://www.semrush.com/bot.html)" "mantech8.com"
185.191.171.19 - - [11/Nov/2022:17:27:18 -0800] "GET /index.php?camp-fire%2F473898.html HTTP/1.1" 500 - "-" "Mozilla/5.0 (compatible; SemrushBot/7~bl; +http://www.semrush.com/bot.html)" "mantech8.com"
207.46.13.217 - - [11/Nov/2022:17:29:07 -0800] "GET /index.php?camp-fire/64372005.html HTTP/1.1" 200 73314 "-" "Mozilla/5.0 (compatible; bingbot/2.0; +http://www.bing.com/bingbot.htm)" "www.mantech8.com"
