185.191.171.2 - - [12/Nov/2022:07:34:44 -0800] "GET /?camp-fire%2F4399796.html HTTP/1.1" 500 - "-" "Mozilla/5.0 (compatible; SemrushBot/7~bl; +http://www.semrush.com/bot.html)" "mantech8.com"
114.119.133.165 - - [12/Nov/2022:07:34:43 -0800] "GET /index.php?sitemap3.xml HTTP/1.1" 200 289300 "-" "Mozilla/5.0 (compatible;PetalBot;+https://webmaster.petalsearch.com/site/petalbot)" "mantech8.com"
157.55.39.185 - - [12/Nov/2022:07:36:35 -0800] "GET /hFdr-a6c8aebcae-IombO.Ii HTTP/1.1" 404 88 "-" "Mozilla/5.0 AppleWebKit/537.36 (KHTML, like Gecko; compatible; bingbot/2.0; +http://www.bing.com/bingbot.htm) Chrome/103.0.5060.134 Safari/537.36" "www.mantech8.com"
157.55.39.154 - - [12/Nov/2022:07:36:41 -0800] "GET / HTTP/1.1" 200 63789 "-" "Mozilla/5.0 AppleWebKit/537.36 (KHTML, like Gecko; compatible; bingbot/2.0; +http://www.bing.com/bingbot.htm) Chrome/103.0.5060.134 Safari/537.36" "www.mantech8.com"
157.55.39.185 - - [12/Nov/2022:07:36:55 -0800] "GET /hFdr-a6c8aebcae-IombO.Ii HTTP/1.1" 404 88 "-" "Mozilla/5.0 AppleWebKit/537.36 (KHTML, like Gecko; compatible; bingbot/2.0; +http://www.bing.com/bingbot.htm) Chrome/103.0.5060.134 Safari/537.36" "www.mantech8.com"
185.191.171.36 - - [12/Nov/2022:07:38:00 -0800] "GET /robots.txt HTTP/1.1" 200 106 "-" "Mozilla/5.0 (compatible; SemrushBot/7~bl; +http://www.semrush.com/bot.html)" "mantech8.com"
185.191.171.3 - - [12/Nov/2022:07:38:00 -0800] "GET /?camp-fire%2F4296896.html HTTP/1.1" 500 - "-" "Mozilla/5.0 (compatible; SemrushBot/7~bl; +http://www.semrush.com/bot.html)" "mantech8.com"
157.55.39.14 - - [12/Nov/2022:07:39:18 -0800] "GET /F2si-bab51fcbf-Di64N.Ii HTTP/1.1" 404 88 "-" "Mozilla/5.0 AppleWebKit/537.36 (KHTML, like Gecko; compatible; bingbot/2.0; +http://www.bing.com/bingbot.htm) Chrome/103.0.5060.134 Safari/537.36" "www.mantech8.com"
185.191.171.20 - - [12/Nov/2022:07:39:38 -0800] "GET /index.php/camp-fire/44177630.html HTTP/1.1" 500 - "-" "Mozilla/5.0 (compatible; SemrushBot/7~bl; +http://www.semrush.com/bot.html)" "mantech8.com"
157.55.39.14 - - [12/Nov/2022:07:39:38 -0800] "GET /F2si-bab51fcbf-Di64N.Ii HTTP/1.1" 404 88 "-" "Mozilla/5.0 (compatible; bingbot/2.0; +http://www.bing.com/bingbot.htm)" "www.mantech8.com"
185.191.171.8 - - [12/Nov/2022:07:39:47 -0800] "GET /?camp-fire%2F51737608.html HTTP/1.1" 500 - "-" "Mozilla/5.0 (compatible; SemrushBot/7~bl; +http://www.semrush.com/bot.html)" "mantech8.com"
185.191.171.3 - - [12/Nov/2022:07:40:06 -0800] "GET /?camp-fire%2F1155972.html HTTP/1.1" 500 - "-" "Mozilla/5.0 (compatible; SemrushBot/7~bl; +http://www.semrush.com/bot.html)" "mantech8.com"
185.191.171.6 - - [12/Nov/2022:07:40:08 -0800] "GET /?camp-fire%2F4090965.html HTTP/1.1" 500 - "-" "Mozilla/5.0 (compatible; SemrushBot/7~bl; +http://www.semrush.com/bot.html)" "mantech8.com"
185.191.171.24 - - [12/Nov/2022:07:40:39 -0800] "GET /?camp-fire%2F46188835.html HTTP/1.1" 500 - "-" "Mozilla/5.0 (compatible; SemrushBot/7~bl; +http://www.semrush.com/bot.html)" "mantech8.com"
185.191.171.17 - - [12/Nov/2022:07:42:28 -0800] "GET /?camp-fire%2F6581555.html HTTP/1.1" 500 - "-" "Mozilla/5.0 (compatible; SemrushBot/7~bl; +http://www.semrush.com/bot.html)" "mantech8.com"
185.191.171.18 - - [12/Nov/2022:07:42:52 -0800] "GET /?camp-fire%2F8345178.html HTTP/1.1" 500 - "-" "Mozilla/5.0 (compatible; SemrushBot/7~bl; +http://www.semrush.com/bot.html)" "mantech8.com"
185.191.171.17 - - [12/Nov/2022:07:43:13 -0800] "GET /?camp-fire%2F8892408.html HTTP/1.1" 500 - "-" "Mozilla/5.0 (compatible; SemrushBot/7~bl; +http://www.semrush.com/bot.html)" "mantech8.com"
185.191.171.23 - - [12/Nov/2022:07:44:21 -0800] "GET /?camp-fire%2F1393300.html HTTP/1.1" 500 - "-" "Mozilla/5.0 (compatible; SemrushBot/7~bl; +http://www.semrush.com/bot.html)" "mantech8.com"
66.249.64.241 - - [12/Nov/2022:07:44:24 -0800] "GET /uploadfile/image/20191214/20191214100159675967.jpg HTTP/1.1" 404 88 "-" "Googlebot-Image/1.0" "www.mantech8.com"
185.191.171.13 - - [12/Nov/2022:07:44:27 -0800] "GET /?camp-fire%2F46276872.html HTTP/1.1" 500 - "-" "Mozilla/5.0 (compatible; SemrushBot/7~bl; +http://www.semrush.com/bot.html)" "mantech8.com"
40.86.101.254 - - [12/Nov/2022:07:44:36 -0800] "GET /bimages/client/client3.png HTTP/1.1" 200 68992 "http://mantech8.com/bimages/client" "Mozilla/5.0 (Windows NT 10.0; Win64; x64) AppleWebKit/537.36 (KHTML, like Gecko) Chrome/74.0.3729.157 Safari/537.36" "mantech8.com"
114.119.133.158 - - [12/Nov/2022:07:44:52 -0800] "GET /bimages/ele/?C=M%3BO%3DA HTTP/1.1" 200 426 "http://mantech8.com/bimages/ele/?C=N%3BO%3DD" "Mozilla/5.0 (Linux; Android 7.0;) AppleWebKit/537.36 (KHTML, like Gecko) Mobile Safari/537.36 (compatible; PetalBot;+https://webmaster.petalsearch.com/site/petalbot)" "mantech8.com"
185.191.171.18 - - [12/Nov/2022:07:45:09 -0800] "GET /index.php/camp-fire/17570908.html HTTP/1.1" 500 - "-" "Mozilla/5.0 (compatible; SemrushBot/7~bl; +http://www.semrush.com/bot.html)" "mantech8.com"
185.191.171.14 - - [12/Nov/2022:07:45:17 -0800] "GET /?camp-fire%2F51203625.html HTTP/1.1" 500 - "-" "Mozilla/5.0 (compatible; SemrushBot/7~bl; +http://www.semrush.com/bot.html)" "mantech8.com"
185.191.171.36 - - [12/Nov/2022:07:45:35 -0800] "GET /?camp-fire%2F8241180.html HTTP/1.1" 500 - "-" "Mozilla/5.0 (compatible; SemrushBot/7~bl; +http://www.semrush.com/bot.html)" "mantech8.com"
185.191.171.12 - - [12/Nov/2022:07:46:46 -0800] "GET /?camp-fire%2F8350908.html HTTP/1.1" 500 - "-" "Mozilla/5.0 (compatible; SemrushBot/7~bl; +http://www.semrush.com/bot.html)" "mantech8.com"
77.75.79.31 - - [12/Nov/2022:07:47:04 -0800] "GET /career.php HTTP/1.1" 200 19644 "-" "Mozilla/5.0 (compatible; SeznamBot/4.0-RC1; +http://napoveda.seznam.cz/seznambot-intro/)" "www.mantech8.com"
185.191.171.42 - - [12/Nov/2022:07:49:04 -0800] "GET /?camp-fire%2F4004074.html HTTP/1.1" 500 - "-" "Mozilla/5.0 (compatible; SemrushBot/7~bl; +http://www.semrush.com/bot.html)" "mantech8.com"
114.119.133.158 - - [12/Nov/2022:07:49:56 -0800] "GET /index.php?sitemap31.xml HTTP/1.1" 200 289347 "-" "Mozilla/5.0 (Linux; Android 7.0;) AppleWebKit/537.36 (KHTML, like Gecko) Mobile Safari/537.36 (compatible; PetalBot;+https://webmaster.petalsearch.com/site/petalbot)" "mantech8.com"
185.191.171.2 - - [12/Nov/2022:07:50:00 -0800] "GET /?camp-fire%2F5431777.html HTTP/1.1" 500 - "-" "Mozilla/5.0 (compatible; SemrushBot/7~bl; +http://www.semrush.com/bot.html)" "mantech8.com"
185.191.171.2 - - [12/Nov/2022:07:50:01 -0800] "GET /?camp-fire%2F1918159.html HTTP/1.1" 500 - "-" "Mozilla/5.0 (compatible; SemrushBot/7~bl; +http://www.semrush.com/bot.html)" "mantech8.com"
185.191.171.12 - - [12/Nov/2022:07:52:17 -0800] "GET /?camp-fire%2F1924890.html HTTP/1.1" 500 - "-" "Mozilla/5.0 (compatible; SemrushBot/7~bl; +http://www.semrush.com/bot.html)" "mantech8.com"
185.191.171.33 - - [12/Nov/2022:07:53:03 -0800] "GET /?camp-fire%2F9044978.html HTTP/1.1" 500 - "-" "Mozilla/5.0 (compatible; SemrushBot/7~bl; +http://www.semrush.com/bot.html)" "mantech8.com"
185.191.171.37 - - [12/Nov/2022:07:53:31 -0800] "GET /?camp-fire%2F3347798.html HTTP/1.1" 500 - "-" "Mozilla/5.0 (compatible; SemrushBot/7~bl; +http://www.semrush.com/bot.html)" "mantech8.com"
185.191.171.25 - - [12/Nov/2022:07:53:58 -0800] "GET /?camp-fire%2F9097108.html HTTP/1.1" 500 - "-" "Mozilla/5.0 (compatible; SemrushBot/7~bl; +http://www.semrush.com/bot.html)" "mantech8.com"
185.191.171.33 - - [12/Nov/2022:07:54:14 -0800] "GET /?camp-fire%2F1119372.html HTTP/1.1" 500 - "-" "Mozilla/5.0 (compatible; SemrushBot/7~bl; +http://www.semrush.com/bot.html)" "mantech8.com"
185.191.171.42 - - [12/Nov/2022:07:54:16 -0800] "GET /?camp-fire%2F3350400.html HTTP/1.1" 500 - "-" "Mozilla/5.0 (compatible; SemrushBot/7~bl; +http://www.semrush.com/bot.html)" "mantech8.com"
114.119.133.190 - - [12/Nov/2022:07:54:58 -0800] "GET /index.php?gladhand.xml HTTP/1.1" 200 289310 "-" "Mozilla/5.0 (Linux; Android 7.0;) AppleWebKit/537.36 (KHTML, like Gecko) Mobile Safari/537.36 (compatible; PetalBot;+https://webmaster.petalsearch.com/site/petalbot)" "mantech8.com"
40.77.167.40 - - [12/Nov/2022:07:56:02 -0800] "GET /d4Mn-3abec-awZYz.Ii HTTP/1.1" 404 88 "-" "Mozilla/5.0 (compatible; bingbot/2.0; +http://www.bing.com/bingbot.htm)" "www.mantech8.com"
185.191.171.8 - - [12/Nov/2022:07:56:50 -0800] "GET /?camp-fire%2F1736198.html HTTP/1.1" 500 - "-" "Mozilla/5.0 (compatible; SemrushBot/7~bl; +http://www.semrush.com/bot.html)" "mantech8.com"
185.191.171.7 - - [12/Nov/2022:07:57:02 -0800] "GET /?camp-fire%2F1506059.html HTTP/1.1" 500 - "-" "Mozilla/5.0 (compatible; SemrushBot/7~bl; +http://www.semrush.com/bot.html)" "mantech8.com"
185.191.171.6 - - [12/Nov/2022:07:57:17 -0800] "GET /?camp-fire%2F8198521.html HTTP/1.1" 500 - "-" "Mozilla/5.0 (compatible; SemrushBot/7~bl; +http://www.semrush.com/bot.html)" "mantech8.com"
185.191.171.10 - - [12/Nov/2022:07:57:19 -0800] "GET /?camp-fire%2F3989274.html HTTP/1.1" 500 - "-" "Mozilla/5.0 (compatible; SemrushBot/7~bl; +http://www.semrush.com/bot.html)" "mantech8.com"
207.46.13.217 - - [12/Nov/2022:07:57:43 -0800] "GET /index.php?camp-fire/66953858.html HTTP/1.1" 200 70639 "-" "Mozilla/5.0 AppleWebKit/537.36 (KHTML, like Gecko; compatible; bingbot/2.0; +http://www.bing.com/bingbot.htm) Chrome/103.0.5060.134 Safari/537.36" "www.mantech8.com"
185.191.171.7 - - [12/Nov/2022:07:57:46 -0800] "GET /?camp-fire%2F9060872.html HTTP/1.1" 500 - "-" "Mozilla/5.0 (compatible; SemrushBot/7~bl; +http://www.semrush.com/bot.html)" "mantech8.com"
185.191.171.26 - - [12/Nov/2022:07:59:03 -0800] "GET /?camp-fire%2F47334725.html HTTP/1.1" 500 - "-" "Mozilla/5.0 (compatible; SemrushBot/7~bl; +http://www.semrush.com/bot.html)" "mantech8.com"
185.191.171.19 - - [12/Nov/2022:07:59:10 -0800] "GET /?camp-fire%2F4333085.html HTTP/1.1" 500 - "-" "Mozilla/5.0 (compatible; SemrushBot/7~bl; +http://www.semrush.com/bot.html)" "mantech8.com"
185.191.171.13 - - [12/Nov/2022:07:59:17 -0800] "GET /?camp-fire%2F47334225.html HTTP/1.1" 500 - "-" "Mozilla/5.0 (compatible; SemrushBot/7~bl; +http://www.semrush.com/bot.html)" "mantech8.com"
143.198.219.206 - - [12/Nov/2022:07:59:35 -0800] "GET / HTTP/1.1" 500 - "-" "Mozilla/5.0 (Windows NT 10.0; Win64; x64) AppleWebKit/537.36 (KHTML, like Gecko) Chrome/78.0.3904.108 Safari/537.36" "mantech8.com"
143.198.219.206 - - [12/Nov/2022:07:59:35 -0800] "GET / HTTP/1.1" 500 - "-" "Mozilla/5.0 (Windows NT 10.0; Win64; x64) AppleWebKit/537.36 (KHTML, like Gecko) Chrome/78.0.3904.108 Safari/537.36" "mantech8.com"
143.198.219.206 - - [12/Nov/2022:07:59:36 -0800] "GET /wp-includes/wlwmanifest.xml HTTP/1.1" 404 73 "-" "Mozilla/5.0 (Windows NT 10.0; Win64; x64) AppleWebKit/537.36 (KHTML, like Gecko) Chrome/78.0.3904.108 Safari/537.36" "mantech8.com"
143.198.219.206 - - [12/Nov/2022:07:59:36 -0800] "GET /xmlrpc.php?rsd HTTP/1.1" 404 73 "-" "Mozilla/5.0 (Windows NT 10.0; Win64; x64) AppleWebKit/537.36 (KHTML, like Gecko) Chrome/78.0.3904.108 Safari/537.36" "mantech8.com"
143.198.219.206 - - [12/Nov/2022:07:59:37 -0800] "GET / HTTP/1.1" 500 - "-" "Mozilla/5.0 (Windows NT 10.0; Win64; x64) AppleWebKit/537.36 (KHTML, like Gecko) Chrome/78.0.3904.108 Safari/537.36" "mantech8.com"
143.198.219.206 - - [12/Nov/2022:07:59:38 -0800] "GET /blog/wp-includes/wlwmanifest.xml HTTP/1.1" 404 73 "-" "Mozilla/5.0 (Windows NT 10.0; Win64; x64) AppleWebKit/537.36 (KHTML, like Gecko) Chrome/78.0.3904.108 Safari/537.36" "mantech8.com"
143.198.219.206 - - [12/Nov/2022:07:59:38 -0800] "GET /web/wp-includes/wlwmanifest.xml HTTP/1.1" 404 73 "-" "Mozilla/5.0 (Windows NT 10.0; Win64; x64) AppleWebKit/537.36 (KHTML, like Gecko) Chrome/78.0.3904.108 Safari/537.36" "mantech8.com"
143.198.219.206 - - [12/Nov/2022:07:59:39 -0800] "GET /wordpress/wp-includes/wlwmanifest.xml HTTP/1.1" 404 73 "-" "Mozilla/5.0 (Windows NT 10.0; Win64; x64) AppleWebKit/537.36 (KHTML, like Gecko) Chrome/78.0.3904.108 Safari/537.36" "mantech8.com"
143.198.219.206 - - [12/Nov/2022:07:59:39 -0800] "GET /website/wp-includes/wlwmanifest.xml HTTP/1.1" 404 73 "-" "Mozilla/5.0 (Windows NT 10.0; Win64; x64) AppleWebKit/537.36 (KHTML, like Gecko) Chrome/78.0.3904.108 Safari/537.36" "mantech8.com"
143.198.219.206 - - [12/Nov/2022:07:59:40 -0800] "GET /wp/wp-includes/wlwmanifest.xml HTTP/1.1" 404 73 "-" "Mozilla/5.0 (Windows NT 10.0; Win64; x64) AppleWebKit/537.36 (KHTML, like Gecko) Chrome/78.0.3904.108 Safari/537.36" "mantech8.com"
143.198.219.206 - - [12/Nov/2022:07:59:40 -0800] "GET /news/wp-includes/wlwmanifest.xml HTTP/1.1" 404 73 "-" "Mozilla/5.0 (Windows NT 10.0; Win64; x64) AppleWebKit/537.36 (KHTML, like Gecko) Chrome/78.0.3904.108 Safari/537.36" "mantech8.com"
143.198.219.206 - - [12/Nov/2022:07:59:41 -0800] "GET /2018/wp-includes/wlwmanifest.xml HTTP/1.1" 404 73 "-" "Mozilla/5.0 (Windows NT 10.0; Win64; x64) AppleWebKit/537.36 (KHTML, like Gecko) Chrome/78.0.3904.108 Safari/537.36" "mantech8.com"
143.198.219.206 - - [12/Nov/2022:07:59:42 -0800] "GET /2019/wp-includes/wlwmanifest.xml HTTP/1.1" 404 73 "-" "Mozilla/5.0 (Windows NT 10.0; Win64; x64) AppleWebKit/537.36 (KHTML, like Gecko) Chrome/78.0.3904.108 Safari/537.36" "mantech8.com"
143.198.219.206 - - [12/Nov/2022:07:59:42 -0800] "GET /shop/wp-includes/wlwmanifest.xml HTTP/1.1" 404 73 "-" "Mozilla/5.0 (Windows NT 10.0; Win64; x64) AppleWebKit/537.36 (KHTML, like Gecko) Chrome/78.0.3904.108 Safari/537.36" "mantech8.com"
143.198.219.206 - - [12/Nov/2022:07:59:43 -0800] "GET /wp1/wp-includes/wlwmanifest.xml HTTP/1.1" 404 73 "-" "Mozilla/5.0 (Windows NT 10.0; Win64; x64) AppleWebKit/537.36 (KHTML, like Gecko) Chrome/78.0.3904.108 Safari/537.36" "mantech8.com"
143.198.219.206 - - [12/Nov/2022:07:59:43 -0800] "GET /test/wp-includes/wlwmanifest.xml HTTP/1.1" 404 73 "-" "Mozilla/5.0 (Windows NT 10.0; Win64; x64) AppleWebKit/537.36 (KHTML, like Gecko) Chrome/78.0.3904.108 Safari/537.36" "mantech8.com"
143.198.219.206 - - [12/Nov/2022:07:59:44 -0800] "GET /media/wp-includes/wlwmanifest.xml HTTP/1.1" 404 73 "-" "Mozilla/5.0 (Windows NT 10.0; Win64; x64) AppleWebKit/537.36 (KHTML, like Gecko) Chrome/78.0.3904.108 Safari/537.36" "mantech8.com"
143.198.219.206 - - [12/Nov/2022:07:59:44 -0800] "GET /wp2/wp-includes/wlwmanifest.xml HTTP/1.1" 404 73 "-" "Mozilla/5.0 (Windows NT 10.0; Win64; x64) AppleWebKit/537.36 (KHTML, like Gecko) Chrome/78.0.3904.108 Safari/537.36" "mantech8.com"
143.198.219.206 - - [12/Nov/2022:07:59:45 -0800] "GET /site/wp-includes/wlwmanifest.xml HTTP/1.1" 404 73 "-" "Mozilla/5.0 (Windows NT 10.0; Win64; x64) AppleWebKit/537.36 (KHTML, like Gecko) Chrome/78.0.3904.108 Safari/537.36" "mantech8.com"
143.198.219.206 - - [12/Nov/2022:07:59:45 -0800] "GET /cms/wp-includes/wlwmanifest.xml HTTP/1.1" 404 73 "-" "Mozilla/5.0 (Windows NT 10.0; Win64; x64) AppleWebKit/537.36 (KHTML, like Gecko) Chrome/78.0.3904.108 Safari/537.36" "mantech8.com"
143.198.219.206 - - [12/Nov/2022:07:59:46 -0800] "GET /sito/wp-includes/wlwmanifest.xml HTTP/1.1" 404 73 "-" "Mozilla/5.0 (Windows NT 10.0; Win64; x64) AppleWebKit/537.36 (KHTML, like Gecko) Chrome/78.0.3904.108 Safari/537.36" "mantech8.com"
114.119.133.166 - - [12/Nov/2022:08:00:03 -0800] "GET /index.php?kongcunzhen.xml HTTP/1.1" 200 289278 "-" "Mozilla/5.0 (Linux; Android 7.0;) AppleWebKit/537.36 (KHTML, like Gecko) Mobile Safari/537.36 (compatible; PetalBot;+https://webmaster.petalsearch.com/site/petalbot)" "mantech8.com"
185.191.171.10 - - [12/Nov/2022:08:03:02 -0800] "GET /?camp-fire%2F7756821.html HTTP/1.1" 500 - "-" "Mozilla/5.0 (compatible; SemrushBot/7~bl; +http://www.semrush.com/bot.html)" "mantech8.com"
185.191.171.1 - - [12/Nov/2022:08:03:11 -0800] "GET /?camp-fire%2F3321078.html HTTP/1.1" 500 - "-" "Mozilla/5.0 (compatible; SemrushBot/7~bl; +http://www.semrush.com/bot.html)" "mantech8.com"
185.191.171.38 - - [12/Nov/2022:08:04:44 -0800] "GET /?camp-fire%2F9694283.html HTTP/1.1" 500 - "-" "Mozilla/5.0 (compatible; SemrushBot/7~bl; +http://www.semrush.com/bot.html)" "mantech8.com"
114.119.133.158 - - [12/Nov/2022:08:05:27 -0800] "GET /bimages/client/kallakisse.php HTTP/1.1" 200 30477 "http://www.mantech8.com/bimages/client/?C=N%3BO%3DD" "Mozilla/5.0 (Linux; Android 7.0;) AppleWebKit/537.36 (KHTML, like Gecko) Mobile Safari/537.36 (compatible; PetalBot;+https://webmaster.petalsearch.com/site/petalbot)" "www.mantech8.com"
185.191.171.9 - - [12/Nov/2022:08:06:40 -0800] "GET /?camp-fire%2F3277151.html HTTP/1.1" 500 - "-" "Mozilla/5.0 (compatible; SemrushBot/7~bl; +http://www.semrush.com/bot.html)" "mantech8.com"
185.191.171.11 - - [12/Nov/2022:08:07:00 -0800] "GET /?camp-fire%2F1842400.html HTTP/1.1" 500 - "-" "Mozilla/5.0 (compatible; SemrushBot/7~bl; +http://www.semrush.com/bot.html)" "mantech8.com"
185.191.171.38 - - [12/Nov/2022:08:07:13 -0800] "GET /?camp-fire%2F9054978.html HTTP/1.1" 500 - "-" "Mozilla/5.0 (compatible; SemrushBot/7~bl; +http://www.semrush.com/bot.html)" "mantech8.com"
185.191.171.41 - - [12/Nov/2022:08:07:51 -0800] "GET /index.php?camp-fire%2F464369.html HTTP/1.1" 500 - "-" "Mozilla/5.0 (compatible; SemrushBot/7~bl; +http://www.semrush.com/bot.html)" "mantech8.com"
185.191.171.2 - - [12/Nov/2022:08:08:09 -0800] "GET /?camp-fire%2F1509190.html HTTP/1.1" 500 - "-" "Mozilla/5.0 (compatible; SemrushBot/7~bl; +http://www.semrush.com/bot.html)" "mantech8.com"
185.191.171.7 - - [12/Nov/2022:08:08:19 -0800] "GET /?camp-fire%2F9430008.html HTTP/1.1" 500 - "-" "Mozilla/5.0 (compatible; SemrushBot/7~bl; +http://www.semrush.com/bot.html)" "mantech8.com"
40.122.227.200 - - [12/Nov/2022:08:08:56 -0800] "GET /bimages/cleang/cb3.jpg HTTP/1.1" 200 147153 "http://mantech8.com/bimages/cleang" "Mozilla/5.0 (Linux; Android 10; SM-G960U) AppleWebKit/537.36 (KHTML, like Gecko) Chrome/88.0.4324.181 Mobile Safari/537.36" "mantech8.com"
114.119.133.166 - - [12/Nov/2022:08:10:21 -0800] "GET /bimages/video/thump/uovftxoe.php HTTP/1.1" 200 32 "http://mantech8.com/bimages/video/thump/?C=S%3BO%3DA" "Mozilla/5.0 (Linux; Android 7.0;) AppleWebKit/537.36 (KHTML, like Gecko) Mobile Safari/537.36 (compatible; PetalBot;+https://webmaster.petalsearch.com/site/petalbot)" "mantech8.com"
185.191.171.40 - - [12/Nov/2022:08:10:48 -0800] "GET /?camp-fire%2F3538100.html HTTP/1.1" 500 - "-" "Mozilla/5.0 (compatible; SemrushBot/7~bl; +http://www.semrush.com/bot.html)" "mantech8.com"
185.191.171.7 - - [12/Nov/2022:08:11:36 -0800] "GET /?camp-fire%2F4755085.html HTTP/1.1" 500 - "-" "Mozilla/5.0 (compatible; SemrushBot/7~bl; +http://www.semrush.com/bot.html)" "mantech8.com"
185.191.171.7 - - [12/Nov/2022:08:12:00 -0800] "GET /?camp-fire%2F8395153.html HTTP/1.1" 500 - "-" "Mozilla/5.0 (compatible; SemrushBot/7~bl; +http://www.semrush.com/bot.html)" "mantech8.com"
185.191.171.11 - - [12/Nov/2022:08:12:01 -0800] "GET /?camp-fire%2F3864374.html HTTP/1.1" 500 - "-" "Mozilla/5.0 (compatible; SemrushBot/7~bl; +http://www.semrush.com/bot.html)" "mantech8.com"
185.191.171.37 - - [12/Nov/2022:08:12:45 -0800] "GET /?camp-fire%2F4368878.html HTTP/1.1" 500 - "-" "Mozilla/5.0 (compatible; SemrushBot/7~bl; +http://www.semrush.com/bot.html)" "mantech8.com"
40.77.167.42 - - [12/Nov/2022:08:12:50 -0800] "GET / HTTP/1.1" 200 64417 "-" "Mozilla/5.0 AppleWebKit/537.36 (KHTML, like Gecko; compatible; bingbot/2.0; +http://www.bing.com/bingbot.htm) Chrome/103.0.5060.134 Safari/537.36" "www.mantech8.com"
185.191.171.1 - - [12/Nov/2022:08:13:17 -0800] "GET /?camp-fire%2F7292180.html HTTP/1.1" 500 - "-" "Mozilla/5.0 (compatible; SemrushBot/7~bl; +http://www.semrush.com/bot.html)" "mantech8.com"
185.191.171.2 - - [12/Nov/2022:08:14:05 -0800] "GET /?camp-fire%2F9049777.html HTTP/1.1" 500 - "-" "Mozilla/5.0 (compatible; SemrushBot/7~bl; +http://www.semrush.com/bot.html)" "mantech8.com"
185.191.171.7 - - [12/Nov/2022:08:14:53 -0800] "GET /?camp-fire%2F7755821.html HTTP/1.1" 500 - "-" "Mozilla/5.0 (compatible; SemrushBot/7~bl; +http://www.semrush.com/bot.html)" "mantech8.com"
114.119.133.166 - - [12/Nov/2022:08:15:27 -0800] "GET /index.php/sitemap-index-2.xml HTTP/1.1" 200 4843 "-" "Mozilla/5.0 (Linux; Android 7.0;) AppleWebKit/537.36 (KHTML, like Gecko) Mobile Safari/537.36 (compatible; PetalBot;+https://webmaster.petalsearch.com/site/petalbot)" "mantech8.com"
185.191.171.9 - - [12/Nov/2022:08:15:38 -0800] "GET /?camp-fire%2F6272277.html HTTP/1.1" 500 - "-" "Mozilla/5.0 (compatible; SemrushBot/7~bl; +http://www.semrush.com/bot.html)" "mantech8.com"
157.55.39.154 - - [12/Nov/2022:08:15:56 -0800] "GET / HTTP/1.1" 200 63979 "-" "Mozilla/5.0 (compatible; bingbot/2.0; +http://www.bing.com/bingbot.htm)" "www.mantech8.com"
185.191.171.7 - - [12/Nov/2022:08:16:48 -0800] "GET /?camp-fire%2F7976529.html HTTP/1.1" 500 - "-" "Mozilla/5.0 (compatible; SemrushBot/7~bl; +http://www.semrush.com/bot.html)" "mantech8.com"
185.191.171.19 - - [12/Nov/2022:08:16:59 -0800] "GET /?camp-fire%2F45980849.html HTTP/1.1" 500 - "-" "Mozilla/5.0 (compatible; SemrushBot/7~bl; +http://www.semrush.com/bot.html)" "mantech8.com"
185.191.171.1 - - [12/Nov/2022:08:18:54 -0800] "GET /?camp-fire%2F3340200.html HTTP/1.1" 500 - "-" "Mozilla/5.0 (compatible; SemrushBot/7~bl; +http://www.semrush.com/bot.html)" "mantech8.com"
185.191.171.7 - - [12/Nov/2022:08:19:46 -0800] "GET /?camp-fire%2F1383090.html HTTP/1.1" 500 - "-" "Mozilla/5.0 (compatible; SemrushBot/7~bl; +http://www.semrush.com/bot.html)" "mantech8.com"
185.191.171.3 - - [12/Nov/2022:08:20:02 -0800] "GET /?camp-fire%2F2258229.html HTTP/1.1" 500 - "-" "Mozilla/5.0 (compatible; SemrushBot/7~bl; +http://www.semrush.com/bot.html)" "mantech8.com"
185.191.171.21 - - [12/Nov/2022:08:20:32 -0800] "GET /?camp-fire%2F46102408.html HTTP/1.1" 500 - "-" "Mozilla/5.0 (compatible; SemrushBot/7~bl; +http://www.semrush.com/bot.html)" "mantech8.com"
114.119.133.166 - - [12/Nov/2022:08:20:36 -0800] "GET /bimages/bus/?C=N%3BO%3DD HTTP/1.1" 200 452 "http://mantech8.com/bimages/bus/?C=M%3BO%3DA" "Mozilla/5.0 (Linux; Android 7.0;) AppleWebKit/537.36 (KHTML, like Gecko) Mobile Safari/537.36 (compatible; PetalBot;+https://webmaster.petalsearch.com/site/petalbot)" "mantech8.com"
185.191.171.6 - - [12/Nov/2022:08:21:36 -0800] "GET /?camp-fire%2F1343059.html HTTP/1.1" 500 - "-" "Mozilla/5.0 (compatible; SemrushBot/7~bl; +http://www.semrush.com/bot.html)" "mantech8.com"
185.191.171.11 - - [12/Nov/2022:08:24:21 -0800] "GET /?camp-fire%2F7949685.html HTTP/1.1" 500 - "-" "Mozilla/5.0 (compatible; SemrushBot/7~bl; +http://www.semrush.com/bot.html)" "mantech8.com"
185.191.171.7 - - [12/Nov/2022:08:25:02 -0800] "GET /?camp-fire%2F8457598.html HTTP/1.1" 500 - "-" "Mozilla/5.0 (compatible; SemrushBot/7~bl; +http://www.semrush.com/bot.html)" "mantech8.com"
185.191.171.34 - - [12/Nov/2022:08:25:05 -0800] "GET /?camp-fire%2F1278900.html HTTP/1.1" 500 - "-" "Mozilla/5.0 (compatible; SemrushBot/7~bl; +http://www.semrush.com/bot.html)" "mantech8.com"
185.191.171.10 - - [12/Nov/2022:08:25:30 -0800] "GET /?camp-fire%2F1818351.html HTTP/1.1" 500 - "-" "Mozilla/5.0 (compatible; SemrushBot/7~bl; +http://www.semrush.com/bot.html)" "mantech8.com"
185.191.171.39 - - [12/Nov/2022:08:25:38 -0800] "GET /?camp-fire%2F8147078.html HTTP/1.1" 500 - "-" "Mozilla/5.0 (compatible; SemrushBot/7~bl; +http://www.semrush.com/bot.html)" "mantech8.com"
114.119.133.190 - - [12/Nov/2022:08:25:40 -0800] "GET /?biopoesis.xml HTTP/1.1" 200 270533 "-" "Mozilla/5.0 (Linux; Android 7.0;) AppleWebKit/537.36 (KHTML, like Gecko) Mobile Safari/537.36 (compatible; PetalBot;+https://webmaster.petalsearch.com/site/petalbot)" "mantech8.com"
185.191.171.40 - - [12/Nov/2022:08:25:45 -0800] "GET /?camp-fire%2F52225188.html HTTP/1.1" 500 - "-" "Mozilla/5.0 (compatible; SemrushBot/7~bl; +http://www.semrush.com/bot.html)" "mantech8.com"
185.191.171.13 - - [12/Nov/2022:08:25:54 -0800] "GET /?camp-fire%2F1736998.html HTTP/1.1" 500 - "-" "Mozilla/5.0 (compatible; SemrushBot/7~bl; +http://www.semrush.com/bot.html)" "mantech8.com"
185.191.171.15 - - [12/Nov/2022:08:26:28 -0800] "GET /?camp-fire%2F1277100.html HTTP/1.1" 500 - "-" "Mozilla/5.0 (compatible; SemrushBot/7~bl; +http://www.semrush.com/bot.html)" "mantech8.com"
185.191.171.2 - - [12/Nov/2022:08:27:56 -0800] "GET /?camp-fire%2F48071238.html HTTP/1.1" 500 - "-" "Mozilla/5.0 (compatible; SemrushBot/7~bl; +http://www.semrush.com/bot.html)" "mantech8.com"
185.191.171.20 - - [12/Nov/2022:08:28:21 -0800] "GET /?camp-fire%2F47432834.html HTTP/1.1" 500 - "-" "Mozilla/5.0 (compatible; SemrushBot/7~bl; +http://www.semrush.com/bot.html)" "mantech8.com"
185.191.171.23 - - [12/Nov/2022:08:30:25 -0800] "GET /?camp-fire%2F48319483.html HTTP/1.1" 500 - "-" "Mozilla/5.0 (compatible; SemrushBot/7~bl; +http://www.semrush.com/bot.html)" "mantech8.com"
185.191.171.35 - - [12/Nov/2022:08:30:47 -0800] "GET /?camp-fire%2F47589659.html HTTP/1.1" 500 - "-" "Mozilla/5.0 (compatible; SemrushBot/7~bl; +http://www.semrush.com/bot.html)" "mantech8.com"
114.119.133.190 - - [12/Nov/2022:08:30:49 -0800] "GET /index.php?camp-fire/32373791.html HTTP/1.1" 500 - "-" "Mozilla/5.0 (Linux; Android 7.0;) AppleWebKit/537.36 (KHTML, like Gecko) Mobile Safari/537.36 (compatible; PetalBot;+https://webmaster.petalsearch.com/site/petalbot)" "www.mantech8.com"
157.55.39.14 - - [12/Nov/2022:08:30:54 -0800] "GET /index.php/WtZk-d1aaeabac-n2oII.Ii HTTP/1.1" 200 74809 "-" "Mozilla/5.0 (compatible; bingbot/2.0; +http://www.bing.com/bingbot.htm)" "www.mantech8.com"
185.191.171.38 - - [12/Nov/2022:08:31:56 -0800] "GET /?camp-fire%2F47808576.html HTTP/1.1" 500 - "-" "Mozilla/5.0 (compatible; SemrushBot/7~bl; +http://www.semrush.com/bot.html)" "mantech8.com"
185.191.171.39 - - [12/Nov/2022:08:31:59 -0800] "GET /?camp-fire%2F8115278.html HTTP/1.1" 500 - "-" "Mozilla/5.0 (compatible; SemrushBot/7~bl; +http://www.semrush.com/bot.html)" "mantech8.com"
185.191.171.43 - - [12/Nov/2022:08:32:28 -0800] "GET /?camp-fire%2F1272900.html HTTP/1.1" 500 - "-" "Mozilla/5.0 (compatible; SemrushBot/7~bl; +http://www.semrush.com/bot.html)" "mantech8.com"
185.191.171.18 - - [12/Nov/2022:08:34:11 -0800] "GET /?camp-fire%2F7760708.html HTTP/1.1" 500 - "-" "Mozilla/5.0 (compatible; SemrushBot/7~bl; +http://www.semrush.com/bot.html)" "mantech8.com"
114.119.133.190 - - [12/Nov/2022:08:35:54 -0800] "GET /bimages/headg/thump/?C=N%3BO%3DD HTTP/1.1" 200 484 "http://www.mantech8.com/bimages/headg/thump/?C=S%3BO%3DA" "Mozilla/5.0 (Linux; Android 7.0;) AppleWebKit/537.36 (KHTML, like Gecko) Mobile Safari/537.36 (compatible; PetalBot;+https://webmaster.petalsearch.com/site/petalbot)" "www.mantech8.com"
185.191.171.13 - - [12/Nov/2022:08:38:44 -0800] "GET /robots.txt HTTP/1.1" 200 106 "-" "Mozilla/5.0 (compatible; SemrushBot/7~bl; +http://www.semrush.com/bot.html)" "mantech8.com"
185.191.171.13 - - [12/Nov/2022:08:38:44 -0800] "GET /?camp-fire%2F1351790.html HTTP/1.1" 500 - "-" "Mozilla/5.0 (compatible; SemrushBot/7~bl; +http://www.semrush.com/bot.html)" "mantech8.com"
185.191.171.45 - - [12/Nov/2022:08:38:49 -0800] "GET /?camp-fire%2F4287596.html HTTP/1.1" 500 - "-" "Mozilla/5.0 (compatible; SemrushBot/7~bl; +http://www.semrush.com/bot.html)" "mantech8.com"
185.191.171.38 - - [12/Nov/2022:08:40:13 -0800] "GET /?camp-fire%2F2390572.html HTTP/1.1" 500 - "-" "Mozilla/5.0 (compatible; SemrushBot/7~bl; +http://www.semrush.com/bot.html)" "mantech8.com"
185.191.171.16 - - [12/Nov/2022:08:40:16 -0800] "GET /?camp-fire%2F2291129.html HTTP/1.1" 500 - "-" "Mozilla/5.0 (compatible; SemrushBot/7~bl; +http://www.semrush.com/bot.html)" "mantech8.com"
185.191.171.13 - - [12/Nov/2022:08:40:59 -0800] "GET /?camp-fire%2F3338400.html HTTP/1.1" 500 - "-" "Mozilla/5.0 (compatible; SemrushBot/7~bl; +http://www.semrush.com/bot.html)" "mantech8.com"
114.119.133.190 - - [12/Nov/2022:08:41:03 -0800] "GET /bimages/himage/?C=D%3BO%3DA HTTP/1.1" 200 443 "http://mantech8.com/bimages/himage/?C=S%3BO%3DA" "Mozilla/5.0 (Linux; Android 7.0;) AppleWebKit/537.36 (KHTML, like Gecko) Mobile Safari/537.36 (compatible; PetalBot;+https://webmaster.petalsearch.com/site/petalbot)" "mantech8.com"
185.191.171.18 - - [12/Nov/2022:08:41:22 -0800] "GET /?camp-fire%2F1248700.html HTTP/1.1" 500 - "-" "Mozilla/5.0 (compatible; SemrushBot/7~bl; +http://www.semrush.com/bot.html)" "mantech8.com"
185.191.171.13 - - [12/Nov/2022:08:43:11 -0800] "GET /?camp-fire%2F44984203.html HTTP/1.1" 500 - "-" "Mozilla/5.0 (compatible; SemrushBot/7~bl; +http://www.semrush.com/bot.html)" "mantech8.com"
185.191.171.11 - - [12/Nov/2022:08:43:52 -0800] "GET /?camp-fire%2F6278953.html HTTP/1.1" 500 - "-" "Mozilla/5.0 (compatible; SemrushBot/7~bl; +http://www.semrush.com/bot.html)" "mantech8.com"
185.191.171.41 - - [12/Nov/2022:08:45:20 -0800] "GET /?camp-fire%2F2855953.html HTTP/1.1" 500 - "-" "Mozilla/5.0 (compatible; SemrushBot/7~bl; +http://www.semrush.com/bot.html)" "mantech8.com"
185.191.171.6 - - [12/Nov/2022:08:45:35 -0800] "GET /?camp-fire%2F3332593.html HTTP/1.1" 500 - "-" "Mozilla/5.0 (compatible; SemrushBot/7~bl; +http://www.semrush.com/bot.html)" "mantech8.com"
114.119.133.190 - - [12/Nov/2022:08:46:08 -0800] "GET /sitemap28385.xml HTTP/1.1" 404 88 "-" "Mozilla/5.0 (compatible;PetalBot;+https://webmaster.petalsearch.com/site/petalbot)" "mantech8.com"
185.191.171.22 - - [12/Nov/2022:08:46:33 -0800] "GET /?camp-fire%2F1937951.html HTTP/1.1" 500 - "-" "Mozilla/5.0 (compatible; SemrushBot/7~bl; +http://www.semrush.com/bot.html)" "mantech8.com"
185.191.171.6 - - [12/Nov/2022:08:48:05 -0800] "GET /?camp-fire%2F5246096.html HTTP/1.1" 500 - "-" "Mozilla/5.0 (compatible; SemrushBot/7~bl; +http://www.semrush.com/bot.html)" "mantech8.com"
185.191.171.6 - - [12/Nov/2022:08:48:22 -0800] "GET /?camp-fire%2F47811880.html HTTP/1.1" 500 - "-" "Mozilla/5.0 (compatible; SemrushBot/7~bl; +http://www.semrush.com/bot.html)" "mantech8.com"
185.191.171.26 - - [12/Nov/2022:08:48:47 -0800] "GET /?camp-fire%2F4334096.html HTTP/1.1" 500 - "-" "Mozilla/5.0 (compatible; SemrushBot/7~bl; +http://www.semrush.com/bot.html)" "mantech8.com"
185.191.171.41 - - [12/Nov/2022:08:48:55 -0800] "GET /?camp-fire%2F1426069.html HTTP/1.1" 500 - "-" "Mozilla/5.0 (compatible; SemrushBot/7~bl; +http://www.semrush.com/bot.html)" "mantech8.com"
20.197.249.198 - - [12/Nov/2022:08:48:56 -0800] "GET / HTTP/1.1" 500 - "-" "Go-http-client/1.1" "mantech8.com"
20.197.249.198 - - [12/Nov/2022:08:48:56 -0800] "GET /wp-includes/css/buttons.css HTTP/1.1" 404 88 "-" "Go-http-client/1.1" "mantech8.com"
20.197.249.198 - - [12/Nov/2022:08:48:56 -0800] "GET /media/system/js/core.js HTTP/1.1" 404 88 "-" "Go-http-client/1.1" "mantech8.com"
185.191.171.36 - - [12/Nov/2022:08:50:19 -0800] "GET /?camp-fire%2F46817855.html HTTP/1.1" 500 - "-" "Mozilla/5.0 (compatible; SemrushBot/7~bl; +http://www.semrush.com/bot.html)" "mantech8.com"
114.119.133.158 - - [12/Nov/2022:08:51:17 -0800] "GET /index.php?sitemap-index-5.xml HTTP/1.1" 200 4843 "-" "Mozilla/5.0 (compatible;PetalBot;+https://webmaster.petalsearch.com/site/petalbot)" "mantech8.com"
185.191.171.43 - - [12/Nov/2022:08:52:21 -0800] "GET /?camp-fire%2F1341600.html HTTP/1.1" 500 - "-" "Mozilla/5.0 (compatible; SemrushBot/7~bl; +http://www.semrush.com/bot.html)" "mantech8.com"
157.55.39.154 - - [12/Nov/2022:08:52:59 -0800] "GET / HTTP/1.1" 200 64635 "-" "Mozilla/5.0 (compatible; bingbot/2.0; +http://www.bing.com/bingbot.htm)" "www.mantech8.com"
185.191.171.33 - - [12/Nov/2022:08:54:13 -0800] "GET /?camp-fire%2F1502090.html HTTP/1.1" 500 - "-" "Mozilla/5.0 (compatible; SemrushBot/7~bl; +http://www.semrush.com/bot.html)" "mantech8.com"
185.191.171.6 - - [12/Nov/2022:08:54:32 -0800] "GET /?camp-fire%2F6717698.html HTTP/1.1" 500 - "-" "Mozilla/5.0 (compatible; SemrushBot/7~bl; +http://www.semrush.com/bot.html)" "mantech8.com"
185.191.171.12 - - [12/Nov/2022:08:55:26 -0800] "GET /?camp-fire%2F3732698.html HTTP/1.1" 500 - "-" "Mozilla/5.0 (compatible; SemrushBot/7~bl; +http://www.semrush.com/bot.html)" "mantech8.com"
185.191.171.2 - - [12/Nov/2022:08:56:07 -0800] "GET /?camp-fire%2F1119772.html HTTP/1.1" 500 - "-" "Mozilla/5.0 (compatible; SemrushBot/7~bl; +http://www.semrush.com/bot.html)" "mantech8.com"
114.119.133.165 - - [12/Nov/2022:08:56:21 -0800] "GET /index.php/sitemap5687.xml HTTP/1.1" 200 289427 "-" "Mozilla/5.0 (compatible;PetalBot;+https://webmaster.petalsearch.com/site/petalbot)" "mantech8.com"
185.191.171.12 - - [12/Nov/2022:08:56:37 -0800] "GET /?camp-fire%2F5011500.html HTTP/1.1" 500 - "-" "Mozilla/5.0 (compatible; SemrushBot/7~bl; +http://www.semrush.com/bot.html)" "mantech8.com"
185.191.171.40 - - [12/Nov/2022:08:57:23 -0800] "GET /?camp-fire%2F9263042.html HTTP/1.1" 500 - "-" "Mozilla/5.0 (compatible; SemrushBot/7~bl; +http://www.semrush.com/bot.html)" "mantech8.com"
185.191.171.9 - - [12/Nov/2022:08:57:33 -0800] "GET /?camp-fire%2F5948055.html HTTP/1.1" 500 - "-" "Mozilla/5.0 (compatible; SemrushBot/7~bl; +http://www.semrush.com/bot.html)" "mantech8.com"
185.191.171.43 - - [12/Nov/2022:08:57:48 -0800] "GET /?camp-fire%2F3321600.html HTTP/1.1" 500 - "-" "Mozilla/5.0 (compatible; SemrushBot/7~bl; +http://www.semrush.com/bot.html)" "mantech8.com"
185.191.171.45 - - [12/Nov/2022:08:58:03 -0800] "GET /?camp-fire%2F2743851.html HTTP/1.1" 500 - "-" "Mozilla/5.0 (compatible; SemrushBot/7~bl; +http://www.semrush.com/bot.html)" "mantech8.com"
40.77.167.42 - - [12/Nov/2022:08:58:26 -0800] "GET / HTTP/1.1" 200 64573 "-" "Mozilla/5.0 AppleWebKit/537.36 (KHTML, like Gecko; compatible; bingbot/2.0; +http://www.bing.com/bingbot.htm) Chrome/103.0.5060.134 Safari/537.36" "www.mantech8.com"
185.191.171.41 - - [12/Nov/2022:08:58:33 -0800] "GET /?camp-fire%2F2406553.html HTTP/1.1" 500 - "-" "Mozilla/5.0 (compatible; SemrushBot/7~bl; +http://www.semrush.com/bot.html)" "mantech8.com"
185.191.171.14 - - [12/Nov/2022:09:00:23 -0800] "GET /?camp-fire%2F1518853.html HTTP/1.1" 500 - "-" "Mozilla/5.0 (compatible; SemrushBot/7~bl; +http://www.semrush.com/bot.html)" "mantech8.com"
185.191.171.17 - - [12/Nov/2022:09:00:51 -0800] "GET /?camp-fire%2F5275677.html HTTP/1.1" 500 - "-" "Mozilla/5.0 (compatible; SemrushBot/7~bl; +http://www.semrush.com/bot.html)" "mantech8.com"
185.191.171.15 - - [12/Nov/2022:09:01:04 -0800] "GET /?camp-fire%2F8013665.html HTTP/1.1" 500 - "-" "Mozilla/5.0 (compatible; SemrushBot/7~bl; +http://www.semrush.com/bot.html)" "mantech8.com"
114.119.133.158 - - [12/Nov/2022:09:01:42 -0800] "GET /bimages/hgallery/thump/ HTTP/1.1" 200 506 "http://www.mantech8.com/bimages/hgallery/?C=S%3BO%3DA" "Mozilla/5.0 (Linux; Android 7.0;) AppleWebKit/537.36 (KHTML, like Gecko) Mobile Safari/537.36 (compatible; PetalBot;+https://webmaster.petalsearch.com/site/petalbot)" "www.mantech8.com"
185.191.171.21 - - [12/Nov/2022:09:01:46 -0800] "GET /?camp-fire%2F8940008.html HTTP/1.1" 500 - "-" "Mozilla/5.0 (compatible; SemrushBot/7~bl; +http://www.semrush.com/bot.html)" "mantech8.com"
185.191.171.18 - - [12/Nov/2022:09:01:59 -0800] "GET /?camp-fire%2F1821751.html HTTP/1.1" 500 - "-" "Mozilla/5.0 (compatible; SemrushBot/7~bl; +http://www.semrush.com/bot.html)" "mantech8.com"
157.55.39.14 - - [12/Nov/2022:09:03:48 -0800] "GET /index.php/sK40Z-4c67cabcd-zsUZ.Ii HTTP/1.1" 200 34092 "-" "Mozilla/5.0 AppleWebKit/537.36 (KHTML, like Gecko; compatible; bingbot/2.0; +http://www.bing.com/bingbot.htm) Chrome/103.0.5060.134 Safari/537.36" "mantech8.com"
185.191.171.26 - - [12/Nov/2022:09:04:21 -0800] "GET /?camp-fire%2F46361965.html HTTP/1.1" 500 - "-" "Mozilla/5.0 (compatible; SemrushBot/7~bl; +http://www.semrush.com/bot.html)" "mantech8.com"
185.191.171.15 - - [12/Nov/2022:09:04:39 -0800] "GET /?camp-fire%2F51204835.html HTTP/1.1" 500 - "-" "Mozilla/5.0 (compatible; SemrushBot/7~bl; +http://www.semrush.com/bot.html)" "mantech8.com"
185.191.171.21 - - [12/Nov/2022:09:06:41 -0800] "GET /?camp-fire%2F1353000.html HTTP/1.1" 500 - "-" "Mozilla/5.0 (compatible; SemrushBot/7~bl; +http://www.semrush.com/bot.html)" "mantech8.com"
114.119.133.190 - - [12/Nov/2022:09:06:45 -0800] "GET /bimages/gallery/alfacgiapi/?C=S%3BO%3DA HTTP/1.1" 200 472 "http://www.mantech8.com/bimages/gallery/alfacgiapi/?C=M%3BO%3DA" "Mozilla/5.0 (Linux; Android 7.0;) AppleWebKit/537.36 (KHTML, like Gecko) Mobile Safari/537.36 (compatible; PetalBot;+https://webmaster.petalsearch.com/site/petalbot)" "www.mantech8.com"
185.191.171.4 - - [12/Nov/2022:09:07:08 -0800] "GET /?camp-fire%2F49356278.html HTTP/1.1" 500 - "-" "Mozilla/5.0 (compatible; SemrushBot/7~bl; +http://www.semrush.com/bot.html)" "mantech8.com"
185.191.171.3 - - [12/Nov/2022:09:07:21 -0800] "GET /?camp-fire%2F4305998.html HTTP/1.1" 500 - "-" "Mozilla/5.0 (compatible; SemrushBot/7~bl; +http://www.semrush.com/bot.html)" "mantech8.com"
185.191.171.43 - - [12/Nov/2022:09:07:22 -0800] "GET /?camp-fire%2F7928942.html HTTP/1.1" 500 - "-" "Mozilla/5.0 (compatible; SemrushBot/7~bl; +http://www.semrush.com/bot.html)" "mantech8.com"
185.191.171.12 - - [12/Nov/2022:09:07:24 -0800] "GET /?camp-fire%2F3950374.html HTTP/1.1" 500 - "-" "Mozilla/5.0 (compatible; SemrushBot/7~bl; +http://www.semrush.com/bot.html)" "mantech8.com"
185.191.171.3 - - [12/Nov/2022:09:08:35 -0800] "GET /?camp-fire%2F7262880.html HTTP/1.1" 500 - "-" "Mozilla/5.0 (compatible; SemrushBot/7~bl; +http://www.semrush.com/bot.html)" "mantech8.com"
185.191.171.36 - - [12/Nov/2022:09:09:32 -0800] "GET /?camp-fire%2F48539725.html HTTP/1.1" 500 - "-" "Mozilla/5.0 (compatible; SemrushBot/7~bl; +http://www.semrush.com/bot.html)" "mantech8.com"
66.249.64.240 - - [12/Nov/2022:09:10:42 -0800] "GET /images/favicon.ico HTTP/1.1" 200 241886 "-" "Googlebot-Image/1.0" "www.mantech8.com"
185.191.171.5 - - [12/Nov/2022:09:11:08 -0800] "GET /?camp-fire%2F3994274.html HTTP/1.1" 500 - "-" "Mozilla/5.0 (compatible; SemrushBot/7~bl; +http://www.semrush.com/bot.html)" "mantech8.com"
185.191.171.42 - - [12/Nov/2022:09:11:40 -0800] "GET /?camp-fire%2F9775283.html HTTP/1.1" 500 - "-" "Mozilla/5.0 (compatible; SemrushBot/7~bl; +http://www.semrush.com/bot.html)" "mantech8.com"
114.119.133.158 - - [12/Nov/2022:09:11:42 -0800] "GET /bimages/pipeg/thump/?C=M%3BO%3DA HTTP/1.1" 200 568 "http://www.mantech8.com/bimages/pipeg/thump/?C=N%3BO%3DD" "Mozilla/5.0 (Linux; Android 7.0;) AppleWebKit/537.36 (KHTML, like Gecko) Mobile Safari/537.36 (compatible; PetalBot;+https://webmaster.petalsearch.com/site/petalbot)" "www.mantech8.com"
185.191.171.38 - - [12/Nov/2022:09:11:56 -0800] "GET /?camp-fire%2F7677208.html HTTP/1.1" 500 - "-" "Mozilla/5.0 (compatible; SemrushBot/7~bl; +http://www.semrush.com/bot.html)" "mantech8.com"
185.191.171.42 - - [12/Nov/2022:09:12:44 -0800] "GET /?camp-fire%2F7908842.html HTTP/1.1" 500 - "-" "Mozilla/5.0 (compatible; SemrushBot/7~bl; +http://www.semrush.com/bot.html)" "mantech8.com"
216.244.66.241 - - [12/Nov/2022:09:14:56 -0800] "GET /robots.txt HTTP/1.1" 200 222 "-" "Mozilla/5.0 (compatible; DotBot/1.2; +https://opensiteexplorer.org/dotbot; help@moz.com)" "www.mantech8.com"
216.244.66.241 - - [12/Nov/2022:09:14:56 -0800] "GET /robots.txt HTTP/1.1" 200 222 "-" "Mozilla/5.0 (compatible; DotBot/1.2; +https://opensiteexplorer.org/dotbot; help@moz.com)" "mantech8.com"
185.191.171.19 - - [12/Nov/2022:09:15:21 -0800] "GET /?camp-fire%2F8754574.html HTTP/1.1" 500 - "-" "Mozilla/5.0 (compatible; SemrushBot/7~bl; +http://www.semrush.com/bot.html)" "mantech8.com"
185.191.171.35 - - [12/Nov/2022:09:15:59 -0800] "GET /?camp-fire%2F3317900.html HTTP/1.1" 500 - "-" "Mozilla/5.0 (compatible; SemrushBot/7~bl; +http://www.semrush.com/bot.html)" "mantech8.com"
185.191.171.18 - - [12/Nov/2022:09:16:49 -0800] "GET /?camp-fire%2F6142493.html HTTP/1.1" 500 - "-" "Mozilla/5.0 (compatible; SemrushBot/7~bl; +http://www.semrush.com/bot.html)" "mantech8.com"
114.119.133.165 - - [12/Nov/2022:09:16:57 -0800] "GET /bimages/certificate/thump/?C=M%3BO%3DA HTTP/1.1" 200 637 "http://mantech8.com/bimages/certificate/thump/?C=S%3BO%3DA" "Mozilla/5.0 (Linux; Android 7.0;) AppleWebKit/537.36 (KHTML, like Gecko) Mobile Safari/537.36 (compatible; PetalBot;+https://webmaster.petalsearch.com/site/petalbot)" "mantech8.com"
185.191.171.42 - - [12/Nov/2022:09:17:06 -0800] "GET /?camp-fire%2F7632908.html HTTP/1.1" 500 - "-" "Mozilla/5.0 (compatible; SemrushBot/7~bl; +http://www.semrush.com/bot.html)" "mantech8.com"
185.191.171.16 - - [12/Nov/2022:09:17:30 -0800] "GET /?camp-fire%2F8541408.html HTTP/1.1" 500 - "-" "Mozilla/5.0 (compatible; SemrushBot/7~bl; +http://www.semrush.com/bot.html)" "mantech8.com"
185.191.171.22 - - [12/Nov/2022:09:17:33 -0800] "GET /?camp-fire%2F7987200.html HTTP/1.1" 500 - "-" "Mozilla/5.0 (compatible; SemrushBot/7~bl; +http://www.semrush.com/bot.html)" "mantech8.com"
185.191.171.33 - - [12/Nov/2022:09:18:27 -0800] "GET /?camp-fire%2F3873574.html HTTP/1.1" 500 - "-" "Mozilla/5.0 (compatible; SemrushBot/7~bl; +http://www.semrush.com/bot.html)" "mantech8.com"
185.191.171.17 - - [12/Nov/2022:09:18:29 -0800] "GET /?camp-fire%2F9438900.html HTTP/1.1" 500 - "-" "Mozilla/5.0 (compatible; SemrushBot/7~bl; +http://www.semrush.com/bot.html)" "mantech8.com"
185.191.171.12 - - [12/Nov/2022:09:19:13 -0800] "GET /?camp-fire%2F9723451.html HTTP/1.1" 500 - "-" "Mozilla/5.0 (compatible; SemrushBot/7~bl; +http://www.semrush.com/bot.html)" "mantech8.com"
185.191.171.8 - - [12/Nov/2022:09:19:15 -0800] "GET /?camp-fire%2F3865774.html HTTP/1.1" 500 - "-" "Mozilla/5.0 (compatible; SemrushBot/7~bl; +http://www.semrush.com/bot.html)" "mantech8.com"
40.77.167.42 - - [12/Nov/2022:09:20:49 -0800] "GET /index.php/1zVE-e3dba-JFxwS.Ii HTTP/1.1" 200 66434 "-" "Mozilla/5.0 (compatible; bingbot/2.0; +http://www.bing.com/bingbot.htm)" "www.mantech8.com"
185.191.171.14 - - [12/Nov/2022:09:20:55 -0800] "GET /?camp-fire%2F1845051.html HTTP/1.1" 500 - "-" "Mozilla/5.0 (compatible; SemrushBot/7~bl; +http://www.semrush.com/bot.html)" "mantech8.com"
114.119.133.158 - - [12/Nov/2022:09:22:00 -0800] "GET /bimages/gallery/thump/?C=D%3BO%3DA HTTP/1.1" 200 1142 "http://www.mantech8.com/bimages/gallery/thump/" "Mozilla/5.0 (Linux; Android 7.0;) AppleWebKit/537.36 (KHTML, like Gecko) Mobile Safari/537.36 (compatible; PetalBot;+https://webmaster.petalsearch.com/site/petalbot)" "www.mantech8.com"
185.191.171.41 - - [12/Nov/2022:09:22:02 -0800] "GET /?camp-fire%2F4081278.html HTTP/1.1" 500 - "-" "Mozilla/5.0 (compatible; SemrushBot/7~bl; +http://www.semrush.com/bot.html)" "mantech8.com"
185.191.171.18 - - [12/Nov/2022:09:23:00 -0800] "GET /?camp-fire%2F1443153.html HTTP/1.1" 500 - "-" "Mozilla/5.0 (compatible; SemrushBot/7~bl; +http://www.semrush.com/bot.html)" "mantech8.com"
185.191.171.3 - - [12/Nov/2022:09:23:14 -0800] "GET /?camp-fire%2F4093765.html HTTP/1.1" 500 - "-" "Mozilla/5.0 (compatible; SemrushBot/7~bl; +http://www.semrush.com/bot.html)" "mantech8.com"
150.93.112.14 - - [12/Nov/2022:09:23:27 -0800] "GET /index.php?/about/about1/index.html HTTP/1.1" 500 - "-" "Mozilla/5.0 (Windows NT 10.0; Win64; x64) AppleWebKit/537.36 (KHTML, like Gecko) Chrome/102.0.0.0 Safari/537.36" "www.mantech8.com"
205.169.39.63 - - [12/Nov/2022:09:23:45 -0800] "GET / HTTP/1.1" 500 - "-" "Mozilla/5.0 (Windows NT 10.0) AppleWebKit/537.36 (KHTML, like Gecko) Chrome/106.0.0.0 Safari/537.36" "www.mantech8.com"
185.191.171.18 - - [12/Nov/2022:09:23:48 -0800] "GET /?camp-fire%2F52927164.html HTTP/1.1" 500 - "-" "Mozilla/5.0 (compatible; SemrushBot/7~bl; +http://www.semrush.com/bot.html)" "mantech8.com"
185.191.171.25 - - [12/Nov/2022:09:24:06 -0800] "GET /?camp-fire%2F4662000.html HTTP/1.1" 500 - "-" "Mozilla/5.0 (compatible; SemrushBot/7~bl; +http://www.semrush.com/bot.html)" "mantech8.com"
185.191.171.10 - - [12/Nov/2022:09:26:37 -0800] "GET /?camp-fire%2F2368393.html HTTP/1.1" 500 - "-" "Mozilla/5.0 (compatible; SemrushBot/7~bl; +http://www.semrush.com/bot.html)" "mantech8.com"
114.119.133.190 - - [12/Nov/2022:09:27:04 -0800] "GET /bimages/vision/?C=N%3BO%3DD HTTP/1.1" 200 421 "http://www.mantech8.com/bimages/vision/?C=M%3BO%3DA" "Mozilla/5.0 (Linux; Android 7.0;) AppleWebKit/537.36 (KHTML, like Gecko) Mobile Safari/537.36 (compatible; PetalBot;+https://webmaster.petalsearch.com/site/petalbot)" "www.mantech8.com"
185.191.171.22 - - [12/Nov/2022:09:28:07 -0800] "GET /?camp-fire%2F1538353.html HTTP/1.1" 500 - "-" "Mozilla/5.0 (compatible; SemrushBot/7~bl; +http://www.semrush.com/bot.html)" "mantech8.com"
185.191.171.2 - - [12/Nov/2022:09:28:53 -0800] "GET /?camp-fire%2F7851480.html HTTP/1.1" 500 - "-" "Mozilla/5.0 (compatible; SemrushBot/7~bl; +http://www.semrush.com/bot.html)" "mantech8.com"
185.191.171.23 - - [12/Nov/2022:09:29:36 -0800] "GET /?camp-fire%2F7268880.html HTTP/1.1" 500 - "-" "Mozilla/5.0 (compatible; SemrushBot/7~bl; +http://www.semrush.com/bot.html)" "mantech8.com"
40.77.167.42 - - [12/Nov/2022:09:29:48 -0800] "GET / HTTP/1.1" 200 64587 "-" "Mozilla/5.0 AppleWebKit/537.36 (KHTML, like Gecko; compatible; bingbot/2.0; +http://www.bing.com/bingbot.htm) Chrome/103.0.5060.134 Safari/537.36" "www.mantech8.com"
185.191.171.40 - - [12/Nov/2022:09:29:50 -0800] "GET /?camp-fire%2F1679569.html HTTP/1.1" 500 - "-" "Mozilla/5.0 (compatible; SemrushBot/7~bl; +http://www.semrush.com/bot.html)" "mantech8.com"
157.55.39.154 - - [12/Nov/2022:09:29:53 -0800] "GET /index.php?camp-fire/27041680.html HTTP/1.1" 200 74549 "-" "Mozilla/5.0 (compatible; bingbot/2.0; +http://www.bing.com/bingbot.htm)" "www.mantech8.com"
185.191.171.1 - - [12/Nov/2022:09:29:59 -0800] "GET /?camp-fire%2F3191578.html HTTP/1.1" 500 - "-" "Mozilla/5.0 (compatible; SemrushBot/7~bl; +http://www.semrush.com/bot.html)" "mantech8.com"
185.191.171.44 - - [12/Nov/2022:09:30:03 -0800] "GET /?camp-fire%2F9598174.html HTTP/1.1" 500 - "-" "Mozilla/5.0 (compatible; SemrushBot/7~bl; +http://www.semrush.com/bot.html)" "mantech8.com"
138.199.21.217 - - [12/Nov/2022:09:30:28 -0800] "GET /index.php?/about/about1/index.html HTTP/1.1" 500 - "-" "Mozilla/5.0 (Windows NT 10.0; Win64; x64) AppleWebKit/537.36 (KHTML, like Gecko) Chrome/102.0.0.0 Safari/537.36" "www.mantech8.com"
185.191.171.3 - - [12/Nov/2022:09:30:53 -0800] "GET /?camp-fire%2F48064330.html HTTP/1.1" 500 - "-" "Mozilla/5.0 (compatible; SemrushBot/7~bl; +http://www.semrush.com/bot.html)" "mantech8.com"
157.55.39.154 - - [12/Nov/2022:09:31:22 -0800] "GET / HTTP/1.1" 200 64457 "-" "Mozilla/5.0 (compatible; bingbot/2.0; +http://www.bing.com/bingbot.htm)" "www.mantech8.com"
114.119.133.165 - - [12/Nov/2022:09:32:12 -0800] "GET /bimages/gallery/plugin.php HTTP/1.1" 200 295 "http://www.mantech8.com/bimages/gallery/?C=D%3BO%3DA" "Mozilla/5.0 (Linux; Android 7.0;) AppleWebKit/537.36 (KHTML, like Gecko) Mobile Safari/537.36 (compatible; PetalBot;+https://webmaster.petalsearch.com/site/petalbot)" "www.mantech8.com"
185.191.171.14 - - [12/Nov/2022:09:32:18 -0800] "GET /?camp-fire%2F3539100.html HTTP/1.1" 500 - "-" "Mozilla/5.0 (compatible; SemrushBot/7~bl; +http://www.semrush.com/bot.html)" "mantech8.com"
52.226.210.206 - - [12/Nov/2022:09:33:21 -0800] "GET /robots.txt HTTP/1.1" 200 106 "-" "python-requests/2.27.1" "mantech8.com"
52.226.210.206 - - [12/Nov/2022:09:33:27 -0800] "GET /bimages/himage/phone-1.png HTTP/1.1" 200 182767 "-" "Mozilla/5.0 (Windows NT 10.0; Win64; x64) AppleWebKit/537.36 (KHTML, like Gecko) Chrome/76.0.3809.100 Safari/537.36" "mantech8.com"
185.191.171.13 - - [12/Nov/2022:09:34:15 -0800] "GET /?camp-fire%2F7613708.html HTTP/1.1" 500 - "-" "Mozilla/5.0 (compatible; SemrushBot/7~bl; +http://www.semrush.com/bot.html)" "mantech8.com"
40.77.167.40 - - [12/Nov/2022:09:34:31 -0800] "GET /index.php?camp-fire/90654727.html HTTP/1.1" 200 71413 "-" "Mozilla/5.0 AppleWebKit/537.36 (KHTML, like Gecko; compatible; bingbot/2.0; +http://www.bing.com/bingbot.htm) Chrome/103.0.5060.134 Safari/537.36" "www.mantech8.com"
27.76.221.152 - - [12/Nov/2022:09:34:49 -0800] "GET /contact.php HTTP/1.1" 200 29238 "http://mantech8.com/contact.php" "Mozilla/5.0 (Windows NT 6.1; Win64; x64) AppleWebKit/537.36 (KHTML, like Gecko) Chrome/90.0.4430.72 Safari/537.36" "mantech8.com"
27.76.221.152 - - [12/Nov/2022:09:34:51 -0800] "GET /verificationimage.php?3940 HTTP/1.1" 200 1281 "http://mantech8.com/contact.php" "Mozilla/5.0 (Windows NT 6.1; Win64; x64) AppleWebKit/537.36 (KHTML, like Gecko) Chrome/90.0.4430.72 Safari/537.36" "mantech8.com"
27.76.221.152 - - [12/Nov/2022:09:34:52 -0800] "POST /mailer.php HTTP/1.1" 500 - "http://mantech8.com/contact.php" "Mozilla/5.0 (Windows NT 6.1; Win64; x64) AppleWebKit/537.36 (KHTML, like Gecko) Chrome/90.0.4430.72 Safari/537.36" "mantech8.com"
185.191.171.12 - - [12/Nov/2022:09:35:12 -0800] "GET /?camp-fire%2F8131578.html HTTP/1.1" 500 - "-" "Mozilla/5.0 (compatible; SemrushBot/7~bl; +http://www.semrush.com/bot.html)" "mantech8.com"
185.191.171.37 - - [12/Nov/2022:09:35:45 -0800] "GET /?camp-fire%2F1351759.html HTTP/1.1" 500 - "-" "Mozilla/5.0 (compatible; SemrushBot/7~bl; +http://www.semrush.com/bot.html)" "mantech8.com"
157.55.39.154 - - [12/Nov/2022:09:35:51 -0800] "GET /hFdr-6bddeb-IpRia.Ii HTTP/1.1" 404 88 "-" "Mozilla/5.0 AppleWebKit/537.36 (KHTML, like Gecko; compatible; bingbot/2.0; +http://www.bing.com/bingbot.htm) Chrome/103.0.5060.134 Safari/537.36" "www.mantech8.com"
185.191.171.6 - - [12/Nov/2022:09:36:25 -0800] "GET /?camp-fire%2F2410090.html HTTP/1.1" 500 - "-" "Mozilla/5.0 (compatible; SemrushBot/7~bl; +http://www.semrush.com/bot.html)" "mantech8.com"
185.191.171.11 - - [12/Nov/2022:09:37:00 -0800] "GET /?camp-fire%2F4282996.html HTTP/1.1" 500 - "-" "Mozilla/5.0 (compatible; SemrushBot/7~bl; +http://www.semrush.com/bot.html)" "mantech8.com"
185.191.171.35 - - [12/Nov/2022:09:37:03 -0800] "GET /?camp-fire%2F7595521.html HTTP/1.1" 500 - "-" "Mozilla/5.0 (compatible; SemrushBot/7~bl; +http://www.semrush.com/bot.html)" "mantech8.com"
185.191.171.5 - - [12/Nov/2022:09:37:32 -0800] "GET /?camp-fire%2F1243700.html HTTP/1.1" 500 - "-" "Mozilla/5.0 (compatible; SemrushBot/7~bl; +http://www.semrush.com/bot.html)" "mantech8.com"
185.191.171.23 - - [12/Nov/2022:09:38:11 -0800] "GET /?camp-fire%2F9824883.html HTTP/1.1" 500 - "-" "Mozilla/5.0 (compatible; SemrushBot/7~bl; +http://www.semrush.com/bot.html)" "mantech8.com"
185.191.171.2 - - [12/Nov/2022:09:38:13 -0800] "GET /?camp-fire%2F5282590.html HTTP/1.1" 500 - "-" "Mozilla/5.0 (compatible; SemrushBot/7~bl; +http://www.semrush.com/bot.html)" "mantech8.com"
