157.55.39.154 - - [11/Nov/2022:23:03:09 -0800] "GET /index.php?camp-fire/32048881.html HTTP/1.1" 200 68916 "-" "Mozilla/5.0 (compatible; bingbot/2.0; +http://www.bing.com/bingbot.htm)" "www.mantech8.com"
185.191.171.3 - - [11/Nov/2022:23:03:44 -0800] "GET /?camp-fire%2F48064384.html HTTP/1.1" 500 - "-" "Mozilla/5.0 (compatible; SemrushBot/7~bl; +http://www.semrush.com/bot.html)" "mantech8.com"
185.191.171.22 - - [11/Nov/2022:23:03:51 -0800] "GET /?camp-fire%2F1325529.html HTTP/1.1" 500 - "-" "Mozilla/5.0 (compatible; SemrushBot/7~bl; +http://www.semrush.com/bot.html)" "mantech8.com"
185.191.171.25 - - [11/Nov/2022:23:03:55 -0800] "GET /?camp-fire%2F1135272.html HTTP/1.1" 500 - "-" "Mozilla/5.0 (compatible; SemrushBot/7~bl; +http://www.semrush.com/bot.html)" "mantech8.com"
185.191.171.14 - - [11/Nov/2022:23:04:10 -0800] "GET /?camp-fire%2F3171993.html HTTP/1.1" 500 - "-" "Mozilla/5.0 (compatible; SemrushBot/7~bl; +http://www.semrush.com/bot.html)" "mantech8.com"
185.191.171.33 - - [11/Nov/2022:23:05:31 -0800] "GET /?camp-fire%2F5314096.html HTTP/1.1" 500 - "-" "Mozilla/5.0 (compatible; SemrushBot/7~bl; +http://www.semrush.com/bot.html)" "mantech8.com"
185.191.171.4 - - [11/Nov/2022:23:05:36 -0800] "GET /?camp-fire%2F5139985.html HTTP/1.1" 500 - "-" "Mozilla/5.0 (compatible; SemrushBot/7~bl; +http://www.semrush.com/bot.html)" "mantech8.com"
185.191.171.21 - - [11/Nov/2022:23:05:39 -0800] "GET /?camp-fire%2F47295750.html HTTP/1.1" 500 - "-" "Mozilla/5.0 (compatible; SemrushBot/7~bl; +http://www.semrush.com/bot.html)" "mantech8.com"
185.191.171.19 - - [11/Nov/2022:23:06:03 -0800] "GET /?camp-fire%2F3852074.html HTTP/1.1" 500 - "-" "Mozilla/5.0 (compatible; SemrushBot/7~bl; +http://www.semrush.com/bot.html)" "mantech8.com"
185.191.171.2 - - [11/Nov/2022:23:06:24 -0800] "GET /?camp-fire%2F5067765.html HTTP/1.1" 500 - "-" "Mozilla/5.0 (compatible; SemrushBot/7~bl; +http://www.semrush.com/bot.html)" "mantech8.com"
185.191.171.45 - - [11/Nov/2022:23:07:53 -0800] "GET /?camp-fire%2F4300600.html HTTP/1.1" 500 - "-" "Mozilla/5.0 (compatible; SemrushBot/7~bl; +http://www.semrush.com/bot.html)" "mantech8.com"
185.191.171.34 - - [11/Nov/2022:23:08:06 -0800] "GET /robots.txt HTTP/1.1" 200 106 "-" "Mozilla/5.0 (compatible; SemrushBot/7~bl; +http://www.semrush.com/bot.html)" "mantech8.com"
185.191.171.14 - - [11/Nov/2022:23:08:10 -0800] "GET /?camp-fire%2F3321300.html HTTP/1.1" 500 - "-" "Mozilla/5.0 (compatible; SemrushBot/7~bl; +http://www.semrush.com/bot.html)" "mantech8.com"
185.191.171.23 - - [11/Nov/2022:23:08:12 -0800] "GET /?camp-fire%2F3460300.html HTTP/1.1" 500 - "-" "Mozilla/5.0 (compatible; SemrushBot/7~bl; +http://www.semrush.com/bot.html)" "mantech8.com"
185.191.171.19 - - [11/Nov/2022:23:08:33 -0800] "GET /?camp-fire%2F4819665.html HTTP/1.1" 500 - "-" "Mozilla/5.0 (compatible; SemrushBot/7~bl; +http://www.semrush.com/bot.html)" "mantech8.com"
114.119.133.158 - - [11/Nov/2022:23:08:33 -0800] "GET /index.php?sitemap2.xml HTTP/1.1" 200 289366 "-" "Mozilla/5.0 (compatible;PetalBot;+https://webmaster.petalsearch.com/site/petalbot)" "mantech8.com"
185.191.171.8 - - [11/Nov/2022:23:09:20 -0800] "GET /?camp-fire%2F1478690.html HTTP/1.1" 500 - "-" "Mozilla/5.0 (compatible; SemrushBot/7~bl; +http://www.semrush.com/bot.html)" "mantech8.com"
185.191.171.14 - - [11/Nov/2022:23:09:21 -0800] "GET /?camp-fire%2F8715678.html HTTP/1.1" 500 - "-" "Mozilla/5.0 (compatible; SemrushBot/7~bl; +http://www.semrush.com/bot.html)" "mantech8.com"
185.191.171.19 - - [11/Nov/2022:23:10:11 -0800] "GET /?camp-fire%2F1357659.html HTTP/1.1" 500 - "-" "Mozilla/5.0 (compatible; SemrushBot/7~bl; +http://www.semrush.com/bot.html)" "mantech8.com"
185.191.171.23 - - [11/Nov/2022:23:10:13 -0800] "GET /?camp-fire%2F1268100.html HTTP/1.1" 500 - "-" "Mozilla/5.0 (compatible; SemrushBot/7~bl; +http://www.semrush.com/bot.html)" "mantech8.com"
185.191.171.38 - - [11/Nov/2022:23:10:20 -0800] "GET /?camp-fire%2F8275680.html HTTP/1.1" 500 - "-" "Mozilla/5.0 (compatible; SemrushBot/7~bl; +http://www.semrush.com/bot.html)" "mantech8.com"
185.191.171.44 - - [11/Nov/2022:23:10:37 -0800] "GET /?camp-fire%2F7828421.html HTTP/1.1" 500 - "-" "Mozilla/5.0 (compatible; SemrushBot/7~bl; +http://www.semrush.com/bot.html)" "mantech8.com"
185.191.171.14 - - [11/Nov/2022:23:10:49 -0800] "GET /?camp-fire%2F7774842.html HTTP/1.1" 500 - "-" "Mozilla/5.0 (compatible; SemrushBot/7~bl; +http://www.semrush.com/bot.html)" "mantech8.com"
185.191.171.11 - - [11/Nov/2022:23:11:22 -0800] "GET /?camp-fire%2F8112578.html HTTP/1.1" 500 - "-" "Mozilla/5.0 (compatible; SemrushBot/7~bl; +http://www.semrush.com/bot.html)" "mantech8.com"
185.191.171.41 - - [11/Nov/2022:23:11:55 -0800] "GET /?camp-fire%2F4087774.html HTTP/1.1" 500 - "-" "Mozilla/5.0 (compatible; SemrushBot/7~bl; +http://www.semrush.com/bot.html)" "mantech8.com"
185.191.171.41 - - [11/Nov/2022:23:12:47 -0800] "GET /?camp-fire%2F3214578.html HTTP/1.1" 500 - "-" "Mozilla/5.0 (compatible; SemrushBot/7~bl; +http://www.semrush.com/bot.html)" "mantech8.com"
185.191.171.10 - - [11/Nov/2022:23:13:03 -0800] "GET /?camp-fire%2F3361100.html HTTP/1.1" 500 - "-" "Mozilla/5.0 (compatible; SemrushBot/7~bl; +http://www.semrush.com/bot.html)" "mantech8.com"
185.191.171.24 - - [11/Nov/2022:23:14:13 -0800] "GET /?camp-fire%2F8530451.html HTTP/1.1" 500 - "-" "Mozilla/5.0 (compatible; SemrushBot/7~bl; +http://www.semrush.com/bot.html)" "mantech8.com"
185.191.171.40 - - [11/Nov/2022:23:14:34 -0800] "GET /?camp-fire%2F45763702.html HTTP/1.1" 500 - "-" "Mozilla/5.0 (compatible; SemrushBot/7~bl; +http://www.semrush.com/bot.html)" "mantech8.com"
194.110.203.47 - - [11/Nov/2022:23:14:46 -0800] "GET /localhost_backup.sql.tar HTTP/1.1" 404 73 "-" "Firefox" "mantech8.com"
157.230.222.203 - - [11/Nov/2022:23:15:12 -0800] "GET /wp-includes/css/css.php HTTP/1.1" 404 88 "-" "python-requests/2.27.1" "mantech8.com"
157.230.222.203 - - [11/Nov/2022:23:15:13 -0800] "GET /wp-includes/fonts/css.php HTTP/1.1" 404 88 "-" "python-requests/2.27.1" "mantech8.com"
185.191.171.10 - - [11/Nov/2022:23:15:36 -0800] "GET /?camp-fire%2F49437793.html HTTP/1.1" 500 - "-" "Mozilla/5.0 (compatible; SemrushBot/7~bl; +http://www.semrush.com/bot.html)" "mantech8.com"
185.191.171.9 - - [11/Nov/2022:23:15:57 -0800] "GET /?camp-fire%2F9681683.html HTTP/1.1" 500 - "-" "Mozilla/5.0 (compatible; SemrushBot/7~bl; +http://www.semrush.com/bot.html)" "mantech8.com"
157.55.39.154 - - [11/Nov/2022:23:16:11 -0800] "GET / HTTP/1.1" 200 64555 "-" "Mozilla/5.0 AppleWebKit/537.36 (KHTML, like Gecko; compatible; bingbot/2.0; +http://www.bing.com/bingbot.htm) Chrome/103.0.5060.134 Safari/537.36" "www.mantech8.com"
185.191.171.2 - - [11/Nov/2022:23:17:05 -0800] "GET /?camp-fire%2F6238977.html HTTP/1.1" 500 - "-" "Mozilla/5.0 (compatible; SemrushBot/7~bl; +http://www.semrush.com/bot.html)" "mantech8.com"
185.191.171.24 - - [11/Nov/2022:23:17:23 -0800] "GET /?camp-fire%2F5738496.html HTTP/1.1" 500 - "-" "Mozilla/5.0 (compatible; SemrushBot/7~bl; +http://www.semrush.com/bot.html)" "mantech8.com"
114.119.133.166 - - [11/Nov/2022:23:17:37 -0800] "GET /steaded.xml HTTP/1.1" 404 88 "-" "Mozilla/5.0 (compatible;PetalBot;+https://webmaster.petalsearch.com/site/petalbot)" "mantech8.com"
185.191.171.25 - - [11/Nov/2022:23:17:40 -0800] "GET /?camp-fire%2F8605280.html HTTP/1.1" 500 - "-" "Mozilla/5.0 (compatible; SemrushBot/7~bl; +http://www.semrush.com/bot.html)" "mantech8.com"
40.77.167.42 - - [11/Nov/2022:23:17:59 -0800] "GET / HTTP/1.1" 200 64024 "-" "Mozilla/5.0 AppleWebKit/537.36 (KHTML, like Gecko; compatible; bingbot/2.0; +http://www.bing.com/bingbot.htm) Chrome/103.0.5060.134 Safari/537.36" "www.mantech8.com"
185.191.171.33 - - [11/Nov/2022:23:18:32 -0800] "GET /?camp-fire%2F2717500.html HTTP/1.1" 500 - "-" "Mozilla/5.0 (compatible; SemrushBot/7~bl; +http://www.semrush.com/bot.html)" "mantech8.com"
185.191.171.11 - - [11/Nov/2022:23:18:53 -0800] "GET /?camp-fire%2F5278177.html HTTP/1.1" 500 - "-" "Mozilla/5.0 (compatible; SemrushBot/7~bl; +http://www.semrush.com/bot.html)" "mantech8.com"
185.191.171.4 - - [11/Nov/2022:23:19:05 -0800] "GET /?camp-fire%2F3347498.html HTTP/1.1" 500 - "-" "Mozilla/5.0 (compatible; SemrushBot/7~bl; +http://www.semrush.com/bot.html)" "mantech8.com"
185.191.171.9 - - [11/Nov/2022:23:19:10 -0800] "GET /?camp-fire%2F3467100.html HTTP/1.1" 500 - "-" "Mozilla/5.0 (compatible; SemrushBot/7~bl; +http://www.semrush.com/bot.html)" "mantech8.com"
185.191.171.40 - - [11/Nov/2022:23:19:25 -0800] "GET /?camp-fire%2F5523496.html HTTP/1.1" 500 - "-" "Mozilla/5.0 (compatible; SemrushBot/7~bl; +http://www.semrush.com/bot.html)" "mantech8.com"
185.191.171.7 - - [11/Nov/2022:23:19:27 -0800] "GET /?camp-fire%2F3302793.html HTTP/1.1" 500 - "-" "Mozilla/5.0 (compatible; SemrushBot/7~bl; +http://www.semrush.com/bot.html)" "mantech8.com"
185.191.171.38 - - [11/Nov/2022:23:20:07 -0800] "GET /?camp-fire%2F1219898.html HTTP/1.1" 500 - "-" "Mozilla/5.0 (compatible; SemrushBot/7~bl; +http://www.semrush.com/bot.html)" "mantech8.com"
185.191.171.20 - - [11/Nov/2022:23:20:19 -0800] "GET /?camp-fire%2F1508053.html HTTP/1.1" 500 - "-" "Mozilla/5.0 (compatible; SemrushBot/7~bl; +http://www.semrush.com/bot.html)" "mantech8.com"
185.191.171.15 - - [11/Nov/2022:23:20:47 -0800] "GET /?camp-fire%2F1501359.html HTTP/1.1" 500 - "-" "Mozilla/5.0 (compatible; SemrushBot/7~bl; +http://www.semrush.com/bot.html)" "mantech8.com"
185.191.171.37 - - [11/Nov/2022:23:21:06 -0800] "GET /?camp-fire%2F9670965.html HTTP/1.1" 500 - "-" "Mozilla/5.0 (compatible; SemrushBot/7~bl; +http://www.semrush.com/bot.html)" "mantech8.com"
185.191.171.1 - - [11/Nov/2022:23:21:17 -0800] "GET /?camp-fire%2F2339353.html HTTP/1.1" 500 - "-" "Mozilla/5.0 (compatible; SemrushBot/7~bl; +http://www.semrush.com/bot.html)" "mantech8.com"
157.55.39.185 - - [11/Nov/2022:23:21:47 -0800] "GET /index.php?camp-fire/1697.html HTTP/1.1" 200 71408 "-" "Mozilla/5.0 (compatible; bingbot/2.0; +http://www.bing.com/bingbot.htm)" "www.mantech8.com"
185.191.171.11 - - [11/Nov/2022:23:21:49 -0800] "GET /?camp-fire%2F45783225.html HTTP/1.1" 500 - "-" "Mozilla/5.0 (compatible; SemrushBot/7~bl; +http://www.semrush.com/bot.html)" "mantech8.com"
185.191.171.24 - - [11/Nov/2022:23:21:50 -0800] "GET /?camp-fire%2F50128450.html HTTP/1.1" 500 - "-" "Mozilla/5.0 (compatible; SemrushBot/7~bl; +http://www.semrush.com/bot.html)" "mantech8.com"
40.86.101.165 - - [11/Nov/2022:23:22:37 -0800] "GET /bimages/SliderImage/first%20banner.jpg HTTP/1.1" 200 1764306 "http://www.mantech8.com/bimages/SliderImage" "Mozilla/5.0 (X11; Linux x86_64) AppleWebKit/537.36 (KHTML, like Gecko) Chrome/74.0.3729.169 Safari/537.36" "www.mantech8.com"
185.191.171.38 - - [11/Nov/2022:23:22:44 -0800] "GET /?camp-fire%2F7401180.html HTTP/1.1" 500 - "-" "Mozilla/5.0 (compatible; SemrushBot/7~bl; +http://www.semrush.com/bot.html)" "mantech8.com"
216.244.66.241 - - [11/Nov/2022:23:22:54 -0800] "GET /robots.txt HTTP/1.1" 200 222 "-" "Mozilla/5.0 (compatible; DotBot/1.2; +https://opensiteexplorer.org/dotbot; help@moz.com)" "www.mantech8.com"
216.244.66.241 - - [11/Nov/2022:23:22:54 -0800] "GET /robots.txt HTTP/1.1" 200 222 "-" "Mozilla/5.0 (compatible; DotBot/1.2; +https://opensiteexplorer.org/dotbot; help@moz.com)" "mantech8.com"
34.75.81.218 - - [11/Nov/2022:23:23:12 -0800] "GET /robots.txt HTTP/1.1" 200 106 "-" "ZoominfoBot (zoominfobot at zoominfo dot com)" "mantech8.com"
34.75.81.218 - - [11/Nov/2022:23:23:12 -0800] "GET / HTTP/1.1" 500 - "-" "ZoominfoBot (zoominfobot at zoominfo dot com)" "mantech8.com"
185.191.171.3 - - [11/Nov/2022:23:23:42 -0800] "GET /?camp-fire%2F3048229.html HTTP/1.1" 500 - "-" "Mozilla/5.0 (compatible; SemrushBot/7~bl; +http://www.semrush.com/bot.html)" "mantech8.com"
185.191.171.24 - - [11/Nov/2022:23:23:50 -0800] "GET /?camp-fire%2F48244171.html HTTP/1.1" 500 - "-" "Mozilla/5.0 (compatible; SemrushBot/7~bl; +http://www.semrush.com/bot.html)" "mantech8.com"
185.191.171.39 - - [11/Nov/2022:23:23:51 -0800] "GET /?camp-fire%2F1770929.html HTTP/1.1" 500 - "-" "Mozilla/5.0 (compatible; SemrushBot/7~bl; +http://www.semrush.com/bot.html)" "mantech8.com"
185.191.171.38 - - [11/Nov/2022:23:24:54 -0800] "GET /?camp-fire%2F4237700.html HTTP/1.1" 500 - "-" "Mozilla/5.0 (compatible; SemrushBot/7~bl; +http://www.semrush.com/bot.html)" "mantech8.com"
185.191.171.12 - - [11/Nov/2022:23:25:09 -0800] "GET /?camp-fire%2F273498.html HTTP/1.1" 500 - "-" "Mozilla/5.0 (compatible; SemrushBot/7~bl; +http://www.semrush.com/bot.html)" "mantech8.com"
185.191.171.38 - - [11/Nov/2022:23:26:10 -0800] "GET /?camp-fire%2F8635900.html HTTP/1.1" 500 - "-" "Mozilla/5.0 (compatible; SemrushBot/7~bl; +http://www.semrush.com/bot.html)" "mantech8.com"
40.77.167.42 - - [11/Nov/2022:23:26:10 -0800] "GET /index.php?/60012473/wp-content/uploads/2020/02/67667246_2683086641710427_394065903680926150_n.jpg HTTP/1.1" 200 64553 "-" "Mozilla/5.0 AppleWebKit/537.36 (KHTML, like Gecko; compatible; bingbot/2.0; +http://www.bing.com/bingbot.htm) Chrome/103.0.5060.134 Safari/537.36" "mantech8.com"
114.119.133.166 - - [11/Nov/2022:23:26:12 -0800] "GET /index.php/ravenings.xml HTTP/1.1" 200 289228 "-" "Mozilla/5.0 (compatible;PetalBot;+https://webmaster.petalsearch.com/site/petalbot)" "mantech8.com"
185.191.171.13 - - [11/Nov/2022:23:26:14 -0800] "GET /?camp-fire%2F1130872.html HTTP/1.1" 500 - "-" "Mozilla/5.0 (compatible; SemrushBot/7~bl; +http://www.semrush.com/bot.html)" "mantech8.com"
185.191.171.5 - - [11/Nov/2022:23:26:15 -0800] "GET /?camp-fire%2F5523196.html HTTP/1.1" 500 - "-" "Mozilla/5.0 (compatible; SemrushBot/7~bl; +http://www.semrush.com/bot.html)" "mantech8.com"
185.191.171.12 - - [11/Nov/2022:23:26:27 -0800] "GET /?camp-fire%2F7374251.html HTTP/1.1" 500 - "-" "Mozilla/5.0 (compatible; SemrushBot/7~bl; +http://www.semrush.com/bot.html)" "mantech8.com"
185.191.171.5 - - [11/Nov/2022:23:26:48 -0800] "GET /?camp-fire%2F4250396.html HTTP/1.1" 500 - "-" "Mozilla/5.0 (compatible; SemrushBot/7~bl; +http://www.semrush.com/bot.html)" "mantech8.com"
185.191.171.5 - - [11/Nov/2022:23:27:10 -0800] "GET /?camp-fire%2F4311265.html HTTP/1.1" 500 - "-" "Mozilla/5.0 (compatible; SemrushBot/7~bl; +http://www.semrush.com/bot.html)" "mantech8.com"
185.191.171.26 - - [11/Nov/2022:23:27:17 -0800] "GET /?camp-fire%2F8527721.html HTTP/1.1" 500 - "-" "Mozilla/5.0 (compatible; SemrushBot/7~bl; +http://www.semrush.com/bot.html)" "mantech8.com"
185.191.171.2 - - [11/Nov/2022:23:28:16 -0800] "GET /?camp-fire%2F53694155.html HTTP/1.1" 500 - "-" "Mozilla/5.0 (compatible; SemrushBot/7~bl; +http://www.semrush.com/bot.html)" "mantech8.com"
185.191.171.3 - - [11/Nov/2022:23:28:30 -0800] "GET /?camp-fire%2F2520793.html HTTP/1.1" 500 - "-" "Mozilla/5.0 (compatible; SemrushBot/7~bl; +http://www.semrush.com/bot.html)" "mantech8.com"
185.191.171.20 - - [11/Nov/2022:23:28:40 -0800] "GET /?camp-fire%2F2912293.html HTTP/1.1" 500 - "-" "Mozilla/5.0 (compatible; SemrushBot/7~bl; +http://www.semrush.com/bot.html)" "mantech8.com"
40.77.167.40 - - [11/Nov/2022:23:30:23 -0800] "GET /index.php/kvRW-64ddec-y6TLy.Ii HTTP/1.1" 200 69966 "-" "Mozilla/5.0 AppleWebKit/537.36 (KHTML, like Gecko; compatible; bingbot/2.0; +http://www.bing.com/bingbot.htm) Chrome/103.0.5060.134 Safari/537.36" "www.mantech8.com"
157.55.39.154 - - [11/Nov/2022:23:31:02 -0800] "GET /index.php?camp-fire/70557769.html HTTP/1.1" 200 67160 "-" "Mozilla/5.0 (compatible; bingbot/2.0; +http://www.bing.com/bingbot.htm)" "www.mantech8.com"
185.191.171.11 - - [11/Nov/2022:23:31:19 -0800] "GET /?camp-fire%2F4333385.html HTTP/1.1" 500 - "-" "Mozilla/5.0 (compatible; SemrushBot/7~bl; +http://www.semrush.com/bot.html)" "mantech8.com"
185.191.171.26 - - [11/Nov/2022:23:32:03 -0800] "GET /?camp-fire%2F1364290.html HTTP/1.1" 500 - "-" "Mozilla/5.0 (compatible; SemrushBot/7~bl; +http://www.semrush.com/bot.html)" "mantech8.com"
185.191.171.35 - - [11/Nov/2022:23:32:55 -0800] "GET /?camp-fire%2F527769.html HTTP/1.1" 500 - "-" "Mozilla/5.0 (compatible; SemrushBot/7~bl; +http://www.semrush.com/bot.html)" "mantech8.com"
40.77.167.40 - - [11/Nov/2022:23:33:15 -0800] "GET /index.php/DoGvr-659efcccfb-F2si.Ii HTTP/1.1" 200 38004 "-" "Mozilla/5.0 AppleWebKit/537.36 (KHTML, like Gecko; compatible; bingbot/2.0; +http://www.bing.com/bingbot.htm) Chrome/103.0.5060.134 Safari/537.36" "mantech8.com"
185.191.171.40 - - [11/Nov/2022:23:33:25 -0800] "GET /?camp-fire%2F3108878.html HTTP/1.1" 500 - "-" "Mozilla/5.0 (compatible; SemrushBot/7~bl; +http://www.semrush.com/bot.html)" "mantech8.com"
185.191.171.5 - - [11/Nov/2022:23:33:42 -0800] "GET /?camp-fire%2F47383850.html HTTP/1.1" 500 - "-" "Mozilla/5.0 (compatible; SemrushBot/7~bl; +http://www.semrush.com/bot.html)" "mantech8.com"
185.191.171.19 - - [11/Nov/2022:23:34:03 -0800] "GET /?camp-fire%2F4359078.html HTTP/1.1" 500 - "-" "Mozilla/5.0 (compatible; SemrushBot/7~bl; +http://www.semrush.com/bot.html)" "mantech8.com"
20.29.110.170 - - [11/Nov/2022:23:35:04 -0800] "GET /bimages/gallery/s14.jpg HTTP/1.1" 200 76149 "http://mantech8.com/bimages/gallery" "Mozilla/5.0 (iPhone; CPU iPhone OS 13_5_1 like Mac OS X) AppleWebKit/605.1.15 (KHTML, like Gecko) Version/13.1.1 Mobile/15E148 Safari/604.1" "mantech8.com"
114.119.133.158 - - [11/Nov/2022:23:35:06 -0800] "GET /angse.xml HTTP/1.1" 404 88 "-" "Mozilla/5.0 (compatible;PetalBot;+https://webmaster.petalsearch.com/site/petalbot)" "mantech8.com"
185.191.171.9 - - [11/Nov/2022:23:35:05 -0800] "GET /?camp-fire%2F48676678.html HTTP/1.1" 500 - "-" "Mozilla/5.0 (compatible; SemrushBot/7~bl; +http://www.semrush.com/bot.html)" "mantech8.com"
185.191.171.12 - - [11/Nov/2022:23:35:35 -0800] "GET /?camp-fire%2F2308790.html HTTP/1.1" 500 - "-" "Mozilla/5.0 (compatible; SemrushBot/7~bl; +http://www.semrush.com/bot.html)" "mantech8.com"
66.249.66.95 - - [11/Nov/2022:23:35:41 -0800] "GET /sitemapnewindex.xml HTTP/1.1" 404 88 "-" "Mozilla/5.0 (compatible; Googlebot/2.1; +http://www.google.com/bot.html)" "mantech8.com"
185.191.171.4 - - [11/Nov/2022:23:35:48 -0800] "GET /?camp-fire%2F3968574.html HTTP/1.1" 500 - "-" "Mozilla/5.0 (compatible; SemrushBot/7~bl; +http://www.semrush.com/bot.html)" "mantech8.com"
185.191.171.18 - - [11/Nov/2022:23:36:10 -0800] "GET /?camp-fire%2F5195296.html HTTP/1.1" 500 - "-" "Mozilla/5.0 (compatible; SemrushBot/7~bl; +http://www.semrush.com/bot.html)" "mantech8.com"
185.191.171.43 - - [11/Nov/2022:23:36:44 -0800] "GET /?camp-fire%2F3731798.html HTTP/1.1" 500 - "-" "Mozilla/5.0 (compatible; SemrushBot/7~bl; +http://www.semrush.com/bot.html)" "mantech8.com"
185.191.171.2 - - [11/Nov/2022:23:37:22 -0800] "GET /?camp-fire%2F1462429.html HTTP/1.1" 500 - "-" "Mozilla/5.0 (compatible; SemrushBot/7~bl; +http://www.semrush.com/bot.html)" "mantech8.com"
40.77.167.39 - - [11/Nov/2022:23:37:54 -0800] "GET /index.php?/60012473/wp-content/uploads/2020/02/74488416_162370861809768_8389055882481964081_n.jpg HTTP/1.1" 200 74167 "-" "Mozilla/5.0 AppleWebKit/537.36 (KHTML, like Gecko; compatible; bingbot/2.0; +http://www.bing.com/bingbot.htm) Chrome/103.0.5060.134 Safari/537.36" "mantech8.com"
185.191.171.35 - - [11/Nov/2022:23:37:58 -0800] "GET /?camp-fire%2F49953888.html HTTP/1.1" 500 - "-" "Mozilla/5.0 (compatible; SemrushBot/7~bl; +http://www.semrush.com/bot.html)" "mantech8.com"
185.191.171.6 - - [11/Nov/2022:23:38:11 -0800] "GET /?camp-fire%2F8509542.html HTTP/1.1" 500 - "-" "Mozilla/5.0 (compatible; SemrushBot/7~bl; +http://www.semrush.com/bot.html)" "mantech8.com"
185.191.171.12 - - [11/Nov/2022:23:38:57 -0800] "GET /?camp-fire%2F9966578.html HTTP/1.1" 500 - "-" "Mozilla/5.0 (compatible; SemrushBot/7~bl; +http://www.semrush.com/bot.html)" "mantech8.com"
185.191.171.5 - - [11/Nov/2022:23:38:59 -0800] "GET /?camp-fire%2F3690478.html HTTP/1.1" 500 - "-" "Mozilla/5.0 (compatible; SemrushBot/7~bl; +http://www.semrush.com/bot.html)" "mantech8.com"
185.191.171.21 - - [11/Nov/2022:23:39:14 -0800] "GET /?camp-fire%2F4484796.html HTTP/1.1" 500 - "-" "Mozilla/5.0 (compatible; SemrushBot/7~bl; +http://www.semrush.com/bot.html)" "mantech8.com"
185.191.171.8 - - [11/Nov/2022:23:39:17 -0800] "GET /?camp-fire%2F5347074.html HTTP/1.1" 500 - "-" "Mozilla/5.0 (compatible; SemrushBot/7~bl; +http://www.semrush.com/bot.html)" "mantech8.com"
185.191.171.10 - - [11/Nov/2022:23:39:30 -0800] "GET /?camp-fire%2F5292365.html HTTP/1.1" 500 - "-" "Mozilla/5.0 (compatible; SemrushBot/7~bl; +http://www.semrush.com/bot.html)" "mantech8.com"
185.191.171.37 - - [11/Nov/2022:23:39:45 -0800] "GET /?camp-fire%2F5145485.html HTTP/1.1" 500 - "-" "Mozilla/5.0 (compatible; SemrushBot/7~bl; +http://www.semrush.com/bot.html)" "mantech8.com"
185.191.171.40 - - [11/Nov/2022:23:40:23 -0800] "GET /?camp-fire%2F9716583.html HTTP/1.1" 500 - "-" "Mozilla/5.0 (compatible; SemrushBot/7~bl; +http://www.semrush.com/bot.html)" "mantech8.com"
185.191.171.2 - - [11/Nov/2022:23:41:43 -0800] "GET /?camp-fire%2F2285269.html HTTP/1.1" 500 - "-" "Mozilla/5.0 (compatible; SemrushBot/7~bl; +http://www.semrush.com/bot.html)" "mantech8.com"
185.191.171.38 - - [11/Nov/2022:23:42:14 -0800] "GET /?camp-fire%2F1347659.html HTTP/1.1" 500 - "-" "Mozilla/5.0 (compatible; SemrushBot/7~bl; +http://www.semrush.com/bot.html)" "mantech8.com"
185.191.171.25 - - [11/Nov/2022:23:43:47 -0800] "GET /?camp-fire%2F5428277.html HTTP/1.1" 500 - "-" "Mozilla/5.0 (compatible; SemrushBot/7~bl; +http://www.semrush.com/bot.html)" "mantech8.com"
114.119.133.166 - - [11/Nov/2022:23:43:47 -0800] "GET /?sitemap19.xml HTTP/1.1" 200 270565 "-" "Mozilla/5.0 (compatible;PetalBot;+https://webmaster.petalsearch.com/site/petalbot)" "mantech8.com"
185.191.171.14 - - [11/Nov/2022:23:43:54 -0800] "GET /?camp-fire%2F5664585.html HTTP/1.1" 500 - "-" "Mozilla/5.0 (compatible; SemrushBot/7~bl; +http://www.semrush.com/bot.html)" "mantech8.com"
185.191.171.25 - - [11/Nov/2022:23:44:22 -0800] "GET /?camp-fire%2F4339085.html HTTP/1.1" 500 - "-" "Mozilla/5.0 (compatible; SemrushBot/7~bl; +http://www.semrush.com/bot.html)" "mantech8.com"
185.191.171.43 - - [11/Nov/2022:23:44:38 -0800] "GET /?camp-fire%2F5671685.html HTTP/1.1" 500 - "-" "Mozilla/5.0 (compatible; SemrushBot/7~bl; +http://www.semrush.com/bot.html)" "mantech8.com"
185.191.171.20 - - [11/Nov/2022:23:44:42 -0800] "GET /?camp-fire%2F5140265.html HTTP/1.1" 500 - "-" "Mozilla/5.0 (compatible; SemrushBot/7~bl; +http://www.semrush.com/bot.html)" "mantech8.com"
185.191.171.22 - - [11/Nov/2022:23:44:45 -0800] "GET /?camp-fire%2F6607577.html HTTP/1.1" 500 - "-" "Mozilla/5.0 (compatible; SemrushBot/7~bl; +http://www.semrush.com/bot.html)" "mantech8.com"
185.191.171.44 - - [11/Nov/2022:23:44:48 -0800] "GET /?camp-fire%2F1918351.html HTTP/1.1" 500 - "-" "Mozilla/5.0 (compatible; SemrushBot/7~bl; +http://www.semrush.com/bot.html)" "mantech8.com"
185.191.171.13 - - [11/Nov/2022:23:44:52 -0800] "GET /?camp-fire%2F5693655.html HTTP/1.1" 500 - "-" "Mozilla/5.0 (compatible; SemrushBot/7~bl; +http://www.semrush.com/bot.html)" "mantech8.com"
185.191.171.21 - - [11/Nov/2022:23:45:14 -0800] "GET /?camp-fire%2F2396993.html HTTP/1.1" 500 - "-" "Mozilla/5.0 (compatible; SemrushBot/7~bl; +http://www.semrush.com/bot.html)" "mantech8.com"
185.191.171.21 - - [11/Nov/2022:23:46:14 -0800] "GET /?camp-fire%2F5281277.html HTTP/1.1" 500 - "-" "Mozilla/5.0 (compatible; SemrushBot/7~bl; +http://www.semrush.com/bot.html)" "mantech8.com"
185.191.171.15 - - [11/Nov/2022:23:46:43 -0800] "GET /?camp-fire%2F8118778.html HTTP/1.1" 500 - "-" "Mozilla/5.0 (compatible; SemrushBot/7~bl; +http://www.semrush.com/bot.html)" "mantech8.com"
185.191.171.39 - - [11/Nov/2022:23:47:31 -0800] "GET /?camp-fire%2F2938672.html HTTP/1.1" 500 - "-" "Mozilla/5.0 (compatible; SemrushBot/7~bl; +http://www.semrush.com/bot.html)" "mantech8.com"
185.191.171.5 - - [11/Nov/2022:23:49:04 -0800] "GET /?camp-fire%2F1247198.html HTTP/1.1" 500 - "-" "Mozilla/5.0 (compatible; SemrushBot/7~bl; +http://www.semrush.com/bot.html)" "mantech8.com"
40.77.167.40 - - [11/Nov/2022:23:49:25 -0800] "GET /index.php/HgNK-abdf-VAjWJ.Ii HTTP/1.1" 200 69620 "-" "Mozilla/5.0 AppleWebKit/537.36 (KHTML, like Gecko; compatible; bingbot/2.0; +http://www.bing.com/bingbot.htm) Chrome/103.0.5060.134 Safari/537.36" "www.mantech8.com"
185.191.171.24 - - [11/Nov/2022:23:49:48 -0800] "GET /?camp-fire%2F1452390.html HTTP/1.1" 500 - "-" "Mozilla/5.0 (compatible; SemrushBot/7~bl; +http://www.semrush.com/bot.html)" "mantech8.com"
185.191.171.10 - - [11/Nov/2022:23:49:54 -0800] "GET /?camp-fire%2F1909551.html HTTP/1.1" 500 - "-" "Mozilla/5.0 (compatible; SemrushBot/7~bl; +http://www.semrush.com/bot.html)" "mantech8.com"
185.191.171.38 - - [11/Nov/2022:23:49:58 -0800] "GET /?camp-fire%2F8716078.html HTTP/1.1" 500 - "-" "Mozilla/5.0 (compatible; SemrushBot/7~bl; +http://www.semrush.com/bot.html)" "mantech8.com"
185.191.171.24 - - [11/Nov/2022:23:50:31 -0800] "GET /?camp-fire%2F3499598.html HTTP/1.1" 500 - "-" "Mozilla/5.0 (compatible; SemrushBot/7~bl; +http://www.semrush.com/bot.html)" "mantech8.com"
185.191.171.35 - - [11/Nov/2022:23:51:01 -0800] "GET /?camp-fire%2F1342459.html HTTP/1.1" 500 - "-" "Mozilla/5.0 (compatible; SemrushBot/7~bl; +http://www.semrush.com/bot.html)" "mantech8.com"
185.191.171.10 - - [11/Nov/2022:23:51:59 -0800] "GET /?camp-fire%2F3538400.html HTTP/1.1" 500 - "-" "Mozilla/5.0 (compatible; SemrushBot/7~bl; +http://www.semrush.com/bot.html)" "mantech8.com"
114.119.133.158 - - [11/Nov/2022:23:52:07 -0800] "GET /?infuriates.xml HTTP/1.1" 200 270520 "-" "Mozilla/5.0 (compatible;PetalBot;+https://webmaster.petalsearch.com/site/petalbot)" "mantech8.com"
40.122.230.188 - - [11/Nov/2022:23:52:29 -0800] "GET /bimages/gallery/p3.jpg HTTP/1.1" 200 70890 "http://mantech8.com/bimages/gallery" "Mozilla/5.0 (Macintosh; Intel Mac OS X 10_11_6) AppleWebKit/605.1.15 (KHTML, like Gecko) Version/11.1.2 Safari/605.1.15" "mantech8.com"
185.191.171.18 - - [11/Nov/2022:23:52:37 -0800] "GET /?camp-fire%2F3407698.html HTTP/1.1" 500 - "-" "Mozilla/5.0 (compatible; SemrushBot/7~bl; +http://www.semrush.com/bot.html)" "mantech8.com"
185.191.171.37 - - [11/Nov/2022:23:53:01 -0800] "GET /?camp-fire%2F3700493.html HTTP/1.1" 500 - "-" "Mozilla/5.0 (compatible; SemrushBot/7~bl; +http://www.semrush.com/bot.html)" "mantech8.com"
185.191.171.39 - - [11/Nov/2022:23:53:22 -0800] "GET /?camp-fire%2F4338685.html HTTP/1.1" 500 - "-" "Mozilla/5.0 (compatible; SemrushBot/7~bl; +http://www.semrush.com/bot.html)" "mantech8.com"
157.55.39.154 - - [11/Nov/2022:23:53:44 -0800] "GET / HTTP/1.1" 200 64394 "-" "Mozilla/5.0 (compatible; bingbot/2.0; +http://www.bing.com/bingbot.htm)" "www.mantech8.com"
185.191.171.17 - - [11/Nov/2022:23:54:04 -0800] "GET /?camp-fire%2F4032078.html HTTP/1.1" 500 - "-" "Mozilla/5.0 (compatible; SemrushBot/7~bl; +http://www.semrush.com/bot.html)" "mantech8.com"
157.55.39.154 - - [11/Nov/2022:23:54:23 -0800] "GET /q5W4-def7abaee-jLB1u.Ii HTTP/1.1" 404 88 "-" "Mozilla/5.0 (compatible; bingbot/2.0; +http://www.bing.com/bingbot.htm)" "www.mantech8.com"
185.191.171.21 - - [11/Nov/2022:23:54:31 -0800] "GET /?camp-fire%2F6129129.html HTTP/1.1" 500 - "-" "Mozilla/5.0 (compatible; SemrushBot/7~bl; +http://www.semrush.com/bot.html)" "mantech8.com"
40.77.167.42 - - [11/Nov/2022:23:55:54 -0800] "GET / HTTP/1.1" 200 64753 "-" "Mozilla/5.0 (compatible; bingbot/2.0; +http://www.bing.com/bingbot.htm)" "www.mantech8.com"
40.77.167.40 - - [11/Nov/2022:23:56:16 -0800] "GET /Wf2o-71baaaacef-G6CQN.Ii HTTP/1.1" 404 88 "-" "Mozilla/5.0 (compatible; bingbot/2.0; +http://www.bing.com/bingbot.htm)" "www.mantech8.com"
40.77.167.40 - - [11/Nov/2022:23:56:16 -0800] "GET /nWTf-a7aa-4Aqrd.Ii HTTP/1.1" 404 88 "-" "Mozilla/5.0 (compatible; bingbot/2.0; +http://www.bing.com/bingbot.htm)" "www.mantech8.com"
185.191.171.15 - - [11/Nov/2022:23:56:18 -0800] "GET /?camp-fire%2F2534490.html HTTP/1.1" 500 - "-" "Mozilla/5.0 (compatible; SemrushBot/7~bl; +http://www.semrush.com/bot.html)" "mantech8.com"
185.191.171.10 - - [11/Nov/2022:23:56:27 -0800] "GET /?camp-fire%2F3315493.html HTTP/1.1" 500 - "-" "Mozilla/5.0 (compatible; SemrushBot/7~bl; +http://www.semrush.com/bot.html)" "mantech8.com"
185.191.171.16 - - [11/Nov/2022:23:56:34 -0800] "GET /?camp-fire%2F1266000.html HTTP/1.1" 500 - "-" "Mozilla/5.0 (compatible; SemrushBot/7~bl; +http://www.semrush.com/bot.html)" "mantech8.com"
40.77.167.40 - - [11/Nov/2022:23:56:35 -0800] "GET /Wf2o-71baaaacef-G6CQN.Ii HTTP/1.1" 404 88 "-" "Mozilla/5.0 AppleWebKit/537.36 (KHTML, like Gecko; compatible; bingbot/2.0; +http://www.bing.com/bingbot.htm) Chrome/103.0.5060.134 Safari/537.36" "www.mantech8.com"
40.77.167.40 - - [11/Nov/2022:23:56:36 -0800] "GET /nWTf-a7aa-4Aqrd.Ii HTTP/1.1" 404 88 "-" "Mozilla/5.0 (compatible; bingbot/2.0; +http://www.bing.com/bingbot.htm)" "www.mantech8.com"
20.29.110.170 - - [11/Nov/2022:23:56:45 -0800] "GET /bimages/certificate/c7.jpg HTTP/1.1" 200 423616 "http://mantech8.com/bimages/certificate" "Mozilla/5.0 (X11; Linux x86_64) AppleWebKit/537.36 (KHTML, like Gecko) Chrome/74.0.3729.169 Safari/537.36" "mantech8.com"
185.191.171.26 - - [11/Nov/2022:23:57:27 -0800] "GET /?camp-fire%2F47969450.html HTTP/1.1" 500 - "-" "Mozilla/5.0 (compatible; SemrushBot/7~bl; +http://www.semrush.com/bot.html)" "mantech8.com"
185.191.171.5 - - [11/Nov/2022:23:57:33 -0800] "GET /?camp-fire%2F8127978.html HTTP/1.1" 500 - "-" "Mozilla/5.0 (compatible; SemrushBot/7~bl; +http://www.semrush.com/bot.html)" "mantech8.com"
185.191.171.36 - - [11/Nov/2022:23:57:37 -0800] "GET /?camp-fire%2F8142798.html HTTP/1.1" 500 - "-" "Mozilla/5.0 (compatible; SemrushBot/7~bl; +http://www.semrush.com/bot.html)" "mantech8.com"
185.191.171.22 - - [11/Nov/2022:23:57:42 -0800] "GET /robots.txt HTTP/1.1" 200 106 "-" "Mozilla/5.0 (compatible; SemrushBot/7~bl; +http://www.semrush.com/bot.html)" "mantech8.com"
185.191.171.42 - - [11/Nov/2022:23:57:42 -0800] "GET /?camp-fire%2F9607078.html HTTP/1.1" 500 - "-" "Mozilla/5.0 (compatible; SemrushBot/7~bl; +http://www.semrush.com/bot.html)" "mantech8.com"
185.191.171.24 - - [11/Nov/2022:23:57:57 -0800] "GET /?camp-fire%2F5195796.html HTTP/1.1" 500 - "-" "Mozilla/5.0 (compatible; SemrushBot/7~bl; +http://www.semrush.com/bot.html)" "mantech8.com"
185.191.171.13 - - [11/Nov/2022:23:58:08 -0800] "GET /?camp-fire%2F4399869.html HTTP/1.1" 500 - "-" "Mozilla/5.0 (compatible; SemrushBot/7~bl; +http://www.semrush.com/bot.html)" "mantech8.com"
40.77.167.40 - - [11/Nov/2022:23:58:26 -0800] "GET /index.php?camp-fire/85550085.html HTTP/1.1" 200 63137 "-" "Mozilla/5.0 AppleWebKit/537.36 (KHTML, like Gecko; compatible; bingbot/2.0; +http://www.bing.com/bingbot.htm) Chrome/103.0.5060.134 Safari/537.36" "mantech8.com"
185.191.171.42 - - [11/Nov/2022:23:58:29 -0800] "GET /?camp-fire%2F7280180.html HTTP/1.1" 500 - "-" "Mozilla/5.0 (compatible; SemrushBot/7~bl; +http://www.semrush.com/bot.html)" "mantech8.com"
185.191.171.42 - - [11/Nov/2022:23:58:44 -0800] "GET /?camp-fire%2F5426977.html HTTP/1.1" 500 - "-" "Mozilla/5.0 (compatible; SemrushBot/7~bl; +http://www.semrush.com/bot.html)" "mantech8.com"
185.191.171.8 - - [11/Nov/2022:23:59:22 -0800] "GET /?camp-fire%2F2051172.html HTTP/1.1" 500 - "-" "Mozilla/5.0 (compatible; SemrushBot/7~bl; +http://www.semrush.com/bot.html)" "mantech8.com"
185.191.171.14 - - [11/Nov/2022:23:59:50 -0800] "GET /?camp-fire%2F4921855.html HTTP/1.1" 500 - "-" "Mozilla/5.0 (compatible; SemrushBot/7~bl; +http://www.semrush.com/bot.html)" "mantech8.com"
114.119.133.166 - - [12/Nov/2022:00:00:27 -0800] "GET /?sitemap-index-1.xml HTTP/1.1" 200 4268 "-" "Mozilla/5.0 (compatible;PetalBot;+https://webmaster.petalsearch.com/site/petalbot)" "mantech8.com"
185.191.171.26 - - [12/Nov/2022:00:01:18 -0800] "GET /?camp-fire%2F5172785.html HTTP/1.1" 500 - "-" "Mozilla/5.0 (compatible; SemrushBot/7~bl; +http://www.semrush.com/bot.html)" "mantech8.com"
185.191.171.43 - - [12/Nov/2022:00:01:28 -0800] "GET /?camp-fire%2F3643193.html HTTP/1.1" 500 - "-" "Mozilla/5.0 (compatible; SemrushBot/7~bl; +http://www.semrush.com/bot.html)" "mantech8.com"
185.191.171.37 - - [12/Nov/2022:00:02:02 -0800] "GET /?camp-fire%2F5745096.html HTTP/1.1" 500 - "-" "Mozilla/5.0 (compatible; SemrushBot/7~bl; +http://www.semrush.com/bot.html)" "mantech8.com"
185.191.171.44 - - [12/Nov/2022:00:02:27 -0800] "GET /?camp-fire%2F5572465.html HTTP/1.1" 500 - "-" "Mozilla/5.0 (compatible; SemrushBot/7~bl; +http://www.semrush.com/bot.html)" "mantech8.com"
185.191.171.11 - - [12/Nov/2022:00:02:31 -0800] "GET /?camp-fire%2F4577100.html HTTP/1.1" 500 - "-" "Mozilla/5.0 (compatible; SemrushBot/7~bl; +http://www.semrush.com/bot.html)" "mantech8.com"
185.191.171.24 - - [12/Nov/2022:00:03:17 -0800] "GET /?camp-fire%2F1245300.html HTTP/1.1" 500 - "-" "Mozilla/5.0 (compatible; SemrushBot/7~bl; +http://www.semrush.com/bot.html)" "mantech8.com"
185.191.171.8 - - [12/Nov/2022:00:03:25 -0800] "GET /?camp-fire%2F3700393.html HTTP/1.1" 500 - "-" "Mozilla/5.0 (compatible; SemrushBot/7~bl; +http://www.semrush.com/bot.html)" "mantech8.com"
185.191.171.44 - - [12/Nov/2022:00:03:43 -0800] "GET /?camp-fire%2F47380324.html HTTP/1.1" 500 - "-" "Mozilla/5.0 (compatible; SemrushBot/7~bl; +http://www.semrush.com/bot.html)" "mantech8.com"
185.191.171.3 - - [12/Nov/2022:00:03:46 -0800] "GET /?camp-fire%2F5459685.html HTTP/1.1" 500 - "-" "Mozilla/5.0 (compatible; SemrushBot/7~bl; +http://www.semrush.com/bot.html)" "mantech8.com"
112.199.168.16 - - [12/Nov/2022:00:04:19 -0800] "GET / HTTP/1.1" 500 - "https://www.google.com/" "Mozilla/5.0 (Windows NT 10.0; Win64; x64) AppleWebKit/537.36 (KHTML, like Gecko) Chrome/107.0.0.0 Safari/537.36" "www.mantech8.com"
157.55.39.154 - - [12/Nov/2022:00:04:25 -0800] "GET /index.php?camp-fire/40219489.html HTTP/1.1" 200 69481 "-" "Mozilla/5.0 AppleWebKit/537.36 (KHTML, like Gecko; compatible; bingbot/2.0; +http://www.bing.com/bingbot.htm) Chrome/103.0.5060.134 Safari/537.36" "www.mantech8.com"
185.191.171.39 - - [12/Nov/2022:00:04:42 -0800] "GET /?camp-fire%2F6079177.html HTTP/1.1" 500 - "-" "Mozilla/5.0 (compatible; SemrushBot/7~bl; +http://www.semrush.com/bot.html)" "mantech8.com"
185.191.171.5 - - [12/Nov/2022:00:05:08 -0800] "GET /?camp-fire%2F44989335.html HTTP/1.1" 500 - "-" "Mozilla/5.0 (compatible; SemrushBot/7~bl; +http://www.semrush.com/bot.html)" "mantech8.com"
185.191.171.16 - - [12/Nov/2022:00:05:17 -0800] "GET /?camp-fire%2F9428229.html HTTP/1.1" 500 - "-" "Mozilla/5.0 (compatible; SemrushBot/7~bl; +http://www.semrush.com/bot.html)" "mantech8.com"
185.191.171.11 - - [12/Nov/2022:00:05:48 -0800] "GET /?camp-fire%2F3386600.html HTTP/1.1" 500 - "-" "Mozilla/5.0 (compatible; SemrushBot/7~bl; +http://www.semrush.com/bot.html)" "mantech8.com"
185.191.171.43 - - [12/Nov/2022:00:06:30 -0800] "GET /?camp-fire%2F5017955.html HTTP/1.1" 500 - "-" "Mozilla/5.0 (compatible; SemrushBot/7~bl; +http://www.semrush.com/bot.html)" "mantech8.com"
185.191.171.26 - - [12/Nov/2022:00:06:51 -0800] "GET /?camp-fire%2F1363059.html HTTP/1.1" 500 - "-" "Mozilla/5.0 (compatible; SemrushBot/7~bl; +http://www.semrush.com/bot.html)" "mantech8.com"
185.191.171.16 - - [12/Nov/2022:00:07:56 -0800] "GET /?camp-fire%2F1322100.html HTTP/1.1" 500 - "-" "Mozilla/5.0 (compatible; SemrushBot/7~bl; +http://www.semrush.com/bot.html)" "mantech8.com"
185.191.171.8 - - [12/Nov/2022:00:08:25 -0800] "GET /?camp-fire%2F9589978.html HTTP/1.1" 500 - "-" "Mozilla/5.0 (compatible; SemrushBot/7~bl; +http://www.semrush.com/bot.html)" "mantech8.com"
185.191.171.3 - - [12/Nov/2022:00:08:36 -0800] "GET /?camp-fire%2F8037221.html HTTP/1.1" 500 - "-" "Mozilla/5.0 (compatible; SemrushBot/7~bl; +http://www.semrush.com/bot.html)" "mantech8.com"
114.119.133.190 - - [12/Nov/2022:00:08:37 -0800] "GET /index.php?bubba.xml HTTP/1.1" 200 289247 "-" "Mozilla/5.0 (compatible;PetalBot;+https://webmaster.petalsearch.com/site/petalbot)" "mantech8.com"
185.191.171.40 - - [12/Nov/2022:00:08:47 -0800] "GET /?camp-fire%2F50240165.html HTTP/1.1" 500 - "-" "Mozilla/5.0 (compatible; SemrushBot/7~bl; +http://www.semrush.com/bot.html)" "mantech8.com"
185.191.171.18 - - [12/Nov/2022:00:08:49 -0800] "GET /?camp-fire%2F7315490.html HTTP/1.1" 500 - "-" "Mozilla/5.0 (compatible; SemrushBot/7~bl; +http://www.semrush.com/bot.html)" "mantech8.com"
185.191.171.20 - - [12/Nov/2022:00:08:50 -0800] "GET /?camp-fire%2F7726221.html HTTP/1.1" 500 - "-" "Mozilla/5.0 (compatible; SemrushBot/7~bl; +http://www.semrush.com/bot.html)" "mantech8.com"
185.191.171.11 - - [12/Nov/2022:00:09:23 -0800] "GET /?camp-fire%2F6249390.html HTTP/1.1" 500 - "-" "Mozilla/5.0 (compatible; SemrushBot/7~bl; +http://www.semrush.com/bot.html)" "mantech8.com"
34.75.81.218 - - [12/Nov/2022:00:09:26 -0800] "GET /robots.txt HTTP/1.1" 200 106 "-" "ZoominfoBot (zoominfobot at zoominfo dot com)" "www.mantech8.com"
34.75.81.218 - - [12/Nov/2022:00:09:26 -0800] "GET / HTTP/1.1" 500 - "-" "ZoominfoBot (zoominfobot at zoominfo dot com)" "www.mantech8.com"
185.191.171.26 - - [12/Nov/2022:00:10:13 -0800] "GET /?camp-fire%2F4270898.html HTTP/1.1" 500 - "-" "Mozilla/5.0 (compatible; SemrushBot/7~bl; +http://www.semrush.com/bot.html)" "mantech8.com"
185.191.171.3 - - [12/Nov/2022:00:10:45 -0800] "GET /?camp-fire%2F48067076.html HTTP/1.1" 500 - "-" "Mozilla/5.0 (compatible; SemrushBot/7~bl; +http://www.semrush.com/bot.html)" "mantech8.com"
185.191.171.1 - - [12/Nov/2022:00:11:44 -0800] "GET /?camp-fire%2F1369059.html HTTP/1.1" 500 - "-" "Mozilla/5.0 (compatible; SemrushBot/7~bl; +http://www.semrush.com/bot.html)" "mantech8.com"
185.191.171.26 - - [12/Nov/2022:00:12:29 -0800] "GET /?camp-fire%2F1782151.html HTTP/1.1" 500 - "-" "Mozilla/5.0 (compatible; SemrushBot/7~bl; +http://www.semrush.com/bot.html)" "mantech8.com"
185.191.171.22 - - [12/Nov/2022:00:12:39 -0800] "GET /?camp-fire%2F4312896.html HTTP/1.1" 500 - "-" "Mozilla/5.0 (compatible; SemrushBot/7~bl; +http://www.semrush.com/bot.html)" "mantech8.com"
185.191.171.5 - - [12/Nov/2022:00:13:08 -0800] "GET /?camp-fire%2F8590521.html HTTP/1.1" 500 - "-" "Mozilla/5.0 (compatible; SemrushBot/7~bl; +http://www.semrush.com/bot.html)" "mantech8.com"
185.191.171.17 - - [12/Nov/2022:00:13:21 -0800] "GET /?camp-fire%2F1502190.html HTTP/1.1" 500 - "-" "Mozilla/5.0 (compatible; SemrushBot/7~bl; +http://www.semrush.com/bot.html)" "mantech8.com"
185.191.171.42 - - [12/Nov/2022:00:13:54 -0800] "GET /?camp-fire%2F1462729.html HTTP/1.1" 500 - "-" "Mozilla/5.0 (compatible; SemrushBot/7~bl; +http://www.semrush.com/bot.html)" "mantech8.com"
185.191.171.42 - - [12/Nov/2022:00:14:09 -0800] "GET /?camp-fire%2F3851274.html HTTP/1.1" 500 - "-" "Mozilla/5.0 (compatible; SemrushBot/7~bl; +http://www.semrush.com/bot.html)" "mantech8.com"
185.191.171.10 - - [12/Nov/2022:00:14:34 -0800] "GET /?camp-fire%2F7792142.html HTTP/1.1" 500 - "-" "Mozilla/5.0 (compatible; SemrushBot/7~bl; +http://www.semrush.com/bot.html)" "mantech8.com"
52.226.210.206 - - [12/Nov/2022:00:14:55 -0800] "GET /robots.txt HTTP/1.1" 200 106 "-" "python-requests/2.27.1" "mantech8.com"
52.226.210.206 - - [12/Nov/2022:00:15:01 -0800] "GET /images/logo1.png HTTP/1.1" 200 2143 "-" "Mozilla/5.0 (Windows NT 10.0; Win64; x64) AppleWebKit/537.36 (KHTML, like Gecko) Chrome/76.0.3809.100 Safari/537.36" "mantech8.com"
185.191.171.1 - - [12/Nov/2022:00:15:07 -0800] "GET /?camp-fire%2F7634621.html HTTP/1.1" 500 - "-" "Mozilla/5.0 (compatible; SemrushBot/7~bl; +http://www.semrush.com/bot.html)" "mantech8.com"
185.191.171.42 - - [12/Nov/2022:00:15:17 -0800] "GET /?camp-fire%2F1409490.html HTTP/1.1" 500 - "-" "Mozilla/5.0 (compatible; SemrushBot/7~bl; +http://www.semrush.com/bot.html)" "mantech8.com"
185.191.171.8 - - [12/Nov/2022:00:15:43 -0800] "GET /?camp-fire%2F7617621.html HTTP/1.1" 500 - "-" "Mozilla/5.0 (compatible; SemrushBot/7~bl; +http://www.semrush.com/bot.html)" "mantech8.com"
185.191.171.8 - - [12/Nov/2022:00:15:45 -0800] "GET /?camp-fire%2F7281480.html HTTP/1.1" 500 - "-" "Mozilla/5.0 (compatible; SemrushBot/7~bl; +http://www.semrush.com/bot.html)" "mantech8.com"
185.191.171.36 - - [12/Nov/2022:00:15:53 -0800] "GET /?camp-fire%2F4566378.html HTTP/1.1" 500 - "-" "Mozilla/5.0 (compatible; SemrushBot/7~bl; +http://www.semrush.com/bot.html)" "mantech8.com"
114.119.133.165 - - [12/Nov/2022:00:16:44 -0800] "GET /index.php/sitemap280.xml HTTP/1.1" 200 289390 "-" "Mozilla/5.0 (compatible;PetalBot;+https://webmaster.petalsearch.com/site/petalbot)" "mantech8.com"
185.191.171.39 - - [12/Nov/2022:00:16:50 -0800] "GET /?camp-fire%2F4822190.html HTTP/1.1" 500 - "-" "Mozilla/5.0 (compatible; SemrushBot/7~bl; +http://www.semrush.com/bot.html)" "mantech8.com"
216.244.66.241 - - [12/Nov/2022:00:17:15 -0800] "GET /robots.txt HTTP/1.1" 200 222 "-" "Mozilla/5.0 (compatible; DotBot/1.2; +https://opensiteexplorer.org/dotbot; help@moz.com)" "mantech8.com"
216.244.66.241 - - [12/Nov/2022:00:17:15 -0800] "GET /robots.txt HTTP/1.1" 200 222 "-" "Mozilla/5.0 (compatible; DotBot/1.2; +https://opensiteexplorer.org/dotbot; help@moz.com)" "www.mantech8.com"
185.191.171.5 - - [12/Nov/2022:00:17:56 -0800] "GET /?camp-fire%2F47221635.html HTTP/1.1" 500 - "-" "Mozilla/5.0 (compatible; SemrushBot/7~bl; +http://www.semrush.com/bot.html)" "mantech8.com"
185.191.171.40 - - [12/Nov/2022:00:18:15 -0800] "GET /?camp-fire%2F1696072.html HTTP/1.1" 500 - "-" "Mozilla/5.0 (compatible; SemrushBot/7~bl; +http://www.semrush.com/bot.html)" "mantech8.com"
185.191.171.37 - - [12/Nov/2022:00:18:16 -0800] "GET /?camp-fire%2F3747300.html HTTP/1.1" 500 - "-" "Mozilla/5.0 (compatible; SemrushBot/7~bl; +http://www.semrush.com/bot.html)" "mantech8.com"
185.191.171.2 - - [12/Nov/2022:00:18:55 -0800] "GET /?camp-fire%2F8700542.html HTTP/1.1" 500 - "-" "Mozilla/5.0 (compatible; SemrushBot/7~bl; +http://www.semrush.com/bot.html)" "mantech8.com"
185.191.171.17 - - [12/Nov/2022:00:18:57 -0800] "GET /?camp-fire%2F2367453.html HTTP/1.1" 500 - "-" "Mozilla/5.0 (compatible; SemrushBot/7~bl; +http://www.semrush.com/bot.html)" "mantech8.com"
185.191.171.42 - - [12/Nov/2022:00:19:28 -0800] "GET /?camp-fire%2F2302200.html HTTP/1.1" 500 - "-" "Mozilla/5.0 (compatible; SemrushBot/7~bl; +http://www.semrush.com/bot.html)" "mantech8.com"
185.191.171.38 - - [12/Nov/2022:00:20:43 -0800] "GET /?camp-fire%2F3406898.html HTTP/1.1" 500 - "-" "Mozilla/5.0 (compatible; SemrushBot/7~bl; +http://www.semrush.com/bot.html)" "mantech8.com"
185.191.171.5 - - [12/Nov/2022:00:21:02 -0800] "GET /?camp-fire%2F47045150.html HTTP/1.1" 500 - "-" "Mozilla/5.0 (compatible; SemrushBot/7~bl; +http://www.semrush.com/bot.html)" "mantech8.com"
185.191.171.19 - - [12/Nov/2022:00:21:16 -0800] "GET /?camp-fire%2F46506325.html HTTP/1.1" 500 - "-" "Mozilla/5.0 (compatible; SemrushBot/7~bl; +http://www.semrush.com/bot.html)" "mantech8.com"
185.191.171.1 - - [12/Nov/2022:00:23:08 -0800] "GET /?camp-fire%2F3858793.html HTTP/1.1" 500 - "-" "Mozilla/5.0 (compatible; SemrushBot/7~bl; +http://www.semrush.com/bot.html)" "mantech8.com"
185.191.171.25 - - [12/Nov/2022:00:23:19 -0800] "GET /?camp-fire%2F5824655.html HTTP/1.1" 500 - "-" "Mozilla/5.0 (compatible; SemrushBot/7~bl; +http://www.semrush.com/bot.html)" "mantech8.com"
185.191.171.39 - - [12/Nov/2022:00:23:20 -0800] "GET /?camp-fire%2F8241980.html HTTP/1.1" 500 - "-" "Mozilla/5.0 (compatible; SemrushBot/7~bl; +http://www.semrush.com/bot.html)" "mantech8.com"
185.191.171.37 - - [12/Nov/2022:00:24:14 -0800] "GET /?camp-fire%2F1744598.html HTTP/1.1" 500 - "-" "Mozilla/5.0 (compatible; SemrushBot/7~bl; +http://www.semrush.com/bot.html)" "mantech8.com"
114.119.133.158 - - [12/Nov/2022:00:24:42 -0800] "GET /?sitemap43154.xml HTTP/1.1" 200 270535 "-" "Mozilla/5.0 (compatible;PetalBot;+https://webmaster.petalsearch.com/site/petalbot)" "mantech8.com"
185.191.171.43 - - [12/Nov/2022:00:25:57 -0800] "GET /?camp-fire%2F3317100.html HTTP/1.1" 500 - "-" "Mozilla/5.0 (compatible; SemrushBot/7~bl; +http://www.semrush.com/bot.html)" "mantech8.com"
185.191.171.24 - - [12/Nov/2022:00:26:26 -0800] "GET /?camp-fire%2F3857374.html HTTP/1.1" 500 - "-" "Mozilla/5.0 (compatible; SemrushBot/7~bl; +http://www.semrush.com/bot.html)" "mantech8.com"
185.191.171.25 - - [12/Nov/2022:00:26:32 -0800] "GET /?camp-fire%2F1321600.html HTTP/1.1" 500 - "-" "Mozilla/5.0 (compatible; SemrushBot/7~bl; +http://www.semrush.com/bot.html)" "mantech8.com"
185.191.171.42 - - [12/Nov/2022:00:26:41 -0800] "GET /?camp-fire%2F2864853.html HTTP/1.1" 500 - "-" "Mozilla/5.0 (compatible; SemrushBot/7~bl; +http://www.semrush.com/bot.html)" "mantech8.com"
185.191.171.40 - - [12/Nov/2022:00:26:49 -0800] "GET /?camp-fire%2F1382390.html HTTP/1.1" 500 - "-" "Mozilla/5.0 (compatible; SemrushBot/7~bl; +http://www.semrush.com/bot.html)" "mantech8.com"
185.191.171.21 - - [12/Nov/2022:00:26:56 -0800] "GET /?camp-fire%2F4406296.html HTTP/1.1" 500 - "-" "Mozilla/5.0 (compatible; SemrushBot/7~bl; +http://www.semrush.com/bot.html)" "mantech8.com"
185.191.171.5 - - [12/Nov/2022:00:27:01 -0800] "GET /?camp-fire%2F46649425.html HTTP/1.1" 500 - "-" "Mozilla/5.0 (compatible; SemrushBot/7~bl; +http://www.semrush.com/bot.html)" "mantech8.com"
34.221.246.50 - - [12/Nov/2022:00:28:05 -0800] "GET / HTTP/1.1" 500 - "-" "Mozilla/5.0 (Windows NT 10.0; Win64; x64) AppleWebKit/537.36 (KHTML, like Gecko) Chrome/105.0.0.0 Safari/537.36" "www.mantech8.com"
185.191.171.4 - - [12/Nov/2022:00:28:30 -0800] "GET /?camp-fire%2F5789155.html HTTP/1.1" 500 - "-" "Mozilla/5.0 (compatible; SemrushBot/7~bl; +http://www.semrush.com/bot.html)" "mantech8.com"
185.191.171.13 - - [12/Nov/2022:00:28:32 -0800] "GET /?camp-fire%2F7715308.html HTTP/1.1" 500 - "-" "Mozilla/5.0 (compatible; SemrushBot/7~bl; +http://www.semrush.com/bot.html)" "mantech8.com"
185.191.171.21 - - [12/Nov/2022:00:28:48 -0800] "GET /?camp-fire%2F5404877.html HTTP/1.1" 500 - "-" "Mozilla/5.0 (compatible; SemrushBot/7~bl; +http://www.semrush.com/bot.html)" "mantech8.com"
185.191.171.37 - - [12/Nov/2022:00:29:11 -0800] "GET /?camp-fire%2F3856574.html HTTP/1.1" 500 - "-" "Mozilla/5.0 (compatible; SemrushBot/7~bl; +http://www.semrush.com/bot.html)" "mantech8.com"
157.55.39.154 - - [12/Nov/2022:00:29:16 -0800] "GET /index.php?camp-fire/22859610.html HTTP/1.1" 200 69521 "-" "Mozilla/5.0 AppleWebKit/537.36 (KHTML, like Gecko; compatible; bingbot/2.0; +http://www.bing.com/bingbot.htm) Chrome/103.0.5060.134 Safari/537.36" "www.mantech8.com"
185.191.171.4 - - [12/Nov/2022:00:29:52 -0800] "GET /?camp-fire%2F5358377.html HTTP/1.1" 500 - "-" "Mozilla/5.0 (compatible; SemrushBot/7~bl; +http://www.semrush.com/bot.html)" "mantech8.com"
185.191.171.34 - - [12/Nov/2022:00:30:22 -0800] "GET /?camp-fire%2F7327780.html HTTP/1.1" 500 - "-" "Mozilla/5.0 (compatible; SemrushBot/7~bl; +http://www.semrush.com/bot.html)" "mantech8.com"
185.191.171.38 - - [12/Nov/2022:00:30:32 -0800] "GET /?camp-fire%2F8835598.html HTTP/1.1" 500 - "-" "Mozilla/5.0 (compatible; SemrushBot/7~bl; +http://www.semrush.com/bot.html)" "mantech8.com"
185.191.171.16 - - [12/Nov/2022:00:30:53 -0800] "GET /?camp-fire%2F4444578.html HTTP/1.1" 500 - "-" "Mozilla/5.0 (compatible; SemrushBot/7~bl; +http://www.semrush.com/bot.html)" "mantech8.com"
157.55.39.154 - - [12/Nov/2022:00:31:17 -0800] "GET / HTTP/1.1" 200 64144 "-" "Mozilla/5.0 (compatible; bingbot/2.0; +http://www.bing.com/bingbot.htm)" "www.mantech8.com"
185.191.171.34 - - [12/Nov/2022:00:31:18 -0800] "GET /?camp-fire%2F48882959.html HTTP/1.1" 500 - "-" "Mozilla/5.0 (compatible; SemrushBot/7~bl; +http://www.semrush.com/bot.html)" "mantech8.com"
185.191.171.1 - - [12/Nov/2022:00:31:47 -0800] "GET /?camp-fire%2F1383390.html HTTP/1.1" 500 - "-" "Mozilla/5.0 (compatible; SemrushBot/7~bl; +http://www.semrush.com/bot.html)" "mantech8.com"
114.119.133.166 - - [12/Nov/2022:00:32:46 -0800] "GET /index.php/nobeliums.xml HTTP/1.1" 200 289254 "-" "Mozilla/5.0 (compatible;PetalBot;+https://webmaster.petalsearch.com/site/petalbot)" "mantech8.com"
185.191.171.36 - - [12/Nov/2022:00:32:56 -0800] "GET /?camp-fire%2F5121985.html HTTP/1.1" 500 - "-" "Mozilla/5.0 (compatible; SemrushBot/7~bl; +http://www.semrush.com/bot.html)" "mantech8.com"
185.191.171.42 - - [12/Nov/2022:00:33:08 -0800] "GET /?camp-fire%2F3845998.html HTTP/1.1" 500 - "-" "Mozilla/5.0 (compatible; SemrushBot/7~bl; +http://www.semrush.com/bot.html)" "mantech8.com"
185.191.171.18 - - [12/Nov/2022:00:33:40 -0800] "GET /?camp-fire%2F1069569.html HTTP/1.1" 500 - "-" "Mozilla/5.0 (compatible; SemrushBot/7~bl; +http://www.semrush.com/bot.html)" "mantech8.com"
185.191.171.6 - - [12/Nov/2022:00:33:55 -0800] "GET /?camp-fire%2F47334025.html HTTP/1.1" 500 - "-" "Mozilla/5.0 (compatible; SemrushBot/7~bl; +http://www.semrush.com/bot.html)" "mantech8.com"
185.191.171.39 - - [12/Nov/2022:00:34:10 -0800] "GET /?camp-fire%2F51132317.html HTTP/1.1" 500 - "-" "Mozilla/5.0 (compatible; SemrushBot/7~bl; +http://www.semrush.com/bot.html)" "mantech8.com"
185.191.171.11 - - [12/Nov/2022:00:34:16 -0800] "GET /?camp-fire%2F52307978.html HTTP/1.1" 500 - "-" "Mozilla/5.0 (compatible; SemrushBot/7~bl; +http://www.semrush.com/bot.html)" "mantech8.com"
40.77.167.42 - - [12/Nov/2022:00:35:06 -0800] "GET / HTTP/1.1" 200 64622 "-" "Mozilla/5.0 AppleWebKit/537.36 (KHTML, like Gecko; compatible; bingbot/2.0; +http://www.bing.com/bingbot.htm) Chrome/103.0.5060.134 Safari/537.36" "www.mantech8.com"
157.55.39.154 - - [12/Nov/2022:00:35:37 -0800] "GET /QLQc-32ebed-495Wg.Ii HTTP/1.1" 404 88 "-" "Mozilla/5.0 AppleWebKit/537.36 (KHTML, like Gecko; compatible; bingbot/2.0; +http://www.bing.com/bingbot.htm) Chrome/103.0.5060.134 Safari/537.36" "www.mantech8.com"
157.55.39.154 - - [12/Nov/2022:00:35:57 -0800] "GET /QLQc-32ebed-495Wg.Ii HTTP/1.1" 404 88 "-" "Mozilla/5.0 (compatible; bingbot/2.0; +http://www.bing.com/bingbot.htm)" "www.mantech8.com"
185.191.171.39 - - [12/Nov/2022:00:37:13 -0800] "GET /?camp-fire%2F3277498.html HTTP/1.1" 500 - "-" "Mozilla/5.0 (compatible; SemrushBot/7~bl; +http://www.semrush.com/bot.html)" "mantech8.com"
185.191.171.37 - - [12/Nov/2022:00:37:30 -0800] "GET /?camp-fire%2F3891174.html HTTP/1.1" 500 - "-" "Mozilla/5.0 (compatible; SemrushBot/7~bl; +http://www.semrush.com/bot.html)" "mantech8.com"
