104.208.94.82 - - [03/Nov/2022:11:51:32 -0700] "GET /js/jquery-1.11.3.min.js HTTP/1.1" 200 33279 "http://www.mantech8.com/contact.php" "Mozilla/5.0 (Windows NT 10.0; Win64; x64) AppleWebKit/537.36 (KHTML, like Gecko) HeadlessChrome/106.0.5249.119 Safari/537.36" "www.mantech8.com"
104.208.94.82 - - [03/Nov/2022:11:51:32 -0700] "GET /js/jquery-migrate-1.2.1.min.js HTTP/1.1" 200 3063 "http://www.mantech8.com/contact.php" "Mozilla/5.0 (Windows NT 10.0; Win64; x64) AppleWebKit/537.36 (KHTML, like Gecko) HeadlessChrome/106.0.5249.119 Safari/537.36" "www.mantech8.com"
104.208.94.82 - - [03/Nov/2022:11:51:32 -0700] "GET /js/custom.js HTTP/1.1" 200 1648 "http://www.mantech8.com/contact.php" "Mozilla/5.0 (Windows NT 10.0; Win64; x64) AppleWebKit/537.36 (KHTML, like Gecko) HeadlessChrome/106.0.5249.119 Safari/537.36" "www.mantech8.com"
104.208.94.82 - - [03/Nov/2022:11:51:32 -0700] "GET /revolution/js/jquery.themepunch.revolution.min.js HTTP/1.1" 200 14034 "http://www.mantech8.com/contact.php" "Mozilla/5.0 (Windows NT 10.0; Win64; x64) AppleWebKit/537.36 (KHTML, like Gecko) HeadlessChrome/106.0.5249.119 Safari/537.36" "www.mantech8.com"
104.208.94.82 - - [03/Nov/2022:11:51:32 -0700] "GET /revolution/js/jquery.themepunch.tools.min.js HTTP/1.1" 200 36033 "http://www.mantech8.com/contact.php" "Mozilla/5.0 (Windows NT 10.0; Win64; x64) AppleWebKit/537.36 (KHTML, like Gecko) HeadlessChrome/106.0.5249.119 Safari/537.36" "www.mantech8.com"
104.208.94.82 - - [03/Nov/2022:11:51:32 -0700] "GET /js/plugins.js HTTP/1.1" 200 67071 "http://www.mantech8.com/contact.php" "Mozilla/5.0 (Windows NT 10.0; Win64; x64) AppleWebKit/537.36 (KHTML, like Gecko) HeadlessChrome/106.0.5249.119 Safari/537.36" "www.mantech8.com"
104.208.94.82 - - [03/Nov/2022:11:51:32 -0700] "GET /fonts/fontawesome-webfont.woff2?v=4.5.0 HTTP/1.1" 200 66624 "http://www.mantech8.com/css/style.css" "Mozilla/5.0 (Windows NT 10.0; Win64; x64) AppleWebKit/537.36 (KHTML, like Gecko) HeadlessChrome/106.0.5249.119 Safari/537.36" "www.mantech8.com"
104.208.94.82 - - [03/Nov/2022:11:51:32 -0700] "GET /fonts/MaterialIcons-Regular.woff2 HTTP/1.1" 200 36888 "http://www.mantech8.com/css/style.css" "Mozilla/5.0 (Windows NT 10.0; Win64; x64) AppleWebKit/537.36 (KHTML, like Gecko) HeadlessChrome/106.0.5249.119 Safari/537.36" "www.mantech8.com"
104.208.94.82 - - [03/Nov/2022:11:51:32 -0700] "GET /images/flag-23-gif.gif HTTP/1.1" 200 20141 "http://www.mantech8.com/contact.php" "Mozilla/5.0 (Windows NT 10.0; Win64; x64) AppleWebKit/537.36 (KHTML, like Gecko) HeadlessChrome/106.0.5249.119 Safari/537.36" "www.mantech8.com"
104.208.94.82 - - [03/Nov/2022:11:51:33 -0700] "GET /images/parallaxcont.jpg HTTP/1.1" 200 2613369 "http://www.mantech8.com/css/contactstyle.css" "Mozilla/5.0 (Windows NT 10.0; Win64; x64) AppleWebKit/537.36 (KHTML, like Gecko) HeadlessChrome/106.0.5249.119 Safari/537.36" "www.mantech8.com"
104.208.94.82 - - [03/Nov/2022:11:51:33 -0700] "GET /images/form-loader.gif HTTP/1.1" 404 88 "http://www.mantech8.com/css/contact-form.css" "Mozilla/5.0 (Windows NT 10.0; Win64; x64) AppleWebKit/537.36 (KHTML, like Gecko) HeadlessChrome/106.0.5249.119 Safari/537.36" "www.mantech8.com"
104.208.94.82 - - [03/Nov/2022:11:51:33 -0700] "GET /verificationimage.php?998 HTTP/1.1" 200 1386 "http://www.mantech8.com/contact.php" "Mozilla/5.0 (Windows NT 10.0; Win64; x64) AppleWebKit/537.36 (KHTML, like Gecko) HeadlessChrome/106.0.5249.119 Safari/537.36" "www.mantech8.com"
104.208.94.82 - - [03/Nov/2022:11:51:33 -0700] "GET /images/logo1.png HTTP/1.1" 200 2143 "http://www.mantech8.com/contact.php" "Mozilla/5.0 (Windows NT 10.0; Win64; x64) AppleWebKit/537.36 (KHTML, like Gecko) HeadlessChrome/106.0.5249.119 Safari/537.36" "www.mantech8.com"
104.208.94.82 - - [03/Nov/2022:11:51:33 -0700] "GET /js/bootstrap.min.js HTTP/1.1" 200 9765 "http://www.mantech8.com/contact.php" "Mozilla/5.0 (Windows NT 10.0; Win64; x64) AppleWebKit/537.36 (KHTML, like Gecko) HeadlessChrome/106.0.5249.119 Safari/537.36" "www.mantech8.com"
104.208.94.82 - - [03/Nov/2022:11:51:33 -0700] "GET /js/jquery.rd-parallax.js HTTP/1.1" 200 2021 "http://www.mantech8.com/contact.php" "Mozilla/5.0 (Windows NT 10.0; Win64; x64) AppleWebKit/537.36 (KHTML, like Gecko) HeadlessChrome/106.0.5249.119 Safari/537.36" "www.mantech8.com"
104.208.94.82 - - [03/Nov/2022:11:51:33 -0700] "GET /js/core.min1.js HTTP/1.1" 200 5104 "http://www.mantech8.com/contact.php" "Mozilla/5.0 (Windows NT 10.0; Win64; x64) AppleWebKit/537.36 (KHTML, like Gecko) HeadlessChrome/106.0.5249.119 Safari/537.36" "www.mantech8.com"
104.208.94.82 - - [03/Nov/2022:11:51:33 -0700] "GET /js/rd-smoothscroll.min1.js HTTP/1.1" 200 1124 "http://www.mantech8.com/contact.php" "Mozilla/5.0 (Windows NT 10.0; Win64; x64) AppleWebKit/537.36 (KHTML, like Gecko) HeadlessChrome/106.0.5249.119 Safari/537.36" "www.mantech8.com"
104.208.94.82 - - [03/Nov/2022:11:51:33 -0700] "GET /js/script.js HTTP/1.1" 200 7687 "http://www.mantech8.com/contact.php" "Mozilla/5.0 (Windows NT 10.0; Win64; x64) AppleWebKit/537.36 (KHTML, like Gecko) HeadlessChrome/106.0.5249.119 Safari/537.36" "www.mantech8.com"
104.208.94.82 - - [03/Nov/2022:11:51:33 -0700] "GET /revolution/js/revolution.extension.actions.min.js HTTP/1.1" 200 2110 "http://www.mantech8.com/contact.php" "Mozilla/5.0 (Windows NT 10.0; Win64; x64) AppleWebKit/537.36 (KHTML, like Gecko) HeadlessChrome/106.0.5249.119 Safari/537.36" "www.mantech8.com"
104.208.94.82 - - [03/Nov/2022:11:51:33 -0700] "GET /revolution/js/revolution.extension.carousel.min.js HTTP/1.1" 200 2465 "http://www.mantech8.com/contact.php" "Mozilla/5.0 (Windows NT 10.0; Win64; x64) AppleWebKit/537.36 (KHTML, like Gecko) HeadlessChrome/106.0.5249.119 Safari/537.36" "www.mantech8.com"
104.208.94.82 - - [03/Nov/2022:11:51:33 -0700] "GET /revolution/js/revolution.extension.kenburn.min.js HTTP/1.1" 200 1285 "http://www.mantech8.com/contact.php" "Mozilla/5.0 (Windows NT 10.0; Win64; x64) AppleWebKit/537.36 (KHTML, like Gecko) HeadlessChrome/106.0.5249.119 Safari/537.36" "www.mantech8.com"
104.208.94.82 - - [03/Nov/2022:11:51:33 -0700] "GET /revolution/js/revolution.extension.layeranimation.min.js HTTP/1.1" 200 8295 "http://www.mantech8.com/contact.php" "Mozilla/5.0 (Windows NT 10.0; Win64; x64) AppleWebKit/537.36 (KHTML, like Gecko) HeadlessChrome/106.0.5249.119 Safari/537.36" "www.mantech8.com"
104.208.94.82 - - [03/Nov/2022:11:51:33 -0700] "GET /revolution/js/revolution.extension.migration.min.js HTTP/1.1" 200 1739 "http://www.mantech8.com/contact.php" "Mozilla/5.0 (Windows NT 10.0; Win64; x64) AppleWebKit/537.36 (KHTML, like Gecko) HeadlessChrome/106.0.5249.119 Safari/537.36" "www.mantech8.com"
104.208.94.82 - - [03/Nov/2022:11:51:33 -0700] "GET /js/wow.min.js HTTP/1.1" 200 2731 "http://www.mantech8.com/contact.php" "Mozilla/5.0 (Windows NT 10.0; Win64; x64) AppleWebKit/537.36 (KHTML, like Gecko) HeadlessChrome/106.0.5249.119 Safari/537.36" "www.mantech8.com"
104.208.94.82 - - [03/Nov/2022:11:51:33 -0700] "GET /js/jquery.ui.totop.min.js HTTP/1.1" 200 510 "http://www.mantech8.com/contact.php" "Mozilla/5.0 (Windows NT 10.0; Win64; x64) AppleWebKit/537.36 (KHTML, like Gecko) HeadlessChrome/106.0.5249.119 Safari/537.36" "www.mantech8.com"
104.208.94.82 - - [03/Nov/2022:11:51:33 -0700] "GET /revolution/js/revolution.extension.navigation.min.js HTTP/1.1" 200 6533 "http://www.mantech8.com/contact.php" "Mozilla/5.0 (Windows NT 10.0; Win64; x64) AppleWebKit/537.36 (KHTML, like Gecko) HeadlessChrome/106.0.5249.119 Safari/537.36" "www.mantech8.com"
104.208.94.82 - - [03/Nov/2022:11:51:33 -0700] "GET /revolution/js/revolution.extension.parallax.min.js HTTP/1.1" 200 2490 "http://www.mantech8.com/contact.php" "Mozilla/5.0 (Windows NT 10.0; Win64; x64) AppleWebKit/537.36 (KHTML, like Gecko) HeadlessChrome/106.0.5249.119 Safari/537.36" "www.mantech8.com"
104.208.94.82 - - [03/Nov/2022:11:51:33 -0700] "GET /revolution/js/revolution.extension.slideanims.min.js HTTP/1.1" 200 6622 "http://www.mantech8.com/contact.php" "Mozilla/5.0 (Windows NT 10.0; Win64; x64) AppleWebKit/537.36 (KHTML, like Gecko) HeadlessChrome/106.0.5249.119 Safari/537.36" "www.mantech8.com"
104.208.94.82 - - [03/Nov/2022:11:51:34 -0700] "GET /revolution/js/revolution.extension.video.min.js HTTP/1.1" 200 5233 "http://www.mantech8.com/contact.php" "Mozilla/5.0 (Windows NT 10.0; Win64; x64) AppleWebKit/537.36 (KHTML, like Gecko) HeadlessChrome/106.0.5249.119 Safari/537.36" "www.mantech8.com"
185.191.171.1 - - [03/Nov/2022:11:52:42 -0700] "GET /index.php/camp-fire/34473663.html HTTP/1.1" 500 - "-" "Mozilla/5.0 (compatible; SemrushBot/7~bl; +http://www.semrush.com/bot.html)" "mantech8.com"
193.188.21.49 - - [03/Nov/2022:11:52:52 -0700] "GET /contact.php HTTP/1.1" 200 29238 "http://mantech8.com/contact.php" "Mozilla/5.0 (Windows NT 6.3; Win64; x64) AppleWebKit/537.36 (KHTML, like Gecko) Chrome/90.0.4430.72 Safari/537.36 Edg/90.0.818.42" "mantech8.com"
185.191.171.22 - - [03/Nov/2022:11:53:43 -0700] "GET /index.php/camp-fire/19697824.html HTTP/1.1" 500 - "-" "Mozilla/5.0 (compatible; SemrushBot/7~bl; +http://www.semrush.com/bot.html)" "mantech8.com"
185.191.171.5 - - [03/Nov/2022:11:54:06 -0700] "GET /index.php/camp-fire/29585435.html HTTP/1.1" 500 - "-" "Mozilla/5.0 (compatible; SemrushBot/7~bl; +http://www.semrush.com/bot.html)" "mantech8.com"
185.191.171.33 - - [03/Nov/2022:11:54:16 -0700] "GET /index.php/camp-fire/14503459.html HTTP/1.1" 500 - "-" "Mozilla/5.0 (compatible; SemrushBot/7~bl; +http://www.semrush.com/bot.html)" "mantech8.com"
185.191.171.5 - - [03/Nov/2022:11:54:33 -0700] "GET /index.php/camp-fire/4096365.html HTTP/1.1" 500 - "-" "Mozilla/5.0 (compatible; SemrushBot/7~bl; +http://www.semrush.com/bot.html)" "mantech8.com"
185.191.171.8 - - [03/Nov/2022:11:55:16 -0700] "GET /index.php/camp-fire/32117635.html HTTP/1.1" 500 - "-" "Mozilla/5.0 (compatible; SemrushBot/7~bl; +http://www.semrush.com/bot.html)" "mantech8.com"
185.191.171.8 - - [03/Nov/2022:11:55:53 -0700] "GET /index.php/camp-fire/47510972.html HTTP/1.1" 500 - "-" "Mozilla/5.0 (compatible; SemrushBot/7~bl; +http://www.semrush.com/bot.html)" "mantech8.com"
185.191.171.13 - - [03/Nov/2022:11:56:09 -0700] "GET /index.php/camp-fire/35208025.html HTTP/1.1" 500 - "-" "Mozilla/5.0 (compatible; SemrushBot/7~bl; +http://www.semrush.com/bot.html)" "mantech8.com"
185.191.171.13 - - [03/Nov/2022:11:56:28 -0700] "GET /index.php/camp-fire/19196432.html HTTP/1.1" 500 - "-" "Mozilla/5.0 (compatible; SemrushBot/7~bl; +http://www.semrush.com/bot.html)" "mantech8.com"
185.191.171.6 - - [03/Nov/2022:11:57:16 -0700] "GET /robots.txt HTTP/1.1" 200 106 "-" "Mozilla/5.0 (compatible; SemrushBot/7~bl; +http://www.semrush.com/bot.html)" "mantech8.com"
185.191.171.9 - - [03/Nov/2022:11:57:16 -0700] "GET /index.php/camp-fire/1241772.html HTTP/1.1" 500 - "-" "Mozilla/5.0 (compatible; SemrushBot/7~bl; +http://www.semrush.com/bot.html)" "mantech8.com"
185.191.171.18 - - [03/Nov/2022:11:57:24 -0700] "GET /index.php/camp-fire/40713525.html HTTP/1.1" 500 - "-" "Mozilla/5.0 (compatible; SemrushBot/7~bl; +http://www.semrush.com/bot.html)" "mantech8.com"
185.191.171.4 - - [03/Nov/2022:11:57:29 -0700] "GET /index.php/camp-fire/39899576.html HTTP/1.1" 500 - "-" "Mozilla/5.0 (compatible; SemrushBot/7~bl; +http://www.semrush.com/bot.html)" "mantech8.com"
213.180.203.73 - - [03/Nov/2022:11:58:52 -0700] "GET /robots.txt HTTP/1.1" 200 222 "-" "Mozilla/5.0 (compatible; YandexBot/3.0; +http://yandex.com/bots)" "www.mantech8.com"
213.180.203.73 - - [03/Nov/2022:11:59:05 -0700] "GET / HTTP/1.1" 500 - "-" "Mozilla/5.0 (compatible; YandexBot/3.0; +http://yandex.com/bots)" "www.mantech8.com"
185.191.171.11 - - [03/Nov/2022:12:00:48 -0700] "GET /index.php/camp-fire/3910574.html HTTP/1.1" 500 - "-" "Mozilla/5.0 (compatible; SemrushBot/7~bl; +http://www.semrush.com/bot.html)" "mantech8.com"
185.191.171.14 - - [03/Nov/2022:12:01:24 -0700] "GET /index.php/camp-fire/23017761.html HTTP/1.1" 500 - "-" "Mozilla/5.0 (compatible; SemrushBot/7~bl; +http://www.semrush.com/bot.html)" "mantech8.com"
185.191.171.15 - - [03/Nov/2022:12:01:43 -0700] "GET /index.php/camp-fire/41420671.html HTTP/1.1" 500 - "-" "Mozilla/5.0 (compatible; SemrushBot/7~bl; +http://www.semrush.com/bot.html)" "mantech8.com"
52.163.224.172 - - [03/Nov/2022:12:02:15 -0700] "GET / HTTP/1.1" 500 - "-" "python-requests/2.28.1" "mantech8.com"
185.191.171.7 - - [03/Nov/2022:12:02:19 -0700] "GET /index.php/camp-fire/19256265.html HTTP/1.1" 500 - "-" "Mozilla/5.0 (compatible; SemrushBot/7~bl; +http://www.semrush.com/bot.html)" "mantech8.com"
193.188.21.49 - - [03/Nov/2022:12:02:39 -0700] "GET /contact.php HTTP/1.1" 200 29238 "http://mantech8.com/contact.php" "Mozilla/5.0 (Windows NT 10.0; WOW64) AppleWebKit/537.36 (KHTML, like Gecko) Chrome/90.0.4430.93 Safari/537.36" "mantech8.com"
185.191.171.3 - - [03/Nov/2022:12:03:15 -0700] "GET /index.php/camp-fire/30351717.html HTTP/1.1" 500 - "-" "Mozilla/5.0 (compatible; SemrushBot/7~bl; +http://www.semrush.com/bot.html)" "mantech8.com"
185.191.171.42 - - [03/Nov/2022:12:03:25 -0700] "GET /index.php/camp-fire/42146665.html HTTP/1.1" 500 - "-" "Mozilla/5.0 (compatible; SemrushBot/7~bl; +http://www.semrush.com/bot.html)" "mantech8.com"
185.191.171.1 - - [03/Nov/2022:12:03:34 -0700] "GET /index.php/camp-fire/38132971.html HTTP/1.1" 500 - "-" "Mozilla/5.0 (compatible; SemrushBot/7~bl; +http://www.semrush.com/bot.html)" "mantech8.com"
185.191.171.1 - - [03/Nov/2022:12:04:33 -0700] "GET /index.php/camp-fire/1158972.html HTTP/1.1" 500 - "-" "Mozilla/5.0 (compatible; SemrushBot/7~bl; +http://www.semrush.com/bot.html)" "mantech8.com"
185.191.171.15 - - [03/Nov/2022:12:04:47 -0700] "GET /index.php/camp-fire/7245880.html HTTP/1.1" 500 - "-" "Mozilla/5.0 (compatible; SemrushBot/7~bl; +http://www.semrush.com/bot.html)" "mantech8.com"
185.191.171.26 - - [03/Nov/2022:12:05:40 -0700] "GET /index.php/camp-fire/24775972.html HTTP/1.1" 500 - "-" "Mozilla/5.0 (compatible; SemrushBot/7~bl; +http://www.semrush.com/bot.html)" "mantech8.com"
185.191.171.45 - - [03/Nov/2022:12:05:54 -0700] "GET /index.php/camp-fire/42603234.html HTTP/1.1" 500 - "-" "Mozilla/5.0 (compatible; SemrushBot/7~bl; +http://www.semrush.com/bot.html)" "mantech8.com"
185.191.171.44 - - [03/Nov/2022:12:07:04 -0700] "GET /index.php/camp-fire/29533132.html HTTP/1.1" 500 - "-" "Mozilla/5.0 (compatible; SemrushBot/7~bl; +http://www.semrush.com/bot.html)" "mantech8.com"
216.244.66.241 - - [03/Nov/2022:12:07:22 -0700] "GET /robots.txt HTTP/1.1" 200 222 "-" "Mozilla/5.0 (compatible; DotBot/1.2; +https://opensiteexplorer.org/dotbot; help@moz.com)" "www.mantech8.com"
216.244.66.241 - - [03/Nov/2022:12:07:22 -0700] "GET /robots.txt HTTP/1.1" 200 222 "-" "Mozilla/5.0 (compatible; DotBot/1.2; +https://opensiteexplorer.org/dotbot; help@moz.com)" "mantech8.com"
185.191.171.4 - - [03/Nov/2022:12:08:16 -0700] "GET /index.php/camp-fire/1350929.html HTTP/1.1" 500 - "-" "Mozilla/5.0 (compatible; SemrushBot/7~bl; +http://www.semrush.com/bot.html)" "mantech8.com"
185.191.171.4 - - [03/Nov/2022:12:08:53 -0700] "GET /index.php/camp-fire/28026626.html HTTP/1.1" 500 - "-" "Mozilla/5.0 (compatible; SemrushBot/7~bl; +http://www.semrush.com/bot.html)" "mantech8.com"
185.191.171.11 - - [03/Nov/2022:12:09:22 -0700] "GET /index.php/camp-fire/41818103.html HTTP/1.1" 500 - "-" "Mozilla/5.0 (compatible; SemrushBot/7~bl; +http://www.semrush.com/bot.html)" "mantech8.com"
185.191.171.5 - - [03/Nov/2022:12:09:52 -0700] "GET /index.php/camp-fire/7629521.html HTTP/1.1" 500 - "-" "Mozilla/5.0 (compatible; SemrushBot/7~bl; +http://www.semrush.com/bot.html)" "mantech8.com"
185.191.171.18 - - [03/Nov/2022:12:10:11 -0700] "GET /index.php/camp-fire/18096581.html HTTP/1.1" 500 - "-" "Mozilla/5.0 (compatible; SemrushBot/7~bl; +http://www.semrush.com/bot.html)" "mantech8.com"
157.55.39.6 - - [03/Nov/2022:12:10:17 -0700] "GET /index.php?camp-fire/81282351.html HTTP/1.1" 200 69042 "-" "Mozilla/5.0 AppleWebKit/537.36 (KHTML, like Gecko; compatible; bingbot/2.0; +http://www.bing.com/bingbot.htm) Chrome/103.0.5060.134 Safari/537.36" "www.mantech8.com"
185.191.171.44 - - [03/Nov/2022:12:10:46 -0700] "GET /index.php/camp-fire/32591641.html HTTP/1.1" 500 - "-" "Mozilla/5.0 (compatible; SemrushBot/7~bl; +http://www.semrush.com/bot.html)" "mantech8.com"
185.191.171.39 - - [03/Nov/2022:12:10:47 -0700] "GET /index.php/camp-fire/24866159.html HTTP/1.1" 500 - "-" "Mozilla/5.0 (compatible; SemrushBot/7~bl; +http://www.semrush.com/bot.html)" "mantech8.com"
185.191.171.22 - - [03/Nov/2022:12:10:58 -0700] "GET /index.php/camp-fire/23024783.html HTTP/1.1" 500 - "-" "Mozilla/5.0 (compatible; SemrushBot/7~bl; +http://www.semrush.com/bot.html)" "mantech8.com"
185.191.171.37 - - [03/Nov/2022:12:12:08 -0700] "GET /index.php/camp-fire/3437900.html HTTP/1.1" 500 - "-" "Mozilla/5.0 (compatible; SemrushBot/7~bl; +http://www.semrush.com/bot.html)" "mantech8.com"
185.191.171.11 - - [03/Nov/2022:12:12:47 -0700] "GET /index.php/camp-fire/40136088.html HTTP/1.1" 500 - "-" "Mozilla/5.0 (compatible; SemrushBot/7~bl; +http://www.semrush.com/bot.html)" "mantech8.com"
185.191.171.3 - - [03/Nov/2022:12:12:50 -0700] "GET /index.php/camp-fire/1508100.html HTTP/1.1" 500 - "-" "Mozilla/5.0 (compatible; SemrushBot/7~bl; +http://www.semrush.com/bot.html)" "mantech8.com"
213.219.247.125 - - [03/Nov/2022:12:12:52 -0700] "GET /contact.php HTTP/1.1" 200 29238 "http://mantech8.com/contact.php" "Mozilla/5.0 (Windows NT 6.1; WOW64) AppleWebKit/537.36 (KHTML, like Gecko) Chrome/90.0.4430.72 Safari/537.36" "mantech8.com"
185.191.171.16 - - [03/Nov/2022:12:13:19 -0700] "GET /index.php/camp-fire/27966171.html HTTP/1.1" 500 - "-" "Mozilla/5.0 (compatible; SemrushBot/7~bl; +http://www.semrush.com/bot.html)" "mantech8.com"
185.191.171.9 - - [03/Nov/2022:12:13:48 -0700] "GET /index.php/camp-fire/30998547.html HTTP/1.1" 500 - "-" "Mozilla/5.0 (compatible; SemrushBot/7~bl; +http://www.semrush.com/bot.html)" "mantech8.com"
213.219.247.125 - - [03/Nov/2022:12:14:02 -0700] "GET /contact.php HTTP/1.1" 200 29238 "http://mantech8.com/contact.php" "Mozilla/5.0 (Windows NT 10.0) AppleWebKit/537.36 (KHTML, like Gecko) Chrome/90.0.4430.93 Safari/537.36" "mantech8.com"
185.191.171.39 - - [03/Nov/2022:12:14:33 -0700] "GET /index.php/camp-fire/26699082.html HTTP/1.1" 500 - "-" "Mozilla/5.0 (compatible; SemrushBot/7~bl; +http://www.semrush.com/bot.html)" "mantech8.com"
87.250.224.40 - - [03/Nov/2022:12:15:06 -0700] "GET /robots.txt HTTP/1.1" 200 222 "-" "Mozilla/5.0 (compatible; YandexBot/3.0; +http://yandex.com/bots)" "mantech8.com"
95.108.213.57 - - [03/Nov/2022:12:15:12 -0700] "GET / HTTP/1.1" 500 - "-" "Mozilla/5.0 (compatible; YandexBot/3.0; +http://yandex.com/bots)" "mantech8.com"
185.191.171.16 - - [03/Nov/2022:12:15:46 -0700] "GET /index.php/camp-fire/26997653.html HTTP/1.1" 500 - "-" "Mozilla/5.0 (compatible; SemrushBot/7~bl; +http://www.semrush.com/bot.html)" "mantech8.com"
193.188.21.49 - - [03/Nov/2022:12:15:54 -0700] "GET /contact.php HTTP/1.1" 200 29238 "http://mantech8.com/contact.php" "Mozilla/5.0 (Windows NT 10.0; WOW64) AppleWebKit/537.36 (KHTML, like Gecko) Chrome/90.0.4430.93 Safari/537.36" "mantech8.com"
185.191.171.2 - - [03/Nov/2022:12:17:44 -0700] "GET /index.php/camp-fire/5966574.html HTTP/1.1" 500 - "-" "Mozilla/5.0 (compatible; SemrushBot/7~bl; +http://www.semrush.com/bot.html)" "mantech8.com"
185.191.171.18 - - [03/Nov/2022:12:17:49 -0700] "GET /index.php/camp-fire/38180203.html HTTP/1.1" 500 - "-" "Mozilla/5.0 (compatible; SemrushBot/7~bl; +http://www.semrush.com/bot.html)" "mantech8.com"
185.191.171.8 - - [03/Nov/2022:12:17:50 -0700] "GET /index.php/camp-fire/30676355.html HTTP/1.1" 500 - "-" "Mozilla/5.0 (compatible; SemrushBot/7~bl; +http://www.semrush.com/bot.html)" "mantech8.com"
185.191.171.6 - - [03/Nov/2022:12:18:05 -0700] "GET /index.php/camp-fire/315098.html HTTP/1.1" 500 - "-" "Mozilla/5.0 (compatible; SemrushBot/7~bl; +http://www.semrush.com/bot.html)" "mantech8.com"
185.191.171.26 - - [03/Nov/2022:12:18:38 -0700] "GET /index.php/camp-fire/3347100.html HTTP/1.1" 500 - "-" "Mozilla/5.0 (compatible; SemrushBot/7~bl; +http://www.semrush.com/bot.html)" "mantech8.com"
185.191.171.26 - - [03/Nov/2022:12:20:03 -0700] "GET /index.php/camp-fire/15014587.html HTTP/1.1" 500 - "-" "Mozilla/5.0 (compatible; SemrushBot/7~bl; +http://www.semrush.com/bot.html)" "mantech8.com"
185.191.171.3 - - [03/Nov/2022:12:21:46 -0700] "GET /index.php/camp-fire/7578893.html HTTP/1.1" 500 - "-" "Mozilla/5.0 (compatible; SemrushBot/7~bl; +http://www.semrush.com/bot.html)" "mantech8.com"
185.191.171.3 - - [03/Nov/2022:12:21:49 -0700] "GET /index.php/camp-fire/39134535.html HTTP/1.1" 500 - "-" "Mozilla/5.0 (compatible; SemrushBot/7~bl; +http://www.semrush.com/bot.html)" "mantech8.com"
185.191.171.2 - - [03/Nov/2022:12:21:51 -0700] "GET /index.php/camp-fire/578169.html HTTP/1.1" 500 - "-" "Mozilla/5.0 (compatible; SemrushBot/7~bl; +http://www.semrush.com/bot.html)" "mantech8.com"
185.191.171.33 - - [03/Nov/2022:12:22:12 -0700] "GET /index.php/camp-fire/48485550.html HTTP/1.1" 500 - "-" "Mozilla/5.0 (compatible; SemrushBot/7~bl; +http://www.semrush.com/bot.html)" "mantech8.com"
185.191.171.42 - - [03/Nov/2022:12:22:37 -0700] "GET /index.php/camp-fire/47416376.html HTTP/1.1" 500 - "-" "Mozilla/5.0 (compatible; SemrushBot/7~bl; +http://www.semrush.com/bot.html)" "mantech8.com"
185.191.171.21 - - [03/Nov/2022:12:23:02 -0700] "GET /index.php/camp-fire/8293908.html HTTP/1.1" 500 - "-" "Mozilla/5.0 (compatible; SemrushBot/7~bl; +http://www.semrush.com/bot.html)" "mantech8.com"
185.191.171.11 - - [03/Nov/2022:12:23:26 -0700] "GET /index.php/camp-fire/27935159.html HTTP/1.1" 500 - "-" "Mozilla/5.0 (compatible; SemrushBot/7~bl; +http://www.semrush.com/bot.html)" "mantech8.com"
213.219.247.125 - - [03/Nov/2022:12:23:37 -0700] "GET /contact.php HTTP/1.1" 200 29238 "http://mantech8.com/contact.php" "Mozilla/5.0 (Windows NT 6.3; Win64; x64) AppleWebKit/537.36 (KHTML, like Gecko) Chrome/90.0.4430.72 Safari/537.36" "mantech8.com"
185.191.171.36 - - [03/Nov/2022:12:24:04 -0700] "GET /index.php/camp-fire/50258550.html HTTP/1.1" 500 - "-" "Mozilla/5.0 (compatible; SemrushBot/7~bl; +http://www.semrush.com/bot.html)" "mantech8.com"
185.191.171.40 - - [03/Nov/2022:12:24:27 -0700] "GET /index.php/camp-fire/18196561.html HTTP/1.1" 500 - "-" "Mozilla/5.0 (compatible; SemrushBot/7~bl; +http://www.semrush.com/bot.html)" "mantech8.com"
185.191.171.12 - - [03/Nov/2022:12:24:43 -0700] "GET /index.php/camp-fire/14221555.html HTTP/1.1" 500 - "-" "Mozilla/5.0 (compatible; SemrushBot/7~bl; +http://www.semrush.com/bot.html)" "mantech8.com"
185.191.171.23 - - [03/Nov/2022:12:25:36 -0700] "GET /index.php/camp-fire/38131671.html HTTP/1.1" 500 - "-" "Mozilla/5.0 (compatible; SemrushBot/7~bl; +http://www.semrush.com/bot.html)" "mantech8.com"
185.191.171.21 - - [03/Nov/2022:12:25:41 -0700] "GET /index.php/camp-fire/44081302.html HTTP/1.1" 500 - "-" "Mozilla/5.0 (compatible; SemrushBot/7~bl; +http://www.semrush.com/bot.html)" "mantech8.com"
185.191.171.1 - - [03/Nov/2022:12:26:14 -0700] "GET /index.php/camp-fire/3769772.html HTTP/1.1" 500 - "-" "Mozilla/5.0 (compatible; SemrushBot/7~bl; +http://www.semrush.com/bot.html)" "mantech8.com"
185.191.171.10 - - [03/Nov/2022:12:26:57 -0700] "GET /index.php/camp-fire/14408296.html HTTP/1.1" 500 - "-" "Mozilla/5.0 (compatible; SemrushBot/7~bl; +http://www.semrush.com/bot.html)" "mantech8.com"
185.191.171.42 - - [03/Nov/2022:12:28:08 -0700] "GET /index.php/camp-fire/30188876.html HTTP/1.1" 500 - "-" "Mozilla/5.0 (compatible; SemrushBot/7~bl; +http://www.semrush.com/bot.html)" "mantech8.com"
185.191.171.2 - - [03/Nov/2022:12:28:22 -0700] "GET /index.php/camp-fire/12634077.html HTTP/1.1" 500 - "-" "Mozilla/5.0 (compatible; SemrushBot/7~bl; +http://www.semrush.com/bot.html)" "mantech8.com"
185.191.171.35 - - [03/Nov/2022:12:29:11 -0700] "GET /index.php/camp-fire/41652571.html HTTP/1.1" 500 - "-" "Mozilla/5.0 (compatible; SemrushBot/7~bl; +http://www.semrush.com/bot.html)" "mantech8.com"
185.191.171.23 - - [03/Nov/2022:12:29:13 -0700] "GET /index.php/camp-fire/16510078.html HTTP/1.1" 500 - "-" "Mozilla/5.0 (compatible; SemrushBot/7~bl; +http://www.semrush.com/bot.html)" "mantech8.com"
185.191.171.40 - - [03/Nov/2022:12:29:59 -0700] "GET /index.php/camp-fire/31774006.html HTTP/1.1" 500 - "-" "Mozilla/5.0 (compatible; SemrushBot/7~bl; +http://www.semrush.com/bot.html)" "mantech8.com"
185.191.171.1 - - [03/Nov/2022:12:31:39 -0700] "GET /index.php/camp-fire/41778803.html HTTP/1.1" 500 - "-" "Mozilla/5.0 (compatible; SemrushBot/7~bl; +http://www.semrush.com/bot.html)" "mantech8.com"
185.191.171.3 - - [03/Nov/2022:12:31:47 -0700] "GET /index.php/camp-fire/28279835.html HTTP/1.1" 500 - "-" "Mozilla/5.0 (compatible; SemrushBot/7~bl; +http://www.semrush.com/bot.html)" "mantech8.com"
185.191.171.40 - - [03/Nov/2022:12:32:10 -0700] "GET /index.php/camp-fire/16491656.html HTTP/1.1" 500 - "-" "Mozilla/5.0 (compatible; SemrushBot/7~bl; +http://www.semrush.com/bot.html)" "mantech8.com"
185.191.171.10 - - [03/Nov/2022:12:32:57 -0700] "GET /index.php/camp-fire/11494509.html HTTP/1.1" 500 - "-" "Mozilla/5.0 (compatible; SemrushBot/7~bl; +http://www.semrush.com/bot.html)" "mantech8.com"
185.191.171.39 - - [03/Nov/2022:12:34:12 -0700] "GET /index.php/camp-fire/30500241.html HTTP/1.1" 500 - "-" "Mozilla/5.0 (compatible; SemrushBot/7~bl; +http://www.semrush.com/bot.html)" "mantech8.com"
185.191.171.11 - - [03/Nov/2022:12:34:19 -0700] "GET /index.php/camp-fire/7754480.html HTTP/1.1" 500 - "-" "Mozilla/5.0 (compatible; SemrushBot/7~bl; +http://www.semrush.com/bot.html)" "mantech8.com"
185.191.171.12 - - [03/Nov/2022:12:34:47 -0700] "GET /index.php/camp-fire/58972393.html HTTP/1.1" 500 - "-" "Mozilla/5.0 (compatible; SemrushBot/7~bl; +http://www.semrush.com/bot.html)" "mantech8.com"
185.191.171.26 - - [03/Nov/2022:12:34:54 -0700] "GET /index.php/camp-fire/20782335.html HTTP/1.1" 500 - "-" "Mozilla/5.0 (compatible; SemrushBot/7~bl; +http://www.semrush.com/bot.html)" "mantech8.com"
185.191.171.39 - - [03/Nov/2022:12:34:57 -0700] "GET /index.php/camp-fire/17555083.html HTTP/1.1" 500 - "-" "Mozilla/5.0 (compatible; SemrushBot/7~bl; +http://www.semrush.com/bot.html)" "mantech8.com"
185.191.171.12 - - [03/Nov/2022:12:35:28 -0700] "GET /index.php/camp-fire/34760450.html HTTP/1.1" 500 - "-" "Mozilla/5.0 (compatible; SemrushBot/7~bl; +http://www.semrush.com/bot.html)" "mantech8.com"
213.219.247.125 - - [03/Nov/2022:12:35:33 -0700] "GET /contact.php HTTP/1.1" 200 29238 "http://mantech8.com/contact.php" "Mozilla/5.0 (Windows NT 10.0; Win64; x64) AppleWebKit/537.36 (KHTML, like Gecko) Chrome/90.0.4430.72 Safari/537.36 Edg/90.0.818.42" "mantech8.com"
185.191.171.9 - - [03/Nov/2022:12:36:30 -0700] "GET /index.php/camp-fire/5210674.html HTTP/1.1" 500 - "-" "Mozilla/5.0 (compatible; SemrushBot/7~bl; +http://www.semrush.com/bot.html)" "mantech8.com"
185.191.171.37 - - [03/Nov/2022:12:36:42 -0700] "GET /index.php/camp-fire/35785950.html HTTP/1.1" 500 - "-" "Mozilla/5.0 (compatible; SemrushBot/7~bl; +http://www.semrush.com/bot.html)" "mantech8.com"
185.191.171.34 - - [03/Nov/2022:12:37:15 -0700] "GET /index.php/camp-fire/44725734.html HTTP/1.1" 500 - "-" "Mozilla/5.0 (compatible; SemrushBot/7~bl; +http://www.semrush.com/bot.html)" "mantech8.com"
185.191.171.19 - - [03/Nov/2022:12:37:34 -0700] "GET /index.php/camp-fire/27456326.html HTTP/1.1" 500 - "-" "Mozilla/5.0 (compatible; SemrushBot/7~bl; +http://www.semrush.com/bot.html)" "mantech8.com"
185.191.171.37 - - [03/Nov/2022:12:38:09 -0700] "GET /index.php/camp-fire/21586290.html HTTP/1.1" 500 - "-" "Mozilla/5.0 (compatible; SemrushBot/7~bl; +http://www.semrush.com/bot.html)" "mantech8.com"
185.191.171.23 - - [03/Nov/2022:12:38:18 -0700] "GET /index.php/camp-fire/6067551.html HTTP/1.1" 500 - "-" "Mozilla/5.0 (compatible; SemrushBot/7~bl; +http://www.semrush.com/bot.html)" "mantech8.com"
185.191.171.1 - - [03/Nov/2022:12:38:54 -0700] "GET /index.php/camp-fire/38873617.html HTTP/1.1" 500 - "-" "Mozilla/5.0 (compatible; SemrushBot/7~bl; +http://www.semrush.com/bot.html)" "mantech8.com"
185.191.171.26 - - [03/Nov/2022:12:39:14 -0700] "GET /index.php/camp-fire/5476955.html HTTP/1.1" 500 - "-" "Mozilla/5.0 (compatible; SemrushBot/7~bl; +http://www.semrush.com/bot.html)" "mantech8.com"
185.191.171.34 - - [03/Nov/2022:12:39:46 -0700] "GET /index.php/camp-fire/5209074.html HTTP/1.1" 500 - "-" "Mozilla/5.0 (compatible; SemrushBot/7~bl; +http://www.semrush.com/bot.html)" "mantech8.com"
185.191.171.7 - - [03/Nov/2022:12:40:16 -0700] "GET /index.php/camp-fire/26997453.html HTTP/1.1" 500 - "-" "Mozilla/5.0 (compatible; SemrushBot/7~bl; +http://www.semrush.com/bot.html)" "mantech8.com"
35.229.71.142 - - [03/Nov/2022:12:40:56 -0700] "GET /robots.txt HTTP/1.1" 200 106 "-" "ZoominfoBot (zoominfobot at zoominfo dot com)" "mantech8.com"
35.229.71.142 - - [03/Nov/2022:12:40:56 -0700] "GET / HTTP/1.1" 500 - "-" "ZoominfoBot (zoominfobot at zoominfo dot com)" "mantech8.com"
157.55.39.152 - - [03/Nov/2022:12:41:00 -0700] "GET /index.php/camp-fire/10862159.html HTTP/1.1" 200 68587 "-" "Mozilla/5.0 (compatible; bingbot/2.0; +http://www.bing.com/bingbot.htm)" "mantech8.com"
185.191.171.1 - - [03/Nov/2022:12:41:08 -0700] "GET /index.php/camp-fire/21578459.html HTTP/1.1" 500 - "-" "Mozilla/5.0 (compatible; SemrushBot/7~bl; +http://www.semrush.com/bot.html)" "mantech8.com"
158.255.249.58 - - [03/Nov/2022:12:41:28 -0700] "GET /contact.php HTTP/1.1" 200 29238 "http://mantech8.com/contact.php" "Mozilla/5.0 (Windows NT 6.3; Win64; x64) AppleWebKit/537.36 (KHTML, like Gecko) Chrome/90.0.4430.85 Safari/537.36" "mantech8.com"
158.255.249.58 - - [03/Nov/2022:12:41:37 -0700] "POST /mailer.php HTTP/1.1" 500 - "http://mantech8.com/contact.php" "Mozilla/5.0 (Windows NT 6.3; Win64; x64) AppleWebKit/537.36 (KHTML, like Gecko) Chrome/90.0.4430.85 Safari/537.36" "mantech8.com"
185.191.171.39 - - [03/Nov/2022:12:42:06 -0700] "GET /index.php/camp-fire/1311429.html HTTP/1.1" 500 - "-" "Mozilla/5.0 (compatible; SemrushBot/7~bl; +http://www.semrush.com/bot.html)" "mantech8.com"
185.191.171.39 - - [03/Nov/2022:12:42:32 -0700] "GET /index.php/camp-fire/17614827.html HTTP/1.1" 500 - "-" "Mozilla/5.0 (compatible; SemrushBot/7~bl; +http://www.semrush.com/bot.html)" "mantech8.com"
185.191.171.6 - - [03/Nov/2022:12:42:35 -0700] "GET /index.php/camp-fire/11213257.html HTTP/1.1" 500 - "-" "Mozilla/5.0 (compatible; SemrushBot/7~bl; +http://www.semrush.com/bot.html)" "mantech8.com"
185.191.171.38 - - [03/Nov/2022:12:43:29 -0700] "GET /index.php/camp-fire/42107034.html HTTP/1.1" 500 - "-" "Mozilla/5.0 (compatible; SemrushBot/7~bl; +http://www.semrush.com/bot.html)" "mantech8.com"
185.191.171.24 - - [03/Nov/2022:12:43:53 -0700] "GET /index.php/camp-fire/42276403.html HTTP/1.1" 500 - "-" "Mozilla/5.0 (compatible; SemrushBot/7~bl; +http://www.semrush.com/bot.html)" "mantech8.com"
185.191.171.39 - - [03/Nov/2022:12:43:54 -0700] "GET /index.php/camp-fire/42114334.html HTTP/1.1" 500 - "-" "Mozilla/5.0 (compatible; SemrushBot/7~bl; +http://www.semrush.com/bot.html)" "mantech8.com"
87.250.224.40 - - [03/Nov/2022:12:44:15 -0700] "GET /robots.txt HTTP/1.1" 200 222 "-" "Mozilla/5.0 (compatible; YandexBot/3.0; +http://yandex.com/bots)" "mantech8.com"
213.180.203.73 - - [03/Nov/2022:12:44:19 -0700] "GET / HTTP/1.1" 500 - "-" "Mozilla/5.0 (compatible; YandexBot/3.0; +http://yandex.com/bots)" "mantech8.com"
185.191.171.40 - - [03/Nov/2022:12:45:34 -0700] "GET /index.php/camp-fire/38173109.html HTTP/1.1" 500 - "-" "Mozilla/5.0 (compatible; SemrushBot/7~bl; +http://www.semrush.com/bot.html)" "mantech8.com"
185.191.171.39 - - [03/Nov/2022:12:46:44 -0700] "GET /index.php/camp-fire/1445459.html HTTP/1.1" 500 - "-" "Mozilla/5.0 (compatible; SemrushBot/7~bl; +http://www.semrush.com/bot.html)" "mantech8.com"
185.191.171.44 - - [03/Nov/2022:12:47:06 -0700] "GET /index.php/camp-fire/37708493.html HTTP/1.1" 500 - "-" "Mozilla/5.0 (compatible; SemrushBot/7~bl; +http://www.semrush.com/bot.html)" "mantech8.com"
185.191.171.40 - - [03/Nov/2022:12:47:14 -0700] "GET /index.php/camp-fire/1364359.html HTTP/1.1" 500 - "-" "Mozilla/5.0 (compatible; SemrushBot/7~bl; +http://www.semrush.com/bot.html)" "mantech8.com"
185.191.171.34 - - [03/Nov/2022:12:47:18 -0700] "GET /index.php/camp-fire/42241408.html HTTP/1.1" 500 - "-" "Mozilla/5.0 (compatible; SemrushBot/7~bl; +http://www.semrush.com/bot.html)" "mantech8.com"
185.191.171.5 - - [03/Nov/2022:12:48:02 -0700] "GET /index.php/camp-fire/4208365.html HTTP/1.1" 500 - "-" "Mozilla/5.0 (compatible; SemrushBot/7~bl; +http://www.semrush.com/bot.html)" "mantech8.com"
185.191.171.16 - - [03/Nov/2022:12:48:58 -0700] "GET /index.php/camp-fire/29988382.html HTTP/1.1" 500 - "-" "Mozilla/5.0 (compatible; SemrushBot/7~bl; +http://www.semrush.com/bot.html)" "mantech8.com"
185.191.171.21 - - [03/Nov/2022:12:49:04 -0700] "GET /index.php/camp-fire/3686929.html HTTP/1.1" 500 - "-" "Mozilla/5.0 (compatible; SemrushBot/7~bl; +http://www.semrush.com/bot.html)" "mantech8.com"
213.219.247.125 - - [03/Nov/2022:12:49:11 -0700] "GET /contact.php HTTP/1.1" 200 29238 "http://mantech8.com/contact.php" "Mozilla/5.0 (Windows NT 6.1; Win64; x64) AppleWebKit/537.36 (KHTML, like Gecko) Chrome/90.0.4430.72 Safari/537.36" "mantech8.com"
185.191.171.35 - - [03/Nov/2022:12:49:48 -0700] "GET /index.php/camp-fire/11930376.html HTTP/1.1" 500 - "-" "Mozilla/5.0 (compatible; SemrushBot/7~bl; +http://www.semrush.com/bot.html)" "mantech8.com"
185.191.171.19 - - [03/Nov/2022:12:50:56 -0700] "GET /index.php/camp-fire/18094881.html HTTP/1.1" 500 - "-" "Mozilla/5.0 (compatible; SemrushBot/7~bl; +http://www.semrush.com/bot.html)" "mantech8.com"
216.244.66.241 - - [03/Nov/2022:12:52:27 -0700] "GET /robots.txt HTTP/1.1" 200 222 "-" "Mozilla/5.0 (compatible; DotBot/1.2; +https://opensiteexplorer.org/dotbot; help@moz.com)" "mantech8.com"
216.244.66.241 - - [03/Nov/2022:12:52:27 -0700] "GET /robots.txt HTTP/1.1" 200 222 "-" "Mozilla/5.0 (compatible; DotBot/1.2; +https://opensiteexplorer.org/dotbot; help@moz.com)" "www.mantech8.com"
185.191.171.17 - - [03/Nov/2022:12:52:38 -0700] "GET /index.php/camp-fire/22438427.html HTTP/1.1" 500 - "-" "Mozilla/5.0 (compatible; SemrushBot/7~bl; +http://www.semrush.com/bot.html)" "mantech8.com"
45.154.98.29 - - [03/Nov/2022:12:52:54 -0700] "GET / HTTP/1.1" 500 - "-" "Mozilla/5.0 (Windows NT 6.1; Win64; x64; rv:100.0) Gecko/20100101 Firefox/100.0" "www.mantech8.com"
45.154.98.29 - - [03/Nov/2022:12:52:56 -0700] "GET / HTTP/1.1" 500 - "-" "Mozilla/5.0 (Macintosh; Intel Mac OS X 10_15_3) AppleWebKit/537.36 (KHTML, like Gecko) Chrome/80.0.3987.132 Safari/537.36" "www.mantech8.com"
185.191.171.45 - - [03/Nov/2022:12:53:30 -0700] "GET /index.php/camp-fire/39076935.html HTTP/1.1" 500 - "-" "Mozilla/5.0 (compatible; SemrushBot/7~bl; +http://www.semrush.com/bot.html)" "mantech8.com"
185.191.171.43 - - [03/Nov/2022:12:53:32 -0700] "GET /index.php/camp-fire/46367092.html HTTP/1.1" 500 - "-" "Mozilla/5.0 (compatible; SemrushBot/7~bl; +http://www.semrush.com/bot.html)" "mantech8.com"
185.191.171.7 - - [03/Nov/2022:12:53:46 -0700] "GET /index.php/camp-fire/4900285.html HTTP/1.1" 500 - "-" "Mozilla/5.0 (compatible; SemrushBot/7~bl; +http://www.semrush.com/bot.html)" "mantech8.com"
185.191.171.15 - - [03/Nov/2022:12:54:10 -0700] "GET /index.php/camp-fire/1931951.html HTTP/1.1" 500 - "-" "Mozilla/5.0 (compatible; SemrushBot/7~bl; +http://www.semrush.com/bot.html)" "mantech8.com"
193.188.21.49 - - [03/Nov/2022:12:54:38 -0700] "GET /contact.php HTTP/1.1" 200 29238 "http://mantech8.com/contact.php" "Mozilla/5.0 (Windows NT 10.0; WOW64) AppleWebKit/537.36 (KHTML, like Gecko) Chrome/90.0.4430.72 Safari/537.36" "mantech8.com"
66.249.66.11 - - [03/Nov/2022:12:54:58 -0700] "GET /index.php?shopping..co.jp/i-pre/div%3E HTTP/1.1" 200 69420 "-" "Googlebot-Image/1.0" "www.mantech8.com"
185.191.171.4 - - [03/Nov/2022:12:55:56 -0700] "GET /index.php/camp-fire/7104193.html HTTP/1.1" 500 - "-" "Mozilla/5.0 (compatible; SemrushBot/7~bl; +http://www.semrush.com/bot.html)" "mantech8.com"
185.191.171.16 - - [03/Nov/2022:12:55:58 -0700] "GET /index.php/camp-fire/19763598.html HTTP/1.1" 500 - "-" "Mozilla/5.0 (compatible; SemrushBot/7~bl; +http://www.semrush.com/bot.html)" "mantech8.com"
185.191.171.6 - - [03/Nov/2022:12:56:27 -0700] "GET /index.php/camp-fire/17111026.html HTTP/1.1" 500 - "-" "Mozilla/5.0 (compatible; SemrushBot/7~bl; +http://www.semrush.com/bot.html)" "mantech8.com"
185.191.171.7 - - [03/Nov/2022:12:56:47 -0700] "GET /index.php/camp-fire/13253976.html HTTP/1.1" 500 - "-" "Mozilla/5.0 (compatible; SemrushBot/7~bl; +http://www.semrush.com/bot.html)" "mantech8.com"
185.191.171.26 - - [03/Nov/2022:12:56:53 -0700] "GET /index.php/camp-fire/1232729.html HTTP/1.1" 500 - "-" "Mozilla/5.0 (compatible; SemrushBot/7~bl; +http://www.semrush.com/bot.html)" "mantech8.com"
185.191.171.6 - - [03/Nov/2022:12:56:57 -0700] "GET /robots.txt HTTP/1.1" 200 106 "-" "Mozilla/5.0 (compatible; SemrushBot/7~bl; +http://www.semrush.com/bot.html)" "mantech8.com"
185.191.171.44 - - [03/Nov/2022:12:56:57 -0700] "GET /index.php/camp-fire/20901065.html HTTP/1.1" 500 - "-" "Mozilla/5.0 (compatible; SemrushBot/7~bl; +http://www.semrush.com/bot.html)" "mantech8.com"
35.229.71.142 - - [03/Nov/2022:12:57:13 -0700] "GET /robots.txt HTTP/1.1" 200 106 "-" "ZoominfoBot (zoominfobot at zoominfo dot com)" "www.mantech8.com"
35.229.71.142 - - [03/Nov/2022:12:57:13 -0700] "GET / HTTP/1.1" 500 - "-" "ZoominfoBot (zoominfobot at zoominfo dot com)" "www.mantech8.com"
185.191.171.1 - - [03/Nov/2022:12:57:20 -0700] "GET /index.php/camp-fire/97830833.html HTTP/1.1" 500 - "-" "Mozilla/5.0 (compatible; SemrushBot/7~bl; +http://www.semrush.com/bot.html)" "mantech8.com"
185.191.171.8 - - [03/Nov/2022:12:57:41 -0700] "GET /index.php/camp-fire/26737547.html HTTP/1.1" 500 - "-" "Mozilla/5.0 (compatible; SemrushBot/7~bl; +http://www.semrush.com/bot.html)" "mantech8.com"
185.191.171.25 - - [03/Nov/2022:12:58:51 -0700] "GET /index.php/camp-fire/21741817.html HTTP/1.1" 500 - "-" "Mozilla/5.0 (compatible; SemrushBot/7~bl; +http://www.semrush.com/bot.html)" "mantech8.com"
185.191.171.35 - - [03/Nov/2022:12:59:05 -0700] "GET /index.php/camp-fire/1383390.html HTTP/1.1" 500 - "-" "Mozilla/5.0 (compatible; SemrushBot/7~bl; +http://www.semrush.com/bot.html)" "mantech8.com"
185.191.171.25 - - [03/Nov/2022:12:59:51 -0700] "GET /index.php/camp-fire/25166806.html HTTP/1.1" 500 - "-" "Mozilla/5.0 (compatible; SemrushBot/7~bl; +http://www.semrush.com/bot.html)" "mantech8.com"
185.191.171.25 - - [03/Nov/2022:13:00:00 -0700] "GET /index.php/camp-fire/24315165.html HTTP/1.1" 500 - "-" "Mozilla/5.0 (compatible; SemrushBot/7~bl; +http://www.semrush.com/bot.html)" "mantech8.com"
185.191.171.3 - - [03/Nov/2022:13:00:07 -0700] "GET /index.php/camp-fire/10933683.html HTTP/1.1" 500 - "-" "Mozilla/5.0 (compatible; SemrushBot/7~bl; +http://www.semrush.com/bot.html)" "mantech8.com"
185.191.171.14 - - [03/Nov/2022:13:00:44 -0700] "GET /index.php/camp-fire/1240329.html HTTP/1.1" 500 - "-" "Mozilla/5.0 (compatible; SemrushBot/7~bl; +http://www.semrush.com/bot.html)" "mantech8.com"
185.191.171.37 - - [03/Nov/2022:13:01:38 -0700] "GET /index.php/camp-fire/17603880.html HTTP/1.1" 500 - "-" "Mozilla/5.0 (compatible; SemrushBot/7~bl; +http://www.semrush.com/bot.html)" "mantech8.com"
185.191.171.2 - - [03/Nov/2022:13:01:51 -0700] "GET /index.php/camp-fire/16582465.html HTTP/1.1" 500 - "-" "Mozilla/5.0 (compatible; SemrushBot/7~bl; +http://www.semrush.com/bot.html)" "mantech8.com"
185.191.171.15 - - [03/Nov/2022:13:02:23 -0700] "GET /index.php/camp-fire/10954293.html HTTP/1.1" 500 - "-" "Mozilla/5.0 (compatible; SemrushBot/7~bl; +http://www.semrush.com/bot.html)" "mantech8.com"
185.191.171.33 - - [03/Nov/2022:13:02:33 -0700] "GET /index.php/camp-fire/50046076.html HTTP/1.1" 500 - "-" "Mozilla/5.0 (compatible; SemrushBot/7~bl; +http://www.semrush.com/bot.html)" "mantech8.com"
185.191.171.34 - - [03/Nov/2022:13:03:01 -0700] "GET /index.php/camp-fire/40241602.html HTTP/1.1" 500 - "-" "Mozilla/5.0 (compatible; SemrushBot/7~bl; +http://www.semrush.com/bot.html)" "mantech8.com"
185.191.171.34 - - [03/Nov/2022:13:03:49 -0700] "GET /index.php/camp-fire/11417700.html HTTP/1.1" 500 - "-" "Mozilla/5.0 (compatible; SemrushBot/7~bl; +http://www.semrush.com/bot.html)" "mantech8.com"
185.191.171.39 - - [03/Nov/2022:13:04:34 -0700] "GET /index.php/camp-fire/43602593.html HTTP/1.1" 500 - "-" "Mozilla/5.0 (compatible; SemrushBot/7~bl; +http://www.semrush.com/bot.html)" "mantech8.com"
185.191.171.6 - - [03/Nov/2022:13:05:46 -0700] "GET /index.php/camp-fire/31912530.html HTTP/1.1" 500 - "-" "Mozilla/5.0 (compatible; SemrushBot/7~bl; +http://www.semrush.com/bot.html)" "mantech8.com"
185.191.171.45 - - [03/Nov/2022:13:05:49 -0700] "GET /index.php/camp-fire/19997061.html HTTP/1.1" 500 - "-" "Mozilla/5.0 (compatible; SemrushBot/7~bl; +http://www.semrush.com/bot.html)" "mantech8.com"
185.191.171.8 - - [03/Nov/2022:13:06:26 -0700] "GET /index.php/camp-fire/7296280.html HTTP/1.1" 500 - "-" "Mozilla/5.0 (compatible; SemrushBot/7~bl; +http://www.semrush.com/bot.html)" "mantech8.com"
185.191.171.3 - - [03/Nov/2022:13:06:35 -0700] "GET /index.php/camp-fire/47996871.html HTTP/1.1" 500 - "-" "Mozilla/5.0 (compatible; SemrushBot/7~bl; +http://www.semrush.com/bot.html)" "mantech8.com"
185.191.171.14 - - [03/Nov/2022:13:06:46 -0700] "GET /index.php/camp-fire/17616580.html HTTP/1.1" 500 - "-" "Mozilla/5.0 (compatible; SemrushBot/7~bl; +http://www.semrush.com/bot.html)" "mantech8.com"
185.191.171.6 - - [03/Nov/2022:13:08:18 -0700] "GET /index.php/camp-fire/16243377.html HTTP/1.1" 500 - "-" "Mozilla/5.0 (compatible; SemrushBot/7~bl; +http://www.semrush.com/bot.html)" "mantech8.com"
185.191.171.34 - - [03/Nov/2022:13:08:26 -0700] "GET /index.php/camp-fire/41611293.html HTTP/1.1" 500 - "-" "Mozilla/5.0 (compatible; SemrushBot/7~bl; +http://www.semrush.com/bot.html)" "mantech8.com"
185.191.171.2 - - [03/Nov/2022:13:09:27 -0700] "GET /index.php/camp-fire/32539068.html HTTP/1.1" 500 - "-" "Mozilla/5.0 (compatible; SemrushBot/7~bl; +http://www.semrush.com/bot.html)" "mantech8.com"
185.191.171.5 - - [03/Nov/2022:13:09:46 -0700] "GET /index.php/camp-fire/17549090.html HTTP/1.1" 500 - "-" "Mozilla/5.0 (compatible; SemrushBot/7~bl; +http://www.semrush.com/bot.html)" "mantech8.com"
34.94.103.183 - - [03/Nov/2022:13:09:48 -0700] "GET / HTTP/1.1" 500 - "-" "python-requests/2.28.1" "mantech8.com"
185.191.171.23 - - [03/Nov/2022:13:10:24 -0700] "GET /index.php/camp-fire/40408550.html HTTP/1.1" 500 - "-" "Mozilla/5.0 (compatible; SemrushBot/7~bl; +http://www.semrush.com/bot.html)" "mantech8.com"
185.191.171.26 - - [03/Nov/2022:13:10:57 -0700] "GET /index.php/camp-fire/21804735.html HTTP/1.1" 500 - "-" "Mozilla/5.0 (compatible; SemrushBot/7~bl; +http://www.semrush.com/bot.html)" "mantech8.com"
185.191.171.12 - - [03/Nov/2022:13:12:12 -0700] "GET /index.php/camp-fire/17107776.html HTTP/1.1" 500 - "-" "Mozilla/5.0 (compatible; SemrushBot/7~bl; +http://www.semrush.com/bot.html)" "mantech8.com"
185.191.171.44 - - [03/Nov/2022:13:12:45 -0700] "GET /index.php/camp-fire/11037278.html HTTP/1.1" 500 - "-" "Mozilla/5.0 (compatible; SemrushBot/7~bl; +http://www.semrush.com/bot.html)" "mantech8.com"
185.191.171.6 - - [03/Nov/2022:13:13:06 -0700] "GET /index.php/camp-fire/25284733.html HTTP/1.1" 500 - "-" "Mozilla/5.0 (compatible; SemrushBot/7~bl; +http://www.semrush.com/bot.html)" "mantech8.com"
185.191.171.17 - - [03/Nov/2022:13:13:14 -0700] "GET /index.php/camp-fire/84343772.html HTTP/1.1" 500 - "-" "Mozilla/5.0 (compatible; SemrushBot/7~bl; +http://www.semrush.com/bot.html)" "mantech8.com"
49.36.120.118 - - [03/Nov/2022:13:13:21 -0700] "POST /mailer.php HTTP/1.1" 500 - "http://mantech8.com/contact.php" "Mozilla/5.0 (Windows NT 6.1; ) AppleWebKit/537.36 (KHTML, like Gecko) Chrome/90.0.4430.85 Safari/537.36" "mantech8.com"
49.36.120.118 - - [03/Nov/2022:13:13:19 -0700] "GET /contact.php HTTP/1.1" 200 29238 "http://mantech8.com/contact.php" "Mozilla/5.0 (Windows NT 6.1; ) AppleWebKit/537.36 (KHTML, like Gecko) Chrome/90.0.4430.85 Safari/537.36" "mantech8.com"
185.191.171.35 - - [03/Nov/2022:13:13:45 -0700] "GET /index.php/camp-fire/20350890.html HTTP/1.1" 500 - "-" "Mozilla/5.0 (compatible; SemrushBot/7~bl; +http://www.semrush.com/bot.html)" "mantech8.com"
185.191.171.16 - - [03/Nov/2022:13:14:40 -0700] "GET /index.php/camp-fire/22547317.html HTTP/1.1" 500 - "-" "Mozilla/5.0 (compatible; SemrushBot/7~bl; +http://www.semrush.com/bot.html)" "mantech8.com"
185.191.171.33 - - [03/Nov/2022:13:14:55 -0700] "GET /index.php/camp-fire/22022600.html HTTP/1.1" 500 - "-" "Mozilla/5.0 (compatible; SemrushBot/7~bl; +http://www.semrush.com/bot.html)" "mantech8.com"
185.191.171.20 - - [03/Nov/2022:13:15:05 -0700] "GET /index.php/camp-fire/33789708.html HTTP/1.1" 500 - "-" "Mozilla/5.0 (compatible; SemrushBot/7~bl; +http://www.semrush.com/bot.html)" "mantech8.com"
185.191.171.24 - - [03/Nov/2022:13:16:02 -0700] "GET /index.php/camp-fire/32580225.html HTTP/1.1" 500 - "-" "Mozilla/5.0 (compatible; SemrushBot/7~bl; +http://www.semrush.com/bot.html)" "mantech8.com"
185.191.171.43 - - [03/Nov/2022:13:16:35 -0700] "GET /index.php/camp-fire/89039056.html HTTP/1.1" 500 - "-" "Mozilla/5.0 (compatible; SemrushBot/7~bl; +http://www.semrush.com/bot.html)" "mantech8.com"
185.191.171.4 - - [03/Nov/2022:13:17:27 -0700] "GET /index.php/camp-fire/14784787.html HTTP/1.1" 500 - "-" "Mozilla/5.0 (compatible; SemrushBot/7~bl; +http://www.semrush.com/bot.html)" "mantech8.com"
185.191.171.8 - - [03/Nov/2022:13:18:02 -0700] "GET /index.php/camp-fire/13932859.html HTTP/1.1" 500 - "-" "Mozilla/5.0 (compatible; SemrushBot/7~bl; +http://www.semrush.com/bot.html)" "mantech8.com"
185.191.171.33 - - [03/Nov/2022:13:18:08 -0700] "GET /index.php/camp-fire/9417029.html HTTP/1.1" 500 - "-" "Mozilla/5.0 (compatible; SemrushBot/7~bl; +http://www.semrush.com/bot.html)" "mantech8.com"
207.46.13.145 - - [03/Nov/2022:13:19:50 -0700] "GET /index.php?camp-fire/55256805.html HTTP/1.1" 200 69369 "-" "Mozilla/5.0 AppleWebKit/537.36 (KHTML, like Gecko; compatible; bingbot/2.0; +http://www.bing.com/bingbot.htm) Chrome/103.0.5060.134 Safari/537.36" "www.mantech8.com"
185.191.171.2 - - [03/Nov/2022:13:20:59 -0700] "GET /index.php/camp-fire/25331584.html HTTP/1.1" 500 - "-" "Mozilla/5.0 (compatible; SemrushBot/7~bl; +http://www.semrush.com/bot.html)" "mantech8.com"
185.191.171.17 - - [03/Nov/2022:13:21:01 -0700] "GET /index.php/camp-fire/15571046.html HTTP/1.1" 500 - "-" "Mozilla/5.0 (compatible; SemrushBot/7~bl; +http://www.semrush.com/bot.html)" "mantech8.com"
185.191.171.35 - - [03/Nov/2022:13:21:02 -0700] "GET /index.php/camp-fire/3339200.html HTTP/1.1" 500 - "-" "Mozilla/5.0 (compatible; SemrushBot/7~bl; +http://www.semrush.com/bot.html)" "mantech8.com"
185.191.171.13 - - [03/Nov/2022:13:21:52 -0700] "GET /index.php/camp-fire/27224463.html HTTP/1.1" 500 - "-" "Mozilla/5.0 (compatible; SemrushBot/7~bl; +http://www.semrush.com/bot.html)" "mantech8.com"
185.191.171.20 - - [03/Nov/2022:13:22:46 -0700] "GET /index.php/camp-fire/21645009.html HTTP/1.1" 500 - "-" "Mozilla/5.0 (compatible; SemrushBot/7~bl; +http://www.semrush.com/bot.html)" "mantech8.com"
185.191.171.22 - - [03/Nov/2022:13:22:56 -0700] "GET /index.php/camp-fire/18184065.html HTTP/1.1" 500 - "-" "Mozilla/5.0 (compatible; SemrushBot/7~bl; +http://www.semrush.com/bot.html)" "mantech8.com"
185.191.171.14 - - [03/Nov/2022:13:23:45 -0700] "GET /index.php/camp-fire/38861908.html HTTP/1.1" 500 - "-" "Mozilla/5.0 (compatible; SemrushBot/7~bl; +http://www.semrush.com/bot.html)" "mantech8.com"
185.191.171.8 - - [03/Nov/2022:13:23:46 -0700] "GET /index.php/camp-fire/9784983.html HTTP/1.1" 500 - "-" "Mozilla/5.0 (compatible; SemrushBot/7~bl; +http://www.semrush.com/bot.html)" "mantech8.com"
185.191.171.15 - - [03/Nov/2022:13:23:52 -0700] "GET /index.php/camp-fire/19676465.html HTTP/1.1" 500 - "-" "Mozilla/5.0 (compatible; SemrushBot/7~bl; +http://www.semrush.com/bot.html)" "mantech8.com"
185.191.171.38 - - [03/Nov/2022:13:24:07 -0700] "GET /index.php/camp-fire/1885653.html HTTP/1.1" 500 - "-" "Mozilla/5.0 (compatible; SemrushBot/7~bl; +http://www.semrush.com/bot.html)" "mantech8.com"
185.191.171.41 - - [03/Nov/2022:13:24:46 -0700] "GET /index.php/camp-fire/35713138.html HTTP/1.1" 500 - "-" "Mozilla/5.0 (compatible; SemrushBot/7~bl; +http://www.semrush.com/bot.html)" "mantech8.com"
185.191.171.22 - - [03/Nov/2022:13:25:12 -0700] "GET /index.php/camp-fire/1188669.html HTTP/1.1" 500 - "-" "Mozilla/5.0 (compatible; SemrushBot/7~bl; +http://www.semrush.com/bot.html)" "mantech8.com"
185.191.171.40 - - [03/Nov/2022:13:25:42 -0700] "GET /index.php/camp-fire/10180751.html HTTP/1.1" 500 - "-" "Mozilla/5.0 (compatible; SemrushBot/7~bl; +http://www.semrush.com/bot.html)" "mantech8.com"
185.191.171.40 - - [03/Nov/2022:13:25:46 -0700] "GET /index.php/camp-fire/47005792.html HTTP/1.1" 500 - "-" "Mozilla/5.0 (compatible; SemrushBot/7~bl; +http://www.semrush.com/bot.html)" "mantech8.com"
185.191.171.45 - - [03/Nov/2022:13:25:47 -0700] "GET /index.php/camp-fire/33757559.html HTTP/1.1" 500 - "-" "Mozilla/5.0 (compatible; SemrushBot/7~bl; +http://www.semrush.com/bot.html)" "mantech8.com"
185.191.171.33 - - [03/Nov/2022:13:26:01 -0700] "GET /index.php/camp-fire/18253483.html HTTP/1.1" 500 - "-" "Mozilla/5.0 (compatible; SemrushBot/7~bl; +http://www.semrush.com/bot.html)" "mantech8.com"
185.191.171.22 - - [03/Nov/2022:13:26:15 -0700] "GET /index.php/camp-fire/38393730.html HTTP/1.1" 500 - "-" "Mozilla/5.0 (compatible; SemrushBot/7~bl; +http://www.semrush.com/bot.html)" "mantech8.com"
185.191.171.2 - - [03/Nov/2022:13:26:41 -0700] "GET /index.php/camp-fire/15578083.html HTTP/1.1" 500 - "-" "Mozilla/5.0 (compatible; SemrushBot/7~bl; +http://www.semrush.com/bot.html)" "mantech8.com"
