185.191.171.7 - - [02/Nov/2022:22:13:54 -0700] "GET /index.php/camp-fire/32997259.html HTTP/1.1" 500 - "-" "Mozilla/5.0 (compatible; SemrushBot/7~bl; +http://www.semrush.com/bot.html)" "mantech8.com"
157.55.39.6 - - [02/Nov/2022:22:14:08 -0700] "GET /index.php?/xsfw/zsdj.htm HTTP/1.1" 200 72925 "-" "Mozilla/5.0 (compatible; bingbot/2.0; +http://www.bing.com/bingbot.htm)" "mantech8.com"
159.89.202.88 - - [02/Nov/2022:22:14:17 -0700] "GET /wikindex.php?f=/bmLUxZLeaiRIek7s/umvUsXN4HVg3BzRf.txt HTTP/1.1" 404 73 "-" "Mozilla/5.0 (iPhone; CPU iPhone OS 14_2 like Mac OS X) AppleWebKit/605.1.15 (KHTML, like Gecko) Version/14.0.1 Mobile/15E148 Safari/604.1" "mantech8.com"
159.89.202.88 - - [02/Nov/2022:22:14:18 -0700] "GET /class-wp-widget-archives.php HTTP/1.1" 404 73 "-" "Mozilla/5.0 (Linux; arm_64; Android 7.1.1; Lenovo TB-8504X) AppleWebKit/537.36 (KHTML, like Gecko) Chrome/85.0.4183.127 YaBrowser/20.9.1.66.01 Safari/537.36" "mantech8.com"
159.89.202.88 - - [02/Nov/2022:22:14:18 -0700] "GET /3index.php?f=/bmLUxZLeaiRIek7s/umvUsXN4HVg3BzRf.txt HTTP/1.1" 404 73 "-" "Mozilla/5.0 (Linux; Android 10; SM-A505FN) AppleWebKit/537.36 (KHTML, like Gecko) Chrome/86.0.4240.99 Mobile Safari/537.36" "mantech8.com"
159.89.202.88 - - [02/Nov/2022:22:14:17 -0700] "GET /admin.php?f=/bmLUxZLeaiRIek7s/umvUsXN4HVg3BzRf.txt HTTP/1.1" 200 18 "-" "Mozilla/5.0 (Windows NT 10.0; Win64; x64) AppleWebKit/537.36 (KHTML, like Gecko) Chrome/83.0.4103.61 Safari/537.36" "mantech8.com"
159.89.202.88 - - [02/Nov/2022:22:14:18 -0700] "GET /wp-content/mu-plugins-old/index.php?f=/bmLUxZLeaiRIek7s/umvUsXN4HVg3BzRf.txt HTTP/1.1" 500 - "-" "Mozilla/5.0 (Windows NT 10.0; Win64; x64) AppleWebKit/537.36 (KHTML, like Gecko) Chrome/85.0.4183.102 Safari/537.36" "mantech8.com"
185.191.171.37 - - [02/Nov/2022:22:14:24 -0700] "GET /index.php/camp-fire/2639693.html HTTP/1.1" 500 - "-" "Mozilla/5.0 (compatible; SemrushBot/7~bl; +http://www.semrush.com/bot.html)" "mantech8.com"
185.191.171.25 - - [02/Nov/2022:22:14:29 -0700] "GET /index.php/camp-fire/33663316.html HTTP/1.1" 500 - "-" "Mozilla/5.0 (compatible; SemrushBot/7~bl; +http://www.semrush.com/bot.html)" "mantech8.com"
114.119.133.182 - - [02/Nov/2022:22:14:46 -0700] "GET /index.php/viton.xml HTTP/1.1" 200 289189 "-" "Mozilla/5.0 (Linux; Android 7.0;) AppleWebKit/537.36 (KHTML, like Gecko) Mobile Safari/537.36 (compatible; PetalBot;+https://webmaster.petalsearch.com/site/petalbot)" "mantech8.com"
185.191.171.39 - - [02/Nov/2022:22:15:32 -0700] "GET /index.php/camp-fire/37565868.html HTTP/1.1" 500 - "-" "Mozilla/5.0 (compatible; SemrushBot/7~bl; +http://www.semrush.com/bot.html)" "mantech8.com"
185.191.171.12 - - [02/Nov/2022:22:15:41 -0700] "GET /index.php/camp-fire/42233434.html HTTP/1.1" 500 - "-" "Mozilla/5.0 (compatible; SemrushBot/7~bl; +http://www.semrush.com/bot.html)" "mantech8.com"
66.249.66.66 - - [02/Nov/2022:22:15:55 -0700] "GET /fine-tune.xml HTTP/1.1" 404 88 "-" "Mozilla/5.0 (compatible; Googlebot/2.1; +http://www.google.com/bot.html)" "mantech8.com"
185.191.171.13 - - [02/Nov/2022:22:15:56 -0700] "GET /index.php/camp-fire/17588427.html HTTP/1.1" 500 - "-" "Mozilla/5.0 (compatible; SemrushBot/7~bl; +http://www.semrush.com/bot.html)" "mantech8.com"
185.191.171.18 - - [02/Nov/2022:22:16:17 -0700] "GET /index.php/camp-fire/35481663.html HTTP/1.1" 500 - "-" "Mozilla/5.0 (compatible; SemrushBot/7~bl; +http://www.semrush.com/bot.html)" "mantech8.com"
185.191.171.40 - - [02/Nov/2022:22:17:15 -0700] "GET /index.php/camp-fire/5761774.html HTTP/1.1" 500 - "-" "Mozilla/5.0 (compatible; SemrushBot/7~bl; +http://www.semrush.com/bot.html)" "mantech8.com"
185.191.171.45 - - [02/Nov/2022:22:17:37 -0700] "GET /index.php/camp-fire/20496198.html HTTP/1.1" 500 - "-" "Mozilla/5.0 (compatible; SemrushBot/7~bl; +http://www.semrush.com/bot.html)" "mantech8.com"
185.191.171.4 - - [02/Nov/2022:22:18:20 -0700] "GET /index.php/camp-fire/25780672.html HTTP/1.1" 500 - "-" "Mozilla/5.0 (compatible; SemrushBot/7~bl; +http://www.semrush.com/bot.html)" "mantech8.com"
185.191.171.13 - - [02/Nov/2022:22:18:24 -0700] "GET /index.php/camp-fire/28242361.html HTTP/1.1" 500 - "-" "Mozilla/5.0 (compatible; SemrushBot/7~bl; +http://www.semrush.com/bot.html)" "mantech8.com"
5.255.103.135 - - [02/Nov/2022:22:18:50 -0700] "GET /contact.php HTTP/1.1" 200 29238 "http://mantech8.com/contact.php" "Mozilla/5.0 (Windows NT 10.0; WOW64) AppleWebKit/537.36 (KHTML, like Gecko) Chrome/90.0.4430.85 Safari/537.36" "mantech8.com"
5.255.103.135 - - [02/Nov/2022:22:18:57 -0700] "GET /verificationimage.php?8140 HTTP/1.1" 200 1382 "http://mantech8.com/contact.php" "Mozilla/5.0 (Windows NT 10.0; WOW64) AppleWebKit/537.36 (KHTML, like Gecko) Chrome/90.0.4430.85 Safari/537.36" "mantech8.com"
5.255.103.135 - - [02/Nov/2022:22:19:03 -0700] "POST /mailer.php HTTP/1.1" 500 - "http://mantech8.com/contact.php" "Mozilla/5.0 (Windows NT 10.0; WOW64) AppleWebKit/537.36 (KHTML, like Gecko) Chrome/90.0.4430.85 Safari/537.36" "mantech8.com"
185.191.171.21 - - [02/Nov/2022:22:19:30 -0700] "GET /index.php/camp-fire/3801678.html HTTP/1.1" 500 - "-" "Mozilla/5.0 (compatible; SemrushBot/7~bl; +http://www.semrush.com/bot.html)" "mantech8.com"
114.119.133.158 - - [02/Nov/2022:22:19:50 -0700] "GET /?sitemap4209.xml HTTP/1.1" 200 270514 "-" "Mozilla/5.0 (Linux; Android 7.0;) AppleWebKit/537.36 (KHTML, like Gecko) Mobile Safari/537.36 (compatible; PetalBot;+https://webmaster.petalsearch.com/site/petalbot)" "mantech8.com"
185.191.171.44 - - [02/Nov/2022:22:20:07 -0700] "GET /index.php/camp-fire/23709306.html HTTP/1.1" 500 - "-" "Mozilla/5.0 (compatible; SemrushBot/7~bl; +http://www.semrush.com/bot.html)" "mantech8.com"
207.46.13.145 - - [02/Nov/2022:22:20:24 -0700] "GET /index.php?camp-fire/14728324.html HTTP/1.1" 200 60270 "-" "Mozilla/5.0 (compatible; bingbot/2.0; +http://www.bing.com/bingbot.htm)" "mantech8.com"
185.191.171.18 - - [02/Nov/2022:22:20:30 -0700] "GET /index.php/camp-fire/27369770.html HTTP/1.1" 500 - "-" "Mozilla/5.0 (compatible; SemrushBot/7~bl; +http://www.semrush.com/bot.html)" "mantech8.com"
185.191.171.43 - - [02/Nov/2022:22:21:20 -0700] "GET /index.php/camp-fire/27110763.html HTTP/1.1" 500 - "-" "Mozilla/5.0 (compatible; SemrushBot/7~bl; +http://www.semrush.com/bot.html)" "mantech8.com"
185.191.171.12 - - [02/Nov/2022:22:21:28 -0700] "GET /index.php/camp-fire/6991251.html HTTP/1.1" 500 - "-" "Mozilla/5.0 (compatible; SemrushBot/7~bl; +http://www.semrush.com/bot.html)" "mantech8.com"
185.191.171.44 - - [02/Nov/2022:22:22:02 -0700] "GET /index.php/camp-fire/4087965.html HTTP/1.1" 500 - "-" "Mozilla/5.0 (compatible; SemrushBot/7~bl; +http://www.semrush.com/bot.html)" "mantech8.com"
185.191.171.36 - - [02/Nov/2022:22:22:03 -0700] "GET /index.php/camp-fire/7873642.html HTTP/1.1" 500 - "-" "Mozilla/5.0 (compatible; SemrushBot/7~bl; +http://www.semrush.com/bot.html)" "mantech8.com"
207.46.13.149 - - [02/Nov/2022:22:22:11 -0700] "GET /gallery.php/jsgal/bootstrap.min.js HTTP/1.1" 200 49088 "-" "Mozilla/5.0 (compatible; MSIE 9.0; Windows NT 6.1; Trident/5.0)" "mantech8.com"
40.77.167.58 - - [02/Nov/2022:22:22:16 -0700] "GET /gallery.php/js/html5shiv.min.js HTTP/1.1" 200 49088 "-" "Mozilla/5.0 (compatible; MSIE 9.0; Windows NT 6.1; Trident/5.0)" "mantech8.com"
185.191.171.44 - - [02/Nov/2022:22:22:30 -0700] "GET /index.php/camp-fire/31926930.html HTTP/1.1" 500 - "-" "Mozilla/5.0 (compatible; SemrushBot/7~bl; +http://www.semrush.com/bot.html)" "mantech8.com"
185.191.171.9 - - [02/Nov/2022:22:22:53 -0700] "GET /index.php/camp-fire/26250582.html HTTP/1.1" 500 - "-" "Mozilla/5.0 (compatible; SemrushBot/7~bl; +http://www.semrush.com/bot.html)" "mantech8.com"
157.55.39.6 - - [02/Nov/2022:22:22:59 -0700] "GET /index.php?/%E3%82%AF%E3%83%AB%E3%83%BC%E3%82%B8%E3%83%B3%E3%82%B0%E3%81%AE%E6%96%99%E9%87%91%E3%82%92%E8%A6%8B%E7%9B%B4%E3%81%97%E3%81%BE%E3%81%97%E3%81%9F/ HTTP/1.1" 200 73833 "-" "Mozilla/5.0 (compatible; bingbot/2.0; +http://www.bing.com/bingbot.htm)" "mantech8.com"
185.191.171.25 - - [02/Nov/2022:22:23:14 -0700] "GET /index.php/camp-fire/21749226.html HTTP/1.1" 500 - "-" "Mozilla/5.0 (compatible; SemrushBot/7~bl; +http://www.semrush.com/bot.html)" "mantech8.com"
185.191.171.14 - - [02/Nov/2022:22:23:18 -0700] "GET /index.php/camp-fire/30870064.html HTTP/1.1" 500 - "-" "Mozilla/5.0 (compatible; SemrushBot/7~bl; +http://www.semrush.com/bot.html)" "mantech8.com"
185.191.171.12 - - [02/Nov/2022:22:24:06 -0700] "GET /index.php/camp-fire/30970863.html HTTP/1.1" 500 - "-" "Mozilla/5.0 (compatible; SemrushBot/7~bl; +http://www.semrush.com/bot.html)" "mantech8.com"
157.55.39.152 - - [02/Nov/2022:22:24:27 -0700] "GET /index.php?camp-fire/661.html HTTP/1.1" 200 66394 "-" "Mozilla/5.0 AppleWebKit/537.36 (KHTML, like Gecko; compatible; bingbot/2.0; +http://www.bing.com/bingbot.htm) Chrome/103.0.5060.134 Safari/537.36" "www.mantech8.com"
185.191.171.15 - - [02/Nov/2022:22:24:32 -0700] "GET /index.php/camp-fire/10127242.html HTTP/1.1" 500 - "-" "Mozilla/5.0 (compatible; SemrushBot/7~bl; +http://www.semrush.com/bot.html)" "mantech8.com"
185.191.171.3 - - [02/Nov/2022:22:24:46 -0700] "GET /index.php/camp-fire/29765564.html HTTP/1.1" 500 - "-" "Mozilla/5.0 (compatible; SemrushBot/7~bl; +http://www.semrush.com/bot.html)" "mantech8.com"
185.191.171.25 - - [02/Nov/2022:22:24:50 -0700] "GET /index.php/camp-fire/40329187.html HTTP/1.1" 500 - "-" "Mozilla/5.0 (compatible; SemrushBot/7~bl; +http://www.semrush.com/bot.html)" "mantech8.com"
114.119.133.190 - - [02/Nov/2022:22:24:54 -0700] "GET /bimages/service/thump/?C=S%3BO%3DA HTTP/1.1" 200 539 "http://mantech8.com/bimages/service/thump/?C=M%3BO%3DA" "Mozilla/5.0 (Linux; Android 7.0;) AppleWebKit/537.36 (KHTML, like Gecko) Mobile Safari/537.36 (compatible; PetalBot;+https://webmaster.petalsearch.com/site/petalbot)" "mantech8.com"
185.191.171.15 - - [02/Nov/2022:22:24:55 -0700] "GET /index.php/camp-fire/25117030.html HTTP/1.1" 500 - "-" "Mozilla/5.0 (compatible; SemrushBot/7~bl; +http://www.semrush.com/bot.html)" "mantech8.com"
185.191.171.3 - - [02/Nov/2022:22:25:01 -0700] "GET /index.php/camp-fire/5341198.html HTTP/1.1" 500 - "-" "Mozilla/5.0 (compatible; SemrushBot/7~bl; +http://www.semrush.com/bot.html)" "mantech8.com"
185.191.171.26 - - [02/Nov/2022:22:25:26 -0700] "GET /index.php/camp-fire/39806402.html HTTP/1.1" 500 - "-" "Mozilla/5.0 (compatible; SemrushBot/7~bl; +http://www.semrush.com/bot.html)" "mantech8.com"
185.191.171.36 - - [02/Nov/2022:22:25:39 -0700] "GET /index.php/camp-fire/4537474.html HTTP/1.1" 500 - "-" "Mozilla/5.0 (compatible; SemrushBot/7~bl; +http://www.semrush.com/bot.html)" "mantech8.com"
185.191.171.37 - - [02/Nov/2022:22:25:41 -0700] "GET /index.php/camp-fire/31927430.html HTTP/1.1" 500 - "-" "Mozilla/5.0 (compatible; SemrushBot/7~bl; +http://www.semrush.com/bot.html)" "mantech8.com"
185.191.171.3 - - [02/Nov/2022:22:26:39 -0700] "GET /index.php/camp-fire/17172826.html HTTP/1.1" 500 - "-" "Mozilla/5.0 (compatible; SemrushBot/7~bl; +http://www.semrush.com/bot.html)" "mantech8.com"
185.191.171.25 - - [02/Nov/2022:22:26:51 -0700] "GET /index.php/camp-fire/11939976.html HTTP/1.1" 500 - "-" "Mozilla/5.0 (compatible; SemrushBot/7~bl; +http://www.semrush.com/bot.html)" "mantech8.com"
185.191.171.25 - - [02/Nov/2022:22:27:27 -0700] "GET /index.php/camp-fire/54030964.html HTTP/1.1" 500 - "-" "Mozilla/5.0 (compatible; SemrushBot/7~bl; +http://www.semrush.com/bot.html)" "mantech8.com"
185.191.171.36 - - [02/Nov/2022:22:27:37 -0700] "GET /index.php/camp-fire/43410025.html HTTP/1.1" 500 - "-" "Mozilla/5.0 (compatible; SemrushBot/7~bl; +http://www.semrush.com/bot.html)" "mantech8.com"
185.191.171.19 - - [02/Nov/2022:22:27:38 -0700] "GET /index.php/camp-fire/3348598.html HTTP/1.1" 500 - "-" "Mozilla/5.0 (compatible; SemrushBot/7~bl; +http://www.semrush.com/bot.html)" "mantech8.com"
185.191.171.23 - - [02/Nov/2022:22:28:22 -0700] "GET /index.php/camp-fire/40261188.html HTTP/1.1" 500 - "-" "Mozilla/5.0 (compatible; SemrushBot/7~bl; +http://www.semrush.com/bot.html)" "mantech8.com"
185.191.171.15 - - [02/Nov/2022:22:28:55 -0700] "GET /index.php/camp-fire/18304278.html HTTP/1.1" 500 - "-" "Mozilla/5.0 (compatible; SemrushBot/7~bl; +http://www.semrush.com/bot.html)" "mantech8.com"
185.191.171.21 - - [02/Nov/2022:22:29:09 -0700] "GET /index.php/camp-fire/19141332.html HTTP/1.1" 500 - "-" "Mozilla/5.0 (compatible; SemrushBot/7~bl; +http://www.semrush.com/bot.html)" "mantech8.com"
114.119.133.166 - - [02/Nov/2022:22:29:57 -0700] "GET /qualityandsafety.php HTTP/1.1" 200 14453 "http://www.mantech8.com/contact.php" "Mozilla/5.0 (Linux; Android 7.0;) AppleWebKit/537.36 (KHTML, like Gecko) Mobile Safari/537.36 (compatible; PetalBot;+https://webmaster.petalsearch.com/site/petalbot)" "www.mantech8.com"
185.191.171.26 - - [02/Nov/2022:22:30:06 -0700] "GET /index.php/camp-fire/38162803.html HTTP/1.1" 500 - "-" "Mozilla/5.0 (compatible; SemrushBot/7~bl; +http://www.semrush.com/bot.html)" "mantech8.com"
185.191.171.18 - - [02/Nov/2022:22:30:13 -0700] "GET /index.php/camp-fire/20044932.html HTTP/1.1" 500 - "-" "Mozilla/5.0 (compatible; SemrushBot/7~bl; +http://www.semrush.com/bot.html)" "mantech8.com"
185.191.171.37 - - [02/Nov/2022:22:32:12 -0700] "GET /index.php/camp-fire/15276556.html HTTP/1.1" 500 - "-" "Mozilla/5.0 (compatible; SemrushBot/7~bl; +http://www.semrush.com/bot.html)" "mantech8.com"
185.191.171.26 - - [02/Nov/2022:22:32:42 -0700] "GET /index.php/camp-fire/1846851.html HTTP/1.1" 500 - "-" "Mozilla/5.0 (compatible; SemrushBot/7~bl; +http://www.semrush.com/bot.html)" "mantech8.com"
185.191.171.3 - - [02/Nov/2022:22:33:14 -0700] "GET /index.php/camp-fire/15529346.html HTTP/1.1" 500 - "-" "Mozilla/5.0 (compatible; SemrushBot/7~bl; +http://www.semrush.com/bot.html)" "mantech8.com"
185.191.171.13 - - [02/Nov/2022:22:33:20 -0700] "GET /index.php/camp-fire/15419408.html HTTP/1.1" 500 - "-" "Mozilla/5.0 (compatible; SemrushBot/7~bl; +http://www.semrush.com/bot.html)" "mantech8.com"
185.191.171.15 - - [02/Nov/2022:22:33:45 -0700] "GET /index.php/camp-fire/19808265.html HTTP/1.1" 500 - "-" "Mozilla/5.0 (compatible; SemrushBot/7~bl; +http://www.semrush.com/bot.html)" "mantech8.com"
185.191.171.34 - - [02/Nov/2022:22:34:19 -0700] "GET /index.php/camp-fire/21616053.html HTTP/1.1" 500 - "-" "Mozilla/5.0 (compatible; SemrushBot/7~bl; +http://www.semrush.com/bot.html)" "mantech8.com"
185.191.171.44 - - [02/Nov/2022:22:34:23 -0700] "GET /index.php/camp-fire/29887635.html HTTP/1.1" 500 - "-" "Mozilla/5.0 (compatible; SemrushBot/7~bl; +http://www.semrush.com/bot.html)" "mantech8.com"
185.191.171.44 - - [02/Nov/2022:22:34:26 -0700] "GET /index.php/camp-fire/4191265.html HTTP/1.1" 500 - "-" "Mozilla/5.0 (compatible; SemrushBot/7~bl; +http://www.semrush.com/bot.html)" "mantech8.com"
185.191.171.1 - - [02/Nov/2022:22:34:52 -0700] "GET /index.php/camp-fire/32491660.html HTTP/1.1" 500 - "-" "Mozilla/5.0 (compatible; SemrushBot/7~bl; +http://www.semrush.com/bot.html)" "mantech8.com"
66.249.66.20 - - [02/Nov/2022:22:34:59 -0700] "GET /ads.txt HTTP/1.1" 404 88 "-" "Mozilla/5.0 (compatible; Googlebot/2.1; +http://www.google.com/bot.html)" "www.mantech8.com"
114.119.133.190 - - [02/Nov/2022:22:35:01 -0700] "GET /bimages/hgallery/?C=S%3BO%3DA HTTP/1.1" 200 499 "http://www.mantech8.com/bimages/hgallery/" "Mozilla/5.0 (Linux; Android 7.0;) AppleWebKit/537.36 (KHTML, like Gecko) Mobile Safari/537.36 (compatible; PetalBot;+https://webmaster.petalsearch.com/site/petalbot)" "www.mantech8.com"
185.191.171.23 - - [02/Nov/2022:22:35:21 -0700] "GET /index.php/camp-fire/5476255.html HTTP/1.1" 500 - "-" "Mozilla/5.0 (compatible; SemrushBot/7~bl; +http://www.semrush.com/bot.html)" "mantech8.com"
185.191.171.19 - - [02/Nov/2022:22:35:33 -0700] "GET /index.php/camp-fire/46670771.html HTTP/1.1" 500 - "-" "Mozilla/5.0 (compatible; SemrushBot/7~bl; +http://www.semrush.com/bot.html)" "mantech8.com"
185.191.171.44 - - [02/Nov/2022:22:35:38 -0700] "GET /index.php/camp-fire/26757947.html HTTP/1.1" 500 - "-" "Mozilla/5.0 (compatible; SemrushBot/7~bl; +http://www.semrush.com/bot.html)" "mantech8.com"
185.191.171.40 - - [02/Nov/2022:22:35:52 -0700] "GET /index.php/camp-fire/31213555.html HTTP/1.1" 500 - "-" "Mozilla/5.0 (compatible; SemrushBot/7~bl; +http://www.semrush.com/bot.html)" "mantech8.com"
185.191.171.41 - - [02/Nov/2022:22:35:55 -0700] "GET /index.php/camp-fire/42045503.html HTTP/1.1" 500 - "-" "Mozilla/5.0 (compatible; SemrushBot/7~bl; +http://www.semrush.com/bot.html)" "mantech8.com"
185.191.171.13 - - [02/Nov/2022:22:36:28 -0700] "GET /index.php/camp-fire/35831763.html HTTP/1.1" 500 - "-" "Mozilla/5.0 (compatible; SemrushBot/7~bl; +http://www.semrush.com/bot.html)" "mantech8.com"
185.191.171.18 - - [02/Nov/2022:22:36:31 -0700] "GET /index.php/camp-fire/23961533.html HTTP/1.1" 500 - "-" "Mozilla/5.0 (compatible; SemrushBot/7~bl; +http://www.semrush.com/bot.html)" "mantech8.com"
185.191.171.38 - - [02/Nov/2022:22:37:04 -0700] "GET /index.php/camp-fire/34838660.html HTTP/1.1" 500 - "-" "Mozilla/5.0 (compatible; SemrushBot/7~bl; +http://www.semrush.com/bot.html)" "mantech8.com"
185.191.171.15 - - [02/Nov/2022:22:37:14 -0700] "GET /index.php/camp-fire/22287117.html HTTP/1.1" 500 - "-" "Mozilla/5.0 (compatible; SemrushBot/7~bl; +http://www.semrush.com/bot.html)" "mantech8.com"
185.191.171.33 - - [02/Nov/2022:22:38:05 -0700] "GET /index.php/camp-fire/33143964.html HTTP/1.1" 500 - "-" "Mozilla/5.0 (compatible; SemrushBot/7~bl; +http://www.semrush.com/bot.html)" "mantech8.com"
185.191.171.33 - - [02/Nov/2022:22:38:34 -0700] "GET /index.php/camp-fire/18125381.html HTTP/1.1" 500 - "-" "Mozilla/5.0 (compatible; SemrushBot/7~bl; +http://www.semrush.com/bot.html)" "mantech8.com"
185.191.171.41 - - [02/Nov/2022:22:39:10 -0700] "GET /index.php/camp-fire/35670938.html HTTP/1.1" 500 - "-" "Mozilla/5.0 (compatible; SemrushBot/7~bl; +http://www.semrush.com/bot.html)" "mantech8.com"
185.191.171.21 - - [02/Nov/2022:22:39:13 -0700] "GET /index.php/camp-fire/42127434.html HTTP/1.1" 500 - "-" "Mozilla/5.0 (compatible; SemrushBot/7~bl; +http://www.semrush.com/bot.html)" "mantech8.com"
185.191.171.25 - - [02/Nov/2022:22:39:58 -0700] "GET /index.php/camp-fire/26249382.html HTTP/1.1" 500 - "-" "Mozilla/5.0 (compatible; SemrushBot/7~bl; +http://www.semrush.com/bot.html)" "mantech8.com"
114.119.133.165 - - [02/Nov/2022:22:40:02 -0700] "GET /bimages/service/?C=S%3BO%3DA HTTP/1.1" 200 591 "http://mantech8.com/bimages/service/?C=M%3BO%3DA" "Mozilla/5.0 (Linux; Android 7.0;) AppleWebKit/537.36 (KHTML, like Gecko) Mobile Safari/537.36 (compatible; PetalBot;+https://webmaster.petalsearch.com/site/petalbot)" "mantech8.com"
185.191.171.24 - - [02/Nov/2022:22:40:59 -0700] "GET /index.php/camp-fire/4206185.html HTTP/1.1" 500 - "-" "Mozilla/5.0 (compatible; SemrushBot/7~bl; +http://www.semrush.com/bot.html)" "mantech8.com"
185.191.171.43 - - [02/Nov/2022:22:41:31 -0700] "GET /index.php/camp-fire/10090883.html HTTP/1.1" 500 - "-" "Mozilla/5.0 (compatible; SemrushBot/7~bl; +http://www.semrush.com/bot.html)" "mantech8.com"
185.191.171.8 - - [02/Nov/2022:22:41:43 -0700] "GET /index.php/camp-fire/33235716.html HTTP/1.1" 500 - "-" "Mozilla/5.0 (compatible; SemrushBot/7~bl; +http://www.semrush.com/bot.html)" "mantech8.com"
185.191.171.7 - - [02/Nov/2022:22:41:44 -0700] "GET /index.php/camp-fire/49652034.html HTTP/1.1" 500 - "-" "Mozilla/5.0 (compatible; SemrushBot/7~bl; +http://www.semrush.com/bot.html)" "mantech8.com"
185.191.171.39 - - [02/Nov/2022:22:43:06 -0700] "GET /index.php/camp-fire/16816126.html HTTP/1.1" 500 - "-" "Mozilla/5.0 (compatible; SemrushBot/7~bl; +http://www.semrush.com/bot.html)" "mantech8.com"
185.191.171.10 - - [02/Nov/2022:22:43:26 -0700] "GET /index.php/camp-fire/33655393.html HTTP/1.1" 500 - "-" "Mozilla/5.0 (compatible; SemrushBot/7~bl; +http://www.semrush.com/bot.html)" "mantech8.com"
185.191.171.1 - - [02/Nov/2022:22:44:04 -0700] "GET /index.php/camp-fire/16343621.html HTTP/1.1" 500 - "-" "Mozilla/5.0 (compatible; SemrushBot/7~bl; +http://www.semrush.com/bot.html)" "mantech8.com"
185.191.171.36 - - [02/Nov/2022:22:44:22 -0700] "GET /index.php/camp-fire/7828321.html HTTP/1.1" 500 - "-" "Mozilla/5.0 (compatible; SemrushBot/7~bl; +http://www.semrush.com/bot.html)" "mantech8.com"
185.191.171.39 - - [02/Nov/2022:22:44:27 -0700] "GET /index.php/camp-fire/17960642.html HTTP/1.1" 500 - "-" "Mozilla/5.0 (compatible; SemrushBot/7~bl; +http://www.semrush.com/bot.html)" "mantech8.com"
185.191.171.44 - - [02/Nov/2022:22:44:49 -0700] "GET /index.php/camp-fire/9005998.html HTTP/1.1" 500 - "-" "Mozilla/5.0 (compatible; SemrushBot/7~bl; +http://www.semrush.com/bot.html)" "mantech8.com"
185.191.171.44 - - [02/Nov/2022:22:44:55 -0700] "GET /index.php/camp-fire/18054985.html HTTP/1.1" 500 - "-" "Mozilla/5.0 (compatible; SemrushBot/7~bl; +http://www.semrush.com/bot.html)" "mantech8.com"
185.191.171.1 - - [02/Nov/2022:22:44:59 -0700] "GET /index.php/camp-fire/25941076.html HTTP/1.1" 500 - "-" "Mozilla/5.0 (compatible; SemrushBot/7~bl; +http://www.semrush.com/bot.html)" "mantech8.com"
185.191.171.13 - - [02/Nov/2022:22:45:00 -0700] "GET /index.php/camp-fire/43192992.html HTTP/1.1" 500 - "-" "Mozilla/5.0 (compatible; SemrushBot/7~bl; +http://www.semrush.com/bot.html)" "mantech8.com"
114.119.133.190 - - [02/Nov/2022:22:45:05 -0700] "GET /index.php/reym.xml HTTP/1.1" 200 289218 "-" "Mozilla/5.0 (Linux; Android 7.0;) AppleWebKit/537.36 (KHTML, like Gecko) Mobile Safari/537.36 (compatible; PetalBot;+https://webmaster.petalsearch.com/site/petalbot)" "mantech8.com"
185.191.171.11 - - [02/Nov/2022:22:45:11 -0700] "GET /index.php/camp-fire/17061683.html HTTP/1.1" 500 - "-" "Mozilla/5.0 (compatible; SemrushBot/7~bl; +http://www.semrush.com/bot.html)" "mantech8.com"
185.191.171.36 - - [02/Nov/2022:22:45:43 -0700] "GET /index.php/camp-fire/11669778.html HTTP/1.1" 500 - "-" "Mozilla/5.0 (compatible; SemrushBot/7~bl; +http://www.semrush.com/bot.html)" "mantech8.com"
185.191.171.11 - - [02/Nov/2022:22:45:59 -0700] "GET /index.php/camp-fire/27681209.html HTTP/1.1" 500 - "-" "Mozilla/5.0 (compatible; SemrushBot/7~bl; +http://www.semrush.com/bot.html)" "mantech8.com"
185.191.171.13 - - [02/Nov/2022:22:46:03 -0700] "GET /robots.txt HTTP/1.1" 200 106 "-" "Mozilla/5.0 (compatible; SemrushBot/7~bl; +http://www.semrush.com/bot.html)" "mantech8.com"
185.191.171.41 - - [02/Nov/2022:22:46:03 -0700] "GET /index.php/camp-fire/26565481.html HTTP/1.1" 500 - "-" "Mozilla/5.0 (compatible; SemrushBot/7~bl; +http://www.semrush.com/bot.html)" "mantech8.com"
185.191.171.36 - - [02/Nov/2022:22:46:15 -0700] "GET /index.php/camp-fire/35562041.html HTTP/1.1" 500 - "-" "Mozilla/5.0 (compatible; SemrushBot/7~bl; +http://www.semrush.com/bot.html)" "mantech8.com"
185.191.171.22 - - [02/Nov/2022:22:46:58 -0700] "GET /index.php/camp-fire/3381398.html HTTP/1.1" 500 - "-" "Mozilla/5.0 (compatible; SemrushBot/7~bl; +http://www.semrush.com/bot.html)" "mantech8.com"
185.191.171.11 - - [02/Nov/2022:22:46:59 -0700] "GET /index.php/camp-fire/47768835.html HTTP/1.1" 500 - "-" "Mozilla/5.0 (compatible; SemrushBot/7~bl; +http://www.semrush.com/bot.html)" "mantech8.com"
185.191.171.11 - - [02/Nov/2022:22:47:11 -0700] "GET /index.php/camp-fire/23261017.html HTTP/1.1" 500 - "-" "Mozilla/5.0 (compatible; SemrushBot/7~bl; +http://www.semrush.com/bot.html)" "mantech8.com"
157.55.39.152 - - [02/Nov/2022:22:48:49 -0700] "GET /index.php?camp-fire/646.html HTTP/1.1" 200 67792 "-" "Mozilla/5.0 (compatible; bingbot/2.0; +http://www.bing.com/bingbot.htm)" "www.mantech8.com"
114.119.133.182 - - [02/Nov/2022:22:50:08 -0700] "GET /bimages/elect/ HTTP/1.1" 200 417 "http://mantech8.com/bimages/?C=S%3BO%3DA" "Mozilla/5.0 (Linux; Android 7.0;) AppleWebKit/537.36 (KHTML, like Gecko) Mobile Safari/537.36 (compatible; PetalBot;+https://webmaster.petalsearch.com/site/petalbot)" "mantech8.com"
185.191.171.5 - - [02/Nov/2022:22:50:14 -0700] "GET /index.php/camp-fire/84309687.html HTTP/1.1" 500 - "-" "Mozilla/5.0 (compatible; SemrushBot/7~bl; +http://www.semrush.com/bot.html)" "mantech8.com"
185.191.171.13 - - [02/Nov/2022:22:50:22 -0700] "GET /index.php/camp-fire/34679863.html HTTP/1.1" 500 - "-" "Mozilla/5.0 (compatible; SemrushBot/7~bl; +http://www.semrush.com/bot.html)" "mantech8.com"
185.191.171.18 - - [02/Nov/2022:22:50:24 -0700] "GET /index.php/camp-fire/46660772.html HTTP/1.1" 500 - "-" "Mozilla/5.0 (compatible; SemrushBot/7~bl; +http://www.semrush.com/bot.html)" "mantech8.com"
185.191.171.3 - - [02/Nov/2022:22:50:53 -0700] "GET /index.php/camp-fire/23615706.html HTTP/1.1" 500 - "-" "Mozilla/5.0 (compatible; SemrushBot/7~bl; +http://www.semrush.com/bot.html)" "mantech8.com"
185.191.171.40 - - [02/Nov/2022:22:51:02 -0700] "GET /index.php/camp-fire/29358370.html HTTP/1.1" 500 - "-" "Mozilla/5.0 (compatible; SemrushBot/7~bl; +http://www.semrush.com/bot.html)" "mantech8.com"
216.244.66.241 - - [02/Nov/2022:22:51:04 -0700] "GET /robots.txt HTTP/1.1" 200 222 "-" "Mozilla/5.0 (compatible; DotBot/1.2; +https://opensiteexplorer.org/dotbot; help@moz.com)" "mantech8.com"
216.244.66.241 - - [02/Nov/2022:22:51:06 -0700] "GET /robots.txt HTTP/1.1" 200 222 "-" "Mozilla/5.0 (compatible; DotBot/1.2; +https://opensiteexplorer.org/dotbot; help@moz.com)" "www.mantech8.com"
185.191.171.42 - - [02/Nov/2022:22:51:14 -0700] "GET /index.php/camp-fire/7828921.html HTTP/1.1" 500 - "-" "Mozilla/5.0 (compatible; SemrushBot/7~bl; +http://www.semrush.com/bot.html)" "mantech8.com"
185.191.171.44 - - [02/Nov/2022:22:51:19 -0700] "GET /index.php/camp-fire/84016724.html HTTP/1.1" 500 - "-" "Mozilla/5.0 (compatible; SemrushBot/7~bl; +http://www.semrush.com/bot.html)" "mantech8.com"
185.191.171.22 - - [02/Nov/2022:22:51:59 -0700] "GET /index.php/camp-fire/41580971.html HTTP/1.1" 500 - "-" "Mozilla/5.0 (compatible; SemrushBot/7~bl; +http://www.semrush.com/bot.html)" "mantech8.com"
185.191.171.10 - - [02/Nov/2022:22:52:21 -0700] "GET /index.php/camp-fire/8155778.html HTTP/1.1" 500 - "-" "Mozilla/5.0 (compatible; SemrushBot/7~bl; +http://www.semrush.com/bot.html)" "mantech8.com"
185.191.171.40 - - [02/Nov/2022:22:52:31 -0700] "GET /index.php/camp-fire/28959217.html HTTP/1.1" 500 - "-" "Mozilla/5.0 (compatible; SemrushBot/7~bl; +http://www.semrush.com/bot.html)" "mantech8.com"
207.46.13.149 - - [02/Nov/2022:22:52:34 -0700] "GET /index.php?/2020/05/01/%E5%AD%90%E3%81%A9%E3%82%82%E3%81%AE%E6%88%90%E9%95%B7%E3%81%AB%E5%B7%AE%E3%81%8C%E3%81%A7%E3%82%8B%EF%BC%81%E3%83%91%E3%83%91%E3%82%82%E8%82%B2%E5%85%90%E3%81%B8%E5%8F%82%E5%8A%A0%E3%81%99%E3%82%8B/ HTTP/1.1" 200 60492 "-" "Mozilla/5.0 AppleWebKit/537.36 (KHTML, like Gecko; compatible; bingbot/2.0; +http://www.bing.com/bingbot.htm) Chrome/103.0.5060.134 Safari/537.36" "mantech8.com"
185.191.171.33 - - [02/Nov/2022:22:54:03 -0700] "GET /index.php/camp-fire/495669.html HTTP/1.1" 500 - "-" "Mozilla/5.0 (compatible; SemrushBot/7~bl; +http://www.semrush.com/bot.html)" "mantech8.com"
185.191.171.42 - - [02/Nov/2022:22:54:18 -0700] "GET /index.php/camp-fire/45608450.html HTTP/1.1" 500 - "-" "Mozilla/5.0 (compatible; SemrushBot/7~bl; +http://www.semrush.com/bot.html)" "mantech8.com"
185.191.171.23 - - [02/Nov/2022:22:54:20 -0700] "GET /index.php/camp-fire/1975653.html HTTP/1.1" 500 - "-" "Mozilla/5.0 (compatible; SemrushBot/7~bl; +http://www.semrush.com/bot.html)" "mantech8.com"
185.191.171.10 - - [02/Nov/2022:22:54:23 -0700] "GET /index.php/camp-fire/26664447.html HTTP/1.1" 500 - "-" "Mozilla/5.0 (compatible; SemrushBot/7~bl; +http://www.semrush.com/bot.html)" "mantech8.com"
185.191.171.15 - - [02/Nov/2022:22:54:35 -0700] "GET /index.php/camp-fire/43121671.html HTTP/1.1" 500 - "-" "Mozilla/5.0 (compatible; SemrushBot/7~bl; +http://www.semrush.com/bot.html)" "mantech8.com"
185.191.171.21 - - [02/Nov/2022:22:54:37 -0700] "GET /index.php/camp-fire/15221984.html HTTP/1.1" 500 - "-" "Mozilla/5.0 (compatible; SemrushBot/7~bl; +http://www.semrush.com/bot.html)" "mantech8.com"
185.191.171.15 - - [02/Nov/2022:22:54:57 -0700] "GET /index.php/camp-fire/12701742.html HTTP/1.1" 500 - "-" "Mozilla/5.0 (compatible; SemrushBot/7~bl; +http://www.semrush.com/bot.html)" "mantech8.com"
114.119.133.166 - - [02/Nov/2022:22:55:11 -0700] "GET /index.php?bubba.xml HTTP/1.1" 200 289247 "-" "Mozilla/5.0 (Linux; Android 7.0;) AppleWebKit/537.36 (KHTML, like Gecko) Mobile Safari/537.36 (compatible; PetalBot;+https://webmaster.petalsearch.com/site/petalbot)" "mantech8.com"
185.191.171.33 - - [02/Nov/2022:22:55:13 -0700] "GET /index.php/camp-fire/2603893.html HTTP/1.1" 500 - "-" "Mozilla/5.0 (compatible; SemrushBot/7~bl; +http://www.semrush.com/bot.html)" "mantech8.com"
185.191.171.3 - - [02/Nov/2022:22:55:19 -0700] "GET /index.php/camp-fire/17558927.html HTTP/1.1" 500 - "-" "Mozilla/5.0 (compatible; SemrushBot/7~bl; +http://www.semrush.com/bot.html)" "mantech8.com"
185.191.171.6 - - [02/Nov/2022:22:57:04 -0700] "GET /index.php/camp-fire/38112272.html HTTP/1.1" 500 - "-" "Mozilla/5.0 (compatible; SemrushBot/7~bl; +http://www.semrush.com/bot.html)" "mantech8.com"
185.191.171.2 - - [02/Nov/2022:22:57:39 -0700] "GET /index.php/camp-fire/15456383.html HTTP/1.1" 500 - "-" "Mozilla/5.0 (compatible; SemrushBot/7~bl; +http://www.semrush.com/bot.html)" "mantech8.com"
185.191.171.12 - - [02/Nov/2022:22:57:44 -0700] "GET /index.php/camp-fire/37082230.html HTTP/1.1" 500 - "-" "Mozilla/5.0 (compatible; SemrushBot/7~bl; +http://www.semrush.com/bot.html)" "mantech8.com"
68.235.43.37 - - [02/Nov/2022:22:58:30 -0700] "GET /contact.php HTTP/1.1" 200 29238 "http://mantech8.com/contact.php" "Mozilla/5.0 (Windows NT 10.0; Win64; x64) AppleWebKit/537.36 (KHTML, like Gecko) Chrome/90.0.4430.85 Safari/537.36" "mantech8.com"
109.70.100.31 - - [02/Nov/2022:22:58:32 -0700] "GET /verificationimage.php?2750 HTTP/1.1" 200 1371 "http://mantech8.com/contact.php" "Mozilla/5.0 (Windows NT 10.0; Win64; x64) AppleWebKit/537.36 (KHTML, like Gecko) Chrome/90.0.4430.85 Safari/537.36" "mantech8.com"
185.191.171.25 - - [02/Nov/2022:22:58:32 -0700] "GET /index.php/camp-fire/16715826.html HTTP/1.1" 500 - "-" "Mozilla/5.0 (compatible; SemrushBot/7~bl; +http://www.semrush.com/bot.html)" "mantech8.com"
109.70.100.31 - - [02/Nov/2022:22:58:33 -0700] "POST /mailer.php HTTP/1.1" 500 - "http://mantech8.com/contact.php" "Mozilla/5.0 (Windows NT 10.0; Win64; x64) AppleWebKit/537.36 (KHTML, like Gecko) Chrome/90.0.4430.85 Safari/537.36" "mantech8.com"
109.70.100.31 - - [02/Nov/2022:22:58:34 -0700] "GET /contact.php HTTP/1.1" 200 29238 "http://mantech8.com/contact.php" "Mozilla/5.0 (Windows NT 10.0; Win64; x64) AppleWebKit/537.36 (KHTML, like Gecko) Chrome/90.0.4430.85 Safari/537.36" "mantech8.com"
185.191.171.5 - - [02/Nov/2022:22:59:00 -0700] "GET /index.php/camp-fire/33272516.html HTTP/1.1" 500 - "-" "Mozilla/5.0 (compatible; SemrushBot/7~bl; +http://www.semrush.com/bot.html)" "mantech8.com"
185.191.171.7 - - [02/Nov/2022:22:59:25 -0700] "GET /index.php/camp-fire/28564959.html HTTP/1.1" 500 - "-" "Mozilla/5.0 (compatible; SemrushBot/7~bl; +http://www.semrush.com/bot.html)" "mantech8.com"
185.191.171.23 - - [02/Nov/2022:22:59:28 -0700] "GET /index.php/camp-fire/14856772.html HTTP/1.1" 500 - "-" "Mozilla/5.0 (compatible; SemrushBot/7~bl; +http://www.semrush.com/bot.html)" "mantech8.com"
185.191.171.45 - - [02/Nov/2022:22:59:53 -0700] "GET /index.php/camp-fire/27606271.html HTTP/1.1" 500 - "-" "Mozilla/5.0 (compatible; SemrushBot/7~bl; +http://www.semrush.com/bot.html)" "mantech8.com"
185.191.171.41 - - [02/Nov/2022:23:00:17 -0700] "GET /index.php/camp-fire/43834438.html HTTP/1.1" 500 - "-" "Mozilla/5.0 (compatible; SemrushBot/7~bl; +http://www.semrush.com/bot.html)" "mantech8.com"
185.191.171.13 - - [02/Nov/2022:23:00:21 -0700] "GET /index.php/camp-fire/7296680.html HTTP/1.1" 500 - "-" "Mozilla/5.0 (compatible; SemrushBot/7~bl; +http://www.semrush.com/bot.html)" "mantech8.com"
114.119.133.158 - - [02/Nov/2022:23:00:24 -0700] "GET /bimages/hydrog/uyimvonrfz.php HTTP/1.1" 200 32 "http://mantech8.com/bimages/hydrog/?C=S%3BO%3DA" "Mozilla/5.0 (Linux; Android 7.0;) AppleWebKit/537.36 (KHTML, like Gecko) Mobile Safari/537.36 (compatible; PetalBot;+https://webmaster.petalsearch.com/site/petalbot)" "mantech8.com"
185.191.171.2 - - [02/Nov/2022:23:00:53 -0700] "GET /index.php/camp-fire/21281155.html HTTP/1.1" 500 - "-" "Mozilla/5.0 (compatible; SemrushBot/7~bl; +http://www.semrush.com/bot.html)" "mantech8.com"
74.113.46.12 - - [02/Nov/2022:23:01:05 -0700] "GET /contact.php HTTP/1.1" 200 29238 "http://mantech8.com/contact.php" "Mozilla/5.0 (Windows NT 6.3; Win64; x64) AppleWebKit/537.36 (KHTML, like Gecko) Chrome/90.0.4430.72 Safari/537.36 Edg/90.0.818.42" "mantech8.com"
74.113.46.12 - - [02/Nov/2022:23:01:06 -0700] "POST /mailer.php HTTP/1.1" 500 - "http://mantech8.com/contact.php" "Mozilla/5.0 (Windows NT 6.3; Win64; x64) AppleWebKit/537.36 (KHTML, like Gecko) Chrome/90.0.4430.72 Safari/537.36 Edg/90.0.818.42" "mantech8.com"
185.191.171.42 - - [02/Nov/2022:23:01:13 -0700] "GET /index.php/camp-fire/30498741.html HTTP/1.1" 500 - "-" "Mozilla/5.0 (compatible; SemrushBot/7~bl; +http://www.semrush.com/bot.html)" "mantech8.com"
185.191.171.3 - - [02/Nov/2022:23:01:39 -0700] "GET /index.php/camp-fire/27986871.html HTTP/1.1" 500 - "-" "Mozilla/5.0 (compatible; SemrushBot/7~bl; +http://www.semrush.com/bot.html)" "mantech8.com"
185.191.171.14 - - [02/Nov/2022:23:01:53 -0700] "GET /index.php/camp-fire/24955730.html HTTP/1.1" 500 - "-" "Mozilla/5.0 (compatible; SemrushBot/7~bl; +http://www.semrush.com/bot.html)" "mantech8.com"
185.191.171.22 - - [02/Nov/2022:23:02:11 -0700] "GET /index.php/camp-fire/15435983.html HTTP/1.1" 500 - "-" "Mozilla/5.0 (compatible; SemrushBot/7~bl; +http://www.semrush.com/bot.html)" "mantech8.com"
185.191.171.8 - - [02/Nov/2022:23:03:52 -0700] "GET /index.php/camp-fire/18450227.html HTTP/1.1" 500 - "-" "Mozilla/5.0 (compatible; SemrushBot/7~bl; +http://www.semrush.com/bot.html)" "mantech8.com"
185.191.171.18 - - [02/Nov/2022:23:03:56 -0700] "GET /index.php/camp-fire/4179585.html HTTP/1.1" 500 - "-" "Mozilla/5.0 (compatible; SemrushBot/7~bl; +http://www.semrush.com/bot.html)" "mantech8.com"
185.191.171.11 - - [02/Nov/2022:23:04:25 -0700] "GET /index.php/camp-fire/33721859.html HTTP/1.1" 500 - "-" "Mozilla/5.0 (compatible; SemrushBot/7~bl; +http://www.semrush.com/bot.html)" "mantech8.com"
185.191.171.23 - - [02/Nov/2022:23:04:49 -0700] "GET /index.php/camp-fire/28439564.html HTTP/1.1" 500 - "-" "Mozilla/5.0 (compatible; SemrushBot/7~bl; +http://www.semrush.com/bot.html)" "mantech8.com"
185.191.171.13 - - [02/Nov/2022:23:04:51 -0700] "GET /index.php/camp-fire/33615459.html HTTP/1.1" 500 - "-" "Mozilla/5.0 (compatible; SemrushBot/7~bl; +http://www.semrush.com/bot.html)" "mantech8.com"
114.119.133.166 - - [02/Nov/2022:23:05:18 -0700] "GET /bimages/paintg/thump/?C=S%3BO%3DA HTTP/1.1" 200 483 "http://mantech8.com/bimages/paintg/thump/" "Mozilla/5.0 (Linux; Android 7.0;) AppleWebKit/537.36 (KHTML, like Gecko) Mobile Safari/537.36 (compatible; PetalBot;+https://webmaster.petalsearch.com/site/petalbot)" "mantech8.com"
185.191.171.19 - - [02/Nov/2022:23:05:19 -0700] "GET /index.php/camp-fire/19150232.html HTTP/1.1" 500 - "-" "Mozilla/5.0 (compatible; SemrushBot/7~bl; +http://www.semrush.com/bot.html)" "mantech8.com"
185.191.171.20 - - [02/Nov/2022:23:05:40 -0700] "GET /index.php/camp-fire/26034076.html HTTP/1.1" 500 - "-" "Mozilla/5.0 (compatible; SemrushBot/7~bl; +http://www.semrush.com/bot.html)" "mantech8.com"
185.191.171.19 - - [02/Nov/2022:23:06:01 -0700] "GET /index.php/camp-fire/60102471.html HTTP/1.1" 500 - "-" "Mozilla/5.0 (compatible; SemrushBot/7~bl; +http://www.semrush.com/bot.html)" "mantech8.com"
185.191.171.35 - - [02/Nov/2022:23:06:18 -0700] "GET /index.php/camp-fire/16294384.html HTTP/1.1" 500 - "-" "Mozilla/5.0 (compatible; SemrushBot/7~bl; +http://www.semrush.com/bot.html)" "mantech8.com"
185.191.171.1 - - [02/Nov/2022:23:06:29 -0700] "GET /index.php/camp-fire/3360500.html HTTP/1.1" 500 - "-" "Mozilla/5.0 (compatible; SemrushBot/7~bl; +http://www.semrush.com/bot.html)" "mantech8.com"
185.191.171.35 - - [02/Nov/2022:23:06:35 -0700] "GET /index.php/camp-fire/16016965.html HTTP/1.1" 500 - "-" "Mozilla/5.0 (compatible; SemrushBot/7~bl; +http://www.semrush.com/bot.html)" "mantech8.com"
185.191.171.4 - - [02/Nov/2022:23:06:48 -0700] "GET /index.php/camp-fire/41954850.html HTTP/1.1" 500 - "-" "Mozilla/5.0 (compatible; SemrushBot/7~bl; +http://www.semrush.com/bot.html)" "mantech8.com"
42.236.10.82 - - [02/Nov/2022:23:06:49 -0700] "GET / HTTP/1.1" 500 - "http://mantech8.com/" "Mozilla/5.0 (Windows NT 6.1; WOW64) AppleWebKit/537.36 (KHTML, like Gecko) Chrome/50.0.2661.102 Safari/537.36; 360Spider" "mantech8.com"
185.191.171.23 - - [02/Nov/2022:23:06:55 -0700] "GET /index.php/camp-fire/24863283.html HTTP/1.1" 500 - "-" "Mozilla/5.0 (compatible; SemrushBot/7~bl; +http://www.semrush.com/bot.html)" "mantech8.com"
42.236.10.116 - - [02/Nov/2022:23:07:49 -0700] "GET / HTTP/1.1" 500 - "http://www.mantech8.com/" "Mozilla/5.0 (Windows NT 6.1; WOW64) AppleWebKit/537.36 (KHTML, like Gecko) Chrome/50.0.2661.102 Safari/537.36; 360Spider" "www.mantech8.com"
185.191.171.39 - - [02/Nov/2022:23:08:15 -0700] "GET /index.php/camp-fire/19041332.html HTTP/1.1" 500 - "-" "Mozilla/5.0 (compatible; SemrushBot/7~bl; +http://www.semrush.com/bot.html)" "mantech8.com"
185.191.171.6 - - [02/Nov/2022:23:08:33 -0700] "GET /index.php/camp-fire/26181851.html HTTP/1.1" 500 - "-" "Mozilla/5.0 (compatible; SemrushBot/7~bl; +http://www.semrush.com/bot.html)" "mantech8.com"
185.191.171.22 - - [02/Nov/2022:23:08:51 -0700] "GET /index.php/camp-fire/23962833.html HTTP/1.1" 500 - "-" "Mozilla/5.0 (compatible; SemrushBot/7~bl; +http://www.semrush.com/bot.html)" "mantech8.com"
185.191.171.13 - - [02/Nov/2022:23:09:34 -0700] "GET /index.php/camp-fire/40429550.html HTTP/1.1" 500 - "-" "Mozilla/5.0 (compatible; SemrushBot/7~bl; +http://www.semrush.com/bot.html)" "mantech8.com"
185.191.171.44 - - [02/Nov/2022:23:10:11 -0700] "GET /index.php/camp-fire/39690971.html HTTP/1.1" 500 - "-" "Mozilla/5.0 (compatible; SemrushBot/7~bl; +http://www.semrush.com/bot.html)" "mantech8.com"
185.191.171.14 - - [02/Nov/2022:23:10:16 -0700] "GET /index.php/camp-fire/17926027.html HTTP/1.1" 500 - "-" "Mozilla/5.0 (compatible; SemrushBot/7~bl; +http://www.semrush.com/bot.html)" "mantech8.com"
114.119.133.158 - - [02/Nov/2022:23:10:21 -0700] "GET /bimages/paintg/thump/db_qbe.php HTTP/1.1" 200 32 "http://www.mantech8.com/bimages/paintg/thump/?C=S%3BO%3DA" "Mozilla/5.0 (Linux; Android 7.0;) AppleWebKit/537.36 (KHTML, like Gecko) Mobile Safari/537.36 (compatible; PetalBot;+https://webmaster.petalsearch.com/site/petalbot)" "www.mantech8.com"
185.191.171.17 - - [02/Nov/2022:23:10:39 -0700] "GET /index.php/camp-fire/21835417.html HTTP/1.1" 500 - "-" "Mozilla/5.0 (compatible; SemrushBot/7~bl; +http://www.semrush.com/bot.html)" "mantech8.com"
185.191.171.39 - - [02/Nov/2022:23:11:03 -0700] "GET /index.php/camp-fire/18791226.html HTTP/1.1" 500 - "-" "Mozilla/5.0 (compatible; SemrushBot/7~bl; +http://www.semrush.com/bot.html)" "mantech8.com"
185.191.171.38 - - [02/Nov/2022:23:11:58 -0700] "GET /index.php/camp-fire/24547730.html HTTP/1.1" 500 - "-" "Mozilla/5.0 (compatible; SemrushBot/7~bl; +http://www.semrush.com/bot.html)" "mantech8.com"
185.191.171.44 - - [02/Nov/2022:23:12:19 -0700] "GET /index.php/camp-fire/16186309.html HTTP/1.1" 500 - "-" "Mozilla/5.0 (compatible; SemrushBot/7~bl; +http://www.semrush.com/bot.html)" "mantech8.com"
185.191.171.8 - - [02/Nov/2022:23:12:22 -0700] "GET /index.php/camp-fire/10790098.html HTTP/1.1" 500 - "-" "Mozilla/5.0 (compatible; SemrushBot/7~bl; +http://www.semrush.com/bot.html)" "mantech8.com"
185.191.171.38 - - [02/Nov/2022:23:12:31 -0700] "GET /index.php/camp-fire/26643330.html HTTP/1.1" 500 - "-" "Mozilla/5.0 (compatible; SemrushBot/7~bl; +http://www.semrush.com/bot.html)" "mantech8.com"
185.191.171.36 - - [02/Nov/2022:23:12:58 -0700] "GET /index.php/camp-fire/2824069.html HTTP/1.1" 500 - "-" "Mozilla/5.0 (compatible; SemrushBot/7~bl; +http://www.semrush.com/bot.html)" "mantech8.com"
185.191.171.36 - - [02/Nov/2022:23:13:24 -0700] "GET /index.php/camp-fire/27528863.html HTTP/1.1" 500 - "-" "Mozilla/5.0 (compatible; SemrushBot/7~bl; +http://www.semrush.com/bot.html)" "mantech8.com"
185.191.171.9 - - [02/Nov/2022:23:13:32 -0700] "GET /index.php/camp-fire/17577880.html HTTP/1.1" 500 - "-" "Mozilla/5.0 (compatible; SemrushBot/7~bl; +http://www.semrush.com/bot.html)" "mantech8.com"
185.191.171.7 - - [02/Nov/2022:23:14:18 -0700] "GET /index.php/camp-fire/15180656.html HTTP/1.1" 500 - "-" "Mozilla/5.0 (compatible; SemrushBot/7~bl; +http://www.semrush.com/bot.html)" "mantech8.com"
185.191.171.7 - - [02/Nov/2022:23:14:32 -0700] "GET /index.php/camp-fire/49781871.html HTTP/1.1" 500 - "-" "Mozilla/5.0 (compatible; SemrushBot/7~bl; +http://www.semrush.com/bot.html)" "mantech8.com"
185.191.171.23 - - [02/Nov/2022:23:14:35 -0700] "GET /index.php/camp-fire/35034063.html HTTP/1.1" 500 - "-" "Mozilla/5.0 (compatible; SemrushBot/7~bl; +http://www.semrush.com/bot.html)" "mantech8.com"
185.191.171.14 - - [02/Nov/2022:23:15:12 -0700] "GET /index.php/camp-fire/19640881.html HTTP/1.1" 500 - "-" "Mozilla/5.0 (compatible; SemrushBot/7~bl; +http://www.semrush.com/bot.html)" "mantech8.com"
185.191.171.3 - - [02/Nov/2022:23:15:29 -0700] "GET /index.php/camp-fire/24630730.html HTTP/1.1" 500 - "-" "Mozilla/5.0 (compatible; SemrushBot/7~bl; +http://www.semrush.com/bot.html)" "mantech8.com"
114.119.133.190 - - [02/Nov/2022:23:15:24 -0700] "GET /index.php?camp-fire/28176273.html HTTP/1.1" 500 - "-" "Mozilla/5.0 (Linux; Android 7.0;) AppleWebKit/537.36 (KHTML, like Gecko) Mobile Safari/537.36 (compatible; PetalBot;+https://webmaster.petalsearch.com/site/petalbot)" "www.mantech8.com"
185.191.171.23 - - [02/Nov/2022:23:15:58 -0700] "GET /index.php/camp-fire/32918630.html HTTP/1.1" 500 - "-" "Mozilla/5.0 (compatible; SemrushBot/7~bl; +http://www.semrush.com/bot.html)" "mantech8.com"
185.191.171.23 - - [02/Nov/2022:23:16:12 -0700] "GET /index.php/camp-fire/32544726.html HTTP/1.1" 500 - "-" "Mozilla/5.0 (compatible; SemrushBot/7~bl; +http://www.semrush.com/bot.html)" "mantech8.com"
185.191.171.38 - - [02/Nov/2022:23:16:18 -0700] "GET /index.php/camp-fire/29539159.html HTTP/1.1" 500 - "-" "Mozilla/5.0 (compatible; SemrushBot/7~bl; +http://www.semrush.com/bot.html)" "mantech8.com"
185.191.171.37 - - [02/Nov/2022:23:16:34 -0700] "GET /index.php/camp-fire/40819255.html HTTP/1.1" 500 - "-" "Mozilla/5.0 (compatible; SemrushBot/7~bl; +http://www.semrush.com/bot.html)" "mantech8.com"
185.191.171.36 - - [02/Nov/2022:23:17:57 -0700] "GET /index.php/camp-fire/5295696.html HTTP/1.1" 500 - "-" "Mozilla/5.0 (compatible; SemrushBot/7~bl; +http://www.semrush.com/bot.html)" "mantech8.com"
185.191.171.19 - - [02/Nov/2022:23:17:58 -0700] "GET /index.php/camp-fire/33123125.html HTTP/1.1" 500 - "-" "Mozilla/5.0 (compatible; SemrushBot/7~bl; +http://www.semrush.com/bot.html)" "mantech8.com"
185.191.171.25 - - [02/Nov/2022:23:18:38 -0700] "GET /index.php/camp-fire/91886781.html HTTP/1.1" 500 - "-" "Mozilla/5.0 (compatible; SemrushBot/7~bl; +http://www.semrush.com/bot.html)" "mantech8.com"
185.191.171.7 - - [02/Nov/2022:23:18:53 -0700] "GET /index.php/camp-fire/38712908.html HTTP/1.1" 500 - "-" "Mozilla/5.0 (compatible; SemrushBot/7~bl; +http://www.semrush.com/bot.html)" "mantech8.com"
40.77.167.58 - - [02/Nov/2022:23:18:59 -0700] "GET /index.php?camp-fire/62657371.html HTTP/1.1" 200 68384 "-" "Mozilla/5.0 (compatible; bingbot/2.0; +http://www.bing.com/bingbot.htm)" "www.mantech8.com"
185.191.171.35 - - [02/Nov/2022:23:19:02 -0700] "GET /index.php/camp-fire/27373221.html HTTP/1.1" 500 - "-" "Mozilla/5.0 (compatible; SemrushBot/7~bl; +http://www.semrush.com/bot.html)" "mantech8.com"
185.191.171.25 - - [02/Nov/2022:23:19:28 -0700] "GET /index.php/camp-fire/26089027.html HTTP/1.1" 500 - "-" "Mozilla/5.0 (compatible; SemrushBot/7~bl; +http://www.semrush.com/bot.html)" "mantech8.com"
185.191.171.17 - - [02/Nov/2022:23:19:30 -0700] "GET /index.php/camp-fire/43415534.html HTTP/1.1" 500 - "-" "Mozilla/5.0 (compatible; SemrushBot/7~bl; +http://www.semrush.com/bot.html)" "mantech8.com"
157.55.39.181 - - [02/Nov/2022:23:19:55 -0700] "GET /index.php?camp-fire/60107359.html HTTP/1.1" 200 67836 "-" "Mozilla/5.0 AppleWebKit/537.36 (KHTML, like Gecko; compatible; bingbot/2.0; +http://www.bing.com/bingbot.htm) Chrome/103.0.5060.134 Safari/537.36" "www.mantech8.com"
185.191.171.45 - - [02/Nov/2022:23:20:01 -0700] "GET /index.php/camp-fire/21123280.html HTTP/1.1" 500 - "-" "Mozilla/5.0 (compatible; SemrushBot/7~bl; +http://www.semrush.com/bot.html)" "mantech8.com"
114.119.133.166 - - [02/Nov/2022:23:20:31 -0700] "GET /clients.php HTTP/1.1" 200 18489 "http://www.mantech8.com/contact.php" "Mozilla/5.0 (Linux; Android 7.0;) AppleWebKit/537.36 (KHTML, like Gecko) Mobile Safari/537.36 (compatible; PetalBot;+https://webmaster.petalsearch.com/site/petalbot)" "www.mantech8.com"
185.191.171.36 - - [02/Nov/2022:23:20:52 -0700] "GET /index.php/camp-fire/23698206.html HTTP/1.1" 500 - "-" "Mozilla/5.0 (compatible; SemrushBot/7~bl; +http://www.semrush.com/bot.html)" "mantech8.com"
185.191.171.23 - - [02/Nov/2022:23:20:56 -0700] "GET /index.php/camp-fire/1424929.html HTTP/1.1" 500 - "-" "Mozilla/5.0 (compatible; SemrushBot/7~bl; +http://www.semrush.com/bot.html)" "mantech8.com"
185.191.171.9 - - [02/Nov/2022:23:21:04 -0700] "GET /index.php/camp-fire/42917634.html HTTP/1.1" 500 - "-" "Mozilla/5.0 (compatible; SemrushBot/7~bl; +http://www.semrush.com/bot.html)" "mantech8.com"
185.191.171.6 - - [02/Nov/2022:23:21:14 -0700] "GET /index.php/camp-fire/6974278.html HTTP/1.1" 500 - "-" "Mozilla/5.0 (compatible; SemrushBot/7~bl; +http://www.semrush.com/bot.html)" "mantech8.com"
185.191.171.15 - - [02/Nov/2022:23:22:58 -0700] "GET /index.php/camp-fire/28918866.html HTTP/1.1" 500 - "-" "Mozilla/5.0 (compatible; SemrushBot/7~bl; +http://www.semrush.com/bot.html)" "mantech8.com"
185.191.171.39 - - [02/Nov/2022:23:22:59 -0700] "GET /index.php/camp-fire/58146025.html HTTP/1.1" 500 - "-" "Mozilla/5.0 (compatible; SemrushBot/7~bl; +http://www.semrush.com/bot.html)" "mantech8.com"
185.191.171.10 - - [02/Nov/2022:23:23:09 -0700] "GET /index.php/camp-fire/21663617.html HTTP/1.1" 500 - "-" "Mozilla/5.0 (compatible; SemrushBot/7~bl; +http://www.semrush.com/bot.html)" "mantech8.com"
185.191.171.35 - - [02/Nov/2022:23:23:28 -0700] "GET /index.php/camp-fire/36170066.html HTTP/1.1" 500 - "-" "Mozilla/5.0 (compatible; SemrushBot/7~bl; +http://www.semrush.com/bot.html)" "mantech8.com"
185.191.171.18 - - [02/Nov/2022:23:23:53 -0700] "GET /index.php/camp-fire/8414169.html HTTP/1.1" 500 - "-" "Mozilla/5.0 (compatible; SemrushBot/7~bl; +http://www.semrush.com/bot.html)" "mantech8.com"
185.191.171.6 - - [02/Nov/2022:23:24:39 -0700] "GET /index.php/camp-fire/50489350.html HTTP/1.1" 500 - "-" "Mozilla/5.0 (compatible; SemrushBot/7~bl; +http://www.semrush.com/bot.html)" "mantech8.com"
185.191.171.13 - - [02/Nov/2022:23:24:55 -0700] "GET /index.php/camp-fire/9669583.html HTTP/1.1" 500 - "-" "Mozilla/5.0 (compatible; SemrushBot/7~bl; +http://www.semrush.com/bot.html)" "mantech8.com"
114.119.133.166 - - [02/Nov/2022:23:25:31 -0700] "GET /?kleffens.xml HTTP/1.1" 200 270558 "-" "Mozilla/5.0 (Linux; Android 7.0;) AppleWebKit/537.36 (KHTML, like Gecko) Mobile Safari/537.36 (compatible; PetalBot;+https://webmaster.petalsearch.com/site/petalbot)" "mantech8.com"
185.191.171.35 - - [02/Nov/2022:23:25:45 -0700] "GET /index.php/camp-fire/15407784.html HTTP/1.1" 500 - "-" "Mozilla/5.0 (compatible; SemrushBot/7~bl; +http://www.semrush.com/bot.html)" "mantech8.com"
185.191.171.43 - - [02/Nov/2022:23:25:51 -0700] "GET /index.php/camp-fire/5374998.html HTTP/1.1" 500 - "-" "Mozilla/5.0 (compatible; SemrushBot/7~bl; +http://www.semrush.com/bot.html)" "mantech8.com"
185.191.171.16 - - [02/Nov/2022:23:25:58 -0700] "GET /index.php/camp-fire/40005976.html HTTP/1.1" 500 - "-" "Mozilla/5.0 (compatible; SemrushBot/7~bl; +http://www.semrush.com/bot.html)" "mantech8.com"
185.191.171.42 - - [02/Nov/2022:23:26:23 -0700] "GET /index.php/camp-fire/7852398.html HTTP/1.1" 500 - "-" "Mozilla/5.0 (compatible; SemrushBot/7~bl; +http://www.semrush.com/bot.html)" "mantech8.com"
185.191.171.44 - - [02/Nov/2022:23:27:22 -0700] "GET /index.php/camp-fire/27646109.html HTTP/1.1" 500 - "-" "Mozilla/5.0 (compatible; SemrushBot/7~bl; +http://www.semrush.com/bot.html)" "mantech8.com"
185.191.171.4 - - [02/Nov/2022:23:27:23 -0700] "GET /index.php/camp-fire/36068459.html HTTP/1.1" 500 - "-" "Mozilla/5.0 (compatible; SemrushBot/7~bl; +http://www.semrush.com/bot.html)" "mantech8.com"
185.191.171.20 - - [02/Nov/2022:23:27:28 -0700] "GET /index.php/camp-fire/40671468.html HTTP/1.1" 500 - "-" "Mozilla/5.0 (compatible; SemrushBot/7~bl; +http://www.semrush.com/bot.html)" "mantech8.com"
185.191.171.21 - - [02/Nov/2022:23:28:09 -0700] "GET /robots.txt HTTP/1.1" 200 106 "-" "Mozilla/5.0 (compatible; SemrushBot/7~bl; +http://www.semrush.com/bot.html)" "mantech8.com"
185.191.171.2 - - [02/Nov/2022:23:28:10 -0700] "GET /index.php/camp-fire/15908246.html HTTP/1.1" 500 - "-" "Mozilla/5.0 (compatible; SemrushBot/7~bl; +http://www.semrush.com/bot.html)" "mantech8.com"
185.191.171.35 - - [02/Nov/2022:23:28:15 -0700] "GET /index.php/camp-fire/15908546.html HTTP/1.1" 500 - "-" "Mozilla/5.0 (compatible; SemrushBot/7~bl; +http://www.semrush.com/bot.html)" "mantech8.com"
185.191.171.15 - - [02/Nov/2022:23:29:10 -0700] "GET /index.php/camp-fire/37262563.html HTTP/1.1" 500 - "-" "Mozilla/5.0 (compatible; SemrushBot/7~bl; +http://www.semrush.com/bot.html)" "mantech8.com"
185.191.171.35 - - [02/Nov/2022:23:29:11 -0700] "GET /index.php/camp-fire/25585033.html HTTP/1.1" 500 - "-" "Mozilla/5.0 (compatible; SemrushBot/7~bl; +http://www.semrush.com/bot.html)" "mantech8.com"
185.191.171.26 - - [02/Nov/2022:23:29:38 -0700] "GET /index.php/camp-fire/33650059.html HTTP/1.1" 500 - "-" "Mozilla/5.0 (compatible; SemrushBot/7~bl; +http://www.semrush.com/bot.html)" "mantech8.com"
