111.65.39.24 - - [03/Nov/2022:00:17:56 -0700] "GET /bimages/service/thump/b444.jpg HTTP/1.1" 200 20891 "http://www.mantech8.com/services.php" "Mozilla/5.0 (Linux; Android 11; CPH1969) AppleWebKit/537.36 (KHTML, like Gecko) Chrome/90.0.4430.210 Mobile Safari/537.36" "www.mantech8.com"
111.65.39.24 - - [03/Nov/2022:00:17:56 -0700] "GET /bimages/service/thump/b555.jpg HTTP/1.1" 200 21936 "http://www.mantech8.com/services.php" "Mozilla/5.0 (Linux; Android 11; CPH1969) AppleWebKit/537.36 (KHTML, like Gecko) Chrome/90.0.4430.210 Mobile Safari/537.36" "www.mantech8.com"
111.65.39.24 - - [03/Nov/2022:00:17:57 -0700] "GET /bimages/service/thump/b666.jpg HTTP/1.1" 200 22055 "http://www.mantech8.com/services.php" "Mozilla/5.0 (Linux; Android 11; CPH1969) AppleWebKit/537.36 (KHTML, like Gecko) Chrome/90.0.4430.210 Mobile Safari/537.36" "www.mantech8.com"
111.65.39.24 - - [03/Nov/2022:00:17:57 -0700] "GET /bimages/service/thump/b888.jpg HTTP/1.1" 200 26812 "http://www.mantech8.com/services.php" "Mozilla/5.0 (Linux; Android 11; CPH1969) AppleWebKit/537.36 (KHTML, like Gecko) Chrome/90.0.4430.210 Mobile Safari/537.36" "www.mantech8.com"
111.65.39.24 - - [03/Nov/2022:00:17:57 -0700] "GET /bimages/service/thump/b777.jpg HTTP/1.1" 200 29482 "http://www.mantech8.com/services.php" "Mozilla/5.0 (Linux; Android 11; CPH1969) AppleWebKit/537.36 (KHTML, like Gecko) Chrome/90.0.4430.210 Mobile Safari/537.36" "www.mantech8.com"
111.65.39.24 - - [03/Nov/2022:00:17:57 -0700] "GET /bimages/service/thump/b999.jpg HTTP/1.1" 200 20180 "http://www.mantech8.com/services.php" "Mozilla/5.0 (Linux; Android 11; CPH1969) AppleWebKit/537.36 (KHTML, like Gecko) Chrome/90.0.4430.210 Mobile Safari/537.36" "www.mantech8.com"
111.65.39.24 - - [03/Nov/2022:00:17:57 -0700] "GET /bimages/service/thump/b101.jpg HTTP/1.1" 200 21368 "http://www.mantech8.com/services.php" "Mozilla/5.0 (Linux; Android 11; CPH1969) AppleWebKit/537.36 (KHTML, like Gecko) Chrome/90.0.4430.210 Mobile Safari/537.36" "www.mantech8.com"
111.65.39.24 - - [03/Nov/2022:00:17:57 -0700] "GET /bimages/service/thump/b1111.jpg HTTP/1.1" 200 26895 "http://www.mantech8.com/services.php" "Mozilla/5.0 (Linux; Android 11; CPH1969) AppleWebKit/537.36 (KHTML, like Gecko) Chrome/90.0.4430.210 Mobile Safari/537.36" "www.mantech8.com"
111.65.39.24 - - [03/Nov/2022:00:17:57 -0700] "GET /bimages/video/scaffoldingbig.jpg HTTP/1.1" 200 179794 "http://www.mantech8.com/services.php" "Mozilla/5.0 (Linux; Android 11; CPH1969) AppleWebKit/537.36 (KHTML, like Gecko) Chrome/90.0.4430.210 Mobile Safari/537.36" "www.mantech8.com"
111.65.39.24 - - [03/Nov/2022:00:17:57 -0700] "GET /images/readmorebuttonblue.png HTTP/1.1" 200 4114 "http://www.mantech8.com/services.php" "Mozilla/5.0 (Linux; Android 11; CPH1969) AppleWebKit/537.36 (KHTML, like Gecko) Chrome/90.0.4430.210 Mobile Safari/537.36" "www.mantech8.com"
111.65.39.24 - - [03/Nov/2022:00:17:57 -0700] "GET /bimages/video/painting.jpg HTTP/1.1" 200 56219 "http://www.mantech8.com/services.php" "Mozilla/5.0 (Linux; Android 11; CPH1969) AppleWebKit/537.36 (KHTML, like Gecko) Chrome/90.0.4430.210 Mobile Safari/537.36" "www.mantech8.com"
111.65.39.24 - - [03/Nov/2022:00:17:57 -0700] "GET /bimages/service/s1111.jpg HTTP/1.1" 200 140398 "http://www.mantech8.com/services.php" "Mozilla/5.0 (Linux; Android 11; CPH1969) AppleWebKit/537.36 (KHTML, like Gecko) Chrome/90.0.4430.210 Mobile Safari/537.36" "www.mantech8.com"
111.65.39.24 - - [03/Nov/2022:00:17:59 -0700] "GET /bimages/service/s333.jpg HTTP/1.1" 200 136000 "http://www.mantech8.com/services.php" "Mozilla/5.0 (Linux; Android 11; CPH1969) AppleWebKit/537.36 (KHTML, like Gecko) Chrome/90.0.4430.210 Mobile Safari/537.36" "www.mantech8.com"
111.65.39.24 - - [03/Nov/2022:00:18:00 -0700] "GET /bimages/video/hyjetting.jpg HTTP/1.1" 200 72092 "http://www.mantech8.com/services.php" "Mozilla/5.0 (Linux; Android 11; CPH1969) AppleWebKit/537.36 (KHTML, like Gecko) Chrome/90.0.4430.210 Mobile Safari/537.36" "www.mantech8.com"
111.65.39.24 - - [03/Nov/2022:00:18:01 -0700] "GET /bimages/video/tankcln.jpg HTTP/1.1" 200 65060 "http://www.mantech8.com/services.php" "Mozilla/5.0 (Linux; Android 11; CPH1969) AppleWebKit/537.36 (KHTML, like Gecko) Chrome/90.0.4430.210 Mobile Safari/537.36" "www.mantech8.com"
111.65.39.24 - - [03/Nov/2022:00:18:02 -0700] "GET /bimages/video/piping.jpg HTTP/1.1" 200 56210 "http://www.mantech8.com/services.php" "Mozilla/5.0 (Linux; Android 11; CPH1969) AppleWebKit/537.36 (KHTML, like Gecko) Chrome/90.0.4430.210 Mobile Safari/537.36" "www.mantech8.com"
111.65.39.24 - - [03/Nov/2022:00:18:03 -0700] "GET /bimages/video/mecanical.jpg HTTP/1.1" 200 57108 "http://www.mantech8.com/services.php" "Mozilla/5.0 (Linux; Android 11; CPH1969) AppleWebKit/537.36 (KHTML, like Gecko) Chrome/90.0.4430.210 Mobile Safari/537.36" "www.mantech8.com"
111.65.39.24 - - [03/Nov/2022:00:18:03 -0700] "GET /images/banner8.jpg HTTP/1.1" 200 1316937 "http://www.mantech8.com/services.php" "Mozilla/5.0 (Linux; Android 11; CPH1969) AppleWebKit/537.36 (KHTML, like Gecko) Chrome/90.0.4430.210 Mobile Safari/537.36" "www.mantech8.com"
111.65.39.24 - - [03/Nov/2022:00:18:07 -0700] "GET /bimages/service/s444.jpg HTTP/1.1" 200 146149 "http://www.mantech8.com/services.php" "Mozilla/5.0 (Linux; Android 11; CPH1969) AppleWebKit/537.36 (KHTML, like Gecko) Chrome/90.0.4430.210 Mobile Safari/537.36" "www.mantech8.com"
111.65.39.24 - - [03/Nov/2022:00:18:11 -0700] "GET /bimages/service/s555.jpg HTTP/1.1" 200 145255 "http://www.mantech8.com/services.php" "Mozilla/5.0 (Linux; Android 11; CPH1969) AppleWebKit/537.36 (KHTML, like Gecko) Chrome/90.0.4430.210 Mobile Safari/537.36" "www.mantech8.com"
111.65.39.24 - - [03/Nov/2022:00:18:12 -0700] "GET /contact.php HTTP/1.1" 200 29238 "http://www.mantech8.com/career.php" "Mozilla/5.0 (Linux; Android 11; CPH1969) AppleWebKit/537.36 (KHTML, like Gecko) Chrome/90.0.4430.210 Mobile Safari/537.36" "www.mantech8.com"
111.65.39.24 - - [03/Nov/2022:00:18:13 -0700] "GET /images/parallaxcont.jpg HTTP/1.1" 206 1 "http://www.mantech8.com/css/contactstyle.css" "Mozilla/5.0 (Linux; Android 11; CPH1969) AppleWebKit/537.36 (KHTML, like Gecko) Chrome/90.0.4430.210 Mobile Safari/537.36" "www.mantech8.com"
111.65.39.24 - - [03/Nov/2022:00:18:13 -0700] "GET /verificationimage.php?6109 HTTP/1.1" 200 1421 "http://www.mantech8.com/contact.php" "Mozilla/5.0 (Linux; Android 11; CPH1969) AppleWebKit/537.36 (KHTML, like Gecko) Chrome/90.0.4430.210 Mobile Safari/537.36" "www.mantech8.com"
111.65.39.24 - - [03/Nov/2022:00:18:13 -0700] "GET /images/parallaxcont.jpg HTTP/1.1" 206 1586111 "http://www.mantech8.com/css/contactstyle.css" "Mozilla/5.0 (Linux; Android 11; CPH1969) AppleWebKit/537.36 (KHTML, like Gecko) Chrome/90.0.4430.210 Mobile Safari/537.36" "www.mantech8.com"
111.65.39.24 - - [03/Nov/2022:00:18:13 -0700] "GET /career.php HTTP/1.1" 200 19644 "http://www.mantech8.com/contact.php" "Mozilla/5.0 (Linux; Android 11; CPH1969) AppleWebKit/537.36 (KHTML, like Gecko) Chrome/90.0.4430.210 Mobile Safari/537.36" "www.mantech8.com"
111.65.39.24 - - [03/Nov/2022:00:18:17 -0700] "GET /contact.php HTTP/1.1" 200 29238 "https://www.google.com/" "Mozilla/5.0 (Linux; Android 11; CPH1969) AppleWebKit/537.36 (KHTML, like Gecko) Chrome/90.0.4430.210 Mobile Safari/537.36" "www.mantech8.com"
111.65.39.24 - - [03/Nov/2022:00:18:18 -0700] "GET /images/parallaxcont.jpg HTTP/1.1" 206 1 "http://www.mantech8.com/css/contactstyle.css" "Mozilla/5.0 (Linux; Android 11; CPH1969) AppleWebKit/537.36 (KHTML, like Gecko) Chrome/90.0.4430.210 Mobile Safari/537.36" "www.mantech8.com"
111.65.39.24 - - [03/Nov/2022:00:18:18 -0700] "GET /verificationimage.php?1853 HTTP/1.1" 200 1336 "http://www.mantech8.com/contact.php" "Mozilla/5.0 (Linux; Android 11; CPH1969) AppleWebKit/537.36 (KHTML, like Gecko) Chrome/90.0.4430.210 Mobile Safari/537.36" "www.mantech8.com"
111.65.39.24 - - [03/Nov/2022:00:18:18 -0700] "GET /images/parallaxcont.jpg HTTP/1.1" 206 1498362 "http://www.mantech8.com/css/contactstyle.css" "Mozilla/5.0 (Linux; Android 11; CPH1969) AppleWebKit/537.36 (KHTML, like Gecko) Chrome/90.0.4430.210 Mobile Safari/537.36" "www.mantech8.com"
185.191.171.43 - - [03/Nov/2022:00:18:23 -0700] "GET /index.php/camp-fire/41454602.html HTTP/1.1" 500 - "-" "Mozilla/5.0 (compatible; SemrushBot/7~bl; +http://www.semrush.com/bot.html)" "mantech8.com"
185.191.171.44 - - [03/Nov/2022:00:18:25 -0700] "GET /index.php/camp-fire/22419809.html HTTP/1.1" 500 - "-" "Mozilla/5.0 (compatible; SemrushBot/7~bl; +http://www.semrush.com/bot.html)" "mantech8.com"
185.191.171.34 - - [03/Nov/2022:00:19:03 -0700] "GET /index.php/camp-fire/37178589.html HTTP/1.1" 500 - "-" "Mozilla/5.0 (compatible; SemrushBot/7~bl; +http://www.semrush.com/bot.html)" "mantech8.com"
185.191.171.17 - - [03/Nov/2022:00:19:13 -0700] "GET /index.php/camp-fire/37045878.html HTTP/1.1" 500 - "-" "Mozilla/5.0 (compatible; SemrushBot/7~bl; +http://www.semrush.com/bot.html)" "mantech8.com"
79.124.8.3 - - [03/Nov/2022:00:19:22 -0700] "GET /wp-admin/css/ HTTP/1.1" 404 88 "binance.com" "Mozilla/5.0 (Windows NT 10.0; Win64; x64) AppleWebKit/537.36 (KHTML, like Gecko) Chrome/90.0.4430.85 Safari/537.36" "www.mantech8.com"
79.124.8.3 - - [03/Nov/2022:00:19:30 -0700] "GET /sites/default/files/ HTTP/1.1" 404 88 "binance.com" "Mozilla/5.0 (Windows NT 10.0; Win64; x64) AppleWebKit/537.36 (KHTML, like Gecko) Chrome/90.0.4430.85 Safari/537.36" "www.mantech8.com"
79.124.8.3 - - [03/Nov/2022:00:19:35 -0700] "GET /admin/controller/extension/extension/ HTTP/1.1" 404 88 "binance.com" "Mozilla/5.0 (Windows NT 10.0; Win64; x64) AppleWebKit/537.36 (KHTML, like Gecko) Chrome/90.0.4430.85 Safari/537.36" "www.mantech8.com"
79.124.8.3 - - [03/Nov/2022:00:19:40 -0700] "GET /uploads/ HTTP/1.1" 404 88 "binance.com" "Mozilla/5.0 (Windows NT 10.0; Win64; x64) AppleWebKit/537.36 (KHTML, like Gecko) Chrome/90.0.4430.85 Safari/537.36" "www.mantech8.com"
79.124.8.3 - - [03/Nov/2022:00:19:44 -0700] "GET /images/ HTTP/1.1" 200 6505 "binance.com" "Mozilla/5.0 (Windows NT 10.0; Win64; x64) AppleWebKit/537.36 (KHTML, like Gecko) Chrome/90.0.4430.85 Safari/537.36" "www.mantech8.com"
79.124.8.3 - - [03/Nov/2022:00:19:49 -0700] "GET /images/ HTTP/1.1" 200 6505 "binance.com" "Mozilla/5.0 (Windows NT 10.0; Win64; x64) AppleWebKit/537.36 (KHTML, like Gecko) Chrome/90.0.4430.85 Safari/537.36" "www.mantech8.com"
79.124.8.3 - - [03/Nov/2022:00:19:54 -0700] "GET /images/db_table_exists.lib.php HTTP/1.1" 200 32 "binance.com" "Mozilla/5.0 (Windows NT 10.0; Win64; x64) AppleWebKit/537.36 (KHTML, like Gecko) Chrome/90.0.4430.85 Safari/537.36" "www.mantech8.com"
79.124.8.3 - - [03/Nov/2022:00:19:57 -0700] "GET /files/ HTTP/1.1" 404 88 "binance.com" "Mozilla/5.0 (Windows NT 10.0; Win64; x64) AppleWebKit/537.36 (KHTML, like Gecko) Chrome/90.0.4430.85 Safari/537.36" "www.mantech8.com"
79.124.8.3 - - [03/Nov/2022:00:20:03 -0700] "GET /wp-admin/css/ HTTP/1.1" 404 88 "binance.com" "Mozilla/5.0 (Windows NT 10.0; Win64; x64) AppleWebKit/537.36 (KHTML, like Gecko) Chrome/90.0.4430.85 Safari/537.36" "www.mantech8.com"
185.191.171.15 - - [03/Nov/2022:00:20:03 -0700] "GET /index.php/camp-fire/17505827.html HTTP/1.1" 500 - "-" "Mozilla/5.0 (compatible; SemrushBot/7~bl; +http://www.semrush.com/bot.html)" "mantech8.com"
185.191.171.17 - - [03/Nov/2022:00:20:07 -0700] "GET /index.php/camp-fire/28368635.html HTTP/1.1" 500 - "-" "Mozilla/5.0 (compatible; SemrushBot/7~bl; +http://www.semrush.com/bot.html)" "mantech8.com"
79.124.8.3 - - [03/Nov/2022:00:20:12 -0700] "GET /sites/default/files/ HTTP/1.1" 404 88 "binance.com" "Mozilla/5.0 (Windows NT 10.0; Win64; x64) AppleWebKit/537.36 (KHTML, like Gecko) Chrome/90.0.4430.85 Safari/537.36" "www.mantech8.com"
79.124.8.3 - - [03/Nov/2022:00:20:16 -0700] "GET /admin/controller/extension/extension/ HTTP/1.1" 404 88 "binance.com" "Mozilla/5.0 (Windows NT 10.0; Win64; x64) AppleWebKit/537.36 (KHTML, like Gecko) Chrome/90.0.4430.85 Safari/537.36" "www.mantech8.com"
79.124.8.3 - - [03/Nov/2022:00:20:21 -0700] "GET /uploads/ HTTP/1.1" 404 88 "binance.com" "Mozilla/5.0 (Windows NT 10.0; Win64; x64) AppleWebKit/537.36 (KHTML, like Gecko) Chrome/90.0.4430.85 Safari/537.36" "www.mantech8.com"
79.124.8.3 - - [03/Nov/2022:00:20:26 -0700] "GET /images/ HTTP/1.1" 200 6505 "binance.com" "Mozilla/5.0 (Windows NT 10.0; Win64; x64) AppleWebKit/537.36 (KHTML, like Gecko) Chrome/90.0.4430.85 Safari/537.36" "www.mantech8.com"
185.191.171.19 - - [03/Nov/2022:00:20:31 -0700] "GET /index.php/camp-fire/34223572.html HTTP/1.1" 500 - "-" "Mozilla/5.0 (compatible; SemrushBot/7~bl; +http://www.semrush.com/bot.html)" "mantech8.com"
79.124.8.3 - - [03/Nov/2022:00:20:32 -0700] "GET /images/ HTTP/1.1" 200 6505 "binance.com" "Mozilla/5.0 (Windows NT 10.0; Win64; x64) AppleWebKit/537.36 (KHTML, like Gecko) Chrome/90.0.4430.85 Safari/537.36" "www.mantech8.com"
79.124.8.3 - - [03/Nov/2022:00:20:37 -0700] "GET /images/db_table_exists.lib.php HTTP/1.1" 200 32 "binance.com" "Mozilla/5.0 (Windows NT 10.0; Win64; x64) AppleWebKit/537.36 (KHTML, like Gecko) Chrome/90.0.4430.85 Safari/537.36" "www.mantech8.com"
79.124.8.3 - - [03/Nov/2022:00:20:40 -0700] "GET /files/ HTTP/1.1" 404 88 "binance.com" "Mozilla/5.0 (Windows NT 10.0; Win64; x64) AppleWebKit/537.36 (KHTML, like Gecko) Chrome/90.0.4430.85 Safari/537.36" "www.mantech8.com"
185.191.171.11 - - [03/Nov/2022:00:21:05 -0700] "GET /index.php/camp-fire/32560025.html HTTP/1.1" 500 - "-" "Mozilla/5.0 (compatible; SemrushBot/7~bl; +http://www.semrush.com/bot.html)" "mantech8.com"
114.119.133.166 - - [03/Nov/2022:00:21:08 -0700] "GET /?sitemap-index-7.xml HTTP/1.1" 200 4265 "-" "Mozilla/5.0 (Linux; Android 7.0;) AppleWebKit/537.36 (KHTML, like Gecko) Mobile Safari/537.36 (compatible; PetalBot;+https://webmaster.petalsearch.com/site/petalbot)" "mantech8.com"
185.191.171.37 - - [03/Nov/2022:00:22:34 -0700] "GET /index.php/camp-fire/21030657.html HTTP/1.1" 500 - "-" "Mozilla/5.0 (compatible; SemrushBot/7~bl; +http://www.semrush.com/bot.html)" "mantech8.com"
185.191.171.11 - - [03/Nov/2022:00:22:39 -0700] "GET /index.php/camp-fire/30748241.html HTTP/1.1" 500 - "-" "Mozilla/5.0 (compatible; SemrushBot/7~bl; +http://www.semrush.com/bot.html)" "mantech8.com"
185.191.171.5 - - [03/Nov/2022:00:22:42 -0700] "GET /index.php/camp-fire/59400808.html HTTP/1.1" 500 - "-" "Mozilla/5.0 (compatible; SemrushBot/7~bl; +http://www.semrush.com/bot.html)" "mantech8.com"
185.191.171.37 - - [03/Nov/2022:00:22:49 -0700] "GET /index.php/camp-fire/30739155.html HTTP/1.1" 500 - "-" "Mozilla/5.0 (compatible; SemrushBot/7~bl; +http://www.semrush.com/bot.html)" "mantech8.com"
185.191.171.8 - - [03/Nov/2022:00:23:10 -0700] "GET /index.php/camp-fire/24647935.html HTTP/1.1" 500 - "-" "Mozilla/5.0 (compatible; SemrushBot/7~bl; +http://www.semrush.com/bot.html)" "mantech8.com"
185.191.171.18 - - [03/Nov/2022:00:23:33 -0700] "GET /index.php/camp-fire/27269370.html HTTP/1.1" 500 - "-" "Mozilla/5.0 (compatible; SemrushBot/7~bl; +http://www.semrush.com/bot.html)" "mantech8.com"
185.191.171.43 - - [03/Nov/2022:00:23:39 -0700] "GET /index.php/camp-fire/15921978.html HTTP/1.1" 500 - "-" "Mozilla/5.0 (compatible; SemrushBot/7~bl; +http://www.semrush.com/bot.html)" "mantech8.com"
185.191.171.37 - - [03/Nov/2022:00:24:41 -0700] "GET /index.php/camp-fire/2024459.html HTTP/1.1" 500 - "-" "Mozilla/5.0 (compatible; SemrushBot/7~bl; +http://www.semrush.com/bot.html)" "mantech8.com"
185.191.171.2 - - [03/Nov/2022:00:24:55 -0700] "GET /index.php/camp-fire/16700526.html HTTP/1.1" 500 - "-" "Mozilla/5.0 (compatible; SemrushBot/7~bl; +http://www.semrush.com/bot.html)" "mantech8.com"
185.191.171.21 - - [03/Nov/2022:00:25:19 -0700] "GET /index.php/camp-fire/5735865.html HTTP/1.1" 500 - "-" "Mozilla/5.0 (compatible; SemrushBot/7~bl; +http://www.semrush.com/bot.html)" "mantech8.com"
185.191.171.18 - - [03/Nov/2022:00:25:38 -0700] "GET /index.php/camp-fire/1803451.html HTTP/1.1" 500 - "-" "Mozilla/5.0 (compatible; SemrushBot/7~bl; +http://www.semrush.com/bot.html)" "mantech8.com"
185.191.171.21 - - [03/Nov/2022:00:26:01 -0700] "GET /index.php/camp-fire/15435165.html HTTP/1.1" 500 - "-" "Mozilla/5.0 (compatible; SemrushBot/7~bl; +http://www.semrush.com/bot.html)" "mantech8.com"
114.119.133.190 - - [03/Nov/2022:00:26:11 -0700] "GET /bimages/pipeg/?C=M%3BO%3DA HTTP/1.1" 200 569 "http://mantech8.com/bimages/pipeg/?C=S%3BO%3DA" "Mozilla/5.0 (Linux; Android 7.0;) AppleWebKit/537.36 (KHTML, like Gecko) Mobile Safari/537.36 (compatible; PetalBot;+https://webmaster.petalsearch.com/site/petalbot)" "mantech8.com"
185.191.171.40 - - [03/Nov/2022:00:26:23 -0700] "GET /index.php/camp-fire/2475593.html HTTP/1.1" 500 - "-" "Mozilla/5.0 (compatible; SemrushBot/7~bl; +http://www.semrush.com/bot.html)" "mantech8.com"
216.244.66.241 - - [03/Nov/2022:00:26:32 -0700] "GET /robots.txt HTTP/1.1" 200 222 "-" "Mozilla/5.0 (compatible; DotBot/1.2; +https://opensiteexplorer.org/dotbot; help@moz.com)" "www.mantech8.com"
216.244.66.241 - - [03/Nov/2022:00:26:32 -0700] "GET /robots.txt HTTP/1.1" 200 222 "-" "Mozilla/5.0 (compatible; DotBot/1.2; +https://opensiteexplorer.org/dotbot; help@moz.com)" "mantech8.com"
185.191.171.2 - - [03/Nov/2022:00:26:40 -0700] "GET /index.php/camp-fire/47878209.html HTTP/1.1" 500 - "-" "Mozilla/5.0 (compatible; SemrushBot/7~bl; +http://www.semrush.com/bot.html)" "mantech8.com"
185.191.171.37 - - [03/Nov/2022:00:26:53 -0700] "GET /index.php/camp-fire/8040421.html HTTP/1.1" 500 - "-" "Mozilla/5.0 (compatible; SemrushBot/7~bl; +http://www.semrush.com/bot.html)" "mantech8.com"
185.191.171.11 - - [03/Nov/2022:00:27:12 -0700] "GET /index.php/camp-fire/27441156.html HTTP/1.1" 500 - "-" "Mozilla/5.0 (compatible; SemrushBot/7~bl; +http://www.semrush.com/bot.html)" "mantech8.com"
185.191.171.22 - - [03/Nov/2022:00:28:49 -0700] "GET /index.php/camp-fire/15282384.html HTTP/1.1" 500 - "-" "Mozilla/5.0 (compatible; SemrushBot/7~bl; +http://www.semrush.com/bot.html)" "mantech8.com"
194.110.203.42 - - [03/Nov/2022:00:29:05 -0700] "GET /database.bck HTTP/1.1" 404 73 "-" "Firefox" "mantech8.com"
185.191.171.39 - - [03/Nov/2022:00:29:45 -0700] "GET /index.php/camp-fire/15646346.html HTTP/1.1" 500 - "-" "Mozilla/5.0 (compatible; SemrushBot/7~bl; +http://www.semrush.com/bot.html)" "mantech8.com"
185.191.171.45 - - [03/Nov/2022:00:30:33 -0700] "GET /index.php/camp-fire/28431621.html HTTP/1.1" 500 - "-" "Mozilla/5.0 (compatible; SemrushBot/7~bl; +http://www.semrush.com/bot.html)" "mantech8.com"
185.191.171.40 - - [03/Nov/2022:00:30:46 -0700] "GET /index.php/camp-fire/33809008.html HTTP/1.1" 500 - "-" "Mozilla/5.0 (compatible; SemrushBot/7~bl; +http://www.semrush.com/bot.html)" "mantech8.com"
185.191.171.38 - - [03/Nov/2022:00:30:53 -0700] "GET /index.php/camp-fire/33854908.html HTTP/1.1" 500 - "-" "Mozilla/5.0 (compatible; SemrushBot/7~bl; +http://www.semrush.com/bot.html)" "mantech8.com"
185.191.171.19 - - [03/Nov/2022:00:30:55 -0700] "GET /index.php/camp-fire/23086256.html HTTP/1.1" 500 - "-" "Mozilla/5.0 (compatible; SemrushBot/7~bl; +http://www.semrush.com/bot.html)" "mantech8.com"
114.119.133.158 - - [03/Nov/2022:00:31:13 -0700] "GET /index.php/housewifelinesses.xml HTTP/1.1" 200 289346 "-" "Mozilla/5.0 (Linux; Android 7.0;) AppleWebKit/537.36 (KHTML, like Gecko) Mobile Safari/537.36 (compatible; PetalBot;+https://webmaster.petalsearch.com/site/petalbot)" "mantech8.com"
185.191.171.25 - - [03/Nov/2022:00:31:42 -0700] "GET /index.php/camp-fire/43335533.html HTTP/1.1" 500 - "-" "Mozilla/5.0 (compatible; SemrushBot/7~bl; +http://www.semrush.com/bot.html)" "mantech8.com"
185.191.171.42 - - [03/Nov/2022:00:31:46 -0700] "GET /index.php/camp-fire/67652034.html HTTP/1.1" 500 - "-" "Mozilla/5.0 (compatible; SemrushBot/7~bl; +http://www.semrush.com/bot.html)" "mantech8.com"
185.191.171.36 - - [03/Nov/2022:00:32:08 -0700] "GET /index.php/camp-fire/55541135.html HTTP/1.1" 500 - "-" "Mozilla/5.0 (compatible; SemrushBot/7~bl; +http://www.semrush.com/bot.html)" "mantech8.com"
185.191.171.35 - - [03/Nov/2022:00:32:14 -0700] "GET /index.php/camp-fire/15196984.html HTTP/1.1" 500 - "-" "Mozilla/5.0 (compatible; SemrushBot/7~bl; +http://www.semrush.com/bot.html)" "mantech8.com"
185.191.171.36 - - [03/Nov/2022:00:32:59 -0700] "GET /index.php/camp-fire/40883150.html HTTP/1.1" 500 - "-" "Mozilla/5.0 (compatible; SemrushBot/7~bl; +http://www.semrush.com/bot.html)" "mantech8.com"
185.191.171.23 - - [03/Nov/2022:00:33:05 -0700] "GET /index.php/camp-fire/16533165.html HTTP/1.1" 500 - "-" "Mozilla/5.0 (compatible; SemrushBot/7~bl; +http://www.semrush.com/bot.html)" "mantech8.com"
185.191.171.8 - - [03/Nov/2022:00:33:20 -0700] "GET /index.php/camp-fire/46655970.html HTTP/1.1" 500 - "-" "Mozilla/5.0 (compatible; SemrushBot/7~bl; +http://www.semrush.com/bot.html)" "mantech8.com"
185.191.171.33 - - [03/Nov/2022:00:33:37 -0700] "GET /index.php/camp-fire/28814966.html HTTP/1.1" 500 - "-" "Mozilla/5.0 (compatible; SemrushBot/7~bl; +http://www.semrush.com/bot.html)" "mantech8.com"
185.191.171.25 - - [03/Nov/2022:00:34:18 -0700] "GET /index.php/camp-fire/35355638.html HTTP/1.1" 500 - "-" "Mozilla/5.0 (compatible; SemrushBot/7~bl; +http://www.semrush.com/bot.html)" "mantech8.com"
185.191.171.26 - - [03/Nov/2022:00:34:51 -0700] "GET /index.php/camp-fire/24065333.html HTTP/1.1" 500 - "-" "Mozilla/5.0 (compatible; SemrushBot/7~bl; +http://www.semrush.com/bot.html)" "mantech8.com"
20.125.126.125 - - [03/Nov/2022:00:35:39 -0700] "POST / HTTP/1.1" 500 - "-" "Mozilla/5.0 (X11; Linux x86_64; rv:83.0) Gecko/20100101 Firefox/83.0" "mantech8.com"
185.191.171.12 - - [03/Nov/2022:00:36:05 -0700] "GET /index.php/camp-fire/20444261.html HTTP/1.1" 500 - "-" "Mozilla/5.0 (compatible; SemrushBot/7~bl; +http://www.semrush.com/bot.html)" "mantech8.com"
185.191.171.6 - - [03/Nov/2022:00:36:15 -0700] "GET /index.php/camp-fire/623969.html HTTP/1.1" 500 - "-" "Mozilla/5.0 (compatible; SemrushBot/7~bl; +http://www.semrush.com/bot.html)" "mantech8.com"
114.119.133.166 - - [03/Nov/2022:00:36:16 -0700] "GET /bimages/gallery/thump/ HTTP/1.1" 200 1142 "http://mantech8.com/bimages/gallery/" "Mozilla/5.0 (Linux; Android 7.0;) AppleWebKit/537.36 (KHTML, like Gecko) Mobile Safari/537.36 (compatible; PetalBot;+https://webmaster.petalsearch.com/site/petalbot)" "mantech8.com"
185.191.171.24 - - [03/Nov/2022:00:36:28 -0700] "GET /index.php/camp-fire/22459761.html HTTP/1.1" 500 - "-" "Mozilla/5.0 (compatible; SemrushBot/7~bl; +http://www.semrush.com/bot.html)" "mantech8.com"
185.191.171.39 - - [03/Nov/2022:00:36:59 -0700] "GET /index.php/camp-fire/27632371.html HTTP/1.1" 500 - "-" "Mozilla/5.0 (compatible; SemrushBot/7~bl; +http://www.semrush.com/bot.html)" "mantech8.com"
185.191.171.22 - - [03/Nov/2022:00:37:24 -0700] "GET /index.php/camp-fire/19081857.html HTTP/1.1" 500 - "-" "Mozilla/5.0 (compatible; SemrushBot/7~bl; +http://www.semrush.com/bot.html)" "mantech8.com"
185.191.171.40 - - [03/Nov/2022:00:37:55 -0700] "GET /index.php/camp-fire/4455774.html HTTP/1.1" 500 - "-" "Mozilla/5.0 (compatible; SemrushBot/7~bl; +http://www.semrush.com/bot.html)" "mantech8.com"
185.191.171.42 - - [03/Nov/2022:00:38:18 -0700] "GET /index.php/camp-fire/21198935.html HTTP/1.1" 500 - "-" "Mozilla/5.0 (compatible; SemrushBot/7~bl; +http://www.semrush.com/bot.html)" "mantech8.com"
185.191.171.15 - - [03/Nov/2022:00:38:38 -0700] "GET /index.php/camp-fire/32510568.html HTTP/1.1" 500 - "-" "Mozilla/5.0 (compatible; SemrushBot/7~bl; +http://www.semrush.com/bot.html)" "mantech8.com"
185.191.171.2 - - [03/Nov/2022:00:39:24 -0700] "GET /index.php/camp-fire/34793409.html HTTP/1.1" 500 - "-" "Mozilla/5.0 (compatible; SemrushBot/7~bl; +http://www.semrush.com/bot.html)" "mantech8.com"
185.191.171.22 - - [03/Nov/2022:00:39:38 -0700] "GET /index.php/camp-fire/51771738.html HTTP/1.1" 500 - "-" "Mozilla/5.0 (compatible; SemrushBot/7~bl; +http://www.semrush.com/bot.html)" "mantech8.com"
185.191.171.17 - - [03/Nov/2022:00:39:39 -0700] "GET /index.php/camp-fire/20800835.html HTTP/1.1" 500 - "-" "Mozilla/5.0 (compatible; SemrushBot/7~bl; +http://www.semrush.com/bot.html)" "mantech8.com"
185.191.171.44 - - [03/Nov/2022:00:40:43 -0700] "GET /index.php/camp-fire/26977130.html HTTP/1.1" 500 - "-" "Mozilla/5.0 (compatible; SemrushBot/7~bl; +http://www.semrush.com/bot.html)" "mantech8.com"
114.119.133.166 - - [03/Nov/2022:00:41:20 -0700] "GET /gallery.php HTTP/1.1" 200 49088 "http://www.mantech8.com/contact.php" "Mozilla/5.0 (Linux; Android 7.0;) AppleWebKit/537.36 (KHTML, like Gecko) Mobile Safari/537.36 (compatible; PetalBot;+https://webmaster.petalsearch.com/site/petalbot)" "www.mantech8.com"
185.191.171.5 - - [03/Nov/2022:00:41:45 -0700] "GET /index.php/camp-fire/42277103.html HTTP/1.1" 500 - "-" "Mozilla/5.0 (compatible; SemrushBot/7~bl; +http://www.semrush.com/bot.html)" "mantech8.com"
185.191.171.26 - - [03/Nov/2022:00:42:00 -0700] "GET /index.php/camp-fire/40810308.html HTTP/1.1" 500 - "-" "Mozilla/5.0 (compatible; SemrushBot/7~bl; +http://www.semrush.com/bot.html)" "mantech8.com"
185.191.171.36 - - [03/Nov/2022:00:42:12 -0700] "GET /index.php/camp-fire/42113834.html HTTP/1.1" 500 - "-" "Mozilla/5.0 (compatible; SemrushBot/7~bl; +http://www.semrush.com/bot.html)" "mantech8.com"
185.191.171.5 - - [03/Nov/2022:00:42:28 -0700] "GET /index.php/camp-fire/39837402.html HTTP/1.1" 500 - "-" "Mozilla/5.0 (compatible; SemrushBot/7~bl; +http://www.semrush.com/bot.html)" "mantech8.com"
185.191.171.20 - - [03/Nov/2022:00:42:56 -0700] "GET /index.php/camp-fire/15367787.html HTTP/1.1" 500 - "-" "Mozilla/5.0 (compatible; SemrushBot/7~bl; +http://www.semrush.com/bot.html)" "mantech8.com"
185.191.171.26 - - [03/Nov/2022:00:43:09 -0700] "GET /index.php/camp-fire/18421481.html HTTP/1.1" 500 - "-" "Mozilla/5.0 (compatible; SemrushBot/7~bl; +http://www.semrush.com/bot.html)" "mantech8.com"
185.191.171.6 - - [03/Nov/2022:00:43:50 -0700] "GET /index.php/camp-fire/35313938.html HTTP/1.1" 500 - "-" "Mozilla/5.0 (compatible; SemrushBot/7~bl; +http://www.semrush.com/bot.html)" "mantech8.com"
185.191.171.36 - - [03/Nov/2022:00:44:09 -0700] "GET /index.php/camp-fire/15728555.html HTTP/1.1" 500 - "-" "Mozilla/5.0 (compatible; SemrushBot/7~bl; +http://www.semrush.com/bot.html)" "mantech8.com"
185.191.171.13 - - [03/Nov/2022:00:45:18 -0700] "GET /index.php/camp-fire/38156003.html HTTP/1.1" 500 - "-" "Mozilla/5.0 (compatible; SemrushBot/7~bl; +http://www.semrush.com/bot.html)" "mantech8.com"
185.191.171.18 - - [03/Nov/2022:00:45:22 -0700] "GET /index.php/camp-fire/40150388.html HTTP/1.1" 500 - "-" "Mozilla/5.0 (compatible; SemrushBot/7~bl; +http://www.semrush.com/bot.html)" "mantech8.com"
185.191.171.10 - - [03/Nov/2022:00:45:38 -0700] "GET /index.php/camp-fire/15539683.html HTTP/1.1" 500 - "-" "Mozilla/5.0 (compatible; SemrushBot/7~bl; +http://www.semrush.com/bot.html)" "mantech8.com"
114.119.133.165 - - [03/Nov/2022:00:46:22 -0700] "GET /bimages/video/?C=S%3BO%3DA HTTP/1.1" 200 550 "http://www.mantech8.com/bimages/video/?C=N%3BO%3DD" "Mozilla/5.0 (Linux; Android 7.0;) AppleWebKit/537.36 (KHTML, like Gecko) Mobile Safari/537.36 (compatible; PetalBot;+https://webmaster.petalsearch.com/site/petalbot)" "www.mantech8.com"
185.191.171.36 - - [03/Nov/2022:00:46:40 -0700] "GET /index.php/camp-fire/20773035.html HTTP/1.1" 500 - "-" "Mozilla/5.0 (compatible; SemrushBot/7~bl; +http://www.semrush.com/bot.html)" "mantech8.com"
185.191.171.39 - - [03/Nov/2022:00:46:52 -0700] "GET /index.php/camp-fire/27677009.html HTTP/1.1" 500 - "-" "Mozilla/5.0 (compatible; SemrushBot/7~bl; +http://www.semrush.com/bot.html)" "mantech8.com"
185.191.171.25 - - [03/Nov/2022:00:46:53 -0700] "GET /index.php/camp-fire/7879208.html HTTP/1.1" 500 - "-" "Mozilla/5.0 (compatible; SemrushBot/7~bl; +http://www.semrush.com/bot.html)" "mantech8.com"
185.191.171.12 - - [03/Nov/2022:00:47:53 -0700] "GET /index.php/camp-fire/27750609.html HTTP/1.1" 500 - "-" "Mozilla/5.0 (compatible; SemrushBot/7~bl; +http://www.semrush.com/bot.html)" "mantech8.com"
185.191.171.22 - - [03/Nov/2022:00:48:24 -0700] "GET /index.php/camp-fire/36279159.html HTTP/1.1" 500 - "-" "Mozilla/5.0 (compatible; SemrushBot/7~bl; +http://www.semrush.com/bot.html)" "mantech8.com"
185.191.171.23 - - [03/Nov/2022:00:48:32 -0700] "GET /index.php/camp-fire/56841203.html HTTP/1.1" 500 - "-" "Mozilla/5.0 (compatible; SemrushBot/7~bl; +http://www.semrush.com/bot.html)" "mantech8.com"
185.191.171.25 - - [03/Nov/2022:00:48:39 -0700] "GET /index.php/camp-fire/24629230.html HTTP/1.1" 500 - "-" "Mozilla/5.0 (compatible; SemrushBot/7~bl; +http://www.semrush.com/bot.html)" "mantech8.com"
185.191.171.16 - - [03/Nov/2022:00:48:43 -0700] "GET /index.php/camp-fire/26489676.html HTTP/1.1" 500 - "-" "Mozilla/5.0 (compatible; SemrushBot/7~bl; +http://www.semrush.com/bot.html)" "mantech8.com"
207.46.13.145 - - [03/Nov/2022:00:48:47 -0700] "GET /index.php?camp-fire/12835830.html HTTP/1.1" 200 66887 "-" "Mozilla/5.0 (compatible; bingbot/2.0; +http://www.bing.com/bingbot.htm)" "www.mantech8.com"
185.191.171.33 - - [03/Nov/2022:00:48:56 -0700] "GET /index.php/camp-fire/15285956.html HTTP/1.1" 500 - "-" "Mozilla/5.0 (compatible; SemrushBot/7~bl; +http://www.semrush.com/bot.html)" "mantech8.com"
185.191.171.17 - - [03/Nov/2022:00:49:14 -0700] "GET /index.php/camp-fire/18143208.html HTTP/1.1" 500 - "-" "Mozilla/5.0 (compatible; SemrushBot/7~bl; +http://www.semrush.com/bot.html)" "mantech8.com"
185.197.74.6 - - [03/Nov/2022:00:49:40 -0700] "GET /contact.php HTTP/1.1" 200 29238 "http://mantech8.com/contact.php" "Mozilla/5.0 (Windows NT 6.3; Win64; x64) AppleWebKit/537.36 (KHTML, like Gecko) Chrome/90.0.4430.93 Safari/537.36" "mantech8.com"
185.197.74.6 - - [03/Nov/2022:00:50:04 -0700] "GET /contact.php HTTP/1.1" 200 29238 "http://mantech8.com/contact.php" "Mozilla/5.0 (Windows NT 10.0; Win64; x64) AppleWebKit/537.36 (KHTML, like Gecko) Chrome/90.0.4430.72 Safari/537.36 Edg/90.0.818.42" "mantech8.com"
40.77.167.58 - - [03/Nov/2022:00:50:08 -0700] "GET /index.php?/2022/01/09/%E8%82%B2%E4%BC%91%EF%BC%92%E5%B9%B4%E3%82%81/ HTTP/1.1" 200 67408 "-" "Mozilla/5.0 (compatible; bingbot/2.0; +http://www.bing.com/bingbot.htm)" "mantech8.com"
185.191.171.1 - - [03/Nov/2022:00:50:33 -0700] "GET /index.php/camp-fire/35666463.html HTTP/1.1" 500 - "-" "Mozilla/5.0 (compatible; SemrushBot/7~bl; +http://www.semrush.com/bot.html)" "mantech8.com"
185.191.171.26 - - [03/Nov/2022:00:50:44 -0700] "GET /index.php/camp-fire/6886455.html HTTP/1.1" 500 - "-" "Mozilla/5.0 (compatible; SemrushBot/7~bl; +http://www.semrush.com/bot.html)" "mantech8.com"
114.119.133.190 - - [03/Nov/2022:00:51:25 -0700] "GET /bimages/hydrog/thump/qfbixycmeb.php HTTP/1.1" 200 32 "http://www.mantech8.com/bimages/hydrog/thump/?C=S%3BO%3DA" "Mozilla/5.0 (Linux; Android 7.0;) AppleWebKit/537.36 (KHTML, like Gecko) Mobile Safari/537.36 (compatible; PetalBot;+https://webmaster.petalsearch.com/site/petalbot)" "www.mantech8.com"
185.191.171.2 - - [03/Nov/2022:00:51:25 -0700] "GET /index.php/camp-fire/38110171.html HTTP/1.1" 500 - "-" "Mozilla/5.0 (compatible; SemrushBot/7~bl; +http://www.semrush.com/bot.html)" "mantech8.com"
185.191.171.3 - - [03/Nov/2022:00:52:41 -0700] "GET /index.php/camp-fire/28679964.html HTTP/1.1" 500 - "-" "Mozilla/5.0 (compatible; SemrushBot/7~bl; +http://www.semrush.com/bot.html)" "mantech8.com"
185.191.171.45 - - [03/Nov/2022:00:53:10 -0700] "GET /index.php/camp-fire/15366265.html HTTP/1.1" 500 - "-" "Mozilla/5.0 (compatible; SemrushBot/7~bl; +http://www.semrush.com/bot.html)" "mantech8.com"
185.191.171.14 - - [03/Nov/2022:00:53:19 -0700] "GET /index.php/camp-fire/15217896.html HTTP/1.1" 500 - "-" "Mozilla/5.0 (compatible; SemrushBot/7~bl; +http://www.semrush.com/bot.html)" "mantech8.com"
185.191.171.6 - - [03/Nov/2022:00:53:44 -0700] "GET /index.php/camp-fire/28171571.html HTTP/1.1" 500 - "-" "Mozilla/5.0 (compatible; SemrushBot/7~bl; +http://www.semrush.com/bot.html)" "mantech8.com"
157.55.39.181 - - [03/Nov/2022:00:54:04 -0700] "GET /gallery.php/jsgal/wow.js HTTP/1.1" 200 49088 "-" "Mozilla/5.0 (compatible; MSIE 9.0; Windows NT 6.1; Trident/5.0)" "mantech8.com"
157.55.39.152 - - [03/Nov/2022:00:54:12 -0700] "GET /index.php/Vg3vb-f7d6bbdac-Mcko.Ii HTTP/1.1" 200 37981 "-" "Mozilla/5.0 AppleWebKit/537.36 (KHTML, like Gecko; compatible; bingbot/2.0; +http://www.bing.com/bingbot.htm) Chrome/103.0.5060.134 Safari/537.36" "mantech8.com"
185.191.171.10 - - [03/Nov/2022:00:55:17 -0700] "GET /index.php/camp-fire/15091790.html HTTP/1.1" 500 - "-" "Mozilla/5.0 (compatible; SemrushBot/7~bl; +http://www.semrush.com/bot.html)" "mantech8.com"
185.191.171.22 - - [03/Nov/2022:00:55:21 -0700] "GET /index.php/camp-fire/22496978.html HTTP/1.1" 500 - "-" "Mozilla/5.0 (compatible; SemrushBot/7~bl; +http://www.semrush.com/bot.html)" "mantech8.com"
185.191.171.6 - - [03/Nov/2022:00:55:26 -0700] "GET /index.php/camp-fire/19103581.html HTTP/1.1" 500 - "-" "Mozilla/5.0 (compatible; SemrushBot/7~bl; +http://www.semrush.com/bot.html)" "mantech8.com"
185.191.171.33 - - [03/Nov/2022:00:55:31 -0700] "GET /index.php/camp-fire/10090983.html HTTP/1.1" 500 - "-" "Mozilla/5.0 (compatible; SemrushBot/7~bl; +http://www.semrush.com/bot.html)" "mantech8.com"
185.191.171.35 - - [03/Nov/2022:00:55:37 -0700] "GET /index.php/camp-fire/7976498.html HTTP/1.1" 500 - "-" "Mozilla/5.0 (compatible; SemrushBot/7~bl; +http://www.semrush.com/bot.html)" "mantech8.com"
185.191.171.33 - - [03/Nov/2022:00:55:45 -0700] "GET /index.php/camp-fire/52375508.html HTTP/1.1" 500 - "-" "Mozilla/5.0 (compatible; SemrushBot/7~bl; +http://www.semrush.com/bot.html)" "mantech8.com"
185.191.171.33 - - [03/Nov/2022:00:55:52 -0700] "GET /index.php/camp-fire/12803421.html HTTP/1.1" 500 - "-" "Mozilla/5.0 (compatible; SemrushBot/7~bl; +http://www.semrush.com/bot.html)" "mantech8.com"
185.191.171.24 - - [03/Nov/2022:00:56:10 -0700] "GET /index.php/camp-fire/37065578.html HTTP/1.1" 500 - "-" "Mozilla/5.0 (compatible; SemrushBot/7~bl; +http://www.semrush.com/bot.html)" "mantech8.com"
114.119.133.158 - - [03/Nov/2022:00:56:29 -0700] "GET /bimages/?C=M%3BO%3DA HTTP/1.1" 200 729 "http://www.mantech8.com/bimages/?C=D%3BO%3DA" "Mozilla/5.0 (Linux; Android 7.0;) AppleWebKit/537.36 (KHTML, like Gecko) Mobile Safari/537.36 (compatible; PetalBot;+https://webmaster.petalsearch.com/site/petalbot)" "www.mantech8.com"
185.191.171.6 - - [03/Nov/2022:00:56:46 -0700] "GET /index.php/camp-fire/28554576.html HTTP/1.1" 500 - "-" "Mozilla/5.0 (compatible; SemrushBot/7~bl; +http://www.semrush.com/bot.html)" "mantech8.com"
185.191.171.33 - - [03/Nov/2022:00:56:59 -0700] "GET /index.php/camp-fire/32757509.html HTTP/1.1" 500 - "-" "Mozilla/5.0 (compatible; SemrushBot/7~bl; +http://www.semrush.com/bot.html)" "mantech8.com"
185.243.218.110 - - [03/Nov/2022:00:57:12 -0700] "GET /contact.php HTTP/1.1" 200 29238 "http://mantech8.com/contact.php" "Mozilla/5.0 (Windows NT 6.1; Win64; x64) AppleWebKit/537.36 (KHTML, like Gecko) Chrome/90.0.4430.85 Safari/537.36 Edg/90.0.818.49" "mantech8.com"
185.243.218.110 - - [03/Nov/2022:00:57:13 -0700] "GET /verificationimage.php?2085 HTTP/1.1" 200 1359 "http://mantech8.com/contact.php" "Mozilla/5.0 (Windows NT 6.1; Win64; x64) AppleWebKit/537.36 (KHTML, like Gecko) Chrome/90.0.4430.85 Safari/537.36 Edg/90.0.818.49" "mantech8.com"
185.243.218.110 - - [03/Nov/2022:00:57:14 -0700] "POST /mailer.php HTTP/1.1" 500 - "http://mantech8.com/contact.php" "Mozilla/5.0 (Windows NT 6.1; Win64; x64) AppleWebKit/537.36 (KHTML, like Gecko) Chrome/90.0.4430.85 Safari/537.36 Edg/90.0.818.49" "mantech8.com"
185.243.218.110 - - [03/Nov/2022:00:57:14 -0700] "GET /contact.php HTTP/1.1" 200 29237 "http://mantech8.com/contact.php" "Mozilla/5.0 (Windows NT 6.1; Win64; x64) AppleWebKit/537.36 (KHTML, like Gecko) Chrome/90.0.4430.85 Safari/537.36 Edg/90.0.818.49" "mantech8.com"
185.191.171.40 - - [03/Nov/2022:00:57:48 -0700] "GET /index.php/camp-fire/4810955.html HTTP/1.1" 500 - "-" "Mozilla/5.0 (compatible; SemrushBot/7~bl; +http://www.semrush.com/bot.html)" "mantech8.com"
185.191.171.23 - - [03/Nov/2022:00:58:46 -0700] "GET /index.php/camp-fire/29306771.html HTTP/1.1" 500 - "-" "Mozilla/5.0 (compatible; SemrushBot/7~bl; +http://www.semrush.com/bot.html)" "mantech8.com"
185.191.171.7 - - [03/Nov/2022:00:59:30 -0700] "GET /robots.txt HTTP/1.1" 200 106 "-" "Mozilla/5.0 (compatible; SemrushBot/7~bl; +http://www.semrush.com/bot.html)" "mantech8.com"
185.191.171.23 - - [03/Nov/2022:00:59:30 -0700] "GET /index.php/camp-fire/15443765.html HTTP/1.1" 500 - "-" "Mozilla/5.0 (compatible; SemrushBot/7~bl; +http://www.semrush.com/bot.html)" "mantech8.com"
5.75.128.183 - - [03/Nov/2022:01:00:05 -0700] "GET / HTTP/1.1" 500 - "-" "Mozilla/5.0 (Macintosh; Intel Mac OS X 10_10_1) AppleWebKit/537.36 (KHTML, like Gecko) Chrome/39.0.2171.95 Safari/537.36" "mantech8.com"
185.191.171.19 - - [03/Nov/2022:01:00:12 -0700] "GET /index.php/camp-fire/3114078.html HTTP/1.1" 500 - "-" "Mozilla/5.0 (compatible; SemrushBot/7~bl; +http://www.semrush.com/bot.html)" "mantech8.com"
185.191.171.14 - - [03/Nov/2022:01:00:15 -0700] "GET /index.php/camp-fire/2473172.html HTTP/1.1" 500 - "-" "Mozilla/5.0 (compatible; SemrushBot/7~bl; +http://www.semrush.com/bot.html)" "mantech8.com"
185.191.171.6 - - [03/Nov/2022:01:00:27 -0700] "GET /index.php/camp-fire/46359868.html HTTP/1.1" 500 - "-" "Mozilla/5.0 (compatible; SemrushBot/7~bl; +http://www.semrush.com/bot.html)" "mantech8.com"
185.191.171.20 - - [03/Nov/2022:01:01:18 -0700] "GET /index.php/camp-fire/27478084.html HTTP/1.1" 500 - "-" "Mozilla/5.0 (compatible; SemrushBot/7~bl; +http://www.semrush.com/bot.html)" "mantech8.com"
185.191.171.17 - - [03/Nov/2022:01:01:26 -0700] "GET /index.php/camp-fire/20814635.html HTTP/1.1" 500 - "-" "Mozilla/5.0 (compatible; SemrushBot/7~bl; +http://www.semrush.com/bot.html)" "mantech8.com"
114.119.133.182 - - [03/Nov/2022:01:01:33 -0700] "GET /bimages/hgallery/thump/ HTTP/1.1" 200 506 "http://mantech8.com/bimages/hgallery/" "Mozilla/5.0 (Linux; Android 7.0;) AppleWebKit/537.36 (KHTML, like Gecko) Mobile Safari/537.36 (compatible; PetalBot;+https://webmaster.petalsearch.com/site/petalbot)" "mantech8.com"
185.191.171.43 - - [03/Nov/2022:01:01:49 -0700] "GET /index.php/camp-fire/1616390.html HTTP/1.1" 500 - "-" "Mozilla/5.0 (compatible; SemrushBot/7~bl; +http://www.semrush.com/bot.html)" "mantech8.com"
185.191.171.26 - - [03/Nov/2022:01:01:58 -0700] "GET /index.php/camp-fire/15521746.html HTTP/1.1" 500 - "-" "Mozilla/5.0 (compatible; SemrushBot/7~bl; +http://www.semrush.com/bot.html)" "mantech8.com"
185.191.171.43 - - [03/Nov/2022:01:02:07 -0700] "GET /index.php/camp-fire/16814326.html HTTP/1.1" 500 - "-" "Mozilla/5.0 (compatible; SemrushBot/7~bl; +http://www.semrush.com/bot.html)" "mantech8.com"
157.55.39.181 - - [03/Nov/2022:01:02:34 -0700] "GET /gallery.php/js/jpages.min.js HTTP/1.1" 200 49088 "-" "Mozilla/5.0 (compatible; MSIE 9.0; Windows NT 6.1; Trident/5.0)" "mantech8.com"
185.191.171.26 - - [03/Nov/2022:01:02:50 -0700] "GET /index.php/camp-fire/42821034.html HTTP/1.1" 500 - "-" "Mozilla/5.0 (compatible; SemrushBot/7~bl; +http://www.semrush.com/bot.html)" "mantech8.com"
185.191.171.41 - - [03/Nov/2022:01:03:08 -0700] "GET /index.php/camp-fire/37776265.html HTTP/1.1" 500 - "-" "Mozilla/5.0 (compatible; SemrushBot/7~bl; +http://www.semrush.com/bot.html)" "mantech8.com"
185.191.171.16 - - [03/Nov/2022:01:04:31 -0700] "GET /index.php/camp-fire/35433670.html HTTP/1.1" 500 - "-" "Mozilla/5.0 (compatible; SemrushBot/7~bl; +http://www.semrush.com/bot.html)" "mantech8.com"
185.191.171.22 - - [03/Nov/2022:01:05:28 -0700] "GET /index.php/camp-fire/27837571.html HTTP/1.1" 500 - "-" "Mozilla/5.0 (compatible; SemrushBot/7~bl; +http://www.semrush.com/bot.html)" "mantech8.com"
185.191.171.19 - - [03/Nov/2022:01:05:36 -0700] "GET /index.php/camp-fire/7388680.html HTTP/1.1" 500 - "-" "Mozilla/5.0 (compatible; SemrushBot/7~bl; +http://www.semrush.com/bot.html)" "mantech8.com"
207.46.13.149 - - [03/Nov/2022:01:05:56 -0700] "GET /clients.php HTTP/1.1" 200 18489 "-" "Mozilla/5.0 AppleWebKit/537.36 (KHTML, like Gecko; compatible; bingbot/2.0; +http://www.bing.com/bingbot.htm) Chrome/103.0.5060.134 Safari/537.36" "www.mantech8.com"
185.191.171.23 - - [03/Nov/2022:01:06:11 -0700] "GET /index.php/camp-fire/16692026.html HTTP/1.1" 500 - "-" "Mozilla/5.0 (compatible; SemrushBot/7~bl; +http://www.semrush.com/bot.html)" "mantech8.com"
185.191.171.17 - - [03/Nov/2022:01:06:14 -0700] "GET /index.php/camp-fire/19315783.html HTTP/1.1" 500 - "-" "Mozilla/5.0 (compatible; SemrushBot/7~bl; +http://www.semrush.com/bot.html)" "mantech8.com"
185.191.171.14 - - [03/Nov/2022:01:06:19 -0700] "GET /index.php/camp-fire/6494153.html HTTP/1.1" 500 - "-" "Mozilla/5.0 (compatible; SemrushBot/7~bl; +http://www.semrush.com/bot.html)" "mantech8.com"
114.119.133.190 - - [03/Nov/2022:01:06:40 -0700] "GET /bimages/cert/?C=N%3BO%3DD HTTP/1.1" 200 530 "http://mantech8.com/bimages/cert/?C=D%3BO%3DA" "Mozilla/5.0 (Linux; Android 7.0;) AppleWebKit/537.36 (KHTML, like Gecko) Mobile Safari/537.36 (compatible; PetalBot;+https://webmaster.petalsearch.com/site/petalbot)" "mantech8.com"
185.191.171.11 - - [03/Nov/2022:01:06:43 -0700] "GET /index.php/camp-fire/19862746.html HTTP/1.1" 500 - "-" "Mozilla/5.0 (compatible; SemrushBot/7~bl; +http://www.semrush.com/bot.html)" "mantech8.com"
185.191.171.7 - - [03/Nov/2022:01:06:52 -0700] "GET /index.php/camp-fire/41168417.html HTTP/1.1" 500 - "-" "Mozilla/5.0 (compatible; SemrushBot/7~bl; +http://www.semrush.com/bot.html)" "mantech8.com"
185.191.171.24 - - [03/Nov/2022:01:07:04 -0700] "GET /index.php/camp-fire/11493700.html HTTP/1.1" 500 - "-" "Mozilla/5.0 (compatible; SemrushBot/7~bl; +http://www.semrush.com/bot.html)" "mantech8.com"
185.191.171.14 - - [03/Nov/2022:01:07:59 -0700] "GET /index.php/camp-fire/29619159.html HTTP/1.1" 500 - "-" "Mozilla/5.0 (compatible; SemrushBot/7~bl; +http://www.semrush.com/bot.html)" "mantech8.com"
185.191.171.40 - - [03/Nov/2022:01:08:53 -0700] "GET /index.php/camp-fire/49198249.html HTTP/1.1" 500 - "-" "Mozilla/5.0 (compatible; SemrushBot/7~bl; +http://www.semrush.com/bot.html)" "mantech8.com"
122.160.137.228 - - [03/Nov/2022:01:09:16 -0700] "GET /contact.php HTTP/1.1" 200 29238 "http://mantech8.com/contact.php" "Mozilla/5.0 (Windows NT 10.0; Win64; x64) AppleWebKit/537.36 (KHTML, like Gecko) Chrome/90.0.4430.85 Safari/537.36 Edg/90.0.818.49" "mantech8.com"
185.191.171.7 - - [03/Nov/2022:01:09:16 -0700] "GET /index.php/camp-fire/18309981.html HTTP/1.1" 500 - "-" "Mozilla/5.0 (compatible; SemrushBot/7~bl; +http://www.semrush.com/bot.html)" "mantech8.com"
185.191.171.6 - - [03/Nov/2022:01:09:21 -0700] "GET /index.php/camp-fire/51478949.html HTTP/1.1" 500 - "-" "Mozilla/5.0 (compatible; SemrushBot/7~bl; +http://www.semrush.com/bot.html)" "mantech8.com"
185.191.171.23 - - [03/Nov/2022:01:10:07 -0700] "GET /index.php/camp-fire/14891190.html HTTP/1.1" 500 - "-" "Mozilla/5.0 (compatible; SemrushBot/7~bl; +http://www.semrush.com/bot.html)" "mantech8.com"
185.191.171.25 - - [03/Nov/2022:01:10:17 -0700] "GET /index.php/camp-fire/70766900.html HTTP/1.1" 500 - "-" "Mozilla/5.0 (compatible; SemrushBot/7~bl; +http://www.semrush.com/bot.html)" "mantech8.com"
207.46.13.145 - - [03/Nov/2022:01:10:50 -0700] "GET /gallery.php/jsgal/jquery.easing.min.js HTTP/1.1" 200 49088 "-" "Mozilla/5.0 (compatible; MSIE 9.0; Windows NT 6.1; Trident/5.0)" "mantech8.com"
185.191.171.1 - - [03/Nov/2022:01:11:14 -0700] "GET /index.php/camp-fire/8268142.html HTTP/1.1" 500 - "-" "Mozilla/5.0 (compatible; SemrushBot/7~bl; +http://www.semrush.com/bot.html)" "mantech8.com"
185.191.171.44 - - [03/Nov/2022:01:11:23 -0700] "GET /index.php/camp-fire/35668150.html HTTP/1.1" 500 - "-" "Mozilla/5.0 (compatible; SemrushBot/7~bl; +http://www.semrush.com/bot.html)" "mantech8.com"
185.191.171.13 - - [03/Nov/2022:01:11:31 -0700] "GET /index.php/camp-fire/38606309.html HTTP/1.1" 500 - "-" "Mozilla/5.0 (compatible; SemrushBot/7~bl; +http://www.semrush.com/bot.html)" "mantech8.com"
114.119.133.165 - - [03/Nov/2022:01:11:42 -0700] "GET /bimages/paintg/thump/?C=D%3BO%3DA HTTP/1.1" 200 483 "http://mantech8.com/bimages/paintg/thump/" "Mozilla/5.0 (Linux; Android 7.0;) AppleWebKit/537.36 (KHTML, like Gecko) Mobile Safari/537.36 (compatible; PetalBot;+https://webmaster.petalsearch.com/site/petalbot)" "mantech8.com"
185.191.171.17 - - [03/Nov/2022:01:11:44 -0700] "GET /index.php/camp-fire/26121582.html HTTP/1.1" 500 - "-" "Mozilla/5.0 (compatible; SemrushBot/7~bl; +http://www.semrush.com/bot.html)" "mantech8.com"
216.244.66.241 - - [03/Nov/2022:01:13:11 -0700] "GET /robots.txt HTTP/1.1" 200 222 "-" "Mozilla/5.0 (compatible; DotBot/1.2; +https://opensiteexplorer.org/dotbot; help@moz.com)" "www.mantech8.com"
216.244.66.241 - - [03/Nov/2022:01:13:11 -0700] "GET /robots.txt HTTP/1.1" 200 222 "-" "Mozilla/5.0 (compatible; DotBot/1.2; +https://opensiteexplorer.org/dotbot; help@moz.com)" "mantech8.com"
185.191.171.12 - - [03/Nov/2022:01:13:19 -0700] "GET /index.php/camp-fire/35125025.html HTTP/1.1" 500 - "-" "Mozilla/5.0 (compatible; SemrushBot/7~bl; +http://www.semrush.com/bot.html)" "mantech8.com"
185.191.171.10 - - [03/Nov/2022:01:13:38 -0700] "GET /index.php/camp-fire/11027783.html HTTP/1.1" 500 - "-" "Mozilla/5.0 (compatible; SemrushBot/7~bl; +http://www.semrush.com/bot.html)" "mantech8.com"
185.191.171.40 - - [03/Nov/2022:01:14:25 -0700] "GET /index.php/camp-fire/27086263.html HTTP/1.1" 500 - "-" "Mozilla/5.0 (compatible; SemrushBot/7~bl; +http://www.semrush.com/bot.html)" "mantech8.com"
185.191.171.14 - - [03/Nov/2022:01:14:45 -0700] "GET /index.php/camp-fire/5154898.html HTTP/1.1" 500 - "-" "Mozilla/5.0 (compatible; SemrushBot/7~bl; +http://www.semrush.com/bot.html)" "mantech8.com"
185.191.171.12 - - [03/Nov/2022:01:15:05 -0700] "GET /index.php/camp-fire/17943827.html HTTP/1.1" 500 - "-" "Mozilla/5.0 (compatible; SemrushBot/7~bl; +http://www.semrush.com/bot.html)" "mantech8.com"
185.191.171.43 - - [03/Nov/2022:01:15:40 -0700] "GET /index.php/camp-fire/27443381.html HTTP/1.1" 500 - "-" "Mozilla/5.0 (compatible; SemrushBot/7~bl; +http://www.semrush.com/bot.html)" "mantech8.com"
185.191.171.9 - - [03/Nov/2022:01:15:57 -0700] "GET /index.php/camp-fire/28038527.html HTTP/1.1" 500 - "-" "Mozilla/5.0 (compatible; SemrushBot/7~bl; +http://www.semrush.com/bot.html)" "mantech8.com"
185.191.171.5 - - [03/Nov/2022:01:16:06 -0700] "GET /index.php/camp-fire/24375657.html HTTP/1.1" 500 - "-" "Mozilla/5.0 (compatible; SemrushBot/7~bl; +http://www.semrush.com/bot.html)" "mantech8.com"
185.191.171.12 - - [03/Nov/2022:01:16:08 -0700] "GET /index.php/camp-fire/21642224.html HTTP/1.1" 500 - "-" "Mozilla/5.0 (compatible; SemrushBot/7~bl; +http://www.semrush.com/bot.html)" "mantech8.com"
185.191.171.45 - - [03/Nov/2022:01:16:15 -0700] "GET /index.php/camp-fire/52426688.html HTTP/1.1" 500 - "-" "Mozilla/5.0 (compatible; SemrushBot/7~bl; +http://www.semrush.com/bot.html)" "mantech8.com"
185.191.171.33 - - [03/Nov/2022:01:16:28 -0700] "GET /index.php/camp-fire/31081741.html HTTP/1.1" 500 - "-" "Mozilla/5.0 (compatible; SemrushBot/7~bl; +http://www.semrush.com/bot.html)" "mantech8.com"
66.249.66.66 - - [03/Nov/2022:01:16:33 -0700] "GET /umbilic.xml HTTP/1.1" 404 88 "-" "Mozilla/5.0 (compatible; Googlebot/2.1; +http://www.google.com/bot.html)" "mantech8.com"
185.191.171.20 - - [03/Nov/2022:01:16:35 -0700] "GET /index.php/camp-fire/77123121.html HTTP/1.1" 500 - "-" "Mozilla/5.0 (compatible; SemrushBot/7~bl; +http://www.semrush.com/bot.html)" "mantech8.com"
114.119.133.182 - - [03/Nov/2022:01:16:43 -0700] "GET /index.php/sitemap96.xml HTTP/1.1" 200 289436 "-" "Mozilla/5.0 (Linux; Android 7.0;) AppleWebKit/537.36 (KHTML, like Gecko) Mobile Safari/537.36 (compatible; PetalBot;+https://webmaster.petalsearch.com/site/petalbot)" "mantech8.com"
185.191.171.9 - - [03/Nov/2022:01:16:53 -0700] "GET /index.php/camp-fire/38761072.html HTTP/1.1" 500 - "-" "Mozilla/5.0 (compatible; SemrushBot/7~bl; +http://www.semrush.com/bot.html)" "mantech8.com"
185.191.171.8 - - [03/Nov/2022:01:17:36 -0700] "GET /index.php/camp-fire/40066235.html HTTP/1.1" 500 - "-" "Mozilla/5.0 (compatible; SemrushBot/7~bl; +http://www.semrush.com/bot.html)" "mantech8.com"
185.191.171.4 - - [03/Nov/2022:01:18:38 -0700] "GET /index.php/camp-fire/9637300.html HTTP/1.1" 500 - "-" "Mozilla/5.0 (compatible; SemrushBot/7~bl; +http://www.semrush.com/bot.html)" "mantech8.com"
103.131.71.129 - - [03/Nov/2022:01:18:42 -0700] "GET /robots.txt HTTP/1.1" 200 106 "-" "Mozilla/5.0 (compatible; coccocbot-web/1.0; +http://help.coccoc.com/searchengine)" "mantech8.com"
185.191.171.15 - - [03/Nov/2022:01:18:45 -0700] "GET /index.php/camp-fire/32575406.html HTTP/1.1" 500 - "-" "Mozilla/5.0 (compatible; SemrushBot/7~bl; +http://www.semrush.com/bot.html)" "mantech8.com"
185.191.171.26 - - [03/Nov/2022:01:18:46 -0700] "GET /index.php/camp-fire/33159508.html HTTP/1.1" 500 - "-" "Mozilla/5.0 (compatible; SemrushBot/7~bl; +http://www.semrush.com/bot.html)" "mantech8.com"
185.191.171.23 - - [03/Nov/2022:01:19:07 -0700] "GET /index.php/camp-fire/17616280.html HTTP/1.1" 500 - "-" "Mozilla/5.0 (compatible; SemrushBot/7~bl; +http://www.semrush.com/bot.html)" "mantech8.com"
185.191.171.15 - - [03/Nov/2022:01:19:11 -0700] "GET /index.php/camp-fire/1565400.html HTTP/1.1" 500 - "-" "Mozilla/5.0 (compatible; SemrushBot/7~bl; +http://www.semrush.com/bot.html)" "mantech8.com"
185.191.171.41 - - [03/Nov/2022:01:19:12 -0700] "GET /index.php/camp-fire/4390596.html HTTP/1.1" 500 - "-" "Mozilla/5.0 (compatible; SemrushBot/7~bl; +http://www.semrush.com/bot.html)" "mantech8.com"
185.191.171.15 - - [03/Nov/2022:01:19:30 -0700] "GET /index.php/camp-fire/27147663.html HTTP/1.1" 500 - "-" "Mozilla/5.0 (compatible; SemrushBot/7~bl; +http://www.semrush.com/bot.html)" "mantech8.com"
185.191.171.12 - - [03/Nov/2022:01:20:40 -0700] "GET /index.php/camp-fire/16061978.html HTTP/1.1" 500 - "-" "Mozilla/5.0 (compatible; SemrushBot/7~bl; +http://www.semrush.com/bot.html)" "mantech8.com"
