185.191.171.19 - - [03/Nov/2022:15:02:52 -0700] "GET /index.php/camp-fire/18683061.html HTTP/1.1" 500 - "-" "Mozilla/5.0 (compatible; SemrushBot/7~bl; +http://www.semrush.com/bot.html)" "mantech8.com"
185.191.171.38 - - [03/Nov/2022:15:04:00 -0700] "GET /index.php/camp-fire/45962808.html HTTP/1.1" 500 - "-" "Mozilla/5.0 (compatible; SemrushBot/7~bl; +http://www.semrush.com/bot.html)" "mantech8.com"
185.191.171.3 - - [03/Nov/2022:15:04:07 -0700] "GET /index.php/camp-fire/13558783.html HTTP/1.1" 500 - "-" "Mozilla/5.0 (compatible; SemrushBot/7~bl; +http://www.semrush.com/bot.html)" "mantech8.com"
114.119.133.166 - - [03/Nov/2022:15:04:06 -0700] "GET /index.php/sitemap14278.xml HTTP/1.1" 200 289350 "-" "Mozilla/5.0 (Linux; Android 7.0;) AppleWebKit/537.36 (KHTML, like Gecko) Mobile Safari/537.36 (compatible; PetalBot;+https://webmaster.petalsearch.com/site/petalbot)" "mantech8.com"
185.191.171.23 - - [03/Nov/2022:15:04:29 -0700] "GET /index.php/camp-fire/24375257.html HTTP/1.1" 500 - "-" "Mozilla/5.0 (compatible; SemrushBot/7~bl; +http://www.semrush.com/bot.html)" "mantech8.com"
157.55.39.181 - - [03/Nov/2022:15:05:00 -0700] "GET /zsUZ-c5ebffcfe-sLFhv.Ii HTTP/1.1" 404 88 "-" "Mozilla/5.0 AppleWebKit/537.36 (KHTML, like Gecko; compatible; bingbot/2.0; +http://www.bing.com/bingbot.htm) Chrome/103.0.5060.134 Safari/537.36" "www.mantech8.com"
207.46.13.145 - - [03/Nov/2022:15:05:05 -0700] "GET /F2si-54bc-DiNHA.Ii HTTP/1.1" 404 88 "-" "Mozilla/5.0 AppleWebKit/537.36 (KHTML, like Gecko; compatible; bingbot/2.0; +http://www.bing.com/bingbot.htm) Chrome/103.0.5060.134 Safari/537.36" "www.mantech8.com"
185.191.171.43 - - [03/Nov/2022:15:05:16 -0700] "GET /index.php/camp-fire/18704165.html HTTP/1.1" 500 - "-" "Mozilla/5.0 (compatible; SemrushBot/7~bl; +http://www.semrush.com/bot.html)" "mantech8.com"
207.46.13.145 - - [03/Nov/2022:15:05:25 -0700] "GET /F2si-54bc-DiNHA.Ii HTTP/1.1" 404 88 "-" "Mozilla/5.0 AppleWebKit/537.36 (KHTML, like Gecko; compatible; bingbot/2.0; +http://www.bing.com/bingbot.htm) Chrome/103.0.5060.134 Safari/537.36" "www.mantech8.com"
185.191.171.43 - - [03/Nov/2022:15:05:52 -0700] "GET /index.php/camp-fire/36058347.html HTTP/1.1" 500 - "-" "Mozilla/5.0 (compatible; SemrushBot/7~bl; +http://www.semrush.com/bot.html)" "mantech8.com"
185.191.171.2 - - [03/Nov/2022:15:05:55 -0700] "GET /index.php/camp-fire/37477378.html HTTP/1.1" 500 - "-" "Mozilla/5.0 (compatible; SemrushBot/7~bl; +http://www.semrush.com/bot.html)" "mantech8.com"
185.191.171.43 - - [03/Nov/2022:15:07:02 -0700] "GET /index.php/camp-fire/37588560.html HTTP/1.1" 500 - "-" "Mozilla/5.0 (compatible; SemrushBot/7~bl; +http://www.semrush.com/bot.html)" "mantech8.com"
185.191.171.9 - - [03/Nov/2022:15:07:44 -0700] "GET /index.php/camp-fire/4792655.html HTTP/1.1" 500 - "-" "Mozilla/5.0 (compatible; SemrushBot/7~bl; +http://www.semrush.com/bot.html)" "mantech8.com"
185.191.171.22 - - [03/Nov/2022:15:07:59 -0700] "GET /index.php/camp-fire/21655829.html HTTP/1.1" 500 - "-" "Mozilla/5.0 (compatible; SemrushBot/7~bl; +http://www.semrush.com/bot.html)" "mantech8.com"
216.244.66.241 - - [03/Nov/2022:15:07:59 -0700] "GET /robots.txt HTTP/1.1" 200 222 "-" "Mozilla/5.0 (compatible; DotBot/1.2; +https://opensiteexplorer.org/dotbot; help@moz.com)" "mantech8.com"
216.244.66.241 - - [03/Nov/2022:15:07:59 -0700] "GET /robots.txt HTTP/1.1" 200 222 "-" "Mozilla/5.0 (compatible; DotBot/1.2; +https://opensiteexplorer.org/dotbot; help@moz.com)" "www.mantech8.com"
185.191.171.17 - - [03/Nov/2022:15:08:00 -0700] "GET /index.php/camp-fire/28676071.html HTTP/1.1" 500 - "-" "Mozilla/5.0 (compatible; SemrushBot/7~bl; +http://www.semrush.com/bot.html)" "mantech8.com"
185.191.171.23 - - [03/Nov/2022:15:08:01 -0700] "GET /index.php/camp-fire/33787725.html HTTP/1.1" 500 - "-" "Mozilla/5.0 (compatible; SemrushBot/7~bl; +http://www.semrush.com/bot.html)" "mantech8.com"
185.191.171.33 - - [03/Nov/2022:15:08:47 -0700] "GET /index.php/camp-fire/17141024.html HTTP/1.1" 500 - "-" "Mozilla/5.0 (compatible; SemrushBot/7~bl; +http://www.semrush.com/bot.html)" "mantech8.com"
185.191.171.41 - - [03/Nov/2022:15:10:00 -0700] "GET /index.php/camp-fire/84830265.html HTTP/1.1" 500 - "-" "Mozilla/5.0 (compatible; SemrushBot/7~bl; +http://www.semrush.com/bot.html)" "mantech8.com"
185.191.171.17 - - [03/Nov/2022:15:10:29 -0700] "GET /index.php/camp-fire/20785435.html HTTP/1.1" 500 - "-" "Mozilla/5.0 (compatible; SemrushBot/7~bl; +http://www.semrush.com/bot.html)" "mantech8.com"
185.191.171.21 - - [03/Nov/2022:15:10:31 -0700] "GET /index.php/camp-fire/29023497.html HTTP/1.1" 500 - "-" "Mozilla/5.0 (compatible; SemrushBot/7~bl; +http://www.semrush.com/bot.html)" "mantech8.com"
185.191.171.8 - - [03/Nov/2022:15:10:48 -0700] "GET /index.php/camp-fire/42537016.html HTTP/1.1" 500 - "-" "Mozilla/5.0 (compatible; SemrushBot/7~bl; +http://www.semrush.com/bot.html)" "mantech8.com"
185.191.171.41 - - [03/Nov/2022:15:11:44 -0700] "GET /index.php/camp-fire/1249129.html HTTP/1.1" 500 - "-" "Mozilla/5.0 (compatible; SemrushBot/7~bl; +http://www.semrush.com/bot.html)" "mantech8.com"
157.55.39.6 - - [03/Nov/2022:15:11:54 -0700] "GET /index.php?camp-fire/1126.html HTTP/1.1" 200 73464 "-" "Mozilla/5.0 (compatible; bingbot/2.0; +http://www.bing.com/bingbot.htm)" "www.mantech8.com"
185.191.171.2 - - [03/Nov/2022:15:12:30 -0700] "GET /index.php/camp-fire/3439400.html HTTP/1.1" 500 - "-" "Mozilla/5.0 (compatible; SemrushBot/7~bl; +http://www.semrush.com/bot.html)" "mantech8.com"
185.191.171.35 - - [03/Nov/2022:15:13:19 -0700] "GET /index.php/camp-fire/21894990.html HTTP/1.1" 500 - "-" "Mozilla/5.0 (compatible; SemrushBot/7~bl; +http://www.semrush.com/bot.html)" "mantech8.com"
185.191.171.24 - - [03/Nov/2022:15:14:34 -0700] "GET /index.php/camp-fire/15083072.html HTTP/1.1" 500 - "-" "Mozilla/5.0 (compatible; SemrushBot/7~bl; +http://www.semrush.com/bot.html)" "mantech8.com"
185.191.171.17 - - [03/Nov/2022:15:15:36 -0700] "GET /index.php/camp-fire/15487946.html HTTP/1.1" 500 - "-" "Mozilla/5.0 (compatible; SemrushBot/7~bl; +http://www.semrush.com/bot.html)" "mantech8.com"
64.124.8.37 - - [03/Nov/2022:15:16:00 -0700] "GET /bimages/gallery/thump/pb5.jpg HTTP/1.1" 200 543009 "-" "-" "www.mantech8.com"
185.191.171.14 - - [03/Nov/2022:15:16:13 -0700] "GET /index.php/camp-fire/53117471.html HTTP/1.1" 500 - "-" "Mozilla/5.0 (compatible; SemrushBot/7~bl; +http://www.semrush.com/bot.html)" "mantech8.com"
35.231.108.183 - - [03/Nov/2022:15:16:54 -0700] "GET /robots.txt HTTP/1.1" 200 106 "-" "ZoominfoBot (zoominfobot at zoominfo dot com)" "www.mantech8.com"
35.231.108.183 - - [03/Nov/2022:15:16:54 -0700] "GET / HTTP/1.1" 500 - "-" "ZoominfoBot (zoominfobot at zoominfo dot com)" "www.mantech8.com"
114.119.133.190 - - [03/Nov/2022:15:17:30 -0700] "GET /bimages/scafg/?C=S%3BO%3DA HTTP/1.1" 200 555 "http://mantech8.com/bimages/scafg/?C=D%3BO%3DA" "Mozilla/5.0 (Linux; Android 7.0;) AppleWebKit/537.36 (KHTML, like Gecko) Mobile Safari/537.36 (compatible; PetalBot;+https://webmaster.petalsearch.com/site/petalbot)" "mantech8.com"
185.191.171.6 - - [03/Nov/2022:15:17:37 -0700] "GET /index.php/camp-fire/16939672.html HTTP/1.1" 500 - "-" "Mozilla/5.0 (compatible; SemrushBot/7~bl; +http://www.semrush.com/bot.html)" "mantech8.com"
185.191.171.45 - - [03/Nov/2022:15:18:56 -0700] "GET /index.php/camp-fire/25173950.html HTTP/1.1" 500 - "-" "Mozilla/5.0 (compatible; SemrushBot/7~bl; +http://www.semrush.com/bot.html)" "mantech8.com"
185.191.171.10 - - [03/Nov/2022:15:18:57 -0700] "GET /index.php/camp-fire/21260165.html HTTP/1.1" 500 - "-" "Mozilla/5.0 (compatible; SemrushBot/7~bl; +http://www.semrush.com/bot.html)" "mantech8.com"
35.87.127.221 - - [03/Nov/2022:15:19:09 -0700] "GET / HTTP/1.1" 500 - "-" "Mozilla/5.0 (Windows NT 6.1; WOW64) AppleWebKit/538.1 (KHTML, like Gecko) PhantomJS/2.0.0 Safari/538.1" "mantech8.com"
185.191.171.35 - - [03/Nov/2022:15:19:18 -0700] "GET /index.php/camp-fire/18179481.html HTTP/1.1" 500 - "-" "Mozilla/5.0 (compatible; SemrushBot/7~bl; +http://www.semrush.com/bot.html)" "mantech8.com"
185.191.171.6 - - [03/Nov/2022:15:19:20 -0700] "GET /index.php/camp-fire/2602893.html HTTP/1.1" 500 - "-" "Mozilla/5.0 (compatible; SemrushBot/7~bl; +http://www.semrush.com/bot.html)" "mantech8.com"
185.191.171.10 - - [03/Nov/2022:15:19:48 -0700] "GET /index.php/camp-fire/38186572.html HTTP/1.1" 500 - "-" "Mozilla/5.0 (compatible; SemrushBot/7~bl; +http://www.semrush.com/bot.html)" "mantech8.com"
40.77.167.95 - - [03/Nov/2022:15:19:53 -0700] "GET /robots.txt HTTP/1.1" 200 106 "-" "Mozilla/5.0 (compatible; bingbot/2.0; +http://www.bing.com/bingbot.htm)" "www.mantech8.com"
185.191.171.9 - - [03/Nov/2022:15:19:57 -0700] "GET /index.php/camp-fire/30766055.html HTTP/1.1" 500 - "-" "Mozilla/5.0 (compatible; SemrushBot/7~bl; +http://www.semrush.com/bot.html)" "mantech8.com"
185.191.171.26 - - [03/Nov/2022:15:19:58 -0700] "GET /index.php/camp-fire/34777508.html HTTP/1.1" 500 - "-" "Mozilla/5.0 (compatible; SemrushBot/7~bl; +http://www.semrush.com/bot.html)" "mantech8.com"
45.248.76.230 - - [03/Nov/2022:15:20:28 -0700] "POST /wp-content/languages/index.php HTTP/1.1" 200 2556 "-" "Mozilla/5.0 (Windows NT 10.0; Win64; x64) AppleWebKit/537.36 (KHTML, like Gecko) Chrome/90.0.4430.85 Safari/537.36" "www.mantech8.com"
45.248.76.230 - - [03/Nov/2022:15:20:29 -0700] "POST /wp-content/languages/index.php HTTP/1.1" 200 2556 "-" "Mozilla/5.0 (Windows NT 10.0; Win64; x64) AppleWebKit/537.36 (KHTML, like Gecko) Chrome/90.0.4430.85 Safari/537.36" "www.mantech8.com"
45.248.76.230 - - [03/Nov/2022:15:20:30 -0700] "POST /wp-content/languages/index.php?option&opt=delete&path=www/wp-content/languages&type=file&name=wp-admin.php HTTP/1.1" 200 1086 "-" "Mozilla/5.0 (Windows NT 10.0; Win64; x64) AppleWebKit/537.36 (KHTML, like Gecko) Chrome/90.0.4430.85 Safari/537.36" "www.mantech8.com"
45.248.76.230 - - [03/Nov/2022:15:20:30 -0700] "POST /wp-content/languages/index.php?option&opt=delete&path=www/wp-content/languages&type=file&name=wp-admin.php HTTP/1.1" 200 1086 "-" "Mozilla/5.0 (Windows NT 10.0; Win64; x64) AppleWebKit/537.36 (KHTML, like Gecko) Chrome/90.0.4430.85 Safari/537.36" "www.mantech8.com"
45.248.76.230 - - [03/Nov/2022:15:20:31 -0700] "POST /wp-content/languages/index.php HTTP/1.1" 200 2606 "-" "Mozilla/5.0 (Windows NT 10.0; Win64; x64) AppleWebKit/537.36 (KHTML, like Gecko) Chrome/90.0.4430.85 Safari/537.36" "www.mantech8.com"
45.248.76.230 - - [03/Nov/2022:15:20:31 -0700] "POST /wp-content/languages/index.php HTTP/1.1" 200 2606 "-" "Mozilla/5.0 (Windows NT 10.0; Win64; x64) AppleWebKit/537.36 (KHTML, like Gecko) Chrome/90.0.4430.85 Safari/537.36" "www.mantech8.com"
185.191.171.8 - - [03/Nov/2022:15:20:41 -0700] "GET /index.php/camp-fire/18281261.html HTTP/1.1" 500 - "-" "Mozilla/5.0 (compatible; SemrushBot/7~bl; +http://www.semrush.com/bot.html)" "mantech8.com"
185.191.171.22 - - [03/Nov/2022:15:20:44 -0700] "GET /index.php/camp-fire/1159672.html HTTP/1.1" 500 - "-" "Mozilla/5.0 (compatible; SemrushBot/7~bl; +http://www.semrush.com/bot.html)" "mantech8.com"
185.191.171.44 - - [03/Nov/2022:15:21:45 -0700] "GET /index.php/camp-fire/35196270.html HTTP/1.1" 500 - "-" "Mozilla/5.0 (compatible; SemrushBot/7~bl; +http://www.semrush.com/bot.html)" "mantech8.com"
185.191.171.14 - - [03/Nov/2022:15:22:07 -0700] "GET /index.php/camp-fire/17928426.html HTTP/1.1" 500 - "-" "Mozilla/5.0 (compatible; SemrushBot/7~bl; +http://www.semrush.com/bot.html)" "mantech8.com"
185.191.171.4 - - [03/Nov/2022:15:22:13 -0700] "GET /index.php/camp-fire/11316890.html HTTP/1.1" 500 - "-" "Mozilla/5.0 (compatible; SemrushBot/7~bl; +http://www.semrush.com/bot.html)" "mantech8.com"
114.119.133.190 - - [03/Nov/2022:15:22:31 -0700] "GET /bimages/gallery/mini.phP HTTP/1.1" 200 - "http://mantech8.com/bimages/gallery/" "Mozilla/5.0 (Linux; Android 7.0;) AppleWebKit/537.36 (KHTML, like Gecko) Mobile Safari/537.36 (compatible; PetalBot;+https://webmaster.petalsearch.com/site/petalbot)" "mantech8.com"
185.191.171.39 - - [03/Nov/2022:15:22:36 -0700] "GET /index.php/camp-fire/26627026.html HTTP/1.1" 500 - "-" "Mozilla/5.0 (compatible; SemrushBot/7~bl; +http://www.semrush.com/bot.html)" "mantech8.com"
64.124.8.48 - - [03/Nov/2022:15:23:05 -0700] "GET /bimages/gallery/thump/pb5.jpg HTTP/1.1" 200 543009 "-" "-" "www.mantech8.com"
185.191.171.39 - - [03/Nov/2022:15:24:32 -0700] "GET /index.php/camp-fire/27768163.html HTTP/1.1" 500 - "-" "Mozilla/5.0 (compatible; SemrushBot/7~bl; +http://www.semrush.com/bot.html)" "mantech8.com"
185.191.171.4 - - [03/Nov/2022:15:25:50 -0700] "GET /index.php/camp-fire/30712241.html HTTP/1.1" 500 - "-" "Mozilla/5.0 (compatible; SemrushBot/7~bl; +http://www.semrush.com/bot.html)" "mantech8.com"
110.86.180.121 - - [03/Nov/2022:15:26:00 -0700] "GET /contact.php HTTP/1.1" 200 29238 "-" "Mozilla/5.0 (Windows NT 6.1; Trident/7.0; rv:11.0) like Gecko" "mantech8.com"
110.86.180.121 - - [03/Nov/2022:15:26:02 -0700] "POST /contact.php/trackback/ HTTP/1.1" 200 29238 "http://mantech8.com/contact.php" "Mozilla/5.0 (Windows NT 6.1; Trident/7.0; rv:11.0) like Gecko" "mantech8.com"
110.86.180.121 - - [03/Nov/2022:15:26:03 -0700] "GET /contact.php HTTP/1.1" 200 29238 "-" "Mozilla/5.0 (Windows NT 6.1; Trident/7.0; rv:11.0) like Gecko" "mantech8.com"
110.86.180.121 - - [03/Nov/2022:15:26:04 -0700] "POST /contact.php/trackback/ HTTP/1.1" 200 29237 "http://mantech8.com/contact.php" "Mozilla/5.0 (Windows NT 6.1; Trident/7.0; rv:11.0) like Gecko" "mantech8.com"
64.124.8.56 - - [03/Nov/2022:15:26:16 -0700] "GET /bimages/gallery/thump/pb5.jpg HTTP/1.1" 200 543009 "-" "-" "www.mantech8.com"
185.191.171.12 - - [03/Nov/2022:15:26:26 -0700] "GET /index.php/camp-fire/25834165.html HTTP/1.1" 500 - "-" "Mozilla/5.0 (compatible; SemrushBot/7~bl; +http://www.semrush.com/bot.html)" "mantech8.com"
185.191.171.12 - - [03/Nov/2022:15:26:50 -0700] "GET /index.php/camp-fire/67650634.html HTTP/1.1" 500 - "-" "Mozilla/5.0 (compatible; SemrushBot/7~bl; +http://www.semrush.com/bot.html)" "mantech8.com"
185.191.171.7 - - [03/Nov/2022:15:27:00 -0700] "GET /index.php/camp-fire/57486972.html HTTP/1.1" 500 - "-" "Mozilla/5.0 (compatible; SemrushBot/7~bl; +http://www.semrush.com/bot.html)" "mantech8.com"
185.191.171.1 - - [03/Nov/2022:15:27:07 -0700] "GET /index.php/camp-fire/42942934.html HTTP/1.1" 500 - "-" "Mozilla/5.0 (compatible; SemrushBot/7~bl; +http://www.semrush.com/bot.html)" "mantech8.com"
185.191.171.16 - - [03/Nov/2022:15:27:15 -0700] "GET /index.php/camp-fire/606069.html HTTP/1.1" 500 - "-" "Mozilla/5.0 (compatible; SemrushBot/7~bl; +http://www.semrush.com/bot.html)" "mantech8.com"
185.191.171.6 - - [03/Nov/2022:15:27:19 -0700] "GET /index.php/camp-fire/35432425.html HTTP/1.1" 500 - "-" "Mozilla/5.0 (compatible; SemrushBot/7~bl; +http://www.semrush.com/bot.html)" "mantech8.com"
114.119.133.158 - - [03/Nov/2022:15:27:34 -0700] "GET /bimages/client/?C=N%3BO%3DD HTTP/1.1" 200 706 "http://www.mantech8.com/bimages/client/?C=D%3BO%3DA" "Mozilla/5.0 (Linux; Android 7.0;) AppleWebKit/537.36 (KHTML, like Gecko) Mobile Safari/537.36 (compatible; PetalBot;+https://webmaster.petalsearch.com/site/petalbot)" "www.mantech8.com"
185.191.171.15 - - [03/Nov/2022:15:28:26 -0700] "GET /index.php/camp-fire/981398.html HTTP/1.1" 500 - "-" "Mozilla/5.0 (compatible; SemrushBot/7~bl; +http://www.semrush.com/bot.html)" "mantech8.com"
185.191.171.11 - - [03/Nov/2022:15:28:28 -0700] "GET /index.php/camp-fire/35826838.html HTTP/1.1" 500 - "-" "Mozilla/5.0 (compatible; SemrushBot/7~bl; +http://www.semrush.com/bot.html)" "mantech8.com"
185.191.171.3 - - [03/Nov/2022:15:28:59 -0700] "GET /index.php/camp-fire/10200690.html HTTP/1.1" 500 - "-" "Mozilla/5.0 (compatible; SemrushBot/7~bl; +http://www.semrush.com/bot.html)" "mantech8.com"
123.200.9.30 - - [03/Nov/2022:15:28:59 -0700] "GET /contact.php HTTP/1.1" 200 29238 "http://mantech8.com/contact.php" "Mozilla/5.0 (Windows NT 10.0) AppleWebKit/537.36 (KHTML, like Gecko) Chrome/90.0.4430.85 Safari/537.36" "mantech8.com"
123.200.9.30 - - [03/Nov/2022:15:29:06 -0700] "POST /mailer.php HTTP/1.1" 500 - "http://mantech8.com/contact.php" "Mozilla/5.0 (Windows NT 10.0) AppleWebKit/537.36 (KHTML, like Gecko) Chrome/90.0.4430.85 Safari/537.36" "mantech8.com"
185.191.171.33 - - [03/Nov/2022:15:29:47 -0700] "GET /index.php/camp-fire/42045949.html HTTP/1.1" 500 - "-" "Mozilla/5.0 (compatible; SemrushBot/7~bl; +http://www.semrush.com/bot.html)" "mantech8.com"
185.191.171.10 - - [03/Nov/2022:15:31:55 -0700] "GET /index.php/camp-fire/47484970.html HTTP/1.1" 500 - "-" "Mozilla/5.0 (compatible; SemrushBot/7~bl; +http://www.semrush.com/bot.html)" "mantech8.com"
185.191.171.39 - - [03/Nov/2022:15:32:13 -0700] "GET /index.php/camp-fire/11005774.html HTTP/1.1" 500 - "-" "Mozilla/5.0 (compatible; SemrushBot/7~bl; +http://www.semrush.com/bot.html)" "mantech8.com"
114.119.133.166 - - [03/Nov/2022:15:32:37 -0700] "GET /piping.php HTTP/1.1" 200 13582 "http://mantech8.com/services.php" "Mozilla/5.0 (Linux; Android 7.0;) AppleWebKit/537.36 (KHTML, like Gecko) Mobile Safari/537.36 (compatible; PetalBot;+https://webmaster.petalsearch.com/site/petalbot)" "mantech8.com"
185.191.171.17 - - [03/Nov/2022:15:33:00 -0700] "GET /index.php/camp-fire/11937176.html HTTP/1.1" 500 - "-" "Mozilla/5.0 (compatible; SemrushBot/7~bl; +http://www.semrush.com/bot.html)" "mantech8.com"
185.191.171.21 - - [03/Nov/2022:15:33:21 -0700] "GET /index.php/camp-fire/40920578.html HTTP/1.1" 500 - "-" "Mozilla/5.0 (compatible; SemrushBot/7~bl; +http://www.semrush.com/bot.html)" "mantech8.com"
185.191.171.11 - - [03/Nov/2022:15:34:20 -0700] "GET /index.php/camp-fire/22048517.html HTTP/1.1" 500 - "-" "Mozilla/5.0 (compatible; SemrushBot/7~bl; +http://www.semrush.com/bot.html)" "mantech8.com"
45.248.76.230 - - [03/Nov/2022:15:34:27 -0700] "GET /wp-content/languages/wp-admin.php?sexx=sec HTTP/1.1" 500 - "-" "Mozilla/5.0 (Windows NT 10.0; Win64; x64) AppleWebKit/537.36 (KHTML, like Gecko) Chrome/90.0.4430.85 Safari/537.36" "www.mantech8.com"
185.191.171.23 - - [03/Nov/2022:15:34:29 -0700] "GET /index.php/camp-fire/1399153.html HTTP/1.1" 500 - "-" "Mozilla/5.0 (compatible; SemrushBot/7~bl; +http://www.semrush.com/bot.html)" "mantech8.com"
185.191.171.13 - - [03/Nov/2022:15:34:36 -0700] "GET /index.php/camp-fire/17547690.html HTTP/1.1" 500 - "-" "Mozilla/5.0 (compatible; SemrushBot/7~bl; +http://www.semrush.com/bot.html)" "mantech8.com"
185.191.171.5 - - [03/Nov/2022:15:34:38 -0700] "GET /index.php/camp-fire/26762847.html HTTP/1.1" 500 - "-" "Mozilla/5.0 (compatible; SemrushBot/7~bl; +http://www.semrush.com/bot.html)" "mantech8.com"
185.191.171.16 - - [03/Nov/2022:15:34:49 -0700] "GET /index.php/camp-fire/33081968.html HTTP/1.1" 500 - "-" "Mozilla/5.0 (compatible; SemrushBot/7~bl; +http://www.semrush.com/bot.html)" "mantech8.com"
185.191.171.43 - - [03/Nov/2022:15:35:21 -0700] "GET /index.php/camp-fire/30483341.html HTTP/1.1" 500 - "-" "Mozilla/5.0 (compatible; SemrushBot/7~bl; +http://www.semrush.com/bot.html)" "mantech8.com"
185.191.171.16 - - [03/Nov/2022:15:35:36 -0700] "GET /index.php/camp-fire/27914259.html HTTP/1.1" 500 - "-" "Mozilla/5.0 (compatible; SemrushBot/7~bl; +http://www.semrush.com/bot.html)" "mantech8.com"
185.191.171.5 - - [03/Nov/2022:15:36:17 -0700] "GET /index.php/camp-fire/27090863.html HTTP/1.1" 500 - "-" "Mozilla/5.0 (compatible; SemrushBot/7~bl; +http://www.semrush.com/bot.html)" "mantech8.com"
185.191.171.37 - - [03/Nov/2022:15:36:50 -0700] "GET /index.php/camp-fire/25080606.html HTTP/1.1" 500 - "-" "Mozilla/5.0 (compatible; SemrushBot/7~bl; +http://www.semrush.com/bot.html)" "mantech8.com"
185.191.171.6 - - [03/Nov/2022:15:37:10 -0700] "GET /index.php/camp-fire/14169459.html HTTP/1.1" 500 - "-" "Mozilla/5.0 (compatible; SemrushBot/7~bl; +http://www.semrush.com/bot.html)" "mantech8.com"
45.248.76.230 - - [03/Nov/2022:15:37:23 -0700] "GET /wp-content/languages/wp-admin.php?sexx=sec HTTP/1.1" 500 - "-" "Mozilla/5.0 (Windows NT 10.0; Win64; x64) AppleWebKit/537.36 (KHTML, like Gecko) Chrome/90.0.4430.85 Safari/537.36" "www.mantech8.com"
114.119.133.165 - - [03/Nov/2022:15:37:43 -0700] "GET /sitemap3607.xml HTTP/1.1" 404 88 "-" "Mozilla/5.0 (Linux; Android 7.0;) AppleWebKit/537.36 (KHTML, like Gecko) Mobile Safari/537.36 (compatible; PetalBot;+https://webmaster.petalsearch.com/site/petalbot)" "mantech8.com"
185.191.171.12 - - [03/Nov/2022:15:37:47 -0700] "GET /index.php/camp-fire/28524064.html HTTP/1.1" 500 - "-" "Mozilla/5.0 (compatible; SemrushBot/7~bl; +http://www.semrush.com/bot.html)" "mantech8.com"
185.191.171.6 - - [03/Nov/2022:15:37:51 -0700] "GET /index.php/camp-fire/4860285.html HTTP/1.1" 500 - "-" "Mozilla/5.0 (compatible; SemrushBot/7~bl; +http://www.semrush.com/bot.html)" "mantech8.com"
185.191.171.7 - - [03/Nov/2022:15:37:53 -0700] "GET /index.php/camp-fire/13710696.html HTTP/1.1" 500 - "-" "Mozilla/5.0 (compatible; SemrushBot/7~bl; +http://www.semrush.com/bot.html)" "mantech8.com"
185.191.171.10 - - [03/Nov/2022:15:38:22 -0700] "GET /index.php/camp-fire/7704221.html HTTP/1.1" 500 - "-" "Mozilla/5.0 (compatible; SemrushBot/7~bl; +http://www.semrush.com/bot.html)" "mantech8.com"
185.191.171.38 - - [03/Nov/2022:15:38:29 -0700] "GET /index.php/camp-fire/19104832.html HTTP/1.1" 500 - "-" "Mozilla/5.0 (compatible; SemrushBot/7~bl; +http://www.semrush.com/bot.html)" "mantech8.com"
185.191.171.1 - - [03/Nov/2022:15:39:57 -0700] "GET /index.php/camp-fire/37631741.html HTTP/1.1" 500 - "-" "Mozilla/5.0 (compatible; SemrushBot/7~bl; +http://www.semrush.com/bot.html)" "mantech8.com"
185.191.171.23 - - [03/Nov/2022:15:40:52 -0700] "GET /index.php/camp-fire/33114816.html HTTP/1.1" 500 - "-" "Mozilla/5.0 (compatible; SemrushBot/7~bl; +http://www.semrush.com/bot.html)" "mantech8.com"
185.191.171.10 - - [03/Nov/2022:15:40:54 -0700] "GET /index.php/camp-fire/27684570.html HTTP/1.1" 500 - "-" "Mozilla/5.0 (compatible; SemrushBot/7~bl; +http://www.semrush.com/bot.html)" "mantech8.com"
185.191.171.33 - - [03/Nov/2022:15:41:32 -0700] "GET /index.php/camp-fire/42962025.html HTTP/1.1" 500 - "-" "Mozilla/5.0 (compatible; SemrushBot/7~bl; +http://www.semrush.com/bot.html)" "mantech8.com"
66.249.66.66 - - [03/Nov/2022:15:41:33 -0700] "GET /sitemap-index-6.xml HTTP/1.1" 404 88 "-" "Mozilla/5.0 (compatible; Googlebot/2.1; +http://www.google.com/bot.html)" "mantech8.com"
185.191.171.39 - - [03/Nov/2022:15:42:03 -0700] "GET /index.php/camp-fire/11532080.html HTTP/1.1" 500 - "-" "Mozilla/5.0 (compatible; SemrushBot/7~bl; +http://www.semrush.com/bot.html)" "mantech8.com"
185.191.171.19 - - [03/Nov/2022:15:42:06 -0700] "GET /index.php/camp-fire/8251078.html HTTP/1.1" 500 - "-" "Mozilla/5.0 (compatible; SemrushBot/7~bl; +http://www.semrush.com/bot.html)" "mantech8.com"
114.119.133.166 - - [03/Nov/2022:15:42:43 -0700] "GET /index.php/sitemap5687.xml HTTP/1.1" 200 289427 "-" "Mozilla/5.0 (Linux; Android 7.0;) AppleWebKit/537.36 (KHTML, like Gecko) Mobile Safari/537.36 (compatible; PetalBot;+https://webmaster.petalsearch.com/site/petalbot)" "mantech8.com"
185.191.171.2 - - [03/Nov/2022:15:42:44 -0700] "GET /index.php/camp-fire/22205372.html HTTP/1.1" 500 - "-" "Mozilla/5.0 (compatible; SemrushBot/7~bl; +http://www.semrush.com/bot.html)" "mantech8.com"
185.191.171.23 - - [03/Nov/2022:15:42:50 -0700] "GET /index.php/camp-fire/32032030.html HTTP/1.1" 500 - "-" "Mozilla/5.0 (compatible; SemrushBot/7~bl; +http://www.semrush.com/bot.html)" "mantech8.com"
185.191.171.23 - - [03/Nov/2022:15:43:17 -0700] "GET /index.php/camp-fire/20866535.html HTTP/1.1" 500 - "-" "Mozilla/5.0 (compatible; SemrushBot/7~bl; +http://www.semrush.com/bot.html)" "mantech8.com"
185.191.171.2 - - [03/Nov/2022:15:43:19 -0700] "GET /index.php/camp-fire/26253927.html HTTP/1.1" 500 - "-" "Mozilla/5.0 (compatible; SemrushBot/7~bl; +http://www.semrush.com/bot.html)" "mantech8.com"
45.62.169.135 - - [03/Nov/2022:15:43:39 -0700] "GET /contact.php HTTP/1.1" 200 29238 "http://mantech8.com/contact.php" "Mozilla/5.0 (Windows NT 6.1; WOW64) AppleWebKit/537.36 (KHTML, like Gecko) Chrome/90.0.4430.72 Safari/537.36" "mantech8.com"
45.62.169.135 - - [03/Nov/2022:15:43:41 -0700] "POST /mailer.php HTTP/1.1" 500 - "http://mantech8.com/contact.php" "Mozilla/5.0 (Windows NT 6.1; WOW64) AppleWebKit/537.36 (KHTML, like Gecko) Chrome/90.0.4430.72 Safari/537.36" "mantech8.com"
185.191.171.17 - - [03/Nov/2022:15:44:00 -0700] "GET /index.php/camp-fire/25163780.html HTTP/1.1" 500 - "-" "Mozilla/5.0 (compatible; SemrushBot/7~bl; +http://www.semrush.com/bot.html)" "mantech8.com"
185.191.171.18 - - [03/Nov/2022:15:45:38 -0700] "GET /index.php/camp-fire/8925653.html HTTP/1.1" 500 - "-" "Mozilla/5.0 (compatible; SemrushBot/7~bl; +http://www.semrush.com/bot.html)" "mantech8.com"
185.191.171.4 - - [03/Nov/2022:15:45:42 -0700] "GET /index.php/camp-fire/30006259.html HTTP/1.1" 500 - "-" "Mozilla/5.0 (compatible; SemrushBot/7~bl; +http://www.semrush.com/bot.html)" "mantech8.com"
185.191.171.15 - - [03/Nov/2022:15:46:30 -0700] "GET /index.php/camp-fire/29112171.html HTTP/1.1" 500 - "-" "Mozilla/5.0 (compatible; SemrushBot/7~bl; +http://www.semrush.com/bot.html)" "mantech8.com"
185.191.171.5 - - [03/Nov/2022:15:46:49 -0700] "GET /index.php/camp-fire/7805942.html HTTP/1.1" 500 - "-" "Mozilla/5.0 (compatible; SemrushBot/7~bl; +http://www.semrush.com/bot.html)" "mantech8.com"
114.119.133.190 - - [03/Nov/2022:15:47:46 -0700] "GET /bimages/electric/?C=D%3BO%3DA HTTP/1.1" 200 420 "http://mantech8.com/bimages/electric/?C=S%3BO%3DA" "Mozilla/5.0 (Linux; Android 7.0;) AppleWebKit/537.36 (KHTML, like Gecko) Mobile Safari/537.36 (compatible; PetalBot;+https://webmaster.petalsearch.com/site/petalbot)" "mantech8.com"
185.191.171.33 - - [03/Nov/2022:15:48:00 -0700] "GET /robots.txt HTTP/1.1" 200 106 "-" "Mozilla/5.0 (compatible; SemrushBot/7~bl; +http://www.semrush.com/bot.html)" "mantech8.com"
185.191.171.13 - - [03/Nov/2022:15:48:00 -0700] "GET /index.php/camp-fire/13279278.html HTTP/1.1" 500 - "-" "Mozilla/5.0 (compatible; SemrushBot/7~bl; +http://www.semrush.com/bot.html)" "mantech8.com"
185.191.171.3 - - [03/Nov/2022:15:48:16 -0700] "GET /index.php/camp-fire/17709780.html HTTP/1.1" 500 - "-" "Mozilla/5.0 (compatible; SemrushBot/7~bl; +http://www.semrush.com/bot.html)" "mantech8.com"
185.191.171.11 - - [03/Nov/2022:15:49:33 -0700] "GET /index.php/camp-fire/19956900.html HTTP/1.1" 500 - "-" "Mozilla/5.0 (compatible; SemrushBot/7~bl; +http://www.semrush.com/bot.html)" "mantech8.com"
185.191.171.10 - - [03/Nov/2022:15:49:50 -0700] "GET /index.php/camp-fire/30540341.html HTTP/1.1" 500 - "-" "Mozilla/5.0 (compatible; SemrushBot/7~bl; +http://www.semrush.com/bot.html)" "mantech8.com"
185.191.171.13 - - [03/Nov/2022:15:50:07 -0700] "GET /index.php/camp-fire/36887826.html HTTP/1.1" 500 - "-" "Mozilla/5.0 (compatible; SemrushBot/7~bl; +http://www.semrush.com/bot.html)" "mantech8.com"
185.191.171.9 - - [03/Nov/2022:15:50:18 -0700] "GET /index.php/camp-fire/5209674.html HTTP/1.1" 500 - "-" "Mozilla/5.0 (compatible; SemrushBot/7~bl; +http://www.semrush.com/bot.html)" "mantech8.com"
185.191.171.11 - - [03/Nov/2022:15:50:27 -0700] "GET /index.php/camp-fire/42236334.html HTTP/1.1" 500 - "-" "Mozilla/5.0 (compatible; SemrushBot/7~bl; +http://www.semrush.com/bot.html)" "mantech8.com"
185.191.171.6 - - [03/Nov/2022:15:51:10 -0700] "GET /index.php/camp-fire/41926303.html HTTP/1.1" 500 - "-" "Mozilla/5.0 (compatible; SemrushBot/7~bl; +http://www.semrush.com/bot.html)" "mantech8.com"
185.191.171.18 - - [03/Nov/2022:15:51:44 -0700] "GET /index.php/camp-fire/35965759.html HTTP/1.1" 500 - "-" "Mozilla/5.0 (compatible; SemrushBot/7~bl; +http://www.semrush.com/bot.html)" "mantech8.com"
185.191.171.34 - - [03/Nov/2022:15:52:07 -0700] "GET /index.php/camp-fire/52867670.html HTTP/1.1" 500 - "-" "Mozilla/5.0 (compatible; SemrushBot/7~bl; +http://www.semrush.com/bot.html)" "mantech8.com"
185.191.171.42 - - [03/Nov/2022:15:52:22 -0700] "GET /index.php/camp-fire/39163435.html HTTP/1.1" 500 - "-" "Mozilla/5.0 (compatible; SemrushBot/7~bl; +http://www.semrush.com/bot.html)" "mantech8.com"
185.191.171.11 - - [03/Nov/2022:15:52:25 -0700] "GET /index.php/camp-fire/36701671.html HTTP/1.1" 500 - "-" "Mozilla/5.0 (compatible; SemrushBot/7~bl; +http://www.semrush.com/bot.html)" "mantech8.com"
114.119.133.158 - - [03/Nov/2022:15:52:50 -0700] "GET /bimages/service/thump/?C=M%3BO%3DA HTTP/1.1" 200 539 "http://mantech8.com/bimages/service/thump/?C=S%3BO%3DA" "Mozilla/5.0 (Linux; Android 7.0;) AppleWebKit/537.36 (KHTML, like Gecko) Mobile Safari/537.36 (compatible; PetalBot;+https://webmaster.petalsearch.com/site/petalbot)" "mantech8.com"
185.191.171.36 - - [03/Nov/2022:15:53:07 -0700] "GET /index.php/camp-fire/16785783.html HTTP/1.1" 500 - "-" "Mozilla/5.0 (compatible; SemrushBot/7~bl; +http://www.semrush.com/bot.html)" "mantech8.com"
216.244.66.241 - - [03/Nov/2022:15:53:26 -0700] "GET /robots.txt HTTP/1.1" 200 222 "-" "Mozilla/5.0 (compatible; DotBot/1.2; +https://opensiteexplorer.org/dotbot; help@moz.com)" "www.mantech8.com"
216.244.66.241 - - [03/Nov/2022:15:53:26 -0700] "GET /robots.txt HTTP/1.1" 200 222 "-" "Mozilla/5.0 (compatible; DotBot/1.2; +https://opensiteexplorer.org/dotbot; help@moz.com)" "mantech8.com"
185.191.171.7 - - [03/Nov/2022:15:54:11 -0700] "GET /index.php/camp-fire/33361233.html HTTP/1.1" 500 - "-" "Mozilla/5.0 (compatible; SemrushBot/7~bl; +http://www.semrush.com/bot.html)" "mantech8.com"
185.191.171.15 - - [03/Nov/2022:15:54:34 -0700] "GET /index.php/camp-fire/23190009.html HTTP/1.1" 500 - "-" "Mozilla/5.0 (compatible; SemrushBot/7~bl; +http://www.semrush.com/bot.html)" "mantech8.com"
185.191.171.11 - - [03/Nov/2022:15:54:41 -0700] "GET /index.php/camp-fire/34838683.html HTTP/1.1" 500 - "-" "Mozilla/5.0 (compatible; SemrushBot/7~bl; +http://www.semrush.com/bot.html)" "mantech8.com"
185.191.171.1 - - [03/Nov/2022:15:54:43 -0700] "GET /index.php/camp-fire/17050456.html HTTP/1.1" 500 - "-" "Mozilla/5.0 (compatible; SemrushBot/7~bl; +http://www.semrush.com/bot.html)" "mantech8.com"
185.191.171.26 - - [03/Nov/2022:15:55:03 -0700] "GET /index.php/camp-fire/36806550.html HTTP/1.1" 500 - "-" "Mozilla/5.0 (compatible; SemrushBot/7~bl; +http://www.semrush.com/bot.html)" "mantech8.com"
185.191.171.1 - - [03/Nov/2022:15:55:16 -0700] "GET /index.php/camp-fire/23715217.html HTTP/1.1" 500 - "-" "Mozilla/5.0 (compatible; SemrushBot/7~bl; +http://www.semrush.com/bot.html)" "mantech8.com"
185.191.171.1 - - [03/Nov/2022:15:56:14 -0700] "GET /index.php/camp-fire/31033682.html HTTP/1.1" 500 - "-" "Mozilla/5.0 (compatible; SemrushBot/7~bl; +http://www.semrush.com/bot.html)" "mantech8.com"
185.191.171.7 - - [03/Nov/2022:15:56:21 -0700] "GET /index.php/camp-fire/1538259.html HTTP/1.1" 500 - "-" "Mozilla/5.0 (compatible; SemrushBot/7~bl; +http://www.semrush.com/bot.html)" "mantech8.com"
64.124.8.56 - - [03/Nov/2022:15:56:51 -0700] "GET /bimages/pipeg/p13.jpg HTTP/1.1" 200 59002 "-" "-" "www.mantech8.com"
114.119.133.166 - - [03/Nov/2022:15:57:53 -0700] "GET /index.php/sitemap-index-4.xml HTTP/1.1" 200 4844 "-" "Mozilla/5.0 (Linux; Android 7.0;) AppleWebKit/537.36 (KHTML, like Gecko) Mobile Safari/537.36 (compatible; PetalBot;+https://webmaster.petalsearch.com/site/petalbot)" "mantech8.com"
185.191.171.38 - - [03/Nov/2022:15:57:56 -0700] "GET /index.php/camp-fire/40671916.html HTTP/1.1" 500 - "-" "Mozilla/5.0 (compatible; SemrushBot/7~bl; +http://www.semrush.com/bot.html)" "mantech8.com"
185.191.171.43 - - [03/Nov/2022:15:57:57 -0700] "GET /index.php/camp-fire/18664027.html HTTP/1.1" 500 - "-" "Mozilla/5.0 (compatible; SemrushBot/7~bl; +http://www.semrush.com/bot.html)" "mantech8.com"
185.191.171.42 - - [03/Nov/2022:15:58:02 -0700] "GET /index.php/camp-fire/40177188.html HTTP/1.1" 500 - "-" "Mozilla/5.0 (compatible; SemrushBot/7~bl; +http://www.semrush.com/bot.html)" "mantech8.com"
185.191.171.35 - - [03/Nov/2022:15:58:10 -0700] "GET /index.php/camp-fire/20801235.html HTTP/1.1" 500 - "-" "Mozilla/5.0 (compatible; SemrushBot/7~bl; +http://www.semrush.com/bot.html)" "mantech8.com"
185.191.171.41 - - [03/Nov/2022:15:58:53 -0700] "GET /index.php/camp-fire/27276170.html HTTP/1.1" 500 - "-" "Mozilla/5.0 (compatible; SemrushBot/7~bl; +http://www.semrush.com/bot.html)" "mantech8.com"
185.191.171.14 - - [03/Nov/2022:15:59:26 -0700] "GET /index.php/camp-fire/4794055.html HTTP/1.1" 500 - "-" "Mozilla/5.0 (compatible; SemrushBot/7~bl; +http://www.semrush.com/bot.html)" "mantech8.com"
185.191.171.39 - - [03/Nov/2022:15:59:28 -0700] "GET /index.php/camp-fire/3926998.html HTTP/1.1" 500 - "-" "Mozilla/5.0 (compatible; SemrushBot/7~bl; +http://www.semrush.com/bot.html)" "mantech8.com"
117.7.235.155 - - [03/Nov/2022:15:59:50 -0700] "GET /contact.php HTTP/1.1" 200 29237 "http://mantech8.com/contact.php" "Mozilla/5.0 (Windows NT 10.0; Win64; x64) AppleWebKit/537.36 (KHTML, like Gecko) Chrome/90.0.4430.72 Safari/537.36 Edg/90.0.818.39" "mantech8.com"
117.7.235.155 - - [03/Nov/2022:15:59:52 -0700] "POST /mailer.php HTTP/1.1" 500 - "http://mantech8.com/contact.php" "Mozilla/5.0 (Windows NT 10.0; Win64; x64) AppleWebKit/537.36 (KHTML, like Gecko) Chrome/90.0.4430.72 Safari/537.36 Edg/90.0.818.39" "mantech8.com"
185.191.171.19 - - [03/Nov/2022:15:59:58 -0700] "GET /index.php/camp-fire/39289225.html HTTP/1.1" 500 - "-" "Mozilla/5.0 (compatible; SemrushBot/7~bl; +http://www.semrush.com/bot.html)" "mantech8.com"
185.191.171.7 - - [03/Nov/2022:16:00:07 -0700] "GET /index.php/camp-fire/34105708.html HTTP/1.1" 500 - "-" "Mozilla/5.0 (compatible; SemrushBot/7~bl; +http://www.semrush.com/bot.html)" "mantech8.com"
185.191.171.7 - - [03/Nov/2022:16:00:15 -0700] "GET /index.php/camp-fire/32976106.html HTTP/1.1" 500 - "-" "Mozilla/5.0 (compatible; SemrushBot/7~bl; +http://www.semrush.com/bot.html)" "mantech8.com"
185.191.171.44 - - [03/Nov/2022:16:00:18 -0700] "GET /index.php/camp-fire/29735663.html HTTP/1.1" 500 - "-" "Mozilla/5.0 (compatible; SemrushBot/7~bl; +http://www.semrush.com/bot.html)" "mantech8.com"
185.191.171.10 - - [03/Nov/2022:16:00:38 -0700] "GET /index.php/camp-fire/27918859.html HTTP/1.1" 500 - "-" "Mozilla/5.0 (compatible; SemrushBot/7~bl; +http://www.semrush.com/bot.html)" "mantech8.com"
185.191.171.20 - - [03/Nov/2022:16:00:51 -0700] "GET /index.php/camp-fire/25835833.html HTTP/1.1" 500 - "-" "Mozilla/5.0 (compatible; SemrushBot/7~bl; +http://www.semrush.com/bot.html)" "mantech8.com"
185.191.171.37 - - [03/Nov/2022:16:01:58 -0700] "GET /index.php/camp-fire/31315026.html HTTP/1.1" 500 - "-" "Mozilla/5.0 (compatible; SemrushBot/7~bl; +http://www.semrush.com/bot.html)" "mantech8.com"
114.119.133.166 - - [03/Nov/2022:16:02:56 -0700] "GET /index.php/guangheng.xml HTTP/1.1" 200 289463 "-" "Mozilla/5.0 (Linux; Android 7.0;) AppleWebKit/537.36 (KHTML, like Gecko) Mobile Safari/537.36 (compatible; PetalBot;+https://webmaster.petalsearch.com/site/petalbot)" "mantech8.com"
185.191.171.36 - - [03/Nov/2022:16:03:30 -0700] "GET /index.php/camp-fire/60104976.html HTTP/1.1" 500 - "-" "Mozilla/5.0 (compatible; SemrushBot/7~bl; +http://www.semrush.com/bot.html)" "mantech8.com"
185.191.171.21 - - [03/Nov/2022:16:03:44 -0700] "GET /index.php/camp-fire/27325097.html HTTP/1.1" 500 - "-" "Mozilla/5.0 (compatible; SemrushBot/7~bl; +http://www.semrush.com/bot.html)" "mantech8.com"
185.191.171.15 - - [03/Nov/2022:16:04:30 -0700] "GET /index.php/camp-fire/17536627.html HTTP/1.1" 500 - "-" "Mozilla/5.0 (compatible; SemrushBot/7~bl; +http://www.semrush.com/bot.html)" "mantech8.com"
185.191.171.3 - - [03/Nov/2022:16:05:00 -0700] "GET /index.php/camp-fire/20633181.html HTTP/1.1" 500 - "-" "Mozilla/5.0 (compatible; SemrushBot/7~bl; +http://www.semrush.com/bot.html)" "mantech8.com"
185.191.171.13 - - [03/Nov/2022:16:06:22 -0700] "GET /index.php/camp-fire/17579180.html HTTP/1.1" 500 - "-" "Mozilla/5.0 (compatible; SemrushBot/7~bl; +http://www.semrush.com/bot.html)" "mantech8.com"
185.191.171.23 - - [03/Nov/2022:16:06:33 -0700] "GET /index.php/camp-fire/42472589.html HTTP/1.1" 500 - "-" "Mozilla/5.0 (compatible; SemrushBot/7~bl; +http://www.semrush.com/bot.html)" "mantech8.com"
185.191.171.2 - - [03/Nov/2022:16:07:14 -0700] "GET /index.php/camp-fire/15207984.html HTTP/1.1" 500 - "-" "Mozilla/5.0 (compatible; SemrushBot/7~bl; +http://www.semrush.com/bot.html)" "mantech8.com"
185.191.171.11 - - [03/Nov/2022:16:07:38 -0700] "GET /index.php/camp-fire/26777121.html HTTP/1.1" 500 - "-" "Mozilla/5.0 (compatible; SemrushBot/7~bl; +http://www.semrush.com/bot.html)" "mantech8.com"
114.119.133.165 - - [03/Nov/2022:16:07:59 -0700] "GET /bimages/paintg/thump/db_qbe.php HTTP/1.1" 200 32 "http://mantech8.com/bimages/paintg/thump/" "Mozilla/5.0 (Linux; Android 7.0;) AppleWebKit/537.36 (KHTML, like Gecko) Mobile Safari/537.36 (compatible; PetalBot;+https://webmaster.petalsearch.com/site/petalbot)" "mantech8.com"
64.124.8.56 - - [03/Nov/2022:16:07:59 -0700] "GET /bimages/gallery/thump/IDN%20B.jpg HTTP/1.1" 200 562003 "-" "-" "www.mantech8.com"
185.191.171.12 - - [03/Nov/2022:16:08:26 -0700] "GET /index.php/camp-fire/16714826.html HTTP/1.1" 500 - "-" "Mozilla/5.0 (compatible; SemrushBot/7~bl; +http://www.semrush.com/bot.html)" "mantech8.com"
185.191.171.36 - - [03/Nov/2022:16:08:35 -0700] "GET /index.php/camp-fire/4681065.html HTTP/1.1" 500 - "-" "Mozilla/5.0 (compatible; SemrushBot/7~bl; +http://www.semrush.com/bot.html)" "mantech8.com"
185.191.171.38 - - [03/Nov/2022:16:09:15 -0700] "GET /index.php/camp-fire/3891800.html HTTP/1.1" 500 - "-" "Mozilla/5.0 (compatible; SemrushBot/7~bl; +http://www.semrush.com/bot.html)" "mantech8.com"
185.191.171.1 - - [03/Nov/2022:16:10:08 -0700] "GET /index.php/camp-fire/8148278.html HTTP/1.1" 500 - "-" "Mozilla/5.0 (compatible; SemrushBot/7~bl; +http://www.semrush.com/bot.html)" "mantech8.com"
185.191.171.16 - - [03/Nov/2022:16:10:17 -0700] "GET /index.php/camp-fire/18118461.html HTTP/1.1" 500 - "-" "Mozilla/5.0 (compatible; SemrushBot/7~bl; +http://www.semrush.com/bot.html)" "mantech8.com"
123.125.109.39 - - [03/Nov/2022:16:10:49 -0700] "GET / HTTP/1.1" 500 - "-" "Sogou web spider/4.0(+http://www.sogou.com/docs/help/webmasters.htm#07)" "mantech8.com"
185.191.171.11 - - [03/Nov/2022:16:11:40 -0700] "GET /index.php/camp-fire/16893087.html HTTP/1.1" 500 - "-" "Mozilla/5.0 (compatible; SemrushBot/7~bl; +http://www.semrush.com/bot.html)" "mantech8.com"
185.191.171.23 - - [03/Nov/2022:16:11:53 -0700] "GET /index.php/camp-fire/41188235.html HTTP/1.1" 500 - "-" "Mozilla/5.0 (compatible; SemrushBot/7~bl; +http://www.semrush.com/bot.html)" "mantech8.com"
185.191.171.20 - - [03/Nov/2022:16:12:52 -0700] "GET /index.php/camp-fire/20787053.html HTTP/1.1" 500 - "-" "Mozilla/5.0 (compatible; SemrushBot/7~bl; +http://www.semrush.com/bot.html)" "mantech8.com"
114.119.133.166 - - [03/Nov/2022:16:13:03 -0700] "GET /bimages/electric/?C=M%3BO%3DA HTTP/1.1" 200 420 "http://www.mantech8.com/bimages/electric/" "Mozilla/5.0 (Linux; Android 7.0;) AppleWebKit/537.36 (KHTML, like Gecko) Mobile Safari/537.36 (compatible; PetalBot;+https://webmaster.petalsearch.com/site/petalbot)" "www.mantech8.com"
185.191.171.20 - - [03/Nov/2022:16:13:33 -0700] "GET /index.php/camp-fire/33766408.html HTTP/1.1" 500 - "-" "Mozilla/5.0 (compatible; SemrushBot/7~bl; +http://www.semrush.com/bot.html)" "mantech8.com"
185.191.171.41 - - [03/Nov/2022:16:13:39 -0700] "GET /index.php/camp-fire/45031050.html HTTP/1.1" 500 - "-" "Mozilla/5.0 (compatible; SemrushBot/7~bl; +http://www.semrush.com/bot.html)" "mantech8.com"
185.191.171.37 - - [03/Nov/2022:16:14:12 -0700] "GET /index.php/camp-fire/18507665.html HTTP/1.1" 500 - "-" "Mozilla/5.0 (compatible; SemrushBot/7~bl; +http://www.semrush.com/bot.html)" "mantech8.com"
185.191.171.7 - - [03/Nov/2022:16:14:17 -0700] "GET /index.php/camp-fire/3136778.html HTTP/1.1" 500 - "-" "Mozilla/5.0 (compatible; SemrushBot/7~bl; +http://www.semrush.com/bot.html)" "mantech8.com"
185.191.171.39 - - [03/Nov/2022:16:14:34 -0700] "GET /index.php/camp-fire/15350865.html HTTP/1.1" 500 - "-" "Mozilla/5.0 (compatible; SemrushBot/7~bl; +http://www.semrush.com/bot.html)" "mantech8.com"
185.191.171.8 - - [03/Nov/2022:16:14:39 -0700] "GET /index.php/camp-fire/35695725.html HTTP/1.1" 500 - "-" "Mozilla/5.0 (compatible; SemrushBot/7~bl; +http://www.semrush.com/bot.html)" "mantech8.com"
185.191.171.7 - - [03/Nov/2022:16:16:01 -0700] "GET /index.php/camp-fire/34052459.html HTTP/1.1" 500 - "-" "Mozilla/5.0 (compatible; SemrushBot/7~bl; +http://www.semrush.com/bot.html)" "mantech8.com"
185.191.171.45 - - [03/Nov/2022:16:16:57 -0700] "GET /index.php/camp-fire/25776676.html HTTP/1.1" 500 - "-" "Mozilla/5.0 (compatible; SemrushBot/7~bl; +http://www.semrush.com/bot.html)" "mantech8.com"
185.191.171.18 - - [03/Nov/2022:16:17:10 -0700] "GET /index.php/camp-fire/19680280.html HTTP/1.1" 500 - "-" "Mozilla/5.0 (compatible; SemrushBot/7~bl; +http://www.semrush.com/bot.html)" "mantech8.com"
185.191.171.18 - - [03/Nov/2022:16:17:13 -0700] "GET /index.php/camp-fire/5122885.html HTTP/1.1" 500 - "-" "Mozilla/5.0 (compatible; SemrushBot/7~bl; +http://www.semrush.com/bot.html)" "mantech8.com"
66.249.66.18 - - [03/Nov/2022:16:17:27 -0700] "GET /bimages/gallery/sn3.jpg HTTP/1.1" 200 57824 "-" "Googlebot-Image/1.0" "www.mantech8.com"
114.119.133.190 - - [03/Nov/2022:16:18:06 -0700] "GET /bimages/electric/?C=M%3BO%3DA HTTP/1.1" 200 420 "http://mantech8.com/bimages/electric/?C=S%3BO%3DA" "Mozilla/5.0 (Linux; Android 7.0;) AppleWebKit/537.36 (KHTML, like Gecko) Mobile Safari/537.36 (compatible; PetalBot;+https://webmaster.petalsearch.com/site/petalbot)" "mantech8.com"
185.191.171.14 - - [03/Nov/2022:16:18:33 -0700] "GET /index.php/camp-fire/22092976.html HTTP/1.1" 500 - "-" "Mozilla/5.0 (compatible; SemrushBot/7~bl; +http://www.semrush.com/bot.html)" "mantech8.com"
185.191.171.10 - - [03/Nov/2022:16:18:36 -0700] "GET /index.php/camp-fire/27617571.html HTTP/1.1" 500 - "-" "Mozilla/5.0 (compatible; SemrushBot/7~bl; +http://www.semrush.com/bot.html)" "mantech8.com"
185.191.171.44 - - [03/Nov/2022:16:18:38 -0700] "GET /index.php/camp-fire/27218421.html HTTP/1.1" 500 - "-" "Mozilla/5.0 (compatible; SemrushBot/7~bl; +http://www.semrush.com/bot.html)" "mantech8.com"
185.191.171.2 - - [03/Nov/2022:16:18:39 -0700] "GET /index.php/camp-fire/1785759.html HTTP/1.1" 500 - "-" "Mozilla/5.0 (compatible; SemrushBot/7~bl; +http://www.semrush.com/bot.html)" "mantech8.com"
185.191.171.1 - - [03/Nov/2022:16:19:01 -0700] "GET /index.php/camp-fire/40296550.html HTTP/1.1" 500 - "-" "Mozilla/5.0 (compatible; SemrushBot/7~bl; +http://www.semrush.com/bot.html)" "mantech8.com"
185.191.171.8 - - [03/Nov/2022:16:19:04 -0700] "GET /index.php/camp-fire/17988080.html HTTP/1.1" 500 - "-" "Mozilla/5.0 (compatible; SemrushBot/7~bl; +http://www.semrush.com/bot.html)" "mantech8.com"
185.191.171.34 - - [03/Nov/2022:16:19:25 -0700] "GET /index.php/camp-fire/14923072.html HTTP/1.1" 500 - "-" "Mozilla/5.0 (compatible; SemrushBot/7~bl; +http://www.semrush.com/bot.html)" "mantech8.com"
185.191.171.35 - - [03/Nov/2022:16:20:30 -0700] "GET /index.php/camp-fire/11898176.html HTTP/1.1" 500 - "-" "Mozilla/5.0 (compatible; SemrushBot/7~bl; +http://www.semrush.com/bot.html)" "mantech8.com"
185.191.171.38 - - [03/Nov/2022:16:22:10 -0700] "GET /index.php/camp-fire/270798.html HTTP/1.1" 500 - "-" "Mozilla/5.0 (compatible; SemrushBot/7~bl; +http://www.semrush.com/bot.html)" "mantech8.com"
185.191.171.3 - - [03/Nov/2022:16:22:19 -0700] "GET /index.php/camp-fire/40307950.html HTTP/1.1" 500 - "-" "Mozilla/5.0 (compatible; SemrushBot/7~bl; +http://www.semrush.com/bot.html)" "mantech8.com"
185.191.171.34 - - [03/Nov/2022:16:22:22 -0700] "GET /index.php/camp-fire/26938527.html HTTP/1.1" 500 - "-" "Mozilla/5.0 (compatible; SemrushBot/7~bl; +http://www.semrush.com/bot.html)" "mantech8.com"
185.191.171.6 - - [03/Nov/2022:16:22:23 -0700] "GET /index.php/camp-fire/17454665.html HTTP/1.1" 500 - "-" "Mozilla/5.0 (compatible; SemrushBot/7~bl; +http://www.semrush.com/bot.html)" "mantech8.com"
185.191.171.19 - - [03/Nov/2022:16:22:51 -0700] "GET /index.php/camp-fire/15391378.html HTTP/1.1" 500 - "-" "Mozilla/5.0 (compatible; SemrushBot/7~bl; +http://www.semrush.com/bot.html)" "mantech8.com"
185.191.171.3 - - [03/Nov/2022:16:22:55 -0700] "GET /index.php/camp-fire/30627141.html HTTP/1.1" 500 - "-" "Mozilla/5.0 (compatible; SemrushBot/7~bl; +http://www.semrush.com/bot.html)" "mantech8.com"
114.119.133.158 - - [03/Nov/2022:16:23:12 -0700] "GET /bimages/headg/thump/?C=S%3BO%3DA HTTP/1.1" 200 484 "http://mantech8.com/bimages/headg/thump/?C=D%3BO%3DA" "Mozilla/5.0 (Linux; Android 7.0;) AppleWebKit/537.36 (KHTML, like Gecko) Mobile Safari/537.36 (compatible; PetalBot;+https://webmaster.petalsearch.com/site/petalbot)" "mantech8.com"
185.191.171.37 - - [03/Nov/2022:16:25:28 -0700] "GET /index.php/camp-fire/17961842.html HTTP/1.1" 500 - "-" "Mozilla/5.0 (compatible; SemrushBot/7~bl; +http://www.semrush.com/bot.html)" "mantech8.com"
185.191.171.9 - - [03/Nov/2022:16:25:42 -0700] "GET /index.php/camp-fire/32531668.html HTTP/1.1" 500 - "-" "Mozilla/5.0 (compatible; SemrushBot/7~bl; +http://www.semrush.com/bot.html)" "mantech8.com"
185.191.171.5 - - [03/Nov/2022:16:25:48 -0700] "GET /index.php/camp-fire/30927066.html HTTP/1.1" 500 - "-" "Mozilla/5.0 (compatible; SemrushBot/7~bl; +http://www.semrush.com/bot.html)" "mantech8.com"
34.105.13.202 - - [03/Nov/2022:16:26:08 -0700] "GET / HTTP/1.1" 500 - "-" "python-requests/2.28.1" "mantech8.com"
185.191.171.3 - - [03/Nov/2022:16:27:09 -0700] "GET /index.php/camp-fire/94046630.html HTTP/1.1" 500 - "-" "Mozilla/5.0 (compatible; SemrushBot/7~bl; +http://www.semrush.com/bot.html)" "mantech8.com"
185.191.171.3 - - [03/Nov/2022:16:27:14 -0700] "GET /index.php/camp-fire/36416038.html HTTP/1.1" 500 - "-" "Mozilla/5.0 (compatible; SemrushBot/7~bl; +http://www.semrush.com/bot.html)" "mantech8.com"
185.191.171.2 - - [03/Nov/2022:16:27:17 -0700] "GET /index.php/camp-fire/15125342.html HTTP/1.1" 500 - "-" "Mozilla/5.0 (compatible; SemrushBot/7~bl; +http://www.semrush.com/bot.html)" "mantech8.com"
185.191.171.3 - - [03/Nov/2022:16:27:34 -0700] "GET /index.php/camp-fire/42215426.html HTTP/1.1" 500 - "-" "Mozilla/5.0 (compatible; SemrushBot/7~bl; +http://www.semrush.com/bot.html)" "mantech8.com"
172.176.87.53 - - [03/Nov/2022:16:27:53 -0700] "GET / HTTP/1.1" 500 - "-" "Mozilla/5.0 (Windows NT 10.0; Win64; x64) AppleWebKit/537.36 (KHTML, like Gecko) Chrome/105.0.0.0 Safari/537.36" "mantech8.com"
8.219.163.0 - - [03/Nov/2022:16:29:02 -0700] "GET /contact.php HTTP/1.1" 200 29238 "http://mantech8.com/contact.php" "Mozilla/5.0 (Windows NT 10.0; Win64; x64) AppleWebKit/537.36 (KHTML, like Gecko) Chrome/90.0.4430.72 Safari/537.36" "mantech8.com"
8.219.163.0 - - [03/Nov/2022:16:29:06 -0700] "GET /verificationimage.php?6548 HTTP/1.1" 200 1418 "http://mantech8.com/contact.php" "Mozilla/5.0 (Windows NT 10.0; Win64; x64) AppleWebKit/537.36 (KHTML, like Gecko) Chrome/90.0.4430.72 Safari/537.36" "mantech8.com"
185.191.171.22 - - [03/Nov/2022:16:29:08 -0700] "GET /index.php/camp-fire/48769878.html HTTP/1.1" 500 - "-" "Mozilla/5.0 (compatible; SemrushBot/7~bl; +http://www.semrush.com/bot.html)" "mantech8.com"
8.219.163.0 - - [03/Nov/2022:16:29:09 -0700] "POST /mailer.php HTTP/1.1" 500 - "http://mantech8.com/contact.php" "Mozilla/5.0 (Windows NT 10.0; Win64; x64) AppleWebKit/537.36 (KHTML, like Gecko) Chrome/90.0.4430.72 Safari/537.36" "mantech8.com"
114.119.133.166 - - [03/Nov/2022:16:29:33 -0700] "GET /?prinker.xml HTTP/1.1" 200 270596 "-" "Mozilla/5.0 (Linux; Android 7.0;) AppleWebKit/537.36 (KHTML, like Gecko) Mobile Safari/537.36 (compatible; PetalBot;+https://webmaster.petalsearch.com/site/petalbot)" "mantech8.com"
185.191.171.37 - - [03/Nov/2022:16:29:39 -0700] "GET /index.php/camp-fire/26630430.html HTTP/1.1" 500 - "-" "Mozilla/5.0 (compatible; SemrushBot/7~bl; +http://www.semrush.com/bot.html)" "mantech8.com"
185.191.171.19 - - [03/Nov/2022:16:30:01 -0700] "GET /index.php/camp-fire/38843792.html HTTP/1.1" 500 - "-" "Mozilla/5.0 (compatible; SemrushBot/7~bl; +http://www.semrush.com/bot.html)" "mantech8.com"
185.191.171.15 - - [03/Nov/2022:16:30:13 -0700] "GET /index.php/camp-fire/6235572.html HTTP/1.1" 500 - "-" "Mozilla/5.0 (compatible; SemrushBot/7~bl; +http://www.semrush.com/bot.html)" "mantech8.com"
159.223.91.189 - - [03/Nov/2022:16:30:20 -0700] "GET /plugins/filemanager/dialog.php HTTP/1.1" 404 88 "-" "Mozilla/5.0 (Macintosh; Intel Mac OS X 10.15; rv:77.0) Gecko/20100101 Firefox/77.0" "mantech8.com"
159.223.91.189 - - [03/Nov/2022:16:30:21 -0700] "GET /assets/plugins/filemanager/dialog.php HTTP/1.1" 404 88 "-" "Mozilla/5.0 (Macintosh; Intel Mac OS X 10.15; rv:77.0) Gecko/20100101 Firefox/77.0" "mantech8.com"
20.22.212.22 - - [03/Nov/2022:16:30:30 -0700] "GET / HTTP/1.1" 500 - "-" "Mozilla/5.0 (Windows NT 10.0; Win64; x64) AppleWebKit/537.36 (KHTML, like Gecko) Chrome/105.0.0.0 Safari/537.36" "mantech8.com"
185.191.171.39 - - [03/Nov/2022:16:31:34 -0700] "GET /index.php/camp-fire/28076859.html HTTP/1.1" 500 - "-" "Mozilla/5.0 (compatible; SemrushBot/7~bl; +http://www.semrush.com/bot.html)" "mantech8.com"
185.191.171.17 - - [03/Nov/2022:16:31:35 -0700] "GET /index.php/camp-fire/1350500.html HTTP/1.1" 500 - "-" "Mozilla/5.0 (compatible; SemrushBot/7~bl; +http://www.semrush.com/bot.html)" "mantech8.com"
185.191.171.38 - - [03/Nov/2022:16:33:11 -0700] "GET /index.php/camp-fire/15295456.html HTTP/1.1" 500 - "-" "Mozilla/5.0 (compatible; SemrushBot/7~bl; +http://www.semrush.com/bot.html)" "mantech8.com"
185.191.171.44 - - [03/Nov/2022:16:33:21 -0700] "GET /index.php/camp-fire/1609753.html HTTP/1.1" 500 - "-" "Mozilla/5.0 (compatible; SemrushBot/7~bl; +http://www.semrush.com/bot.html)" "mantech8.com"
185.191.171.8 - - [03/Nov/2022:16:33:24 -0700] "GET /index.php/camp-fire/17571065.html HTTP/1.1" 500 - "-" "Mozilla/5.0 (compatible; SemrushBot/7~bl; +http://www.semrush.com/bot.html)" "mantech8.com"
185.191.171.22 - - [03/Nov/2022:16:34:06 -0700] "GET /index.php/camp-fire/34839360.html HTTP/1.1" 500 - "-" "Mozilla/5.0 (compatible; SemrushBot/7~bl; +http://www.semrush.com/bot.html)" "mantech8.com"
