114.119.133.166 - - [30/Oct/2022:01:48:47 -0700] "GET /bimages/dimage/kwiwoppq.php HTTP/1.1" 200 32 "http://www.mantech8.com/bimages/dimage/?C=S%3BO%3DA" "Mozilla/5.0 (Linux; Android 7.0;) AppleWebKit/537.36 (KHTML, like Gecko) Mobile Safari/537.36 (compatible; PetalBot;+https://webmaster.petalsearch.com/site/petalbot)" "www.mantech8.com"
185.191.171.11 - - [30/Oct/2022:01:49:08 -0700] "GET /index.php/camp-fire/37585326.html HTTP/1.1" 500 - "-" "Mozilla/5.0 (compatible; SemrushBot/7~bl; +http://www.semrush.com/bot.html)" "mantech8.com"
185.191.171.19 - - [30/Oct/2022:01:49:20 -0700] "GET /index.php/camp-fire/2349229.html HTTP/1.1" 500 - "-" "Mozilla/5.0 (compatible; SemrushBot/7~bl; +http://www.semrush.com/bot.html)" "mantech8.com"
40.77.167.43 - - [30/Oct/2022:01:50:29 -0700] "GET /index.php/plkws-1e6a3fbe-YhFG.Ii HTTP/1.1" 200 36859 "-" "Mozilla/5.0 (compatible; bingbot/2.0; +http://www.bing.com/bingbot.htm)" "mantech8.com"
185.191.171.5 - - [30/Oct/2022:01:51:43 -0700] "GET /index.php/camp-fire/19002209.html HTTP/1.1" 500 - "-" "Mozilla/5.0 (compatible; SemrushBot/7~bl; +http://www.semrush.com/bot.html)" "mantech8.com"
185.191.171.13 - - [30/Oct/2022:01:51:59 -0700] "GET /index.php/camp-fire/17846746.html HTTP/1.1" 500 - "-" "Mozilla/5.0 (compatible; SemrushBot/7~bl; +http://www.semrush.com/bot.html)" "mantech8.com"
157.55.39.152 - - [30/Oct/2022:01:52:04 -0700] "GET /index.php/iSFb8-16ebeeacf-Pstd.Ii HTTP/1.1" 200 30273 "-" "Mozilla/5.0 (compatible; bingbot/2.0; +http://www.bing.com/bingbot.htm)" "mantech8.com"
185.191.171.14 - - [30/Oct/2022:01:52:48 -0700] "GET /index.php/camp-fire/25908576.html HTTP/1.1" 500 - "-" "Mozilla/5.0 (compatible; SemrushBot/7~bl; +http://www.semrush.com/bot.html)" "mantech8.com"
207.46.13.94 - - [30/Oct/2022:01:53:33 -0700] "GET /sitemapindeximages.xml HTTP/1.1" 404 88 "-" "Mozilla/5.0 AppleWebKit/537.36 (KHTML, like Gecko; compatible; bingbot/2.0; +http://www.bing.com/bingbot.htm) Chrome/103.0.5060.134 Safari/537.36" "mantech8.com"
40.77.167.43 - - [30/Oct/2022:01:54:16 -0700] "GET /bimages/service/s111.jpg HTTP/1.1" 200 136831 "-" "Mozilla/5.0 (compatible; bingbot/2.0; +http://www.bing.com/bingbot.htm)" "www.mantech8.com"
185.191.171.22 - - [30/Oct/2022:01:54:17 -0700] "GET /index.php/camp-fire/18103427.html HTTP/1.1" 500 - "-" "Mozilla/5.0 (compatible; SemrushBot/7~bl; +http://www.semrush.com/bot.html)" "mantech8.com"
185.191.171.16 - - [30/Oct/2022:01:54:29 -0700] "GET /index.php/camp-fire/43604281.html HTTP/1.1" 500 - "-" "Mozilla/5.0 (compatible; SemrushBot/7~bl; +http://www.semrush.com/bot.html)" "mantech8.com"
114.119.133.182 - - [30/Oct/2022:01:54:42 -0700] "GET /?sitemap30396.xml HTTP/1.1" 200 270587 "-" "Mozilla/5.0 (compatible;PetalBot;+https://webmaster.petalsearch.com/site/petalbot)" "mantech8.com"
185.191.171.6 - - [30/Oct/2022:01:54:49 -0700] "GET /index.php/camp-fire/32229971.html HTTP/1.1" 500 - "-" "Mozilla/5.0 (compatible; SemrushBot/7~bl; +http://www.semrush.com/bot.html)" "mantech8.com"
185.191.171.21 - - [30/Oct/2022:01:55:23 -0700] "GET /index.php/camp-fire/43901903.html HTTP/1.1" 500 - "-" "Mozilla/5.0 (compatible; SemrushBot/7~bl; +http://www.semrush.com/bot.html)" "mantech8.com"
185.191.171.11 - - [30/Oct/2022:01:55:39 -0700] "GET /index.php/camp-fire/47316225.html HTTP/1.1" 500 - "-" "Mozilla/5.0 (compatible; SemrushBot/7~bl; +http://www.semrush.com/bot.html)" "mantech8.com"
185.191.171.11 - - [30/Oct/2022:01:58:35 -0700] "GET /index.php/camp-fire/14044790.html HTTP/1.1" 500 - "-" "Mozilla/5.0 (compatible; SemrushBot/7~bl; +http://www.semrush.com/bot.html)" "mantech8.com"
185.191.171.40 - - [30/Oct/2022:01:59:08 -0700] "GET /index.php/camp-fire/25190133.html HTTP/1.1" 500 - "-" "Mozilla/5.0 (compatible; SemrushBot/7~bl; +http://www.semrush.com/bot.html)" "mantech8.com"
185.191.171.13 - - [30/Oct/2022:02:00:19 -0700] "GET /index.php/camp-fire/9270378.html HTTP/1.1" 500 - "-" "Mozilla/5.0 (compatible; SemrushBot/7~bl; +http://www.semrush.com/bot.html)" "mantech8.com"
185.191.171.34 - - [30/Oct/2022:02:00:23 -0700] "GET /index.php/camp-fire/28896566.html HTTP/1.1" 500 - "-" "Mozilla/5.0 (compatible; SemrushBot/7~bl; +http://www.semrush.com/bot.html)" "mantech8.com"
114.119.133.165 - - [30/Oct/2022:02:00:43 -0700] "GET /dejerator.xml HTTP/1.1" 404 88 "-" "Mozilla/5.0 (compatible;PetalBot;+https://webmaster.petalsearch.com/site/petalbot)" "mantech8.com"
185.191.171.36 - - [30/Oct/2022:02:01:41 -0700] "GET /index.php/camp-fire/15250456.html HTTP/1.1" 500 - "-" "Mozilla/5.0 (compatible; SemrushBot/7~bl; +http://www.semrush.com/bot.html)" "mantech8.com"
185.191.171.39 - - [30/Oct/2022:02:01:46 -0700] "GET /index.php/camp-fire/17986281.html HTTP/1.1" 500 - "-" "Mozilla/5.0 (compatible; SemrushBot/7~bl; +http://www.semrush.com/bot.html)" "mantech8.com"
185.191.171.34 - - [30/Oct/2022:02:02:07 -0700] "GET /index.php/camp-fire/36171225.html HTTP/1.1" 500 - "-" "Mozilla/5.0 (compatible; SemrushBot/7~bl; +http://www.semrush.com/bot.html)" "mantech8.com"
185.191.171.11 - - [30/Oct/2022:02:02:14 -0700] "GET /index.php/camp-fire/25314827.html HTTP/1.1" 500 - "-" "Mozilla/5.0 (compatible; SemrushBot/7~bl; +http://www.semrush.com/bot.html)" "mantech8.com"
185.191.171.22 - - [30/Oct/2022:02:03:06 -0700] "GET /index.php/camp-fire/21929917.html HTTP/1.1" 500 - "-" "Mozilla/5.0 (compatible; SemrushBot/7~bl; +http://www.semrush.com/bot.html)" "mantech8.com"
185.191.171.11 - - [30/Oct/2022:02:05:28 -0700] "GET /index.php/camp-fire/38922717.html HTTP/1.1" 500 - "-" "Mozilla/5.0 (compatible; SemrushBot/7~bl; +http://www.semrush.com/bot.html)" "mantech8.com"
185.191.171.39 - - [30/Oct/2022:02:06:16 -0700] "GET /index.php/camp-fire/27145182.html HTTP/1.1" 500 - "-" "Mozilla/5.0 (compatible; SemrushBot/7~bl; +http://www.semrush.com/bot.html)" "mantech8.com"
114.119.133.190 - - [30/Oct/2022:02:06:27 -0700] "GET /sitemap23691.xml HTTP/1.1" 404 88 "-" "Mozilla/5.0 (compatible;PetalBot;+https://webmaster.petalsearch.com/site/petalbot)" "mantech8.com"
40.77.167.43 - - [30/Oct/2022:02:07:17 -0700] "GET /bimages/paintg/thump/paint%20b3.jpg HTTP/1.1" 200 148747 "-" "Mozilla/5.0 AppleWebKit/537.36 (KHTML, like Gecko; compatible; bingbot/2.0; +http://www.bing.com/bingbot.htm) Chrome/103.0.5060.134 Safari/537.36" "www.mantech8.com"
185.191.171.3 - - [30/Oct/2022:02:07:29 -0700] "GET /index.php/camp-fire/49300376.html HTTP/1.1" 500 - "-" "Mozilla/5.0 (compatible; SemrushBot/7~bl; +http://www.semrush.com/bot.html)" "mantech8.com"
185.191.171.42 - - [30/Oct/2022:02:07:37 -0700] "GET /index.php/camp-fire/38392703.html HTTP/1.1" 500 - "-" "Mozilla/5.0 (compatible; SemrushBot/7~bl; +http://www.semrush.com/bot.html)" "mantech8.com"
185.191.171.36 - - [30/Oct/2022:02:07:41 -0700] "GET /index.php/camp-fire/28924871.html HTTP/1.1" 500 - "-" "Mozilla/5.0 (compatible; SemrushBot/7~bl; +http://www.semrush.com/bot.html)" "mantech8.com"
185.191.171.6 - - [30/Oct/2022:02:07:50 -0700] "GET /index.php/camp-fire/27416781.html HTTP/1.1" 500 - "-" "Mozilla/5.0 (compatible; SemrushBot/7~bl; +http://www.semrush.com/bot.html)" "mantech8.com"
40.77.167.43 - - [30/Oct/2022:02:08:26 -0700] "GET /index.php?camp-fire/67078560.html HTTP/1.1" 200 71067 "-" "Mozilla/5.0 AppleWebKit/537.36 (KHTML, like Gecko; compatible; bingbot/2.0; +http://www.bing.com/bingbot.htm) Chrome/103.0.5060.134 Safari/537.36" "www.mantech8.com"
185.191.171.33 - - [30/Oct/2022:02:09:49 -0700] "GET /index.php/camp-fire/7892042.html HTTP/1.1" 500 - "-" "Mozilla/5.0 (compatible; SemrushBot/7~bl; +http://www.semrush.com/bot.html)" "mantech8.com"
185.191.171.23 - - [30/Oct/2022:02:09:53 -0700] "GET /index.php/camp-fire/28281947.html HTTP/1.1" 500 - "-" "Mozilla/5.0 (compatible; SemrushBot/7~bl; +http://www.semrush.com/bot.html)" "mantech8.com"
185.191.171.19 - - [30/Oct/2022:02:10:23 -0700] "GET /index.php/camp-fire/28699689.html HTTP/1.1" 500 - "-" "Mozilla/5.0 (compatible; SemrushBot/7~bl; +http://www.semrush.com/bot.html)" "mantech8.com"
185.191.171.35 - - [30/Oct/2022:02:10:48 -0700] "GET /index.php/camp-fire/260998.html HTTP/1.1" 500 - "-" "Mozilla/5.0 (compatible; SemrushBot/7~bl; +http://www.semrush.com/bot.html)" "mantech8.com"
40.77.167.43 - - [30/Oct/2022:02:11:11 -0700] "GET /index.php?camp-fire/470.html HTTP/1.1" 200 67980 "-" "Mozilla/5.0 AppleWebKit/537.36 (KHTML, like Gecko; compatible; bingbot/2.0; +http://www.bing.com/bingbot.htm) Chrome/103.0.5060.134 Safari/537.36" "www.mantech8.com"
185.191.171.8 - - [30/Oct/2022:02:12:20 -0700] "GET /index.php/camp-fire/42443268.html HTTP/1.1" 500 - "-" "Mozilla/5.0 (compatible; SemrushBot/7~bl; +http://www.semrush.com/bot.html)" "mantech8.com"
114.119.133.166 - - [30/Oct/2022:02:12:27 -0700] "GET /index.php/sitemap68.xml HTTP/1.1" 200 289470 "-" "Mozilla/5.0 (Linux; Android 7.0;) AppleWebKit/537.36 (KHTML, like Gecko) Mobile Safari/537.36 (compatible; PetalBot;+https://webmaster.petalsearch.com/site/petalbot)" "mantech8.com"
185.191.171.41 - - [30/Oct/2022:02:12:42 -0700] "GET /index.php/camp-fire/23362684.html HTTP/1.1" 500 - "-" "Mozilla/5.0 (compatible; SemrushBot/7~bl; +http://www.semrush.com/bot.html)" "mantech8.com"
185.191.171.3 - - [30/Oct/2022:02:13:23 -0700] "GET /index.php/camp-fire/34433716.html HTTP/1.1" 500 - "-" "Mozilla/5.0 (compatible; SemrushBot/7~bl; +http://www.semrush.com/bot.html)" "mantech8.com"
185.191.171.6 - - [30/Oct/2022:02:14:07 -0700] "GET /index.php/camp-fire/27478284.html HTTP/1.1" 500 - "-" "Mozilla/5.0 (compatible; SemrushBot/7~bl; +http://www.semrush.com/bot.html)" "mantech8.com"
185.191.171.11 - - [30/Oct/2022:02:14:22 -0700] "GET /index.php/camp-fire/24630130.html HTTP/1.1" 500 - "-" "Mozilla/5.0 (compatible; SemrushBot/7~bl; +http://www.semrush.com/bot.html)" "mantech8.com"
185.191.171.3 - - [30/Oct/2022:02:14:47 -0700] "GET /index.php/camp-fire/25693027.html HTTP/1.1" 500 - "-" "Mozilla/5.0 (compatible; SemrushBot/7~bl; +http://www.semrush.com/bot.html)" "mantech8.com"
185.191.171.25 - - [30/Oct/2022:02:15:18 -0700] "GET /index.php/camp-fire/27968997.html HTTP/1.1" 500 - "-" "Mozilla/5.0 (compatible; SemrushBot/7~bl; +http://www.semrush.com/bot.html)" "mantech8.com"
185.191.171.13 - - [30/Oct/2022:02:16:30 -0700] "GET /index.php/camp-fire/59706150.html HTTP/1.1" 500 - "-" "Mozilla/5.0 (compatible; SemrushBot/7~bl; +http://www.semrush.com/bot.html)" "mantech8.com"
185.191.171.21 - - [30/Oct/2022:02:16:47 -0700] "GET /index.php/camp-fire/42739171.html HTTP/1.1" 500 - "-" "Mozilla/5.0 (compatible; SemrushBot/7~bl; +http://www.semrush.com/bot.html)" "mantech8.com"
185.191.171.1 - - [30/Oct/2022:02:17:14 -0700] "GET /index.php/camp-fire/5988296.html HTTP/1.1" 500 - "-" "Mozilla/5.0 (compatible; SemrushBot/7~bl; +http://www.semrush.com/bot.html)" "mantech8.com"
114.119.133.166 - - [30/Oct/2022:02:18:34 -0700] "GET /bimages/certificate/editpaintg.php HTTP/1.1" 200 32 "http://www.mantech8.com/bimages/certificate/?C=D%3BO%3DA" "Mozilla/5.0 (Linux; Android 7.0;) AppleWebKit/537.36 (KHTML, like Gecko) Mobile Safari/537.36 (compatible; PetalBot;+https://webmaster.petalsearch.com/site/petalbot)" "www.mantech8.com"
185.191.171.2 - - [30/Oct/2022:02:18:54 -0700] "GET /index.php/camp-fire/7773542.html HTTP/1.1" 500 - "-" "Mozilla/5.0 (compatible; SemrushBot/7~bl; +http://www.semrush.com/bot.html)" "mantech8.com"
185.191.171.4 - - [30/Oct/2022:02:19:07 -0700] "GET /index.php/camp-fire/23325978.html HTTP/1.1" 500 - "-" "Mozilla/5.0 (compatible; SemrushBot/7~bl; +http://www.semrush.com/bot.html)" "mantech8.com"
185.191.171.7 - - [30/Oct/2022:02:19:21 -0700] "GET /index.php/camp-fire/18765024.html HTTP/1.1" 500 - "-" "Mozilla/5.0 (compatible; SemrushBot/7~bl; +http://www.semrush.com/bot.html)" "mantech8.com"
185.191.171.9 - - [30/Oct/2022:02:20:51 -0700] "GET /index.php/camp-fire/41408871.html HTTP/1.1" 500 - "-" "Mozilla/5.0 (compatible; SemrushBot/7~bl; +http://www.semrush.com/bot.html)" "mantech8.com"
185.191.171.16 - - [30/Oct/2022:02:21:26 -0700] "GET /index.php/camp-fire/18504961.html HTTP/1.1" 500 - "-" "Mozilla/5.0 (compatible; SemrushBot/7~bl; +http://www.semrush.com/bot.html)" "mantech8.com"
185.191.171.17 - - [30/Oct/2022:02:22:10 -0700] "GET /index.php/camp-fire/50762802.html HTTP/1.1" 500 - "-" "Mozilla/5.0 (compatible; SemrushBot/7~bl; +http://www.semrush.com/bot.html)" "mantech8.com"
185.191.171.17 - - [30/Oct/2022:02:22:39 -0700] "GET /index.php/camp-fire/39125535.html HTTP/1.1" 500 - "-" "Mozilla/5.0 (compatible; SemrushBot/7~bl; +http://www.semrush.com/bot.html)" "mantech8.com"
185.191.171.41 - - [30/Oct/2022:02:24:07 -0700] "GET /index.php/camp-fire/3126378.html HTTP/1.1" 500 - "-" "Mozilla/5.0 (compatible; SemrushBot/7~bl; +http://www.semrush.com/bot.html)" "mantech8.com"
185.191.171.1 - - [30/Oct/2022:02:24:08 -0700] "GET /index.php/camp-fire/25781172.html HTTP/1.1" 500 - "-" "Mozilla/5.0 (compatible; SemrushBot/7~bl; +http://www.semrush.com/bot.html)" "mantech8.com"
114.119.133.158 - - [30/Oct/2022:02:24:12 -0700] "GET /?sitemap81.xml HTTP/1.1" 200 270507 "-" "Mozilla/5.0 (compatible;PetalBot;+https://webmaster.petalsearch.com/site/petalbot)" "mantech8.com"
185.191.171.44 - - [30/Oct/2022:02:25:10 -0700] "GET /index.php/camp-fire/26354550.html HTTP/1.1" 500 - "-" "Mozilla/5.0 (compatible; SemrushBot/7~bl; +http://www.semrush.com/bot.html)" "mantech8.com"
185.191.171.8 - - [30/Oct/2022:02:25:22 -0700] "GET /index.php/camp-fire/27395670.html HTTP/1.1" 500 - "-" "Mozilla/5.0 (compatible; SemrushBot/7~bl; +http://www.semrush.com/bot.html)" "mantech8.com"
185.191.171.13 - - [30/Oct/2022:02:25:37 -0700] "GET /index.php/camp-fire/1384459.html HTTP/1.1" 500 - "-" "Mozilla/5.0 (compatible; SemrushBot/7~bl; +http://www.semrush.com/bot.html)" "mantech8.com"
185.191.171.8 - - [30/Oct/2022:02:26:21 -0700] "GET /index.php/camp-fire/3117078.html HTTP/1.1" 500 - "-" "Mozilla/5.0 (compatible; SemrushBot/7~bl; +http://www.semrush.com/bot.html)" "mantech8.com"
185.191.171.38 - - [30/Oct/2022:02:26:43 -0700] "GET /index.php/camp-fire/28258335.html HTTP/1.1" 500 - "-" "Mozilla/5.0 (compatible; SemrushBot/7~bl; +http://www.semrush.com/bot.html)" "mantech8.com"
185.191.171.4 - - [30/Oct/2022:02:28:29 -0700] "GET /index.php/camp-fire/39969338.html HTTP/1.1" 500 - "-" "Mozilla/5.0 (compatible; SemrushBot/7~bl; +http://www.semrush.com/bot.html)" "mantech8.com"
185.191.171.17 - - [30/Oct/2022:02:28:51 -0700] "GET /index.php/camp-fire/27275670.html HTTP/1.1" 500 - "-" "Mozilla/5.0 (compatible; SemrushBot/7~bl; +http://www.semrush.com/bot.html)" "mantech8.com"
185.191.171.8 - - [30/Oct/2022:02:29:14 -0700] "GET /index.php/camp-fire/98928306.html HTTP/1.1" 500 - "-" "Mozilla/5.0 (compatible; SemrushBot/7~bl; +http://www.semrush.com/bot.html)" "mantech8.com"
185.191.171.21 - - [30/Oct/2022:02:30:03 -0700] "GET /index.php/camp-fire/35279038.html HTTP/1.1" 500 - "-" "Mozilla/5.0 (compatible; SemrushBot/7~bl; +http://www.semrush.com/bot.html)" "mantech8.com"
114.119.133.165 - - [30/Oct/2022:02:30:17 -0700] "GET /bimages/SliderImage/fvohktjeji.php HTTP/1.1" 200 32 "http://mantech8.com/bimages/SliderImage/?C=S%3BO%3DA" "Mozilla/5.0 (Linux; Android 7.0;) AppleWebKit/537.36 (KHTML, like Gecko) Mobile Safari/537.36 (compatible; PetalBot;+https://webmaster.petalsearch.com/site/petalbot)" "mantech8.com"
185.191.171.6 - - [30/Oct/2022:02:30:24 -0700] "GET /index.php/camp-fire/25243106.html HTTP/1.1" 500 - "-" "Mozilla/5.0 (compatible; SemrushBot/7~bl; +http://www.semrush.com/bot.html)" "mantech8.com"
185.191.171.4 - - [30/Oct/2022:02:30:30 -0700] "GET /index.php/camp-fire/19205661.html HTTP/1.1" 500 - "-" "Mozilla/5.0 (compatible; SemrushBot/7~bl; +http://www.semrush.com/bot.html)" "mantech8.com"
185.191.171.19 - - [30/Oct/2022:02:30:39 -0700] "GET /index.php/camp-fire/27119463.html HTTP/1.1" 500 - "-" "Mozilla/5.0 (compatible; SemrushBot/7~bl; +http://www.semrush.com/bot.html)" "mantech8.com"
185.191.171.9 - - [30/Oct/2022:02:31:12 -0700] "GET /index.php/camp-fire/39901602.html HTTP/1.1" 500 - "-" "Mozilla/5.0 (compatible; SemrushBot/7~bl; +http://www.semrush.com/bot.html)" "mantech8.com"
185.191.171.25 - - [30/Oct/2022:02:31:37 -0700] "GET /index.php/camp-fire/35045625.html HTTP/1.1" 500 - "-" "Mozilla/5.0 (compatible; SemrushBot/7~bl; +http://www.semrush.com/bot.html)" "mantech8.com"
185.191.171.17 - - [30/Oct/2022:02:33:45 -0700] "GET /index.php/camp-fire/17265783.html HTTP/1.1" 500 - "-" "Mozilla/5.0 (compatible; SemrushBot/7~bl; +http://www.semrush.com/bot.html)" "mantech8.com"
216.244.66.241 - - [30/Oct/2022:02:34:49 -0700] "GET /robots.txt HTTP/1.1" 200 222 "-" "Mozilla/5.0 (compatible; DotBot/1.2; +https://opensiteexplorer.org/dotbot; help@moz.com)" "www.mantech8.com"
216.244.66.241 - - [30/Oct/2022:02:34:49 -0700] "GET /robots.txt HTTP/1.1" 200 222 "-" "Mozilla/5.0 (compatible; DotBot/1.2; +https://opensiteexplorer.org/dotbot; help@moz.com)" "mantech8.com"
185.191.171.37 - - [30/Oct/2022:02:35:44 -0700] "GET /index.php/camp-fire/33928708.html HTTP/1.1" 500 - "-" "Mozilla/5.0 (compatible; SemrushBot/7~bl; +http://www.semrush.com/bot.html)" "mantech8.com"
40.77.167.58 - - [30/Oct/2022:02:35:51 -0700] "GET /index.php?/su-shortcut-key/ HTTP/1.1" 200 71205 "-" "Mozilla/5.0 (compatible; bingbot/2.0; +http://www.bing.com/bingbot.htm)" "www.mantech8.com"
114.119.133.190 - - [30/Oct/2022:02:35:59 -0700] "GET /bimages/bus/?C=N%3BO%3DD HTTP/1.1" 200 452 "http://mantech8.com/bimages/bus/" "Mozilla/5.0 (Linux; Android 7.0;) AppleWebKit/537.36 (KHTML, like Gecko) Mobile Safari/537.36 (compatible; PetalBot;+https://webmaster.petalsearch.com/site/petalbot)" "mantech8.com"
185.191.171.1 - - [30/Oct/2022:02:36:24 -0700] "GET /index.php/camp-fire/35136025.html HTTP/1.1" 500 - "-" "Mozilla/5.0 (compatible; SemrushBot/7~bl; +http://www.semrush.com/bot.html)" "mantech8.com"
185.191.171.2 - - [30/Oct/2022:02:38:38 -0700] "GET /index.php/camp-fire/15988046.html HTTP/1.1" 500 - "-" "Mozilla/5.0 (compatible; SemrushBot/7~bl; +http://www.semrush.com/bot.html)" "mantech8.com"
185.191.171.5 - - [30/Oct/2022:02:38:46 -0700] "GET /index.php/camp-fire/17082084.html HTTP/1.1" 500 - "-" "Mozilla/5.0 (compatible; SemrushBot/7~bl; +http://www.semrush.com/bot.html)" "mantech8.com"
185.191.171.6 - - [30/Oct/2022:02:39:23 -0700] "GET /index.php/camp-fire/3192078.html HTTP/1.1" 500 - "-" "Mozilla/5.0 (compatible; SemrushBot/7~bl; +http://www.semrush.com/bot.html)" "mantech8.com"
185.191.171.12 - - [30/Oct/2022:02:39:40 -0700] "GET /index.php/camp-fire/41406271.html HTTP/1.1" 500 - "-" "Mozilla/5.0 (compatible; SemrushBot/7~bl; +http://www.semrush.com/bot.html)" "mantech8.com"
185.191.171.6 - - [30/Oct/2022:02:40:07 -0700] "GET /index.php/camp-fire/16723372.html HTTP/1.1" 500 - "-" "Mozilla/5.0 (compatible; SemrushBot/7~bl; +http://www.semrush.com/bot.html)" "mantech8.com"
185.191.171.21 - - [30/Oct/2022:02:41:35 -0700] "GET /robots.txt HTTP/1.1" 200 106 "-" "Mozilla/5.0 (compatible; SemrushBot/7~bl; +http://www.semrush.com/bot.html)" "mantech8.com"
185.191.171.12 - - [30/Oct/2022:02:41:36 -0700] "GET /index.php/camp-fire/28596089.html HTTP/1.1" 500 - "-" "Mozilla/5.0 (compatible; SemrushBot/7~bl; +http://www.semrush.com/bot.html)" "mantech8.com"
114.119.133.158 - - [30/Oct/2022:02:42:00 -0700] "GET /bimages/video/?C=S%3BO%3DA HTTP/1.1" 200 550 "http://mantech8.com/bimages/video/?C=M%3BO%3DA" "Mozilla/5.0 (Linux; Android 7.0;) AppleWebKit/537.36 (KHTML, like Gecko) Mobile Safari/537.36 (compatible; PetalBot;+https://webmaster.petalsearch.com/site/petalbot)" "mantech8.com"
185.191.171.17 - - [30/Oct/2022:02:42:01 -0700] "GET /index.php/camp-fire/18469165.html HTTP/1.1" 500 - "-" "Mozilla/5.0 (compatible; SemrushBot/7~bl; +http://www.semrush.com/bot.html)" "mantech8.com"
185.191.171.15 - - [30/Oct/2022:02:42:04 -0700] "GET /index.php/camp-fire/42821534.html HTTP/1.1" 500 - "-" "Mozilla/5.0 (compatible; SemrushBot/7~bl; +http://www.semrush.com/bot.html)" "mantech8.com"
185.191.171.3 - - [30/Oct/2022:02:42:06 -0700] "GET /index.php/camp-fire/38817292.html HTTP/1.1" 500 - "-" "Mozilla/5.0 (compatible; SemrushBot/7~bl; +http://www.semrush.com/bot.html)" "mantech8.com"
185.191.171.35 - - [30/Oct/2022:02:42:35 -0700] "GET /index.php/camp-fire/16824283.html HTTP/1.1" 500 - "-" "Mozilla/5.0 (compatible; SemrushBot/7~bl; +http://www.semrush.com/bot.html)" "mantech8.com"
185.191.171.5 - - [30/Oct/2022:02:42:37 -0700] "GET /index.php/camp-fire/5761074.html HTTP/1.1" 500 - "-" "Mozilla/5.0 (compatible; SemrushBot/7~bl; +http://www.semrush.com/bot.html)" "mantech8.com"
185.191.171.19 - - [30/Oct/2022:02:43:20 -0700] "GET /index.php/camp-fire/25886150.html HTTP/1.1" 500 - "-" "Mozilla/5.0 (compatible; SemrushBot/7~bl; +http://www.semrush.com/bot.html)" "mantech8.com"
185.191.171.6 - - [30/Oct/2022:02:43:22 -0700] "GET /index.php/camp-fire/29541326.html HTTP/1.1" 500 - "-" "Mozilla/5.0 (compatible; SemrushBot/7~bl; +http://www.semrush.com/bot.html)" "mantech8.com"
185.191.171.18 - - [30/Oct/2022:02:44:15 -0700] "GET /index.php/camp-fire/19261709.html HTTP/1.1" 500 - "-" "Mozilla/5.0 (compatible; SemrushBot/7~bl; +http://www.semrush.com/bot.html)" "mantech8.com"
185.191.171.2 - - [30/Oct/2022:02:44:19 -0700] "GET /index.php/camp-fire/17984181.html HTTP/1.1" 500 - "-" "Mozilla/5.0 (compatible; SemrushBot/7~bl; +http://www.semrush.com/bot.html)" "mantech8.com"
185.191.171.8 - - [30/Oct/2022:02:44:23 -0700] "GET /index.php/camp-fire/42123134.html HTTP/1.1" 500 - "-" "Mozilla/5.0 (compatible; SemrushBot/7~bl; +http://www.semrush.com/bot.html)" "mantech8.com"
185.191.171.13 - - [30/Oct/2022:02:46:24 -0700] "GET /index.php/camp-fire/26180551.html HTTP/1.1" 500 - "-" "Mozilla/5.0 (compatible; SemrushBot/7~bl; +http://www.semrush.com/bot.html)" "mantech8.com"
185.191.171.13 - - [30/Oct/2022:02:47:06 -0700] "GET /index.php/camp-fire/16609046.html HTTP/1.1" 500 - "-" "Mozilla/5.0 (compatible; SemrushBot/7~bl; +http://www.semrush.com/bot.html)" "mantech8.com"
114.119.133.165 - - [30/Oct/2022:02:47:58 -0700] "GET /certificate.php HTTP/1.1" 200 23461 "http://mantech8.com/scaffolding.php" "Mozilla/5.0 (Linux; Android 7.0;) AppleWebKit/537.36 (KHTML, like Gecko) Mobile Safari/537.36 (compatible; PetalBot;+https://webmaster.petalsearch.com/site/petalbot)" "mantech8.com"
185.191.171.25 - - [30/Oct/2022:02:49:17 -0700] "GET /index.php/camp-fire/20603946.html HTTP/1.1" 500 - "-" "Mozilla/5.0 (compatible; SemrushBot/7~bl; +http://www.semrush.com/bot.html)" "mantech8.com"
185.191.171.6 - - [30/Oct/2022:02:49:25 -0700] "GET /index.php/camp-fire/42504971.html HTTP/1.1" 500 - "-" "Mozilla/5.0 (compatible; SemrushBot/7~bl; +http://www.semrush.com/bot.html)" "mantech8.com"
207.46.13.94 - - [30/Oct/2022:02:50:29 -0700] "GET /index.php?camp-fire/67928060.html HTTP/1.1" 200 69350 "-" "Mozilla/5.0 (compatible; bingbot/2.0; +http://www.bing.com/bingbot.htm)" "www.mantech8.com"
185.191.171.21 - - [30/Oct/2022:02:50:33 -0700] "GET /index.php/camp-fire/909869.html HTTP/1.1" 500 - "-" "Mozilla/5.0 (compatible; SemrushBot/7~bl; +http://www.semrush.com/bot.html)" "mantech8.com"
185.191.171.24 - - [30/Oct/2022:02:50:57 -0700] "GET /index.php/camp-fire/2289451.html HTTP/1.1" 500 - "-" "Mozilla/5.0 (compatible; SemrushBot/7~bl; +http://www.semrush.com/bot.html)" "mantech8.com"
185.191.171.3 - - [30/Oct/2022:02:51:26 -0700] "GET /index.php/camp-fire/19189965.html HTTP/1.1" 500 - "-" "Mozilla/5.0 (compatible; SemrushBot/7~bl; +http://www.semrush.com/bot.html)" "mantech8.com"
185.191.171.7 - - [30/Oct/2022:02:51:52 -0700] "GET /index.php/camp-fire/3368900.html HTTP/1.1" 500 - "-" "Mozilla/5.0 (compatible; SemrushBot/7~bl; +http://www.semrush.com/bot.html)" "mantech8.com"
114.119.133.190 - - [30/Oct/2022:02:53:57 -0700] "GET /bimages/gallery/alfacgiapi/?C=M%3BO%3DA HTTP/1.1" 200 472 "http://mantech8.com/bimages/gallery/alfacgiapi/?C=N%3BO%3DD" "Mozilla/5.0 (Linux; Android 7.0;) AppleWebKit/537.36 (KHTML, like Gecko) Mobile Safari/537.36 (compatible; PetalBot;+https://webmaster.petalsearch.com/site/petalbot)" "mantech8.com"
185.191.171.16 - - [30/Oct/2022:02:54:12 -0700] "GET /index.php/camp-fire/40636841.html HTTP/1.1" 500 - "-" "Mozilla/5.0 (compatible; SemrushBot/7~bl; +http://www.semrush.com/bot.html)" "mantech8.com"
185.191.171.11 - - [30/Oct/2022:02:54:14 -0700] "GET /index.php/camp-fire/19824700.html HTTP/1.1" 500 - "-" "Mozilla/5.0 (compatible; SemrushBot/7~bl; +http://www.semrush.com/bot.html)" "mantech8.com"
185.191.171.43 - - [30/Oct/2022:02:55:25 -0700] "GET /index.php/camp-fire/27928526.html HTTP/1.1" 500 - "-" "Mozilla/5.0 (compatible; SemrushBot/7~bl; +http://www.semrush.com/bot.html)" "mantech8.com"
185.191.171.21 - - [30/Oct/2022:02:55:39 -0700] "GET /index.php/camp-fire/38741408.html HTTP/1.1" 500 - "-" "Mozilla/5.0 (compatible; SemrushBot/7~bl; +http://www.semrush.com/bot.html)" "mantech8.com"
185.191.171.5 - - [30/Oct/2022:02:55:54 -0700] "GET /index.php/camp-fire/35757271.html HTTP/1.1" 500 - "-" "Mozilla/5.0 (compatible; SemrushBot/7~bl; +http://www.semrush.com/bot.html)" "mantech8.com"
185.191.171.1 - - [30/Oct/2022:02:56:02 -0700] "GET /index.php/camp-fire/32757409.html HTTP/1.1" 500 - "-" "Mozilla/5.0 (compatible; SemrushBot/7~bl; +http://www.semrush.com/bot.html)" "mantech8.com"
185.191.171.11 - - [30/Oct/2022:02:56:39 -0700] "GET /index.php/camp-fire/31942571.html HTTP/1.1" 500 - "-" "Mozilla/5.0 (compatible; SemrushBot/7~bl; +http://www.semrush.com/bot.html)" "mantech8.com"
185.191.171.39 - - [30/Oct/2022:02:58:37 -0700] "GET /index.php/camp-fire/42226434.html HTTP/1.1" 500 - "-" "Mozilla/5.0 (compatible; SemrushBot/7~bl; +http://www.semrush.com/bot.html)" "mantech8.com"
185.191.171.24 - - [30/Oct/2022:02:59:22 -0700] "GET /index.php/camp-fire/37442897.html HTTP/1.1" 500 - "-" "Mozilla/5.0 (compatible; SemrushBot/7~bl; +http://www.semrush.com/bot.html)" "mantech8.com"
40.77.167.43 - - [30/Oct/2022:02:59:23 -0700] "GET /index.php?/channel/uca0dax4wb_mej3d4lgtkeha/videos?view_as=subscriber HTTP/1.1" 200 64874 "-" "Mozilla/5.0 (compatible; bingbot/2.0; +http://www.bing.com/bingbot.htm)" "mantech8.com"
185.191.171.6 - - [30/Oct/2022:02:59:50 -0700] "GET /index.php/camp-fire/1246500.html HTTP/1.1" 500 - "-" "Mozilla/5.0 (compatible; SemrushBot/7~bl; +http://www.semrush.com/bot.html)" "mantech8.com"
114.119.133.165 - - [30/Oct/2022:02:59:52 -0700] "GET /nobeliums.xml HTTP/1.1" 404 88 "-" "Mozilla/5.0 (compatible;PetalBot;+https://webmaster.petalsearch.com/site/petalbot)" "mantech8.com"
185.191.171.12 - - [30/Oct/2022:03:00:23 -0700] "GET /index.php/camp-fire/33105316.html HTTP/1.1" 500 - "-" "Mozilla/5.0 (compatible; SemrushBot/7~bl; +http://www.semrush.com/bot.html)" "mantech8.com"
185.191.171.24 - - [30/Oct/2022:03:01:05 -0700] "GET /index.php/camp-fire/30771651.html HTTP/1.1" 500 - "-" "Mozilla/5.0 (compatible; SemrushBot/7~bl; +http://www.semrush.com/bot.html)" "mantech8.com"
185.191.171.13 - - [30/Oct/2022:03:01:09 -0700] "GET /index.php/camp-fire/7310980.html HTTP/1.1" 500 - "-" "Mozilla/5.0 (compatible; SemrushBot/7~bl; +http://www.semrush.com/bot.html)" "mantech8.com"
185.191.171.24 - - [30/Oct/2022:03:01:59 -0700] "GET /index.php/camp-fire/26501276.html HTTP/1.1" 500 - "-" "Mozilla/5.0 (compatible; SemrushBot/7~bl; +http://www.semrush.com/bot.html)" "mantech8.com"
185.191.171.33 - - [30/Oct/2022:03:03:38 -0700] "GET /index.php/camp-fire/3299498.html HTTP/1.1" 500 - "-" "Mozilla/5.0 (compatible; SemrushBot/7~bl; +http://www.semrush.com/bot.html)" "mantech8.com"
185.191.171.23 - - [30/Oct/2022:03:03:43 -0700] "GET /index.php/camp-fire/32483189.html HTTP/1.1" 500 - "-" "Mozilla/5.0 (compatible; SemrushBot/7~bl; +http://www.semrush.com/bot.html)" "mantech8.com"
185.191.171.15 - - [30/Oct/2022:03:04:05 -0700] "GET /index.php/camp-fire/20785953.html HTTP/1.1" 500 - "-" "Mozilla/5.0 (compatible; SemrushBot/7~bl; +http://www.semrush.com/bot.html)" "mantech8.com"
185.191.171.42 - - [30/Oct/2022:03:04:09 -0700] "GET /index.php/camp-fire/1249372.html HTTP/1.1" 500 - "-" "Mozilla/5.0 (compatible; SemrushBot/7~bl; +http://www.semrush.com/bot.html)" "mantech8.com"
114.119.133.190 - - [30/Oct/2022:03:05:52 -0700] "GET /?gladhand.xml HTTP/1.1" 200 270575 "-" "Mozilla/5.0 (compatible;PetalBot;+https://webmaster.petalsearch.com/site/petalbot)" "mantech8.com"
185.191.171.42 - - [30/Oct/2022:03:06:01 -0700] "GET /index.php/camp-fire/23946033.html HTTP/1.1" 500 - "-" "Mozilla/5.0 (compatible; SemrushBot/7~bl; +http://www.semrush.com/bot.html)" "mantech8.com"
185.191.171.2 - - [30/Oct/2022:03:06:09 -0700] "GET /index.php/camp-fire/9605480.html HTTP/1.1" 500 - "-" "Mozilla/5.0 (compatible; SemrushBot/7~bl; +http://www.semrush.com/bot.html)" "mantech8.com"
185.191.171.39 - - [30/Oct/2022:03:06:20 -0700] "GET /index.php/camp-fire/24519130.html HTTP/1.1" 500 - "-" "Mozilla/5.0 (compatible; SemrushBot/7~bl; +http://www.semrush.com/bot.html)" "mantech8.com"
185.191.171.14 - - [30/Oct/2022:03:07:17 -0700] "GET /index.php/camp-fire/17982281.html HTTP/1.1" 500 - "-" "Mozilla/5.0 (compatible; SemrushBot/7~bl; +http://www.semrush.com/bot.html)" "mantech8.com"
40.77.167.43 - - [30/Oct/2022:03:07:22 -0700] "GET /index.php?camp-fire/67078560.html HTTP/1.1" 200 71686 "-" "Mozilla/5.0 AppleWebKit/537.36 (KHTML, like Gecko; compatible; bingbot/2.0; +http://www.bing.com/bingbot.htm) Chrome/103.0.5060.134 Safari/537.36" "www.mantech8.com"
185.191.171.15 - - [30/Oct/2022:03:09:00 -0700] "GET /index.php/camp-fire/40651221.html HTTP/1.1" 500 - "-" "Mozilla/5.0 (compatible; SemrushBot/7~bl; +http://www.semrush.com/bot.html)" "mantech8.com"
103.131.71.126 - - [30/Oct/2022:03:09:05 -0700] "GET /robots.txt HTTP/1.1" 200 106 "-" "Mozilla/5.0 (compatible; coccocbot-web/1.0; +http://help.coccoc.com/searchengine)" "mantech8.com"
185.191.171.3 - - [30/Oct/2022:03:09:22 -0700] "GET /index.php/camp-fire/42931455.html HTTP/1.1" 500 - "-" "Mozilla/5.0 (compatible; SemrushBot/7~bl; +http://www.semrush.com/bot.html)" "mantech8.com"
185.191.171.18 - - [30/Oct/2022:03:09:44 -0700] "GET /index.php/camp-fire/40709688.html HTTP/1.1" 500 - "-" "Mozilla/5.0 (compatible; SemrushBot/7~bl; +http://www.semrush.com/bot.html)" "mantech8.com"
185.191.171.26 - - [30/Oct/2022:03:10:35 -0700] "GET /index.php/camp-fire/39522159.html HTTP/1.1" 500 - "-" "Mozilla/5.0 (compatible; SemrushBot/7~bl; +http://www.semrush.com/bot.html)" "mantech8.com"
185.191.171.45 - - [30/Oct/2022:03:10:37 -0700] "GET /index.php/camp-fire/263198.html HTTP/1.1" 500 - "-" "Mozilla/5.0 (compatible; SemrushBot/7~bl; +http://www.semrush.com/bot.html)" "mantech8.com"
185.191.171.38 - - [30/Oct/2022:03:10:47 -0700] "GET /index.php/camp-fire/19222624.html HTTP/1.1" 500 - "-" "Mozilla/5.0 (compatible; SemrushBot/7~bl; +http://www.semrush.com/bot.html)" "mantech8.com"
114.119.133.158 - - [30/Oct/2022:03:11:47 -0700] "GET /index.php?kujienavaca.xml HTTP/1.1" 200 289299 "-" "Mozilla/5.0 (Linux; Android 7.0;) AppleWebKit/537.36 (KHTML, like Gecko) Mobile Safari/537.36 (compatible; PetalBot;+https://webmaster.petalsearch.com/site/petalbot)" "mantech8.com"
111.246.96.98 - - [30/Oct/2022:03:12:12 -0700] "GET /index.php?camp-fire/96370350.html HTTP/1.1" 500 - "https://www.mantech8.com/index.php?camp-fire/96370350.html" "Mozilla/5.0 (Windows NT 10.0; WOW64; Rv:50.0) Gecko/20100101 Firefox/50.0" "www.mantech8.com"
185.191.171.2 - - [30/Oct/2022:03:12:20 -0700] "GET /index.php/camp-fire/32921868.html HTTP/1.1" 500 - "-" "Mozilla/5.0 (compatible; SemrushBot/7~bl; +http://www.semrush.com/bot.html)" "mantech8.com"
185.191.171.17 - - [30/Oct/2022:03:12:44 -0700] "GET /index.php/camp-fire/3034453.html HTTP/1.1" 500 - "-" "Mozilla/5.0 (compatible; SemrushBot/7~bl; +http://www.semrush.com/bot.html)" "mantech8.com"
185.191.171.4 - - [30/Oct/2022:03:14:06 -0700] "GET /index.php/camp-fire/3114678.html HTTP/1.1" 500 - "-" "Mozilla/5.0 (compatible; SemrushBot/7~bl; +http://www.semrush.com/bot.html)" "mantech8.com"
185.191.171.2 - - [30/Oct/2022:03:14:07 -0700] "GET /index.php/camp-fire/30648555.html HTTP/1.1" 500 - "-" "Mozilla/5.0 (compatible; SemrushBot/7~bl; +http://www.semrush.com/bot.html)" "mantech8.com"
185.191.171.11 - - [30/Oct/2022:03:14:27 -0700] "GET /index.php/camp-fire/41795803.html HTTP/1.1" 500 - "-" "Mozilla/5.0 (compatible; SemrushBot/7~bl; +http://www.semrush.com/bot.html)" "mantech8.com"
185.191.171.37 - - [30/Oct/2022:03:14:42 -0700] "GET /index.php/camp-fire/5961729.html HTTP/1.1" 500 - "-" "Mozilla/5.0 (compatible; SemrushBot/7~bl; +http://www.semrush.com/bot.html)" "mantech8.com"
185.191.171.45 - - [30/Oct/2022:03:16:10 -0700] "GET /index.php/camp-fire/42187149.html HTTP/1.1" 500 - "-" "Mozilla/5.0 (compatible; SemrushBot/7~bl; +http://www.semrush.com/bot.html)" "mantech8.com"
185.191.171.45 - - [30/Oct/2022:03:16:32 -0700] "GET /index.php/camp-fire/28151235.html HTTP/1.1" 500 - "-" "Mozilla/5.0 (compatible; SemrushBot/7~bl; +http://www.semrush.com/bot.html)" "mantech8.com"
114.119.133.158 - - [30/Oct/2022:03:17:44 -0700] "GET /bimages/gallery/alfacgiapi/perl.alfa HTTP/1.1" 200 542 "http://mantech8.com/bimages/gallery/alfacgiapi/?C=N%3BO%3DD" "Mozilla/5.0 (Linux; Android 7.0;) AppleWebKit/537.36 (KHTML, like Gecko) Mobile Safari/537.36 (compatible; PetalBot;+https://webmaster.petalsearch.com/site/petalbot)" "mantech8.com"
185.191.171.23 - - [30/Oct/2022:03:18:32 -0700] "GET /index.php/camp-fire/15442984.html HTTP/1.1" 500 - "-" "Mozilla/5.0 (compatible; SemrushBot/7~bl; +http://www.semrush.com/bot.html)" "mantech8.com"
185.191.171.15 - - [30/Oct/2022:03:18:39 -0700] "GET /index.php/camp-fire/42051849.html HTTP/1.1" 500 - "-" "Mozilla/5.0 (compatible; SemrushBot/7~bl; +http://www.semrush.com/bot.html)" "mantech8.com"
185.191.171.13 - - [30/Oct/2022:03:19:03 -0700] "GET /index.php/camp-fire/2101053.html HTTP/1.1" 500 - "-" "Mozilla/5.0 (compatible; SemrushBot/7~bl; +http://www.semrush.com/bot.html)" "mantech8.com"
185.191.171.13 - - [30/Oct/2022:03:19:38 -0700] "GET /index.php/camp-fire/32915430.html HTTP/1.1" 500 - "-" "Mozilla/5.0 (compatible; SemrushBot/7~bl; +http://www.semrush.com/bot.html)" "mantech8.com"
185.191.171.6 - - [30/Oct/2022:03:19:57 -0700] "GET /index.php/camp-fire/33433893.html HTTP/1.1" 500 - "-" "Mozilla/5.0 (compatible; SemrushBot/7~bl; +http://www.semrush.com/bot.html)" "mantech8.com"
157.55.39.181 - - [30/Oct/2022:03:19:58 -0700] "GET /index.php?camp-fire/98543722.html HTTP/1.1" 200 70088 "-" "Mozilla/5.0 AppleWebKit/537.36 (KHTML, like Gecko; compatible; bingbot/2.0; +http://www.bing.com/bingbot.htm) Chrome/103.0.5060.134 Safari/537.36" "www.mantech8.com"
185.191.171.2 - - [30/Oct/2022:03:20:19 -0700] "GET /index.php/camp-fire/11795783.html HTTP/1.1" 500 - "-" "Mozilla/5.0 (compatible; SemrushBot/7~bl; +http://www.semrush.com/bot.html)" "mantech8.com"
185.191.171.37 - - [30/Oct/2022:03:21:11 -0700] "GET /index.php/camp-fire/21742117.html HTTP/1.1" 500 - "-" "Mozilla/5.0 (compatible; SemrushBot/7~bl; +http://www.semrush.com/bot.html)" "mantech8.com"
185.191.171.13 - - [30/Oct/2022:03:22:24 -0700] "GET /index.php/camp-fire/15612084.html HTTP/1.1" 500 - "-" "Mozilla/5.0 (compatible; SemrushBot/7~bl; +http://www.semrush.com/bot.html)" "mantech8.com"
185.191.171.36 - - [30/Oct/2022:03:22:36 -0700] "GET /index.php/camp-fire/18140061.html HTTP/1.1" 500 - "-" "Mozilla/5.0 (compatible; SemrushBot/7~bl; +http://www.semrush.com/bot.html)" "mantech8.com"
185.191.171.40 - - [30/Oct/2022:03:23:21 -0700] "GET /index.php/camp-fire/35399038.html HTTP/1.1" 500 - "-" "Mozilla/5.0 (compatible; SemrushBot/7~bl; +http://www.semrush.com/bot.html)" "mantech8.com"
185.191.171.8 - - [30/Oct/2022:03:23:31 -0700] "GET /index.php/camp-fire/30485041.html HTTP/1.1" 500 - "-" "Mozilla/5.0 (compatible; SemrushBot/7~bl; +http://www.semrush.com/bot.html)" "mantech8.com"
114.119.133.166 - - [30/Oct/2022:03:23:37 -0700] "GET /index.php/benfica.xml HTTP/1.1" 200 289332 "-" "Mozilla/5.0 (Linux; Android 7.0;) AppleWebKit/537.36 (KHTML, like Gecko) Mobile Safari/537.36 (compatible; PetalBot;+https://webmaster.petalsearch.com/site/petalbot)" "mantech8.com"
185.191.171.22 - - [30/Oct/2022:03:23:51 -0700] "GET /index.php/camp-fire/32990468.html HTTP/1.1" 500 - "-" "Mozilla/5.0 (compatible; SemrushBot/7~bl; +http://www.semrush.com/bot.html)" "mantech8.com"
40.77.167.43 - - [30/Oct/2022:03:25:14 -0700] "GET /index.php?/jp/app/%E3%81%A1%E3%82%83%E3%81%93%E3%83%BC%E3%82%8B%E3%81%90%E3%82%8C%E3%81%84/id1506718340 HTTP/1.1" 200 70727 "-" "Mozilla/5.0 (compatible; bingbot/2.0; +http://www.bing.com/bingbot.htm)" "mantech8.com"
185.191.171.16 - - [30/Oct/2022:03:25:58 -0700] "GET /index.php/camp-fire/17528427.html HTTP/1.1" 500 - "-" "Mozilla/5.0 (compatible; SemrushBot/7~bl; +http://www.semrush.com/bot.html)" "mantech8.com"
185.191.171.13 - - [30/Oct/2022:03:26:43 -0700] "GET /index.php/camp-fire/4104165.html HTTP/1.1" 500 - "-" "Mozilla/5.0 (compatible; SemrushBot/7~bl; +http://www.semrush.com/bot.html)" "mantech8.com"
185.191.171.12 - - [30/Oct/2022:03:27:52 -0700] "GET /index.php/camp-fire/20737932.html HTTP/1.1" 500 - "-" "Mozilla/5.0 (compatible; SemrushBot/7~bl; +http://www.semrush.com/bot.html)" "mantech8.com"
185.191.171.33 - - [30/Oct/2022:03:27:58 -0700] "GET /index.php/camp-fire/35125825.html HTTP/1.1" 500 - "-" "Mozilla/5.0 (compatible; SemrushBot/7~bl; +http://www.semrush.com/bot.html)" "mantech8.com"
216.244.66.241 - - [30/Oct/2022:03:28:37 -0700] "GET /robots.txt HTTP/1.1" 200 222 "-" "Mozilla/5.0 (compatible; DotBot/1.2; +https://opensiteexplorer.org/dotbot; help@moz.com)" "mantech8.com"
216.244.66.241 - - [30/Oct/2022:03:28:37 -0700] "GET /robots.txt HTTP/1.1" 200 222 "-" "Mozilla/5.0 (compatible; DotBot/1.2; +https://opensiteexplorer.org/dotbot; help@moz.com)" "www.mantech8.com"
185.191.171.34 - - [30/Oct/2022:03:29:31 -0700] "GET /index.php/camp-fire/52172347.html HTTP/1.1" 500 - "-" "Mozilla/5.0 (compatible; SemrushBot/7~bl; +http://www.semrush.com/bot.html)" "mantech8.com"
114.119.133.190 - - [30/Oct/2022:03:29:30 -0700] "GET /index.php?gelsemic.xml HTTP/1.1" 200 289309 "-" "Mozilla/5.0 (compatible;PetalBot;+https://webmaster.petalsearch.com/site/petalbot)" "mantech8.com"
185.191.171.4 - - [30/Oct/2022:03:29:50 -0700] "GET /index.php/camp-fire/9156878.html HTTP/1.1" 500 - "-" "Mozilla/5.0 (compatible; SemrushBot/7~bl; +http://www.semrush.com/bot.html)" "mantech8.com"
185.191.171.18 - - [30/Oct/2022:03:30:07 -0700] "GET /index.php/camp-fire/28524264.html HTTP/1.1" 500 - "-" "Mozilla/5.0 (compatible; SemrushBot/7~bl; +http://www.semrush.com/bot.html)" "mantech8.com"
185.191.171.15 - - [30/Oct/2022:03:30:13 -0700] "GET /index.php/camp-fire/23286332.html HTTP/1.1" 500 - "-" "Mozilla/5.0 (compatible; SemrushBot/7~bl; +http://www.semrush.com/bot.html)" "mantech8.com"
185.191.171.23 - - [30/Oct/2022:03:30:32 -0700] "GET /index.php/camp-fire/16874056.html HTTP/1.1" 500 - "-" "Mozilla/5.0 (compatible; SemrushBot/7~bl; +http://www.semrush.com/bot.html)" "mantech8.com"
185.191.171.4 - - [30/Oct/2022:03:31:40 -0700] "GET /index.php/camp-fire/23885865.html HTTP/1.1" 500 - "-" "Mozilla/5.0 (compatible; SemrushBot/7~bl; +http://www.semrush.com/bot.html)" "mantech8.com"
185.191.171.22 - - [30/Oct/2022:03:31:50 -0700] "GET /index.php/camp-fire/40857050.html HTTP/1.1" 500 - "-" "Mozilla/5.0 (compatible; SemrushBot/7~bl; +http://www.semrush.com/bot.html)" "mantech8.com"
185.191.171.10 - - [30/Oct/2022:03:31:52 -0700] "GET /index.php/camp-fire/27259370.html HTTP/1.1" 500 - "-" "Mozilla/5.0 (compatible; SemrushBot/7~bl; +http://www.semrush.com/bot.html)" "mantech8.com"
185.191.171.22 - - [30/Oct/2022:03:32:34 -0700] "GET /index.php/camp-fire/28164151.html HTTP/1.1" 500 - "-" "Mozilla/5.0 (compatible; SemrushBot/7~bl; +http://www.semrush.com/bot.html)" "mantech8.com"
185.191.171.44 - - [30/Oct/2022:03:32:40 -0700] "GET /index.php/camp-fire/1738000.html HTTP/1.1" 500 - "-" "Mozilla/5.0 (compatible; SemrushBot/7~bl; +http://www.semrush.com/bot.html)" "mantech8.com"
185.191.171.15 - - [30/Oct/2022:03:33:08 -0700] "GET /index.php/camp-fire/4285196.html HTTP/1.1" 500 - "-" "Mozilla/5.0 (compatible; SemrushBot/7~bl; +http://www.semrush.com/bot.html)" "mantech8.com"
185.191.171.7 - - [30/Oct/2022:03:33:52 -0700] "GET /index.php/camp-fire/34096108.html HTTP/1.1" 500 - "-" "Mozilla/5.0 (compatible; SemrushBot/7~bl; +http://www.semrush.com/bot.html)" "mantech8.com"
114.119.133.190 - - [30/Oct/2022:03:35:29 -0700] "GET /sitemap1158.xml HTTP/1.1" 404 88 "-" "Mozilla/5.0 (compatible;PetalBot;+https://webmaster.petalsearch.com/site/petalbot)" "mantech8.com"
185.191.171.12 - - [30/Oct/2022:03:35:35 -0700] "GET /index.php/camp-fire/41049183.html HTTP/1.1" 500 - "-" "Mozilla/5.0 (compatible; SemrushBot/7~bl; +http://www.semrush.com/bot.html)" "mantech8.com"
185.191.171.38 - - [30/Oct/2022:03:35:53 -0700] "GET /index.php/camp-fire/34602870.html HTTP/1.1" 500 - "-" "Mozilla/5.0 (compatible; SemrushBot/7~bl; +http://www.semrush.com/bot.html)" "mantech8.com"
157.55.39.181 - - [30/Oct/2022:03:36:08 -0700] "GET /sitemapnewindex.xml HTTP/1.1" 404 88 "-" "Mozilla/5.0 AppleWebKit/537.36 (KHTML, like Gecko; compatible; bingbot/2.0; +http://www.bing.com/bingbot.htm) Chrome/103.0.5060.134 Safari/537.36" "mantech8.com"
207.46.13.94 - - [30/Oct/2022:03:36:12 -0700] "GET /sitemapindex.xml HTTP/1.1" 404 88 "-" "Mozilla/5.0 (compatible; bingbot/2.0; +http://www.bing.com/bingbot.htm)" "mantech8.com"
207.46.13.94 - - [30/Oct/2022:03:36:13 -0700] "GET /sitemapindeximages.xml HTTP/1.1" 404 88 "-" "Mozilla/5.0 (compatible; bingbot/2.0; +http://www.bing.com/bingbot.htm)" "mantech8.com"
157.55.39.152 - - [30/Oct/2022:03:36:18 -0700] "GET /sitemapmobileindex.xml HTTP/1.1" 404 88 "-" "Mozilla/5.0 AppleWebKit/537.36 (KHTML, like Gecko; compatible; bingbot/2.0; +http://www.bing.com/bingbot.htm) Chrome/103.0.5060.134 Safari/537.36" "mantech8.com"
185.191.171.1 - - [30/Oct/2022:03:37:43 -0700] "GET /index.php/camp-fire/34883525.html HTTP/1.1" 500 - "-" "Mozilla/5.0 (compatible; SemrushBot/7~bl; +http://www.semrush.com/bot.html)" "mantech8.com"
185.191.171.26 - - [30/Oct/2022:03:38:12 -0700] "GET /index.php/camp-fire/4282685.html HTTP/1.1" 500 - "-" "Mozilla/5.0 (compatible; SemrushBot/7~bl; +http://www.semrush.com/bot.html)" "mantech8.com"
185.191.171.6 - - [30/Oct/2022:03:38:15 -0700] "GET /index.php/camp-fire/17617365.html HTTP/1.1" 500 - "-" "Mozilla/5.0 (compatible; SemrushBot/7~bl; +http://www.semrush.com/bot.html)" "mantech8.com"
185.191.171.16 - - [30/Oct/2022:03:38:49 -0700] "GET /index.php/camp-fire/40943192.html HTTP/1.1" 500 - "-" "Mozilla/5.0 (compatible; SemrushBot/7~bl; +http://www.semrush.com/bot.html)" "mantech8.com"
185.191.171.43 - - [30/Oct/2022:03:40:03 -0700] "GET /index.php/camp-fire/21712017.html HTTP/1.1" 500 - "-" "Mozilla/5.0 (compatible; SemrushBot/7~bl; +http://www.semrush.com/bot.html)" "mantech8.com"
185.191.171.15 - - [30/Oct/2022:03:40:28 -0700] "GET /index.php/camp-fire/38346572.html HTTP/1.1" 500 - "-" "Mozilla/5.0 (compatible; SemrushBot/7~bl; +http://www.semrush.com/bot.html)" "mantech8.com"
185.191.171.14 - - [30/Oct/2022:03:40:39 -0700] "GET /index.php/camp-fire/26155082.html HTTP/1.1" 500 - "-" "Mozilla/5.0 (compatible; SemrushBot/7~bl; +http://www.semrush.com/bot.html)" "mantech8.com"
185.191.171.13 - - [30/Oct/2022:03:41:22 -0700] "GET /index.php/camp-fire/40783555.html HTTP/1.1" 500 - "-" "Mozilla/5.0 (compatible; SemrushBot/7~bl; +http://www.semrush.com/bot.html)" "mantech8.com"
114.119.133.165 - - [30/Oct/2022:03:41:26 -0700] "GET /index.php/sitemap7131.xml HTTP/1.1" 200 289466 "-" "Mozilla/5.0 (compatible;PetalBot;+https://webmaster.petalsearch.com/site/petalbot)" "mantech8.com"
185.191.171.40 - - [30/Oct/2022:03:41:34 -0700] "GET /index.php/camp-fire/28167471.html HTTP/1.1" 500 - "-" "Mozilla/5.0 (compatible; SemrushBot/7~bl; +http://www.semrush.com/bot.html)" "mantech8.com"
185.191.171.1 - - [30/Oct/2022:03:41:45 -0700] "GET /robots.txt HTTP/1.1" 200 106 "-" "Mozilla/5.0 (compatible; SemrushBot/7~bl; +http://www.semrush.com/bot.html)" "mantech8.com"
185.191.171.37 - - [30/Oct/2022:03:41:45 -0700] "GET /index.php/camp-fire/3512298.html HTTP/1.1" 500 - "-" "Mozilla/5.0 (compatible; SemrushBot/7~bl; +http://www.semrush.com/bot.html)" "mantech8.com"
185.191.171.15 - - [30/Oct/2022:03:41:54 -0700] "GET /index.php/camp-fire/46083508.html HTTP/1.1" 500 - "-" "Mozilla/5.0 (compatible; SemrushBot/7~bl; +http://www.semrush.com/bot.html)" "mantech8.com"
40.77.167.43 - - [30/Oct/2022:03:42:15 -0700] "GET /bimages/safety/qual.jpg HTTP/1.1" 200 31419 "-" "Mozilla/5.0 AppleWebKit/537.36 (KHTML, like Gecko; compatible; bingbot/2.0; +http://www.bing.com/bingbot.htm) Chrome/103.0.5060.134 Safari/537.36" "www.mantech8.com"
185.191.171.36 - - [30/Oct/2022:03:42:27 -0700] "GET /index.php/camp-fire/38142172.html HTTP/1.1" 500 - "-" "Mozilla/5.0 (compatible; SemrushBot/7~bl; +http://www.semrush.com/bot.html)" "mantech8.com"
185.191.171.40 - - [30/Oct/2022:03:42:53 -0700] "GET /index.php/camp-fire/4660700.html HTTP/1.1" 500 - "-" "Mozilla/5.0 (compatible; SemrushBot/7~bl; +http://www.semrush.com/bot.html)" "mantech8.com"
66.249.66.68 - - [30/Oct/2022:03:44:27 -0700] "GET /bimages/client/icf.png HTTP/1.1" 200 41986 "-" "Googlebot-Image/1.0" "mantech8.com"
185.191.171.36 - - [30/Oct/2022:03:44:37 -0700] "GET /index.php/camp-fire/38010416.html HTTP/1.1" 500 - "-" "Mozilla/5.0 (compatible; SemrushBot/7~bl; +http://www.semrush.com/bot.html)" "mantech8.com"
185.191.171.26 - - [30/Oct/2022:03:45:39 -0700] "GET /index.php/camp-fire/16536165.html HTTP/1.1" 500 - "-" "Mozilla/5.0 (compatible; SemrushBot/7~bl; +http://www.semrush.com/bot.html)" "mantech8.com"
185.191.171.6 - - [30/Oct/2022:03:45:49 -0700] "GET /index.php/camp-fire/18002381.html HTTP/1.1" 500 - "-" "Mozilla/5.0 (compatible; SemrushBot/7~bl; +http://www.semrush.com/bot.html)" "mantech8.com"
185.191.171.13 - - [30/Oct/2022:03:46:52 -0700] "GET /index.php/camp-fire/38121172.html HTTP/1.1" 500 - "-" "Mozilla/5.0 (compatible; SemrushBot/7~bl; +http://www.semrush.com/bot.html)" "mantech8.com"
114.119.133.182 - - [30/Oct/2022:03:47:19 -0700] "GET /index.php/kongcunzhen.xml HTTP/1.1" 200 289407 "-" "Mozilla/5.0 (compatible;PetalBot;+https://webmaster.petalsearch.com/site/petalbot)" "mantech8.com"
185.191.171.39 - - [30/Oct/2022:03:48:09 -0700] "GET /index.php/camp-fire/59279208.html HTTP/1.1" 500 - "-" "Mozilla/5.0 (compatible; SemrushBot/7~bl; +http://www.semrush.com/bot.html)" "mantech8.com"
157.55.39.152 - - [30/Oct/2022:03:48:47 -0700] "GET /index.php?camp-fire/97575389.html HTTP/1.1" 200 63298 "-" "Mozilla/5.0 AppleWebKit/537.36 (KHTML, like Gecko; compatible; bingbot/2.0; +http://www.bing.com/bingbot.htm) Chrome/103.0.5060.134 Safari/537.36" "mantech8.com"
185.191.171.3 - - [30/Oct/2022:03:49:19 -0700] "GET /index.php/camp-fire/1248700.html HTTP/1.1" 500 - "-" "Mozilla/5.0 (compatible; SemrushBot/7~bl; +http://www.semrush.com/bot.html)" "mantech8.com"
185.191.171.22 - - [30/Oct/2022:03:49:34 -0700] "GET /index.php/camp-fire/30333089.html HTTP/1.1" 500 - "-" "Mozilla/5.0 (compatible; SemrushBot/7~bl; +http://www.semrush.com/bot.html)" "mantech8.com"
185.191.171.9 - - [30/Oct/2022:03:51:27 -0700] "GET /index.php/camp-fire/25960376.html HTTP/1.1" 500 - "-" "Mozilla/5.0 (compatible; SemrushBot/7~bl; +http://www.semrush.com/bot.html)" "mantech8.com"
185.191.171.10 - - [30/Oct/2022:03:51:43 -0700] "GET /index.php/camp-fire/20784635.html HTTP/1.1" 500 - "-" "Mozilla/5.0 (compatible; SemrushBot/7~bl; +http://www.semrush.com/bot.html)" "mantech8.com"
185.191.171.26 - - [30/Oct/2022:03:51:46 -0700] "GET /index.php/camp-fire/9334596.html HTTP/1.1" 500 - "-" "Mozilla/5.0 (compatible; SemrushBot/7~bl; +http://www.semrush.com/bot.html)" "mantech8.com"
185.191.171.5 - - [30/Oct/2022:03:51:48 -0700] "GET /index.php/camp-fire/27848426.html HTTP/1.1" 500 - "-" "Mozilla/5.0 (compatible; SemrushBot/7~bl; +http://www.semrush.com/bot.html)" "mantech8.com"
185.191.171.14 - - [30/Oct/2022:03:51:50 -0700] "GET /index.php/camp-fire/8172978.html HTTP/1.1" 500 - "-" "Mozilla/5.0 (compatible; SemrushBot/7~bl; +http://www.semrush.com/bot.html)" "mantech8.com"
185.191.171.39 - - [30/Oct/2022:03:52:24 -0700] "GET /index.php/camp-fire/33612259.html HTTP/1.1" 500 - "-" "Mozilla/5.0 (compatible; SemrushBot/7~bl; +http://www.semrush.com/bot.html)" "mantech8.com"
185.191.171.23 - - [30/Oct/2022:03:52:39 -0700] "GET /index.php/camp-fire/21635317.html HTTP/1.1" 500 - "-" "Mozilla/5.0 (compatible; SemrushBot/7~bl; +http://www.semrush.com/bot.html)" "mantech8.com"
185.191.171.5 - - [30/Oct/2022:03:52:49 -0700] "GET /index.php/camp-fire/42822734.html HTTP/1.1" 500 - "-" "Mozilla/5.0 (compatible; SemrushBot/7~bl; +http://www.semrush.com/bot.html)" "mantech8.com"
185.191.171.42 - - [30/Oct/2022:03:53:09 -0700] "GET /index.php/camp-fire/37717832.html HTTP/1.1" 500 - "-" "Mozilla/5.0 (compatible; SemrushBot/7~bl; +http://www.semrush.com/bot.html)" "mantech8.com"
114.119.133.166 - - [30/Oct/2022:03:53:17 -0700] "GET /index.php?camp-fire/22879838.html HTTP/1.1" 500 - "-" "Mozilla/5.0 (Linux; Android 7.0;) AppleWebKit/537.36 (KHTML, like Gecko) Mobile Safari/537.36 (compatible; PetalBot;+https://webmaster.petalsearch.com/site/petalbot)" "www.mantech8.com"
40.77.167.58 - - [30/Oct/2022:03:53:29 -0700] "GET /index.php?/su-shortcut-key/ HTTP/1.1" 200 71457 "-" "Mozilla/5.0 AppleWebKit/537.36 (KHTML, like Gecko; compatible; bingbot/2.0; +http://www.bing.com/bingbot.htm) Chrome/103.0.5060.134 Safari/537.36" "www.mantech8.com"
185.191.171.22 - - [30/Oct/2022:03:54:20 -0700] "GET /index.php/camp-fire/5227959.html HTTP/1.1" 500 - "-" "Mozilla/5.0 (compatible; SemrushBot/7~bl; +http://www.semrush.com/bot.html)" "mantech8.com"
185.191.171.7 - - [30/Oct/2022:03:54:37 -0700] "GET /index.php/camp-fire/2051551.html HTTP/1.1" 500 - "-" "Mozilla/5.0 (compatible; SemrushBot/7~bl; +http://www.semrush.com/bot.html)" "mantech8.com"
185.191.171.25 - - [30/Oct/2022:03:55:14 -0700] "GET /index.php/camp-fire/30664755.html HTTP/1.1" 500 - "-" "Mozilla/5.0 (compatible; SemrushBot/7~bl; +http://www.semrush.com/bot.html)" "mantech8.com"
