157.55.39.152 - - [29/Oct/2022:23:30:01 -0700] "GET /index.php?camp-fire/85746072.html HTTP/1.1" 200 67608 "-" "Mozilla/5.0 AppleWebKit/537.36 (KHTML, like Gecko; compatible; bingbot/2.0; +http://www.bing.com/bingbot.htm) Chrome/103.0.5060.134 Safari/537.36" "www.mantech8.com"
185.191.171.18 - - [29/Oct/2022:23:31:50 -0700] "GET /index.php/camp-fire/23938233.html HTTP/1.1" 500 - "-" "Mozilla/5.0 (compatible; SemrushBot/7~bl; +http://www.semrush.com/bot.html)" "mantech8.com"
185.191.171.4 - - [29/Oct/2022:23:32:06 -0700] "GET /index.php/camp-fire/22363272.html HTTP/1.1" 500 - "-" "Mozilla/5.0 (compatible; SemrushBot/7~bl; +http://www.semrush.com/bot.html)" "mantech8.com"
185.191.171.16 - - [29/Oct/2022:23:32:15 -0700] "GET /index.php/camp-fire/40621230.html HTTP/1.1" 500 - "-" "Mozilla/5.0 (compatible; SemrushBot/7~bl; +http://www.semrush.com/bot.html)" "mantech8.com"
114.119.133.182 - - [29/Oct/2022:23:33:00 -0700] "GET /index.php?kleffens.xml HTTP/1.1" 200 289463 "-" "Mozilla/5.0 (compatible;PetalBot;+https://webmaster.petalsearch.com/site/petalbot)" "mantech8.com"
185.191.171.26 - - [29/Oct/2022:23:34:13 -0700] "GET /index.php/camp-fire/28972366.html HTTP/1.1" 500 - "-" "Mozilla/5.0 (compatible; SemrushBot/7~bl; +http://www.semrush.com/bot.html)" "mantech8.com"
185.191.171.19 - - [29/Oct/2022:23:34:31 -0700] "GET /index.php/camp-fire/5510577.html HTTP/1.1" 500 - "-" "Mozilla/5.0 (compatible; SemrushBot/7~bl; +http://www.semrush.com/bot.html)" "mantech8.com"
185.191.171.5 - - [29/Oct/2022:23:34:55 -0700] "GET /index.php/camp-fire/27992471.html HTTP/1.1" 500 - "-" "Mozilla/5.0 (compatible; SemrushBot/7~bl; +http://www.semrush.com/bot.html)" "mantech8.com"
185.191.171.10 - - [29/Oct/2022:23:35:26 -0700] "GET /index.php/camp-fire/26064351.html HTTP/1.1" 500 - "-" "Mozilla/5.0 (compatible; SemrushBot/7~bl; +http://www.semrush.com/bot.html)" "mantech8.com"
185.191.171.22 - - [29/Oct/2022:23:36:41 -0700] "GET /index.php/camp-fire/26912221.html HTTP/1.1" 500 - "-" "Mozilla/5.0 (compatible; SemrushBot/7~bl; +http://www.semrush.com/bot.html)" "mantech8.com"
185.191.171.25 - - [29/Oct/2022:23:37:12 -0700] "GET /index.php/camp-fire/26049051.html HTTP/1.1" 500 - "-" "Mozilla/5.0 (compatible; SemrushBot/7~bl; +http://www.semrush.com/bot.html)" "mantech8.com"
185.191.171.40 - - [29/Oct/2022:23:37:13 -0700] "GET /index.php/camp-fire/1727869.html HTTP/1.1" 500 - "-" "Mozilla/5.0 (compatible; SemrushBot/7~bl; +http://www.semrush.com/bot.html)" "mantech8.com"
185.191.171.1 - - [29/Oct/2022:23:37:56 -0700] "GET /index.php/camp-fire/24520930.html HTTP/1.1" 500 - "-" "Mozilla/5.0 (compatible; SemrushBot/7~bl; +http://www.semrush.com/bot.html)" "mantech8.com"
114.119.133.190 - - [29/Oct/2022:23:38:54 -0700] "GET /?sitemap8196.xml HTTP/1.1" 200 270539 "-" "Mozilla/5.0 (Linux; Android 7.0;) AppleWebKit/537.36 (KHTML, like Gecko) Mobile Safari/537.36 (compatible; PetalBot;+https://webmaster.petalsearch.com/site/petalbot)" "mantech8.com"
185.191.171.7 - - [29/Oct/2022:23:39:45 -0700] "GET /robots.txt HTTP/1.1" 200 106 "-" "Mozilla/5.0 (compatible; SemrushBot/7~bl; +http://www.semrush.com/bot.html)" "mantech8.com"
185.191.171.8 - - [29/Oct/2022:23:39:45 -0700] "GET /index.php/camp-fire/38104650.html HTTP/1.1" 500 - "-" "Mozilla/5.0 (compatible; SemrushBot/7~bl; +http://www.semrush.com/bot.html)" "mantech8.com"
185.191.171.24 - - [29/Oct/2022:23:39:47 -0700] "GET /index.php/camp-fire/37642025.html HTTP/1.1" 500 - "-" "Mozilla/5.0 (compatible; SemrushBot/7~bl; +http://www.semrush.com/bot.html)" "mantech8.com"
185.191.171.15 - - [29/Oct/2022:23:40:36 -0700] "GET /index.php/camp-fire/36544463.html HTTP/1.1" 500 - "-" "Mozilla/5.0 (compatible; SemrushBot/7~bl; +http://www.semrush.com/bot.html)" "mantech8.com"
185.191.171.18 - - [29/Oct/2022:23:41:25 -0700] "GET /index.php/camp-fire/21791227.html HTTP/1.1" 500 - "-" "Mozilla/5.0 (compatible; SemrushBot/7~bl; +http://www.semrush.com/bot.html)" "mantech8.com"
66.249.66.46 - - [29/Oct/2022:23:41:50 -0700] "GET /sitemap8.xml HTTP/1.1" 404 88 "-" "Mozilla/5.0 (compatible; Googlebot/2.1; +http://www.google.com/bot.html)" "mantech8.com"
185.191.171.23 - - [29/Oct/2022:23:42:38 -0700] "GET /index.php/camp-fire/27120863.html HTTP/1.1" 500 - "-" "Mozilla/5.0 (compatible; SemrushBot/7~bl; +http://www.semrush.com/bot.html)" "mantech8.com"
114.119.133.166 - - [29/Oct/2022:23:45:05 -0700] "GET /?biters.xml HTTP/1.1" 200 270691 "-" "Mozilla/5.0 (Linux; Android 7.0;) AppleWebKit/537.36 (KHTML, like Gecko) Mobile Safari/537.36 (compatible; PetalBot;+https://webmaster.petalsearch.com/site/petalbot)" "mantech8.com"
185.191.171.2 - - [29/Oct/2022:23:45:22 -0700] "GET /index.php/camp-fire/26188751.html HTTP/1.1" 500 - "-" "Mozilla/5.0 (compatible; SemrushBot/7~bl; +http://www.semrush.com/bot.html)" "mantech8.com"
185.191.171.40 - - [29/Oct/2022:23:45:51 -0700] "GET /index.php/camp-fire/9172551.html HTTP/1.1" 500 - "-" "Mozilla/5.0 (compatible; SemrushBot/7~bl; +http://www.semrush.com/bot.html)" "mantech8.com"
185.191.171.2 - - [29/Oct/2022:23:46:05 -0700] "GET /index.php/camp-fire/30194435.html HTTP/1.1" 500 - "-" "Mozilla/5.0 (compatible; SemrushBot/7~bl; +http://www.semrush.com/bot.html)" "mantech8.com"
185.191.171.9 - - [29/Oct/2022:23:46:44 -0700] "GET /index.php/camp-fire/26071051.html HTTP/1.1" 500 - "-" "Mozilla/5.0 (compatible; SemrushBot/7~bl; +http://www.semrush.com/bot.html)" "mantech8.com"
185.191.171.44 - - [29/Oct/2022:23:46:57 -0700] "GET /index.php/camp-fire/21799317.html HTTP/1.1" 500 - "-" "Mozilla/5.0 (compatible; SemrushBot/7~bl; +http://www.semrush.com/bot.html)" "mantech8.com"
185.191.171.25 - - [29/Oct/2022:23:47:14 -0700] "GET /index.php/camp-fire/16472072.html HTTP/1.1" 500 - "-" "Mozilla/5.0 (compatible; SemrushBot/7~bl; +http://www.semrush.com/bot.html)" "mantech8.com"
185.191.171.7 - - [29/Oct/2022:23:48:09 -0700] "GET /index.php/camp-fire/16949024.html HTTP/1.1" 500 - "-" "Mozilla/5.0 (compatible; SemrushBot/7~bl; +http://www.semrush.com/bot.html)" "mantech8.com"
194.110.203.45 - - [29/Oct/2022:23:48:48 -0700] "GET /conf.gz HTTP/1.1" 404 73 "-" "Firefox" "mantech8.com"
185.191.171.1 - - [29/Oct/2022:23:50:02 -0700] "GET /index.php/camp-fire/37601809.html HTTP/1.1" 500 - "-" "Mozilla/5.0 (compatible; SemrushBot/7~bl; +http://www.semrush.com/bot.html)" "mantech8.com"
114.119.133.182 - - [29/Oct/2022:23:50:55 -0700] "GET /?sitemap854.xml HTTP/1.1" 200 270376 "-" "Mozilla/5.0 (Linux; Android 7.0;) AppleWebKit/537.36 (KHTML, like Gecko) Mobile Safari/537.36 (compatible; PetalBot;+https://webmaster.petalsearch.com/site/petalbot)" "mantech8.com"
40.77.167.43 - - [29/Oct/2022:23:51:19 -0700] "GET /nWTf-baecb-3pLXt.Ii HTTP/1.1" 404 88 "-" "Mozilla/5.0 AppleWebKit/537.36 (KHTML, like Gecko; compatible; bingbot/2.0; +http://www.bing.com/bingbot.htm) Chrome/103.0.5060.134 Safari/537.36" "www.mantech8.com"
216.244.66.241 - - [29/Oct/2022:23:51:52 -0700] "GET /robots.txt HTTP/1.1" 200 222 "-" "Mozilla/5.0 (compatible; DotBot/1.2; +https://opensiteexplorer.org/dotbot; help@moz.com)" "www.mantech8.com"
216.244.66.241 - - [29/Oct/2022:23:51:52 -0700] "GET /robots.txt HTTP/1.1" 200 222 "-" "Mozilla/5.0 (compatible; DotBot/1.2; +https://opensiteexplorer.org/dotbot; help@moz.com)" "mantech8.com"
185.191.171.23 - - [29/Oct/2022:23:52:00 -0700] "GET /index.php/camp-fire/8176098.html HTTP/1.1" 500 - "-" "Mozilla/5.0 (compatible; SemrushBot/7~bl; +http://www.semrush.com/bot.html)" "mantech8.com"
185.191.171.13 - - [29/Oct/2022:23:52:51 -0700] "GET /index.php/camp-fire/42522434.html HTTP/1.1" 500 - "-" "Mozilla/5.0 (compatible; SemrushBot/7~bl; +http://www.semrush.com/bot.html)" "mantech8.com"
157.55.39.152 - - [29/Oct/2022:23:55:33 -0700] "GET /index.php/C1W4-2b9bbbac-ltClE.Ii HTTP/1.1" 200 68559 "-" "Mozilla/5.0 AppleWebKit/537.36 (KHTML, like Gecko; compatible; bingbot/2.0; +http://www.bing.com/bingbot.htm) Chrome/103.0.5060.134 Safari/537.36" "www.mantech8.com"
185.191.171.10 - - [29/Oct/2022:23:56:00 -0700] "GET /index.php/camp-fire/23628406.html HTTP/1.1" 500 - "-" "Mozilla/5.0 (compatible; SemrushBot/7~bl; +http://www.semrush.com/bot.html)" "mantech8.com"
40.77.167.43 - - [29/Oct/2022:23:56:44 -0700] "GET /bimages/gallery/thump/pb9.jpg HTTP/1.1" 200 512175 "-" "Mozilla/5.0 (compatible; bingbot/2.0; +http://www.bing.com/bingbot.htm)" "mantech8.com"
114.119.133.182 - - [29/Oct/2022:23:56:50 -0700] "GET /sitemap20195.xml HTTP/1.1" 404 88 "-" "Mozilla/5.0 (compatible;PetalBot;+https://webmaster.petalsearch.com/site/petalbot)" "mantech8.com"
185.191.171.1 - - [29/Oct/2022:23:57:57 -0700] "GET /index.php/camp-fire/3094578.html HTTP/1.1" 500 - "-" "Mozilla/5.0 (compatible; SemrushBot/7~bl; +http://www.semrush.com/bot.html)" "mantech8.com"
185.191.171.1 - - [29/Oct/2022:23:58:27 -0700] "GET /index.php/camp-fire/39737160.html HTTP/1.1" 500 - "-" "Mozilla/5.0 (compatible; SemrushBot/7~bl; +http://www.semrush.com/bot.html)" "mantech8.com"
185.191.171.37 - - [29/Oct/2022:23:59:17 -0700] "GET /index.php/camp-fire/10662629.html HTTP/1.1" 500 - "-" "Mozilla/5.0 (compatible; SemrushBot/7~bl; +http://www.semrush.com/bot.html)" "mantech8.com"
185.191.171.16 - - [29/Oct/2022:23:59:51 -0700] "GET /index.php/camp-fire/35790550.html HTTP/1.1" 500 - "-" "Mozilla/5.0 (compatible; SemrushBot/7~bl; +http://www.semrush.com/bot.html)" "mantech8.com"
185.191.171.12 - - [29/Oct/2022:23:59:56 -0700] "GET /index.php/camp-fire/17572178.html HTTP/1.1" 500 - "-" "Mozilla/5.0 (compatible; SemrushBot/7~bl; +http://www.semrush.com/bot.html)" "mantech8.com"
185.191.171.7 - - [30/Oct/2022:00:00:14 -0700] "GET /index.php/camp-fire/21495059.html HTTP/1.1" 500 - "-" "Mozilla/5.0 (compatible; SemrushBot/7~bl; +http://www.semrush.com/bot.html)" "mantech8.com"
185.191.171.10 - - [30/Oct/2022:00:00:40 -0700] "GET /index.php/camp-fire/15620246.html HTTP/1.1" 500 - "-" "Mozilla/5.0 (compatible; SemrushBot/7~bl; +http://www.semrush.com/bot.html)" "mantech8.com"
185.191.171.40 - - [30/Oct/2022:00:01:01 -0700] "GET /index.php/camp-fire/43053827.html HTTP/1.1" 500 - "-" "Mozilla/5.0 (compatible; SemrushBot/7~bl; +http://www.semrush.com/bot.html)" "mantech8.com"
185.191.171.22 - - [30/Oct/2022:00:01:23 -0700] "GET /index.php/camp-fire/36765265.html HTTP/1.1" 500 - "-" "Mozilla/5.0 (compatible; SemrushBot/7~bl; +http://www.semrush.com/bot.html)" "mantech8.com"
185.191.171.15 - - [30/Oct/2022:00:01:34 -0700] "GET /index.php/camp-fire/17581080.html HTTP/1.1" 500 - "-" "Mozilla/5.0 (compatible; SemrushBot/7~bl; +http://www.semrush.com/bot.html)" "mantech8.com"
185.191.171.2 - - [30/Oct/2022:00:02:21 -0700] "GET /index.php/camp-fire/23201061.html HTTP/1.1" 500 - "-" "Mozilla/5.0 (compatible; SemrushBot/7~bl; +http://www.semrush.com/bot.html)" "mantech8.com"
114.119.133.166 - - [30/Oct/2022:00:02:43 -0700] "GET /index.php/sitemap401.xml HTTP/1.1" 200 289292 "-" "Mozilla/5.0 (compatible;PetalBot;+https://webmaster.petalsearch.com/site/petalbot)" "mantech8.com"
185.191.171.9 - - [30/Oct/2022:00:03:02 -0700] "GET /index.php/camp-fire/39236372.html HTTP/1.1" 500 - "-" "Mozilla/5.0 (compatible; SemrushBot/7~bl; +http://www.semrush.com/bot.html)" "mantech8.com"
40.77.167.43 - - [30/Oct/2022:00:03:40 -0700] "GET /index.php?camp-fire/69299042.html HTTP/1.1" 200 65801 "-" "Mozilla/5.0 AppleWebKit/537.36 (KHTML, like Gecko; compatible; bingbot/2.0; +http://www.bing.com/bingbot.htm) Chrome/103.0.5060.134 Safari/537.36" "www.mantech8.com"
185.191.171.22 - - [30/Oct/2022:00:05:02 -0700] "GET /index.php/camp-fire/24242050.html HTTP/1.1" 500 - "-" "Mozilla/5.0 (compatible; SemrushBot/7~bl; +http://www.semrush.com/bot.html)" "mantech8.com"
185.191.171.1 - - [30/Oct/2022:00:05:11 -0700] "GET /index.php/camp-fire/41327608.html HTTP/1.1" 500 - "-" "Mozilla/5.0 (compatible; SemrushBot/7~bl; +http://www.semrush.com/bot.html)" "mantech8.com"
185.191.171.24 - - [30/Oct/2022:00:05:15 -0700] "GET /index.php/camp-fire/42547334.html HTTP/1.1" 500 - "-" "Mozilla/5.0 (compatible; SemrushBot/7~bl; +http://www.semrush.com/bot.html)" "mantech8.com"
40.77.167.58 - - [30/Oct/2022:00:07:05 -0700] "GET /bimages/gallery/IDN%20S.jpg HTTP/1.1" 200 196250 "-" "Mozilla/5.0 AppleWebKit/537.36 (KHTML, like Gecko; compatible; bingbot/2.0; +http://www.bing.com/bingbot.htm) Chrome/103.0.5060.134 Safari/537.36" "mantech8.com"
185.191.171.14 - - [30/Oct/2022:00:07:54 -0700] "GET /index.php/camp-fire/17701280.html HTTP/1.1" 500 - "-" "Mozilla/5.0 (compatible; SemrushBot/7~bl; +http://www.semrush.com/bot.html)" "mantech8.com"
185.191.171.12 - - [30/Oct/2022:00:07:56 -0700] "GET /index.php/camp-fire/28648789.html HTTP/1.1" 500 - "-" "Mozilla/5.0 (compatible; SemrushBot/7~bl; +http://www.semrush.com/bot.html)" "mantech8.com"
157.55.39.152 - - [30/Oct/2022:00:08:55 -0700] "GET /index.php?camp-fire/16768485.html HTTP/1.1" 200 68146 "-" "Mozilla/5.0 AppleWebKit/537.36 (KHTML, like Gecko; compatible; bingbot/2.0; +http://www.bing.com/bingbot.htm) Chrome/103.0.5060.134 Safari/537.36" "www.mantech8.com"
114.119.133.158 - - [30/Oct/2022:00:08:57 -0700] "GET /?sitemap95.xml HTTP/1.1" 200 270617 "-" "Mozilla/5.0 (compatible;PetalBot;+https://webmaster.petalsearch.com/site/petalbot)" "mantech8.com"
185.191.171.1 - - [30/Oct/2022:00:09:09 -0700] "GET /index.php/camp-fire/22641346.html HTTP/1.1" 500 - "-" "Mozilla/5.0 (compatible; SemrushBot/7~bl; +http://www.semrush.com/bot.html)" "mantech8.com"
185.191.171.14 - - [30/Oct/2022:00:11:19 -0700] "GET /index.php/camp-fire/20690590.html HTTP/1.1" 500 - "-" "Mozilla/5.0 (compatible; SemrushBot/7~bl; +http://www.semrush.com/bot.html)" "mantech8.com"
185.191.171.26 - - [30/Oct/2022:00:11:28 -0700] "GET /index.php/camp-fire/19269932.html HTTP/1.1" 500 - "-" "Mozilla/5.0 (compatible; SemrushBot/7~bl; +http://www.semrush.com/bot.html)" "mantech8.com"
207.46.13.149 - - [30/Oct/2022:00:12:43 -0700] "GET /images/comingsoon.jpg HTTP/1.1" 200 72363 "-" "Mozilla/5.0 AppleWebKit/537.36 (KHTML, like Gecko; compatible; bingbot/2.0; +http://www.bing.com/bingbot.htm) Chrome/103.0.5060.134 Safari/537.36" "mantech8.com"
185.191.171.39 - - [30/Oct/2022:00:12:55 -0700] "GET /index.php/camp-fire/34102608.html HTTP/1.1" 500 - "-" "Mozilla/5.0 (compatible; SemrushBot/7~bl; +http://www.semrush.com/bot.html)" "mantech8.com"
185.191.171.38 - - [30/Oct/2022:00:13:59 -0700] "GET /index.php/camp-fire/38206103.html HTTP/1.1" 500 - "-" "Mozilla/5.0 (compatible; SemrushBot/7~bl; +http://www.semrush.com/bot.html)" "mantech8.com"
185.191.171.39 - - [30/Oct/2022:00:14:05 -0700] "GET /index.php/camp-fire/32239371.html HTTP/1.1" 500 - "-" "Mozilla/5.0 (compatible; SemrushBot/7~bl; +http://www.semrush.com/bot.html)" "mantech8.com"
185.191.171.40 - - [30/Oct/2022:00:14:10 -0700] "GET /index.php/camp-fire/50328402.html HTTP/1.1" 500 - "-" "Mozilla/5.0 (compatible; SemrushBot/7~bl; +http://www.semrush.com/bot.html)" "mantech8.com"
185.191.171.8 - - [30/Oct/2022:00:14:22 -0700] "GET /index.php/camp-fire/39061941.html HTTP/1.1" 500 - "-" "Mozilla/5.0 (compatible; SemrushBot/7~bl; +http://www.semrush.com/bot.html)" "mantech8.com"
114.119.133.166 - - [30/Oct/2022:00:14:35 -0700] "GET /index.php?sitemap4.xml HTTP/1.1" 200 289330 "-" "Mozilla/5.0 (compatible;PetalBot;+https://webmaster.petalsearch.com/site/petalbot)" "mantech8.com"
185.191.171.5 - - [30/Oct/2022:00:14:50 -0700] "GET /index.php/camp-fire/3965698.html HTTP/1.1" 500 - "-" "Mozilla/5.0 (compatible; SemrushBot/7~bl; +http://www.semrush.com/bot.html)" "mantech8.com"
185.191.171.10 - - [30/Oct/2022:00:15:02 -0700] "GET /index.php/camp-fire/27442781.html HTTP/1.1" 500 - "-" "Mozilla/5.0 (compatible; SemrushBot/7~bl; +http://www.semrush.com/bot.html)" "mantech8.com"
185.191.171.45 - - [30/Oct/2022:00:16:01 -0700] "GET /index.php/camp-fire/39145778.html HTTP/1.1" 500 - "-" "Mozilla/5.0 (compatible; SemrushBot/7~bl; +http://www.semrush.com/bot.html)" "mantech8.com"
185.191.171.24 - - [30/Oct/2022:00:16:29 -0700] "GET /index.php/camp-fire/33778806.html HTTP/1.1" 500 - "-" "Mozilla/5.0 (compatible; SemrushBot/7~bl; +http://www.semrush.com/bot.html)" "mantech8.com"
185.191.171.19 - - [30/Oct/2022:00:17:05 -0700] "GET /index.php/camp-fire/44600076.html HTTP/1.1" 500 - "-" "Mozilla/5.0 (compatible; SemrushBot/7~bl; +http://www.semrush.com/bot.html)" "mantech8.com"
185.191.171.7 - - [30/Oct/2022:00:17:52 -0700] "GET /index.php/camp-fire/2434093.html HTTP/1.1" 500 - "-" "Mozilla/5.0 (compatible; SemrushBot/7~bl; +http://www.semrush.com/bot.html)" "mantech8.com"
185.191.171.34 - - [30/Oct/2022:00:18:28 -0700] "GET /index.php/camp-fire/46257160.html HTTP/1.1" 500 - "-" "Mozilla/5.0 (compatible; SemrushBot/7~bl; +http://www.semrush.com/bot.html)" "mantech8.com"
185.191.171.40 - - [30/Oct/2022:00:20:08 -0700] "GET /index.php/camp-fire/30786055.html HTTP/1.1" 500 - "-" "Mozilla/5.0 (compatible; SemrushBot/7~bl; +http://www.semrush.com/bot.html)" "mantech8.com"
114.119.133.190 - - [30/Oct/2022:00:20:27 -0700] "GET /bimages/door/?C=M%3BO%3DA HTTP/1.1" 200 447 "http://www.mantech8.com/bimages/door/?C=S%3BO%3DA" "Mozilla/5.0 (Linux; Android 7.0;) AppleWebKit/537.36 (KHTML, like Gecko) Mobile Safari/537.36 (compatible; PetalBot;+https://webmaster.petalsearch.com/site/petalbot)" "www.mantech8.com"
185.191.171.42 - - [30/Oct/2022:00:20:56 -0700] "GET /index.php/camp-fire/3992959.html HTTP/1.1" 500 - "-" "Mozilla/5.0 (compatible; SemrushBot/7~bl; +http://www.semrush.com/bot.html)" "mantech8.com"
185.191.171.38 - - [30/Oct/2022:00:21:06 -0700] "GET /index.php/camp-fire/46224838.html HTTP/1.1" 500 - "-" "Mozilla/5.0 (compatible; SemrushBot/7~bl; +http://www.semrush.com/bot.html)" "mantech8.com"
185.191.171.35 - - [30/Oct/2022:00:22:50 -0700] "GET /index.php/camp-fire/35474097.html HTTP/1.1" 500 - "-" "Mozilla/5.0 (compatible; SemrushBot/7~bl; +http://www.semrush.com/bot.html)" "mantech8.com"
185.191.171.8 - - [30/Oct/2022:00:23:42 -0700] "GET /index.php/camp-fire/28249135.html HTTP/1.1" 500 - "-" "Mozilla/5.0 (compatible; SemrushBot/7~bl; +http://www.semrush.com/bot.html)" "mantech8.com"
185.191.171.13 - - [30/Oct/2022:00:24:20 -0700] "GET /index.php/camp-fire/20647900.html HTTP/1.1" 500 - "-" "Mozilla/5.0 (compatible; SemrushBot/7~bl; +http://www.semrush.com/bot.html)" "mantech8.com"
185.191.171.36 - - [30/Oct/2022:00:25:13 -0700] "GET /index.php/camp-fire/41910003.html HTTP/1.1" 500 - "-" "Mozilla/5.0 (compatible; SemrushBot/7~bl; +http://www.semrush.com/bot.html)" "mantech8.com"
185.191.171.12 - - [30/Oct/2022:00:25:35 -0700] "GET /index.php/camp-fire/18576108.html HTTP/1.1" 500 - "-" "Mozilla/5.0 (compatible; SemrushBot/7~bl; +http://www.semrush.com/bot.html)" "mantech8.com"
185.191.171.36 - - [30/Oct/2022:00:25:48 -0700] "GET /index.php/camp-fire/41047708.html HTTP/1.1" 500 - "-" "Mozilla/5.0 (compatible; SemrushBot/7~bl; +http://www.semrush.com/bot.html)" "mantech8.com"
114.119.133.190 - - [30/Oct/2022:00:26:20 -0700] "GET /index.php/sitemap12.xml HTTP/1.1" 200 289433 "-" "Mozilla/5.0 (Linux; Android 7.0;) AppleWebKit/537.36 (KHTML, like Gecko) Mobile Safari/537.36 (compatible; PetalBot;+https://webmaster.petalsearch.com/site/petalbot)" "mantech8.com"
185.191.171.45 - - [30/Oct/2022:00:26:32 -0700] "GET /index.php/camp-fire/26353250.html HTTP/1.1" 500 - "-" "Mozilla/5.0 (compatible; SemrushBot/7~bl; +http://www.semrush.com/bot.html)" "mantech8.com"
185.191.171.19 - - [30/Oct/2022:00:26:59 -0700] "GET /index.php/camp-fire/3114178.html HTTP/1.1" 500 - "-" "Mozilla/5.0 (compatible; SemrushBot/7~bl; +http://www.semrush.com/bot.html)" "mantech8.com"
185.191.171.34 - - [30/Oct/2022:00:28:15 -0700] "GET /index.php/camp-fire/34287308.html HTTP/1.1" 500 - "-" "Mozilla/5.0 (compatible; SemrushBot/7~bl; +http://www.semrush.com/bot.html)" "mantech8.com"
185.191.171.44 - - [30/Oct/2022:00:28:47 -0700] "GET /index.php/camp-fire/26403176.html HTTP/1.1" 500 - "-" "Mozilla/5.0 (compatible; SemrushBot/7~bl; +http://www.semrush.com/bot.html)" "mantech8.com"
185.191.171.38 - - [30/Oct/2022:00:30:40 -0700] "GET /index.php/camp-fire/39087492.html HTTP/1.1" 500 - "-" "Mozilla/5.0 (compatible; SemrushBot/7~bl; +http://www.semrush.com/bot.html)" "mantech8.com"
185.191.171.26 - - [30/Oct/2022:00:31:11 -0700] "GET /index.php/camp-fire/23378583.html HTTP/1.1" 500 - "-" "Mozilla/5.0 (compatible; SemrushBot/7~bl; +http://www.semrush.com/bot.html)" "mantech8.com"
185.191.171.35 - - [30/Oct/2022:00:31:12 -0700] "GET /index.php/camp-fire/33827208.html HTTP/1.1" 500 - "-" "Mozilla/5.0 (compatible; SemrushBot/7~bl; +http://www.semrush.com/bot.html)" "mantech8.com"
185.191.171.1 - - [30/Oct/2022:00:31:30 -0700] "GET /index.php/camp-fire/28458564.html HTTP/1.1" 500 - "-" "Mozilla/5.0 (compatible; SemrushBot/7~bl; +http://www.semrush.com/bot.html)" "mantech8.com"
114.119.133.166 - - [30/Oct/2022:00:32:08 -0700] "GET /head1.php HTTP/1.1" 200 17894 "http://www.mantech8.com/scaffoldinggal.php" "Mozilla/5.0 (Linux; Android 7.0;) AppleWebKit/537.36 (KHTML, like Gecko) Mobile Safari/537.36 (compatible; PetalBot;+https://webmaster.petalsearch.com/site/petalbot)" "www.mantech8.com"
185.191.171.3 - - [30/Oct/2022:00:32:17 -0700] "GET /index.php/camp-fire/17397265.html HTTP/1.1" 500 - "-" "Mozilla/5.0 (compatible; SemrushBot/7~bl; +http://www.semrush.com/bot.html)" "mantech8.com"
40.77.167.43 - - [30/Oct/2022:00:32:37 -0700] "GET /index.php?/seeyon/index.jsp HTTP/1.1" 200 68510 "-" "Mozilla/5.0 AppleWebKit/537.36 (KHTML, like Gecko; compatible; bingbot/2.0; +http://www.bing.com/bingbot.htm) Chrome/103.0.5060.134 Safari/537.36" "www.mantech8.com"
185.191.171.17 - - [30/Oct/2022:00:33:16 -0700] "GET /index.php/camp-fire/30542941.html HTTP/1.1" 500 - "-" "Mozilla/5.0 (compatible; SemrushBot/7~bl; +http://www.semrush.com/bot.html)" "mantech8.com"
185.191.171.34 - - [30/Oct/2022:00:34:58 -0700] "GET /index.php/camp-fire/18128096.html HTTP/1.1" 500 - "-" "Mozilla/5.0 (compatible; SemrushBot/7~bl; +http://www.semrush.com/bot.html)" "mantech8.com"
185.191.171.2 - - [30/Oct/2022:00:35:43 -0700] "GET /index.php/camp-fire/15469078.html HTTP/1.1" 500 - "-" "Mozilla/5.0 (compatible; SemrushBot/7~bl; +http://www.semrush.com/bot.html)" "mantech8.com"
157.55.39.152 - - [30/Oct/2022:00:37:28 -0700] "GET /index.php?camp-fire/1072.html HTTP/1.1" 200 66732 "-" "Mozilla/5.0 (compatible; bingbot/2.0; +http://www.bing.com/bingbot.htm)" "www.mantech8.com"
185.191.171.42 - - [30/Oct/2022:00:37:36 -0700] "GET /index.php/camp-fire/27894659.html HTTP/1.1" 500 - "-" "Mozilla/5.0 (compatible; SemrushBot/7~bl; +http://www.semrush.com/bot.html)" "mantech8.com"
114.119.133.166 - - [30/Oct/2022:00:38:04 -0700] "GET /bimages/pipeg/thump/?C=M%3BO%3DA HTTP/1.1" 200 568 "http://www.mantech8.com/bimages/pipeg/thump/?C=S%3BO%3DA" "Mozilla/5.0 (Linux; Android 7.0;) AppleWebKit/537.36 (KHTML, like Gecko) Mobile Safari/537.36 (compatible; PetalBot;+https://webmaster.petalsearch.com/site/petalbot)" "www.mantech8.com"
185.191.171.18 - - [30/Oct/2022:00:38:23 -0700] "GET /index.php/camp-fire/47604435.html HTTP/1.1" 500 - "-" "Mozilla/5.0 (compatible; SemrushBot/7~bl; +http://www.semrush.com/bot.html)" "mantech8.com"
185.191.171.26 - - [30/Oct/2022:00:38:47 -0700] "GET /index.php/camp-fire/24628730.html HTTP/1.1" 500 - "-" "Mozilla/5.0 (compatible; SemrushBot/7~bl; +http://www.semrush.com/bot.html)" "mantech8.com"
185.191.171.10 - - [30/Oct/2022:00:39:34 -0700] "GET /index.php/camp-fire/6424659.html HTTP/1.1" 500 - "-" "Mozilla/5.0 (compatible; SemrushBot/7~bl; +http://www.semrush.com/bot.html)" "mantech8.com"
185.191.171.2 - - [30/Oct/2022:00:40:01 -0700] "GET /robots.txt HTTP/1.1" 200 106 "-" "Mozilla/5.0 (compatible; SemrushBot/7~bl; +http://www.semrush.com/bot.html)" "mantech8.com"
185.191.171.38 - - [30/Oct/2022:00:40:02 -0700] "GET /index.php/camp-fire/20058559.html HTTP/1.1" 500 - "-" "Mozilla/5.0 (compatible; SemrushBot/7~bl; +http://www.semrush.com/bot.html)" "mantech8.com"
185.191.171.3 - - [30/Oct/2022:00:40:13 -0700] "GET /index.php/camp-fire/41417150.html HTTP/1.1" 500 - "-" "Mozilla/5.0 (compatible; SemrushBot/7~bl; +http://www.semrush.com/bot.html)" "mantech8.com"
185.191.171.11 - - [30/Oct/2022:00:40:42 -0700] "GET /index.php/camp-fire/26161751.html HTTP/1.1" 500 - "-" "Mozilla/5.0 (compatible; SemrushBot/7~bl; +http://www.semrush.com/bot.html)" "mantech8.com"
185.191.171.35 - - [30/Oct/2022:00:41:10 -0700] "GET /index.php/camp-fire/22501180.html HTTP/1.1" 500 - "-" "Mozilla/5.0 (compatible; SemrushBot/7~bl; +http://www.semrush.com/bot.html)" "mantech8.com"
185.191.171.4 - - [30/Oct/2022:00:41:34 -0700] "GET /index.php/camp-fire/39170735.html HTTP/1.1" 500 - "-" "Mozilla/5.0 (compatible; SemrushBot/7~bl; +http://www.semrush.com/bot.html)" "mantech8.com"
185.191.171.35 - - [30/Oct/2022:00:43:14 -0700] "GET /index.php/camp-fire/35844850.html HTTP/1.1" 500 - "-" "Mozilla/5.0 (compatible; SemrushBot/7~bl; +http://www.semrush.com/bot.html)" "mantech8.com"
185.191.171.44 - - [30/Oct/2022:00:43:51 -0700] "GET /index.php/camp-fire/21782427.html HTTP/1.1" 500 - "-" "Mozilla/5.0 (compatible; SemrushBot/7~bl; +http://www.semrush.com/bot.html)" "mantech8.com"
114.119.133.182 - - [30/Oct/2022:00:43:57 -0700] "GET /index.php/sitemap23.xml HTTP/1.1" 200 289193 "-" "Mozilla/5.0 (compatible;PetalBot;+https://webmaster.petalsearch.com/site/petalbot)" "mantech8.com"
185.191.171.2 - - [30/Oct/2022:00:44:23 -0700] "GET /index.php/camp-fire/37040878.html HTTP/1.1" 500 - "-" "Mozilla/5.0 (compatible; SemrushBot/7~bl; +http://www.semrush.com/bot.html)" "mantech8.com"
216.244.66.241 - - [30/Oct/2022:00:45:42 -0700] "GET /robots.txt HTTP/1.1" 200 222 "-" "Mozilla/5.0 (compatible; DotBot/1.2; +https://opensiteexplorer.org/dotbot; help@moz.com)" "www.mantech8.com"
216.244.66.241 - - [30/Oct/2022:00:45:42 -0700] "GET /robots.txt HTTP/1.1" 200 222 "-" "Mozilla/5.0 (compatible; DotBot/1.2; +https://opensiteexplorer.org/dotbot; help@moz.com)" "mantech8.com"
185.191.171.33 - - [30/Oct/2022:00:46:49 -0700] "GET /index.php/camp-fire/17996281.html HTTP/1.1" 500 - "-" "Mozilla/5.0 (compatible; SemrushBot/7~bl; +http://www.semrush.com/bot.html)" "mantech8.com"
185.191.171.20 - - [30/Oct/2022:00:49:07 -0700] "GET /index.php/camp-fire/58840888.html HTTP/1.1" 500 - "-" "Mozilla/5.0 (compatible; SemrushBot/7~bl; +http://www.semrush.com/bot.html)" "mantech8.com"
185.191.171.42 - - [30/Oct/2022:00:49:18 -0700] "GET /index.php/camp-fire/19697724.html HTTP/1.1" 500 - "-" "Mozilla/5.0 (compatible; SemrushBot/7~bl; +http://www.semrush.com/bot.html)" "mantech8.com"
185.191.171.4 - - [30/Oct/2022:00:49:44 -0700] "GET /index.php/camp-fire/17201742.html HTTP/1.1" 500 - "-" "Mozilla/5.0 (compatible; SemrushBot/7~bl; +http://www.semrush.com/bot.html)" "mantech8.com"
185.191.171.13 - - [30/Oct/2022:00:49:47 -0700] "GET /index.php/camp-fire/17773421.html HTTP/1.1" 500 - "-" "Mozilla/5.0 (compatible; SemrushBot/7~bl; +http://www.semrush.com/bot.html)" "mantech8.com"
114.119.133.166 - - [30/Oct/2022:00:49:50 -0700] "GET /bimages/headg/?C=N%3BO%3DD HTTP/1.1" 200 491 "http://www.mantech8.com/bimages/headg/?C=S%3BO%3DA" "Mozilla/5.0 (Linux; Android 7.0;) AppleWebKit/537.36 (KHTML, like Gecko) Mobile Safari/537.36 (compatible; PetalBot;+https://webmaster.petalsearch.com/site/petalbot)" "www.mantech8.com"
207.46.13.149 - - [30/Oct/2022:00:49:56 -0700] "GET /clients.php HTTP/1.1" 200 18489 "-" "Mozilla/5.0 AppleWebKit/537.36 (KHTML, like Gecko; compatible; bingbot/2.0; +http://www.bing.com/bingbot.htm) Chrome/103.0.5060.134 Safari/537.36" "www.mantech8.com"
207.46.13.149 - - [30/Oct/2022:00:50:06 -0700] "GET /js/script1.js HTTP/1.1" 200 2007 "-" "Mozilla/5.0 AppleWebKit/537.36 (KHTML, like Gecko; compatible; bingbot/2.0; +http://www.bing.com/bingbot.htm) Chrome/103.0.5060.134 Safari/537.36" "www.mantech8.com"
157.55.39.152 - - [30/Oct/2022:00:50:09 -0700] "GET /js/core.min.js HTTP/1.1" 200 42721 "-" "Mozilla/5.0 (compatible; bingbot/2.0; +http://www.bing.com/bingbot.htm)" "www.mantech8.com"
40.77.167.43 - - [30/Oct/2022:00:50:10 -0700] "GET /js/bootstrap.min.js HTTP/1.1" 200 9765 "-" "Mozilla/5.0 AppleWebKit/537.36 (KHTML, like Gecko; compatible; bingbot/2.0; +http://www.bing.com/bingbot.htm) Chrome/103.0.5060.134 Safari/537.36" "www.mantech8.com"
157.55.39.181 - - [30/Oct/2022:00:50:15 -0700] "GET /js/script.js HTTP/1.1" 200 7687 "-" "Mozilla/5.0 AppleWebKit/537.36 (KHTML, like Gecko; compatible; bingbot/2.0; +http://www.bing.com/bingbot.htm) Chrome/103.0.5060.134 Safari/537.36" "www.mantech8.com"
207.46.13.94 - - [30/Oct/2022:00:50:20 -0700] "GET /engine1/jquery.js HTTP/1.1" 200 33282 "-" "Mozilla/5.0 AppleWebKit/537.36 (KHTML, like Gecko; compatible; bingbot/2.0; +http://www.bing.com/bingbot.htm) Chrome/103.0.5060.134 Safari/537.36" "www.mantech8.com"
185.191.171.41 - - [30/Oct/2022:00:50:33 -0700] "GET /index.php/camp-fire/22623872.html HTTP/1.1" 500 - "-" "Mozilla/5.0 (compatible; SemrushBot/7~bl; +http://www.semrush.com/bot.html)" "mantech8.com"
185.191.171.11 - - [30/Oct/2022:00:50:49 -0700] "GET /index.php/camp-fire/4671196.html HTTP/1.1" 500 - "-" "Mozilla/5.0 (compatible; SemrushBot/7~bl; +http://www.semrush.com/bot.html)" "mantech8.com"
185.191.171.16 - - [30/Oct/2022:00:50:56 -0700] "GET /index.php/camp-fire/23949424.html HTTP/1.1" 500 - "-" "Mozilla/5.0 (compatible; SemrushBot/7~bl; +http://www.semrush.com/bot.html)" "mantech8.com"
185.191.171.19 - - [30/Oct/2022:00:51:17 -0700] "GET /index.php/camp-fire/18004181.html HTTP/1.1" 500 - "-" "Mozilla/5.0 (compatible; SemrushBot/7~bl; +http://www.semrush.com/bot.html)" "mantech8.com"
185.191.171.43 - - [30/Oct/2022:00:51:24 -0700] "GET /index.php/camp-fire/27188732.html HTTP/1.1" 500 - "-" "Mozilla/5.0 (compatible; SemrushBot/7~bl; +http://www.semrush.com/bot.html)" "mantech8.com"
185.191.171.14 - - [30/Oct/2022:00:51:29 -0700] "GET /index.php/camp-fire/40284635.html HTTP/1.1" 500 - "-" "Mozilla/5.0 (compatible; SemrushBot/7~bl; +http://www.semrush.com/bot.html)" "mantech8.com"
185.191.171.10 - - [30/Oct/2022:00:52:21 -0700] "GET /index.php/camp-fire/27807763.html HTTP/1.1" 500 - "-" "Mozilla/5.0 (compatible; SemrushBot/7~bl; +http://www.semrush.com/bot.html)" "mantech8.com"
185.191.171.1 - - [30/Oct/2022:00:53:36 -0700] "GET /index.php/camp-fire/15859656.html HTTP/1.1" 500 - "-" "Mozilla/5.0 (compatible; SemrushBot/7~bl; +http://www.semrush.com/bot.html)" "mantech8.com"
185.191.171.5 - - [30/Oct/2022:00:55:27 -0700] "GET /index.php/camp-fire/4306096.html HTTP/1.1" 500 - "-" "Mozilla/5.0 (compatible; SemrushBot/7~bl; +http://www.semrush.com/bot.html)" "mantech8.com"
114.119.133.166 - - [30/Oct/2022:00:55:46 -0700] "GET /bimages/ework/?C=M%3BO%3DA HTTP/1.1" 200 419 "http://www.mantech8.com/bimages/ework/?C=S%3BO%3DA" "Mozilla/5.0 (Linux; Android 7.0;) AppleWebKit/537.36 (KHTML, like Gecko) Mobile Safari/537.36 (compatible; PetalBot;+https://webmaster.petalsearch.com/site/petalbot)" "www.mantech8.com"
207.46.13.94 - - [30/Oct/2022:00:55:48 -0700] "GET /index.php?camp-fire/10152059.html HTTP/1.1" 200 71488 "-" "Mozilla/5.0 AppleWebKit/537.36 (KHTML, like Gecko; compatible; bingbot/2.0; +http://www.bing.com/bingbot.htm) Chrome/103.0.5060.134 Safari/537.36" "mantech8.com"
185.191.171.25 - - [30/Oct/2022:00:56:04 -0700] "GET /index.php/camp-fire/5227859.html HTTP/1.1" 500 - "-" "Mozilla/5.0 (compatible; SemrushBot/7~bl; +http://www.semrush.com/bot.html)" "mantech8.com"
185.191.171.11 - - [30/Oct/2022:00:56:54 -0700] "GET /index.php/camp-fire/94663735.html HTTP/1.1" 500 - "-" "Mozilla/5.0 (compatible; SemrushBot/7~bl; +http://www.semrush.com/bot.html)" "mantech8.com"
185.191.171.20 - - [30/Oct/2022:00:58:04 -0700] "GET /index.php/camp-fire/42145234.html HTTP/1.1" 500 - "-" "Mozilla/5.0 (compatible; SemrushBot/7~bl; +http://www.semrush.com/bot.html)" "mantech8.com"
185.191.171.44 - - [30/Oct/2022:00:58:53 -0700] "GET /index.php/camp-fire/48278192.html HTTP/1.1" 500 - "-" "Mozilla/5.0 (compatible; SemrushBot/7~bl; +http://www.semrush.com/bot.html)" "mantech8.com"
185.191.171.15 - - [30/Oct/2022:00:59:13 -0700] "GET /index.php/camp-fire/15725387.html HTTP/1.1" 500 - "-" "Mozilla/5.0 (compatible; SemrushBot/7~bl; +http://www.semrush.com/bot.html)" "mantech8.com"
40.77.167.43 - - [30/Oct/2022:00:59:31 -0700] "GET /bimages/gallery/thump/c2.jpg HTTP/1.1" 200 156958 "-" "Mozilla/5.0 (compatible; bingbot/2.0; +http://www.bing.com/bingbot.htm)" "mantech8.com"
185.191.171.1 - - [30/Oct/2022:00:59:35 -0700] "GET /index.php/camp-fire/17207380.html HTTP/1.1" 500 - "-" "Mozilla/5.0 (compatible; SemrushBot/7~bl; +http://www.semrush.com/bot.html)" "mantech8.com"
185.191.171.10 - - [30/Oct/2022:01:00:27 -0700] "GET /index.php/camp-fire/50052034.html HTTP/1.1" 500 - "-" "Mozilla/5.0 (compatible; SemrushBot/7~bl; +http://www.semrush.com/bot.html)" "mantech8.com"
185.191.171.11 - - [30/Oct/2022:01:00:32 -0700] "GET /index.php/camp-fire/13913459.html HTTP/1.1" 500 - "-" "Mozilla/5.0 (compatible; SemrushBot/7~bl; +http://www.semrush.com/bot.html)" "mantech8.com"
114.119.133.165 - - [30/Oct/2022:01:01:41 -0700] "GET /viton.xml HTTP/1.1" 404 88 "-" "Mozilla/5.0 (compatible;PetalBot;+https://webmaster.petalsearch.com/site/petalbot)" "mantech8.com"
185.191.171.42 - - [30/Oct/2022:01:02:21 -0700] "GET /index.php/camp-fire/46419549.html HTTP/1.1" 500 - "-" "Mozilla/5.0 (compatible; SemrushBot/7~bl; +http://www.semrush.com/bot.html)" "mantech8.com"
185.191.171.25 - - [30/Oct/2022:01:02:45 -0700] "GET /index.php/camp-fire/26041451.html HTTP/1.1" 500 - "-" "Mozilla/5.0 (compatible; SemrushBot/7~bl; +http://www.semrush.com/bot.html)" "mantech8.com"
185.191.171.24 - - [30/Oct/2022:01:02:57 -0700] "GET /index.php/camp-fire/43095717.html HTTP/1.1" 500 - "-" "Mozilla/5.0 (compatible; SemrushBot/7~bl; +http://www.semrush.com/bot.html)" "mantech8.com"
185.191.171.40 - - [30/Oct/2022:01:04:18 -0700] "GET /index.php/camp-fire/19587132.html HTTP/1.1" 500 - "-" "Mozilla/5.0 (compatible; SemrushBot/7~bl; +http://www.semrush.com/bot.html)" "mantech8.com"
40.77.202.94 - - [30/Oct/2022:01:06:07 -0700] "GET /js/jquery.ui.totop.min.js HTTP/1.1" 200 847 "-" "Mozilla/5.0 (Windows NT 6.1; WOW64) AppleWebKit/534+ (KHTML, like Gecko) BingPreview/1.0b" "www.mantech8.com"
185.191.171.45 - - [30/Oct/2022:01:06:52 -0700] "GET /index.php/camp-fire/13964959.html HTTP/1.1" 500 - "-" "Mozilla/5.0 (compatible; SemrushBot/7~bl; +http://www.semrush.com/bot.html)" "mantech8.com"
185.191.171.23 - - [30/Oct/2022:01:07:10 -0700] "GET /index.php/camp-fire/40624616.html HTTP/1.1" 500 - "-" "Mozilla/5.0 (compatible; SemrushBot/7~bl; +http://www.semrush.com/bot.html)" "mantech8.com"
114.119.133.190 - - [30/Oct/2022:01:07:36 -0700] "GET /scaffoldinggal.php HTTP/1.1" 200 22289 "http://mantech8.com/head1.php" "Mozilla/5.0 (Linux; Android 7.0;) AppleWebKit/537.36 (KHTML, like Gecko) Mobile Safari/537.36 (compatible; PetalBot;+https://webmaster.petalsearch.com/site/petalbot)" "mantech8.com"
185.191.171.43 - - [30/Oct/2022:01:07:50 -0700] "GET /index.php/camp-fire/30532359.html HTTP/1.1" 500 - "-" "Mozilla/5.0 (compatible; SemrushBot/7~bl; +http://www.semrush.com/bot.html)" "mantech8.com"
185.191.171.14 - - [30/Oct/2022:01:07:51 -0700] "GET /index.php/camp-fire/17601046.html HTTP/1.1" 500 - "-" "Mozilla/5.0 (compatible; SemrushBot/7~bl; +http://www.semrush.com/bot.html)" "mantech8.com"
185.191.171.1 - - [30/Oct/2022:01:08:09 -0700] "GET /index.php/camp-fire/42353772.html HTTP/1.1" 500 - "-" "Mozilla/5.0 (compatible; SemrushBot/7~bl; +http://www.semrush.com/bot.html)" "mantech8.com"
185.191.171.36 - - [30/Oct/2022:01:08:22 -0700] "GET /index.php/camp-fire/20811365.html HTTP/1.1" 500 - "-" "Mozilla/5.0 (compatible; SemrushBot/7~bl; +http://www.semrush.com/bot.html)" "mantech8.com"
40.77.167.58 - - [30/Oct/2022:01:09:22 -0700] "GET /index.php/VgJak-fb022ecd-Mcko.Ii HTTP/1.1" 200 33026 "-" "Mozilla/5.0 AppleWebKit/537.36 (KHTML, like Gecko; compatible; bingbot/2.0; +http://www.bing.com/bingbot.htm) Chrome/103.0.5060.134 Safari/537.36" "mantech8.com"
185.191.171.34 - - [30/Oct/2022:01:11:05 -0700] "GET /index.php/camp-fire/28149771.html HTTP/1.1" 500 - "-" "Mozilla/5.0 (compatible; SemrushBot/7~bl; +http://www.semrush.com/bot.html)" "mantech8.com"
185.191.171.40 - - [30/Oct/2022:01:11:25 -0700] "GET /index.php/camp-fire/32014430.html HTTP/1.1" 500 - "-" "Mozilla/5.0 (compatible; SemrushBot/7~bl; +http://www.semrush.com/bot.html)" "mantech8.com"
185.191.171.39 - - [30/Oct/2022:01:12:00 -0700] "GET /index.php/camp-fire/27473406.html HTTP/1.1" 500 - "-" "Mozilla/5.0 (compatible; SemrushBot/7~bl; +http://www.semrush.com/bot.html)" "mantech8.com"
114.119.133.158 - - [30/Oct/2022:01:13:32 -0700] "GET /?manlundang.xml HTTP/1.1" 200 270630 "-" "Mozilla/5.0 (Linux; Android 7.0;) AppleWebKit/537.36 (KHTML, like Gecko) Mobile Safari/537.36 (compatible; PetalBot;+https://webmaster.petalsearch.com/site/petalbot)" "mantech8.com"
185.191.171.3 - - [30/Oct/2022:01:13:35 -0700] "GET /index.php/camp-fire/1259772.html HTTP/1.1" 500 - "-" "Mozilla/5.0 (compatible; SemrushBot/7~bl; +http://www.semrush.com/bot.html)" "mantech8.com"
185.191.171.33 - - [30/Oct/2022:01:13:42 -0700] "GET /index.php/camp-fire/46838026.html HTTP/1.1" 500 - "-" "Mozilla/5.0 (compatible; SemrushBot/7~bl; +http://www.semrush.com/bot.html)" "mantech8.com"
185.191.171.15 - - [30/Oct/2022:01:13:58 -0700] "GET /index.php/camp-fire/32565625.html HTTP/1.1" 500 - "-" "Mozilla/5.0 (compatible; SemrushBot/7~bl; +http://www.semrush.com/bot.html)" "mantech8.com"
185.191.171.7 - - [30/Oct/2022:01:14:09 -0700] "GET /index.php/camp-fire/314998.html HTTP/1.1" 500 - "-" "Mozilla/5.0 (compatible; SemrushBot/7~bl; +http://www.semrush.com/bot.html)" "mantech8.com"
185.191.171.39 - - [30/Oct/2022:01:14:32 -0700] "GET /index.php/camp-fire/604369.html HTTP/1.1" 500 - "-" "Mozilla/5.0 (compatible; SemrushBot/7~bl; +http://www.semrush.com/bot.html)" "mantech8.com"
185.191.171.6 - - [30/Oct/2022:01:15:59 -0700] "GET /index.php/camp-fire/18403526.html HTTP/1.1" 500 - "-" "Mozilla/5.0 (compatible; SemrushBot/7~bl; +http://www.semrush.com/bot.html)" "mantech8.com"
185.191.171.23 - - [30/Oct/2022:01:16:16 -0700] "GET /index.php/camp-fire/613069.html HTTP/1.1" 500 - "-" "Mozilla/5.0 (compatible; SemrushBot/7~bl; +http://www.semrush.com/bot.html)" "mantech8.com"
185.191.171.34 - - [30/Oct/2022:01:16:32 -0700] "GET /index.php/camp-fire/41822771.html HTTP/1.1" 500 - "-" "Mozilla/5.0 (compatible; SemrushBot/7~bl; +http://www.semrush.com/bot.html)" "mantech8.com"
185.191.171.23 - - [30/Oct/2022:01:16:42 -0700] "GET /index.php/camp-fire/40837988.html HTTP/1.1" 500 - "-" "Mozilla/5.0 (compatible; SemrushBot/7~bl; +http://www.semrush.com/bot.html)" "mantech8.com"
185.191.171.3 - - [30/Oct/2022:01:17:00 -0700] "GET /index.php/camp-fire/27390597.html HTTP/1.1" 500 - "-" "Mozilla/5.0 (compatible; SemrushBot/7~bl; +http://www.semrush.com/bot.html)" "mantech8.com"
185.191.171.3 - - [30/Oct/2022:01:18:50 -0700] "GET /index.php/camp-fire/62581278.html HTTP/1.1" 500 - "-" "Mozilla/5.0 (compatible; SemrushBot/7~bl; +http://www.semrush.com/bot.html)" "mantech8.com"
114.119.133.190 - - [30/Oct/2022:01:19:33 -0700] "GET /index.php?lamiter.xml HTTP/1.1" 200 289370 "-" "Mozilla/5.0 (Linux; Android 7.0;) AppleWebKit/537.36 (KHTML, like Gecko) Mobile Safari/537.36 (compatible; PetalBot;+https://webmaster.petalsearch.com/site/petalbot)" "mantech8.com"
185.191.171.45 - - [30/Oct/2022:01:19:41 -0700] "GET /index.php/camp-fire/37817738.html HTTP/1.1" 500 - "-" "Mozilla/5.0 (compatible; SemrushBot/7~bl; +http://www.semrush.com/bot.html)" "mantech8.com"
185.191.171.24 - - [30/Oct/2022:01:20:59 -0700] "GET /index.php/camp-fire/19143032.html HTTP/1.1" 500 - "-" "Mozilla/5.0 (compatible; SemrushBot/7~bl; +http://www.semrush.com/bot.html)" "mantech8.com"
185.191.171.9 - - [30/Oct/2022:01:22:00 -0700] "GET /index.php/camp-fire/28643289.html HTTP/1.1" 500 - "-" "Mozilla/5.0 (compatible; SemrushBot/7~bl; +http://www.semrush.com/bot.html)" "mantech8.com"
185.191.171.36 - - [30/Oct/2022:01:22:20 -0700] "GET /index.php/camp-fire/42460803.html HTTP/1.1" 500 - "-" "Mozilla/5.0 (compatible; SemrushBot/7~bl; +http://www.semrush.com/bot.html)" "mantech8.com"
185.191.171.18 - - [30/Oct/2022:01:22:30 -0700] "GET /index.php/camp-fire/46994178.html HTTP/1.1" 500 - "-" "Mozilla/5.0 (compatible; SemrushBot/7~bl; +http://www.semrush.com/bot.html)" "mantech8.com"
185.191.171.3 - - [30/Oct/2022:01:23:03 -0700] "GET /index.php/camp-fire/4122974.html HTTP/1.1" 500 - "-" "Mozilla/5.0 (compatible; SemrushBot/7~bl; +http://www.semrush.com/bot.html)" "mantech8.com"
185.191.171.7 - - [30/Oct/2022:01:23:18 -0700] "GET /index.php/camp-fire/32525468.html HTTP/1.1" 500 - "-" "Mozilla/5.0 (compatible; SemrushBot/7~bl; +http://www.semrush.com/bot.html)" "mantech8.com"
185.191.171.22 - - [30/Oct/2022:01:25:09 -0700] "GET /index.php/camp-fire/4105365.html HTTP/1.1" 500 - "-" "Mozilla/5.0 (compatible; SemrushBot/7~bl; +http://www.semrush.com/bot.html)" "mantech8.com"
114.119.133.182 - - [30/Oct/2022:01:25:16 -0700] "GET /?pettygod.xml HTTP/1.1" 200 270505 "-" "Mozilla/5.0 (Linux; Android 7.0;) AppleWebKit/537.36 (KHTML, like Gecko) Mobile Safari/537.36 (compatible; PetalBot;+https://webmaster.petalsearch.com/site/petalbot)" "mantech8.com"
66.249.66.95 - - [30/Oct/2022:01:25:31 -0700] "GET /lamiter.xml HTTP/1.1" 404 88 "-" "Mozilla/5.0 (compatible; Googlebot/2.1; +http://www.google.com/bot.html)" "mantech8.com"
185.191.171.25 - - [30/Oct/2022:01:25:38 -0700] "GET /index.php/camp-fire/35587435.html HTTP/1.1" 500 - "-" "Mozilla/5.0 (compatible; SemrushBot/7~bl; +http://www.semrush.com/bot.html)" "mantech8.com"
185.191.171.1 - - [30/Oct/2022:01:26:23 -0700] "GET /index.php/camp-fire/36802661.html HTTP/1.1" 500 - "-" "Mozilla/5.0 (compatible; SemrushBot/7~bl; +http://www.semrush.com/bot.html)" "mantech8.com"
185.191.171.18 - - [30/Oct/2022:01:28:51 -0700] "GET /index.php/camp-fire/28131521.html HTTP/1.1" 500 - "-" "Mozilla/5.0 (compatible; SemrushBot/7~bl; +http://www.semrush.com/bot.html)" "mantech8.com"
185.191.171.3 - - [30/Oct/2022:01:28:58 -0700] "GET /index.php/camp-fire/25970506.html HTTP/1.1" 500 - "-" "Mozilla/5.0 (compatible; SemrushBot/7~bl; +http://www.semrush.com/bot.html)" "mantech8.com"
185.191.171.20 - - [30/Oct/2022:01:29:06 -0700] "GET /index.php/camp-fire/41543671.html HTTP/1.1" 500 - "-" "Mozilla/5.0 (compatible; SemrushBot/7~bl; +http://www.semrush.com/bot.html)" "mantech8.com"
180.163.30.100 - - [30/Oct/2022:01:29:46 -0700] "GET /revolution/fonts/revicons.woff?5510888 HTTP/1.1" 404 73 "-" "Mozilla/5.0 (Macintosh; Intel Mac OS X 10_12_4) AppleWebKit/537.36 (KHTML, like Gecko) \t\t\tChrome/55.0.2883.95 Safari/537.36" "www.mantech8.com"
185.191.171.17 - - [30/Oct/2022:01:29:57 -0700] "GET /index.php/camp-fire/2734653.html HTTP/1.1" 500 - "-" "Mozilla/5.0 (compatible; SemrushBot/7~bl; +http://www.semrush.com/bot.html)" "mantech8.com"
185.191.171.40 - - [30/Oct/2022:01:29:58 -0700] "GET /index.php/camp-fire/41804371.html HTTP/1.1" 500 - "-" "Mozilla/5.0 (compatible; SemrushBot/7~bl; +http://www.semrush.com/bot.html)" "mantech8.com"
185.191.171.11 - - [30/Oct/2022:01:30:08 -0700] "GET /index.php/camp-fire/26226624.html HTTP/1.1" 500 - "-" "Mozilla/5.0 (compatible; SemrushBot/7~bl; +http://www.semrush.com/bot.html)" "mantech8.com"
114.119.133.182 - - [30/Oct/2022:01:31:10 -0700] "GET /sitemap5807.xml HTTP/1.1" 404 88 "-" "Mozilla/5.0 (compatible;PetalBot;+https://webmaster.petalsearch.com/site/petalbot)" "mantech8.com"
185.191.171.35 - - [30/Oct/2022:01:31:18 -0700] "GET /index.php/camp-fire/7621621.html HTTP/1.1" 500 - "-" "Mozilla/5.0 (compatible; SemrushBot/7~bl; +http://www.semrush.com/bot.html)" "mantech8.com"
185.191.171.25 - - [30/Oct/2022:01:32:32 -0700] "GET /index.php/camp-fire/28675035.html HTTP/1.1" 500 - "-" "Mozilla/5.0 (compatible; SemrushBot/7~bl; +http://www.semrush.com/bot.html)" "mantech8.com"
185.191.171.10 - - [30/Oct/2022:01:32:52 -0700] "GET /index.php/camp-fire/4179974.html HTTP/1.1" 500 - "-" "Mozilla/5.0 (compatible; SemrushBot/7~bl; +http://www.semrush.com/bot.html)" "mantech8.com"
185.191.171.6 - - [30/Oct/2022:01:33:26 -0700] "GET /index.php/camp-fire/29927571.html HTTP/1.1" 500 - "-" "Mozilla/5.0 (compatible; SemrushBot/7~bl; +http://www.semrush.com/bot.html)" "mantech8.com"
185.191.171.4 - - [30/Oct/2022:01:33:41 -0700] "GET /index.php/camp-fire/26453446.html HTTP/1.1" 500 - "-" "Mozilla/5.0 (compatible; SemrushBot/7~bl; +http://www.semrush.com/bot.html)" "mantech8.com"
185.191.171.20 - - [30/Oct/2022:01:35:06 -0700] "GET /index.php/camp-fire/29158232.html HTTP/1.1" 500 - "-" "Mozilla/5.0 (compatible; SemrushBot/7~bl; +http://www.semrush.com/bot.html)" "mantech8.com"
185.191.171.14 - - [30/Oct/2022:01:35:16 -0700] "GET /index.php/camp-fire/5291077.html HTTP/1.1" 500 - "-" "Mozilla/5.0 (compatible; SemrushBot/7~bl; +http://www.semrush.com/bot.html)" "mantech8.com"
185.191.171.15 - - [30/Oct/2022:01:35:22 -0700] "GET /index.php/camp-fire/70646672.html HTTP/1.1" 500 - "-" "Mozilla/5.0 (compatible; SemrushBot/7~bl; +http://www.semrush.com/bot.html)" "mantech8.com"
185.191.171.21 - - [30/Oct/2022:01:35:50 -0700] "GET /index.php/camp-fire/41468292.html HTTP/1.1" 500 - "-" "Mozilla/5.0 (compatible; SemrushBot/7~bl; +http://www.semrush.com/bot.html)" "mantech8.com"
185.191.171.20 - - [30/Oct/2022:01:37:02 -0700] "GET /index.php/camp-fire/35781393.html HTTP/1.1" 500 - "-" "Mozilla/5.0 (compatible; SemrushBot/7~bl; +http://www.semrush.com/bot.html)" "mantech8.com"
114.119.133.166 - - [30/Oct/2022:01:37:04 -0700] "GET /?sitemap87.xml HTTP/1.1" 200 270567 "-" "Mozilla/5.0 (compatible;PetalBot;+https://webmaster.petalsearch.com/site/petalbot)" "mantech8.com"
185.191.171.41 - - [30/Oct/2022:01:38:04 -0700] "GET /index.php/camp-fire/38266203.html HTTP/1.1" 500 - "-" "Mozilla/5.0 (compatible; SemrushBot/7~bl; +http://www.semrush.com/bot.html)" "mantech8.com"
185.191.171.6 - - [30/Oct/2022:01:38:46 -0700] "GET /index.php/camp-fire/7516480.html HTTP/1.1" 500 - "-" "Mozilla/5.0 (compatible; SemrushBot/7~bl; +http://www.semrush.com/bot.html)" "mantech8.com"
185.191.171.33 - - [30/Oct/2022:01:39:00 -0700] "GET /index.php/camp-fire/27222363.html HTTP/1.1" 500 - "-" "Mozilla/5.0 (compatible; SemrushBot/7~bl; +http://www.semrush.com/bot.html)" "mantech8.com"
185.191.171.19 - - [30/Oct/2022:01:39:14 -0700] "GET /index.php/camp-fire/35013208.html HTTP/1.1" 500 - "-" "Mozilla/5.0 (compatible; SemrushBot/7~bl; +http://www.semrush.com/bot.html)" "mantech8.com"
185.191.171.9 - - [30/Oct/2022:01:39:26 -0700] "GET /index.php/camp-fire/28624989.html HTTP/1.1" 500 - "-" "Mozilla/5.0 (compatible; SemrushBot/7~bl; +http://www.semrush.com/bot.html)" "mantech8.com"
185.191.171.11 - - [30/Oct/2022:01:40:07 -0700] "GET /robots.txt HTTP/1.1" 200 106 "-" "Mozilla/5.0 (compatible; SemrushBot/7~bl; +http://www.semrush.com/bot.html)" "mantech8.com"
185.191.171.7 - - [30/Oct/2022:01:40:07 -0700] "GET /index.php/camp-fire/32498135.html HTTP/1.1" 500 - "-" "Mozilla/5.0 (compatible; SemrushBot/7~bl; +http://www.semrush.com/bot.html)" "mantech8.com"
216.244.66.241 - - [30/Oct/2022:01:40:11 -0700] "GET /robots.txt HTTP/1.1" 200 222 "-" "Mozilla/5.0 (compatible; DotBot/1.2; +https://opensiteexplorer.org/dotbot; help@moz.com)" "www.mantech8.com"
216.244.66.241 - - [30/Oct/2022:01:40:11 -0700] "GET /robots.txt HTTP/1.1" 200 222 "-" "Mozilla/5.0 (compatible; DotBot/1.2; +https://opensiteexplorer.org/dotbot; help@moz.com)" "mantech8.com"
185.191.171.25 - - [30/Oct/2022:01:41:07 -0700] "GET /index.php/camp-fire/45454006.html HTTP/1.1" 500 - "-" "Mozilla/5.0 (compatible; SemrushBot/7~bl; +http://www.semrush.com/bot.html)" "mantech8.com"
185.191.171.4 - - [30/Oct/2022:01:41:32 -0700] "GET /index.php/camp-fire/31381450.html HTTP/1.1" 500 - "-" "Mozilla/5.0 (compatible; SemrushBot/7~bl; +http://www.semrush.com/bot.html)" "mantech8.com"
114.119.133.158 - - [30/Oct/2022:01:42:58 -0700] "GET /bimages/pipeg/ HTTP/1.1" 200 569 "http://mantech8.com/bimages/pipeg/thump/?C=M%3BO%3DA" "Mozilla/5.0 (Linux; Android 7.0;) AppleWebKit/537.36 (KHTML, like Gecko) Mobile Safari/537.36 (compatible; PetalBot;+https://webmaster.petalsearch.com/site/petalbot)" "mantech8.com"
40.77.167.58 - - [30/Oct/2022:01:43:16 -0700] "GET /headdepartment.php/js/script1.js HTTP/1.1" 200 14195 "-" "Mozilla/5.0 (compatible; MSIE 9.0; Windows NT 6.1; Trident/5.0)" "mantech8.com"
185.191.171.13 - - [30/Oct/2022:01:43:53 -0700] "GET /index.php/camp-fire/15535165.html HTTP/1.1" 500 - "-" "Mozilla/5.0 (compatible; SemrushBot/7~bl; +http://www.semrush.com/bot.html)" "mantech8.com"
185.191.171.37 - - [30/Oct/2022:01:45:13 -0700] "GET /index.php/camp-fire/40167817.html HTTP/1.1" 500 - "-" "Mozilla/5.0 (compatible; SemrushBot/7~bl; +http://www.semrush.com/bot.html)" "mantech8.com"
185.191.171.19 - - [30/Oct/2022:01:46:02 -0700] "GET /index.php/camp-fire/28825959.html HTTP/1.1" 500 - "-" "Mozilla/5.0 (compatible; SemrushBot/7~bl; +http://www.semrush.com/bot.html)" "mantech8.com"
185.191.171.22 - - [30/Oct/2022:01:46:21 -0700] "GET /index.php/camp-fire/43760434.html HTTP/1.1" 500 - "-" "Mozilla/5.0 (compatible; SemrushBot/7~bl; +http://www.semrush.com/bot.html)" "mantech8.com"
185.191.171.6 - - [30/Oct/2022:01:46:52 -0700] "GET /index.php/camp-fire/25645546.html HTTP/1.1" 500 - "-" "Mozilla/5.0 (compatible; SemrushBot/7~bl; +http://www.semrush.com/bot.html)" "mantech8.com"
185.191.171.7 - - [30/Oct/2022:01:47:50 -0700] "GET /index.php/camp-fire/15570446.html HTTP/1.1" 500 - "-" "Mozilla/5.0 (compatible; SemrushBot/7~bl; +http://www.semrush.com/bot.html)" "mantech8.com"
185.191.171.39 - - [30/Oct/2022:01:47:57 -0700] "GET /index.php/camp-fire/27256770.html HTTP/1.1" 500 - "-" "Mozilla/5.0 (compatible; SemrushBot/7~bl; +http://www.semrush.com/bot.html)" "mantech8.com"
185.191.171.13 - - [30/Oct/2022:01:48:04 -0700] "GET /index.php/camp-fire/17045156.html HTTP/1.1" 500 - "-" "Mozilla/5.0 (compatible; SemrushBot/7~bl; +http://www.semrush.com/bot.html)" "mantech8.com"
