185.191.171.19 - - [30/Oct/2022:03:56:05 -0700] "GET /index.php/camp-fire/1683100.html HTTP/1.1" 500 - "-" "Mozilla/5.0 (compatible; SemrushBot/7~bl; +http://www.semrush.com/bot.html)" "mantech8.com"
185.191.171.7 - - [30/Oct/2022:03:57:28 -0700] "GET /index.php/camp-fire/25969735.html HTTP/1.1" 500 - "-" "Mozilla/5.0 (compatible; SemrushBot/7~bl; +http://www.semrush.com/bot.html)" "mantech8.com"
185.191.171.2 - - [30/Oct/2022:03:58:05 -0700] "GET /index.php/camp-fire/20510665.html HTTP/1.1" 500 - "-" "Mozilla/5.0 (compatible; SemrushBot/7~bl; +http://www.semrush.com/bot.html)" "mantech8.com"
185.191.171.7 - - [30/Oct/2022:03:58:35 -0700] "GET /index.php/camp-fire/1939559.html HTTP/1.1" 500 - "-" "Mozilla/5.0 (compatible; SemrushBot/7~bl; +http://www.semrush.com/bot.html)" "mantech8.com"
185.191.171.7 - - [30/Oct/2022:03:59:07 -0700] "GET /index.php/camp-fire/26643230.html HTTP/1.1" 500 - "-" "Mozilla/5.0 (compatible; SemrushBot/7~bl; +http://www.semrush.com/bot.html)" "mantech8.com"
114.119.133.190 - - [30/Oct/2022:03:59:07 -0700] "GET /bimages/mission/ HTTP/1.1" 200 416 "http://www.mantech8.com/bimages/?C=D%3BO%3DA" "Mozilla/5.0 (Linux; Android 7.0;) AppleWebKit/537.36 (KHTML, like Gecko) Mobile Safari/537.36 (compatible; PetalBot;+https://webmaster.petalsearch.com/site/petalbot)" "www.mantech8.com"
185.191.171.45 - - [30/Oct/2022:03:59:19 -0700] "GET /index.php/camp-fire/20221446.html HTTP/1.1" 500 - "-" "Mozilla/5.0 (compatible; SemrushBot/7~bl; +http://www.semrush.com/bot.html)" "mantech8.com"
185.191.171.18 - - [30/Oct/2022:03:59:37 -0700] "GET /index.php/camp-fire/16555096.html HTTP/1.1" 500 - "-" "Mozilla/5.0 (compatible; SemrushBot/7~bl; +http://www.semrush.com/bot.html)" "mantech8.com"
185.191.171.4 - - [30/Oct/2022:04:02:45 -0700] "GET /index.php/camp-fire/19440561.html HTTP/1.1" 500 - "-" "Mozilla/5.0 (compatible; SemrushBot/7~bl; +http://www.semrush.com/bot.html)" "mantech8.com"
157.55.39.152 - - [30/Oct/2022:04:02:48 -0700] "GET /index.php?camp-fire/28046231.html HTTP/1.1" 200 73019 "-" "Mozilla/5.0 (compatible; bingbot/2.0; +http://www.bing.com/bingbot.htm)" "www.mantech8.com"
185.191.171.9 - - [30/Oct/2022:04:03:08 -0700] "GET /index.php/camp-fire/12330880.html HTTP/1.1" 500 - "-" "Mozilla/5.0 (compatible; SemrushBot/7~bl; +http://www.semrush.com/bot.html)" "mantech8.com"
185.191.171.10 - - [30/Oct/2022:04:03:09 -0700] "GET /index.php/camp-fire/19828883.html HTTP/1.1" 500 - "-" "Mozilla/5.0 (compatible; SemrushBot/7~bl; +http://www.semrush.com/bot.html)" "mantech8.com"
185.191.171.1 - - [30/Oct/2022:04:03:23 -0700] "GET /index.php/camp-fire/1124672.html HTTP/1.1" 500 - "-" "Mozilla/5.0 (compatible; SemrushBot/7~bl; +http://www.semrush.com/bot.html)" "mantech8.com"
185.191.171.42 - - [30/Oct/2022:04:03:41 -0700] "GET /index.php/camp-fire/18154580.html HTTP/1.1" 500 - "-" "Mozilla/5.0 (compatible; SemrushBot/7~bl; +http://www.semrush.com/bot.html)" "mantech8.com"
185.191.171.35 - - [30/Oct/2022:04:04:23 -0700] "GET /index.php/camp-fire/83428359.html HTTP/1.1" 500 - "-" "Mozilla/5.0 (compatible; SemrushBot/7~bl; +http://www.semrush.com/bot.html)" "mantech8.com"
185.191.171.45 - - [30/Oct/2022:04:04:53 -0700] "GET /index.php/camp-fire/14508124.html HTTP/1.1" 500 - "-" "Mozilla/5.0 (compatible; SemrushBot/7~bl; +http://www.semrush.com/bot.html)" "mantech8.com"
114.119.133.165 - - [30/Oct/2022:04:05:00 -0700] "GET /index.php/angse.xml HTTP/1.1" 200 289427 "-" "Mozilla/5.0 (compatible;PetalBot;+https://webmaster.petalsearch.com/site/petalbot)" "mantech8.com"
185.191.171.9 - - [30/Oct/2022:04:05:27 -0700] "GET /index.php/camp-fire/4132078.html HTTP/1.1" 500 - "-" "Mozilla/5.0 (compatible; SemrushBot/7~bl; +http://www.semrush.com/bot.html)" "mantech8.com"
185.191.171.22 - - [30/Oct/2022:04:06:21 -0700] "GET /index.php/camp-fire/7685380.html HTTP/1.1" 500 - "-" "Mozilla/5.0 (compatible; SemrushBot/7~bl; +http://www.semrush.com/bot.html)" "mantech8.com"
185.191.171.38 - - [30/Oct/2022:04:06:41 -0700] "GET /index.php/camp-fire/33711608.html HTTP/1.1" 500 - "-" "Mozilla/5.0 (compatible; SemrushBot/7~bl; +http://www.semrush.com/bot.html)" "mantech8.com"
194.110.203.40 - - [30/Oct/2022:04:07:13 -0700] "GET /conf.zip HTTP/1.1" 404 73 "-" "Firefox" "mantech8.com"
185.191.171.38 - - [30/Oct/2022:04:07:54 -0700] "GET /index.php/camp-fire/9636600.html HTTP/1.1" 500 - "-" "Mozilla/5.0 (compatible; SemrushBot/7~bl; +http://www.semrush.com/bot.html)" "mantech8.com"
185.191.171.24 - - [30/Oct/2022:04:08:22 -0700] "GET /index.php/camp-fire/4299196.html HTTP/1.1" 500 - "-" "Mozilla/5.0 (compatible; SemrushBot/7~bl; +http://www.semrush.com/bot.html)" "mantech8.com"
185.191.171.7 - - [30/Oct/2022:04:09:02 -0700] "GET /index.php/camp-fire/27254270.html HTTP/1.1" 500 - "-" "Mozilla/5.0 (compatible; SemrushBot/7~bl; +http://www.semrush.com/bot.html)" "mantech8.com"
185.191.171.3 - - [30/Oct/2022:04:09:49 -0700] "GET /index.php/camp-fire/40063176.html HTTP/1.1" 500 - "-" "Mozilla/5.0 (compatible; SemrushBot/7~bl; +http://www.semrush.com/bot.html)" "mantech8.com"
185.191.171.12 - - [30/Oct/2022:04:10:07 -0700] "GET /index.php/camp-fire/21971961.html HTTP/1.1" 500 - "-" "Mozilla/5.0 (compatible; SemrushBot/7~bl; +http://www.semrush.com/bot.html)" "mantech8.com"
185.191.171.2 - - [30/Oct/2022:04:10:11 -0700] "GET /index.php/camp-fire/33909382.html HTTP/1.1" 500 - "-" "Mozilla/5.0 (compatible; SemrushBot/7~bl; +http://www.semrush.com/bot.html)" "mantech8.com"
185.191.171.44 - - [30/Oct/2022:04:10:36 -0700] "GET /index.php/camp-fire/7725521.html HTTP/1.1" 500 - "-" "Mozilla/5.0 (compatible; SemrushBot/7~bl; +http://www.semrush.com/bot.html)" "mantech8.com"
114.119.133.158 - - [30/Oct/2022:04:10:56 -0700] "GET /index.php?steaded.xml HTTP/1.1" 200 289164 "-" "Mozilla/5.0 (compatible;PetalBot;+https://webmaster.petalsearch.com/site/petalbot)" "mantech8.com"
40.77.167.58 - - [30/Oct/2022:04:11:11 -0700] "GET /index.php?camp-fire/63449846.html HTTP/1.1" 200 71446 "-" "Mozilla/5.0 (compatible; bingbot/2.0; +http://www.bing.com/bingbot.htm)" "www.mantech8.com"
185.191.171.18 - - [30/Oct/2022:04:11:41 -0700] "GET /index.php/camp-fire/15497346.html HTTP/1.1" 500 - "-" "Mozilla/5.0 (compatible; SemrushBot/7~bl; +http://www.semrush.com/bot.html)" "mantech8.com"
185.191.171.2 - - [30/Oct/2022:04:12:53 -0700] "GET /index.php/camp-fire/29080783.html HTTP/1.1" 500 - "-" "Mozilla/5.0 (compatible; SemrushBot/7~bl; +http://www.semrush.com/bot.html)" "mantech8.com"
207.46.13.94 - - [30/Oct/2022:04:13:06 -0700] "GET /index.php?camp-fire/67928060.html HTTP/1.1" 200 69223 "-" "Mozilla/5.0 AppleWebKit/537.36 (KHTML, like Gecko; compatible; bingbot/2.0; +http://www.bing.com/bingbot.htm) Chrome/103.0.5060.134 Safari/537.36" "www.mantech8.com"
185.191.171.21 - - [30/Oct/2022:04:13:18 -0700] "GET /index.php/camp-fire/1945690.html HTTP/1.1" 500 - "-" "Mozilla/5.0 (compatible; SemrushBot/7~bl; +http://www.semrush.com/bot.html)" "mantech8.com"
185.191.171.36 - - [30/Oct/2022:04:13:36 -0700] "GET /index.php/camp-fire/26340650.html HTTP/1.1" 500 - "-" "Mozilla/5.0 (compatible; SemrushBot/7~bl; +http://www.semrush.com/bot.html)" "mantech8.com"
185.191.171.23 - - [30/Oct/2022:04:14:32 -0700] "GET /index.php/camp-fire/41421771.html HTTP/1.1" 500 - "-" "Mozilla/5.0 (compatible; SemrushBot/7~bl; +http://www.semrush.com/bot.html)" "mantech8.com"
185.191.171.12 - - [30/Oct/2022:04:15:15 -0700] "GET /index.php/camp-fire/6203265.html HTTP/1.1" 500 - "-" "Mozilla/5.0 (compatible; SemrushBot/7~bl; +http://www.semrush.com/bot.html)" "mantech8.com"
185.191.171.36 - - [30/Oct/2022:04:15:18 -0700] "GET /index.php/camp-fire/17167126.html HTTP/1.1" 500 - "-" "Mozilla/5.0 (compatible; SemrushBot/7~bl; +http://www.semrush.com/bot.html)" "mantech8.com"
185.191.171.3 - - [30/Oct/2022:04:16:26 -0700] "GET /index.php/camp-fire/23614606.html HTTP/1.1" 500 - "-" "Mozilla/5.0 (compatible; SemrushBot/7~bl; +http://www.semrush.com/bot.html)" "mantech8.com"
114.119.133.182 - - [30/Oct/2022:04:16:53 -0700] "GET /directorsmessage.php HTTP/1.1" 200 14685 "http://mantech8.com/scaffolding.php" "Mozilla/5.0 (Linux; Android 7.0;) AppleWebKit/537.36 (KHTML, like Gecko) Mobile Safari/537.36 (compatible; PetalBot;+https://webmaster.petalsearch.com/site/petalbot)" "mantech8.com"
185.191.171.19 - - [30/Oct/2022:04:17:57 -0700] "GET /index.php/camp-fire/65744488.html HTTP/1.1" 500 - "-" "Mozilla/5.0 (compatible; SemrushBot/7~bl; +http://www.semrush.com/bot.html)" "mantech8.com"
185.191.171.44 - - [30/Oct/2022:04:18:07 -0700] "GET /index.php/camp-fire/17660965.html HTTP/1.1" 500 - "-" "Mozilla/5.0 (compatible; SemrushBot/7~bl; +http://www.semrush.com/bot.html)" "mantech8.com"
185.191.171.21 - - [30/Oct/2022:04:18:32 -0700] "GET /index.php/camp-fire/7629008.html HTTP/1.1" 500 - "-" "Mozilla/5.0 (compatible; SemrushBot/7~bl; +http://www.semrush.com/bot.html)" "mantech8.com"
185.191.171.40 - - [30/Oct/2022:04:19:08 -0700] "GET /index.php/camp-fire/12676198.html HTTP/1.1" 500 - "-" "Mozilla/5.0 (compatible; SemrushBot/7~bl; +http://www.semrush.com/bot.html)" "mantech8.com"
185.191.171.23 - - [30/Oct/2022:04:19:34 -0700] "GET /index.php/camp-fire/38190872.html HTTP/1.1" 500 - "-" "Mozilla/5.0 (compatible; SemrushBot/7~bl; +http://www.semrush.com/bot.html)" "mantech8.com"
185.191.171.37 - - [30/Oct/2022:04:19:46 -0700] "GET /index.php/camp-fire/34463408.html HTTP/1.1" 500 - "-" "Mozilla/5.0 (compatible; SemrushBot/7~bl; +http://www.semrush.com/bot.html)" "mantech8.com"
185.191.171.22 - - [30/Oct/2022:04:19:52 -0700] "GET /index.php/camp-fire/52976226.html HTTP/1.1" 500 - "-" "Mozilla/5.0 (compatible; SemrushBot/7~bl; +http://www.semrush.com/bot.html)" "mantech8.com"
185.191.171.42 - - [30/Oct/2022:04:20:36 -0700] "GET /index.php/camp-fire/4685485.html HTTP/1.1" 500 - "-" "Mozilla/5.0 (compatible; SemrushBot/7~bl; +http://www.semrush.com/bot.html)" "mantech8.com"
185.191.171.35 - - [30/Oct/2022:04:22:13 -0700] "GET /index.php/camp-fire/18377124.html HTTP/1.1" 500 - "-" "Mozilla/5.0 (compatible; SemrushBot/7~bl; +http://www.semrush.com/bot.html)" "mantech8.com"
114.119.133.158 - - [30/Oct/2022:04:22:55 -0700] "GET /bimages/cleang/display_select_lang.lib.php HTTP/1.1" 200 32 "http://www.mantech8.com/bimages/cleang/?C=M%3BO%3DA" "Mozilla/5.0 (Linux; Android 7.0;) AppleWebKit/537.36 (KHTML, like Gecko) Mobile Safari/537.36 (compatible; PetalBot;+https://webmaster.petalsearch.com/site/petalbot)" "www.mantech8.com"
185.191.171.24 - - [30/Oct/2022:04:23:49 -0700] "GET /index.php/camp-fire/39822830.html HTTP/1.1" 500 - "-" "Mozilla/5.0 (compatible; SemrushBot/7~bl; +http://www.semrush.com/bot.html)" "mantech8.com"
216.244.66.241 - - [30/Oct/2022:04:23:55 -0700] "GET /robots.txt HTTP/1.1" 200 222 "-" "Mozilla/5.0 (compatible; DotBot/1.2; +https://opensiteexplorer.org/dotbot; help@moz.com)" "mantech8.com"
216.244.66.241 - - [30/Oct/2022:04:23:55 -0700] "GET /robots.txt HTTP/1.1" 200 222 "-" "Mozilla/5.0 (compatible; DotBot/1.2; +https://opensiteexplorer.org/dotbot; help@moz.com)" "www.mantech8.com"
185.191.171.17 - - [30/Oct/2022:04:23:57 -0700] "GET /index.php/camp-fire/7670408.html HTTP/1.1" 500 - "-" "Mozilla/5.0 (compatible; SemrushBot/7~bl; +http://www.semrush.com/bot.html)" "mantech8.com"
185.191.171.11 - - [30/Oct/2022:04:24:39 -0700] "GET /index.php/camp-fire/71310351.html HTTP/1.1" 500 - "-" "Mozilla/5.0 (compatible; SemrushBot/7~bl; +http://www.semrush.com/bot.html)" "mantech8.com"
185.191.171.33 - - [30/Oct/2022:04:24:52 -0700] "GET /index.php/camp-fire/28151026.html HTTP/1.1" 500 - "-" "Mozilla/5.0 (compatible; SemrushBot/7~bl; +http://www.semrush.com/bot.html)" "mantech8.com"
185.191.171.24 - - [30/Oct/2022:04:25:29 -0700] "GET /index.php/camp-fire/23639806.html HTTP/1.1" 500 - "-" "Mozilla/5.0 (compatible; SemrushBot/7~bl; +http://www.semrush.com/bot.html)" "mantech8.com"
185.191.171.17 - - [30/Oct/2022:04:26:20 -0700] "GET /index.php/camp-fire/16665065.html HTTP/1.1" 500 - "-" "Mozilla/5.0 (compatible; SemrushBot/7~bl; +http://www.semrush.com/bot.html)" "mantech8.com"
185.191.171.14 - - [30/Oct/2022:04:27:38 -0700] "GET /index.php/camp-fire/1785490.html HTTP/1.1" 500 - "-" "Mozilla/5.0 (compatible; SemrushBot/7~bl; +http://www.semrush.com/bot.html)" "mantech8.com"
185.191.171.44 - - [30/Oct/2022:04:27:44 -0700] "GET /index.php/camp-fire/25470306.html HTTP/1.1" 500 - "-" "Mozilla/5.0 (compatible; SemrushBot/7~bl; +http://www.semrush.com/bot.html)" "mantech8.com"
185.191.171.43 - - [30/Oct/2022:04:28:30 -0700] "GET /index.php/camp-fire/22494156.html HTTP/1.1" 500 - "-" "Mozilla/5.0 (compatible; SemrushBot/7~bl; +http://www.semrush.com/bot.html)" "mantech8.com"
114.119.133.165 - - [30/Oct/2022:04:28:50 -0700] "GET /bimages/vision/?C=N%3BO%3DD HTTP/1.1" 200 421 "http://mantech8.com/bimages/vision/?C=S%3BO%3DA" "Mozilla/5.0 (Linux; Android 7.0;) AppleWebKit/537.36 (KHTML, like Gecko) Mobile Safari/537.36 (compatible; PetalBot;+https://webmaster.petalsearch.com/site/petalbot)" "mantech8.com"
185.191.171.39 - - [30/Oct/2022:04:28:50 -0700] "GET /index.php/camp-fire/35660750.html HTTP/1.1" 500 - "-" "Mozilla/5.0 (compatible; SemrushBot/7~bl; +http://www.semrush.com/bot.html)" "mantech8.com"
185.191.171.38 - - [30/Oct/2022:04:28:53 -0700] "GET /index.php/camp-fire/55978634.html HTTP/1.1" 500 - "-" "Mozilla/5.0 (compatible; SemrushBot/7~bl; +http://www.semrush.com/bot.html)" "mantech8.com"
185.191.171.24 - - [30/Oct/2022:04:29:15 -0700] "GET /index.php/camp-fire/26535917.html HTTP/1.1" 500 - "-" "Mozilla/5.0 (compatible; SemrushBot/7~bl; +http://www.semrush.com/bot.html)" "mantech8.com"
185.191.171.18 - - [30/Oct/2022:04:29:17 -0700] "GET /index.php/camp-fire/18214761.html HTTP/1.1" 500 - "-" "Mozilla/5.0 (compatible; SemrushBot/7~bl; +http://www.semrush.com/bot.html)" "mantech8.com"
185.191.171.5 - - [30/Oct/2022:04:29:40 -0700] "GET /index.php/camp-fire/26857321.html HTTP/1.1" 500 - "-" "Mozilla/5.0 (compatible; SemrushBot/7~bl; +http://www.semrush.com/bot.html)" "mantech8.com"
185.191.171.19 - - [30/Oct/2022:04:29:57 -0700] "GET /index.php/camp-fire/47187402.html HTTP/1.1" 500 - "-" "Mozilla/5.0 (compatible; SemrushBot/7~bl; +http://www.semrush.com/bot.html)" "mantech8.com"
185.191.171.42 - - [30/Oct/2022:04:31:23 -0700] "GET /index.php/camp-fire/52693792.html HTTP/1.1" 500 - "-" "Mozilla/5.0 (compatible; SemrushBot/7~bl; +http://www.semrush.com/bot.html)" "mantech8.com"
185.191.171.5 - - [30/Oct/2022:04:31:34 -0700] "GET /index.php/camp-fire/21799917.html HTTP/1.1" 500 - "-" "Mozilla/5.0 (compatible; SemrushBot/7~bl; +http://www.semrush.com/bot.html)" "mantech8.com"
185.191.171.12 - - [30/Oct/2022:04:33:26 -0700] "GET /index.php/camp-fire/29356064.html HTTP/1.1" 500 - "-" "Mozilla/5.0 (compatible; SemrushBot/7~bl; +http://www.semrush.com/bot.html)" "mantech8.com"
185.191.171.12 - - [30/Oct/2022:04:33:46 -0700] "GET /index.php/camp-fire/18427681.html HTTP/1.1" 500 - "-" "Mozilla/5.0 (compatible; SemrushBot/7~bl; +http://www.semrush.com/bot.html)" "mantech8.com"
114.119.133.190 - - [30/Oct/2022:04:34:43 -0700] "GET /bimages/ HTTP/1.1" 200 726 "http://mantech8.com/bimages/scafg/?C=D%3BO%3DA" "Mozilla/5.0 (Linux; Android 7.0;) AppleWebKit/537.36 (KHTML, like Gecko) Mobile Safari/537.36 (compatible; PetalBot;+https://webmaster.petalsearch.com/site/petalbot)" "mantech8.com"
185.191.171.38 - - [30/Oct/2022:04:36:33 -0700] "GET /index.php/camp-fire/27610471.html HTTP/1.1" 500 - "-" "Mozilla/5.0 (compatible; SemrushBot/7~bl; +http://www.semrush.com/bot.html)" "mantech8.com"
185.191.171.9 - - [30/Oct/2022:04:37:35 -0700] "GET /index.php/camp-fire/25933476.html HTTP/1.1" 500 - "-" "Mozilla/5.0 (compatible; SemrushBot/7~bl; +http://www.semrush.com/bot.html)" "mantech8.com"
185.191.171.2 - - [30/Oct/2022:04:38:09 -0700] "GET /index.php/camp-fire/47603835.html HTTP/1.1" 500 - "-" "Mozilla/5.0 (compatible; SemrushBot/7~bl; +http://www.semrush.com/bot.html)" "mantech8.com"
185.191.171.1 - - [30/Oct/2022:04:38:18 -0700] "GET /index.php/camp-fire/41067788.html HTTP/1.1" 500 - "-" "Mozilla/5.0 (compatible; SemrushBot/7~bl; +http://www.semrush.com/bot.html)" "mantech8.com"
185.191.171.5 - - [30/Oct/2022:04:38:27 -0700] "GET /index.php/camp-fire/23511017.html HTTP/1.1" 500 - "-" "Mozilla/5.0 (compatible; SemrushBot/7~bl; +http://www.semrush.com/bot.html)" "mantech8.com"
185.191.171.33 - - [30/Oct/2022:04:39:10 -0700] "GET /index.php/camp-fire/25238061.html HTTP/1.1" 500 - "-" "Mozilla/5.0 (compatible; SemrushBot/7~bl; +http://www.semrush.com/bot.html)" "mantech8.com"
185.191.171.2 - - [30/Oct/2022:04:39:15 -0700] "GET /index.php/camp-fire/52485116.html HTTP/1.1" 500 - "-" "Mozilla/5.0 (compatible; SemrushBot/7~bl; +http://www.semrush.com/bot.html)" "mantech8.com"
185.191.171.34 - - [30/Oct/2022:04:39:30 -0700] "GET /index.php/camp-fire/52633463.html HTTP/1.1" 500 - "-" "Mozilla/5.0 (compatible; SemrushBot/7~bl; +http://www.semrush.com/bot.html)" "mantech8.com"
185.191.171.44 - - [30/Oct/2022:04:39:37 -0700] "GET /index.php/camp-fire/22038124.html HTTP/1.1" 500 - "-" "Mozilla/5.0 (compatible; SemrushBot/7~bl; +http://www.semrush.com/bot.html)" "mantech8.com"
185.191.171.24 - - [30/Oct/2022:04:39:47 -0700] "GET /index.php/camp-fire/24239350.html HTTP/1.1" 500 - "-" "Mozilla/5.0 (compatible; SemrushBot/7~bl; +http://www.semrush.com/bot.html)" "mantech8.com"
185.191.171.10 - - [30/Oct/2022:04:39:59 -0700] "GET /index.php/camp-fire/7613908.html HTTP/1.1" 500 - "-" "Mozilla/5.0 (compatible; SemrushBot/7~bl; +http://www.semrush.com/bot.html)" "mantech8.com"
185.191.171.4 - - [30/Oct/2022:04:40:28 -0700] "GET /index.php/camp-fire/30532741.html HTTP/1.1" 500 - "-" "Mozilla/5.0 (compatible; SemrushBot/7~bl; +http://www.semrush.com/bot.html)" "mantech8.com"
114.119.133.166 - - [30/Oct/2022:04:40:36 -0700] "GET /index.php/interphalangeal.xml HTTP/1.1" 200 289224 "-" "Mozilla/5.0 (Linux; Android 7.0;) AppleWebKit/537.36 (KHTML, like Gecko) Mobile Safari/537.36 (compatible; PetalBot;+https://webmaster.petalsearch.com/site/petalbot)" "mantech8.com"
185.191.171.38 - - [30/Oct/2022:04:42:54 -0700] "GET /robots.txt HTTP/1.1" 200 106 "-" "Mozilla/5.0 (compatible; SemrushBot/7~bl; +http://www.semrush.com/bot.html)" "mantech8.com"
185.191.171.23 - - [30/Oct/2022:04:42:54 -0700] "GET /index.php/camp-fire/48246750.html HTTP/1.1" 500 - "-" "Mozilla/5.0 (compatible; SemrushBot/7~bl; +http://www.semrush.com/bot.html)" "mantech8.com"
185.191.171.5 - - [30/Oct/2022:04:44:34 -0700] "GET /index.php/camp-fire/15577883.html HTTP/1.1" 500 - "-" "Mozilla/5.0 (compatible; SemrushBot/7~bl; +http://www.semrush.com/bot.html)" "mantech8.com"
185.191.171.23 - - [30/Oct/2022:04:45:10 -0700] "GET /index.php/camp-fire/507969.html HTTP/1.1" 500 - "-" "Mozilla/5.0 (compatible; SemrushBot/7~bl; +http://www.semrush.com/bot.html)" "mantech8.com"
185.191.171.42 - - [30/Oct/2022:04:45:11 -0700] "GET /index.php/camp-fire/17065155.html HTTP/1.1" 500 - "-" "Mozilla/5.0 (compatible; SemrushBot/7~bl; +http://www.semrush.com/bot.html)" "mantech8.com"
114.119.138.220 - - [30/Oct/2022:04:46:18 -0700] "GET /robots.txt HTTP/1.1" 200 106 "-" "Mozilla/5.0 (compatible;PetalBot;+https://webmaster.petalsearch.com/site/petalbot)" "mantech8.com"
114.119.133.166 - - [30/Oct/2022:04:46:35 -0700] "GET /index.php/sitemap12.xml HTTP/1.1" 200 289433 "-" "Mozilla/5.0 (compatible;PetalBot;+https://webmaster.petalsearch.com/site/petalbot)" "mantech8.com"
185.191.171.38 - - [30/Oct/2022:04:47:41 -0700] "GET /index.php/camp-fire/5432765.html HTTP/1.1" 500 - "-" "Mozilla/5.0 (compatible; SemrushBot/7~bl; +http://www.semrush.com/bot.html)" "mantech8.com"
185.191.171.11 - - [30/Oct/2022:04:48:22 -0700] "GET /index.php/camp-fire/4214685.html HTTP/1.1" 500 - "-" "Mozilla/5.0 (compatible; SemrushBot/7~bl; +http://www.semrush.com/bot.html)" "mantech8.com"
185.191.171.26 - - [30/Oct/2022:04:48:33 -0700] "GET /index.php/camp-fire/25664433.html HTTP/1.1" 500 - "-" "Mozilla/5.0 (compatible; SemrushBot/7~bl; +http://www.semrush.com/bot.html)" "mantech8.com"
185.191.171.43 - - [30/Oct/2022:04:48:53 -0700] "GET /index.php/camp-fire/28614789.html HTTP/1.1" 500 - "-" "Mozilla/5.0 (compatible; SemrushBot/7~bl; +http://www.semrush.com/bot.html)" "mantech8.com"
185.191.171.17 - - [30/Oct/2022:04:49:56 -0700] "GET /index.php/camp-fire/29310071.html HTTP/1.1" 500 - "-" "Mozilla/5.0 (compatible; SemrushBot/7~bl; +http://www.semrush.com/bot.html)" "mantech8.com"
185.191.171.7 - - [30/Oct/2022:04:50:14 -0700] "GET /index.php/camp-fire/22844046.html HTTP/1.1" 500 - "-" "Mozilla/5.0 (compatible; SemrushBot/7~bl; +http://www.semrush.com/bot.html)" "mantech8.com"
185.191.171.7 - - [30/Oct/2022:04:51:36 -0700] "GET /index.php/camp-fire/33853176.html HTTP/1.1" 500 - "-" "Mozilla/5.0 (compatible; SemrushBot/7~bl; +http://www.semrush.com/bot.html)" "mantech8.com"
185.191.171.10 - - [30/Oct/2022:04:51:44 -0700] "GET /index.php/camp-fire/28235335.html HTTP/1.1" 500 - "-" "Mozilla/5.0 (compatible; SemrushBot/7~bl; +http://www.semrush.com/bot.html)" "mantech8.com"
185.191.171.22 - - [30/Oct/2022:04:52:15 -0700] "GET /index.php/camp-fire/27193363.html HTTP/1.1" 500 - "-" "Mozilla/5.0 (compatible; SemrushBot/7~bl; +http://www.semrush.com/bot.html)" "mantech8.com"
114.119.133.158 - - [30/Oct/2022:04:52:33 -0700] "GET /sitemap37.xml HTTP/1.1" 404 88 "-" "Mozilla/5.0 (compatible;PetalBot;+https://webmaster.petalsearch.com/site/petalbot)" "mantech8.com"
185.191.171.19 - - [30/Oct/2022:04:52:55 -0700] "GET /index.php/camp-fire/28008471.html HTTP/1.1" 500 - "-" "Mozilla/5.0 (compatible; SemrushBot/7~bl; +http://www.semrush.com/bot.html)" "mantech8.com"
185.191.171.16 - - [30/Oct/2022:04:53:01 -0700] "GET /index.php/camp-fire/53779835.html HTTP/1.1" 500 - "-" "Mozilla/5.0 (compatible; SemrushBot/7~bl; +http://www.semrush.com/bot.html)" "mantech8.com"
185.191.171.25 - - [30/Oct/2022:04:53:09 -0700] "GET /index.php/camp-fire/26601082.html HTTP/1.1" 500 - "-" "Mozilla/5.0 (compatible; SemrushBot/7~bl; +http://www.semrush.com/bot.html)" "mantech8.com"
185.191.171.12 - - [30/Oct/2022:04:54:39 -0700] "GET /index.php/camp-fire/89205865.html HTTP/1.1" 500 - "-" "Mozilla/5.0 (compatible; SemrushBot/7~bl; +http://www.semrush.com/bot.html)" "mantech8.com"
185.191.171.9 - - [30/Oct/2022:04:54:42 -0700] "GET /index.php/camp-fire/65917350.html HTTP/1.1" 500 - "-" "Mozilla/5.0 (compatible; SemrushBot/7~bl; +http://www.semrush.com/bot.html)" "mantech8.com"
185.191.171.38 - - [30/Oct/2022:04:54:59 -0700] "GET /index.php/camp-fire/57903771.html HTTP/1.1" 500 - "-" "Mozilla/5.0 (compatible; SemrushBot/7~bl; +http://www.semrush.com/bot.html)" "mantech8.com"
185.191.171.18 - - [30/Oct/2022:04:56:42 -0700] "GET /index.php/camp-fire/7487193.html HTTP/1.1" 500 - "-" "Mozilla/5.0 (compatible; SemrushBot/7~bl; +http://www.semrush.com/bot.html)" "mantech8.com"
40.77.167.43 - - [30/Oct/2022:04:56:43 -0700] "GET /index.php?camp-fire/66088124.html HTTP/1.1" 200 68050 "-" "Mozilla/5.0 (compatible; bingbot/2.0; +http://www.bing.com/bingbot.htm)" "www.mantech8.com"
185.191.171.21 - - [30/Oct/2022:04:57:22 -0700] "GET /index.php/camp-fire/1941151.html HTTP/1.1" 500 - "-" "Mozilla/5.0 (compatible; SemrushBot/7~bl; +http://www.semrush.com/bot.html)" "mantech8.com"
185.191.171.43 - - [30/Oct/2022:04:57:38 -0700] "GET /index.php/camp-fire/28853666.html HTTP/1.1" 500 - "-" "Mozilla/5.0 (compatible; SemrushBot/7~bl; +http://www.semrush.com/bot.html)" "mantech8.com"
185.191.171.18 - - [30/Oct/2022:04:58:31 -0700] "GET /index.php/camp-fire/2401093.html HTTP/1.1" 500 - "-" "Mozilla/5.0 (compatible; SemrushBot/7~bl; +http://www.semrush.com/bot.html)" "mantech8.com"
114.119.133.158 - - [30/Oct/2022:04:58:31 -0700] "GET /?sitemap854.xml HTTP/1.1" 200 270376 "-" "Mozilla/5.0 (compatible;PetalBot;+https://webmaster.petalsearch.com/site/petalbot)" "mantech8.com"
185.191.171.33 - - [30/Oct/2022:05:00:59 -0700] "GET /index.php/camp-fire/9970851.html HTTP/1.1" 500 - "-" "Mozilla/5.0 (compatible; SemrushBot/7~bl; +http://www.semrush.com/bot.html)" "mantech8.com"
185.191.171.22 - - [30/Oct/2022:05:01:27 -0700] "GET /index.php/camp-fire/16666526.html HTTP/1.1" 500 - "-" "Mozilla/5.0 (compatible; SemrushBot/7~bl; +http://www.semrush.com/bot.html)" "mantech8.com"
185.191.171.36 - - [30/Oct/2022:05:04:21 -0700] "GET /index.php/camp-fire/47554738.html HTTP/1.1" 500 - "-" "Mozilla/5.0 (compatible; SemrushBot/7~bl; +http://www.semrush.com/bot.html)" "mantech8.com"
185.191.171.7 - - [30/Oct/2022:05:04:27 -0700] "GET /index.php/camp-fire/15315584.html HTTP/1.1" 500 - "-" "Mozilla/5.0 (compatible; SemrushBot/7~bl; +http://www.semrush.com/bot.html)" "mantech8.com"
114.119.133.182 - - [30/Oct/2022:05:04:28 -0700] "GET /index.php/benfica.xml HTTP/1.1" 200 289332 "-" "Mozilla/5.0 (compatible;PetalBot;+https://webmaster.petalsearch.com/site/petalbot)" "mantech8.com"
185.191.171.1 - - [30/Oct/2022:05:04:59 -0700] "GET /index.php/camp-fire/27485280.html HTTP/1.1" 500 - "-" "Mozilla/5.0 (compatible; SemrushBot/7~bl; +http://www.semrush.com/bot.html)" "mantech8.com"
185.191.171.16 - - [30/Oct/2022:05:06:17 -0700] "GET /index.php/camp-fire/10841990.html HTTP/1.1" 500 - "-" "Mozilla/5.0 (compatible; SemrushBot/7~bl; +http://www.semrush.com/bot.html)" "mantech8.com"
185.191.171.7 - - [30/Oct/2022:05:06:29 -0700] "GET /index.php/camp-fire/32136441.html HTTP/1.1" 500 - "-" "Mozilla/5.0 (compatible; SemrushBot/7~bl; +http://www.semrush.com/bot.html)" "mantech8.com"
185.191.171.2 - - [30/Oct/2022:05:07:17 -0700] "GET /index.php/camp-fire/41231493.html HTTP/1.1" 500 - "-" "Mozilla/5.0 (compatible; SemrushBot/7~bl; +http://www.semrush.com/bot.html)" "mantech8.com"
185.191.171.21 - - [30/Oct/2022:05:08:35 -0700] "GET /index.php/camp-fire/17581465.html HTTP/1.1" 500 - "-" "Mozilla/5.0 (compatible; SemrushBot/7~bl; +http://www.semrush.com/bot.html)" "mantech8.com"
185.191.171.22 - - [30/Oct/2022:05:08:53 -0700] "GET /index.php/camp-fire/1933790.html HTTP/1.1" 500 - "-" "Mozilla/5.0 (compatible; SemrushBot/7~bl; +http://www.semrush.com/bot.html)" "mantech8.com"
185.191.171.35 - - [30/Oct/2022:05:09:13 -0700] "GET /index.php/camp-fire/22685656.html HTTP/1.1" 500 - "-" "Mozilla/5.0 (compatible; SemrushBot/7~bl; +http://www.semrush.com/bot.html)" "mantech8.com"
185.191.171.5 - - [30/Oct/2022:05:09:26 -0700] "GET /index.php/camp-fire/41392171.html HTTP/1.1" 500 - "-" "Mozilla/5.0 (compatible; SemrushBot/7~bl; +http://www.semrush.com/bot.html)" "mantech8.com"
157.90.182.28 - - [30/Oct/2022:05:09:40 -0700] "GET /robots.txt HTTP/1.1" 200 106 "-" "Mozilla/5.0 (compatible; BLEXBot/1.0; +http://webmeup-crawler.com/)" "www.mantech8.com"
157.90.182.28 - - [30/Oct/2022:05:09:42 -0700] "GET / HTTP/1.1" 500 - "-" "Mozilla/5.0 (compatible; BLEXBot/1.0; +http://webmeup-crawler.com/)" "www.mantech8.com"
40.77.167.95 - - [30/Oct/2022:05:10:13 -0700] "GET /robots.txt HTTP/1.1" 200 106 "-" "Mozilla/5.0 AppleWebKit/537.36 (KHTML, like Gecko; compatible; bingbot/2.0; +http://www.bing.com/bingbot.htm) Chrome/103.0.5060.134 Safari/537.36" "www.mantech8.com"
207.46.13.149 - - [30/Oct/2022:05:10:21 -0700] "GET /index.php/WtZk-8d89cddf-nLmQT.Ii HTTP/1.1" 200 63841 "-" "Mozilla/5.0 AppleWebKit/537.36 (KHTML, like Gecko; compatible; bingbot/2.0; +http://www.bing.com/bingbot.htm) Chrome/103.0.5060.134 Safari/537.36" "www.mantech8.com"
114.119.133.166 - - [30/Oct/2022:05:10:28 -0700] "GET /index.php/sitemap23.xml HTTP/1.1" 200 289193 "-" "Mozilla/5.0 (Linux; Android 7.0;) AppleWebKit/537.36 (KHTML, like Gecko) Mobile Safari/537.36 (compatible; PetalBot;+https://webmaster.petalsearch.com/site/petalbot)" "mantech8.com"
185.191.171.38 - - [30/Oct/2022:05:10:48 -0700] "GET /index.php/camp-fire/29680971.html HTTP/1.1" 500 - "-" "Mozilla/5.0 (compatible; SemrushBot/7~bl; +http://www.semrush.com/bot.html)" "mantech8.com"
185.191.171.44 - - [30/Oct/2022:05:11:37 -0700] "GET /index.php/camp-fire/24525330.html HTTP/1.1" 500 - "-" "Mozilla/5.0 (compatible; SemrushBot/7~bl; +http://www.semrush.com/bot.html)" "mantech8.com"
185.191.171.24 - - [30/Oct/2022:05:12:01 -0700] "GET /index.php/camp-fire/40142388.html HTTP/1.1" 500 - "-" "Mozilla/5.0 (compatible; SemrushBot/7~bl; +http://www.semrush.com/bot.html)" "mantech8.com"
185.191.171.24 - - [30/Oct/2022:05:12:03 -0700] "GET /index.php/camp-fire/39165826.html HTTP/1.1" 500 - "-" "Mozilla/5.0 (compatible; SemrushBot/7~bl; +http://www.semrush.com/bot.html)" "mantech8.com"
185.191.171.8 - - [30/Oct/2022:05:12:08 -0700] "GET /index.php/camp-fire/1239929.html HTTP/1.1" 500 - "-" "Mozilla/5.0 (compatible; SemrushBot/7~bl; +http://www.semrush.com/bot.html)" "mantech8.com"
185.191.171.4 - - [30/Oct/2022:05:12:58 -0700] "GET /index.php/camp-fire/9670283.html HTTP/1.1" 500 - "-" "Mozilla/5.0 (compatible; SemrushBot/7~bl; +http://www.semrush.com/bot.html)" "mantech8.com"
185.191.171.34 - - [30/Oct/2022:05:13:07 -0700] "GET /index.php/camp-fire/27226447.html HTTP/1.1" 500 - "-" "Mozilla/5.0 (compatible; SemrushBot/7~bl; +http://www.semrush.com/bot.html)" "mantech8.com"
185.191.171.25 - - [30/Oct/2022:05:13:45 -0700] "GET /index.php/camp-fire/1272900.html HTTP/1.1" 500 - "-" "Mozilla/5.0 (compatible; SemrushBot/7~bl; +http://www.semrush.com/bot.html)" "mantech8.com"
114.119.133.165 - - [30/Oct/2022:05:16:30 -0700] "GET /bimages/cleang/thump/mime.lib.php HTTP/1.1" 200 32 "http://www.mantech8.com/bimages/cleang/thump/?C=N%3BO%3DD" "Mozilla/5.0 (Linux; Android 7.0;) AppleWebKit/537.36 (KHTML, like Gecko) Mobile Safari/537.36 (compatible; PetalBot;+https://webmaster.petalsearch.com/site/petalbot)" "www.mantech8.com"
157.55.39.152 - - [30/Oct/2022:05:16:54 -0700] "GET /bimages/client/comingsoon.jpg HTTP/1.1" 200 72363 "-" "Mozilla/5.0 AppleWebKit/537.36 (KHTML, like Gecko; compatible; bingbot/2.0; +http://www.bing.com/bingbot.htm) Chrome/103.0.5060.134 Safari/537.36" "www.mantech8.com"
66.249.66.70 - - [30/Oct/2022:05:16:56 -0700] "GET /bimages/client/icf.png HTTP/1.1" 200 41986 "-" "Googlebot-Image/1.0" "mantech8.com"
185.191.171.41 - - [30/Oct/2022:05:17:12 -0700] "GET /index.php/camp-fire/4286985.html HTTP/1.1" 500 - "-" "Mozilla/5.0 (compatible; SemrushBot/7~bl; +http://www.semrush.com/bot.html)" "mantech8.com"
185.191.171.15 - - [30/Oct/2022:05:17:56 -0700] "GET /index.php/camp-fire/24434133.html HTTP/1.1" 500 - "-" "Mozilla/5.0 (compatible; SemrushBot/7~bl; +http://www.semrush.com/bot.html)" "mantech8.com"
185.191.171.8 - - [30/Oct/2022:05:18:02 -0700] "GET /index.php/camp-fire/52633563.html HTTP/1.1" 500 - "-" "Mozilla/5.0 (compatible; SemrushBot/7~bl; +http://www.semrush.com/bot.html)" "mantech8.com"
185.191.171.17 - - [30/Oct/2022:05:18:07 -0700] "GET /index.php/camp-fire/38762335.html HTTP/1.1" 500 - "-" "Mozilla/5.0 (compatible; SemrushBot/7~bl; +http://www.semrush.com/bot.html)" "mantech8.com"
185.191.171.33 - - [30/Oct/2022:05:18:10 -0700] "GET /index.php/camp-fire/42068171.html HTTP/1.1" 500 - "-" "Mozilla/5.0 (compatible; SemrushBot/7~bl; +http://www.semrush.com/bot.html)" "mantech8.com"
216.244.66.241 - - [30/Oct/2022:05:18:28 -0700] "GET /robots.txt HTTP/1.1" 200 222 "-" "Mozilla/5.0 (compatible; DotBot/1.2; +https://opensiteexplorer.org/dotbot; help@moz.com)" "www.mantech8.com"
216.244.66.241 - - [30/Oct/2022:05:18:28 -0700] "GET /robots.txt HTTP/1.1" 200 222 "-" "Mozilla/5.0 (compatible; DotBot/1.2; +https://opensiteexplorer.org/dotbot; help@moz.com)" "mantech8.com"
68.69.184.202 - - [30/Oct/2022:05:19:06 -0700] "GET /robots.txt HTTP/1.1" 200 106 "-" "got (https://github.com/sindresorhus/got)" "mantech8.com"
68.69.184.202 - - [30/Oct/2022:05:19:06 -0700] "GET / HTTP/1.1" 500 - "-" "got (https://github.com/sindresorhus/got)" "mantech8.com"
185.191.171.23 - - [30/Oct/2022:05:19:30 -0700] "GET /index.php/camp-fire/1833772.html HTTP/1.1" 500 - "-" "Mozilla/5.0 (compatible; SemrushBot/7~bl; +http://www.semrush.com/bot.html)" "mantech8.com"
185.191.171.9 - - [30/Oct/2022:05:20:14 -0700] "GET /index.php/camp-fire/34893763.html HTTP/1.1" 500 - "-" "Mozilla/5.0 (compatible; SemrushBot/7~bl; +http://www.semrush.com/bot.html)" "mantech8.com"
185.191.171.40 - - [30/Oct/2022:05:20:16 -0700] "GET /index.php/camp-fire/47128249.html HTTP/1.1" 500 - "-" "Mozilla/5.0 (compatible; SemrushBot/7~bl; +http://www.semrush.com/bot.html)" "mantech8.com"
185.191.171.1 - - [30/Oct/2022:05:20:18 -0700] "GET /index.php/camp-fire/19021832.html HTTP/1.1" 500 - "-" "Mozilla/5.0 (compatible; SemrushBot/7~bl; +http://www.semrush.com/bot.html)" "mantech8.com"
185.191.171.24 - - [30/Oct/2022:05:20:57 -0700] "GET /index.php/camp-fire/27280863.html HTTP/1.1" 500 - "-" "Mozilla/5.0 (compatible; SemrushBot/7~bl; +http://www.semrush.com/bot.html)" "mantech8.com"
114.119.133.190 - - [30/Oct/2022:05:22:31 -0700] "GET /index.php/sitemap-index-9.xml HTTP/1.1" 200 4853 "-" "Mozilla/5.0 (Linux; Android 7.0;) AppleWebKit/537.36 (KHTML, like Gecko) Mobile Safari/537.36 (compatible; PetalBot;+https://webmaster.petalsearch.com/site/petalbot)" "mantech8.com"
185.191.171.43 - - [30/Oct/2022:05:23:48 -0700] "GET /index.php/camp-fire/32795980.html HTTP/1.1" 500 - "-" "Mozilla/5.0 (compatible; SemrushBot/7~bl; +http://www.semrush.com/bot.html)" "mantech8.com"
185.191.171.8 - - [30/Oct/2022:05:24:56 -0700] "GET /index.php/camp-fire/964369.html HTTP/1.1" 500 - "-" "Mozilla/5.0 (compatible; SemrushBot/7~bl; +http://www.semrush.com/bot.html)" "mantech8.com"
185.191.171.23 - - [30/Oct/2022:05:26:03 -0700] "GET /index.php/camp-fire/74161098.html HTTP/1.1" 500 - "-" "Mozilla/5.0 (compatible; SemrushBot/7~bl; +http://www.semrush.com/bot.html)" "mantech8.com"
185.191.171.4 - - [30/Oct/2022:05:26:15 -0700] "GET /index.php/camp-fire/19016559.html HTTP/1.1" 500 - "-" "Mozilla/5.0 (compatible; SemrushBot/7~bl; +http://www.semrush.com/bot.html)" "mantech8.com"
185.191.171.26 - - [30/Oct/2022:05:26:50 -0700] "GET /index.php/camp-fire/24844730.html HTTP/1.1" 500 - "-" "Mozilla/5.0 (compatible; SemrushBot/7~bl; +http://www.semrush.com/bot.html)" "mantech8.com"
185.191.171.3 - - [30/Oct/2022:05:27:07 -0700] "GET /index.php/camp-fire/28026926.html HTTP/1.1" 500 - "-" "Mozilla/5.0 (compatible; SemrushBot/7~bl; +http://www.semrush.com/bot.html)" "mantech8.com"
207.46.13.149 - - [30/Oct/2022:05:27:22 -0700] "GET /camp-fire/213339.html HTTP/1.1" 404 88 "-" "Mozilla/5.0 (compatible; bingbot/2.0; +http://www.bing.com/bingbot.htm)" "www.mantech8.com"
185.191.171.7 - - [30/Oct/2022:05:27:30 -0700] "GET /index.php/camp-fire/17751821.html HTTP/1.1" 500 - "-" "Mozilla/5.0 (compatible; SemrushBot/7~bl; +http://www.semrush.com/bot.html)" "mantech8.com"
185.191.171.22 - - [30/Oct/2022:05:27:38 -0700] "GET /index.php/camp-fire/39945925.html HTTP/1.1" 500 - "-" "Mozilla/5.0 (compatible; SemrushBot/7~bl; +http://www.semrush.com/bot.html)" "mantech8.com"
185.191.171.35 - - [30/Oct/2022:05:28:10 -0700] "GET /index.php/camp-fire/8037842.html HTTP/1.1" 500 - "-" "Mozilla/5.0 (compatible; SemrushBot/7~bl; +http://www.semrush.com/bot.html)" "mantech8.com"
114.119.133.158 - - [30/Oct/2022:05:28:33 -0700] "GET /bimages/cleang/ HTTP/1.1" 200 505 "http://mantech8.com/bimages/cleang/thump/" "Mozilla/5.0 (Linux; Android 7.0;) AppleWebKit/537.36 (KHTML, like Gecko) Mobile Safari/537.36 (compatible; PetalBot;+https://webmaster.petalsearch.com/site/petalbot)" "mantech8.com"
185.191.171.18 - - [30/Oct/2022:05:29:15 -0700] "GET /index.php/camp-fire/18212780.html HTTP/1.1" 500 - "-" "Mozilla/5.0 (compatible; SemrushBot/7~bl; +http://www.semrush.com/bot.html)" "mantech8.com"
185.191.171.35 - - [30/Oct/2022:05:29:20 -0700] "GET /index.php/camp-fire/32485060.html HTTP/1.1" 500 - "-" "Mozilla/5.0 (compatible; SemrushBot/7~bl; +http://www.semrush.com/bot.html)" "mantech8.com"
185.191.171.10 - - [30/Oct/2022:05:30:37 -0700] "GET /index.php/camp-fire/22716781.html HTTP/1.1" 500 - "-" "Mozilla/5.0 (compatible; SemrushBot/7~bl; +http://www.semrush.com/bot.html)" "mantech8.com"
185.191.171.7 - - [30/Oct/2022:05:30:45 -0700] "GET /index.php/camp-fire/2419893.html HTTP/1.1" 500 - "-" "Mozilla/5.0 (compatible; SemrushBot/7~bl; +http://www.semrush.com/bot.html)" "mantech8.com"
185.191.171.22 - - [30/Oct/2022:05:31:04 -0700] "GET /index.php/camp-fire/77757174.html HTTP/1.1" 500 - "-" "Mozilla/5.0 (compatible; SemrushBot/7~bl; +http://www.semrush.com/bot.html)" "mantech8.com"
185.191.171.41 - - [30/Oct/2022:05:31:55 -0700] "GET /index.php/camp-fire/38842417.html HTTP/1.1" 500 - "-" "Mozilla/5.0 (compatible; SemrushBot/7~bl; +http://www.semrush.com/bot.html)" "mantech8.com"
185.191.171.35 - - [30/Oct/2022:05:33:05 -0700] "GET /index.php/camp-fire/17677180.html HTTP/1.1" 500 - "-" "Mozilla/5.0 (compatible; SemrushBot/7~bl; +http://www.semrush.com/bot.html)" "mantech8.com"
185.191.171.10 - - [30/Oct/2022:05:33:42 -0700] "GET /index.php/camp-fire/22357481.html HTTP/1.1" 500 - "-" "Mozilla/5.0 (compatible; SemrushBot/7~bl; +http://www.semrush.com/bot.html)" "mantech8.com"
185.191.171.40 - - [30/Oct/2022:05:33:49 -0700] "GET /index.php/camp-fire/29618859.html HTTP/1.1" 500 - "-" "Mozilla/5.0 (compatible; SemrushBot/7~bl; +http://www.semrush.com/bot.html)" "mantech8.com"
114.119.133.190 - - [30/Oct/2022:05:34:39 -0700] "GET /index.php/sitemap27.xml HTTP/1.1" 200 289469 "-" "Mozilla/5.0 (compatible;PetalBot;+https://webmaster.petalsearch.com/site/petalbot)" "mantech8.com"
185.191.171.5 - - [30/Oct/2022:05:34:44 -0700] "GET /index.php/camp-fire/9780283.html HTTP/1.1" 500 - "-" "Mozilla/5.0 (compatible; SemrushBot/7~bl; +http://www.semrush.com/bot.html)" "mantech8.com"
185.191.171.39 - - [30/Oct/2022:05:35:43 -0700] "GET /index.php/camp-fire/36436276.html HTTP/1.1" 500 - "-" "Mozilla/5.0 (compatible; SemrushBot/7~bl; +http://www.semrush.com/bot.html)" "mantech8.com"
185.191.171.2 - - [30/Oct/2022:05:35:56 -0700] "GET /index.php/camp-fire/63698672.html HTTP/1.1" 500 - "-" "Mozilla/5.0 (compatible; SemrushBot/7~bl; +http://www.semrush.com/bot.html)" "mantech8.com"
185.191.171.10 - - [30/Oct/2022:05:37:49 -0700] "GET /index.php/camp-fire/16537065.html HTTP/1.1" 500 - "-" "Mozilla/5.0 (compatible; SemrushBot/7~bl; +http://www.semrush.com/bot.html)" "mantech8.com"
185.191.171.18 - - [30/Oct/2022:05:38:43 -0700] "GET /index.php/camp-fire/47430138.html HTTP/1.1" 500 - "-" "Mozilla/5.0 (compatible; SemrushBot/7~bl; +http://www.semrush.com/bot.html)" "mantech8.com"
207.46.13.149 - - [30/Oct/2022:05:39:23 -0700] "GET /gallery.php HTTP/1.1" 200 49088 "-" "Mozilla/5.0 AppleWebKit/537.36 (KHTML, like Gecko; compatible; bingbot/2.0; +http://www.bing.com/bingbot.htm) Chrome/103.0.5060.134 Safari/537.36" "mantech8.com"
185.191.171.42 - - [30/Oct/2022:05:39:29 -0700] "GET /index.php/camp-fire/41168117.html HTTP/1.1" 500 - "-" "Mozilla/5.0 (compatible; SemrushBot/7~bl; +http://www.semrush.com/bot.html)" "mantech8.com"
40.77.167.43 - - [30/Oct/2022:05:39:37 -0700] "GET /css/responsive1.css HTTP/1.1" 200 1710 "-" "Mozilla/5.0 (compatible; bingbot/2.0; +http://www.bing.com/bingbot.htm)" "mantech8.com"
157.55.39.152 - - [30/Oct/2022:05:39:37 -0700] "GET /css/style.css HTTP/1.1" 200 126990 "-" "Mozilla/5.0 AppleWebKit/537.36 (KHTML, like Gecko; compatible; bingbot/2.0; +http://www.bing.com/bingbot.htm) Chrome/103.0.5060.134 Safari/537.36" "mantech8.com"
40.77.167.58 - - [30/Oct/2022:05:39:41 -0700] "GET /js/Pagination.js HTTP/1.1" 200 507 "-" "Mozilla/5.0 AppleWebKit/537.36 (KHTML, like Gecko; compatible; bingbot/2.0; +http://www.bing.com/bingbot.htm) Chrome/103.0.5060.134 Safari/537.36" "mantech8.com"
157.55.39.181 - - [30/Oct/2022:05:39:41 -0700] "GET /bimages/gallery/ HTTP/1.1" 200 1162 "-" "Mozilla/5.0 (compatible; bingbot/2.0; +http://www.bing.com/bingbot.htm)" "mantech8.com"
207.46.13.94 - - [30/Oct/2022:05:39:46 -0700] "GET /css/jquery.fancybox.css HTTP/1.1" 200 1615 "-" "Mozilla/5.0 (compatible; bingbot/2.0; +http://www.bing.com/bingbot.htm)" "mantech8.com"
207.46.13.94 - - [30/Oct/2022:05:39:46 -0700] "GET /css/style2.css HTTP/1.1" 200 8414 "-" "Mozilla/5.0 (compatible; bingbot/2.0; +http://www.bing.com/bingbot.htm)" "mantech8.com"
157.55.39.181 - - [30/Oct/2022:05:39:51 -0700] "GET /css/animate.css HTTP/1.1" 200 4264 "-" "Mozilla/5.0 (compatible; bingbot/2.0; +http://www.bing.com/bingbot.htm)" "mantech8.com"
157.55.39.181 - - [30/Oct/2022:05:39:51 -0700] "GET /js/jquery-1.8.2.min.js HTTP/1.1" 200 33397 "-" "Mozilla/5.0 AppleWebKit/537.36 (KHTML, like Gecko; compatible; bingbot/2.0; +http://www.bing.com/bingbot.htm) Chrome/103.0.5060.134 Safari/537.36" "mantech8.com"
157.55.39.181 - - [30/Oct/2022:05:39:52 -0700] "GET /jsgal/bootstrap.min.js HTTP/1.1" 200 9745 "-" "Mozilla/5.0 AppleWebKit/537.36 (KHTML, like Gecko; compatible; bingbot/2.0; +http://www.bing.com/bingbot.htm) Chrome/103.0.5060.134 Safari/537.36" "mantech8.com"
157.55.39.181 - - [30/Oct/2022:05:39:52 -0700] "GET /jsgal/jquery.easing.min.js HTTP/1.1" 200 1859 "-" "Mozilla/5.0 (compatible; bingbot/2.0; +http://www.bing.com/bingbot.htm)" "mantech8.com"
157.55.39.152 - - [30/Oct/2022:05:39:57 -0700] "GET /css/stylegal.css HTTP/1.1" 200 20749 "-" "Mozilla/5.0 (compatible; bingbot/2.0; +http://www.bing.com/bingbot.htm)" "mantech8.com"
157.55.39.152 - - [30/Oct/2022:05:39:57 -0700] "GET /jsgal/custom.js HTTP/1.1" 200 4065 "-" "Mozilla/5.0 (compatible; bingbot/2.0; +http://www.bing.com/bingbot.htm)" "mantech8.com"
157.55.39.152 - - [30/Oct/2022:05:39:57 -0700] "GET /jsgal/wow.js HTTP/1.1" 200 2702 "-" "Mozilla/5.0 (compatible; bingbot/2.0; +http://www.bing.com/bingbot.htm)" "mantech8.com"
114.119.133.165 - - [30/Oct/2022:05:40:47 -0700] "GET /sitemap751.xml HTTP/1.1" 404 88 "-" "Mozilla/5.0 (compatible;PetalBot;+https://webmaster.petalsearch.com/site/petalbot)" "mantech8.com"
87.250.224.196 - - [30/Oct/2022:05:41:38 -0700] "GET /robots.txt HTTP/1.1" 200 222 "-" "Mozilla/5.0 (compatible; YandexBot/3.0; +http://yandex.com/bots)" "mantech8.com"
213.180.203.88 - - [30/Oct/2022:05:41:41 -0700] "GET /interphalangeal.xml HTTP/1.1" 404 88 "-" "Mozilla/5.0 (compatible; YandexBot/3.0; +http://yandex.com/bots)" "mantech8.com"
185.191.171.34 - - [30/Oct/2022:05:41:56 -0700] "GET /index.php/camp-fire/18092327.html HTTP/1.1" 500 - "-" "Mozilla/5.0 (compatible; SemrushBot/7~bl; +http://www.semrush.com/bot.html)" "mantech8.com"
185.191.171.44 - - [30/Oct/2022:05:42:38 -0700] "GET /index.php/camp-fire/24862227.html HTTP/1.1" 500 - "-" "Mozilla/5.0 (compatible; SemrushBot/7~bl; +http://www.semrush.com/bot.html)" "mantech8.com"
185.191.171.45 - - [30/Oct/2022:05:43:03 -0700] "GET /robots.txt HTTP/1.1" 200 106 "-" "Mozilla/5.0 (compatible; SemrushBot/7~bl; +http://www.semrush.com/bot.html)" "mantech8.com"
185.191.171.1 - - [30/Oct/2022:05:43:04 -0700] "GET /index.php/camp-fire/4994755.html HTTP/1.1" 500 - "-" "Mozilla/5.0 (compatible; SemrushBot/7~bl; +http://www.semrush.com/bot.html)" "mantech8.com"
185.191.171.39 - - [30/Oct/2022:05:43:25 -0700] "GET /index.php/camp-fire/9186953.html HTTP/1.1" 500 - "-" "Mozilla/5.0 (compatible; SemrushBot/7~bl; +http://www.semrush.com/bot.html)" "mantech8.com"
185.191.171.39 - - [30/Oct/2022:05:43:36 -0700] "GET /index.php/camp-fire/42068449.html HTTP/1.1" 500 - "-" "Mozilla/5.0 (compatible; SemrushBot/7~bl; +http://www.semrush.com/bot.html)" "mantech8.com"
185.191.171.10 - - [30/Oct/2022:05:44:14 -0700] "GET /index.php/camp-fire/26102851.html HTTP/1.1" 500 - "-" "Mozilla/5.0 (compatible; SemrushBot/7~bl; +http://www.semrush.com/bot.html)" "mantech8.com"
185.191.171.11 - - [30/Oct/2022:05:44:42 -0700] "GET /index.php/camp-fire/35761971.html HTTP/1.1" 500 - "-" "Mozilla/5.0 (compatible; SemrushBot/7~bl; +http://www.semrush.com/bot.html)" "mantech8.com"
185.191.171.7 - - [30/Oct/2022:05:44:51 -0700] "GET /index.php/camp-fire/43089949.html HTTP/1.1" 500 - "-" "Mozilla/5.0 (compatible; SemrushBot/7~bl; +http://www.semrush.com/bot.html)" "mantech8.com"
185.191.171.4 - - [30/Oct/2022:05:45:10 -0700] "GET /index.php/camp-fire/43003650.html HTTP/1.1" 500 - "-" "Mozilla/5.0 (compatible; SemrushBot/7~bl; +http://www.semrush.com/bot.html)" "mantech8.com"
185.191.171.1 - - [30/Oct/2022:05:45:13 -0700] "GET /index.php/camp-fire/17582765.html HTTP/1.1" 500 - "-" "Mozilla/5.0 (compatible; SemrushBot/7~bl; +http://www.semrush.com/bot.html)" "mantech8.com"
185.191.171.19 - - [30/Oct/2022:05:45:21 -0700] "GET /index.php/camp-fire/2494093.html HTTP/1.1" 500 - "-" "Mozilla/5.0 (compatible; SemrushBot/7~bl; +http://www.semrush.com/bot.html)" "mantech8.com"
185.191.171.7 - - [30/Oct/2022:05:45:31 -0700] "GET /index.php/camp-fire/32459130.html HTTP/1.1" 500 - "-" "Mozilla/5.0 (compatible; SemrushBot/7~bl; +http://www.semrush.com/bot.html)" "mantech8.com"
185.191.171.18 - - [30/Oct/2022:05:45:32 -0700] "GET /index.php/camp-fire/31822765.html HTTP/1.1" 500 - "-" "Mozilla/5.0 (compatible; SemrushBot/7~bl; +http://www.semrush.com/bot.html)" "mantech8.com"
185.191.171.45 - - [30/Oct/2022:05:45:42 -0700] "GET /index.php/camp-fire/16294184.html HTTP/1.1" 500 - "-" "Mozilla/5.0 (compatible; SemrushBot/7~bl; +http://www.semrush.com/bot.html)" "mantech8.com"
185.191.171.8 - - [30/Oct/2022:05:46:04 -0700] "GET /index.php/camp-fire/25386850.html HTTP/1.1" 500 - "-" "Mozilla/5.0 (compatible; SemrushBot/7~bl; +http://www.semrush.com/bot.html)" "mantech8.com"
185.191.171.8 - - [30/Oct/2022:05:46:07 -0700] "GET /index.php/camp-fire/4786455.html HTTP/1.1" 500 - "-" "Mozilla/5.0 (compatible; SemrushBot/7~bl; +http://www.semrush.com/bot.html)" "mantech8.com"
114.119.133.182 - - [30/Oct/2022:05:46:47 -0700] "GET /bimages/pipeg/?C=S%3BO%3DA HTTP/1.1" 200 569 "http://www.mantech8.com/bimages/pipeg/?C=D%3BO%3DA" "Mozilla/5.0 (Linux; Android 7.0;) AppleWebKit/537.36 (KHTML, like Gecko) Mobile Safari/537.36 (compatible; PetalBot;+https://webmaster.petalsearch.com/site/petalbot)" "www.mantech8.com"
185.191.171.8 - - [30/Oct/2022:05:48:08 -0700] "GET /index.php/camp-fire/42855803.html HTTP/1.1" 500 - "-" "Mozilla/5.0 (compatible; SemrushBot/7~bl; +http://www.semrush.com/bot.html)" "mantech8.com"
185.191.171.26 - - [30/Oct/2022:05:49:06 -0700] "GET /index.php/camp-fire/42926034.html HTTP/1.1" 500 - "-" "Mozilla/5.0 (compatible; SemrushBot/7~bl; +http://www.semrush.com/bot.html)" "mantech8.com"
185.191.171.2 - - [30/Oct/2022:05:50:35 -0700] "GET /index.php/camp-fire/22048317.html HTTP/1.1" 500 - "-" "Mozilla/5.0 (compatible; SemrushBot/7~bl; +http://www.semrush.com/bot.html)" "mantech8.com"
185.191.171.33 - - [30/Oct/2022:05:51:11 -0700] "GET /index.php/camp-fire/44118360.html HTTP/1.1" 500 - "-" "Mozilla/5.0 (compatible; SemrushBot/7~bl; +http://www.semrush.com/bot.html)" "mantech8.com"
185.191.171.9 - - [30/Oct/2022:05:51:46 -0700] "GET /index.php/camp-fire/5368298.html HTTP/1.1" 500 - "-" "Mozilla/5.0 (compatible; SemrushBot/7~bl; +http://www.semrush.com/bot.html)" "mantech8.com"
114.119.133.190 - - [30/Oct/2022:05:52:44 -0700] "GET /bimages/dimage/?C=N%3BO%3DD HTTP/1.1" 200 419 "http://www.mantech8.com/bimages/dimage/?C=S%3BO%3DA" "Mozilla/5.0 (Linux; Android 7.0;) AppleWebKit/537.36 (KHTML, like Gecko) Mobile Safari/537.36 (compatible; PetalBot;+https://webmaster.petalsearch.com/site/petalbot)" "www.mantech8.com"
185.191.171.15 - - [30/Oct/2022:05:53:14 -0700] "GET /index.php/camp-fire/16760365.html HTTP/1.1" 500 - "-" "Mozilla/5.0 (compatible; SemrushBot/7~bl; +http://www.semrush.com/bot.html)" "mantech8.com"
185.191.171.5 - - [30/Oct/2022:05:54:21 -0700] "GET /index.php/camp-fire/16862226.html HTTP/1.1" 500 - "-" "Mozilla/5.0 (compatible; SemrushBot/7~bl; +http://www.semrush.com/bot.html)" "mantech8.com"
185.191.171.37 - - [30/Oct/2022:05:55:03 -0700] "GET /index.php/camp-fire/20512883.html HTTP/1.1" 500 - "-" "Mozilla/5.0 (compatible; SemrushBot/7~bl; +http://www.semrush.com/bot.html)" "mantech8.com"
185.191.171.25 - - [30/Oct/2022:05:55:21 -0700] "GET /index.php/camp-fire/29694671.html HTTP/1.1" 500 - "-" "Mozilla/5.0 (compatible; SemrushBot/7~bl; +http://www.semrush.com/bot.html)" "mantech8.com"
40.77.190.71 - - [30/Oct/2022:05:55:34 -0700] "GET /js/jPages.min.js HTTP/1.1" 200 13120 "-" "Mozilla/5.0 (Windows NT 6.1; WOW64) AppleWebKit/534+ (KHTML, like Gecko) BingPreview/1.0b" "mantech8.com"
40.77.189.142 - - [30/Oct/2022:05:55:34 -0700] "GET /css/hover.css HTTP/1.1" 200 125785 "-" "Mozilla/5.0 (Windows NT 6.1; WOW64) AppleWebKit/534+ (KHTML, like Gecko) BingPreview/1.0b" "mantech8.com"
40.77.189.128 - - [30/Oct/2022:05:55:34 -0700] "GET /css/flaticon.css HTTP/1.1" 200 829 "-" "Mozilla/5.0 (Windows NT 6.1; WOW64) AppleWebKit/534+ (KHTML, like Gecko) BingPreview/1.0b" "mantech8.com"
40.77.190.97 - - [30/Oct/2022:05:55:34 -0700] "GET /css/font-awesome.css HTTP/1.1" 200 28896 "-" "Mozilla/5.0 (Windows NT 6.1; WOW64) AppleWebKit/534+ (KHTML, like Gecko) BingPreview/1.0b" "mantech8.com"
40.77.189.121 - - [30/Oct/2022:05:55:35 -0700] "GET /jsgal/jquery.mixitup.min.js HTTP/1.1" 200 28932 "-" "Mozilla/5.0 (Windows NT 6.1; WOW64) AppleWebKit/534+ (KHTML, like Gecko) BingPreview/1.0b" "mantech8.com"
40.77.189.2 - - [30/Oct/2022:05:55:35 -0700] "GET /jsgal/jquery.fancybox.pack.js HTTP/1.1" 200 23135 "-" "Mozilla/5.0 (Windows NT 6.1; WOW64) AppleWebKit/534+ (KHTML, like Gecko) BingPreview/1.0b" "mantech8.com"
40.77.190.102 - - [30/Oct/2022:05:55:36 -0700] "GET /fonts/fontawesome-webfont.woff2?v=4.5.0 HTTP/1.1" 200 66624 "-" "Mozilla/5.0 (Windows NT 6.1; WOW64) AppleWebKit/534+ (KHTML, like Gecko) BingPreview/1.0b" "mantech8.com"
185.191.171.3 - - [30/Oct/2022:05:55:48 -0700] "GET /index.php/camp-fire/12520178.html HTTP/1.1" 500 - "-" "Mozilla/5.0 (compatible; SemrushBot/7~bl; +http://www.semrush.com/bot.html)" "mantech8.com"
185.191.171.42 - - [30/Oct/2022:05:55:56 -0700] "GET /index.php/camp-fire/19159032.html HTTP/1.1" 500 - "-" "Mozilla/5.0 (compatible; SemrushBot/7~bl; +http://www.semrush.com/bot.html)" "mantech8.com"
185.191.171.1 - - [30/Oct/2022:05:57:25 -0700] "GET /index.php/camp-fire/34503981.html HTTP/1.1" 500 - "-" "Mozilla/5.0 (compatible; SemrushBot/7~bl; +http://www.semrush.com/bot.html)" "mantech8.com"
185.191.171.16 - - [30/Oct/2022:05:58:32 -0700] "GET /index.php/camp-fire/40440541.html HTTP/1.1" 500 - "-" "Mozilla/5.0 (compatible; SemrushBot/7~bl; +http://www.semrush.com/bot.html)" "mantech8.com"
