185.191.171.9 - - [30/Oct/2022:12:29:29 -0700] "GET /index.php/camp-fire/39872568.html HTTP/1.1" 500 - "-" "Mozilla/5.0 (compatible; SemrushBot/7~bl; +http://www.semrush.com/bot.html)" "mantech8.com"
185.191.171.44 - - [30/Oct/2022:12:31:36 -0700] "GET /index.php/camp-fire/5338477.html HTTP/1.1" 500 - "-" "Mozilla/5.0 (compatible; SemrushBot/7~bl; +http://www.semrush.com/bot.html)" "mantech8.com"
185.191.171.13 - - [30/Oct/2022:12:33:08 -0700] "GET /index.php/camp-fire/18132481.html HTTP/1.1" 500 - "-" "Mozilla/5.0 (compatible; SemrushBot/7~bl; +http://www.semrush.com/bot.html)" "mantech8.com"
185.191.171.8 - - [30/Oct/2022:12:33:12 -0700] "GET /index.php/camp-fire/3128578.html HTTP/1.1" 500 - "-" "Mozilla/5.0 (compatible; SemrushBot/7~bl; +http://www.semrush.com/bot.html)" "mantech8.com"
185.191.171.5 - - [30/Oct/2022:12:33:28 -0700] "GET /index.php/camp-fire/33720859.html HTTP/1.1" 500 - "-" "Mozilla/5.0 (compatible; SemrushBot/7~bl; +http://www.semrush.com/bot.html)" "mantech8.com"
114.119.133.165 - - [30/Oct/2022:12:33:33 -0700] "GET /bimages/safety/?C=N%3BO%3DD HTTP/1.1" 200 465 "http://mantech8.com/bimages/safety/" "Mozilla/5.0 (Linux; Android 7.0;) AppleWebKit/537.36 (KHTML, like Gecko) Mobile Safari/537.36 (compatible; PetalBot;+https://webmaster.petalsearch.com/site/petalbot)" "mantech8.com"
185.191.171.11 - - [30/Oct/2022:12:34:01 -0700] "GET /index.php/camp-fire/32556730.html HTTP/1.1" 500 - "-" "Mozilla/5.0 (compatible; SemrushBot/7~bl; +http://www.semrush.com/bot.html)" "mantech8.com"
185.191.171.37 - - [30/Oct/2022:12:34:19 -0700] "GET /index.php/camp-fire/16832576.html HTTP/1.1" 500 - "-" "Mozilla/5.0 (compatible; SemrushBot/7~bl; +http://www.semrush.com/bot.html)" "mantech8.com"
185.191.171.14 - - [30/Oct/2022:12:35:25 -0700] "GET /index.php/camp-fire/26684206.html HTTP/1.1" 500 - "-" "Mozilla/5.0 (compatible; SemrushBot/7~bl; +http://www.semrush.com/bot.html)" "mantech8.com"
185.191.171.9 - - [30/Oct/2022:12:35:40 -0700] "GET /index.php/camp-fire/18023681.html HTTP/1.1" 500 - "-" "Mozilla/5.0 (compatible; SemrushBot/7~bl; +http://www.semrush.com/bot.html)" "mantech8.com"
185.191.171.42 - - [30/Oct/2022:12:36:38 -0700] "GET /index.php/camp-fire/15896884.html HTTP/1.1" 500 - "-" "Mozilla/5.0 (compatible; SemrushBot/7~bl; +http://www.semrush.com/bot.html)" "mantech8.com"
185.191.171.22 - - [30/Oct/2022:12:37:14 -0700] "GET /index.php/camp-fire/26050751.html HTTP/1.1" 500 - "-" "Mozilla/5.0 (compatible; SemrushBot/7~bl; +http://www.semrush.com/bot.html)" "mantech8.com"
40.77.167.58 - - [30/Oct/2022:12:37:39 -0700] "GET /?camp-fire/18277742.html HTTP/1.1" 200 64631 "-" "Mozilla/5.0 AppleWebKit/537.36 (KHTML, like Gecko; compatible; bingbot/2.0; +http://www.bing.com/bingbot.htm) Chrome/103.0.5060.134 Safari/537.36" "mantech8.com"
185.191.171.6 - - [30/Oct/2022:12:38:42 -0700] "GET /index.php/camp-fire/19109832.html HTTP/1.1" 500 - "-" "Mozilla/5.0 (compatible; SemrushBot/7~bl; +http://www.semrush.com/bot.html)" "mantech8.com"
114.119.133.158 - - [30/Oct/2022:12:39:03 -0700] "GET /bimages/himage/para.php HTTP/1.1" 200 32 "http://www.mantech8.com/bimages/himage/?C=M%3BO%3DA" "Mozilla/5.0 (Linux; Android 7.0;) AppleWebKit/537.36 (KHTML, like Gecko) Mobile Safari/537.36 (compatible; PetalBot;+https://webmaster.petalsearch.com/site/petalbot)" "www.mantech8.com"
185.191.171.6 - - [30/Oct/2022:12:39:27 -0700] "GET /index.php/camp-fire/44355333.html HTTP/1.1" 500 - "-" "Mozilla/5.0 (compatible; SemrushBot/7~bl; +http://www.semrush.com/bot.html)" "mantech8.com"
185.191.171.35 - - [30/Oct/2022:12:39:51 -0700] "GET /index.php/camp-fire/22547817.html HTTP/1.1" 500 - "-" "Mozilla/5.0 (compatible; SemrushBot/7~bl; +http://www.semrush.com/bot.html)" "mantech8.com"
185.191.171.38 - - [30/Oct/2022:12:40:55 -0700] "GET /index.php/camp-fire/27103063.html HTTP/1.1" 500 - "-" "Mozilla/5.0 (compatible; SemrushBot/7~bl; +http://www.semrush.com/bot.html)" "mantech8.com"
185.191.171.40 - - [30/Oct/2022:12:41:08 -0700] "GET /index.php/camp-fire/15260272.html HTTP/1.1" 500 - "-" "Mozilla/5.0 (compatible; SemrushBot/7~bl; +http://www.semrush.com/bot.html)" "mantech8.com"
185.191.171.24 - - [30/Oct/2022:12:43:02 -0700] "GET /index.php/camp-fire/21861076.html HTTP/1.1" 500 - "-" "Mozilla/5.0 (compatible; SemrushBot/7~bl; +http://www.semrush.com/bot.html)" "mantech8.com"
103.231.5.52 - - [30/Oct/2022:12:43:09 -0700] "GET /contact.php HTTP/1.1" 200 29238 "http://mantech8.com/contact.php" "Mozilla/5.0 (Windows NT 10.0; Win64; x64) AppleWebKit/537.36 (KHTML, like Gecko) Chrome/90.0.4430.72 Safari/537.36" "mantech8.com"
103.231.5.52 - - [30/Oct/2022:12:43:11 -0700] "POST /mailer.php HTTP/1.1" 500 - "http://mantech8.com/contact.php" "Mozilla/5.0 (Windows NT 10.0; Win64; x64) AppleWebKit/537.36 (KHTML, like Gecko) Chrome/90.0.4430.72 Safari/537.36" "mantech8.com"
185.191.171.15 - - [30/Oct/2022:12:44:14 -0700] "GET /index.php/camp-fire/22115335.html HTTP/1.1" 500 - "-" "Mozilla/5.0 (compatible; SemrushBot/7~bl; +http://www.semrush.com/bot.html)" "mantech8.com"
185.191.171.14 - - [30/Oct/2022:12:44:28 -0700] "GET /index.php/camp-fire/3511698.html HTTP/1.1" 500 - "-" "Mozilla/5.0 (compatible; SemrushBot/7~bl; +http://www.semrush.com/bot.html)" "mantech8.com"
114.119.133.182 - - [30/Oct/2022:12:44:35 -0700] "GET /bimages/tank/?C=M%3BO%3DA HTTP/1.1" 200 411 "http://mantech8.com/bimages/tank/?C=N%3BO%3DD" "Mozilla/5.0 (Linux; Android 7.0;) AppleWebKit/537.36 (KHTML, like Gecko) Mobile Safari/537.36 (compatible; PetalBot;+https://webmaster.petalsearch.com/site/petalbot)" "mantech8.com"
185.191.171.7 - - [30/Oct/2022:12:44:56 -0700] "GET /index.php/camp-fire/18026781.html HTTP/1.1" 500 - "-" "Mozilla/5.0 (compatible; SemrushBot/7~bl; +http://www.semrush.com/bot.html)" "mantech8.com"
185.191.171.39 - - [30/Oct/2022:12:44:58 -0700] "GET /index.php/camp-fire/26065951.html HTTP/1.1" 500 - "-" "Mozilla/5.0 (compatible; SemrushBot/7~bl; +http://www.semrush.com/bot.html)" "mantech8.com"
185.191.171.12 - - [30/Oct/2022:12:48:47 -0700] "GET /robots.txt HTTP/1.1" 200 106 "-" "Mozilla/5.0 (compatible; SemrushBot/7~bl; +http://www.semrush.com/bot.html)" "mantech8.com"
185.191.171.2 - - [30/Oct/2022:12:48:47 -0700] "GET /index.php/camp-fire/22103917.html HTTP/1.1" 500 - "-" "Mozilla/5.0 (compatible; SemrushBot/7~bl; +http://www.semrush.com/bot.html)" "mantech8.com"
185.191.171.16 - - [30/Oct/2022:12:48:49 -0700] "GET /index.php/camp-fire/28151251.html HTTP/1.1" 500 - "-" "Mozilla/5.0 (compatible; SemrushBot/7~bl; +http://www.semrush.com/bot.html)" "mantech8.com"
185.191.171.25 - - [30/Oct/2022:12:49:00 -0700] "GET /index.php/camp-fire/26755447.html HTTP/1.1" 500 - "-" "Mozilla/5.0 (compatible; SemrushBot/7~bl; +http://www.semrush.com/bot.html)" "mantech8.com"
185.191.171.15 - - [30/Oct/2022:12:49:38 -0700] "GET /index.php/camp-fire/28849466.html HTTP/1.1" 500 - "-" "Mozilla/5.0 (compatible; SemrushBot/7~bl; +http://www.semrush.com/bot.html)" "mantech8.com"
114.119.133.165 - - [30/Oct/2022:12:50:05 -0700] "GET /piping.php HTTP/1.1" 200 13582 "http://www.mantech8.com/services.php" "Mozilla/5.0 (Linux; Android 7.0;) AppleWebKit/537.36 (KHTML, like Gecko) Mobile Safari/537.36 (compatible; PetalBot;+https://webmaster.petalsearch.com/site/petalbot)" "www.mantech8.com"
185.191.171.36 - - [30/Oct/2022:12:50:40 -0700] "GET /index.php/camp-fire/38220272.html HTTP/1.1" 500 - "-" "Mozilla/5.0 (compatible; SemrushBot/7~bl; +http://www.semrush.com/bot.html)" "mantech8.com"
185.191.171.37 - - [30/Oct/2022:12:51:06 -0700] "GET /index.php/camp-fire/35675150.html HTTP/1.1" 500 - "-" "Mozilla/5.0 (compatible; SemrushBot/7~bl; +http://www.semrush.com/bot.html)" "mantech8.com"
185.191.171.26 - - [30/Oct/2022:12:51:08 -0700] "GET /index.php/camp-fire/28863366.html HTTP/1.1" 500 - "-" "Mozilla/5.0 (compatible; SemrushBot/7~bl; +http://www.semrush.com/bot.html)" "mantech8.com"
185.191.171.7 - - [30/Oct/2022:12:51:45 -0700] "GET /index.php/camp-fire/34291759.html HTTP/1.1" 500 - "-" "Mozilla/5.0 (compatible; SemrushBot/7~bl; +http://www.semrush.com/bot.html)" "mantech8.com"
185.191.171.11 - - [30/Oct/2022:12:52:30 -0700] "GET /index.php/camp-fire/1179269.html HTTP/1.1" 500 - "-" "Mozilla/5.0 (compatible; SemrushBot/7~bl; +http://www.semrush.com/bot.html)" "mantech8.com"
185.191.171.21 - - [30/Oct/2022:12:52:36 -0700] "GET /index.php/camp-fire/10552457.html HTTP/1.1" 500 - "-" "Mozilla/5.0 (compatible; SemrushBot/7~bl; +http://www.semrush.com/bot.html)" "mantech8.com"
185.191.171.4 - - [30/Oct/2022:12:52:47 -0700] "GET /index.php/camp-fire/884469.html HTTP/1.1" 500 - "-" "Mozilla/5.0 (compatible; SemrushBot/7~bl; +http://www.semrush.com/bot.html)" "mantech8.com"
185.191.171.4 - - [30/Oct/2022:12:53:00 -0700] "GET /index.php/camp-fire/27045047.html HTTP/1.1" 500 - "-" "Mozilla/5.0 (compatible; SemrushBot/7~bl; +http://www.semrush.com/bot.html)" "mantech8.com"
185.191.171.3 - - [30/Oct/2022:12:54:01 -0700] "GET /index.php/camp-fire/15238584.html HTTP/1.1" 500 - "-" "Mozilla/5.0 (compatible; SemrushBot/7~bl; +http://www.semrush.com/bot.html)" "mantech8.com"
185.191.171.44 - - [30/Oct/2022:12:54:08 -0700] "GET /index.php/camp-fire/22091776.html HTTP/1.1" 500 - "-" "Mozilla/5.0 (compatible; SemrushBot/7~bl; +http://www.semrush.com/bot.html)" "mantech8.com"
114.119.133.190 - - [30/Oct/2022:12:55:40 -0700] "GET /bimages/service/thump/?C=N%3BO%3DD HTTP/1.1" 200 539 "http://www.mantech8.com/bimages/service/thump/?C=D%3BO%3DA" "Mozilla/5.0 (Linux; Android 7.0;) AppleWebKit/537.36 (KHTML, like Gecko) Mobile Safari/537.36 (compatible; PetalBot;+https://webmaster.petalsearch.com/site/petalbot)" "www.mantech8.com"
194.110.203.44 - - [30/Oct/2022:12:56:03 -0700] "GET /conf.tgz HTTP/1.1" 404 73 "-" "Firefox" "mantech8.com"
182.72.92.110 - - [30/Oct/2022:12:57:19 -0700] "GET /contact.php HTTP/1.1" 200 29238 "http://mantech8.com/contact.php" "Mozilla/5.0 (Windows NT 10.0; WOW64) AppleWebKit/537.36 (KHTML, like Gecko) Chrome/90.0.4430.93 Safari/537.36" "mantech8.com"
182.72.92.110 - - [30/Oct/2022:12:57:21 -0700] "POST /mailer.php HTTP/1.1" 500 - "http://mantech8.com/contact.php" "Mozilla/5.0 (Windows NT 10.0; WOW64) AppleWebKit/537.36 (KHTML, like Gecko) Chrome/90.0.4430.93 Safari/537.36" "mantech8.com"
185.191.171.39 - - [30/Oct/2022:12:57:50 -0700] "GET /index.php/camp-fire/22357781.html HTTP/1.1" 500 - "-" "Mozilla/5.0 (compatible; SemrushBot/7~bl; +http://www.semrush.com/bot.html)" "mantech8.com"
185.191.171.1 - - [30/Oct/2022:12:59:05 -0700] "GET /index.php/camp-fire/42861734.html HTTP/1.1" 500 - "-" "Mozilla/5.0 (compatible; SemrushBot/7~bl; +http://www.semrush.com/bot.html)" "mantech8.com"
185.191.171.10 - - [30/Oct/2022:12:59:27 -0700] "GET /index.php/camp-fire/38413059.html HTTP/1.1" 500 - "-" "Mozilla/5.0 (compatible; SemrushBot/7~bl; +http://www.semrush.com/bot.html)" "mantech8.com"
185.191.171.12 - - [30/Oct/2022:13:00:03 -0700] "GET /index.php/camp-fire/39340172.html HTTP/1.1" 500 - "-" "Mozilla/5.0 (compatible; SemrushBot/7~bl; +http://www.semrush.com/bot.html)" "mantech8.com"
185.191.171.35 - - [30/Oct/2022:13:00:22 -0700] "GET /index.php/camp-fire/13421398.html HTTP/1.1" 500 - "-" "Mozilla/5.0 (compatible; SemrushBot/7~bl; +http://www.semrush.com/bot.html)" "mantech8.com"
185.191.171.16 - - [30/Oct/2022:13:00:49 -0700] "GET /index.php/camp-fire/35536116.html HTTP/1.1" 500 - "-" "Mozilla/5.0 (compatible; SemrushBot/7~bl; +http://www.semrush.com/bot.html)" "mantech8.com"
114.119.133.182 - - [30/Oct/2022:13:01:13 -0700] "GET /index.php/infuriates.xml HTTP/1.1" 200 289387 "-" "Mozilla/5.0 (Linux; Android 7.0;) AppleWebKit/537.36 (KHTML, like Gecko) Mobile Safari/537.36 (compatible; PetalBot;+https://webmaster.petalsearch.com/site/petalbot)" "mantech8.com"
185.191.171.24 - - [30/Oct/2022:13:01:13 -0700] "GET /index.php/camp-fire/12194129.html HTTP/1.1" 500 - "-" "Mozilla/5.0 (compatible; SemrushBot/7~bl; +http://www.semrush.com/bot.html)" "mantech8.com"
185.191.171.8 - - [30/Oct/2022:13:01:16 -0700] "GET /index.php/camp-fire/21761417.html HTTP/1.1" 500 - "-" "Mozilla/5.0 (compatible; SemrushBot/7~bl; +http://www.semrush.com/bot.html)" "mantech8.com"
185.191.171.17 - - [30/Oct/2022:13:01:40 -0700] "GET /index.php/camp-fire/24130108.html HTTP/1.1" 500 - "-" "Mozilla/5.0 (compatible; SemrushBot/7~bl; +http://www.semrush.com/bot.html)" "mantech8.com"
185.191.171.3 - - [30/Oct/2022:13:02:45 -0700] "GET /index.php/camp-fire/28241861.html HTTP/1.1" 500 - "-" "Mozilla/5.0 (compatible; SemrushBot/7~bl; +http://www.semrush.com/bot.html)" "mantech8.com"
185.191.171.6 - - [30/Oct/2022:13:04:14 -0700] "GET /index.php/camp-fire/33647059.html HTTP/1.1" 500 - "-" "Mozilla/5.0 (compatible; SemrushBot/7~bl; +http://www.semrush.com/bot.html)" "mantech8.com"
185.191.171.35 - - [30/Oct/2022:13:04:48 -0700] "GET /index.php/camp-fire/40345950.html HTTP/1.1" 500 - "-" "Mozilla/5.0 (compatible; SemrushBot/7~bl; +http://www.semrush.com/bot.html)" "mantech8.com"
185.191.171.8 - - [30/Oct/2022:13:05:00 -0700] "GET /index.php/camp-fire/43765970.html HTTP/1.1" 500 - "-" "Mozilla/5.0 (compatible; SemrushBot/7~bl; +http://www.semrush.com/bot.html)" "mantech8.com"
185.191.171.25 - - [30/Oct/2022:13:05:41 -0700] "GET /index.php/camp-fire/27676606.html HTTP/1.1" 500 - "-" "Mozilla/5.0 (compatible; SemrushBot/7~bl; +http://www.semrush.com/bot.html)" "mantech8.com"
185.191.171.14 - - [30/Oct/2022:13:05:56 -0700] "GET /index.php/camp-fire/37178989.html HTTP/1.1" 500 - "-" "Mozilla/5.0 (compatible; SemrushBot/7~bl; +http://www.semrush.com/bot.html)" "mantech8.com"
185.191.171.26 - - [30/Oct/2022:13:06:24 -0700] "GET /index.php/camp-fire/50573706.html HTTP/1.1" 500 - "-" "Mozilla/5.0 (compatible; SemrushBot/7~bl; +http://www.semrush.com/bot.html)" "mantech8.com"
114.119.133.182 - - [30/Oct/2022:13:06:50 -0700] "GET /?sitemap87.xml HTTP/1.1" 200 270567 "-" "Mozilla/5.0 (Linux; Android 7.0;) AppleWebKit/537.36 (KHTML, like Gecko) Mobile Safari/537.36 (compatible; PetalBot;+https://webmaster.petalsearch.com/site/petalbot)" "mantech8.com"
185.191.171.3 - - [30/Oct/2022:13:07:55 -0700] "GET /index.php/camp-fire/20658232.html HTTP/1.1" 500 - "-" "Mozilla/5.0 (compatible; SemrushBot/7~bl; +http://www.semrush.com/bot.html)" "mantech8.com"
185.191.171.24 - - [30/Oct/2022:13:08:51 -0700] "GET /index.php/camp-fire/40300350.html HTTP/1.1" 500 - "-" "Mozilla/5.0 (compatible; SemrushBot/7~bl; +http://www.semrush.com/bot.html)" "mantech8.com"
185.191.171.3 - - [30/Oct/2022:13:11:20 -0700] "GET /index.php/camp-fire/12004576.html HTTP/1.1" 500 - "-" "Mozilla/5.0 (compatible; SemrushBot/7~bl; +http://www.semrush.com/bot.html)" "mantech8.com"
114.119.133.158 - - [30/Oct/2022:13:12:16 -0700] "GET /bimages/electric/?C=N%3BO%3DD HTTP/1.1" 200 420 "http://www.mantech8.com/bimages/electric/" "Mozilla/5.0 (Linux; Android 7.0;) AppleWebKit/537.36 (KHTML, like Gecko) Mobile Safari/537.36 (compatible; PetalBot;+https://webmaster.petalsearch.com/site/petalbot)" "www.mantech8.com"
185.191.171.11 - - [30/Oct/2022:13:12:39 -0700] "GET /index.php/camp-fire/15844024.html HTTP/1.1" 500 - "-" "Mozilla/5.0 (compatible; SemrushBot/7~bl; +http://www.semrush.com/bot.html)" "mantech8.com"
185.191.171.44 - - [30/Oct/2022:13:12:43 -0700] "GET /index.php/camp-fire/27378770.html HTTP/1.1" 500 - "-" "Mozilla/5.0 (compatible; SemrushBot/7~bl; +http://www.semrush.com/bot.html)" "mantech8.com"
185.191.171.6 - - [30/Oct/2022:13:13:04 -0700] "GET /index.php/camp-fire/7355380.html HTTP/1.1" 500 - "-" "Mozilla/5.0 (compatible; SemrushBot/7~bl; +http://www.semrush.com/bot.html)" "mantech8.com"
185.191.171.44 - - [30/Oct/2022:13:14:15 -0700] "GET /index.php/camp-fire/40813893.html HTTP/1.1" 500 - "-" "Mozilla/5.0 (compatible; SemrushBot/7~bl; +http://www.semrush.com/bot.html)" "mantech8.com"
40.77.167.58 - - [30/Oct/2022:13:14:31 -0700] "GET /index.php/hFdr-4dc8abdcb-IkiES.Ii HTTP/1.1" 200 66242 "-" "Mozilla/5.0 (compatible; bingbot/2.0; +http://www.bing.com/bingbot.htm)" "www.mantech8.com"
185.191.171.23 - - [30/Oct/2022:13:14:50 -0700] "GET /index.php/camp-fire/33186326.html HTTP/1.1" 500 - "-" "Mozilla/5.0 (compatible; SemrushBot/7~bl; +http://www.semrush.com/bot.html)" "mantech8.com"
185.191.171.39 - - [30/Oct/2022:13:16:11 -0700] "GET /index.php/camp-fire/28036921.html HTTP/1.1" 500 - "-" "Mozilla/5.0 (compatible; SemrushBot/7~bl; +http://www.semrush.com/bot.html)" "mantech8.com"
185.191.171.11 - - [30/Oct/2022:13:16:56 -0700] "GET /index.php/camp-fire/19461865.html HTTP/1.1" 500 - "-" "Mozilla/5.0 (compatible; SemrushBot/7~bl; +http://www.semrush.com/bot.html)" "mantech8.com"
114.119.133.182 - - [30/Oct/2022:13:17:46 -0700] "GET /bimages/vision/?C=D%3BO%3DA HTTP/1.1" 200 421 "http://mantech8.com/bimages/vision/?C=S%3BO%3DA" "Mozilla/5.0 (Linux; Android 7.0;) AppleWebKit/537.36 (KHTML, like Gecko) Mobile Safari/537.36 (compatible; PetalBot;+https://webmaster.petalsearch.com/site/petalbot)" "mantech8.com"
40.77.167.58 - - [30/Oct/2022:13:18:43 -0700] "GET /index.php?camp-fire/2354586.html HTTP/1.1" 200 67844 "-" "Mozilla/5.0 (compatible; bingbot/2.0; +http://www.bing.com/bingbot.htm)" "www.mantech8.com"
185.191.171.37 - - [30/Oct/2022:13:19:41 -0700] "GET /index.php/camp-fire/37064278.html HTTP/1.1" 500 - "-" "Mozilla/5.0 (compatible; SemrushBot/7~bl; +http://www.semrush.com/bot.html)" "mantech8.com"
185.191.171.25 - - [30/Oct/2022:13:19:43 -0700] "GET /index.php/camp-fire/32566025.html HTTP/1.1" 500 - "-" "Mozilla/5.0 (compatible; SemrushBot/7~bl; +http://www.semrush.com/bot.html)" "mantech8.com"
185.191.171.40 - - [30/Oct/2022:13:20:04 -0700] "GET /index.php/camp-fire/1242129.html HTTP/1.1" 500 - "-" "Mozilla/5.0 (compatible; SemrushBot/7~bl; +http://www.semrush.com/bot.html)" "mantech8.com"
207.46.13.94 - - [30/Oct/2022:13:20:10 -0700] "GET /index.php?camp-fire/90689065.html HTTP/1.1" 200 68052 "-" "Mozilla/5.0 (compatible; bingbot/2.0; +http://www.bing.com/bingbot.htm)" "www.mantech8.com"
216.244.66.241 - - [30/Oct/2022:13:20:22 -0700] "GET /robots.txt HTTP/1.1" 200 222 "-" "Mozilla/5.0 (compatible; DotBot/1.2; +https://opensiteexplorer.org/dotbot; help@moz.com)" "mantech8.com"
185.191.171.25 - - [30/Oct/2022:13:20:25 -0700] "GET /index.php/camp-fire/4973874.html HTTP/1.1" 500 - "-" "Mozilla/5.0 (compatible; SemrushBot/7~bl; +http://www.semrush.com/bot.html)" "mantech8.com"
185.191.171.2 - - [30/Oct/2022:13:20:48 -0700] "GET /index.php/camp-fire/28678964.html HTTP/1.1" 500 - "-" "Mozilla/5.0 (compatible; SemrushBot/7~bl; +http://www.semrush.com/bot.html)" "mantech8.com"
185.191.171.38 - - [30/Oct/2022:13:20:49 -0700] "GET /index.php/camp-fire/19034732.html HTTP/1.1" 500 - "-" "Mozilla/5.0 (compatible; SemrushBot/7~bl; +http://www.semrush.com/bot.html)" "mantech8.com"
185.191.171.12 - - [30/Oct/2022:13:21:00 -0700] "GET /index.php/camp-fire/1361600.html HTTP/1.1" 500 - "-" "Mozilla/5.0 (compatible; SemrushBot/7~bl; +http://www.semrush.com/bot.html)" "mantech8.com"
185.191.171.20 - - [30/Oct/2022:13:21:19 -0700] "GET /index.php/camp-fire/19475880.html HTTP/1.1" 500 - "-" "Mozilla/5.0 (compatible; SemrushBot/7~bl; +http://www.semrush.com/bot.html)" "mantech8.com"
185.191.171.38 - - [30/Oct/2022:13:21:36 -0700] "GET /index.php/camp-fire/42165625.html HTTP/1.1" 500 - "-" "Mozilla/5.0 (compatible; SemrushBot/7~bl; +http://www.semrush.com/bot.html)" "mantech8.com"
185.191.171.11 - - [30/Oct/2022:13:22:04 -0700] "GET /index.php/camp-fire/35052272.html HTTP/1.1" 500 - "-" "Mozilla/5.0 (compatible; SemrushBot/7~bl; +http://www.semrush.com/bot.html)" "mantech8.com"
114.119.133.166 - - [30/Oct/2022:13:23:13 -0700] "GET /?reym.xml HTTP/1.1" 200 270409 "-" "Mozilla/5.0 (Linux; Android 7.0;) AppleWebKit/537.36 (KHTML, like Gecko) Mobile Safari/537.36 (compatible; PetalBot;+https://webmaster.petalsearch.com/site/petalbot)" "mantech8.com"
185.191.171.9 - - [30/Oct/2022:13:23:33 -0700] "GET /index.php/camp-fire/28150135.html HTTP/1.1" 500 - "-" "Mozilla/5.0 (compatible; SemrushBot/7~bl; +http://www.semrush.com/bot.html)" "mantech8.com"
185.191.171.39 - - [30/Oct/2022:13:23:55 -0700] "GET /index.php/camp-fire/5955900.html HTTP/1.1" 500 - "-" "Mozilla/5.0 (compatible; SemrushBot/7~bl; +http://www.semrush.com/bot.html)" "mantech8.com"
20.216.151.99 - - [30/Oct/2022:13:24:27 -0700] "GET /contact.php HTTP/1.1" 200 29238 "http://mantech8.com/contact.php" "Mozilla/5.0 (Windows NT 10.0; Win64; x64) AppleWebKit/537.36 (KHTML, like Gecko) Chrome/90.0.4430.85 Safari/537.36" "mantech8.com"
20.216.151.99 - - [30/Oct/2022:13:24:28 -0700] "GET /verificationimage.php?2032 HTTP/1.1" 200 1289 "http://mantech8.com/contact.php" "Mozilla/5.0 (Windows NT 10.0; Win64; x64) AppleWebKit/537.36 (KHTML, like Gecko) Chrome/90.0.4430.85 Safari/537.36" "mantech8.com"
20.216.151.99 - - [30/Oct/2022:13:24:30 -0700] "POST /mailer.php HTTP/1.1" 500 - "http://mantech8.com/contact.php" "Mozilla/5.0 (Windows NT 10.0; Win64; x64) AppleWebKit/537.36 (KHTML, like Gecko) Chrome/90.0.4430.85 Safari/537.36" "mantech8.com"
185.191.171.15 - - [30/Oct/2022:13:24:40 -0700] "GET /index.php/camp-fire/38876641.html HTTP/1.1" 500 - "-" "Mozilla/5.0 (compatible; SemrushBot/7~bl; +http://www.semrush.com/bot.html)" "mantech8.com"
185.191.171.43 - - [30/Oct/2022:13:24:44 -0700] "GET /index.php/camp-fire/37590147.html HTTP/1.1" 500 - "-" "Mozilla/5.0 (compatible; SemrushBot/7~bl; +http://www.semrush.com/bot.html)" "mantech8.com"
157.55.39.152 - - [30/Oct/2022:13:25:22 -0700] "GET /index.php?/archive/category/%E3%81%9D%E3%81%AE%E4%BB%96-%E7%9C%8C%E7%AB%8B%E9%AB%98%E6%A0%A1%E3%81%AB%E3%82%BF%E3%83%90%E3%82%B3%E9%83%A8%E5%B1%8B HTTP/1.1" 200 68259 "-" "Mozilla/5.0 (compatible; bingbot/2.0; +http://www.bing.com/bingbot.htm)" "mantech8.com"
38.132.179.195 - - [30/Oct/2022:13:25:57 -0700] "GET /contact.php HTTP/1.1" 200 29238 "http://mantech8.com/contact.php" "Mozilla/5.0 (Windows NT 6.3; Win64; x64) AppleWebKit/537.36 (KHTML, like Gecko) Chrome/90.0.4430.85 Safari/537.36 Edg/90.0.818.49" "mantech8.com"
38.132.179.195 - - [30/Oct/2022:13:26:00 -0700] "POST /mailer.php HTTP/1.1" 500 - "http://mantech8.com/contact.php" "Mozilla/5.0 (Windows NT 6.3; Win64; x64) AppleWebKit/537.36 (KHTML, like Gecko) Chrome/90.0.4430.85 Safari/537.36 Edg/90.0.818.49" "mantech8.com"
185.191.171.5 - - [30/Oct/2022:13:26:06 -0700] "GET /index.php/camp-fire/8115778.html HTTP/1.1" 500 - "-" "Mozilla/5.0 (compatible; SemrushBot/7~bl; +http://www.semrush.com/bot.html)" "mantech8.com"
185.191.171.4 - - [30/Oct/2022:13:26:19 -0700] "GET /index.php/camp-fire/33107616.html HTTP/1.1" 500 - "-" "Mozilla/5.0 (compatible; SemrushBot/7~bl; +http://www.semrush.com/bot.html)" "mantech8.com"
185.191.171.3 - - [30/Oct/2022:13:26:23 -0700] "GET /index.php/camp-fire/25644446.html HTTP/1.1" 500 - "-" "Mozilla/5.0 (compatible; SemrushBot/7~bl; +http://www.semrush.com/bot.html)" "mantech8.com"
185.191.171.42 - - [30/Oct/2022:13:26:46 -0700] "GET /index.php/camp-fire/10186490.html HTTP/1.1" 500 - "-" "Mozilla/5.0 (compatible; SemrushBot/7~bl; +http://www.semrush.com/bot.html)" "mantech8.com"
185.191.171.14 - - [30/Oct/2022:13:27:30 -0700] "GET /index.php/camp-fire/27423897.html HTTP/1.1" 500 - "-" "Mozilla/5.0 (compatible; SemrushBot/7~bl; +http://www.semrush.com/bot.html)" "mantech8.com"
114.119.133.190 - - [30/Oct/2022:13:28:46 -0700] "GET /bimages/cert/ HTTP/1.1" 200 530 "http://mantech8.com/bimages/?C=S%3BO%3DA" "Mozilla/5.0 (Linux; Android 7.0;) AppleWebKit/537.36 (KHTML, like Gecko) Mobile Safari/537.36 (compatible; PetalBot;+https://webmaster.petalsearch.com/site/petalbot)" "mantech8.com"
185.191.171.36 - - [30/Oct/2022:13:32:56 -0700] "GET /index.php/camp-fire/27123563.html HTTP/1.1" 500 - "-" "Mozilla/5.0 (compatible; SemrushBot/7~bl; +http://www.semrush.com/bot.html)" "mantech8.com"
66.249.66.205 - - [30/Oct/2022:13:33:34 -0700] "GET /bimages/gallery/ HTTP/1.1" 200 1162 "-" "Googlebot-Image/1.0" "www.mantech8.com"
138.94.92.26 - - [30/Oct/2022:13:33:44 -0700] "GET /contact.php HTTP/1.1" 200 29238 "http://mantech8.com/contact.php" "Mozilla/5.0 (Windows NT 10.0; Win64; x64) AppleWebKit/537.36 (KHTML, like Gecko) Chrome/90.0.4430.72 Safari/537.36" "mantech8.com"
138.94.92.26 - - [30/Oct/2022:13:33:47 -0700] "POST /mailer.php HTTP/1.1" 500 - "http://mantech8.com/contact.php" "Mozilla/5.0 (Windows NT 10.0; Win64; x64) AppleWebKit/537.36 (KHTML, like Gecko) Chrome/90.0.4430.72 Safari/537.36" "mantech8.com"
185.191.171.1 - - [30/Oct/2022:13:33:52 -0700] "GET /index.php/camp-fire/26061651.html HTTP/1.1" 500 - "-" "Mozilla/5.0 (compatible; SemrushBot/7~bl; +http://www.semrush.com/bot.html)" "mantech8.com"
207.46.13.94 - - [30/Oct/2022:13:34:09 -0700] "GET /sitemapindex.xml HTTP/1.1" 404 88 "-" "Mozilla/5.0 (compatible; bingbot/2.0; +http://www.bing.com/bingbot.htm)" "mantech8.com"
207.46.13.94 - - [30/Oct/2022:13:34:09 -0700] "GET /sitemapindeximages.xml HTTP/1.1" 404 88 "-" "Mozilla/5.0 (compatible; bingbot/2.0; +http://www.bing.com/bingbot.htm)" "mantech8.com"
157.55.39.181 - - [30/Oct/2022:13:34:10 -0700] "GET /index.php?camp-fire/32220654.html HTTP/1.1" 200 65365 "-" "Mozilla/5.0 (compatible; bingbot/2.0; +http://www.bing.com/bingbot.htm)" "www.mantech8.com"
157.55.39.152 - - [30/Oct/2022:13:34:13 -0700] "GET /sitemapmobileindex.xml HTTP/1.1" 404 88 "-" "Mozilla/5.0 (compatible; bingbot/2.0; +http://www.bing.com/bingbot.htm)" "mantech8.com"
114.119.133.190 - - [30/Oct/2022:13:34:17 -0700] "GET /bimages/certificate/thump/?C=S%3BO%3DA HTTP/1.1" 200 637 "http://www.mantech8.com/bimages/certificate/thump/?C=N%3BO%3DD" "Mozilla/5.0 (Linux; Android 7.0;) AppleWebKit/537.36 (KHTML, like Gecko) Mobile Safari/537.36 (compatible; PetalBot;+https://webmaster.petalsearch.com/site/petalbot)" "www.mantech8.com"
157.55.39.181 - - [30/Oct/2022:13:34:19 -0700] "GET /sitemapnewindex.xml HTTP/1.1" 404 88 "-" "Mozilla/5.0 (compatible; bingbot/2.0; +http://www.bing.com/bingbot.htm)" "mantech8.com"
185.191.171.20 - - [30/Oct/2022:13:35:32 -0700] "GET /index.php/camp-fire/6436477.html HTTP/1.1" 500 - "-" "Mozilla/5.0 (compatible; SemrushBot/7~bl; +http://www.semrush.com/bot.html)" "mantech8.com"
40.77.167.58 - - [30/Oct/2022:13:35:43 -0700] "GET /index.php/WtZk-4dae-nLmQY.Ii HTTP/1.1" 200 83402 "-" "Mozilla/5.0 AppleWebKit/537.36 (KHTML, like Gecko; compatible; bingbot/2.0; +http://www.bing.com/bingbot.htm) Chrome/103.0.5060.134 Safari/537.36" "www.mantech8.com"
185.191.171.36 - - [30/Oct/2022:13:36:42 -0700] "GET /index.php/camp-fire/38130503.html HTTP/1.1" 500 - "-" "Mozilla/5.0 (compatible; SemrushBot/7~bl; +http://www.semrush.com/bot.html)" "mantech8.com"
185.191.171.5 - - [30/Oct/2022:13:36:52 -0700] "GET /index.php/camp-fire/36203566.html HTTP/1.1" 500 - "-" "Mozilla/5.0 (compatible; SemrushBot/7~bl; +http://www.semrush.com/bot.html)" "mantech8.com"
185.191.171.14 - - [30/Oct/2022:13:36:54 -0700] "GET /index.php/camp-fire/26122282.html HTTP/1.1" 500 - "-" "Mozilla/5.0 (compatible; SemrushBot/7~bl; +http://www.semrush.com/bot.html)" "mantech8.com"
185.191.171.3 - - [30/Oct/2022:13:37:06 -0700] "GET /index.php/camp-fire/15638159.html HTTP/1.1" 500 - "-" "Mozilla/5.0 (compatible; SemrushBot/7~bl; +http://www.semrush.com/bot.html)" "mantech8.com"
185.191.171.16 - - [30/Oct/2022:13:37:23 -0700] "GET /index.php/camp-fire/25638259.html HTTP/1.1" 500 - "-" "Mozilla/5.0 (compatible; SemrushBot/7~bl; +http://www.semrush.com/bot.html)" "mantech8.com"
185.191.171.36 - - [30/Oct/2022:13:37:25 -0700] "GET /index.php/camp-fire/13955683.html HTTP/1.1" 500 - "-" "Mozilla/5.0 (compatible; SemrushBot/7~bl; +http://www.semrush.com/bot.html)" "mantech8.com"
185.191.171.6 - - [30/Oct/2022:13:38:18 -0700] "GET /index.php/camp-fire/26625747.html HTTP/1.1" 500 - "-" "Mozilla/5.0 (compatible; SemrushBot/7~bl; +http://www.semrush.com/bot.html)" "mantech8.com"
66.249.66.46 - - [30/Oct/2022:13:39:30 -0700] "GET /manlundang.xml HTTP/1.1" 404 88 "-" "Mozilla/5.0 (compatible; Googlebot/2.1; +http://www.google.com/bot.html)" "mantech8.com"
185.191.171.35 - - [30/Oct/2022:13:39:37 -0700] "GET /index.php/camp-fire/28553664.html HTTP/1.1" 500 - "-" "Mozilla/5.0 (compatible; SemrushBot/7~bl; +http://www.semrush.com/bot.html)" "mantech8.com"
114.119.133.165 - - [30/Oct/2022:13:39:49 -0700] "GET /index.php/infuriates.xml HTTP/1.1" 200 289387 "-" "Mozilla/5.0 (compatible;PetalBot;+https://webmaster.petalsearch.com/site/petalbot)" "mantech8.com"
185.191.171.43 - - [30/Oct/2022:13:40:21 -0700] "GET /index.php/camp-fire/7734221.html HTTP/1.1" 500 - "-" "Mozilla/5.0 (compatible; SemrushBot/7~bl; +http://www.semrush.com/bot.html)" "mantech8.com"
66.249.66.61 - - [30/Oct/2022:13:40:37 -0700] "GET /bimages/gallery/thump/sb1.jpg HTTP/1.1" 200 168208 "-" "Googlebot-Image/1.0" "www.mantech8.com"
103.131.71.67 - - [30/Oct/2022:13:41:15 -0700] "GET /robots.txt HTTP/1.1" 200 106 "-" "Mozilla/5.0 (compatible; coccocbot-web/1.0; +http://help.coccoc.com/searchengine)" "mantech8.com"
185.191.171.4 - - [30/Oct/2022:13:41:26 -0700] "GET /index.php/camp-fire/27529080.html HTTP/1.1" 500 - "-" "Mozilla/5.0 (compatible; SemrushBot/7~bl; +http://www.semrush.com/bot.html)" "mantech8.com"
185.191.171.38 - - [30/Oct/2022:13:42:40 -0700] "GET /index.php/camp-fire/29531664.html HTTP/1.1" 500 - "-" "Mozilla/5.0 (compatible; SemrushBot/7~bl; +http://www.semrush.com/bot.html)" "mantech8.com"
192.236.177.111 - - [30/Oct/2022:13:43:32 -0700] "GET /contact.php HTTP/1.1" 200 29238 "http://mantech8.com/contact.php" "Mozilla/5.0 (Windows NT 10.0; WOW64) AppleWebKit/537.36 (KHTML, like Gecko) Chrome/90.0.4400.8 Safari/537.36" "mantech8.com"
192.236.177.111 - - [30/Oct/2022:13:43:33 -0700] "POST /mailer.php HTTP/1.1" 500 - "http://mantech8.com/contact.php" "Mozilla/5.0 (Windows NT 10.0; WOW64) AppleWebKit/537.36 (KHTML, like Gecko) Chrome/90.0.4400.8 Safari/537.36" "mantech8.com"
185.191.171.17 - - [30/Oct/2022:13:43:59 -0700] "GET /index.php/camp-fire/40381902.html HTTP/1.1" 500 - "-" "Mozilla/5.0 (compatible; SemrushBot/7~bl; +http://www.semrush.com/bot.html)" "mantech8.com"
185.191.171.14 - - [30/Oct/2022:13:44:13 -0700] "GET /index.php/camp-fire/39043635.html HTTP/1.1" 500 - "-" "Mozilla/5.0 (compatible; SemrushBot/7~bl; +http://www.semrush.com/bot.html)" "mantech8.com"
185.191.171.39 - - [30/Oct/2022:13:44:55 -0700] "GET /index.php/camp-fire/38159903.html HTTP/1.1" 500 - "-" "Mozilla/5.0 (compatible; SemrushBot/7~bl; +http://www.semrush.com/bot.html)" "mantech8.com"
114.119.133.166 - - [30/Oct/2022:13:45:25 -0700] "GET /?sitemap-index-3.xml HTTP/1.1" 200 4266 "-" "Mozilla/5.0 (compatible;PetalBot;+https://webmaster.petalsearch.com/site/petalbot)" "mantech8.com"
185.191.171.34 - - [30/Oct/2022:13:46:25 -0700] "GET /index.php/camp-fire/25135206.html HTTP/1.1" 500 - "-" "Mozilla/5.0 (compatible; SemrushBot/7~bl; +http://www.semrush.com/bot.html)" "mantech8.com"
185.191.171.3 - - [30/Oct/2022:13:46:27 -0700] "GET /index.php/camp-fire/43850108.html HTTP/1.1" 500 - "-" "Mozilla/5.0 (compatible; SemrushBot/7~bl; +http://www.semrush.com/bot.html)" "mantech8.com"
185.191.171.7 - - [30/Oct/2022:13:47:14 -0700] "GET /index.php/camp-fire/22465565.html HTTP/1.1" 500 - "-" "Mozilla/5.0 (compatible; SemrushBot/7~bl; +http://www.semrush.com/bot.html)" "mantech8.com"
185.191.171.42 - - [30/Oct/2022:13:47:18 -0700] "GET /index.php/camp-fire/27493265.html HTTP/1.1" 500 - "-" "Mozilla/5.0 (compatible; SemrushBot/7~bl; +http://www.semrush.com/bot.html)" "mantech8.com"
185.191.171.2 - - [30/Oct/2022:13:47:37 -0700] "GET /index.php/camp-fire/11276372.html HTTP/1.1" 500 - "-" "Mozilla/5.0 (compatible; SemrushBot/7~bl; +http://www.semrush.com/bot.html)" "mantech8.com"
40.77.167.58 - - [30/Oct/2022:13:49:06 -0700] "GET /index.php?camp-fire/10152285.html HTTP/1.1" 200 67228 "-" "Mozilla/5.0 (compatible; bingbot/2.0; +http://www.bing.com/bingbot.htm)" "mantech8.com"
185.191.171.15 - - [30/Oct/2022:13:49:16 -0700] "GET /robots.txt HTTP/1.1" 200 106 "-" "Mozilla/5.0 (compatible; SemrushBot/7~bl; +http://www.semrush.com/bot.html)" "mantech8.com"
185.191.171.6 - - [30/Oct/2022:13:49:16 -0700] "GET /index.php/camp-fire/47208017.html HTTP/1.1" 500 - "-" "Mozilla/5.0 (compatible; SemrushBot/7~bl; +http://www.semrush.com/bot.html)" "mantech8.com"
185.191.171.45 - - [30/Oct/2022:13:50:20 -0700] "GET /index.php/camp-fire/83574683.html HTTP/1.1" 500 - "-" "Mozilla/5.0 (compatible; SemrushBot/7~bl; +http://www.semrush.com/bot.html)" "mantech8.com"
114.119.133.158 - - [30/Oct/2022:13:50:52 -0700] "GET /?sitemap13.xml HTTP/1.1" 200 270602 "-" "Mozilla/5.0 (compatible;PetalBot;+https://webmaster.petalsearch.com/site/petalbot)" "mantech8.com"
185.191.171.2 - - [30/Oct/2022:13:50:56 -0700] "GET /index.php/camp-fire/39034235.html HTTP/1.1" 500 - "-" "Mozilla/5.0 (compatible; SemrushBot/7~bl; +http://www.semrush.com/bot.html)" "mantech8.com"
185.191.171.24 - - [30/Oct/2022:13:51:55 -0700] "GET /index.php/camp-fire/17389526.html HTTP/1.1" 500 - "-" "Mozilla/5.0 (compatible; SemrushBot/7~bl; +http://www.semrush.com/bot.html)" "mantech8.com"
207.46.13.149 - - [30/Oct/2022:13:53:11 -0700] "GET /index.php?camp-fire/56539357.html HTTP/1.1" 200 70323 "-" "Mozilla/5.0 AppleWebKit/537.36 (KHTML, like Gecko; compatible; bingbot/2.0; +http://www.bing.com/bingbot.htm) Chrome/103.0.5060.134 Safari/537.36" "www.mantech8.com"
185.191.171.7 - - [30/Oct/2022:13:53:49 -0700] "GET /index.php/camp-fire/17591980.html HTTP/1.1" 500 - "-" "Mozilla/5.0 (compatible; SemrushBot/7~bl; +http://www.semrush.com/bot.html)" "mantech8.com"
185.191.171.7 - - [30/Oct/2022:13:56:07 -0700] "GET /index.php/camp-fire/33732378.html HTTP/1.1" 500 - "-" "Mozilla/5.0 (compatible; SemrushBot/7~bl; +http://www.semrush.com/bot.html)" "mantech8.com"
114.119.133.190 - - [30/Oct/2022:13:56:25 -0700] "GET /?sitemap-index-8.xml HTTP/1.1" 200 4269 "-" "Mozilla/5.0 (compatible;PetalBot;+https://webmaster.petalsearch.com/site/petalbot)" "mantech8.com"
185.191.171.21 - - [30/Oct/2022:13:57:16 -0700] "GET /index.php/camp-fire/26124682.html HTTP/1.1" 500 - "-" "Mozilla/5.0 (compatible; SemrushBot/7~bl; +http://www.semrush.com/bot.html)" "mantech8.com"
185.191.171.7 - - [30/Oct/2022:13:57:36 -0700] "GET /index.php/camp-fire/29101989.html HTTP/1.1" 500 - "-" "Mozilla/5.0 (compatible; SemrushBot/7~bl; +http://www.semrush.com/bot.html)" "mantech8.com"
185.191.171.23 - - [30/Oct/2022:13:58:54 -0700] "GET /index.php/camp-fire/19458684.html HTTP/1.1" 500 - "-" "Mozilla/5.0 (compatible; SemrushBot/7~bl; +http://www.semrush.com/bot.html)" "mantech8.com"
185.191.171.44 - - [30/Oct/2022:13:59:05 -0700] "GET /index.php/camp-fire/31854171.html HTTP/1.1" 500 - "-" "Mozilla/5.0 (compatible; SemrushBot/7~bl; +http://www.semrush.com/bot.html)" "mantech8.com"
185.191.171.6 - - [30/Oct/2022:14:00:13 -0700] "GET /index.php/camp-fire/15597146.html HTTP/1.1" 500 - "-" "Mozilla/5.0 (compatible; SemrushBot/7~bl; +http://www.semrush.com/bot.html)" "mantech8.com"
185.191.171.4 - - [30/Oct/2022:14:00:40 -0700] "GET /index.php/camp-fire/8115678.html HTTP/1.1" 500 - "-" "Mozilla/5.0 (compatible; SemrushBot/7~bl; +http://www.semrush.com/bot.html)" "mantech8.com"
185.191.171.22 - - [30/Oct/2022:14:00:56 -0700] "GET /index.php/camp-fire/26641651.html HTTP/1.1" 500 - "-" "Mozilla/5.0 (compatible; SemrushBot/7~bl; +http://www.semrush.com/bot.html)" "mantech8.com"
185.191.171.15 - - [30/Oct/2022:14:01:20 -0700] "GET /index.php/camp-fire/48191271.html HTTP/1.1" 500 - "-" "Mozilla/5.0 (compatible; SemrushBot/7~bl; +http://www.semrush.com/bot.html)" "mantech8.com"
185.191.171.10 - - [30/Oct/2022:14:01:24 -0700] "GET /index.php/camp-fire/16695378.html HTTP/1.1" 500 - "-" "Mozilla/5.0 (compatible; SemrushBot/7~bl; +http://www.semrush.com/bot.html)" "mantech8.com"
185.191.171.5 - - [30/Oct/2022:14:01:29 -0700] "GET /index.php/camp-fire/27763509.html HTTP/1.1" 500 - "-" "Mozilla/5.0 (compatible; SemrushBot/7~bl; +http://www.semrush.com/bot.html)" "mantech8.com"
114.119.133.166 - - [30/Oct/2022:14:01:54 -0700] "GET /paintinggal.php HTTP/1.1" 200 18549 "http://www.mantech8.com/scaffoldinggal.php" "Mozilla/5.0 (Linux; Android 7.0;) AppleWebKit/537.36 (KHTML, like Gecko) Mobile Safari/537.36 (compatible; PetalBot;+https://webmaster.petalsearch.com/site/petalbot)" "www.mantech8.com"
185.191.171.44 - - [30/Oct/2022:14:01:55 -0700] "GET /index.php/camp-fire/695398.html HTTP/1.1" 500 - "-" "Mozilla/5.0 (compatible; SemrushBot/7~bl; +http://www.semrush.com/bot.html)" "mantech8.com"
185.191.171.14 - - [30/Oct/2022:14:03:39 -0700] "GET /index.php/camp-fire/8857721.html HTTP/1.1" 500 - "-" "Mozilla/5.0 (compatible; SemrushBot/7~bl; +http://www.semrush.com/bot.html)" "mantech8.com"
185.191.171.44 - - [30/Oct/2022:14:04:35 -0700] "GET /index.php/camp-fire/3926698.html HTTP/1.1" 500 - "-" "Mozilla/5.0 (compatible; SemrushBot/7~bl; +http://www.semrush.com/bot.html)" "mantech8.com"
185.191.171.12 - - [30/Oct/2022:14:04:43 -0700] "GET /index.php/camp-fire/43551792.html HTTP/1.1" 500 - "-" "Mozilla/5.0 (compatible; SemrushBot/7~bl; +http://www.semrush.com/bot.html)" "mantech8.com"
185.191.171.35 - - [30/Oct/2022:14:05:45 -0700] "GET /index.php/camp-fire/25055406.html HTTP/1.1" 500 - "-" "Mozilla/5.0 (compatible; SemrushBot/7~bl; +http://www.semrush.com/bot.html)" "mantech8.com"
114.119.133.158 - - [30/Oct/2022:14:07:28 -0700] "GET /bimages/cleang/display_select_lang.lib.php HTTP/1.1" 200 32 "http://www.mantech8.com/bimages/cleang/?C=M%3BO%3DA" "Mozilla/5.0 (Linux; Android 7.0;) AppleWebKit/537.36 (KHTML, like Gecko) Mobile Safari/537.36 (compatible; PetalBot;+https://webmaster.petalsearch.com/site/petalbot)" "www.mantech8.com"
185.191.171.45 - - [30/Oct/2022:14:08:07 -0700] "GET /index.php/camp-fire/7352980.html HTTP/1.1" 500 - "-" "Mozilla/5.0 (compatible; SemrushBot/7~bl; +http://www.semrush.com/bot.html)" "mantech8.com"
209.107.192.254 - - [30/Oct/2022:14:08:34 -0700] "GET /index.php?/menuindex.jsp=%27nvOpzp;%20AND%201=1%20OR%20(%3C%27%22%3EiKO)), HTTP/1.1" 500 - "-" "-" "www.mantech8.com"
185.191.171.36 - - [30/Oct/2022:14:10:44 -0700] "GET /index.php/camp-fire/26082251.html HTTP/1.1" 500 - "-" "Mozilla/5.0 (compatible; SemrushBot/7~bl; +http://www.semrush.com/bot.html)" "mantech8.com"
185.191.171.24 - - [30/Oct/2022:14:11:01 -0700] "GET /index.php/camp-fire/33897624.html HTTP/1.1" 500 - "-" "Mozilla/5.0 (compatible; SemrushBot/7~bl; +http://www.semrush.com/bot.html)" "mantech8.com"
185.191.171.9 - - [30/Oct/2022:14:11:22 -0700] "GET /index.php/camp-fire/21546572.html HTTP/1.1" 500 - "-" "Mozilla/5.0 (compatible; SemrushBot/7~bl; +http://www.semrush.com/bot.html)" "mantech8.com"
185.191.171.44 - - [30/Oct/2022:14:11:47 -0700] "GET /index.php/camp-fire/15250556.html HTTP/1.1" 500 - "-" "Mozilla/5.0 (compatible; SemrushBot/7~bl; +http://www.semrush.com/bot.html)" "mantech8.com"
52.226.210.206 - - [30/Oct/2022:14:12:31 -0700] "GET /robots.txt HTTP/1.1" 200 106 "-" "python-requests/2.27.1" "mantech8.com"
52.226.210.206 - - [30/Oct/2022:14:12:36 -0700] "GET /bimages/hgallery/thump/gb2.jpg HTTP/1.1" 200 80996 "-" "Mozilla/5.0 (Windows NT 10.0; Win64; x64) AppleWebKit/537.36 (KHTML, like Gecko) Chrome/76.0.3809.100 Safari/537.36" "mantech8.com"
114.119.133.190 - - [30/Oct/2022:14:13:02 -0700] "GET /?sitemap-index-6.xml HTTP/1.1" 200 4269 "-" "Mozilla/5.0 (compatible;PetalBot;+https://webmaster.petalsearch.com/site/petalbot)" "mantech8.com"
5.45.207.68 - - [30/Oct/2022:14:13:22 -0700] "GET /robots.txt HTTP/1.1" 200 222 "-" "Mozilla/5.0 (compatible; YandexBot/3.0; +http://yandex.com/bots)" "mantech8.com"
87.250.224.110 - - [30/Oct/2022:14:13:25 -0700] "GET /index.php/sitemap401.xml HTTP/1.1" 200 289292 "-" "Mozilla/5.0 (compatible; YandexBot/3.0; +http://yandex.com/bots)" "mantech8.com"
185.191.171.8 - - [30/Oct/2022:14:13:44 -0700] "GET /index.php/camp-fire/28230635.html HTTP/1.1" 500 - "-" "Mozilla/5.0 (compatible; SemrushBot/7~bl; +http://www.semrush.com/bot.html)" "mantech8.com"
185.191.171.2 - - [30/Oct/2022:14:13:58 -0700] "GET /index.php/camp-fire/59055292.html HTTP/1.1" 500 - "-" "Mozilla/5.0 (compatible; SemrushBot/7~bl; +http://www.semrush.com/bot.html)" "mantech8.com"
182.56.134.97 - - [30/Oct/2022:14:14:06 -0700] "GET /contact.php HTTP/1.1" 200 29238 "http://mantech8.com/contact.php" "Mozilla/5.0 (Windows NT 6.3; Win64; x64) AppleWebKit/537.36 (KHTML, like Gecko) Chrome/90.0.4430.85 Safari/537.36" "mantech8.com"
182.56.134.97 - - [30/Oct/2022:14:14:08 -0700] "POST /mailer.php HTTP/1.1" 500 - "http://mantech8.com/contact.php" "Mozilla/5.0 (Windows NT 6.3; Win64; x64) AppleWebKit/537.36 (KHTML, like Gecko) Chrome/90.0.4430.85 Safari/537.36" "mantech8.com"
185.191.171.19 - - [30/Oct/2022:14:14:54 -0700] "GET /index.php/camp-fire/22047417.html HTTP/1.1" 500 - "-" "Mozilla/5.0 (compatible; SemrushBot/7~bl; +http://www.semrush.com/bot.html)" "mantech8.com"
185.191.171.25 - - [30/Oct/2022:14:15:01 -0700] "GET /index.php/camp-fire/7807108.html HTTP/1.1" 500 - "-" "Mozilla/5.0 (compatible; SemrushBot/7~bl; +http://www.semrush.com/bot.html)" "mantech8.com"
185.191.171.19 - - [30/Oct/2022:14:15:44 -0700] "GET /index.php/camp-fire/28996709.html HTTP/1.1" 500 - "-" "Mozilla/5.0 (compatible; SemrushBot/7~bl; +http://www.semrush.com/bot.html)" "mantech8.com"
185.191.171.8 - - [30/Oct/2022:14:16:18 -0700] "GET /index.php/camp-fire/26536917.html HTTP/1.1" 500 - "-" "Mozilla/5.0 (compatible; SemrushBot/7~bl; +http://www.semrush.com/bot.html)" "mantech8.com"
185.191.171.40 - - [30/Oct/2022:14:17:17 -0700] "GET /index.php/camp-fire/29600730.html HTTP/1.1" 500 - "-" "Mozilla/5.0 (compatible; SemrushBot/7~bl; +http://www.semrush.com/bot.html)" "mantech8.com"
185.191.171.3 - - [30/Oct/2022:14:17:19 -0700] "GET /index.php/camp-fire/15630246.html HTTP/1.1" 500 - "-" "Mozilla/5.0 (compatible; SemrushBot/7~bl; +http://www.semrush.com/bot.html)" "mantech8.com"
185.191.171.41 - - [30/Oct/2022:14:17:31 -0700] "GET /index.php/camp-fire/27306897.html HTTP/1.1" 500 - "-" "Mozilla/5.0 (compatible; SemrushBot/7~bl; +http://www.semrush.com/bot.html)" "mantech8.com"
216.244.66.241 - - [30/Oct/2022:14:17:38 -0700] "GET /robots.txt HTTP/1.1" 200 222 "-" "Mozilla/5.0 (compatible; DotBot/1.2; +https://opensiteexplorer.org/dotbot; help@moz.com)" "www.mantech8.com"
216.244.66.241 - - [30/Oct/2022:14:17:38 -0700] "GET /robots.txt HTTP/1.1" 200 222 "-" "Mozilla/5.0 (compatible; DotBot/1.2; +https://opensiteexplorer.org/dotbot; help@moz.com)" "mantech8.com"
185.191.171.36 - - [30/Oct/2022:14:17:58 -0700] "GET /index.php/camp-fire/27573671.html HTTP/1.1" 500 - "-" "Mozilla/5.0 (compatible; SemrushBot/7~bl; +http://www.semrush.com/bot.html)" "mantech8.com"
185.191.171.4 - - [30/Oct/2022:14:18:28 -0700] "GET /index.php/camp-fire/7634108.html HTTP/1.1" 500 - "-" "Mozilla/5.0 (compatible; SemrushBot/7~bl; +http://www.semrush.com/bot.html)" "mantech8.com"
114.119.133.158 - - [30/Oct/2022:14:18:32 -0700] "GET /murium.xml HTTP/1.1" 404 88 "-" "Mozilla/5.0 (compatible;PetalBot;+https://webmaster.petalsearch.com/site/petalbot)" "mantech8.com"
185.191.171.37 - - [30/Oct/2022:14:18:40 -0700] "GET /index.php/camp-fire/40142288.html HTTP/1.1" 500 - "-" "Mozilla/5.0 (compatible; SemrushBot/7~bl; +http://www.semrush.com/bot.html)" "mantech8.com"
185.191.171.15 - - [30/Oct/2022:14:18:42 -0700] "GET /index.php/camp-fire/6418455.html HTTP/1.1" 500 - "-" "Mozilla/5.0 (compatible; SemrushBot/7~bl; +http://www.semrush.com/bot.html)" "mantech8.com"
185.191.171.23 - - [30/Oct/2022:14:20:17 -0700] "GET /index.php/camp-fire/4215285.html HTTP/1.1" 500 - "-" "Mozilla/5.0 (compatible; SemrushBot/7~bl; +http://www.semrush.com/bot.html)" "mantech8.com"
185.191.171.6 - - [30/Oct/2022:14:21:23 -0700] "GET /index.php/camp-fire/27702071.html HTTP/1.1" 500 - "-" "Mozilla/5.0 (compatible; SemrushBot/7~bl; +http://www.semrush.com/bot.html)" "mantech8.com"
185.191.171.33 - - [30/Oct/2022:14:21:24 -0700] "GET /index.php/camp-fire/32502668.html HTTP/1.1" 500 - "-" "Mozilla/5.0 (compatible; SemrushBot/7~bl; +http://www.semrush.com/bot.html)" "mantech8.com"
185.191.171.10 - - [30/Oct/2022:14:22:37 -0700] "GET /index.php/camp-fire/17527627.html HTTP/1.1" 500 - "-" "Mozilla/5.0 (compatible; SemrushBot/7~bl; +http://www.semrush.com/bot.html)" "mantech8.com"
185.191.171.42 - - [30/Oct/2022:14:23:09 -0700] "GET /index.php/camp-fire/38874592.html HTTP/1.1" 500 - "-" "Mozilla/5.0 (compatible; SemrushBot/7~bl; +http://www.semrush.com/bot.html)" "mantech8.com"
185.191.171.44 - - [30/Oct/2022:14:23:41 -0700] "GET /index.php/camp-fire/24010333.html HTTP/1.1" 500 - "-" "Mozilla/5.0 (compatible; SemrushBot/7~bl; +http://www.semrush.com/bot.html)" "mantech8.com"
114.119.133.165 - - [30/Oct/2022:14:24:09 -0700] "GET /?guangheng.xml HTTP/1.1" 200 270514 "-" "Mozilla/5.0 (compatible;PetalBot;+https://webmaster.petalsearch.com/site/petalbot)" "mantech8.com"
207.46.13.149 - - [30/Oct/2022:14:24:33 -0700] "GET /index.php?camp-fire/91691248.html HTTP/1.1" 200 68165 "-" "Mozilla/5.0 (compatible; bingbot/2.0; +http://www.bing.com/bingbot.htm)" "www.mantech8.com"
40.77.167.43 - - [30/Oct/2022:14:24:41 -0700] "GET /index.php?camp-fire/34505294.html HTTP/1.1" 200 78739 "-" "Mozilla/5.0 (compatible; bingbot/2.0; +http://www.bing.com/bingbot.htm)" "www.mantech8.com"
185.191.171.16 - - [30/Oct/2022:14:24:43 -0700] "GET /index.php/camp-fire/34223372.html HTTP/1.1" 500 - "-" "Mozilla/5.0 (compatible; SemrushBot/7~bl; +http://www.semrush.com/bot.html)" "mantech8.com"
185.191.171.21 - - [30/Oct/2022:14:24:55 -0700] "GET /index.php/camp-fire/94663935.html HTTP/1.1" 500 - "-" "Mozilla/5.0 (compatible; SemrushBot/7~bl; +http://www.semrush.com/bot.html)" "mantech8.com"
185.191.171.23 - - [30/Oct/2022:14:26:51 -0700] "GET /index.php/camp-fire/21476700.html HTTP/1.1" 500 - "-" "Mozilla/5.0 (compatible; SemrushBot/7~bl; +http://www.semrush.com/bot.html)" "mantech8.com"
185.191.171.19 - - [30/Oct/2022:14:26:57 -0700] "GET /index.php/camp-fire/8116808.html HTTP/1.1" 500 - "-" "Mozilla/5.0 (compatible; SemrushBot/7~bl; +http://www.semrush.com/bot.html)" "mantech8.com"
185.191.171.26 - - [30/Oct/2022:14:27:10 -0700] "GET /index.php/camp-fire/23715117.html HTTP/1.1" 500 - "-" "Mozilla/5.0 (compatible; SemrushBot/7~bl; +http://www.semrush.com/bot.html)" "mantech8.com"
114.119.133.190 - - [30/Oct/2022:14:29:39 -0700] "GET /bimages/gallery/alfacgiapi/perl.alfa HTTP/1.1" 200 542 "http://www.mantech8.com/bimages/gallery/alfacgiapi/?C=N%3BO%3DD" "Mozilla/5.0 (Linux; Android 7.0;) AppleWebKit/537.36 (KHTML, like Gecko) Mobile Safari/537.36 (compatible; PetalBot;+https://webmaster.petalsearch.com/site/petalbot)" "www.mantech8.com"
185.191.171.13 - - [30/Oct/2022:14:29:46 -0700] "GET /index.php/camp-fire/36930921.html HTTP/1.1" 500 - "-" "Mozilla/5.0 (compatible; SemrushBot/7~bl; +http://www.semrush.com/bot.html)" "mantech8.com"
185.191.171.21 - - [30/Oct/2022:14:31:20 -0700] "GET /index.php/camp-fire/42045703.html HTTP/1.1" 500 - "-" "Mozilla/5.0 (compatible; SemrushBot/7~bl; +http://www.semrush.com/bot.html)" "mantech8.com"
185.191.171.35 - - [30/Oct/2022:14:31:48 -0700] "GET /index.php/camp-fire/17858983.html HTTP/1.1" 500 - "-" "Mozilla/5.0 (compatible; SemrushBot/7~bl; +http://www.semrush.com/bot.html)" "mantech8.com"
185.191.171.21 - - [30/Oct/2022:14:31:53 -0700] "GET /index.php/camp-fire/4178685.html HTTP/1.1" 500 - "-" "Mozilla/5.0 (compatible; SemrushBot/7~bl; +http://www.semrush.com/bot.html)" "mantech8.com"
14.241.186.57 - - [30/Oct/2022:14:32:14 -0700] "GET /contact.php HTTP/1.1" 200 29238 "http://mantech8.com/contact.php" "Mozilla/5.0 (Windows NT 10.0; WOW64) AppleWebKit/537.36 (KHTML, like Gecko) Chrome/90.0.4430.72 Safari/537.36" "mantech8.com"
185.191.171.10 - - [30/Oct/2022:14:32:16 -0700] "GET /index.php/camp-fire/32592468.html HTTP/1.1" 500 - "-" "Mozilla/5.0 (compatible; SemrushBot/7~bl; +http://www.semrush.com/bot.html)" "mantech8.com"
14.241.186.57 - - [30/Oct/2022:14:32:18 -0700] "POST /mailer.php HTTP/1.1" 500 - "http://mantech8.com/contact.php" "Mozilla/5.0 (Windows NT 10.0; WOW64) AppleWebKit/537.36 (KHTML, like Gecko) Chrome/90.0.4430.72 Safari/537.36" "mantech8.com"
185.191.171.15 - - [30/Oct/2022:14:33:32 -0700] "GET /index.php/camp-fire/27659909.html HTTP/1.1" 500 - "-" "Mozilla/5.0 (compatible; SemrushBot/7~bl; +http://www.semrush.com/bot.html)" "mantech8.com"
185.191.171.6 - - [30/Oct/2022:14:34:39 -0700] "GET /index.php/camp-fire/27583663.html HTTP/1.1" 500 - "-" "Mozilla/5.0 (compatible; SemrushBot/7~bl; +http://www.semrush.com/bot.html)" "mantech8.com"
185.191.171.8 - - [30/Oct/2022:14:34:55 -0700] "GET /index.php/camp-fire/35482763.html HTTP/1.1" 500 - "-" "Mozilla/5.0 (compatible; SemrushBot/7~bl; +http://www.semrush.com/bot.html)" "mantech8.com"
114.119.133.182 - - [30/Oct/2022:14:35:13 -0700] "GET /bimages/cleang/?C=D%3BO%3DA HTTP/1.1" 200 505 "http://mantech8.com/bimages/cleang/?C=N%3BO%3DD" "Mozilla/5.0 (Linux; Android 7.0;) AppleWebKit/537.36 (KHTML, like Gecko) Mobile Safari/537.36 (compatible; PetalBot;+https://webmaster.petalsearch.com/site/petalbot)" "mantech8.com"
185.191.171.36 - - [30/Oct/2022:14:36:33 -0700] "GET /index.php/camp-fire/13110109.html HTTP/1.1" 500 - "-" "Mozilla/5.0 (compatible; SemrushBot/7~bl; +http://www.semrush.com/bot.html)" "mantech8.com"
185.191.171.17 - - [30/Oct/2022:14:36:35 -0700] "GET /index.php/camp-fire/27125563.html HTTP/1.1" 500 - "-" "Mozilla/5.0 (compatible; SemrushBot/7~bl; +http://www.semrush.com/bot.html)" "mantech8.com"
185.191.171.1 - - [30/Oct/2022:14:36:42 -0700] "GET /index.php/camp-fire/32409060.html HTTP/1.1" 500 - "-" "Mozilla/5.0 (compatible; SemrushBot/7~bl; +http://www.semrush.com/bot.html)" "mantech8.com"
185.191.171.3 - - [30/Oct/2022:14:36:50 -0700] "GET /index.php/camp-fire/26135482.html HTTP/1.1" 500 - "-" "Mozilla/5.0 (compatible; SemrushBot/7~bl; +http://www.semrush.com/bot.html)" "mantech8.com"
185.191.171.25 - - [30/Oct/2022:14:36:53 -0700] "GET /index.php/camp-fire/20496298.html HTTP/1.1" 500 - "-" "Mozilla/5.0 (compatible; SemrushBot/7~bl; +http://www.semrush.com/bot.html)" "mantech8.com"
185.191.171.38 - - [30/Oct/2022:14:36:54 -0700] "GET /index.php/camp-fire/44042316.html HTTP/1.1" 500 - "-" "Mozilla/5.0 (compatible; SemrushBot/7~bl; +http://www.semrush.com/bot.html)" "mantech8.com"
