114.119.133.158 - - [28/Oct/2022:18:31:33 -0700] "GET /scaffolding.php HTTP/1.1" 200 13407 "http://mantech8.com/services.php" "Mozilla/5.0 (Linux; Android 7.0;) AppleWebKit/537.36 (KHTML, like Gecko) Mobile Safari/537.36 (compatible; PetalBot;+https://webmaster.petalsearch.com/site/petalbot)" "mantech8.com"
185.191.171.25 - - [28/Oct/2022:18:31:58 -0700] "GET /index.php/camp-fire/27989959.html HTTP/1.1" 500 - "-" "Mozilla/5.0 (compatible; SemrushBot/7~bl; +http://www.semrush.com/bot.html)" "mantech8.com"
185.191.171.4 - - [28/Oct/2022:18:32:33 -0700] "GET /index.php/camp-fire/44159709.html HTTP/1.1" 500 - "-" "Mozilla/5.0 (compatible; SemrushBot/7~bl; +http://www.semrush.com/bot.html)" "mantech8.com"
185.191.171.39 - - [28/Oct/2022:18:34:53 -0700] "GET /index.php/camp-fire/37266378.html HTTP/1.1" 500 - "-" "Mozilla/5.0 (compatible; SemrushBot/7~bl; +http://www.semrush.com/bot.html)" "mantech8.com"
185.191.171.3 - - [28/Oct/2022:18:35:05 -0700] "GET /index.php/camp-fire/11963576.html HTTP/1.1" 500 - "-" "Mozilla/5.0 (compatible; SemrushBot/7~bl; +http://www.semrush.com/bot.html)" "mantech8.com"
185.191.171.13 - - [28/Oct/2022:18:35:32 -0700] "GET /index.php/camp-fire/41395071.html HTTP/1.1" 500 - "-" "Mozilla/5.0 (compatible; SemrushBot/7~bl; +http://www.semrush.com/bot.html)" "mantech8.com"
185.191.171.44 - - [28/Oct/2022:18:36:39 -0700] "GET /index.php/camp-fire/7595321.html HTTP/1.1" 500 - "-" "Mozilla/5.0 (compatible; SemrushBot/7~bl; +http://www.semrush.com/bot.html)" "mantech8.com"
185.191.171.40 - - [28/Oct/2022:18:36:41 -0700] "GET /index.php/camp-fire/26087151.html HTTP/1.1" 500 - "-" "Mozilla/5.0 (compatible; SemrushBot/7~bl; +http://www.semrush.com/bot.html)" "mantech8.com"
185.191.171.23 - - [28/Oct/2022:18:36:44 -0700] "GET /index.php/camp-fire/38141772.html HTTP/1.1" 500 - "-" "Mozilla/5.0 (compatible; SemrushBot/7~bl; +http://www.semrush.com/bot.html)" "mantech8.com"
185.191.171.35 - - [28/Oct/2022:18:36:50 -0700] "GET /index.php/camp-fire/42329671.html HTTP/1.1" 500 - "-" "Mozilla/5.0 (compatible; SemrushBot/7~bl; +http://www.semrush.com/bot.html)" "mantech8.com"
185.191.171.10 - - [28/Oct/2022:18:36:57 -0700] "GET /index.php/camp-fire/65344802.html HTTP/1.1" 500 - "-" "Mozilla/5.0 (compatible; SemrushBot/7~bl; +http://www.semrush.com/bot.html)" "mantech8.com"
185.191.171.44 - - [28/Oct/2022:18:37:01 -0700] "GET /index.php/camp-fire/24668524.html HTTP/1.1" 500 - "-" "Mozilla/5.0 (compatible; SemrushBot/7~bl; +http://www.semrush.com/bot.html)" "mantech8.com"
185.191.171.8 - - [28/Oct/2022:18:37:04 -0700] "GET /index.php/camp-fire/35708850.html HTTP/1.1" 500 - "-" "Mozilla/5.0 (compatible; SemrushBot/7~bl; +http://www.semrush.com/bot.html)" "mantech8.com"
185.191.171.40 - - [28/Oct/2022:18:37:39 -0700] "GET /index.php/camp-fire/47400892.html HTTP/1.1" 500 - "-" "Mozilla/5.0 (compatible; SemrushBot/7~bl; +http://www.semrush.com/bot.html)" "mantech8.com"
114.119.133.165 - - [28/Oct/2022:18:38:13 -0700] "GET /bimages/scafg/db_triggers.php HTTP/1.1" 200 32 "http://www.mantech8.com/bimages/scafg/?C=M%3BO%3DA" "Mozilla/5.0 (Linux; Android 7.0;) AppleWebKit/537.36 (KHTML, like Gecko) Mobile Safari/537.36 (compatible; PetalBot;+https://webmaster.petalsearch.com/site/petalbot)" "www.mantech8.com"
185.191.171.4 - - [28/Oct/2022:18:39:04 -0700] "GET /index.php/camp-fire/31913330.html HTTP/1.1" 500 - "-" "Mozilla/5.0 (compatible; SemrushBot/7~bl; +http://www.semrush.com/bot.html)" "mantech8.com"
185.191.171.38 - - [28/Oct/2022:18:39:17 -0700] "GET /index.php/camp-fire/17801280.html HTTP/1.1" 500 - "-" "Mozilla/5.0 (compatible; SemrushBot/7~bl; +http://www.semrush.com/bot.html)" "mantech8.com"
185.191.171.40 - - [28/Oct/2022:18:39:22 -0700] "GET /index.php/camp-fire/50554692.html HTTP/1.1" 500 - "-" "Mozilla/5.0 (compatible; SemrushBot/7~bl; +http://www.semrush.com/bot.html)" "mantech8.com"
185.191.171.10 - - [28/Oct/2022:18:39:23 -0700] "GET /index.php/camp-fire/40302850.html HTTP/1.1" 500 - "-" "Mozilla/5.0 (compatible; SemrushBot/7~bl; +http://www.semrush.com/bot.html)" "mantech8.com"
103.131.71.127 - - [28/Oct/2022:18:39:46 -0700] "GET /robots.txt HTTP/1.1" 200 106 "-" "Mozilla/5.0 (compatible; coccocbot-web/1.0; +http://help.coccoc.com/searchengine)" "mantech8.com"
185.191.171.17 - - [28/Oct/2022:18:40:20 -0700] "GET /index.php/camp-fire/30917141.html HTTP/1.1" 500 - "-" "Mozilla/5.0 (compatible; SemrushBot/7~bl; +http://www.semrush.com/bot.html)" "mantech8.com"
185.191.171.2 - - [28/Oct/2022:18:41:16 -0700] "GET /index.php/camp-fire/32418260.html HTTP/1.1" 500 - "-" "Mozilla/5.0 (compatible; SemrushBot/7~bl; +http://www.semrush.com/bot.html)" "mantech8.com"
185.191.171.41 - - [28/Oct/2022:18:41:18 -0700] "GET /index.php/camp-fire/3886774.html HTTP/1.1" 500 - "-" "Mozilla/5.0 (compatible; SemrushBot/7~bl; +http://www.semrush.com/bot.html)" "mantech8.com"
207.46.13.149 - - [28/Oct/2022:18:42:14 -0700] "GET /index.php/OmHpY-25ecaedbd-APS.Ii HTTP/1.1" 200 31296 "-" "Mozilla/5.0 AppleWebKit/537.36 (KHTML, like Gecko; compatible; bingbot/2.0; +http://www.bing.com/bingbot.htm) Chrome/103.0.5060.134 Safari/537.36" "mantech8.com"
185.191.171.17 - - [28/Oct/2022:18:42:30 -0700] "GET /index.php/camp-fire/37805638.html HTTP/1.1" 500 - "-" "Mozilla/5.0 (compatible; SemrushBot/7~bl; +http://www.semrush.com/bot.html)" "mantech8.com"
207.46.13.149 - - [28/Oct/2022:18:42:34 -0700] "GET /index.php?camp-fire/69253859.html HTTP/1.1" 200 71671 "-" "Mozilla/5.0 AppleWebKit/537.36 (KHTML, like Gecko; compatible; bingbot/2.0; +http://www.bing.com/bingbot.htm) Chrome/103.0.5060.134 Safari/537.36" "www.mantech8.com"
185.191.171.13 - - [28/Oct/2022:18:42:39 -0700] "GET /index.php/camp-fire/39819002.html HTTP/1.1" 500 - "-" "Mozilla/5.0 (compatible; SemrushBot/7~bl; +http://www.semrush.com/bot.html)" "mantech8.com"
185.191.171.4 - - [28/Oct/2022:18:42:49 -0700] "GET /index.php/camp-fire/35189709.html HTTP/1.1" 500 - "-" "Mozilla/5.0 (compatible; SemrushBot/7~bl; +http://www.semrush.com/bot.html)" "mantech8.com"
185.191.171.43 - - [28/Oct/2022:18:43:26 -0700] "GET /index.php/camp-fire/8557678.html HTTP/1.1" 500 - "-" "Mozilla/5.0 (compatible; SemrushBot/7~bl; +http://www.semrush.com/bot.html)" "mantech8.com"
185.191.171.10 - - [28/Oct/2022:18:43:40 -0700] "GET /index.php/camp-fire/26260182.html HTTP/1.1" 500 - "-" "Mozilla/5.0 (compatible; SemrushBot/7~bl; +http://www.semrush.com/bot.html)" "mantech8.com"
185.191.171.33 - - [28/Oct/2022:18:44:27 -0700] "GET /index.php/camp-fire/26099582.html HTTP/1.1" 500 - "-" "Mozilla/5.0 (compatible; SemrushBot/7~bl; +http://www.semrush.com/bot.html)" "mantech8.com"
185.191.171.5 - - [28/Oct/2022:18:45:02 -0700] "GET /index.php/camp-fire/36964416.html HTTP/1.1" 500 - "-" "Mozilla/5.0 (compatible; SemrushBot/7~bl; +http://www.semrush.com/bot.html)" "mantech8.com"
185.191.171.12 - - [28/Oct/2022:18:45:07 -0700] "GET /index.php/camp-fire/37883659.html HTTP/1.1" 500 - "-" "Mozilla/5.0 (compatible; SemrushBot/7~bl; +http://www.semrush.com/bot.html)" "mantech8.com"
185.191.171.23 - - [28/Oct/2022:18:45:28 -0700] "GET /index.php/camp-fire/45932849.html HTTP/1.1" 500 - "-" "Mozilla/5.0 (compatible; SemrushBot/7~bl; +http://www.semrush.com/bot.html)" "mantech8.com"
208.123.33.180 - - [28/Oct/2022:18:46:37 -0700] "GET /contact.php HTTP/1.1" 200 29238 "http://mantech8.com/contact.php" "Mozilla/5.0 (Windows NT 6.2; Win64; x64) AppleWebKit/537.36 (KHTML, like Gecko) Chrome/90.0.4430.93 Safari/537.36" "mantech8.com"
208.123.33.180 - - [28/Oct/2022:18:46:38 -0700] "POST /mailer.php HTTP/1.1" 500 - "http://mantech8.com/contact.php" "Mozilla/5.0 (Windows NT 6.2; Win64; x64) AppleWebKit/537.36 (KHTML, like Gecko) Chrome/90.0.4430.93 Safari/537.36" "mantech8.com"
185.191.171.13 - - [28/Oct/2022:18:46:47 -0700] "GET /index.php/camp-fire/8038142.html HTTP/1.1" 500 - "-" "Mozilla/5.0 (compatible; SemrushBot/7~bl; +http://www.semrush.com/bot.html)" "mantech8.com"
185.191.171.6 - - [28/Oct/2022:18:46:49 -0700] "GET /index.php/camp-fire/29652465.html HTTP/1.1" 500 - "-" "Mozilla/5.0 (compatible; SemrushBot/7~bl; +http://www.semrush.com/bot.html)" "mantech8.com"
185.191.171.7 - - [28/Oct/2022:18:47:32 -0700] "GET /index.php/camp-fire/34984625.html HTTP/1.1" 500 - "-" "Mozilla/5.0 (compatible; SemrushBot/7~bl; +http://www.semrush.com/bot.html)" "mantech8.com"
185.191.171.33 - - [28/Oct/2022:18:47:52 -0700] "GET /index.php/camp-fire/27106963.html HTTP/1.1" 500 - "-" "Mozilla/5.0 (compatible; SemrushBot/7~bl; +http://www.semrush.com/bot.html)" "mantech8.com"
185.191.171.4 - - [28/Oct/2022:18:48:35 -0700] "GET /index.php/camp-fire/8391700.html HTTP/1.1" 500 - "-" "Mozilla/5.0 (compatible; SemrushBot/7~bl; +http://www.semrush.com/bot.html)" "mantech8.com"
185.191.171.38 - - [28/Oct/2022:18:48:49 -0700] "GET /index.php/camp-fire/17535527.html HTTP/1.1" 500 - "-" "Mozilla/5.0 (compatible; SemrushBot/7~bl; +http://www.semrush.com/bot.html)" "mantech8.com"
185.191.171.10 - - [28/Oct/2022:18:49:08 -0700] "GET /index.php/camp-fire/26395383.html HTTP/1.1" 500 - "-" "Mozilla/5.0 (compatible; SemrushBot/7~bl; +http://www.semrush.com/bot.html)" "mantech8.com"
185.191.171.3 - - [28/Oct/2022:18:49:26 -0700] "GET /index.php/camp-fire/9111385.html HTTP/1.1" 500 - "-" "Mozilla/5.0 (compatible; SemrushBot/7~bl; +http://www.semrush.com/bot.html)" "mantech8.com"
185.191.171.25 - - [28/Oct/2022:18:50:16 -0700] "GET /robots.txt HTTP/1.1" 200 106 "-" "Mozilla/5.0 (compatible; SemrushBot/7~bl; +http://www.semrush.com/bot.html)" "mantech8.com"
185.191.171.10 - - [28/Oct/2022:18:50:16 -0700] "GET /index.php/camp-fire/5426877.html HTTP/1.1" 500 - "-" "Mozilla/5.0 (compatible; SemrushBot/7~bl; +http://www.semrush.com/bot.html)" "mantech8.com"
185.191.171.12 - - [28/Oct/2022:18:50:30 -0700] "GET /index.php/camp-fire/42102603.html HTTP/1.1" 500 - "-" "Mozilla/5.0 (compatible; SemrushBot/7~bl; +http://www.semrush.com/bot.html)" "mantech8.com"
185.191.171.9 - - [28/Oct/2022:18:51:30 -0700] "GET /index.php/camp-fire/38818117.html HTTP/1.1" 500 - "-" "Mozilla/5.0 (compatible; SemrushBot/7~bl; +http://www.semrush.com/bot.html)" "mantech8.com"
185.191.171.6 - - [28/Oct/2022:18:51:32 -0700] "GET /index.php/camp-fire/29907857.html HTTP/1.1" 500 - "-" "Mozilla/5.0 (compatible; SemrushBot/7~bl; +http://www.semrush.com/bot.html)" "mantech8.com"
185.191.171.4 - - [28/Oct/2022:18:52:18 -0700] "GET /index.php/camp-fire/17608580.html HTTP/1.1" 500 - "-" "Mozilla/5.0 (compatible; SemrushBot/7~bl; +http://www.semrush.com/bot.html)" "mantech8.com"
185.191.171.25 - - [28/Oct/2022:18:52:26 -0700] "GET /index.php/camp-fire/40576493.html HTTP/1.1" 500 - "-" "Mozilla/5.0 (compatible; SemrushBot/7~bl; +http://www.semrush.com/bot.html)" "mantech8.com"
66.249.70.178 - - [28/Oct/2022:18:53:18 -0700] "GET /tarandean.xml HTTP/1.1" 404 88 "-" "Mozilla/5.0 (compatible; Googlebot/2.1; +http://www.google.com/bot.html)" "mantech8.com"
157.55.39.152 - - [28/Oct/2022:18:53:43 -0700] "GET /index.php?/archive/category/4%EF%BC%89%E5%80%92%E7%94%A3%E5%BE%8C%E3%81%AE%E5%85%83%E7%A4%BE%E9%95%B7%E3%81%AE%E5%86%8D%E5%B0%B1%E8%81%B7-%E8%BB%A2%E8%81%B7%E7%B5%8C%E9%A8%93%E8%AB%87 HTTP/1.1" 200 60568 "-" "Mozilla/5.0 AppleWebKit/537.36 (KHTML, like Gecko; compatible; bingbot/2.0; +http://www.bing.com/bingbot.htm) Chrome/103.0.5060.134 Safari/537.36" "mantech8.com"
185.191.171.3 - - [28/Oct/2022:18:53:51 -0700] "GET /index.php/camp-fire/17380626.html HTTP/1.1" 500 - "-" "Mozilla/5.0 (compatible; SemrushBot/7~bl; +http://www.semrush.com/bot.html)" "mantech8.com"
114.119.133.158 - - [28/Oct/2022:18:54:47 -0700] "GET /bimages/hgallery/js_escape.lib.php HTTP/1.1" 200 32 "http://www.mantech8.com/bimages/hgallery/?C=S%3BO%3DA" "Mozilla/5.0 (Linux; Android 7.0;) AppleWebKit/537.36 (KHTML, like Gecko) Mobile Safari/537.36 (compatible; PetalBot;+https://webmaster.petalsearch.com/site/petalbot)" "www.mantech8.com"
185.191.171.5 - - [28/Oct/2022:18:55:13 -0700] "GET /index.php/camp-fire/23585506.html HTTP/1.1" 500 - "-" "Mozilla/5.0 (compatible; SemrushBot/7~bl; +http://www.semrush.com/bot.html)" "mantech8.com"
185.191.171.17 - - [28/Oct/2022:18:55:19 -0700] "GET /index.php/camp-fire/5326477.html HTTP/1.1" 500 - "-" "Mozilla/5.0 (compatible; SemrushBot/7~bl; +http://www.semrush.com/bot.html)" "mantech8.com"
185.191.171.19 - - [28/Oct/2022:18:55:30 -0700] "GET /index.php/camp-fire/35254438.html HTTP/1.1" 500 - "-" "Mozilla/5.0 (compatible; SemrushBot/7~bl; +http://www.semrush.com/bot.html)" "mantech8.com"
185.191.171.15 - - [28/Oct/2022:18:55:31 -0700] "GET /index.php/camp-fire/17967290.html HTTP/1.1" 500 - "-" "Mozilla/5.0 (compatible; SemrushBot/7~bl; +http://www.semrush.com/bot.html)" "mantech8.com"
185.191.171.5 - - [28/Oct/2022:18:55:38 -0700] "GET /index.php/camp-fire/34580626.html HTTP/1.1" 500 - "-" "Mozilla/5.0 (compatible; SemrushBot/7~bl; +http://www.semrush.com/bot.html)" "mantech8.com"
185.191.171.33 - - [28/Oct/2022:18:55:59 -0700] "GET /index.php/camp-fire/33532272.html HTTP/1.1" 500 - "-" "Mozilla/5.0 (compatible; SemrushBot/7~bl; +http://www.semrush.com/bot.html)" "mantech8.com"
185.191.171.7 - - [28/Oct/2022:18:56:39 -0700] "GET /index.php/camp-fire/40981250.html HTTP/1.1" 500 - "-" "Mozilla/5.0 (compatible; SemrushBot/7~bl; +http://www.semrush.com/bot.html)" "mantech8.com"
185.191.171.6 - - [28/Oct/2022:18:56:47 -0700] "GET /index.php/camp-fire/35682750.html HTTP/1.1" 500 - "-" "Mozilla/5.0 (compatible; SemrushBot/7~bl; +http://www.semrush.com/bot.html)" "mantech8.com"
185.191.171.10 - - [28/Oct/2022:18:57:10 -0700] "GET /index.php/camp-fire/1390159.html HTTP/1.1" 500 - "-" "Mozilla/5.0 (compatible; SemrushBot/7~bl; +http://www.semrush.com/bot.html)" "mantech8.com"
185.191.171.5 - - [28/Oct/2022:18:57:30 -0700] "GET /index.php/camp-fire/29934466.html HTTP/1.1" 500 - "-" "Mozilla/5.0 (compatible; SemrushBot/7~bl; +http://www.semrush.com/bot.html)" "mantech8.com"
185.191.171.44 - - [28/Oct/2022:18:57:50 -0700] "GET /index.php/camp-fire/29972166.html HTTP/1.1" 500 - "-" "Mozilla/5.0 (compatible; SemrushBot/7~bl; +http://www.semrush.com/bot.html)" "mantech8.com"
185.191.171.6 - - [28/Oct/2022:18:58:08 -0700] "GET /index.php/camp-fire/8824229.html HTTP/1.1" 500 - "-" "Mozilla/5.0 (compatible; SemrushBot/7~bl; +http://www.semrush.com/bot.html)" "mantech8.com"
185.191.171.9 - - [28/Oct/2022:18:58:13 -0700] "GET /index.php/camp-fire/2734953.html HTTP/1.1" 500 - "-" "Mozilla/5.0 (compatible; SemrushBot/7~bl; +http://www.semrush.com/bot.html)" "mantech8.com"
185.191.171.6 - - [28/Oct/2022:18:58:26 -0700] "GET /index.php/camp-fire/7881942.html HTTP/1.1" 500 - "-" "Mozilla/5.0 (compatible; SemrushBot/7~bl; +http://www.semrush.com/bot.html)" "mantech8.com"
185.191.171.8 - - [28/Oct/2022:18:58:43 -0700] "GET /index.php/camp-fire/4251796.html HTTP/1.1" 500 - "-" "Mozilla/5.0 (compatible; SemrushBot/7~bl; +http://www.semrush.com/bot.html)" "mantech8.com"
185.191.171.41 - - [28/Oct/2022:19:00:07 -0700] "GET /index.php/camp-fire/27280763.html HTTP/1.1" 500 - "-" "Mozilla/5.0 (compatible; SemrushBot/7~bl; +http://www.semrush.com/bot.html)" "mantech8.com"
185.191.171.15 - - [28/Oct/2022:19:00:31 -0700] "GET /index.php/camp-fire/43213008.html HTTP/1.1" 500 - "-" "Mozilla/5.0 (compatible; SemrushBot/7~bl; +http://www.semrush.com/bot.html)" "mantech8.com"
114.119.133.182 - - [28/Oct/2022:19:00:51 -0700] "GET /infuriates.xml HTTP/1.1" 404 88 "-" "Mozilla/5.0 (compatible;PetalBot;+https://webmaster.petalsearch.com/site/petalbot)" "mantech8.com"
185.191.171.6 - - [28/Oct/2022:19:00:53 -0700] "GET /index.php/camp-fire/36910150.html HTTP/1.1" 500 - "-" "Mozilla/5.0 (compatible; SemrushBot/7~bl; +http://www.semrush.com/bot.html)" "mantech8.com"
185.191.171.18 - - [28/Oct/2022:19:01:09 -0700] "GET /index.php/camp-fire/23715717.html HTTP/1.1" 500 - "-" "Mozilla/5.0 (compatible; SemrushBot/7~bl; +http://www.semrush.com/bot.html)" "mantech8.com"
216.244.66.241 - - [28/Oct/2022:19:01:09 -0700] "GET /robots.txt HTTP/1.1" 200 222 "-" "Mozilla/5.0 (compatible; DotBot/1.2; +https://opensiteexplorer.org/dotbot; help@moz.com)" "www.mantech8.com"
216.244.66.241 - - [28/Oct/2022:19:01:11 -0700] "GET /robots.txt HTTP/1.1" 200 222 "-" "Mozilla/5.0 (compatible; DotBot/1.2; +https://opensiteexplorer.org/dotbot; help@moz.com)" "mantech8.com"
40.77.167.58 - - [28/Oct/2022:19:01:19 -0700] "GET /index.php?camp-fire/62997452.html HTTP/1.1" 200 62625 "-" "Mozilla/5.0 AppleWebKit/537.36 (KHTML, like Gecko; compatible; bingbot/2.0; +http://www.bing.com/bingbot.htm) Chrome/103.0.5060.134 Safari/537.36" "www.mantech8.com"
103.131.71.37 - - [28/Oct/2022:19:01:37 -0700] "GET /robots.txt HTTP/1.1" 200 106 "-" "Mozilla/5.0 (compatible; coccocbot-image/1.0; +http://help.coccoc.com/searchengine)" "mantech8.com"
185.191.171.33 - - [28/Oct/2022:19:02:17 -0700] "GET /index.php/camp-fire/39929917.html HTTP/1.1" 500 - "-" "Mozilla/5.0 (compatible; SemrushBot/7~bl; +http://www.semrush.com/bot.html)" "mantech8.com"
185.191.171.39 - - [28/Oct/2022:19:02:30 -0700] "GET /index.php/camp-fire/18768861.html HTTP/1.1" 500 - "-" "Mozilla/5.0 (compatible; SemrushBot/7~bl; +http://www.semrush.com/bot.html)" "mantech8.com"
185.191.171.2 - - [28/Oct/2022:19:02:32 -0700] "GET /index.php/camp-fire/8309521.html HTTP/1.1" 500 - "-" "Mozilla/5.0 (compatible; SemrushBot/7~bl; +http://www.semrush.com/bot.html)" "mantech8.com"
185.191.171.1 - - [28/Oct/2022:19:02:59 -0700] "GET /index.php/camp-fire/47020476.html HTTP/1.1" 500 - "-" "Mozilla/5.0 (compatible; SemrushBot/7~bl; +http://www.semrush.com/bot.html)" "mantech8.com"
185.191.171.11 - - [28/Oct/2022:19:03:26 -0700] "GET /index.php/camp-fire/18687161.html HTTP/1.1" 500 - "-" "Mozilla/5.0 (compatible; SemrushBot/7~bl; +http://www.semrush.com/bot.html)" "mantech8.com"
185.191.171.10 - - [28/Oct/2022:19:03:52 -0700] "GET /index.php/camp-fire/28652589.html HTTP/1.1" 500 - "-" "Mozilla/5.0 (compatible; SemrushBot/7~bl; +http://www.semrush.com/bot.html)" "mantech8.com"
187.190.232.168 - - [28/Oct/2022:19:04:37 -0700] "GET /contact.php HTTP/1.1" 200 29238 "http://mantech8.com/contact.php" "Mozilla/5.0 (Windows NT 6.3; Win64; x64) AppleWebKit/537.36 (KHTML, like Gecko) Chrome/90.0.4430.85 Safari/537.36 Edg/90.0.818.46" "mantech8.com"
187.190.232.168 - - [28/Oct/2022:19:04:38 -0700] "POST /mailer.php HTTP/1.1" 500 - "http://mantech8.com/contact.php" "Mozilla/5.0 (Windows NT 6.3; Win64; x64) AppleWebKit/537.36 (KHTML, like Gecko) Chrome/90.0.4430.85 Safari/537.36 Edg/90.0.818.46" "mantech8.com"
185.191.171.20 - - [28/Oct/2022:19:05:14 -0700] "GET /index.php/camp-fire/50762634.html HTTP/1.1" 500 - "-" "Mozilla/5.0 (compatible; SemrushBot/7~bl; +http://www.semrush.com/bot.html)" "mantech8.com"
185.191.171.8 - - [28/Oct/2022:19:05:26 -0700] "GET /index.php/camp-fire/20647076.html HTTP/1.1" 500 - "-" "Mozilla/5.0 (compatible; SemrushBot/7~bl; +http://www.semrush.com/bot.html)" "mantech8.com"
185.191.171.4 - - [28/Oct/2022:19:05:28 -0700] "GET /index.php/camp-fire/4362996.html HTTP/1.1" 500 - "-" "Mozilla/5.0 (compatible; SemrushBot/7~bl; +http://www.semrush.com/bot.html)" "mantech8.com"
185.191.171.7 - - [28/Oct/2022:19:05:30 -0700] "GET /index.php/camp-fire/45380150.html HTTP/1.1" 500 - "-" "Mozilla/5.0 (compatible; SemrushBot/7~bl; +http://www.semrush.com/bot.html)" "mantech8.com"
185.191.171.39 - - [28/Oct/2022:19:06:09 -0700] "GET /index.php/camp-fire/31956930.html HTTP/1.1" 500 - "-" "Mozilla/5.0 (compatible; SemrushBot/7~bl; +http://www.semrush.com/bot.html)" "mantech8.com"
109.107.184.211 - - [28/Oct/2022:19:06:09 -0700] "GET /contact.php HTTP/1.1" 200 29238 "http://mantech8.com/contact.php" "Mozilla/5.0 (Windows NT 10.0; Win64; x64) AppleWebKit/537.36 (KHTML, like Gecko) Chrome/90.0.4430.72 Safari/537.36 Edg/90.0.818.42" "mantech8.com"
185.191.171.18 - - [28/Oct/2022:19:06:23 -0700] "GET /index.php/camp-fire/28412564.html HTTP/1.1" 500 - "-" "Mozilla/5.0 (compatible; SemrushBot/7~bl; +http://www.semrush.com/bot.html)" "mantech8.com"
185.191.171.5 - - [28/Oct/2022:19:06:40 -0700] "GET /index.php/camp-fire/27062076.html HTTP/1.1" 500 - "-" "Mozilla/5.0 (compatible; SemrushBot/7~bl; +http://www.semrush.com/bot.html)" "mantech8.com"
114.119.133.182 - - [28/Oct/2022:19:06:58 -0700] "GET /index.php/umbilic.xml HTTP/1.1" 200 289371 "-" "Mozilla/5.0 (compatible;PetalBot;+https://webmaster.petalsearch.com/site/petalbot)" "mantech8.com"
185.191.171.10 - - [28/Oct/2022:19:08:24 -0700] "GET /index.php/camp-fire/32510560.html HTTP/1.1" 500 - "-" "Mozilla/5.0 (compatible; SemrushBot/7~bl; +http://www.semrush.com/bot.html)" "mantech8.com"
185.191.171.4 - - [28/Oct/2022:19:08:39 -0700] "GET /index.php/camp-fire/17571465.html HTTP/1.1" 500 - "-" "Mozilla/5.0 (compatible; SemrushBot/7~bl; +http://www.semrush.com/bot.html)" "mantech8.com"
185.191.171.34 - - [28/Oct/2022:19:09:02 -0700] "GET /index.php/camp-fire/27194663.html HTTP/1.1" 500 - "-" "Mozilla/5.0 (compatible; SemrushBot/7~bl; +http://www.semrush.com/bot.html)" "mantech8.com"
185.191.171.35 - - [28/Oct/2022:19:09:34 -0700] "GET /index.php/camp-fire/7964542.html HTTP/1.1" 500 - "-" "Mozilla/5.0 (compatible; SemrushBot/7~bl; +http://www.semrush.com/bot.html)" "mantech8.com"
185.191.171.43 - - [28/Oct/2022:19:09:35 -0700] "GET /index.php/camp-fire/27398397.html HTTP/1.1" 500 - "-" "Mozilla/5.0 (compatible; SemrushBot/7~bl; +http://www.semrush.com/bot.html)" "mantech8.com"
185.191.171.42 - - [28/Oct/2022:19:09:44 -0700] "GET /index.php/camp-fire/35434616.html HTTP/1.1" 500 - "-" "Mozilla/5.0 (compatible; SemrushBot/7~bl; +http://www.semrush.com/bot.html)" "mantech8.com"
185.191.171.12 - - [28/Oct/2022:19:09:51 -0700] "GET /index.php/camp-fire/27197063.html HTTP/1.1" 500 - "-" "Mozilla/5.0 (compatible; SemrushBot/7~bl; +http://www.semrush.com/bot.html)" "mantech8.com"
185.191.171.14 - - [28/Oct/2022:19:10:03 -0700] "GET /index.php/camp-fire/50174103.html HTTP/1.1" 500 - "-" "Mozilla/5.0 (compatible; SemrushBot/7~bl; +http://www.semrush.com/bot.html)" "mantech8.com"
185.191.171.1 - - [28/Oct/2022:19:10:22 -0700] "GET /index.php/camp-fire/7442980.html HTTP/1.1" 500 - "-" "Mozilla/5.0 (compatible; SemrushBot/7~bl; +http://www.semrush.com/bot.html)" "mantech8.com"
185.191.171.5 - - [28/Oct/2022:19:11:01 -0700] "GET /index.php/camp-fire/22590487.html HTTP/1.1" 500 - "-" "Mozilla/5.0 (compatible; SemrushBot/7~bl; +http://www.semrush.com/bot.html)" "mantech8.com"
185.191.171.8 - - [28/Oct/2022:19:11:19 -0700] "GET /index.php/camp-fire/33714508.html HTTP/1.1" 500 - "-" "Mozilla/5.0 (compatible; SemrushBot/7~bl; +http://www.semrush.com/bot.html)" "mantech8.com"
185.191.171.38 - - [28/Oct/2022:19:11:30 -0700] "GET /index.php/camp-fire/39026030.html HTTP/1.1" 500 - "-" "Mozilla/5.0 (compatible; SemrushBot/7~bl; +http://www.semrush.com/bot.html)" "mantech8.com"
152.89.198.50 - - [28/Oct/2022:19:11:36 -0700] "GET /index.php?camp-fire/35303994.html? HTTP/1.1" 500 - "-" "Mozilla/5.0 (Macintosh; Intel Mac OS X 10_15_5) AppleWebKit/537.36 (KHTML, like Gecko) Chrome/83.0.4103.97 Safari/537.36" "www.mantech8.com"
152.89.198.50 - - [28/Oct/2022:19:11:36 -0700] "GET /index.php?camp-fire/35303994.html?mCdC9RJoZ0=SSXLY&tTjtaJZ95v=OFUPN&MRaFwGZsjO=Wix0a&wA8oIEzZz7=7js9p&bHvYZvwZ7b=tcGSU&biVW1XEZ5h=DqzJ3&FXgr1wmaHt=wzLq0&rNJ4swzhcN=iqr0x&YB6li2rkYj=b9Qvx&JqjdRx0Obe=ZLIQs&fzkjv2oET8=LZ993&HTET7ElO8n=kI0Tu&1rAOaIXEj3=OEbzL&rqA1EsZVaP=EVwbB&4aVqOFqK9L=B5A0U&ZdtW9WyXfH=yG3JN&vJHfYkpVdO=JR32l&CsF2fYZEF2=VGh1c&9fB87M3Z4p=alBAz&H5Zsbb6G1L=81T50&5zuRNaJy88=U3I2H&q81b0aRjib=MgOrD&qINtNoMMun=OaIE4&eYBte63gx3=8zRFG&3e3c4I3dbm=v6ebl&Jy1ZUaY5zK=1FmJU&wAGPzS2Nib=r0red&Jz91NNuzZO=BgKZt&k0n9lMlp7F=jmicP&LW0uDwYj3U=C2B4F&zbFi8FOYf2=5GVYh&3FNnlrS1Ev=W0K8O&zOQ0Da1O6J=ihX0N&K3n51mnkwi=iz2pp&TvVGk8YQfu=FCyUO&8wNWi2spVr=ZUmiJ&uABN8B5d76=dediT&kZD3CFtmOr=gQIY6&CMqM680wFw=XaY2W&pXVTibgggC=tSCqF&BFM5vA5y4Q=xrWNx&4lt9xiGRbF=bl916&GwzkQZYtaS=vwejH&HX3UU3215v=93Tkz&iu5ZqI10Bd=EwOMq&CA4at7zrLg=MT3K6&jMjc9MGsM8=cZOmg&EQCgu2nU74=wDE0z&jfQXRknnVB=h32wo&VmsfWt2qYJ=6PDUI&DuQw8VTwFH=1Xo8b&6w5UysZ2Y4=rIDWe&RKp6WSRvRK=6CfgC&KaxoRaTOG7=vof1s&UGNRjur48e=Z8AYp&oRr2FKklDg=7QdIc&5ZQGMvxOjD=ITLPC&ZPY8SfgVXT=okEY3&ftLAz9i7zi=aR4Fi&2k0Hh8yDwk=9ZinJ&Z02eNtd3cW=0teEx&kdNaMm74od=3ySk8&Adkc4FGAtY=XtS0C&9iSd7JSmFS=MJg1s&pzHjDa1zEn=L81sa&PbomDaj0uJ=NdfrE&D8pl2iigdk=tZT0F&fPRg2iCOu8=lrQr7&nklbB3vptL=OueWJ&r59YQnCAWE=tkw7v&msMpkxJU0A=vL76A&q8Mv7HvDCg=r5D9p&JieIBTlZdP=384BI&CeTCmtH6OW=pS6lE&10agILgHAU=jERkX&ykwS1kDPF6=bjs8P&wWI5UNtDOq=nPNzB&GxUq68bJLf=WZJAY&zezyKxjIMT=BW0Do&KkImzs8J61=Cd4SS&bApFy5oHxt=vyCch&bvOXyRhzc4=AEkNQ&CmIHOyhDH6=HIVsO&k4GBRBKrPT=IDSP5&s99aXbEcci=WuGn1&HDQUIybIBA=F5AVD&Wg4TCRFN3b=1kdve&3YSw9LLdUu=Rr78S&W8uWRfwFd6=7ywIQ&AQrsWv4rH4=HE2KD&hLjD7t7kVI=YVWQ7&tTRHyDXAJT=DQ34W&RP5m8rwxFr=qb949&2A0jkeiUHZ=UicLt&ilckLQF0Hs=ceQqI&PbqFTJ2qBx=TmuyC&R6sgcjuTAc=BNyCn&vfKUHH2cVQ=hMfZK&SSoWlYnUDd=qbaZh&QjYSnqjGxC=KtvAY&sAw95b1ROA=XG08R&gSRncBSgJL=qwSHR&5yY3CaSJnT=abdlC&bCgqzfedTI=CFSwn&n7YRFml5as=9eNu2&EU5dWpGtMa=7UGmu&Vyjh8KoUzH=Vq6cu&7MpcEQE2QD=NNEyK&5rhUDaTCRn=lejgy&uEQdhJsrQB=OFcDm&ydsjTLWULW=bTQkb&ANGQCCG0Nm=zIjRs&R1IahxMEl5=qvCKp&EGSKHMDGoY=01cC1&laP87GuGjp=KNQOD&TErdXV7pms=WpUrr&Qb8EbjLiU9=e63HA&b4Bgfjz17R=5uPYD&8XmEeZ4MCB=RrLjo&mC5pFDcOb2=s6qfJ&BbXegfQds7=Jg2kP&NTVUd4On2v=JBaQW&nzEuf0aGv5=ISJ9K&RX1CBnxFCb=ZWj0f&0GocRU1nGG=WPoQv&bBvn6HMKBG=XZfQd&XUPPYmKFCf=AnYaU&Fg6qswmDIs=YXyc9 HTTP/1.1" 500 - "-" "Mozilla/5.0 (Macintosh; Intel Mac OS X 10_15_5) AppleWebKit/537.36 (KHTML, like Gecko) Chrome/83.0.4103.97 Safari/537.36" "www.mantech8.com"
152.89.198.50 - - [28/Oct/2022:19:11:36 -0700] "GET /index.php?camp-fire/35303994.html?uG0THvpbGK=wn0Sh&d7UMwNV5km=jTGc8&oEQMn5tBFW=K9TyB&tAMNUMLHHF=GpafU&Rz2t7aOtBI=S3L0Y&VjTNEJlsJI=X7605&GfriObC1Fj=gzUFr&fvytpWZ6tx=H6Rty&tXhexZbbff=xoHxN&adt1aNyHej=iAjBW&8wRqsFYSb8=V19Ff&D8NCNzGuBe=z9dbs&pocm6PpcgL=4iqhr&8texbtoXyC=2ojei&CxZNiVp5Z9=NZNai&k05MTrB3dN=6q4Zg&Olh7Z9K8JN=d43u8&tHpfyEaKIS=JnFPj&iEPPzmz544=9q9c9&CzFnSz6O8I=VWep8&Y4cIgfMvfO=iCcz6&PcDf631QH9=KoWoz&68bUqN8edE=LE0ig&b1K8ya6Vd3=unn3W&CjVNm1eZCY=SrAg5&PsB18jOIEC=ymr6n&Kbua47TOTb=lqLG6&POhir5Lriz=hI7yZ&uY30KuGrjp=MKPdx&4BxjJQeinz=iMrt6&i8bhbMAJW8=ZGRqQ&oIci4AAXhP=SuDFG&uKnNIqkRsN=O4hy2&TsRtyFXYxZ=iowRh&gT9j2QHYkg=wm4UY&xsJLQWXbhW=Yh58d&rPNvvyxf0u=FgLpR&n0ejCx9A7B=oGnFX&aLPlyzFdTW=UzwPs&Syo3M4khjU=tE7CT HTTP/1.1" 500 - "-" "Mozilla/5.0 (Macintosh; Intel Mac OS X 10_15_5) AppleWebKit/537.36 (KHTML, like Gecko) Chrome/83.0.4103.97 Safari/537.36" "www.mantech8.com"
152.89.198.50 - - [28/Oct/2022:19:11:36 -0700] "GET /index.php?camp-fire/35303994.html?UM6rjpvXNb=wtpbR&ekpa05jS7U=dwOWi&JJcYnSNGtY=bdTpG&ojCHeVAmoJ=2OgFe&i3TPxTwZxB=McRHg&7hyQTWptks=AcS91&cwgYvsvxR0=vyjni&IKOS7NMwzW=kXZjQ&tQvHbD8nYU=FZmOd&7dbZy3Ks1Y=qWCPr&89LmhBppEt=22cy7&EYvdjUuUfb=GonuM&QyZLFuozHq=u4iEC&GM0OkRqURD=dvyYG&nCx9LJMTht=Mv93f&SYXGjJW51p=roxLe&ko83YoQbZo=c33SR&VUpFjmpSmX=Bw6ls&UtcBdbDviC=VcWaY&qOqMohF2fy=lVnpa&VYibWFNOwk=CS643&KVnuP8MzYS=JZKFt&ScCG17bEvU=LvQLJ&hB38S3Ot7g=mGCnB&zvZNDJ6aeT=zHnvl&JcUrxbyWzI=GZbnh&WbWIe0BFtS=OIAkp&2I9UETOg4g=73jFO&WTxqGkdh3H=YaHTc&TcM2ltXlo7=o3cid&BcCfTtJhiU=BKOjD&bkzS1FGTAy=O8FL6&Wur132rn9T=STTN7&nImE5MPftk=XWv2o&ycV0NLJEQT=mODsE&u9Gil9XOQc=dSkG1&qsyh4NUzPO=3dOEx&ZrOKyPAeql=0YvCT&jqzA4IftUw=XALxE&YquF7qJNRd=CmTKr HTTP/1.1" 500 - "-" "Mozilla/5.0 (Macintosh; Intel Mac OS X 10_15_5) AppleWebKit/537.36 (KHTML, like Gecko) Chrome/83.0.4103.97 Safari/537.36" "www.mantech8.com"
152.89.198.50 - - [28/Oct/2022:19:11:36 -0700] "GET /index.php?camp-fire/35303994.html?9cUbqbgFm9=luW3x&UwwJuWYBLH=USbBy&TXqxFfx1pV=Ihi2q&2KVTKbdyhY=t2KhX&UTfAlaJ6Eb=j75X6&gynGWrUZuA=iXSW7&hWgS9OHik9=mQrKX&yY99JFMpI9=CxNlm&ZXGNYDNMxv=XaoWD&RzNDXstl6X=HJocN&EHgkPnLfLm=p0RD4&ApJOE65t2h=RrdBz&YVz7jf58cJ=0dP3g&Tjwue5J4DP=sSlI3&JNgDe2Epnh=X3aTG&Nprmz1eUkv=CR6cS&S93PuERTYA=XGSEt&pO1k5ZtAyv=K9UsU&Ned0Mj3Tfi=nboAb&6a2Ymy9Ene=v03p9&MB8RhbfM6B=xFAVG&C6bThslVaC=faI75&x7ivWGxeeP=LzZvy&3gryn6eYbK=A03bK&CBucuXpWHO=T6wNc&SrtVeT3krJ=tq9uC&7lQh1Myvo6=9H5T5&YKYTlZKWUM=XtgtL&IxeWFxH2US=POXla&QK1U4BOcPU=Lx2sq&CpeFGu4QG7=Mk1zo&2tvzX03zxA=mv0BX&zztvzDOcmH=O3OxJ&Y51xkbA9sw=GvtD2&NjcFZKozah=FwuG4&S2Ax7IPvJs=s4fqD&aBywRJduEc=LnBI7&dwjjdV6WQ5=BEBm6&wWD6bfBVS9=2q8R0&ZoJah0aW9D=5B5x4 HTTP/1.1" 500 - "-" "Mozilla/5.0 (Macintosh; Intel Mac OS X 10_15_5) AppleWebKit/537.36 (KHTML, like Gecko) Chrome/83.0.4103.97 Safari/537.36" "www.mantech8.com"
152.89.198.50 - - [28/Oct/2022:19:11:36 -0700] "GET /index.php?camp-fire/35303994.html?YHqwx3E032=S2AEy&zLjuYnIWOu=kRyjX&mwSe6kImIM=hawLi&LEr2m539tq=TAJC4&sXPI6aHWd4=mdw3F&DOuJTk1IAR=o7YvW&LulQZw5NZI=fGwlI&6ryy5Cs5MJ=AQRGy&eZ1K7S4ccS=uiVa6&OqMxsD4nqY=uShot&ydhMadatz9=9jwLq&eK7HWxr7vO=i91XU&5HB17JIvLm=KTNfg&OIlHqYp1cM=ld6qe&78rGIqYy8O=YRfik&sM6eBBffjp=ebwmc&vKjqatrHGJ=YUskU&gTTN4wgCKM=kdOBc&ZgTfu5OE6S=3iITu&HcjM5qpRhM=5QkAQ&P3kkzH0I0Z=aSHUP&dNVGnaVj9F=hst2s&8SQJIrFvd4=P4OY6&B7XSGy8igB=zZw6s&YIKVxsYhPY=a5py9&IVbngC3J1h=u10Ud&zIXNo97PSz=edL7R&Dc8icOkk3j=k0OdM&q72OQ6jSP3=Oy1iI&50DclkUn0o=Gi1GW&d1yDSc0O1P=iDSyE&9sJ1CNEXV0=fDH9V&A4rFJxBb6t=W3kSs&W6Qd8TcjEp=lh2HU&MinstGRx0K=qnUtt&q7QzoVH4jY=zoSsV&sIOcbsoBCv=wPHW0&WKvmyT7Z23=RY24Z&j2MXhoxIMe=0g7WP&fJIHLu9wFu=R9dHu HTTP/1.1" 500 - "-" "Mozilla/5.0 (Macintosh; Intel Mac OS X 10_15_5) AppleWebKit/537.36 (KHTML, like Gecko) Chrome/83.0.4103.97 Safari/537.36" "www.mantech8.com"
152.89.198.50 - - [28/Oct/2022:19:11:37 -0700] "GET /index.php?camp-fire/35303994.html?BL7sOELx6x=oBsUC&LJgEPILDJ0=K4ISk&aDDm5fI5kH=7yuwy&djP891Q7RT=28tkB&TQDHoLOFdh=RQlYv&X8JN0mwqzQ=XgVfO&xdMdRgBTll=MYJxa&q6LHwJkmSD=9m9Th&z9UXFCtBnj=pgeWZ&h3ZwzIbOW0=IoajG&bOKj3GPqNR=fV770&GH437uJhyZ=MxWma&Mcr0aIsNKS=1NOJv&ukUgRR5Hfv=Pfx6H&FyXdRpbHb2=sxCO6&ojVCRU9yTa=NBleK&q7q8IXYSMP=aHfol&XweSnYT5xs=WzBmN&ZLY1ZFD9VJ=JTRp8&7BtgDfdoLw=V7cOV&KdmH6jM5LI=OX023&YeV375uvu9=8KoVT&U9SbNPLFp0=gSDco&2Q0mPHYJQd=IFsoC&fPZyaDYVuu=tUcel&mJlsq8PQ6T=JWcKX&85nbL7KeDg=Jx2RF&K2V33La3Pg=XmBSk&jgDqYZ3dRP=fs4HS&7uZKcZibVc=wOzal&dTnsz1AUy3=TpQWn&8L0p9smSyA=7Uqw2&WSyaMRJhtu=ZIK1B&8auJRwwnZ8=dtTln&NsON8zrWYr=N8z4H&QBeEQKwfcZ=wAOSe&eqskr9I073=i6Lsz&7OdRD0arPs=ISXh9&CgZf42pMoQ=HCTv9&gmoitrwp9w=OooyG HTTP/1.1" 500 - "-" "Mozilla/5.0 (Macintosh; Intel Mac OS X 10_15_5) AppleWebKit/537.36 (KHTML, like Gecko) Chrome/83.0.4103.97 Safari/537.36" "www.mantech8.com"
152.89.198.50 - - [28/Oct/2022:19:11:37 -0700] "GET /index.php?camp-fire/35303994.html?JChQmsztPH=dK5xt&liYzu0aU0K=hF5JP&x12iOpKKH7=YlbPE&TmRINNeBlm=r03P6&vNHrZaFSZ2=GEvM8&dm2sRy9SJq=y0ltP&uYv8MoSsNN=IGlT9&Uk6SMBDnPF=n7EVf&bsvS5qjRkA=NLlrJ&rgOgN1qFDV=ODcwA&GgkHJRximU=A16T3&lZbaCjxujP=fHa4O&6jANcA9W7m=o9m7M&IwDxudJJAK=Z6P6t&xhG8YkbRf6=szzFV&VIs3hxIcpG=OI0Yf&jLv8jZoVUA=jFwzJ&8Mqk11VJBJ=ZCfGG&y8IO6r9YEs=k2isR&TVIkvoBCPi=LEnvw&wt2eVmIx9d=lcGVC&BqR704steR=MQs2J&oR2ooBzFYb=6d5mI&d0KbPKUbSF=QmFsb&8hwhuLZTKE=7wPEd&wrujfqvLOG=gKpRM&pwSGqMsYw5=5pzl0&RlPLsoTGvm=ZowBv&GOdVxvEym0=Dq7cp&wKQ8TgR35G=LRd7i&1f57N9jOH5=GnBf2&WqmRoOabFE=GIlRG&f7CwzYPBRc=WeIja&pbcapJ7Nhu=sq3Pd&5pqJnfbbBi=Nb3Dw&F8ENTTL9lJ=lHE7C&DxPnkcUCoj=Fy6SP&ih6nXXOg1n=490pF&J6L77UBbVG=OnYXw&yvoN3e4v2t=W0zWy HTTP/1.1" 500 - "-" "Mozilla/5.0 (Macintosh; Intel Mac OS X 10_15_5) AppleWebKit/537.36 (KHTML, like Gecko) Chrome/83.0.4103.97 Safari/537.36" "www.mantech8.com"
152.89.198.50 - - [28/Oct/2022:19:11:37 -0700] "GET /index.php?camp-fire/35303994.html?tyg2oYj4K7=FqXwX&v2dBZxEkgH=itgI3&P8xZCViyku=eQDQZ&Y7EGmt0dx2=SCjgP&Ug6O3YOBjS=8Zjhc&UqDKpqI2Ci=tBB1Z&WngT3sJzjD=7cho0&kEdfy935pC=AHbjJ&ezZqctThoN=XmfaW&cvhHrsaPjh=epC1n&L7UMCWX05G=PBTka&RjEhhXEOAN=GeGQf&ayMT15kOIT=yYj8f&tu6x2zicc1=MtVe0&RtUEUC5Lkc=PmlVZ&PbwdSnYtl4=CuUkA&LgKFpWsWo0=JcdmI&QxAAYR1sb6=YjWW5&JAks1IOUeK=OVOep&BhnS1WGuYo=B5l4f&RrqtTvh5Vn=kZ0RZ&qbqElZNOAO=lZPUb&gWVaGPUWRC=ew1M6&AdmFr4IXSM=b4UMy&6gCGFEaeKA=YiIGq&wXLgr0n4Eh=NSnmj&ujsLK4Pwmy=omub0&SdvQfCSpdN=wXgpC&eAyf80dufS=J9J3T&A5UXC25qZx=04Kew&r8ZBMeoznq=mN3Tc&GpqurWqgar=dXLb8&7tMf0ExnAK=mruLp&1qE0fC7FY7=qjhJC&dcTpfIE15v=zlFg9&bg8GORgkcx=kz5V1&UvuidyZ7IX=B98AU&TbFqijeVZH=3uuFA&NPyS1opJAH=Q5W31&ROr4ZubrHS=0DpvX HTTP/1.1" 500 - "-" "Mozilla/5.0 (Macintosh; Intel Mac OS X 10_15_5) AppleWebKit/537.36 (KHTML, like Gecko) Chrome/83.0.4103.97 Safari/537.36" "www.mantech8.com"
152.89.198.50 - - [28/Oct/2022:19:11:37 -0700] "GET /index.php?camp-fire/35303994.html?Pn3KIY96ts=oJ2nc&WFcYHmhX7r=fRN6u&nhp4jXh3NH=J3ZiN&tBXDLkHsoK=FtUab&mnRLoBVUHO=S4BdE&rBVrrtgV8v=PqYXB&8AlmOdga8V=m81xD&LLyKNqgrjT=TL8zE&oe1y5Xg3Cu=CpjiO&PtXx1Ibc7w=bMZL0&Cpi1ytXJ28=4KWz4&4CGxdDLoAM=P2gNW&LKSWXGenKH=tGFZW&9aLVRJpspD=3v6UX&IFqvPoCXpJ=utiIi&tv5qpWghtH=A3pSR&LsQz4ZHCcO=KnU99&gJ75pvDQYb=lf5iO&tGea8gae1c=SZl9T&RoDFCV1MWX=zdFkb&adSWgddi0u=VeB0N&5BIp0YbbeF=7uFdu&d0TmKaIhAm=8Obib&OxIRyUKpru=6hKXk&fObhoAnDmP=5gr3g&aIURrGzifY=zl2Sa&vO6ljFPQqM=VYINk&wYras00FER=FMlNk&WNftYekkyx=d915M&s47UYnLQRT=CVk4b&e1SbXWZ216=YGmKW&LJNvWJDiAl=G2lxS&keozch3LpF=CTXSP&bujXxuOxwh=PDRlX&z6INiiZxlk=VeG7S&FG4fZShEuD=Xl6RY&5Yj5cXDSXr=Z7FZy&GNFNYpXzPs=TRppk&qti2FHOcyK=89xzz&lU61h7U1Rd=0YJMu HTTP/1.1" 500 - "-" "Mozilla/5.0 (Macintosh; Intel Mac OS X 10_15_5) AppleWebKit/537.36 (KHTML, like Gecko) Chrome/83.0.4103.97 Safari/537.36" "www.mantech8.com"
152.89.198.50 - - [28/Oct/2022:19:11:37 -0700] "GET /index.php?camp-fire/35303994.html?6EYDaGQOSd=mwjcF&smbf91S9T3=x2b4O&FaxXtsi40o=S3jxD&NfuYaDx29M=fTXyp&PyLWL9OWZX=lusm8&JVhvXS5GAp=8sYsh&7XINySh9PS=CWAm7&n8QhaCZvpN=Vsauz&tl1629PCSO=oOYJ6&chIFMqUmYn=WK6b2&VKeQpQil6P=9ee8l&GkFHYKlDYF=v2jaJ&pmbTNetj3s=I5GtJ&ex5XRAbPZj=cCNDu&FdMGFmK0C2=ZFNwn&WvQldVWEv6=377PE&0weln9FX8P=eYJX4&KPWil03Hsv=a7EGs&Y0BQVTkMX3=eeIo5&8ZMagMcNfy=PaFRc&Ed5R9HPjyt=tzvOt&vekxWne5PU=U80l5&LK1YuCjGul=PjQq6&PRWIE427SC=FPh9W&TmqI4OKwm9=u1wC7&m8jEpR6Ar4=02at9&u9Ey5jkmVg=CMbx0&4L7TZ8jXiy=qUDST&lOYKtqjioL=eHguu&IotmaRAuJL=qhIWT&mqIt3FMSZF=DpmKn&CB8Nmul89w=iRKnc&SiiZNtMY6R=qCXiq&FN1LIA92zw=HbkeN&2X1M3t91vJ=0rpLn&h5lGdTkAdp=Qf9ai&I37c74S35S=wiVQo&eLw6yjn68h=xdmTJ&GkBLRcrYUb=NHLVL&JTRMjufZRQ=BCqNQ HTTP/1.1" 500 - "-" "Mozilla/5.0 (Macintosh; Intel Mac OS X 10_15_5) AppleWebKit/537.36 (KHTML, like Gecko) Chrome/83.0.4103.97 Safari/537.36" "www.mantech8.com"
152.89.198.50 - - [28/Oct/2022:19:11:37 -0700] "GET /index.php?camp-fire/35303994.html?M5PWEsPAEN=uJJ1F&QvIezqqGLO=bBuSu&Cfl5aPxP8S=ID60a&pBDuISNaBA=cHiPs&4dAtQfOVu4=w9iHw&25Ftz1Qgcc=eWphT&gaoPGmcpIt=9ji5D&4Pwrm2Wiz0=mDqjg&Yyh6hKlVAo=8CFyo&3ZosnVuGXf=9VoJ9&mMmcMTKoP7=3yYkP&JdtnnGyoYo=E67UK&fv1fNAYIus=q8t2p&avZPIfi40A=71ipT&kL9rDRAcYw=GTyhu&bbatKJQTIg=TrBrY&dkYkH8gLEt=AIa2T&RZmNGVHKnA=58kHS&PWd7yig6nz=uKRyG&4plGmh2C0g=8tOeu&Vqp9AkiQBs=6AanG&PQuOy63R2s=PgGPE&s1mIapwoeY=ljCTX&3Jv0in1tkS=NP5cB&RJZM9QJ4Mq=7aKIH&4MRJ8mTWWz=JvOuX&SapMvtf0zK=tdmAI&CpVQeIe6xB=KpsS0&bQzfWUX5WK=gxqBb&knnYBkRInt=lFBo3&pvkqWKELsT=3186e&EcKOKIoDro=jmpfu&4xMH3j0aPY=RxzEa&NZ977VE4H6=4mRZO&1N0XiKdnY5=fhGmR&hlvMoFRnEp=6797P&xMG7DffpBG=LjJjz&jfO4om6dw0=tNBem&BIfkj2OpSH=2w7yO&LGCNmcd6Mi=DIpEm HTTP/1.1" 500 - "-" "Mozilla/5.0 (Macintosh; Intel Mac OS X 10_15_5) AppleWebKit/537.36 (KHTML, like Gecko) Chrome/83.0.4103.97 Safari/537.36" "www.mantech8.com"
152.89.198.50 - - [28/Oct/2022:19:11:37 -0700] "GET /index.php?camp-fire/35303994.html?lang=rCsot&type=9Wfrc&go=EAkv2&detail=LIhIQ&title=f7TAG&date=5xb6t&board=GN8dm&site=60f51&style=3B8FM&folder=C3GUT&root=lH8ax&name=74caO&action=0nCzV&url=Cs8si&view=0xHq9&php_path=8F9r8&pg=eunAo&func=pTn0y&dir=fLvUX&pdf=i2Ydu&modules=XxTQJ&page=4nNB4&template=xlih2&cat=UyEx9&show=ZKaNl&doc=qORRn&file=MAO8z&download=iFMOK&prefix=Ogthy&path=JgdLK&mod=LE0sd&category=YK1CY&inc=mGgWG&locate=eVKzK&document=1WEFj&include=1WFmU&conf=dUB4e&p=7b3jU&content=M2znk&layout=owGRe HTTP/1.1" 500 - "-" "Mozilla/5.0 (Macintosh; Intel Mac OS X 10_15_5) AppleWebKit/537.36 (KHTML, like Gecko) Chrome/83.0.4103.97 Safari/537.36" "www.mantech8.com"
152.89.198.50 - - [28/Oct/2022:19:11:38 -0700] "GET /index.php?camp-fire/35303994.html?test=no&show=no&encryption=no&env=no&disable=no&bot=no&waf=no&admin=no&captcha=no&sso=no&debug=no HTTP/1.1" 500 - "-" "Mozilla/5.0 (Macintosh; Intel Mac OS X 10_15_5) AppleWebKit/537.36 (KHTML, like Gecko) Chrome/83.0.4103.97 Safari/537.36" "www.mantech8.com"
152.89.198.50 - - [28/Oct/2022:19:11:38 -0700] "GET /index.php?camp-fire/35303994.html?waf=yes&sso=yes&debug=yes&bot=yes&env=yes&disable=yes&encryption=yes&show=yes&test=yes&captcha=yes&admin=yes HTTP/1.1" 500 - "-" "Mozilla/5.0 (Macintosh; Intel Mac OS X 10_15_5) AppleWebKit/537.36 (KHTML, like Gecko) Chrome/83.0.4103.97 Safari/537.36" "www.mantech8.com"
152.89.198.50 - - [28/Oct/2022:19:11:38 -0700] "GET /index.php?camp-fire/35303994.html?captcha=true&disable=true&waf=true&env=true&admin=true&sso=true&bot=true&test=true&debug=true&encryption=true&show=true HTTP/1.1" 500 - "-" "Mozilla/5.0 (Macintosh; Intel Mac OS X 10_15_5) AppleWebKit/537.36 (KHTML, like Gecko) Chrome/83.0.4103.97 Safari/537.36" "www.mantech8.com"
152.89.198.50 - - [28/Oct/2022:19:11:38 -0700] "GET /index.php?camp-fire/35303994.html?captcha=null&encryption=null&bot=null&debug=null&admin=null&waf=null&env=null&sso=null&test=null&show=null&disable=null HTTP/1.1" 500 - "-" "Mozilla/5.0 (Macintosh; Intel Mac OS X 10_15_5) AppleWebKit/537.36 (KHTML, like Gecko) Chrome/83.0.4103.97 Safari/537.36" "www.mantech8.com"
152.89.198.50 - - [28/Oct/2022:19:11:38 -0700] "GET /index.php?camp-fire/35303994.html?encryption=off&show=off&captcha=off&sso=off&env=off&debug=off&bot=off&disable=off&test=off&waf=off&admin=off HTTP/1.1" 500 - "-" "Mozilla/5.0 (Macintosh; Intel Mac OS X 10_15_5) AppleWebKit/537.36 (KHTML, like Gecko) Chrome/83.0.4103.97 Safari/537.36" "www.mantech8.com"
152.89.198.50 - - [28/Oct/2022:19:11:38 -0700] "GET /index.php?camp-fire/35303994.html?admin=false&env=false&show=false&debug=false&captcha=false&disable=false&sso=false&encryption=false&test=false&bot=false&waf=false HTTP/1.1" 500 - "-" "Mozilla/5.0 (Macintosh; Intel Mac OS X 10_15_5) AppleWebKit/537.36 (KHTML, like Gecko) Chrome/83.0.4103.97 Safari/537.36" "www.mantech8.com"
152.89.198.50 - - [28/Oct/2022:19:11:38 -0700] "GET /index.php?camp-fire/35303994.html?captcha=0&bot=0&env=0&test=0&encryption=0&debug=0&admin=0&sso=0&show=0&disable=0&waf=0 HTTP/1.1" 500 - "-" "Mozilla/5.0 (Macintosh; Intel Mac OS X 10_15_5) AppleWebKit/537.36 (KHTML, like Gecko) Chrome/83.0.4103.97 Safari/537.36" "www.mantech8.com"
152.89.198.50 - - [28/Oct/2022:19:11:39 -0700] "GET /index.php?camp-fire/35303994.html?debug=1&show=1&admin=1&sso=1&test=1&env=1&waf=1&encryption=1&disable=1&bot=1&captcha=1 HTTP/1.1" 500 - "-" "Mozilla/5.0 (Macintosh; Intel Mac OS X 10_15_5) AppleWebKit/537.36 (KHTML, like Gecko) Chrome/83.0.4103.97 Safari/537.36" "www.mantech8.com"
40.77.167.43 - - [28/Oct/2022:19:11:41 -0700] "GET /index.php?/maternity-exercise-osusume HTTP/1.1" 200 65157 "-" "Mozilla/5.0 AppleWebKit/537.36 (KHTML, like Gecko; compatible; bingbot/2.0; +http://www.bing.com/bingbot.htm) Chrome/103.0.5060.134 Safari/537.36" "mantech8.com"
185.191.171.10 - - [28/Oct/2022:19:12:05 -0700] "GET /index.php/camp-fire/31874030.html HTTP/1.1" 500 - "-" "Mozilla/5.0 (compatible; SemrushBot/7~bl; +http://www.semrush.com/bot.html)" "mantech8.com"
185.191.171.44 - - [28/Oct/2022:19:12:07 -0700] "GET /index.php/camp-fire/26045351.html HTTP/1.1" 500 - "-" "Mozilla/5.0 (compatible; SemrushBot/7~bl; +http://www.semrush.com/bot.html)" "mantech8.com"
185.191.171.20 - - [28/Oct/2022:19:12:42 -0700] "GET /index.php/camp-fire/2476372.html HTTP/1.1" 500 - "-" "Mozilla/5.0 (compatible; SemrushBot/7~bl; +http://www.semrush.com/bot.html)" "mantech8.com"
114.119.133.190 - - [28/Oct/2022:19:13:14 -0700] "GET /images/Mantech.pdf HTTP/1.1" 200 1476415 "http://www.mantech8.com/about.php" "Mozilla/5.0 (Linux; Android 7.0;) AppleWebKit/537.36 (KHTML, like Gecko) Mobile Safari/537.36 (compatible; PetalBot;+https://webmaster.petalsearch.com/site/petalbot)" "www.mantech8.com"
185.191.171.6 - - [28/Oct/2022:19:13:24 -0700] "GET /index.php/camp-fire/6669455.html HTTP/1.1" 500 - "-" "Mozilla/5.0 (compatible; SemrushBot/7~bl; +http://www.semrush.com/bot.html)" "mantech8.com"
185.191.171.19 - - [28/Oct/2022:19:13:26 -0700] "GET /index.php/camp-fire/5603429.html HTTP/1.1" 500 - "-" "Mozilla/5.0 (compatible; SemrushBot/7~bl; +http://www.semrush.com/bot.html)" "mantech8.com"
185.191.171.1 - - [28/Oct/2022:19:14:21 -0700] "GET /index.php/camp-fire/36812935.html HTTP/1.1" 500 - "-" "Mozilla/5.0 (compatible; SemrushBot/7~bl; +http://www.semrush.com/bot.html)" "mantech8.com"
185.191.171.45 - - [28/Oct/2022:19:14:43 -0700] "GET /index.php/camp-fire/27177142.html HTTP/1.1" 500 - "-" "Mozilla/5.0 (compatible; SemrushBot/7~bl; +http://www.semrush.com/bot.html)" "mantech8.com"
185.191.171.45 - - [28/Oct/2022:19:14:44 -0700] "GET /index.php/camp-fire/4870055.html HTTP/1.1" 500 - "-" "Mozilla/5.0 (compatible; SemrushBot/7~bl; +http://www.semrush.com/bot.html)" "mantech8.com"
66.249.70.178 - - [28/Oct/2022:19:14:49 -0700] "GET /sitemap74.xml HTTP/1.1" 404 88 "-" "Mozilla/5.0 (compatible; Googlebot/2.1; +http://www.google.com/bot.html)" "mantech8.com"
185.191.171.16 - - [28/Oct/2022:19:15:52 -0700] "GET /index.php/camp-fire/32543826.html HTTP/1.1" 500 - "-" "Mozilla/5.0 (compatible; SemrushBot/7~bl; +http://www.semrush.com/bot.html)" "mantech8.com"
185.191.171.38 - - [28/Oct/2022:19:15:59 -0700] "GET /index.php/camp-fire/32558125.html HTTP/1.1" 500 - "-" "Mozilla/5.0 (compatible; SemrushBot/7~bl; +http://www.semrush.com/bot.html)" "mantech8.com"
185.191.171.37 - - [28/Oct/2022:19:16:19 -0700] "GET /index.php/camp-fire/19004932.html HTTP/1.1" 500 - "-" "Mozilla/5.0 (compatible; SemrushBot/7~bl; +http://www.semrush.com/bot.html)" "mantech8.com"
185.191.171.12 - - [28/Oct/2022:19:16:45 -0700] "GET /index.php/camp-fire/33531193.html HTTP/1.1" 500 - "-" "Mozilla/5.0 (compatible; SemrushBot/7~bl; +http://www.semrush.com/bot.html)" "mantech8.com"
185.191.171.3 - - [28/Oct/2022:19:16:58 -0700] "GET /index.php/camp-fire/4966696.html HTTP/1.1" 500 - "-" "Mozilla/5.0 (compatible; SemrushBot/7~bl; +http://www.semrush.com/bot.html)" "mantech8.com"
157.55.39.132 - - [28/Oct/2022:19:17:00 -0700] "GET /robots.txt HTTP/1.1" 200 106 "-" "Mozilla/5.0 AppleWebKit/537.36 (KHTML, like Gecko; compatible; bingbot/2.0; +http://www.bing.com/bingbot.htm) Chrome/103.0.5060.134 Safari/537.36" "www.mantech8.com"
157.55.39.132 - - [28/Oct/2022:19:17:00 -0700] "GET /robots.txt HTTP/1.1" 200 106 "-" "Mozilla/5.0 AppleWebKit/537.36 (KHTML, like Gecko; compatible; bingbot/2.0; +http://www.bing.com/bingbot.htm) Chrome/103.0.5060.134 Safari/537.36" "www.mantech8.com"
185.191.171.15 - - [28/Oct/2022:19:17:31 -0700] "GET /index.php/camp-fire/28637989.html HTTP/1.1" 500 - "-" "Mozilla/5.0 (compatible; SemrushBot/7~bl; +http://www.semrush.com/bot.html)" "mantech8.com"
185.191.171.3 - - [28/Oct/2022:19:17:40 -0700] "GET /index.php/camp-fire/41156859.html HTTP/1.1" 500 - "-" "Mozilla/5.0 (compatible; SemrushBot/7~bl; +http://www.semrush.com/bot.html)" "mantech8.com"
185.191.171.7 - - [28/Oct/2022:19:18:16 -0700] "GET /index.php/camp-fire/18037981.html HTTP/1.1" 500 - "-" "Mozilla/5.0 (compatible; SemrushBot/7~bl; +http://www.semrush.com/bot.html)" "mantech8.com"
185.191.171.13 - - [28/Oct/2022:19:18:38 -0700] "GET /index.php/camp-fire/18022781.html HTTP/1.1" 500 - "-" "Mozilla/5.0 (compatible; SemrushBot/7~bl; +http://www.semrush.com/bot.html)" "mantech8.com"
185.191.171.35 - - [28/Oct/2022:19:18:58 -0700] "GET /index.php/camp-fire/26686782.html HTTP/1.1" 500 - "-" "Mozilla/5.0 (compatible; SemrushBot/7~bl; +http://www.semrush.com/bot.html)" "mantech8.com"
114.119.133.158 - - [28/Oct/2022:19:19:13 -0700] "GET /?furnacite.xml HTTP/1.1" 200 270560 "-" "Mozilla/5.0 (compatible;PetalBot;+https://webmaster.petalsearch.com/site/petalbot)" "mantech8.com"
185.191.171.24 - - [28/Oct/2022:19:19:14 -0700] "GET /index.php/camp-fire/34513855.html HTTP/1.1" 500 - "-" "Mozilla/5.0 (compatible; SemrushBot/7~bl; +http://www.semrush.com/bot.html)" "mantech8.com"
185.191.171.24 - - [28/Oct/2022:19:19:25 -0700] "GET /index.php/camp-fire/33588751.html HTTP/1.1" 500 - "-" "Mozilla/5.0 (compatible; SemrushBot/7~bl; +http://www.semrush.com/bot.html)" "mantech8.com"
185.191.171.11 - - [28/Oct/2022:19:20:15 -0700] "GET /index.php/camp-fire/25578581.html HTTP/1.1" 500 - "-" "Mozilla/5.0 (compatible; SemrushBot/7~bl; +http://www.semrush.com/bot.html)" "mantech8.com"
185.191.171.1 - - [28/Oct/2022:19:20:17 -0700] "GET /index.php/camp-fire/16730026.html HTTP/1.1" 500 - "-" "Mozilla/5.0 (compatible; SemrushBot/7~bl; +http://www.semrush.com/bot.html)" "mantech8.com"
185.191.171.41 - - [28/Oct/2022:19:20:21 -0700] "GET /index.php/camp-fire/4257696.html HTTP/1.1" 500 - "-" "Mozilla/5.0 (compatible; SemrushBot/7~bl; +http://www.semrush.com/bot.html)" "mantech8.com"
185.191.171.4 - - [28/Oct/2022:19:21:32 -0700] "GET /index.php/camp-fire/17268526.html HTTP/1.1" 500 - "-" "Mozilla/5.0 (compatible; SemrushBot/7~bl; +http://www.semrush.com/bot.html)" "mantech8.com"
185.191.171.7 - - [28/Oct/2022:19:22:05 -0700] "GET /index.php/camp-fire/3743098.html HTTP/1.1" 500 - "-" "Mozilla/5.0 (compatible; SemrushBot/7~bl; +http://www.semrush.com/bot.html)" "mantech8.com"
185.191.171.13 - - [28/Oct/2022:19:22:11 -0700] "GET /index.php/camp-fire/22692065.html HTTP/1.1" 500 - "-" "Mozilla/5.0 (compatible; SemrushBot/7~bl; +http://www.semrush.com/bot.html)" "mantech8.com"
185.191.171.19 - - [28/Oct/2022:19:22:32 -0700] "GET /index.php/camp-fire/23956333.html HTTP/1.1" 500 - "-" "Mozilla/5.0 (compatible; SemrushBot/7~bl; +http://www.semrush.com/bot.html)" "mantech8.com"
185.191.171.34 - - [28/Oct/2022:19:23:01 -0700] "GET /index.php/camp-fire/28006142.html HTTP/1.1" 500 - "-" "Mozilla/5.0 (compatible; SemrushBot/7~bl; +http://www.semrush.com/bot.html)" "mantech8.com"
185.191.171.43 - - [28/Oct/2022:19:23:17 -0700] "GET /index.php/camp-fire/35735525.html HTTP/1.1" 500 - "-" "Mozilla/5.0 (compatible; SemrushBot/7~bl; +http://www.semrush.com/bot.html)" "mantech8.com"
185.191.171.5 - - [28/Oct/2022:19:23:44 -0700] "GET /index.php/camp-fire/13204098.html HTTP/1.1" 500 - "-" "Mozilla/5.0 (compatible; SemrushBot/7~bl; +http://www.semrush.com/bot.html)" "mantech8.com"
185.191.171.39 - - [28/Oct/2022:19:24:09 -0700] "GET /index.php/camp-fire/8824329.html HTTP/1.1" 500 - "-" "Mozilla/5.0 (compatible; SemrushBot/7~bl; +http://www.semrush.com/bot.html)" "mantech8.com"
185.191.171.18 - - [28/Oct/2022:19:24:12 -0700] "GET /index.php/camp-fire/35670250.html HTTP/1.1" 500 - "-" "Mozilla/5.0 (compatible; SemrushBot/7~bl; +http://www.semrush.com/bot.html)" "mantech8.com"
185.191.171.35 - - [28/Oct/2022:19:24:41 -0700] "GET /index.php/camp-fire/3365898.html HTTP/1.1" 500 - "-" "Mozilla/5.0 (compatible; SemrushBot/7~bl; +http://www.semrush.com/bot.html)" "mantech8.com"
185.191.171.2 - - [28/Oct/2022:19:24:51 -0700] "GET /index.php/camp-fire/44465850.html HTTP/1.1" 500 - "-" "Mozilla/5.0 (compatible; SemrushBot/7~bl; +http://www.semrush.com/bot.html)" "mantech8.com"
185.191.171.20 - - [28/Oct/2022:19:25:14 -0700] "GET /index.php/camp-fire/38080772.html HTTP/1.1" 500 - "-" "Mozilla/5.0 (compatible; SemrushBot/7~bl; +http://www.semrush.com/bot.html)" "mantech8.com"
114.119.133.166 - - [28/Oct/2022:19:25:24 -0700] "GET /biopoesis.xml HTTP/1.1" 404 88 "-" "Mozilla/5.0 (Linux; Android 7.0;) AppleWebKit/537.36 (KHTML, like Gecko) Mobile Safari/537.36 (compatible; PetalBot;+https://webmaster.petalsearch.com/site/petalbot)" "mantech8.com"
185.191.171.5 - - [28/Oct/2022:19:25:47 -0700] "GET /index.php/camp-fire/32409660.html HTTP/1.1" 500 - "-" "Mozilla/5.0 (compatible; SemrushBot/7~bl; +http://www.semrush.com/bot.html)" "mantech8.com"
185.191.171.45 - - [28/Oct/2022:19:26:09 -0700] "GET /index.php/camp-fire/4182785.html HTTP/1.1" 500 - "-" "Mozilla/5.0 (compatible; SemrushBot/7~bl; +http://www.semrush.com/bot.html)" "mantech8.com"
66.249.70.178 - - [28/Oct/2022:19:26:11 -0700] "GET /unistrand.xml HTTP/1.1" 404 88 "-" "Mozilla/5.0 (compatible; Googlebot/2.1; +http://www.google.com/bot.html)" "mantech8.com"
185.191.171.26 - - [28/Oct/2022:19:27:31 -0700] "GET /index.php/camp-fire/38881992.html HTTP/1.1" 500 - "-" "Mozilla/5.0 (compatible; SemrushBot/7~bl; +http://www.semrush.com/bot.html)" "mantech8.com"
185.191.171.2 - - [28/Oct/2022:19:28:51 -0700] "GET /index.php/camp-fire/24898465.html HTTP/1.1" 500 - "-" "Mozilla/5.0 (compatible; SemrushBot/7~bl; +http://www.semrush.com/bot.html)" "mantech8.com"
185.191.171.26 - - [28/Oct/2022:19:29:05 -0700] "GET /index.php/camp-fire/47603535.html HTTP/1.1" 500 - "-" "Mozilla/5.0 (compatible; SemrushBot/7~bl; +http://www.semrush.com/bot.html)" "mantech8.com"
185.191.171.7 - - [28/Oct/2022:19:29:46 -0700] "GET /index.php/camp-fire/10998057.html HTTP/1.1" 500 - "-" "Mozilla/5.0 (compatible; SemrushBot/7~bl; +http://www.semrush.com/bot.html)" "mantech8.com"
185.191.171.12 - - [28/Oct/2022:19:29:57 -0700] "GET /index.php/camp-fire/33797808.html HTTP/1.1" 500 - "-" "Mozilla/5.0 (compatible; SemrushBot/7~bl; +http://www.semrush.com/bot.html)" "mantech8.com"
185.191.171.18 - - [28/Oct/2022:19:30:13 -0700] "GET /index.php/camp-fire/30953435.html HTTP/1.1" 500 - "-" "Mozilla/5.0 (compatible; SemrushBot/7~bl; +http://www.semrush.com/bot.html)" "mantech8.com"
185.191.171.14 - - [28/Oct/2022:19:30:16 -0700] "GET /index.php/camp-fire/37036278.html HTTP/1.1" 500 - "-" "Mozilla/5.0 (compatible; SemrushBot/7~bl; +http://www.semrush.com/bot.html)" "mantech8.com"
185.191.171.41 - - [28/Oct/2022:19:30:21 -0700] "GET /index.php/camp-fire/33108016.html HTTP/1.1" 500 - "-" "Mozilla/5.0 (compatible; SemrushBot/7~bl; +http://www.semrush.com/bot.html)" "mantech8.com"
185.191.171.6 - - [28/Oct/2022:19:30:35 -0700] "GET /index.php/camp-fire/8777529.html HTTP/1.1" 500 - "-" "Mozilla/5.0 (compatible; SemrushBot/7~bl; +http://www.semrush.com/bot.html)" "mantech8.com"
185.191.171.8 - - [28/Oct/2022:19:30:42 -0700] "GET /index.php/camp-fire/43857134.html HTTP/1.1" 500 - "-" "Mozilla/5.0 (compatible; SemrushBot/7~bl; +http://www.semrush.com/bot.html)" "mantech8.com"
185.191.171.4 - - [28/Oct/2022:19:30:45 -0700] "GET /index.php/camp-fire/21053459.html HTTP/1.1" 500 - "-" "Mozilla/5.0 (compatible; SemrushBot/7~bl; +http://www.semrush.com/bot.html)" "mantech8.com"
185.191.171.10 - - [28/Oct/2022:19:30:48 -0700] "GET /index.php/camp-fire/4316185.html HTTP/1.1" 500 - "-" "Mozilla/5.0 (compatible; SemrushBot/7~bl; +http://www.semrush.com/bot.html)" "mantech8.com"
