185.191.171.4 - - [22/Oct/2022:15:29:05 -0700] "GET /index.php/camp-fire/33500560.html HTTP/1.1" 500 - "-" "Mozilla/5.0 (compatible; SemrushBot/7~bl; +http://www.semrush.com/bot.html)" "mantech8.com"
185.191.171.16 - - [22/Oct/2022:15:29:56 -0700] "GET /index.php/camp-fire/37313859.html HTTP/1.1" 500 - "-" "Mozilla/5.0 (compatible; SemrushBot/7~bl; +http://www.semrush.com/bot.html)" "mantech8.com"
185.191.171.11 - - [22/Oct/2022:15:30:09 -0700] "GET /index.php/camp-fire/53016659.html HTTP/1.1" 500 - "-" "Mozilla/5.0 (compatible; SemrushBot/7~bl; +http://www.semrush.com/bot.html)" "mantech8.com"
185.191.171.15 - - [22/Oct/2022:15:30:11 -0700] "GET /index.php/camp-fire/8936459.html HTTP/1.1" 500 - "-" "Mozilla/5.0 (compatible; SemrushBot/7~bl; +http://www.semrush.com/bot.html)" "mantech8.com"
185.191.171.41 - - [22/Oct/2022:15:30:28 -0700] "GET /index.php/camp-fire/49493634.html HTTP/1.1" 500 - "-" "Mozilla/5.0 (compatible; SemrushBot/7~bl; +http://www.semrush.com/bot.html)" "mantech8.com"
185.191.171.33 - - [22/Oct/2022:15:30:39 -0700] "GET /index.php/camp-fire/33620059.html HTTP/1.1" 500 - "-" "Mozilla/5.0 (compatible; SemrushBot/7~bl; +http://www.semrush.com/bot.html)" "mantech8.com"
185.191.171.33 - - [22/Oct/2022:15:30:42 -0700] "GET /index.php/camp-fire/27915159.html HTTP/1.1" 500 - "-" "Mozilla/5.0 (compatible; SemrushBot/7~bl; +http://www.semrush.com/bot.html)" "mantech8.com"
114.119.133.190 - - [22/Oct/2022:15:30:58 -0700] "GET /index.php?sitemap3869.xml HTTP/1.1" 200 289398 "-" "Mozilla/5.0 (compatible;PetalBot;+https://webmaster.petalsearch.com/site/petalbot)" "mantech8.com"
216.244.66.241 - - [22/Oct/2022:15:32:12 -0700] "GET /robots.txt HTTP/1.1" 200 222 "-" "Mozilla/5.0 (compatible; DotBot/1.2; +https://opensiteexplorer.org/dotbot; help@moz.com)" "www.mantech8.com"
216.244.66.241 - - [22/Oct/2022:15:32:12 -0700] "GET /robots.txt HTTP/1.1" 200 222 "-" "Mozilla/5.0 (compatible; DotBot/1.2; +https://opensiteexplorer.org/dotbot; help@moz.com)" "mantech8.com"
185.191.171.3 - - [22/Oct/2022:15:32:21 -0700] "GET /index.php/camp-fire/45505750.html HTTP/1.1" 500 - "-" "Mozilla/5.0 (compatible; SemrushBot/7~bl; +http://www.semrush.com/bot.html)" "mantech8.com"
185.191.171.26 - - [22/Oct/2022:15:32:23 -0700] "GET /index.php/camp-fire/42009303.html HTTP/1.1" 500 - "-" "Mozilla/5.0 (compatible; SemrushBot/7~bl; +http://www.semrush.com/bot.html)" "mantech8.com"
185.191.171.10 - - [22/Oct/2022:15:32:50 -0700] "GET /index.php/camp-fire/2474572.html HTTP/1.1" 500 - "-" "Mozilla/5.0 (compatible; SemrushBot/7~bl; +http://www.semrush.com/bot.html)" "mantech8.com"
185.191.171.17 - - [22/Oct/2022:15:33:20 -0700] "GET /index.php/camp-fire/29209663.html HTTP/1.1" 500 - "-" "Mozilla/5.0 (compatible; SemrushBot/7~bl; +http://www.semrush.com/bot.html)" "mantech8.com"
185.191.171.5 - - [22/Oct/2022:15:33:34 -0700] "GET /index.php/camp-fire/36910850.html HTTP/1.1" 500 - "-" "Mozilla/5.0 (compatible; SemrushBot/7~bl; +http://www.semrush.com/bot.html)" "mantech8.com"
185.191.171.22 - - [22/Oct/2022:15:33:56 -0700] "GET /index.php/camp-fire/30514441.html HTTP/1.1" 500 - "-" "Mozilla/5.0 (compatible; SemrushBot/7~bl; +http://www.semrush.com/bot.html)" "mantech8.com"
185.191.171.3 - - [22/Oct/2022:15:34:44 -0700] "GET /index.php/camp-fire/22658265.html HTTP/1.1" 500 - "-" "Mozilla/5.0 (compatible; SemrushBot/7~bl; +http://www.semrush.com/bot.html)" "mantech8.com"
185.191.171.4 - - [22/Oct/2022:15:35:38 -0700] "GET /index.php/camp-fire/34884025.html HTTP/1.1" 500 - "-" "Mozilla/5.0 (compatible; SemrushBot/7~bl; +http://www.semrush.com/bot.html)" "mantech8.com"
185.191.171.13 - - [22/Oct/2022:15:36:16 -0700] "GET /index.php/camp-fire/32686464.html HTTP/1.1" 500 - "-" "Mozilla/5.0 (compatible; SemrushBot/7~bl; +http://www.semrush.com/bot.html)" "mantech8.com"
114.119.133.158 - - [22/Oct/2022:15:36:27 -0700] "GET /bimages/cert/?C=M%3BO%3DA HTTP/1.1" 200 530 "http://mantech8.com/bimages/cert/?C=D%3BO%3DA" "Mozilla/5.0 (Linux; Android 7.0;) AppleWebKit/537.36 (KHTML, like Gecko) Mobile Safari/537.36 (compatible; PetalBot;+https://webmaster.petalsearch.com/site/petalbot)" "mantech8.com"
185.191.171.38 - - [22/Oct/2022:15:38:23 -0700] "GET /index.php/camp-fire/24505065.html HTTP/1.1" 500 - "-" "Mozilla/5.0 (compatible; SemrushBot/7~bl; +http://www.semrush.com/bot.html)" "mantech8.com"
185.191.171.5 - - [22/Oct/2022:15:38:29 -0700] "GET /index.php/camp-fire/27751009.html HTTP/1.1" 500 - "-" "Mozilla/5.0 (compatible; SemrushBot/7~bl; +http://www.semrush.com/bot.html)" "mantech8.com"
185.191.171.23 - - [22/Oct/2022:15:40:36 -0700] "GET /index.php/camp-fire/49459434.html HTTP/1.1" 500 - "-" "Mozilla/5.0 (compatible; SemrushBot/7~bl; +http://www.semrush.com/bot.html)" "mantech8.com"
185.191.171.36 - - [22/Oct/2022:15:40:51 -0700] "GET /index.php/camp-fire/39248417.html HTTP/1.1" 500 - "-" "Mozilla/5.0 (compatible; SemrushBot/7~bl; +http://www.semrush.com/bot.html)" "mantech8.com"
185.191.171.15 - - [22/Oct/2022:15:41:04 -0700] "GET /index.php/camp-fire/96814497.html HTTP/1.1" 500 - "-" "Mozilla/5.0 (compatible; SemrushBot/7~bl; +http://www.semrush.com/bot.html)" "mantech8.com"
185.191.171.10 - - [22/Oct/2022:15:41:26 -0700] "GET /index.php/camp-fire/35652050.html HTTP/1.1" 500 - "-" "Mozilla/5.0 (compatible; SemrushBot/7~bl; +http://www.semrush.com/bot.html)" "mantech8.com"
185.191.171.10 - - [22/Oct/2022:15:41:37 -0700] "GET /index.php/camp-fire/3115778.html HTTP/1.1" 500 - "-" "Mozilla/5.0 (compatible; SemrushBot/7~bl; +http://www.semrush.com/bot.html)" "mantech8.com"
185.191.171.2 - - [22/Oct/2022:15:41:48 -0700] "GET /index.php/camp-fire/7927977.html HTTP/1.1" 500 - "-" "Mozilla/5.0 (compatible; SemrushBot/7~bl; +http://www.semrush.com/bot.html)" "mantech8.com"
185.191.171.18 - - [22/Oct/2022:15:41:51 -0700] "GET /index.php/camp-fire/28756717.html HTTP/1.1" 500 - "-" "Mozilla/5.0 (compatible; SemrushBot/7~bl; +http://www.semrush.com/bot.html)" "mantech8.com"
114.119.133.166 - - [22/Oct/2022:15:42:02 -0700] "GET /?sitemap4209.xml HTTP/1.1" 200 270514 "-" "Mozilla/5.0 (Linux; Android 7.0;) AppleWebKit/537.36 (KHTML, like Gecko) Mobile Safari/537.36 (compatible; PetalBot;+https://webmaster.petalsearch.com/site/petalbot)" "mantech8.com"
185.191.171.35 - - [22/Oct/2022:15:42:19 -0700] "GET /index.php/camp-fire/31301087.html HTTP/1.1" 500 - "-" "Mozilla/5.0 (compatible; SemrushBot/7~bl; +http://www.semrush.com/bot.html)" "mantech8.com"
185.191.171.22 - - [22/Oct/2022:15:42:22 -0700] "GET /index.php/camp-fire/42953234.html HTTP/1.1" 500 - "-" "Mozilla/5.0 (compatible; SemrushBot/7~bl; +http://www.semrush.com/bot.html)" "mantech8.com"
185.191.171.23 - - [22/Oct/2022:15:42:47 -0700] "GET /index.php/camp-fire/23622406.html HTTP/1.1" 500 - "-" "Mozilla/5.0 (compatible; SemrushBot/7~bl; +http://www.semrush.com/bot.html)" "mantech8.com"
185.191.171.43 - - [22/Oct/2022:15:43:14 -0700] "GET /index.php/camp-fire/3271598.html HTTP/1.1" 500 - "-" "Mozilla/5.0 (compatible; SemrushBot/7~bl; +http://www.semrush.com/bot.html)" "mantech8.com"
185.191.171.43 - - [22/Oct/2022:15:43:41 -0700] "GET /index.php/camp-fire/28604259.html HTTP/1.1" 500 - "-" "Mozilla/5.0 (compatible; SemrushBot/7~bl; +http://www.semrush.com/bot.html)" "mantech8.com"
185.191.171.13 - - [22/Oct/2022:15:43:48 -0700] "GET /index.php/camp-fire/21640817.html HTTP/1.1" 500 - "-" "Mozilla/5.0 (compatible; SemrushBot/7~bl; +http://www.semrush.com/bot.html)" "mantech8.com"
185.191.171.13 - - [22/Oct/2022:15:45:12 -0700] "GET /index.php/camp-fire/35966450.html HTTP/1.1" 500 - "-" "Mozilla/5.0 (compatible; SemrushBot/7~bl; +http://www.semrush.com/bot.html)" "mantech8.com"
185.191.171.24 - - [22/Oct/2022:15:46:34 -0700] "GET /index.php/camp-fire/33024025.html HTTP/1.1" 500 - "-" "Mozilla/5.0 (compatible; SemrushBot/7~bl; +http://www.semrush.com/bot.html)" "mantech8.com"
185.191.171.11 - - [22/Oct/2022:15:46:38 -0700] "GET /index.php/camp-fire/35660350.html HTTP/1.1" 500 - "-" "Mozilla/5.0 (compatible; SemrushBot/7~bl; +http://www.semrush.com/bot.html)" "mantech8.com"
40.77.167.72 - - [22/Oct/2022:15:46:48 -0700] "GET /index.php?camp-fire/13534600.html HTTP/1.1" 200 68966 "-" "Mozilla/5.0 AppleWebKit/537.36 (KHTML, like Gecko; compatible; bingbot/2.0; +http://www.bing.com/bingbot.htm) Chrome/103.0.5060.134 Safari/537.36" "www.mantech8.com"
114.119.133.182 - - [22/Oct/2022:15:47:36 -0700] "GET /index.php?sitemap777.xml HTTP/1.1" 200 289367 "-" "Mozilla/5.0 (compatible;PetalBot;+https://webmaster.petalsearch.com/site/petalbot)" "mantech8.com"
185.191.171.45 - - [22/Oct/2022:15:49:23 -0700] "GET /index.php/camp-fire/3697800.html HTTP/1.1" 500 - "-" "Mozilla/5.0 (compatible; SemrushBot/7~bl; +http://www.semrush.com/bot.html)" "mantech8.com"
185.191.171.39 - - [22/Oct/2022:15:49:41 -0700] "GET /index.php/camp-fire/39746125.html HTTP/1.1" 500 - "-" "Mozilla/5.0 (compatible; SemrushBot/7~bl; +http://www.semrush.com/bot.html)" "mantech8.com"
185.191.171.38 - - [22/Oct/2022:15:49:45 -0700] "GET /index.php/camp-fire/9375678.html HTTP/1.1" 500 - "-" "Mozilla/5.0 (compatible; SemrushBot/7~bl; +http://www.semrush.com/bot.html)" "mantech8.com"
185.191.171.34 - - [22/Oct/2022:15:49:46 -0700] "GET /index.php/camp-fire/40382502.html HTTP/1.1" 500 - "-" "Mozilla/5.0 (compatible; SemrushBot/7~bl; +http://www.semrush.com/bot.html)" "mantech8.com"
185.191.171.13 - - [22/Oct/2022:15:49:50 -0700] "GET /index.php/camp-fire/35447638.html HTTP/1.1" 500 - "-" "Mozilla/5.0 (compatible; SemrushBot/7~bl; +http://www.semrush.com/bot.html)" "mantech8.com"
185.191.171.13 - - [22/Oct/2022:15:50:27 -0700] "GET /index.php/camp-fire/38542703.html HTTP/1.1" 500 - "-" "Mozilla/5.0 (compatible; SemrushBot/7~bl; +http://www.semrush.com/bot.html)" "mantech8.com"
185.191.171.8 - - [22/Oct/2022:15:50:50 -0700] "GET /index.php/camp-fire/44228834.html HTTP/1.1" 500 - "-" "Mozilla/5.0 (compatible; SemrushBot/7~bl; +http://www.semrush.com/bot.html)" "mantech8.com"
185.191.171.38 - - [22/Oct/2022:15:51:36 -0700] "GET /index.php/camp-fire/28492464.html HTTP/1.1" 500 - "-" "Mozilla/5.0 (compatible; SemrushBot/7~bl; +http://www.semrush.com/bot.html)" "mantech8.com"
185.191.171.3 - - [22/Oct/2022:15:52:05 -0700] "GET /index.php/camp-fire/42104334.html HTTP/1.1" 500 - "-" "Mozilla/5.0 (compatible; SemrushBot/7~bl; +http://www.semrush.com/bot.html)" "mantech8.com"
185.191.171.5 - - [22/Oct/2022:15:52:15 -0700] "GET /index.php/camp-fire/24739765.html HTTP/1.1" 500 - "-" "Mozilla/5.0 (compatible; SemrushBot/7~bl; +http://www.semrush.com/bot.html)" "mantech8.com"
185.191.171.21 - - [22/Oct/2022:15:52:22 -0700] "GET /index.php/camp-fire/2640353.html HTTP/1.1" 500 - "-" "Mozilla/5.0 (compatible; SemrushBot/7~bl; +http://www.semrush.com/bot.html)" "mantech8.com"
185.191.171.4 - - [22/Oct/2022:15:52:48 -0700] "GET /index.php/camp-fire/27848026.html HTTP/1.1" 500 - "-" "Mozilla/5.0 (compatible; SemrushBot/7~bl; +http://www.semrush.com/bot.html)" "mantech8.com"
185.191.171.43 - - [22/Oct/2022:15:52:59 -0700] "GET /index.php/camp-fire/23699606.html HTTP/1.1" 500 - "-" "Mozilla/5.0 (compatible; SemrushBot/7~bl; +http://www.semrush.com/bot.html)" "mantech8.com"
114.119.133.190 - - [22/Oct/2022:15:53:14 -0700] "GET /bimages/scafg/thump/?C=N%3BO%3DD HTTP/1.1" 200 535 "http://www.mantech8.com/bimages/scafg/thump/?C=S%3BO%3DA" "Mozilla/5.0 (Linux; Android 7.0;) AppleWebKit/537.36 (KHTML, like Gecko) Mobile Safari/537.36 (compatible; PetalBot;+https://webmaster.petalsearch.com/site/petalbot)" "www.mantech8.com"
185.191.171.39 - - [22/Oct/2022:15:56:04 -0700] "GET /index.php/camp-fire/4800655.html HTTP/1.1" 500 - "-" "Mozilla/5.0 (compatible; SemrushBot/7~bl; +http://www.semrush.com/bot.html)" "mantech8.com"
185.191.171.10 - - [22/Oct/2022:15:56:32 -0700] "GET /index.php/camp-fire/40730750.html HTTP/1.1" 500 - "-" "Mozilla/5.0 (compatible; SemrushBot/7~bl; +http://www.semrush.com/bot.html)" "mantech8.com"
185.191.171.15 - - [22/Oct/2022:15:57:07 -0700] "GET /index.php/camp-fire/279998.html HTTP/1.1" 500 - "-" "Mozilla/5.0 (compatible; SemrushBot/7~bl; +http://www.semrush.com/bot.html)" "mantech8.com"
185.191.171.3 - - [22/Oct/2022:15:57:24 -0700] "GET /index.php/camp-fire/52168350.html HTTP/1.1" 500 - "-" "Mozilla/5.0 (compatible; SemrushBot/7~bl; +http://www.semrush.com/bot.html)" "mantech8.com"
185.191.171.33 - - [22/Oct/2022:15:58:18 -0700] "GET /index.php/camp-fire/33588551.html HTTP/1.1" 500 - "-" "Mozilla/5.0 (compatible; SemrushBot/7~bl; +http://www.semrush.com/bot.html)" "mantech8.com"
114.119.133.166 - - [22/Oct/2022:15:58:44 -0700] "GET /index.php/exorcise.xml HTTP/1.1" 200 289437 "-" "Mozilla/5.0 (compatible;PetalBot;+https://webmaster.petalsearch.com/site/petalbot)" "mantech8.com"
185.191.171.45 - - [22/Oct/2022:15:59:40 -0700] "GET /index.php/camp-fire/24606884.html HTTP/1.1" 500 - "-" "Mozilla/5.0 (compatible; SemrushBot/7~bl; +http://www.semrush.com/bot.html)" "mantech8.com"
185.191.171.7 - - [22/Oct/2022:16:00:13 -0700] "GET /robots.txt HTTP/1.1" 200 106 "-" "Mozilla/5.0 (compatible; SemrushBot/7~bl; +http://www.semrush.com/bot.html)" "mantech8.com"
185.191.171.38 - - [22/Oct/2022:16:00:13 -0700] "GET /index.php/camp-fire/4869855.html HTTP/1.1" 500 - "-" "Mozilla/5.0 (compatible; SemrushBot/7~bl; +http://www.semrush.com/bot.html)" "mantech8.com"
185.191.171.10 - - [22/Oct/2022:16:01:41 -0700] "GET /index.php/camp-fire/27901359.html HTTP/1.1" 500 - "-" "Mozilla/5.0 (compatible; SemrushBot/7~bl; +http://www.semrush.com/bot.html)" "mantech8.com"
185.191.171.5 - - [22/Oct/2022:16:02:35 -0700] "GET /index.php/camp-fire/32112830.html HTTP/1.1" 500 - "-" "Mozilla/5.0 (compatible; SemrushBot/7~bl; +http://www.semrush.com/bot.html)" "mantech8.com"
185.191.171.43 - - [22/Oct/2022:16:02:45 -0700] "GET /index.php/camp-fire/25024806.html HTTP/1.1" 500 - "-" "Mozilla/5.0 (compatible; SemrushBot/7~bl; +http://www.semrush.com/bot.html)" "mantech8.com"
185.191.171.22 - - [22/Oct/2022:16:02:55 -0700] "GET /index.php/camp-fire/2423893.html HTTP/1.1" 500 - "-" "Mozilla/5.0 (compatible; SemrushBot/7~bl; +http://www.semrush.com/bot.html)" "mantech8.com"
185.191.171.38 - - [22/Oct/2022:16:03:56 -0700] "GET /index.php/camp-fire/4374696.html HTTP/1.1" 500 - "-" "Mozilla/5.0 (compatible; SemrushBot/7~bl; +http://www.semrush.com/bot.html)" "mantech8.com"
114.119.133.165 - - [22/Oct/2022:16:04:17 -0700] "GET /bimages/pipeg/thump/?C=D%3BO%3DA HTTP/1.1" 200 568 "http://www.mantech8.com/bimages/pipeg/thump/?C=N%3BO%3DD" "Mozilla/5.0 (Linux; Android 7.0;) AppleWebKit/537.36 (KHTML, like Gecko) Mobile Safari/537.36 (compatible; PetalBot;+https://webmaster.petalsearch.com/site/petalbot)" "www.mantech8.com"
185.191.171.3 - - [22/Oct/2022:16:04:26 -0700] "GET /index.php/camp-fire/42195803.html HTTP/1.1" 500 - "-" "Mozilla/5.0 (compatible; SemrushBot/7~bl; +http://www.semrush.com/bot.html)" "mantech8.com"
185.191.171.42 - - [22/Oct/2022:16:04:28 -0700] "GET /index.php/camp-fire/7311180.html HTTP/1.1" 500 - "-" "Mozilla/5.0 (compatible; SemrushBot/7~bl; +http://www.semrush.com/bot.html)" "mantech8.com"
185.191.171.23 - - [22/Oct/2022:16:04:29 -0700] "GET /index.php/camp-fire/21934287.html HTTP/1.1" 500 - "-" "Mozilla/5.0 (compatible; SemrushBot/7~bl; +http://www.semrush.com/bot.html)" "mantech8.com"
185.191.171.23 - - [22/Oct/2022:16:04:34 -0700] "GET /index.php/camp-fire/38828292.html HTTP/1.1" 500 - "-" "Mozilla/5.0 (compatible; SemrushBot/7~bl; +http://www.semrush.com/bot.html)" "mantech8.com"
185.191.171.1 - - [22/Oct/2022:16:04:37 -0700] "GET /index.php/camp-fire/14909924.html HTTP/1.1" 500 - "-" "Mozilla/5.0 (compatible; SemrushBot/7~bl; +http://www.semrush.com/bot.html)" "mantech8.com"
185.191.171.12 - - [22/Oct/2022:16:05:17 -0700] "GET /index.php/camp-fire/51344371.html HTTP/1.1" 500 - "-" "Mozilla/5.0 (compatible; SemrushBot/7~bl; +http://www.semrush.com/bot.html)" "mantech8.com"
185.191.171.2 - - [22/Oct/2022:16:05:23 -0700] "GET /index.php/camp-fire/26782321.html HTTP/1.1" 500 - "-" "Mozilla/5.0 (compatible; SemrushBot/7~bl; +http://www.semrush.com/bot.html)" "mantech8.com"
185.191.171.11 - - [22/Oct/2022:16:05:31 -0700] "GET /index.php/camp-fire/7918442.html HTTP/1.1" 500 - "-" "Mozilla/5.0 (compatible; SemrushBot/7~bl; +http://www.semrush.com/bot.html)" "mantech8.com"
66.249.66.64 - - [22/Oct/2022:16:06:24 -0700] "GET /qiaojis.xml HTTP/1.1" 404 88 "-" "Mozilla/5.0 (compatible; Googlebot/2.1; +http://www.google.com/bot.html)" "mantech8.com"
185.191.171.19 - - [22/Oct/2022:16:07:14 -0700] "GET /index.php/camp-fire/48379902.html HTTP/1.1" 500 - "-" "Mozilla/5.0 (compatible; SemrushBot/7~bl; +http://www.semrush.com/bot.html)" "mantech8.com"
185.191.171.24 - - [22/Oct/2022:16:08:14 -0700] "GET /index.php/camp-fire/42078249.html HTTP/1.1" 500 - "-" "Mozilla/5.0 (compatible; SemrushBot/7~bl; +http://www.semrush.com/bot.html)" "mantech8.com"
185.191.171.6 - - [22/Oct/2022:16:08:26 -0700] "GET /index.php/camp-fire/28204263.html HTTP/1.1" 500 - "-" "Mozilla/5.0 (compatible; SemrushBot/7~bl; +http://www.semrush.com/bot.html)" "mantech8.com"
185.191.171.17 - - [22/Oct/2022:16:08:51 -0700] "GET /index.php/camp-fire/83573183.html HTTP/1.1" 500 - "-" "Mozilla/5.0 (compatible; SemrushBot/7~bl; +http://www.semrush.com/bot.html)" "mantech8.com"
123.125.109.120 - - [22/Oct/2022:16:09:14 -0700] "GET / HTTP/1.1" 500 - "-" "Sogou web spider/4.0(+http://www.sogou.com/docs/help/webmasters.htm#07)" "mantech8.com"
185.191.171.35 - - [22/Oct/2022:16:09:34 -0700] "GET /index.php/camp-fire/48974192.html HTTP/1.1" 500 - "-" "Mozilla/5.0 (compatible; SemrushBot/7~bl; +http://www.semrush.com/bot.html)" "mantech8.com"
185.191.171.44 - - [22/Oct/2022:16:09:37 -0700] "GET /index.php/camp-fire/21088993.html HTTP/1.1" 500 - "-" "Mozilla/5.0 (compatible; SemrushBot/7~bl; +http://www.semrush.com/bot.html)" "mantech8.com"
114.119.133.158 - - [22/Oct/2022:16:09:50 -0700] "GET /?sitemap9084.xml HTTP/1.1" 200 270567 "-" "Mozilla/5.0 (compatible;PetalBot;+https://webmaster.petalsearch.com/site/petalbot)" "mantech8.com"
185.191.171.8 - - [22/Oct/2022:16:10:14 -0700] "GET /index.php/camp-fire/33840168.html HTTP/1.1" 500 - "-" "Mozilla/5.0 (compatible; SemrushBot/7~bl; +http://www.semrush.com/bot.html)" "mantech8.com"
185.191.171.9 - - [22/Oct/2022:16:11:41 -0700] "GET /index.php/camp-fire/23630006.html HTTP/1.1" 500 - "-" "Mozilla/5.0 (compatible; SemrushBot/7~bl; +http://www.semrush.com/bot.html)" "mantech8.com"
40.77.167.58 - - [22/Oct/2022:16:11:42 -0700] "GET /camp-fire/43737773.html HTTP/1.1" 404 88 "-" "Mozilla/5.0 AppleWebKit/537.36 (KHTML, like Gecko; compatible; bingbot/2.0; +http://www.bing.com/bingbot.htm) Chrome/103.0.5060.134 Safari/537.36" "www.mantech8.com"
185.191.171.15 - - [22/Oct/2022:16:11:49 -0700] "GET /index.php/camp-fire/35814838.html HTTP/1.1" 500 - "-" "Mozilla/5.0 (compatible; SemrushBot/7~bl; +http://www.semrush.com/bot.html)" "mantech8.com"
185.191.171.16 - - [22/Oct/2022:16:12:07 -0700] "GET /index.php/camp-fire/22564584.html HTTP/1.1" 500 - "-" "Mozilla/5.0 (compatible; SemrushBot/7~bl; +http://www.semrush.com/bot.html)" "mantech8.com"
185.191.171.11 - - [22/Oct/2022:16:12:25 -0700] "GET /index.php/camp-fire/48380102.html HTTP/1.1" 500 - "-" "Mozilla/5.0 (compatible; SemrushBot/7~bl; +http://www.semrush.com/bot.html)" "mantech8.com"
185.191.171.6 - - [22/Oct/2022:16:12:27 -0700] "GET /index.php/camp-fire/34289482.html HTTP/1.1" 500 - "-" "Mozilla/5.0 (compatible; SemrushBot/7~bl; +http://www.semrush.com/bot.html)" "mantech8.com"
185.191.171.36 - - [22/Oct/2022:16:13:10 -0700] "GET /index.php/camp-fire/31563717.html HTTP/1.1" 500 - "-" "Mozilla/5.0 (compatible; SemrushBot/7~bl; +http://www.semrush.com/bot.html)" "mantech8.com"
185.191.171.22 - - [22/Oct/2022:16:13:12 -0700] "GET /index.php/camp-fire/27562226.html HTTP/1.1" 500 - "-" "Mozilla/5.0 (compatible; SemrushBot/7~bl; +http://www.semrush.com/bot.html)" "mantech8.com"
114.119.133.165 - - [22/Oct/2022:16:15:21 -0700] "GET /index.php/lamiter.xml HTTP/1.1" 200 289432 "-" "Mozilla/5.0 (compatible;PetalBot;+https://webmaster.petalsearch.com/site/petalbot)" "mantech8.com"
185.191.171.41 - - [22/Oct/2022:16:15:50 -0700] "GET /index.php/camp-fire/8474872.html HTTP/1.1" 500 - "-" "Mozilla/5.0 (compatible; SemrushBot/7~bl; +http://www.semrush.com/bot.html)" "mantech8.com"
185.191.171.6 - - [22/Oct/2022:16:15:59 -0700] "GET /index.php/camp-fire/3959474.html HTTP/1.1" 500 - "-" "Mozilla/5.0 (compatible; SemrushBot/7~bl; +http://www.semrush.com/bot.html)" "mantech8.com"
185.191.171.3 - - [22/Oct/2022:16:16:12 -0700] "GET /index.php/camp-fire/29012964.html HTTP/1.1" 500 - "-" "Mozilla/5.0 (compatible; SemrushBot/7~bl; +http://www.semrush.com/bot.html)" "mantech8.com"
185.191.171.21 - - [22/Oct/2022:16:16:50 -0700] "GET /index.php/camp-fire/15659151.html HTTP/1.1" 500 - "-" "Mozilla/5.0 (compatible; SemrushBot/7~bl; +http://www.semrush.com/bot.html)" "mantech8.com"
185.191.171.7 - - [22/Oct/2022:16:17:28 -0700] "GET /index.php/camp-fire/25281933.html HTTP/1.1" 500 - "-" "Mozilla/5.0 (compatible; SemrushBot/7~bl; +http://www.semrush.com/bot.html)" "mantech8.com"
185.191.171.12 - - [22/Oct/2022:16:17:29 -0700] "GET /index.php/camp-fire/42260934.html HTTP/1.1" 500 - "-" "Mozilla/5.0 (compatible; SemrushBot/7~bl; +http://www.semrush.com/bot.html)" "mantech8.com"
185.191.171.43 - - [22/Oct/2022:16:17:35 -0700] "GET /index.php/camp-fire/25933676.html HTTP/1.1" 500 - "-" "Mozilla/5.0 (compatible; SemrushBot/7~bl; +http://www.semrush.com/bot.html)" "mantech8.com"
185.191.171.6 - - [22/Oct/2022:16:18:31 -0700] "GET /index.php/camp-fire/42499803.html HTTP/1.1" 500 - "-" "Mozilla/5.0 (compatible; SemrushBot/7~bl; +http://www.semrush.com/bot.html)" "mantech8.com"
40.77.167.66 - - [22/Oct/2022:16:18:33 -0700] "GET /?camp-fire/36265706.html HTTP/1.1" 200 62411 "-" "Mozilla/5.0 (compatible; bingbot/2.0; +http://www.bing.com/bingbot.htm)" "mantech8.com"
185.191.171.4 - - [22/Oct/2022:16:19:19 -0700] "GET /index.php/camp-fire/35023125.html HTTP/1.1" 500 - "-" "Mozilla/5.0 (compatible; SemrushBot/7~bl; +http://www.semrush.com/bot.html)" "mantech8.com"
185.191.171.45 - - [22/Oct/2022:16:19:22 -0700] "GET /index.php/camp-fire/15340109.html HTTP/1.1" 500 - "-" "Mozilla/5.0 (compatible; SemrushBot/7~bl; +http://www.semrush.com/bot.html)" "mantech8.com"
185.191.171.4 - - [22/Oct/2022:16:19:49 -0700] "GET /index.php/camp-fire/4822055.html HTTP/1.1" 500 - "-" "Mozilla/5.0 (compatible; SemrushBot/7~bl; +http://www.semrush.com/bot.html)" "mantech8.com"
185.191.171.35 - - [22/Oct/2022:16:20:08 -0700] "GET /index.php/camp-fire/35747638.html HTTP/1.1" 500 - "-" "Mozilla/5.0 (compatible; SemrushBot/7~bl; +http://www.semrush.com/bot.html)" "mantech8.com"
185.191.171.24 - - [22/Oct/2022:16:20:18 -0700] "GET /index.php/camp-fire/40795684.html HTTP/1.1" 500 - "-" "Mozilla/5.0 (compatible; SemrushBot/7~bl; +http://www.semrush.com/bot.html)" "mantech8.com"
185.191.171.45 - - [22/Oct/2022:16:20:42 -0700] "GET /index.php/camp-fire/32117435.html HTTP/1.1" 500 - "-" "Mozilla/5.0 (compatible; SemrushBot/7~bl; +http://www.semrush.com/bot.html)" "mantech8.com"
114.119.133.182 - - [22/Oct/2022:16:20:50 -0700] "GET /bimages/headg/?C=N%3BO%3DD HTTP/1.1" 200 491 "http://www.mantech8.com/bimages/headg/?C=D%3BO%3DA" "Mozilla/5.0 (Linux; Android 7.0;) AppleWebKit/537.36 (KHTML, like Gecko) Mobile Safari/537.36 (compatible; PetalBot;+https://webmaster.petalsearch.com/site/petalbot)" "www.mantech8.com"
185.191.171.35 - - [22/Oct/2022:16:22:39 -0700] "GET /index.php/camp-fire/33641268.html HTTP/1.1" 500 - "-" "Mozilla/5.0 (compatible; SemrushBot/7~bl; +http://www.semrush.com/bot.html)" "mantech8.com"
185.191.171.9 - - [22/Oct/2022:16:23:05 -0700] "GET /index.php/camp-fire/33670859.html HTTP/1.1" 500 - "-" "Mozilla/5.0 (compatible; SemrushBot/7~bl; +http://www.semrush.com/bot.html)" "mantech8.com"
185.191.171.44 - - [22/Oct/2022:16:23:19 -0700] "GET /index.php/camp-fire/5409396.html HTTP/1.1" 500 - "-" "Mozilla/5.0 (compatible; SemrushBot/7~bl; +http://www.semrush.com/bot.html)" "mantech8.com"
185.191.171.37 - - [22/Oct/2022:16:23:26 -0700] "GET /index.php/camp-fire/26088051.html HTTP/1.1" 500 - "-" "Mozilla/5.0 (compatible; SemrushBot/7~bl; +http://www.semrush.com/bot.html)" "mantech8.com"
185.191.171.37 - - [22/Oct/2022:16:23:29 -0700] "GET /index.php/camp-fire/5395672.html HTTP/1.1" 500 - "-" "Mozilla/5.0 (compatible; SemrushBot/7~bl; +http://www.semrush.com/bot.html)" "mantech8.com"
216.244.66.241 - - [22/Oct/2022:16:24:00 -0700] "GET /robots.txt HTTP/1.1" 200 222 "-" "Mozilla/5.0 (compatible; DotBot/1.2; +https://opensiteexplorer.org/dotbot; help@moz.com)" "www.mantech8.com"
216.244.66.241 - - [22/Oct/2022:16:24:00 -0700] "GET /robots.txt HTTP/1.1" 200 222 "-" "Mozilla/5.0 (compatible; DotBot/1.2; +https://opensiteexplorer.org/dotbot; help@moz.com)" "mantech8.com"
77.75.79.31 - - [22/Oct/2022:16:24:08 -0700] "GET /sitemap1404.xml HTTP/1.1" 404 88 "-" "Mozilla/5.0 (compatible; SeznamBot/4.0-RC1; +http://napoveda.seznam.cz/seznambot-intro/)" "mantech8.com"
185.191.171.9 - - [22/Oct/2022:16:24:54 -0700] "GET /index.php/camp-fire/32812250.html HTTP/1.1" 500 - "-" "Mozilla/5.0 (compatible; SemrushBot/7~bl; +http://www.semrush.com/bot.html)" "mantech8.com"
185.191.171.9 - - [22/Oct/2022:16:24:58 -0700] "GET /index.php/camp-fire/8197121.html HTTP/1.1" 500 - "-" "Mozilla/5.0 (compatible; SemrushBot/7~bl; +http://www.semrush.com/bot.html)" "mantech8.com"
185.191.171.14 - - [22/Oct/2022:16:25:12 -0700] "GET /index.php/camp-fire/43490525.html HTTP/1.1" 500 - "-" "Mozilla/5.0 (compatible; SemrushBot/7~bl; +http://www.semrush.com/bot.html)" "mantech8.com"
185.191.171.16 - - [22/Oct/2022:16:25:19 -0700] "GET /index.php/camp-fire/39287925.html HTTP/1.1" 500 - "-" "Mozilla/5.0 (compatible; SemrushBot/7~bl; +http://www.semrush.com/bot.html)" "mantech8.com"
114.119.133.166 - - [22/Oct/2022:16:26:21 -0700] "GET /piping.php HTTP/1.1" 200 13582 "http://www.mantech8.com/services.php" "Mozilla/5.0 (Linux; Android 7.0;) AppleWebKit/537.36 (KHTML, like Gecko) Mobile Safari/537.36 (compatible; PetalBot;+https://webmaster.petalsearch.com/site/petalbot)" "www.mantech8.com"
185.191.171.40 - - [22/Oct/2022:16:27:15 -0700] "GET /index.php/camp-fire/27935959.html HTTP/1.1" 500 - "-" "Mozilla/5.0 (compatible; SemrushBot/7~bl; +http://www.semrush.com/bot.html)" "mantech8.com"
185.191.171.25 - - [22/Oct/2022:16:27:32 -0700] "GET /index.php/camp-fire/30482941.html HTTP/1.1" 500 - "-" "Mozilla/5.0 (compatible; SemrushBot/7~bl; +http://www.semrush.com/bot.html)" "mantech8.com"
185.191.171.41 - - [22/Oct/2022:16:28:57 -0700] "GET /index.php/camp-fire/61196150.html HTTP/1.1" 500 - "-" "Mozilla/5.0 (compatible; SemrushBot/7~bl; +http://www.semrush.com/bot.html)" "mantech8.com"
185.191.171.38 - - [22/Oct/2022:16:29:03 -0700] "GET /index.php/camp-fire/27167263.html HTTP/1.1" 500 - "-" "Mozilla/5.0 (compatible; SemrushBot/7~bl; +http://www.semrush.com/bot.html)" "mantech8.com"
185.191.171.22 - - [22/Oct/2022:16:29:52 -0700] "GET /index.php/camp-fire/38663172.html HTTP/1.1" 500 - "-" "Mozilla/5.0 (compatible; SemrushBot/7~bl; +http://www.semrush.com/bot.html)" "mantech8.com"
40.77.167.72 - - [22/Oct/2022:16:30:12 -0700] "GET /index.php?camp-fire/15200669.html HTTP/1.1" 200 76301 "-" "Mozilla/5.0 (compatible; bingbot/2.0; +http://www.bing.com/bingbot.htm)" "mantech8.com"
185.191.171.26 - - [22/Oct/2022:16:30:43 -0700] "GET /index.php/camp-fire/7911742.html HTTP/1.1" 500 - "-" "Mozilla/5.0 (compatible; SemrushBot/7~bl; +http://www.semrush.com/bot.html)" "mantech8.com"
185.191.171.11 - - [22/Oct/2022:16:30:45 -0700] "GET /index.php/camp-fire/33294076.html HTTP/1.1" 500 - "-" "Mozilla/5.0 (compatible; SemrushBot/7~bl; +http://www.semrush.com/bot.html)" "mantech8.com"
185.191.171.1 - - [22/Oct/2022:16:31:16 -0700] "GET /index.php/camp-fire/68362134.html HTTP/1.1" 500 - "-" "Mozilla/5.0 (compatible; SemrushBot/7~bl; +http://www.semrush.com/bot.html)" "mantech8.com"
207.46.13.205 - - [22/Oct/2022:16:31:31 -0700] "GET /index.php?/archive/category/3%EF%BC%89%E5%80%92%E7%94%A3%EF%BC%88%E5%BC%81%E8%AD%B7%E5%A3%AB%E4%BB%8B%E5%85%A5%E5%BE%8C%EF%BC%89-%E3%82%A8%E3%83%83%E3%82%AF%E3%82%B9%E3%83%87%E3%82%A4%E3%81%AB%E4%BD%95%E3%81%8C%E8%B5%B7%E3%81%93%E3%82%8B%EF%BC%9F HTTP/1.1" 200 64965 "-" "Mozilla/5.0 (compatible; bingbot/2.0; +http://www.bing.com/bingbot.htm)" "mantech8.com"
185.191.171.36 - - [22/Oct/2022:16:31:50 -0700] "GET /index.php/camp-fire/28736389.html HTTP/1.1" 500 - "-" "Mozilla/5.0 (compatible; SemrushBot/7~bl; +http://www.semrush.com/bot.html)" "mantech8.com"
114.119.133.182 - - [22/Oct/2022:16:31:51 -0700] "GET /bimages/ele/?C=M%3BO%3DA HTTP/1.1" 200 426 "http://www.mantech8.com/bimages/ele/?C=N%3BO%3DD" "Mozilla/5.0 (Linux; Android 7.0;) AppleWebKit/537.36 (KHTML, like Gecko) Mobile Safari/537.36 (compatible; PetalBot;+https://webmaster.petalsearch.com/site/petalbot)" "www.mantech8.com"
185.191.171.25 - - [22/Oct/2022:16:31:55 -0700] "GET /index.php/camp-fire/27349797.html HTTP/1.1" 500 - "-" "Mozilla/5.0 (compatible; SemrushBot/7~bl; +http://www.semrush.com/bot.html)" "mantech8.com"
185.191.171.18 - - [22/Oct/2022:16:32:13 -0700] "GET /index.php/camp-fire/26906421.html HTTP/1.1" 500 - "-" "Mozilla/5.0 (compatible; SemrushBot/7~bl; +http://www.semrush.com/bot.html)" "mantech8.com"
105.27.176.6 - - [22/Oct/2022:16:32:30 -0700] "GET /contact.php HTTP/1.1" 200 29238 "http://mantech8.com/contact.php" "Mozilla/5.0 (Windows NT 6.1; Win64; x64) AppleWebKit/537.36 (KHTML, like Gecko) Chrome/90.0.4430.85 Safari/537.36" "mantech8.com"
105.27.176.6 - - [22/Oct/2022:16:32:32 -0700] "POST /mailer.php HTTP/1.1" 500 - "http://mantech8.com/contact.php" "Mozilla/5.0 (Windows NT 6.1; Win64; x64) AppleWebKit/537.36 (KHTML, like Gecko) Chrome/90.0.4430.85 Safari/537.36" "mantech8.com"
185.191.171.21 - - [22/Oct/2022:16:32:49 -0700] "GET /index.php/camp-fire/4274896.html HTTP/1.1" 500 - "-" "Mozilla/5.0 (compatible; SemrushBot/7~bl; +http://www.semrush.com/bot.html)" "mantech8.com"
40.77.167.66 - - [22/Oct/2022:16:33:04 -0700] "GET /bimages/service/s666.jpg HTTP/1.1" 200 174629 "-" "Mozilla/5.0 (compatible; bingbot/2.0; +http://www.bing.com/bingbot.htm)" "www.mantech8.com"
185.191.171.3 - - [22/Oct/2022:16:33:48 -0700] "GET /index.php/camp-fire/2404593.html HTTP/1.1" 500 - "-" "Mozilla/5.0 (compatible; SemrushBot/7~bl; +http://www.semrush.com/bot.html)" "mantech8.com"
185.191.171.7 - - [22/Oct/2022:16:35:14 -0700] "GET /index.php/camp-fire/37747778.html HTTP/1.1" 500 - "-" "Mozilla/5.0 (compatible; SemrushBot/7~bl; +http://www.semrush.com/bot.html)" "mantech8.com"
193.169.255.236 - - [22/Oct/2022:16:35:59 -0700] "GET /contact.php HTTP/1.1" 200 29238 "http://mantech8.com/contact.php" "Mozilla/5.0 (Windows NT 6.1) AppleWebKit/537.36 (KHTML, like Gecko) Chrome/33.0.1750.117 Safari/537.36" "mantech8.com"
193.169.255.236 - - [22/Oct/2022:16:35:59 -0700] "GET /verificationimage.php?3983 HTTP/1.1" 200 1440 "http://mantech8.com/contact.php" "Mozilla/5.0 (Windows NT 6.1) AppleWebKit/537.36 (KHTML, like Gecko) Chrome/33.0.1750.117 Safari/537.36" "mantech8.com"
193.169.255.236 - - [22/Oct/2022:16:36:00 -0700] "POST /mailer.php HTTP/1.1" 500 - "http://mantech8.com/contact.php" "Mozilla/5.0 (Windows NT 6.1) AppleWebKit/537.36 (KHTML, like Gecko) Chrome/33.0.1750.117 Safari/537.36" "mantech8.com"
185.191.171.22 - - [22/Oct/2022:16:36:03 -0700] "GET /index.php/camp-fire/4316085.html HTTP/1.1" 500 - "-" "Mozilla/5.0 (compatible; SemrushBot/7~bl; +http://www.semrush.com/bot.html)" "mantech8.com"
185.191.171.2 - - [22/Oct/2022:16:36:35 -0700] "GET /index.php/camp-fire/28627689.html HTTP/1.1" 500 - "-" "Mozilla/5.0 (compatible; SemrushBot/7~bl; +http://www.semrush.com/bot.html)" "mantech8.com"
185.191.171.12 - - [22/Oct/2022:16:37:06 -0700] "GET /index.php/camp-fire/6458459.html HTTP/1.1" 500 - "-" "Mozilla/5.0 (compatible; SemrushBot/7~bl; +http://www.semrush.com/bot.html)" "mantech8.com"
185.191.171.16 - - [22/Oct/2022:16:37:09 -0700] "GET /index.php/camp-fire/27586726.html HTTP/1.1" 500 - "-" "Mozilla/5.0 (compatible; SemrushBot/7~bl; +http://www.semrush.com/bot.html)" "mantech8.com"
185.191.171.11 - - [22/Oct/2022:16:37:18 -0700] "GET /index.php/camp-fire/28622889.html HTTP/1.1" 500 - "-" "Mozilla/5.0 (compatible; SemrushBot/7~bl; +http://www.semrush.com/bot.html)" "mantech8.com"
185.191.171.9 - - [22/Oct/2022:16:37:31 -0700] "GET /index.php/camp-fire/25273850.html HTTP/1.1" 500 - "-" "Mozilla/5.0 (compatible; SemrushBot/7~bl; +http://www.semrush.com/bot.html)" "mantech8.com"
114.119.133.158 - - [22/Oct/2022:16:37:34 -0700] "GET /images/MANTECH%20GROUP.pdf HTTP/1.1" 200 174169 "-" "Mozilla/5.0 (Linux; Android 7.0;) AppleWebKit/537.36 (KHTML, like Gecko) Mobile Safari/537.36 (compatible; PetalBot;+https://webmaster.petalsearch.com/site/petalbot)" "www.mantech8.com"
40.77.167.66 - - [22/Oct/2022:16:38:04 -0700] "GET /clients.php HTTP/1.1" 200 18489 "-" "Mozilla/5.0 AppleWebKit/537.36 (KHTML, like Gecko; compatible; bingbot/2.0; +http://www.bing.com/bingbot.htm) Chrome/103.0.5060.134 Safari/537.36" "mantech8.com"
207.46.13.205 - - [22/Oct/2022:16:38:22 -0700] "GET /js/script.js HTTP/1.1" 200 7687 "-" "Mozilla/5.0 AppleWebKit/537.36 (KHTML, like Gecko; compatible; bingbot/2.0; +http://www.bing.com/bingbot.htm) Chrome/103.0.5060.134 Safari/537.36" "mantech8.com"
207.46.13.76 - - [22/Oct/2022:16:38:24 -0700] "GET /css/style.css HTTP/1.1" 200 126990 "-" "Mozilla/5.0 (compatible; bingbot/2.0; +http://www.bing.com/bingbot.htm)" "mantech8.com"
207.46.13.184 - - [22/Oct/2022:16:38:26 -0700] "GET /css/responsive1.css HTTP/1.1" 200 1710 "-" "Mozilla/5.0 (compatible; bingbot/2.0; +http://www.bing.com/bingbot.htm)" "mantech8.com"
40.77.167.72 - - [22/Oct/2022:16:38:27 -0700] "GET /css/style2.css HTTP/1.1" 200 8414 "-" "Mozilla/5.0 AppleWebKit/537.36 (KHTML, like Gecko; compatible; bingbot/2.0; +http://www.bing.com/bingbot.htm) Chrome/103.0.5060.134 Safari/537.36" "mantech8.com"
40.77.167.72 - - [22/Oct/2022:16:38:27 -0700] "GET /engine1/jquery.js HTTP/1.1" 200 33282 "-" "Mozilla/5.0 AppleWebKit/537.36 (KHTML, like Gecko; compatible; bingbot/2.0; +http://www.bing.com/bingbot.htm) Chrome/103.0.5060.134 Safari/537.36" "mantech8.com"
207.46.13.76 - - [22/Oct/2022:16:38:33 -0700] "GET /js/core.min.js HTTP/1.1" 200 42721 "-" "Mozilla/5.0 AppleWebKit/537.36 (KHTML, like Gecko; compatible; bingbot/2.0; +http://www.bing.com/bingbot.htm) Chrome/103.0.5060.134 Safari/537.36" "mantech8.com"
207.46.13.184 - - [22/Oct/2022:16:38:37 -0700] "GET /js/bootstrap.min.js HTTP/1.1" 200 9765 "-" "Mozilla/5.0 (compatible; bingbot/2.0; +http://www.bing.com/bingbot.htm)" "mantech8.com"
185.191.171.6 - - [22/Oct/2022:16:39:04 -0700] "GET /index.php/camp-fire/48706088.html HTTP/1.1" 500 - "-" "Mozilla/5.0 (compatible; SemrushBot/7~bl; +http://www.semrush.com/bot.html)" "mantech8.com"
185.191.171.1 - - [22/Oct/2022:16:39:49 -0700] "GET /index.php/camp-fire/35251038.html HTTP/1.1" 500 - "-" "Mozilla/5.0 (compatible; SemrushBot/7~bl; +http://www.semrush.com/bot.html)" "mantech8.com"
185.191.171.3 - - [22/Oct/2022:16:40:02 -0700] "GET /index.php/camp-fire/14594824.html HTTP/1.1" 500 - "-" "Mozilla/5.0 (compatible; SemrushBot/7~bl; +http://www.semrush.com/bot.html)" "mantech8.com"
185.191.171.14 - - [22/Oct/2022:16:40:12 -0700] "GET /index.php/camp-fire/32423260.html HTTP/1.1" 500 - "-" "Mozilla/5.0 (compatible; SemrushBot/7~bl; +http://www.semrush.com/bot.html)" "mantech8.com"
77.75.79.119 - - [22/Oct/2022:16:41:12 -0700] "GET /sitemap2.xml HTTP/1.1" 404 88 "-" "Mozilla/5.0 (compatible; SeznamBot/4.0-RC1; +http://napoveda.seznam.cz/seznambot-intro/)" "mantech8.com"
185.191.171.24 - - [22/Oct/2022:16:41:17 -0700] "GET /index.php/camp-fire/5875577.html HTTP/1.1" 500 - "-" "Mozilla/5.0 (compatible; SemrushBot/7~bl; +http://www.semrush.com/bot.html)" "mantech8.com"
185.191.171.18 - - [22/Oct/2022:16:41:25 -0700] "GET /index.php/camp-fire/2386829.html HTTP/1.1" 500 - "-" "Mozilla/5.0 (compatible; SemrushBot/7~bl; +http://www.semrush.com/bot.html)" "mantech8.com"
185.191.171.37 - - [22/Oct/2022:16:42:20 -0700] "GET /index.php/camp-fire/35294338.html HTTP/1.1" 500 - "-" "Mozilla/5.0 (compatible; SemrushBot/7~bl; +http://www.semrush.com/bot.html)" "mantech8.com"
185.191.171.42 - - [22/Oct/2022:16:42:42 -0700] "GET /index.php/camp-fire/27301270.html HTTP/1.1" 500 - "-" "Mozilla/5.0 (compatible; SemrushBot/7~bl; +http://www.semrush.com/bot.html)" "mantech8.com"
185.191.171.11 - - [22/Oct/2022:16:43:01 -0700] "GET /index.php/camp-fire/28249035.html HTTP/1.1" 500 - "-" "Mozilla/5.0 (compatible; SemrushBot/7~bl; +http://www.semrush.com/bot.html)" "mantech8.com"
114.119.133.190 - - [22/Oct/2022:16:43:04 -0700] "GET /index.php/sitemap2.xml HTTP/1.1" 200 289457 "-" "Mozilla/5.0 (Linux; Android 7.0;) AppleWebKit/537.36 (KHTML, like Gecko) Mobile Safari/537.36 (compatible; PetalBot;+https://webmaster.petalsearch.com/site/petalbot)" "mantech8.com"
185.191.171.12 - - [22/Oct/2022:16:44:36 -0700] "GET /index.php/camp-fire/51932903.html HTTP/1.1" 500 - "-" "Mozilla/5.0 (compatible; SemrushBot/7~bl; +http://www.semrush.com/bot.html)" "mantech8.com"
185.191.171.2 - - [22/Oct/2022:16:45:00 -0700] "GET /index.php/camp-fire/28728189.html HTTP/1.1" 500 - "-" "Mozilla/5.0 (compatible; SemrushBot/7~bl; +http://www.semrush.com/bot.html)" "mantech8.com"
40.77.167.72 - - [22/Oct/2022:16:45:04 -0700] "GET /index.php?camp-fire/1560.html HTTP/1.1" 200 69789 "-" "Mozilla/5.0 (compatible; bingbot/2.0; +http://www.bing.com/bingbot.htm)" "www.mantech8.com"
185.191.171.4 - - [22/Oct/2022:16:45:24 -0700] "GET /index.php/camp-fire/36205066.html HTTP/1.1" 500 - "-" "Mozilla/5.0 (compatible; SemrushBot/7~bl; +http://www.semrush.com/bot.html)" "mantech8.com"
185.191.171.37 - - [22/Oct/2022:16:46:03 -0700] "GET /index.php/camp-fire/31879809.html HTTP/1.1" 500 - "-" "Mozilla/5.0 (compatible; SemrushBot/7~bl; +http://www.semrush.com/bot.html)" "mantech8.com"
185.220.101.7 - - [22/Oct/2022:16:46:27 -0700] "GET /contact.php HTTP/1.1" 200 29238 "http://mantech8.com/contact.php" "Mozilla/5.0 (Windows NT 6.2; Win64; x64) AppleWebKit/537.36 (KHTML, like Gecko) Chrome/90.0.4430.93 Safari/537.36" "mantech8.com"
185.191.171.16 - - [22/Oct/2022:16:46:30 -0700] "GET /index.php/camp-fire/3349200.html HTTP/1.1" 500 - "-" "Mozilla/5.0 (compatible; SemrushBot/7~bl; +http://www.semrush.com/bot.html)" "mantech8.com"
185.220.101.179 - - [22/Oct/2022:16:46:31 -0700] "GET /verificationimage.php?8688 HTTP/1.1" 200 1382 "http://mantech8.com/contact.php" "Mozilla/5.0 (Windows NT 6.2; Win64; x64) AppleWebKit/537.36 (KHTML, like Gecko) Chrome/90.0.4430.93 Safari/537.36" "mantech8.com"
185.112.156.72 - - [22/Oct/2022:16:46:34 -0700] "POST /mailer.php HTTP/1.1" 500 - "http://mantech8.com/contact.php" "Mozilla/5.0 (Windows NT 6.2; Win64; x64) AppleWebKit/537.36 (KHTML, like Gecko) Chrome/90.0.4430.93 Safari/537.36" "mantech8.com"
185.191.171.39 - - [22/Oct/2022:16:46:36 -0700] "GET /index.php/camp-fire/38822792.html HTTP/1.1" 500 - "-" "Mozilla/5.0 (compatible; SemrushBot/7~bl; +http://www.semrush.com/bot.html)" "mantech8.com"
185.112.156.72 - - [22/Oct/2022:16:46:36 -0700] "GET /contact.php HTTP/1.1" 200 29238 "http://mantech8.com/contact.php" "Mozilla/5.0 (Windows NT 6.2; Win64; x64) AppleWebKit/537.36 (KHTML, like Gecko) Chrome/90.0.4430.93 Safari/537.36" "mantech8.com"
185.191.171.24 - - [22/Oct/2022:16:46:43 -0700] "GET /index.php/camp-fire/50656188.html HTTP/1.1" 500 - "-" "Mozilla/5.0 (compatible; SemrushBot/7~bl; +http://www.semrush.com/bot.html)" "mantech8.com"
185.191.171.11 - - [22/Oct/2022:16:46:58 -0700] "GET /index.php/camp-fire/49230402.html HTTP/1.1" 500 - "-" "Mozilla/5.0 (compatible; SemrushBot/7~bl; +http://www.semrush.com/bot.html)" "mantech8.com"
185.191.171.16 - - [22/Oct/2022:16:47:24 -0700] "GET /index.php/camp-fire/22088559.html HTTP/1.1" 500 - "-" "Mozilla/5.0 (compatible; SemrushBot/7~bl; +http://www.semrush.com/bot.html)" "mantech8.com"
114.119.133.190 - - [22/Oct/2022:16:48:39 -0700] "GET /index.php/sitemap80.xml HTTP/1.1" 200 289377 "-" "Mozilla/5.0 (Linux; Android 7.0;) AppleWebKit/537.36 (KHTML, like Gecko) Mobile Safari/537.36 (compatible; PetalBot;+https://webmaster.petalsearch.com/site/petalbot)" "mantech8.com"
185.191.171.26 - - [22/Oct/2022:16:48:40 -0700] "GET /index.php/camp-fire/25188355.html HTTP/1.1" 500 - "-" "Mozilla/5.0 (compatible; SemrushBot/7~bl; +http://www.semrush.com/bot.html)" "mantech8.com"
40.77.167.72 - - [22/Oct/2022:16:49:56 -0700] "GET /index.php?camp-fire/56565434.html HTTP/1.1" 200 68088 "-" "Mozilla/5.0 AppleWebKit/537.36 (KHTML, like Gecko; compatible; bingbot/2.0; +http://www.bing.com/bingbot.htm) Chrome/103.0.5060.134 Safari/537.36" "mantech8.com"
185.191.171.33 - - [22/Oct/2022:16:50:31 -0700] "GET /index.php/camp-fire/42158049.html HTTP/1.1" 500 - "-" "Mozilla/5.0 (compatible; SemrushBot/7~bl; +http://www.semrush.com/bot.html)" "mantech8.com"
185.191.171.19 - - [22/Oct/2022:16:50:38 -0700] "GET /index.php/camp-fire/38846503.html HTTP/1.1" 500 - "-" "Mozilla/5.0 (compatible; SemrushBot/7~bl; +http://www.semrush.com/bot.html)" "mantech8.com"
185.191.171.22 - - [22/Oct/2022:16:51:17 -0700] "GET /index.php/camp-fire/32420360.html HTTP/1.1" 500 - "-" "Mozilla/5.0 (compatible; SemrushBot/7~bl; +http://www.semrush.com/bot.html)" "mantech8.com"
185.191.171.8 - - [22/Oct/2022:16:51:45 -0700] "GET /index.php/camp-fire/24116532.html HTTP/1.1" 500 - "-" "Mozilla/5.0 (compatible; SemrushBot/7~bl; +http://www.semrush.com/bot.html)" "mantech8.com"
185.191.171.7 - - [22/Oct/2022:16:51:54 -0700] "GET /index.php/camp-fire/32522868.html HTTP/1.1" 500 - "-" "Mozilla/5.0 (compatible; SemrushBot/7~bl; +http://www.semrush.com/bot.html)" "mantech8.com"
185.191.171.2 - - [22/Oct/2022:16:52:24 -0700] "GET /index.php/camp-fire/47511363.html HTTP/1.1" 500 - "-" "Mozilla/5.0 (compatible; SemrushBot/7~bl; +http://www.semrush.com/bot.html)" "mantech8.com"
185.191.171.45 - - [22/Oct/2022:16:53:09 -0700] "GET /index.php/camp-fire/4282593.html HTTP/1.1" 500 - "-" "Mozilla/5.0 (compatible; SemrushBot/7~bl; +http://www.semrush.com/bot.html)" "mantech8.com"
185.191.171.9 - - [22/Oct/2022:16:53:24 -0700] "GET /index.php/camp-fire/26794621.html HTTP/1.1" 500 - "-" "Mozilla/5.0 (compatible; SemrushBot/7~bl; +http://www.semrush.com/bot.html)" "mantech8.com"
185.191.171.15 - - [22/Oct/2022:16:53:34 -0700] "GET /index.php/camp-fire/39048335.html HTTP/1.1" 500 - "-" "Mozilla/5.0 (compatible; SemrushBot/7~bl; +http://www.semrush.com/bot.html)" "mantech8.com"
185.191.171.17 - - [22/Oct/2022:16:53:59 -0700] "GET /index.php/camp-fire/42234988.html HTTP/1.1" 500 - "-" "Mozilla/5.0 (compatible; SemrushBot/7~bl; +http://www.semrush.com/bot.html)" "mantech8.com"
114.119.133.182 - - [22/Oct/2022:16:54:15 -0700] "GET /bimages/cleang/thump/?C=N%3BO%3DD HTTP/1.1" 200 462 "http://mantech8.com/bimages/cleang/thump/" "Mozilla/5.0 (Linux; Android 7.0;) AppleWebKit/537.36 (KHTML, like Gecko) Mobile Safari/537.36 (compatible; PetalBot;+https://webmaster.petalsearch.com/site/petalbot)" "mantech8.com"
40.77.190.2 - - [22/Oct/2022:16:54:15 -0700] "GET /css/animate.css HTTP/1.1" 200 74614 "-" "Mozilla/5.0 (Windows NT 6.1; WOW64) AppleWebKit/534+ (KHTML, like Gecko) BingPreview/1.0b" "mantech8.com"
40.77.189.152 - - [22/Oct/2022:16:54:15 -0700] "GET /css/hover.css HTTP/1.1" 200 125785 "-" "Mozilla/5.0 (Windows NT 6.1; WOW64) AppleWebKit/534+ (KHTML, like Gecko) BingPreview/1.0b" "mantech8.com"
40.77.190.78 - - [22/Oct/2022:16:54:15 -0700] "GET /css/flaticon.css HTTP/1.1" 200 829 "-" "Mozilla/5.0 (Windows NT 6.1; WOW64) AppleWebKit/534+ (KHTML, like Gecko) BingPreview/1.0b" "mantech8.com"
40.77.188.171 - - [22/Oct/2022:16:54:15 -0700] "GET /css/font-awesome.css HTTP/1.1" 200 28896 "-" "Mozilla/5.0 (Windows NT 6.1; WOW64) AppleWebKit/534+ (KHTML, like Gecko) BingPreview/1.0b" "mantech8.com"
40.77.189.36 - - [22/Oct/2022:16:54:16 -0700] "GET /js/script1.js HTTP/1.1" 200 6106 "-" "Mozilla/5.0 (Windows NT 6.1; WOW64) AppleWebKit/534+ (KHTML, like Gecko) BingPreview/1.0b" "mantech8.com"
40.77.190.229 - - [22/Oct/2022:16:54:16 -0700] "GET /js/wow.min.js HTTP/1.1" 200 8458 "-" "Mozilla/5.0 (Windows NT 6.1; WOW64) AppleWebKit/534+ (KHTML, like Gecko) BingPreview/1.0b" "mantech8.com"
40.77.190.163 - - [22/Oct/2022:16:54:17 -0700] "GET /fonts/fontawesome-webfonte0a5.html?v=4.3.0 HTTP/1.1" 404 73 "-" "Mozilla/5.0 (Windows NT 6.1; WOW64) AppleWebKit/534+ (KHTML, like Gecko) BingPreview/1.0b" "mantech8.com"
40.77.189.47 - - [22/Oct/2022:16:54:18 -0700] "GET /fonts/fontawesome-webfonte0a5.woff?v=4.3.0 HTTP/1.1" 404 73 "-" "Mozilla/5.0 (Windows NT 6.1; WOW64) AppleWebKit/534+ (KHTML, like Gecko) BingPreview/1.0b" "mantech8.com"
40.77.190.229 - - [22/Oct/2022:16:54:18 -0700] "GET /fonts/fontawesome-webfonte0a5.ttf?v=4.3.0 HTTP/1.1" 404 73 "-" "Mozilla/5.0 (Windows NT 6.1; WOW64) AppleWebKit/534+ (KHTML, like Gecko) BingPreview/1.0b" "mantech8.com"
40.77.189.179 - - [22/Oct/2022:16:54:19 -0700] "GET /fonts/fontawesome-webfont.woff2?v=4.5.0 HTTP/1.1" 200 66624 "-" "Mozilla/5.0 (Windows NT 6.1; WOW64) AppleWebKit/534+ (KHTML, like Gecko) BingPreview/1.0b" "mantech8.com"
185.191.171.26 - - [22/Oct/2022:16:55:01 -0700] "GET /index.php/camp-fire/56442978.html HTTP/1.1" 500 - "-" "Mozilla/5.0 (compatible; SemrushBot/7~bl; +http://www.semrush.com/bot.html)" "mantech8.com"
185.191.171.45 - - [22/Oct/2022:16:56:22 -0700] "GET /robots.txt HTTP/1.1" 200 106 "-" "Mozilla/5.0 (compatible; SemrushBot/7~bl; +http://www.semrush.com/bot.html)" "mantech8.com"
185.191.171.42 - - [22/Oct/2022:16:56:22 -0700] "GET /index.php/camp-fire/3264598.html HTTP/1.1" 500 - "-" "Mozilla/5.0 (compatible; SemrushBot/7~bl; +http://www.semrush.com/bot.html)" "mantech8.com"
185.191.171.3 - - [22/Oct/2022:16:56:32 -0700] "GET /index.php/camp-fire/25458965.html HTTP/1.1" 500 - "-" "Mozilla/5.0 (compatible; SemrushBot/7~bl; +http://www.semrush.com/bot.html)" "mantech8.com"
185.191.171.11 - - [22/Oct/2022:16:57:18 -0700] "GET /index.php/camp-fire/43757534.html HTTP/1.1" 500 - "-" "Mozilla/5.0 (compatible; SemrushBot/7~bl; +http://www.semrush.com/bot.html)" "mantech8.com"
185.191.171.3 - - [22/Oct/2022:16:57:35 -0700] "GET /index.php/camp-fire/23261317.html HTTP/1.1" 500 - "-" "Mozilla/5.0 (compatible; SemrushBot/7~bl; +http://www.semrush.com/bot.html)" "mantech8.com"
185.191.171.11 - - [22/Oct/2022:16:57:46 -0700] "GET /index.php/camp-fire/40228916.html HTTP/1.1" 500 - "-" "Mozilla/5.0 (compatible; SemrushBot/7~bl; +http://www.semrush.com/bot.html)" "mantech8.com"
185.191.171.8 - - [22/Oct/2022:16:58:11 -0700] "GET /index.php/camp-fire/44503555.html HTTP/1.1" 500 - "-" "Mozilla/5.0 (compatible; SemrushBot/7~bl; +http://www.semrush.com/bot.html)" "mantech8.com"
185.191.171.42 - - [22/Oct/2022:16:58:42 -0700] "GET /index.php/camp-fire/36907438.html HTTP/1.1" 500 - "-" "Mozilla/5.0 (compatible; SemrushBot/7~bl; +http://www.semrush.com/bot.html)" "mantech8.com"
185.191.171.17 - - [22/Oct/2022:16:59:02 -0700] "GET /index.php/camp-fire/27484580.html HTTP/1.1" 500 - "-" "Mozilla/5.0 (compatible; SemrushBot/7~bl; +http://www.semrush.com/bot.html)" "mantech8.com"
185.191.171.1 - - [22/Oct/2022:16:59:49 -0700] "GET /index.php/camp-fire/29699265.html HTTP/1.1" 500 - "-" "Mozilla/5.0 (compatible; SemrushBot/7~bl; +http://www.semrush.com/bot.html)" "mantech8.com"
