185.191.171.21 - - [21/Oct/2022:18:54:07 -0700] "GET /index.php/camp-fire/14819074.html HTTP/1.1" 500 - "-" "Mozilla/5.0 (compatible; SemrushBot/7~bl; +http://www.semrush.com/bot.html)" "mantech8.com"
216.244.66.241 - - [21/Oct/2022:18:54:22 -0700] "GET /robots.txt HTTP/1.1" 200 222 "-" "Mozilla/5.0 (compatible; DotBot/1.2; +https://opensiteexplorer.org/dotbot; help@moz.com)" "www.mantech8.com"
216.244.66.241 - - [21/Oct/2022:18:54:22 -0700] "GET /robots.txt HTTP/1.1" 200 222 "-" "Mozilla/5.0 (compatible; DotBot/1.2; +https://opensiteexplorer.org/dotbot; help@moz.com)" "mantech8.com"
185.191.171.39 - - [21/Oct/2022:18:54:28 -0700] "GET /index.php/camp-fire/3319100.html HTTP/1.1" 500 - "-" "Mozilla/5.0 (compatible; SemrushBot/7~bl; +http://www.semrush.com/bot.html)" "mantech8.com"
185.191.171.43 - - [21/Oct/2022:18:55:13 -0700] "GET /index.php/camp-fire/14786487.html HTTP/1.1" 500 - "-" "Mozilla/5.0 (compatible; SemrushBot/7~bl; +http://www.semrush.com/bot.html)" "mantech8.com"
185.191.171.17 - - [21/Oct/2022:18:55:15 -0700] "GET /index.php/camp-fire/42867534.html HTTP/1.1" 500 - "-" "Mozilla/5.0 (compatible; SemrushBot/7~bl; +http://www.semrush.com/bot.html)" "mantech8.com"
185.191.171.13 - - [21/Oct/2022:18:57:52 -0700] "GET /index.php/camp-fire/7275980.html HTTP/1.1" 500 - "-" "Mozilla/5.0 (compatible; SemrushBot/7~bl; +http://www.semrush.com/bot.html)" "mantech8.com"
185.191.171.18 - - [21/Oct/2022:18:57:59 -0700] "GET /index.php/camp-fire/28388259.html HTTP/1.1" 500 - "-" "Mozilla/5.0 (compatible; SemrushBot/7~bl; +http://www.semrush.com/bot.html)" "mantech8.com"
114.119.133.182 - - [21/Oct/2022:18:58:12 -0700] "GET /index.php?biters.xml HTTP/1.1" 200 289351 "-" "Mozilla/5.0 (compatible;PetalBot;+https://webmaster.petalsearch.com/site/petalbot)" "mantech8.com"
185.191.171.1 - - [21/Oct/2022:18:58:36 -0700] "GET /index.php/camp-fire/40186888.html HTTP/1.1" 500 - "-" "Mozilla/5.0 (compatible; SemrushBot/7~bl; +http://www.semrush.com/bot.html)" "mantech8.com"
185.191.171.2 - - [21/Oct/2022:18:58:58 -0700] "GET /index.php/camp-fire/29887135.html HTTP/1.1" 500 - "-" "Mozilla/5.0 (compatible; SemrushBot/7~bl; +http://www.semrush.com/bot.html)" "mantech8.com"
185.191.171.22 - - [21/Oct/2022:18:59:00 -0700] "GET /index.php/camp-fire/17751321.html HTTP/1.1" 500 - "-" "Mozilla/5.0 (compatible; SemrushBot/7~bl; +http://www.semrush.com/bot.html)" "mantech8.com"
185.191.171.22 - - [21/Oct/2022:18:59:28 -0700] "GET /index.php/camp-fire/26787021.html HTTP/1.1" 500 - "-" "Mozilla/5.0 (compatible; SemrushBot/7~bl; +http://www.semrush.com/bot.html)" "mantech8.com"
185.191.171.8 - - [21/Oct/2022:18:59:34 -0700] "GET /index.php/camp-fire/27469126.html HTTP/1.1" 500 - "-" "Mozilla/5.0 (compatible; SemrushBot/7~bl; +http://www.semrush.com/bot.html)" "mantech8.com"
185.191.171.11 - - [21/Oct/2022:18:59:47 -0700] "GET /index.php/camp-fire/24184206.html HTTP/1.1" 500 - "-" "Mozilla/5.0 (compatible; SemrushBot/7~bl; +http://www.semrush.com/bot.html)" "mantech8.com"
185.191.171.1 - - [21/Oct/2022:19:01:41 -0700] "GET /index.php/camp-fire/7798342.html HTTP/1.1" 500 - "-" "Mozilla/5.0 (compatible; SemrushBot/7~bl; +http://www.semrush.com/bot.html)" "mantech8.com"
185.191.171.12 - - [21/Oct/2022:19:01:45 -0700] "GET /index.php/camp-fire/33100830.html HTTP/1.1" 500 - "-" "Mozilla/5.0 (compatible; SemrushBot/7~bl; +http://www.semrush.com/bot.html)" "mantech8.com"
185.191.171.18 - - [21/Oct/2022:19:02:51 -0700] "GET /index.php/camp-fire/63050434.html HTTP/1.1" 500 - "-" "Mozilla/5.0 (compatible; SemrushBot/7~bl; +http://www.semrush.com/bot.html)" "mantech8.com"
157.55.39.209 - - [21/Oct/2022:19:02:57 -0700] "GET /index.php?camp-fire/61852329.html HTTP/1.1" 200 70792 "-" "Mozilla/5.0 AppleWebKit/537.36 (KHTML, like Gecko; compatible; bingbot/2.0; +http://www.bing.com/bingbot.htm) Chrome/103.0.5060.134 Safari/537.36" "www.mantech8.com"
40.77.167.58 - - [21/Oct/2022:19:03:00 -0700] "GET /?/2019/09/29/%E5%84%B2%E3%81%8B%E3%82%89%E3%81%AA%E3%81%84%E4%BC%9A%E7%A4%BE%E3%81%AE%E5%9B%B0%E3%82%8A%E3%81%94%E3%81%A8%EF%BD%9E%E8%A8%88%E7%94%BB%E9%81%AD%E9%9B%A3%E3%81%97%E3%81%AA%E3%81%843%E3%81%A4%E3%81%AE/ HTTP/1.1" 200 61929 "-" "Mozilla/5.0 AppleWebKit/537.36 (KHTML, like Gecko; compatible; bingbot/2.0; +http://www.bing.com/bingbot.htm) Chrome/103.0.5060.134 Safari/537.36" "mantech8.com"
114.119.133.158 - - [21/Oct/2022:19:03:57 -0700] "GET /sitemap122.xml HTTP/1.1" 404 88 "-" "Mozilla/5.0 (compatible;PetalBot;+https://webmaster.petalsearch.com/site/petalbot)" "mantech8.com"
157.55.39.209 - - [21/Oct/2022:19:04:06 -0700] "GET /sitemapnewindex.xml HTTP/1.1" 404 88 "-" "Mozilla/5.0 (compatible; bingbot/2.0; +http://www.bing.com/bingbot.htm)" "mantech8.com"
182.74.127.42 - - [21/Oct/2022:19:04:30 -0700] "GET /contact.php HTTP/1.1" 200 29238 "http://mantech8.com/contact.php" "Mozilla/5.0 (Windows NT 6.3; Win64; x64) AppleWebKit/537.36 (KHTML, like Gecko) Chrome/90.0.4430.85 Safari/537.36 Edg/90.0.818.49" "mantech8.com"
115.242.146.38 - - [21/Oct/2022:19:04:32 -0700] "POST /mailer.php HTTP/1.1" 500 - "http://mantech8.com/contact.php" "Mozilla/5.0 (Windows NT 6.3; Win64; x64) AppleWebKit/537.36 (KHTML, like Gecko) Chrome/90.0.4430.85 Safari/537.36 Edg/90.0.818.49" "mantech8.com"
185.191.171.14 - - [21/Oct/2022:19:04:39 -0700] "GET /index.php/camp-fire/4979898.html HTTP/1.1" 500 - "-" "Mozilla/5.0 (compatible; SemrushBot/7~bl; +http://www.semrush.com/bot.html)" "mantech8.com"
185.191.171.26 - - [21/Oct/2022:19:05:05 -0700] "GET /index.php/camp-fire/9880942.html HTTP/1.1" 500 - "-" "Mozilla/5.0 (compatible; SemrushBot/7~bl; +http://www.semrush.com/bot.html)" "mantech8.com"
185.191.171.25 - - [21/Oct/2022:19:05:06 -0700] "GET /index.php/camp-fire/26104682.html HTTP/1.1" 500 - "-" "Mozilla/5.0 (compatible; SemrushBot/7~bl; +http://www.semrush.com/bot.html)" "mantech8.com"
185.191.171.43 - - [21/Oct/2022:19:05:51 -0700] "GET /index.php/camp-fire/28749647.html HTTP/1.1" 500 - "-" "Mozilla/5.0 (compatible; SemrushBot/7~bl; +http://www.semrush.com/bot.html)" "mantech8.com"
185.191.171.40 - - [21/Oct/2022:19:06:33 -0700] "GET /index.php/camp-fire/27972471.html HTTP/1.1" 500 - "-" "Mozilla/5.0 (compatible; SemrushBot/7~bl; +http://www.semrush.com/bot.html)" "mantech8.com"
185.191.171.26 - - [21/Oct/2022:19:06:42 -0700] "GET /index.php/camp-fire/41386388.html HTTP/1.1" 500 - "-" "Mozilla/5.0 (compatible; SemrushBot/7~bl; +http://www.semrush.com/bot.html)" "mantech8.com"
185.191.171.36 - - [21/Oct/2022:19:08:25 -0700] "GET /index.php/camp-fire/28452864.html HTTP/1.1" 500 - "-" "Mozilla/5.0 (compatible; SemrushBot/7~bl; +http://www.semrush.com/bot.html)" "mantech8.com"
185.191.171.38 - - [21/Oct/2022:19:08:55 -0700] "GET /index.php/camp-fire/33816108.html HTTP/1.1" 500 - "-" "Mozilla/5.0 (compatible; SemrushBot/7~bl; +http://www.semrush.com/bot.html)" "mantech8.com"
114.119.133.158 - - [21/Oct/2022:19:09:54 -0700] "GET /bimages/safety/transformations.lib.php HTTP/1.1" 200 32 "http://www.mantech8.com/bimages/safety/?C=S%3BO%3DA" "Mozilla/5.0 (Linux; Android 7.0;) AppleWebKit/537.36 (KHTML, like Gecko) Mobile Safari/537.36 (compatible; PetalBot;+https://webmaster.petalsearch.com/site/petalbot)" "www.mantech8.com"
185.191.171.8 - - [21/Oct/2022:19:10:05 -0700] "GET /index.php/camp-fire/25067306.html HTTP/1.1" 500 - "-" "Mozilla/5.0 (compatible; SemrushBot/7~bl; +http://www.semrush.com/bot.html)" "mantech8.com"
185.191.171.16 - - [21/Oct/2022:19:10:22 -0700] "GET /index.php/camp-fire/26794221.html HTTP/1.1" 500 - "-" "Mozilla/5.0 (compatible; SemrushBot/7~bl; +http://www.semrush.com/bot.html)" "mantech8.com"
185.191.171.11 - - [21/Oct/2022:19:11:34 -0700] "GET /index.php/camp-fire/41039030.html HTTP/1.1" 500 - "-" "Mozilla/5.0 (compatible; SemrushBot/7~bl; +http://www.semrush.com/bot.html)" "mantech8.com"
185.191.171.45 - - [21/Oct/2022:19:11:37 -0700] "GET /index.php/camp-fire/33086355.html HTTP/1.1" 500 - "-" "Mozilla/5.0 (compatible; SemrushBot/7~bl; +http://www.semrush.com/bot.html)" "mantech8.com"
207.46.13.76 - - [21/Oct/2022:19:11:51 -0700] "GET /bimages/cleang/cb3.jpg HTTP/1.1" 200 147153 "-" "Mozilla/5.0 (compatible; bingbot/2.0; +http://www.bing.com/bingbot.htm)" "www.mantech8.com"
185.191.171.8 - - [21/Oct/2022:19:11:55 -0700] "GET /index.php/camp-fire/27966509.html HTTP/1.1" 500 - "-" "Mozilla/5.0 (compatible; SemrushBot/7~bl; +http://www.semrush.com/bot.html)" "mantech8.com"
185.191.171.37 - - [21/Oct/2022:19:12:24 -0700] "GET /index.php/camp-fire/34734816.html HTTP/1.1" 500 - "-" "Mozilla/5.0 (compatible; SemrushBot/7~bl; +http://www.semrush.com/bot.html)" "mantech8.com"
185.191.171.10 - - [21/Oct/2022:19:12:30 -0700] "GET /index.php/camp-fire/29050584.html HTTP/1.1" 500 - "-" "Mozilla/5.0 (compatible; SemrushBot/7~bl; +http://www.semrush.com/bot.html)" "mantech8.com"
185.191.171.25 - - [21/Oct/2022:19:13:15 -0700] "GET /index.php/camp-fire/83429259.html HTTP/1.1" 500 - "-" "Mozilla/5.0 (compatible; SemrushBot/7~bl; +http://www.semrush.com/bot.html)" "mantech8.com"
185.191.171.9 - - [21/Oct/2022:19:13:45 -0700] "GET /index.php/camp-fire/44075234.html HTTP/1.1" 500 - "-" "Mozilla/5.0 (compatible; SemrushBot/7~bl; +http://www.semrush.com/bot.html)" "mantech8.com"
185.191.171.22 - - [21/Oct/2022:19:13:58 -0700] "GET /index.php/camp-fire/34145693.html HTTP/1.1" 500 - "-" "Mozilla/5.0 (compatible; SemrushBot/7~bl; +http://www.semrush.com/bot.html)" "mantech8.com"
185.191.171.4 - - [21/Oct/2022:19:14:01 -0700] "GET /index.php/camp-fire/22205672.html HTTP/1.1" 500 - "-" "Mozilla/5.0 (compatible; SemrushBot/7~bl; +http://www.semrush.com/bot.html)" "mantech8.com"
185.191.171.5 - - [21/Oct/2022:19:14:27 -0700] "GET /index.php/camp-fire/27693509.html HTTP/1.1" 500 - "-" "Mozilla/5.0 (compatible; SemrushBot/7~bl; +http://www.semrush.com/bot.html)" "mantech8.com"
185.191.171.7 - - [21/Oct/2022:19:14:40 -0700] "GET /index.php/camp-fire/8698078.html HTTP/1.1" 500 - "-" "Mozilla/5.0 (compatible; SemrushBot/7~bl; +http://www.semrush.com/bot.html)" "mantech8.com"
185.191.171.4 - - [21/Oct/2022:19:14:54 -0700] "GET /index.php/camp-fire/6321777.html HTTP/1.1" 500 - "-" "Mozilla/5.0 (compatible; SemrushBot/7~bl; +http://www.semrush.com/bot.html)" "mantech8.com"
185.191.171.16 - - [21/Oct/2022:19:15:22 -0700] "GET /index.php/camp-fire/35123925.html HTTP/1.1" 500 - "-" "Mozilla/5.0 (compatible; SemrushBot/7~bl; +http://www.semrush.com/bot.html)" "mantech8.com"
185.191.171.16 - - [21/Oct/2022:19:15:55 -0700] "GET /index.php/camp-fire/33430293.html HTTP/1.1" 500 - "-" "Mozilla/5.0 (compatible; SemrushBot/7~bl; +http://www.semrush.com/bot.html)" "mantech8.com"
185.191.171.18 - - [21/Oct/2022:19:16:51 -0700] "GET /index.php/camp-fire/41970871.html HTTP/1.1" 500 - "-" "Mozilla/5.0 (compatible; SemrushBot/7~bl; +http://www.semrush.com/bot.html)" "mantech8.com"
185.191.171.1 - - [21/Oct/2022:19:17:37 -0700] "GET /index.php/camp-fire/35433770.html HTTP/1.1" 500 - "-" "Mozilla/5.0 (compatible; SemrushBot/7~bl; +http://www.semrush.com/bot.html)" "mantech8.com"
185.191.171.45 - - [21/Oct/2022:19:20:39 -0700] "GET /index.php/camp-fire/35272338.html HTTP/1.1" 500 - "-" "Mozilla/5.0 (compatible; SemrushBot/7~bl; +http://www.semrush.com/bot.html)" "mantech8.com"
185.191.171.34 - - [21/Oct/2022:19:20:53 -0700] "GET /index.php/camp-fire/40134888.html HTTP/1.1" 500 - "-" "Mozilla/5.0 (compatible; SemrushBot/7~bl; +http://www.semrush.com/bot.html)" "mantech8.com"
185.191.171.7 - - [21/Oct/2022:19:21:12 -0700] "GET /index.php/camp-fire/26815121.html HTTP/1.1" 500 - "-" "Mozilla/5.0 (compatible; SemrushBot/7~bl; +http://www.semrush.com/bot.html)" "mantech8.com"
185.191.171.9 - - [21/Oct/2022:19:21:13 -0700] "GET /index.php/camp-fire/74290355.html HTTP/1.1" 500 - "-" "Mozilla/5.0 (compatible; SemrushBot/7~bl; +http://www.semrush.com/bot.html)" "mantech8.com"
185.191.171.2 - - [21/Oct/2022:19:21:17 -0700] "GET /index.php/camp-fire/33787108.html HTTP/1.1" 500 - "-" "Mozilla/5.0 (compatible; SemrushBot/7~bl; +http://www.semrush.com/bot.html)" "mantech8.com"
185.191.171.24 - - [21/Oct/2022:19:21:56 -0700] "GET /index.php/camp-fire/31922430.html HTTP/1.1" 500 - "-" "Mozilla/5.0 (compatible; SemrushBot/7~bl; +http://www.semrush.com/bot.html)" "mantech8.com"
185.191.171.15 - - [21/Oct/2022:19:22:08 -0700] "GET /index.php/camp-fire/45826550.html HTTP/1.1" 500 - "-" "Mozilla/5.0 (compatible; SemrushBot/7~bl; +http://www.semrush.com/bot.html)" "mantech8.com"
114.119.133.182 - - [21/Oct/2022:19:22:26 -0700] "GET /bimages/bus/?C=M%3BO%3DA HTTP/1.1" 200 452 "http://mantech8.com/bimages/bus/?C=S%3BO%3DA" "Mozilla/5.0 (Linux; Android 7.0;) AppleWebKit/537.36 (KHTML, like Gecko) Mobile Safari/537.36 (compatible; PetalBot;+https://webmaster.petalsearch.com/site/petalbot)" "mantech8.com"
185.191.171.17 - - [21/Oct/2022:19:23:10 -0700] "GET /index.php/camp-fire/28674935.html HTTP/1.1" 500 - "-" "Mozilla/5.0 (compatible; SemrushBot/7~bl; +http://www.semrush.com/bot.html)" "mantech8.com"
77.75.79.31 - - [21/Oct/2022:19:23:20 -0700] "GET /sitemap10406.xml HTTP/1.1" 404 88 "-" "Mozilla/5.0 (compatible; SeznamBot/4.0-RC1; +http://napoveda.seznam.cz/seznambot-intro/)" "mantech8.com"
185.191.171.39 - - [21/Oct/2022:19:24:02 -0700] "GET /index.php/camp-fire/495269.html HTTP/1.1" 500 - "-" "Mozilla/5.0 (compatible; SemrushBot/7~bl; +http://www.semrush.com/bot.html)" "mantech8.com"
185.191.171.11 - - [21/Oct/2022:19:24:21 -0700] "GET /index.php/camp-fire/33998730.html HTTP/1.1" 500 - "-" "Mozilla/5.0 (compatible; SemrushBot/7~bl; +http://www.semrush.com/bot.html)" "mantech8.com"
134.236.55.41 - - [21/Oct/2022:19:24:35 -0700] "GET /contact.php HTTP/1.1" 200 29237 "http://mantech8.com/contact.php" "Mozilla/5.0 (Windows NT 6.1) AppleWebKit/537.36 (KHTML, like Gecko) Chrome/90.0.4430.93 Safari/537.36" "mantech8.com"
134.236.55.41 - - [21/Oct/2022:19:24:37 -0700] "POST /mailer.php HTTP/1.1" 500 - "http://mantech8.com/contact.php" "Mozilla/5.0 (Windows NT 6.1) AppleWebKit/537.36 (KHTML, like Gecko) Chrome/90.0.4430.93 Safari/537.36" "mantech8.com"
185.191.171.25 - - [21/Oct/2022:19:24:38 -0700] "GET /index.php/camp-fire/30506541.html HTTP/1.1" 500 - "-" "Mozilla/5.0 (compatible; SemrushBot/7~bl; +http://www.semrush.com/bot.html)" "mantech8.com"
40.79.240.34 - - [21/Oct/2022:19:24:43 -0700] "GET /wp-admin/css/ HTTP/1.1" 404 88 "binance.com" "Mozilla/5.0 (Windows NT 10.0; Win64; x64) AppleWebKit/537.36 (KHTML, like Gecko) Chrome/90.0.4430.85 Safari/537.36" "mantech8.com"
40.79.240.34 - - [21/Oct/2022:19:24:47 -0700] "GET /sites/default/files/ HTTP/1.1" 404 88 "binance.com" "Mozilla/5.0 (Windows NT 10.0; Win64; x64) AppleWebKit/537.36 (KHTML, like Gecko) Chrome/90.0.4430.85 Safari/537.36" "mantech8.com"
40.79.240.34 - - [21/Oct/2022:19:24:50 -0700] "GET /admin/controller/extension/extension/ HTTP/1.1" 404 88 "binance.com" "Mozilla/5.0 (Windows NT 10.0; Win64; x64) AppleWebKit/537.36 (KHTML, like Gecko) Chrome/90.0.4430.85 Safari/537.36" "mantech8.com"
40.79.240.34 - - [21/Oct/2022:19:24:52 -0700] "GET /uploads/ HTTP/1.1" 404 88 "binance.com" "Mozilla/5.0 (Windows NT 10.0; Win64; x64) AppleWebKit/537.36 (KHTML, like Gecko) Chrome/90.0.4430.85 Safari/537.36" "mantech8.com"
40.79.240.34 - - [21/Oct/2022:19:24:55 -0700] "GET /images/ HTTP/1.1" 200 6505 "binance.com" "Mozilla/5.0 (Windows NT 10.0; Win64; x64) AppleWebKit/537.36 (KHTML, like Gecko) Chrome/90.0.4430.85 Safari/537.36" "mantech8.com"
40.79.240.34 - - [21/Oct/2022:19:24:59 -0700] "GET /images/ HTTP/1.1" 200 6505 "binance.com" "Mozilla/5.0 (Windows NT 10.0; Win64; x64) AppleWebKit/537.36 (KHTML, like Gecko) Chrome/90.0.4430.85 Safari/537.36" "mantech8.com"
185.191.171.2 - - [21/Oct/2022:19:24:59 -0700] "GET /index.php/camp-fire/61621471.html HTTP/1.1" 500 - "-" "Mozilla/5.0 (compatible; SemrushBot/7~bl; +http://www.semrush.com/bot.html)" "mantech8.com"
40.79.240.34 - - [21/Oct/2022:19:25:02 -0700] "GET /images/db_table_exists.lib.php HTTP/1.1" 200 32 "binance.com" "Mozilla/5.0 (Windows NT 10.0; Win64; x64) AppleWebKit/537.36 (KHTML, like Gecko) Chrome/90.0.4430.85 Safari/537.36" "mantech8.com"
157.55.39.132 - - [21/Oct/2022:19:25:03 -0700] "GET /robots.txt HTTP/1.1" 200 106 "-" "Mozilla/5.0 AppleWebKit/537.36 (KHTML, like Gecko; compatible; bingbot/2.0; +http://www.bing.com/bingbot.htm) Chrome/103.0.5060.134 Safari/537.36" "www.mantech8.com"
157.55.39.132 - - [21/Oct/2022:19:25:03 -0700] "GET /robots.txt HTTP/1.1" 200 106 "-" "Mozilla/5.0 AppleWebKit/537.36 (KHTML, like Gecko; compatible; bingbot/2.0; +http://www.bing.com/bingbot.htm) Chrome/103.0.5060.134 Safari/537.36" "www.mantech8.com"
185.191.171.5 - - [21/Oct/2022:19:25:04 -0700] "GET /robots.txt HTTP/1.1" 200 106 "-" "Mozilla/5.0 (compatible; SemrushBot/7~bl; +http://www.semrush.com/bot.html)" "mantech8.com"
185.191.171.44 - - [21/Oct/2022:19:25:05 -0700] "GET /index.php/camp-fire/25712406.html HTTP/1.1" 500 - "-" "Mozilla/5.0 (compatible; SemrushBot/7~bl; +http://www.semrush.com/bot.html)" "mantech8.com"
40.79.240.34 - - [21/Oct/2022:19:25:05 -0700] "GET /files/ HTTP/1.1" 404 88 "binance.com" "Mozilla/5.0 (Windows NT 10.0; Win64; x64) AppleWebKit/537.36 (KHTML, like Gecko) Chrome/90.0.4430.85 Safari/537.36" "mantech8.com"
40.77.167.58 - - [21/Oct/2022:19:25:12 -0700] "GET /index.php?camp-fire/49465144.html HTTP/1.1" 200 69189 "-" "Mozilla/5.0 AppleWebKit/537.36 (KHTML, like Gecko; compatible; bingbot/2.0; +http://www.bing.com/bingbot.htm) Chrome/103.0.5060.134 Safari/537.36" "www.mantech8.com"
185.191.171.14 - - [21/Oct/2022:19:26:28 -0700] "GET /index.php/camp-fire/23949124.html HTTP/1.1" 500 - "-" "Mozilla/5.0 (compatible; SemrushBot/7~bl; +http://www.semrush.com/bot.html)" "mantech8.com"
185.191.171.3 - - [21/Oct/2022:19:26:54 -0700] "GET /index.php/camp-fire/41232693.html HTTP/1.1" 500 - "-" "Mozilla/5.0 (compatible; SemrushBot/7~bl; +http://www.semrush.com/bot.html)" "mantech8.com"
185.191.171.10 - - [21/Oct/2022:19:26:56 -0700] "GET /index.php/camp-fire/14841980.html HTTP/1.1" 500 - "-" "Mozilla/5.0 (compatible; SemrushBot/7~bl; +http://www.semrush.com/bot.html)" "mantech8.com"
185.191.171.39 - - [21/Oct/2022:19:28:06 -0700] "GET /index.php/camp-fire/43840534.html HTTP/1.1" 500 - "-" "Mozilla/5.0 (compatible; SemrushBot/7~bl; +http://www.semrush.com/bot.html)" "mantech8.com"
185.191.171.2 - - [21/Oct/2022:19:28:39 -0700] "GET /index.php/camp-fire/31311055.html HTTP/1.1" 500 - "-" "Mozilla/5.0 (compatible; SemrushBot/7~bl; +http://www.semrush.com/bot.html)" "mantech8.com"
185.191.171.38 - - [21/Oct/2022:19:29:33 -0700] "GET /index.php/camp-fire/35014425.html HTTP/1.1" 500 - "-" "Mozilla/5.0 (compatible; SemrushBot/7~bl; +http://www.semrush.com/bot.html)" "mantech8.com"
185.191.171.22 - - [21/Oct/2022:19:29:44 -0700] "GET /index.php/camp-fire/33159616.html HTTP/1.1" 500 - "-" "Mozilla/5.0 (compatible; SemrushBot/7~bl; +http://www.semrush.com/bot.html)" "mantech8.com"
185.191.171.22 - - [21/Oct/2022:19:29:50 -0700] "GET /index.php/camp-fire/70869359.html HTTP/1.1" 500 - "-" "Mozilla/5.0 (compatible; SemrushBot/7~bl; +http://www.semrush.com/bot.html)" "mantech8.com"
185.191.171.16 - - [21/Oct/2022:19:30:34 -0700] "GET /index.php/camp-fire/2024559.html HTTP/1.1" 500 - "-" "Mozilla/5.0 (compatible; SemrushBot/7~bl; +http://www.semrush.com/bot.html)" "mantech8.com"
185.191.171.26 - - [21/Oct/2022:19:30:40 -0700] "GET /index.php/camp-fire/54348849.html HTTP/1.1" 500 - "-" "Mozilla/5.0 (compatible; SemrushBot/7~bl; +http://www.semrush.com/bot.html)" "mantech8.com"
185.191.171.11 - - [21/Oct/2022:19:31:01 -0700] "GET /index.php/camp-fire/39881325.html HTTP/1.1" 500 - "-" "Mozilla/5.0 (compatible; SemrushBot/7~bl; +http://www.semrush.com/bot.html)" "mantech8.com"
185.191.171.6 - - [21/Oct/2022:19:32:01 -0700] "GET /index.php/camp-fire/27680109.html HTTP/1.1" 500 - "-" "Mozilla/5.0 (compatible; SemrushBot/7~bl; +http://www.semrush.com/bot.html)" "mantech8.com"
207.46.13.76 - - [21/Oct/2022:19:32:23 -0700] "GET /index.php/%E8%AA%BF%E6%9F%BB%E5%A0%B1%E5%91%8A%E6%9B%B8%E3%81%AE%E3%82%B5%E3%83%B3%E3%83%97%E3%83%AB/ HTTP/1.1" 200 71387 "-" "Mozilla/5.0 AppleWebKit/537.36 (KHTML, like Gecko; compatible; bingbot/2.0; +http://www.bing.com/bingbot.htm) Chrome/103.0.5060.134 Safari/537.36" "mantech8.com"
185.191.171.17 - - [21/Oct/2022:19:34:16 -0700] "GET /index.php/camp-fire/33247625.html HTTP/1.1" 500 - "-" "Mozilla/5.0 (compatible; SemrushBot/7~bl; +http://www.semrush.com/bot.html)" "mantech8.com"
110.34.180.23 - - [21/Oct/2022:19:35:05 -0700] "GET /index.php?link_url=l2022 HTTP/1.1" 200 206 "-" "Mozilla/5.0 (compatible; MSIE 9.0; Windows NT 6.1; WOW64; Trident/5.0)" "mantech8.com"
110.34.180.23 - - [21/Oct/2022:19:35:06 -0700] "GET /index.php HTTP/1.1" 200 829 "https://www.google.co.jp/" "Mozilla/5.0 (compatible; MSIE 9.0; Windows NT 6.1; WOW64; Trident/5.0)" "mantech8.com"
185.191.171.25 - - [21/Oct/2022:19:35:18 -0700] "GET /index.php/camp-fire/25046435.html HTTP/1.1" 500 - "-" "Mozilla/5.0 (compatible; SemrushBot/7~bl; +http://www.semrush.com/bot.html)" "mantech8.com"
185.191.171.17 - - [21/Oct/2022:19:35:23 -0700] "GET /index.php/camp-fire/35782093.html HTTP/1.1" 500 - "-" "Mozilla/5.0 (compatible; SemrushBot/7~bl; +http://www.semrush.com/bot.html)" "mantech8.com"
185.191.171.17 - - [21/Oct/2022:19:35:24 -0700] "GET /index.php/camp-fire/38263103.html HTTP/1.1" 500 - "-" "Mozilla/5.0 (compatible; SemrushBot/7~bl; +http://www.semrush.com/bot.html)" "mantech8.com"
185.191.171.11 - - [21/Oct/2022:19:35:27 -0700] "GET /index.php/camp-fire/49370803.html HTTP/1.1" 500 - "-" "Mozilla/5.0 (compatible; SemrushBot/7~bl; +http://www.semrush.com/bot.html)" "mantech8.com"
185.191.171.20 - - [21/Oct/2022:19:35:39 -0700] "GET /index.php/camp-fire/31216982.html HTTP/1.1" 500 - "-" "Mozilla/5.0 (compatible; SemrushBot/7~bl; +http://www.semrush.com/bot.html)" "mantech8.com"
185.191.171.25 - - [21/Oct/2022:19:35:48 -0700] "GET /index.php/camp-fire/28013471.html HTTP/1.1" 500 - "-" "Mozilla/5.0 (compatible; SemrushBot/7~bl; +http://www.semrush.com/bot.html)" "mantech8.com"
185.191.171.15 - - [21/Oct/2022:19:36:10 -0700] "GET /index.php/camp-fire/36330950.html HTTP/1.1" 500 - "-" "Mozilla/5.0 (compatible; SemrushBot/7~bl; +http://www.semrush.com/bot.html)" "mantech8.com"
185.191.171.35 - - [21/Oct/2022:19:37:58 -0700] "GET /index.php/camp-fire/28559982.html HTTP/1.1" 500 - "-" "Mozilla/5.0 (compatible; SemrushBot/7~bl; +http://www.semrush.com/bot.html)" "mantech8.com"
185.191.171.5 - - [21/Oct/2022:19:38:04 -0700] "GET /index.php/camp-fire/26039951.html HTTP/1.1" 500 - "-" "Mozilla/5.0 (compatible; SemrushBot/7~bl; +http://www.semrush.com/bot.html)" "mantech8.com"
185.191.171.25 - - [21/Oct/2022:19:38:14 -0700] "GET /index.php/camp-fire/24530530.html HTTP/1.1" 500 - "-" "Mozilla/5.0 (compatible; SemrushBot/7~bl; +http://www.semrush.com/bot.html)" "mantech8.com"
185.191.171.3 - - [21/Oct/2022:19:38:42 -0700] "GET /index.php/camp-fire/27580971.html HTTP/1.1" 500 - "-" "Mozilla/5.0 (compatible; SemrushBot/7~bl; +http://www.semrush.com/bot.html)" "mantech8.com"
185.191.171.11 - - [21/Oct/2022:19:38:46 -0700] "GET /index.php/camp-fire/27782509.html HTTP/1.1" 500 - "-" "Mozilla/5.0 (compatible; SemrushBot/7~bl; +http://www.semrush.com/bot.html)" "mantech8.com"
185.191.171.11 - - [21/Oct/2022:19:40:56 -0700] "GET /index.php/camp-fire/623169.html HTTP/1.1" 500 - "-" "Mozilla/5.0 (compatible; SemrushBot/7~bl; +http://www.semrush.com/bot.html)" "mantech8.com"
185.191.171.5 - - [21/Oct/2022:19:41:50 -0700] "GET /index.php/camp-fire/21260435.html HTTP/1.1" 500 - "-" "Mozilla/5.0 (compatible; SemrushBot/7~bl; +http://www.semrush.com/bot.html)" "mantech8.com"
185.191.171.16 - - [21/Oct/2022:19:42:39 -0700] "GET /index.php/camp-fire/41804671.html HTTP/1.1" 500 - "-" "Mozilla/5.0 (compatible; SemrushBot/7~bl; +http://www.semrush.com/bot.html)" "mantech8.com"
185.191.171.34 - - [21/Oct/2022:19:43:00 -0700] "GET /index.php/camp-fire/31423841.html HTTP/1.1" 500 - "-" "Mozilla/5.0 (compatible; SemrushBot/7~bl; +http://www.semrush.com/bot.html)" "mantech8.com"
185.191.171.37 - - [21/Oct/2022:19:43:16 -0700] "GET /index.php/camp-fire/4973974.html HTTP/1.1" 500 - "-" "Mozilla/5.0 (compatible; SemrushBot/7~bl; +http://www.semrush.com/bot.html)" "mantech8.com"
185.191.171.37 - - [21/Oct/2022:19:43:30 -0700] "GET /index.php/camp-fire/3109078.html HTTP/1.1" 500 - "-" "Mozilla/5.0 (compatible; SemrushBot/7~bl; +http://www.semrush.com/bot.html)" "mantech8.com"
40.77.167.72 - - [21/Oct/2022:19:43:30 -0700] "GET /bimages/bus/group2.jpg HTTP/1.1" 200 98419 "-" "Mozilla/5.0 (compatible; bingbot/2.0; +http://www.bing.com/bingbot.htm)" "www.mantech8.com"
185.191.171.11 - - [21/Oct/2022:19:43:32 -0700] "GET /index.php/camp-fire/40474825.html HTTP/1.1" 500 - "-" "Mozilla/5.0 (compatible; SemrushBot/7~bl; +http://www.semrush.com/bot.html)" "mantech8.com"
185.191.171.16 - - [21/Oct/2022:19:44:40 -0700] "GET /index.php/camp-fire/25054927.html HTTP/1.1" 500 - "-" "Mozilla/5.0 (compatible; SemrushBot/7~bl; +http://www.semrush.com/bot.html)" "mantech8.com"
185.191.171.10 - - [21/Oct/2022:19:45:10 -0700] "GET /index.php/camp-fire/23912606.html HTTP/1.1" 500 - "-" "Mozilla/5.0 (compatible; SemrushBot/7~bl; +http://www.semrush.com/bot.html)" "mantech8.com"
185.191.171.3 - - [21/Oct/2022:19:45:24 -0700] "GET /index.php/camp-fire/40408650.html HTTP/1.1" 500 - "-" "Mozilla/5.0 (compatible; SemrushBot/7~bl; +http://www.semrush.com/bot.html)" "mantech8.com"
185.191.171.14 - - [21/Oct/2022:19:45:36 -0700] "GET /index.php/camp-fire/26631347.html HTTP/1.1" 500 - "-" "Mozilla/5.0 (compatible; SemrushBot/7~bl; +http://www.semrush.com/bot.html)" "mantech8.com"
185.191.171.4 - - [21/Oct/2022:19:45:42 -0700] "GET /index.php/camp-fire/8371042.html HTTP/1.1" 500 - "-" "Mozilla/5.0 (compatible; SemrushBot/7~bl; +http://www.semrush.com/bot.html)" "mantech8.com"
185.191.171.17 - - [21/Oct/2022:19:46:32 -0700] "GET /index.php/camp-fire/26137176.html HTTP/1.1" 500 - "-" "Mozilla/5.0 (compatible; SemrushBot/7~bl; +http://www.semrush.com/bot.html)" "mantech8.com"
185.191.171.21 - - [21/Oct/2022:19:46:52 -0700] "GET /index.php/camp-fire/41059802.html HTTP/1.1" 500 - "-" "Mozilla/5.0 (compatible; SemrushBot/7~bl; +http://www.semrush.com/bot.html)" "mantech8.com"
185.191.171.9 - - [21/Oct/2022:19:47:07 -0700] "GET /index.php/camp-fire/24660330.html HTTP/1.1" 500 - "-" "Mozilla/5.0 (compatible; SemrushBot/7~bl; +http://www.semrush.com/bot.html)" "mantech8.com"
185.191.171.20 - - [21/Oct/2022:19:47:31 -0700] "GET /index.php/camp-fire/41068288.html HTTP/1.1" 500 - "-" "Mozilla/5.0 (compatible; SemrushBot/7~bl; +http://www.semrush.com/bot.html)" "mantech8.com"
185.191.171.43 - - [21/Oct/2022:19:47:49 -0700] "GET /index.php/camp-fire/27131747.html HTTP/1.1" 500 - "-" "Mozilla/5.0 (compatible; SemrushBot/7~bl; +http://www.semrush.com/bot.html)" "mantech8.com"
185.191.171.25 - - [21/Oct/2022:19:47:50 -0700] "GET /index.php/camp-fire/5664200.html HTTP/1.1" 500 - "-" "Mozilla/5.0 (compatible; SemrushBot/7~bl; +http://www.semrush.com/bot.html)" "mantech8.com"
216.244.66.241 - - [21/Oct/2022:19:48:01 -0700] "GET /robots.txt HTTP/1.1" 200 222 "-" "Mozilla/5.0 (compatible; DotBot/1.2; +https://opensiteexplorer.org/dotbot; help@moz.com)" "www.mantech8.com"
216.244.66.241 - - [21/Oct/2022:19:48:01 -0700] "GET /robots.txt HTTP/1.1" 200 222 "-" "Mozilla/5.0 (compatible; DotBot/1.2; +https://opensiteexplorer.org/dotbot; help@moz.com)" "mantech8.com"
185.191.171.6 - - [21/Oct/2022:19:48:41 -0700] "GET /index.php/camp-fire/37125125.html HTTP/1.1" 500 - "-" "Mozilla/5.0 (compatible; SemrushBot/7~bl; +http://www.semrush.com/bot.html)" "mantech8.com"
185.191.171.3 - - [21/Oct/2022:19:49:05 -0700] "GET /index.php/camp-fire/57422330.html HTTP/1.1" 500 - "-" "Mozilla/5.0 (compatible; SemrushBot/7~bl; +http://www.semrush.com/bot.html)" "mantech8.com"
173.212.2.71 - - [21/Oct/2022:19:49:40 -0700] "GET /contact.php HTTP/1.1" 200 29238 "http://mantech8.com/contact.php" "Mozilla/5.0 (Windows NT 6.2; Win64; x64) AppleWebKit/537.36 (KHTML, like Gecko) Chrome/90.0.4430.72 Safari/537.36" "mantech8.com"
185.191.171.16 - - [21/Oct/2022:19:50:13 -0700] "GET /index.php/camp-fire/4980898.html HTTP/1.1" 500 - "-" "Mozilla/5.0 (compatible; SemrushBot/7~bl; +http://www.semrush.com/bot.html)" "mantech8.com"
185.191.171.37 - - [21/Oct/2022:19:51:37 -0700] "GET /index.php/camp-fire/16294784.html HTTP/1.1" 500 - "-" "Mozilla/5.0 (compatible; SemrushBot/7~bl; +http://www.semrush.com/bot.html)" "mantech8.com"
185.191.171.23 - - [21/Oct/2022:19:51:42 -0700] "GET /index.php/camp-fire/2286359.html HTTP/1.1" 500 - "-" "Mozilla/5.0 (compatible; SemrushBot/7~bl; +http://www.semrush.com/bot.html)" "mantech8.com"
185.191.171.22 - - [21/Oct/2022:19:52:08 -0700] "GET /index.php/camp-fire/35916650.html HTTP/1.1" 500 - "-" "Mozilla/5.0 (compatible; SemrushBot/7~bl; +http://www.semrush.com/bot.html)" "mantech8.com"
185.191.171.7 - - [21/Oct/2022:19:52:25 -0700] "GET /index.php/camp-fire/5212378.html HTTP/1.1" 500 - "-" "Mozilla/5.0 (compatible; SemrushBot/7~bl; +http://www.semrush.com/bot.html)" "mantech8.com"
185.191.171.17 - - [21/Oct/2022:19:52:26 -0700] "GET /index.php/camp-fire/33421793.html HTTP/1.1" 500 - "-" "Mozilla/5.0 (compatible; SemrushBot/7~bl; +http://www.semrush.com/bot.html)" "mantech8.com"
40.77.167.72 - - [21/Oct/2022:19:52:42 -0700] "GET /bimages/gallery/cb5.jpg HTTP/1.1" 200 179063 "-" "Mozilla/5.0 (compatible; bingbot/2.0; +http://www.bing.com/bingbot.htm)" "mantech8.com"
40.77.167.66 - - [21/Oct/2022:19:52:55 -0700] "GET /?/%E3%83%A2%E3%83%90%E3%82%A4%E3%83%ABwifi%E3%80%8Cwimax%E3%80%8D%E3%81%8A%E3%81%99%E3%81%99%E3%82%81%E3%81%AF%EF%BC%9F%E5%AE%B9%E9%87%8F%E3%83%BB%E6%96%99%E9%87%91%E3%83%BB%E5%A5%91%E7%B4%84%E6%9C%9F/ HTTP/1.1" 200 60206 "-" "Mozilla/5.0 (compatible; bingbot/2.0; +http://www.bing.com/bingbot.htm)" "mantech8.com"
185.191.171.42 - - [21/Oct/2022:19:53:40 -0700] "GET /index.php/camp-fire/37600109.html HTTP/1.1" 500 - "-" "Mozilla/5.0 (compatible; SemrushBot/7~bl; +http://www.semrush.com/bot.html)" "mantech8.com"
185.191.171.4 - - [21/Oct/2022:19:54:09 -0700] "GET /index.php/camp-fire/21716217.html HTTP/1.1" 500 - "-" "Mozilla/5.0 (compatible; SemrushBot/7~bl; +http://www.semrush.com/bot.html)" "mantech8.com"
185.191.171.7 - - [21/Oct/2022:19:54:28 -0700] "GET /index.php/camp-fire/27298697.html HTTP/1.1" 500 - "-" "Mozilla/5.0 (compatible; SemrushBot/7~bl; +http://www.semrush.com/bot.html)" "mantech8.com"
185.191.171.41 - - [21/Oct/2022:19:54:54 -0700] "GET /index.php/camp-fire/35472651.html HTTP/1.1" 500 - "-" "Mozilla/5.0 (compatible; SemrushBot/7~bl; +http://www.semrush.com/bot.html)" "mantech8.com"
185.191.171.42 - - [21/Oct/2022:19:55:46 -0700] "GET /index.php/camp-fire/39078435.html HTTP/1.1" 500 - "-" "Mozilla/5.0 (compatible; SemrushBot/7~bl; +http://www.semrush.com/bot.html)" "mantech8.com"
185.191.171.9 - - [21/Oct/2022:19:56:29 -0700] "GET /index.php/camp-fire/27368697.html HTTP/1.1" 500 - "-" "Mozilla/5.0 (compatible; SemrushBot/7~bl; +http://www.semrush.com/bot.html)" "mantech8.com"
185.191.171.7 - - [21/Oct/2022:19:57:27 -0700] "GET /index.php/camp-fire/87096880.html HTTP/1.1" 500 - "-" "Mozilla/5.0 (compatible; SemrushBot/7~bl; +http://www.semrush.com/bot.html)" "mantech8.com"
185.191.171.5 - - [21/Oct/2022:19:57:41 -0700] "GET /index.php/camp-fire/4761955.html HTTP/1.1" 500 - "-" "Mozilla/5.0 (compatible; SemrushBot/7~bl; +http://www.semrush.com/bot.html)" "mantech8.com"
185.191.171.45 - - [21/Oct/2022:19:58:25 -0700] "GET /index.php/camp-fire/26879650.html HTTP/1.1" 500 - "-" "Mozilla/5.0 (compatible; SemrushBot/7~bl; +http://www.semrush.com/bot.html)" "mantech8.com"
185.191.171.5 - - [21/Oct/2022:19:59:02 -0700] "GET /index.php/camp-fire/3005490.html HTTP/1.1" 500 - "-" "Mozilla/5.0 (compatible; SemrushBot/7~bl; +http://www.semrush.com/bot.html)" "mantech8.com"
185.191.171.43 - - [21/Oct/2022:19:59:34 -0700] "GET /index.php/camp-fire/51089988.html HTTP/1.1" 500 - "-" "Mozilla/5.0 (compatible; SemrushBot/7~bl; +http://www.semrush.com/bot.html)" "mantech8.com"
185.191.171.45 - - [21/Oct/2022:19:59:45 -0700] "GET /index.php/camp-fire/39521935.html HTTP/1.1" 500 - "-" "Mozilla/5.0 (compatible; SemrushBot/7~bl; +http://www.semrush.com/bot.html)" "mantech8.com"
97.114.131.42 - - [21/Oct/2022:20:00:33 -0700] "GET /contact.php HTTP/1.1" 200 29238 "http://mantech8.com/contact.php" "Mozilla/5.0 (Windows NT 10.0) AppleWebKit/537.36 (KHTML, like Gecko) Chrome/90.0.4430.72 Safari/537.36" "mantech8.com"
97.114.131.42 - - [21/Oct/2022:20:00:46 -0700] "POST /mailer.php HTTP/1.1" 500 - "http://mantech8.com/contact.php" "Mozilla/5.0 (Windows NT 10.0) AppleWebKit/537.36 (KHTML, like Gecko) Chrome/90.0.4430.72 Safari/537.36" "mantech8.com"
185.191.171.42 - - [21/Oct/2022:20:01:00 -0700] "GET /index.php/camp-fire/497569.html HTTP/1.1" 500 - "-" "Mozilla/5.0 (compatible; SemrushBot/7~bl; +http://www.semrush.com/bot.html)" "mantech8.com"
185.191.171.39 - - [21/Oct/2022:20:01:19 -0700] "GET /index.php/camp-fire/8586374.html HTTP/1.1" 500 - "-" "Mozilla/5.0 (compatible; SemrushBot/7~bl; +http://www.semrush.com/bot.html)" "mantech8.com"
185.191.171.3 - - [21/Oct/2022:20:01:24 -0700] "GET /index.php/camp-fire/28061571.html HTTP/1.1" 500 - "-" "Mozilla/5.0 (compatible; SemrushBot/7~bl; +http://www.semrush.com/bot.html)" "mantech8.com"
185.191.171.33 - - [21/Oct/2022:20:01:25 -0700] "GET /index.php/camp-fire/4300785.html HTTP/1.1" 500 - "-" "Mozilla/5.0 (compatible; SemrushBot/7~bl; +http://www.semrush.com/bot.html)" "mantech8.com"
185.191.171.33 - - [21/Oct/2022:20:02:21 -0700] "GET /index.php/camp-fire/39908876.html HTTP/1.1" 500 - "-" "Mozilla/5.0 (compatible; SemrushBot/7~bl; +http://www.semrush.com/bot.html)" "mantech8.com"
185.191.171.17 - - [21/Oct/2022:20:03:29 -0700] "GET /index.php/camp-fire/36219164.html HTTP/1.1" 500 - "-" "Mozilla/5.0 (compatible; SemrushBot/7~bl; +http://www.semrush.com/bot.html)" "mantech8.com"
185.191.171.33 - - [21/Oct/2022:20:04:40 -0700] "GET /index.php/camp-fire/17518027.html HTTP/1.1" 500 - "-" "Mozilla/5.0 (compatible; SemrushBot/7~bl; +http://www.semrush.com/bot.html)" "mantech8.com"
185.191.171.22 - - [21/Oct/2022:20:04:42 -0700] "GET /index.php/camp-fire/35145425.html HTTP/1.1" 500 - "-" "Mozilla/5.0 (compatible; SemrushBot/7~bl; +http://www.semrush.com/bot.html)" "mantech8.com"
185.191.171.26 - - [21/Oct/2022:20:04:46 -0700] "GET /index.php/camp-fire/45625972.html HTTP/1.1" 500 - "-" "Mozilla/5.0 (compatible; SemrushBot/7~bl; +http://www.semrush.com/bot.html)" "mantech8.com"
185.191.171.24 - - [21/Oct/2022:20:05:03 -0700] "GET /index.php/camp-fire/33527393.html HTTP/1.1" 500 - "-" "Mozilla/5.0 (compatible; SemrushBot/7~bl; +http://www.semrush.com/bot.html)" "mantech8.com"
185.191.171.9 - - [21/Oct/2022:20:05:41 -0700] "GET /index.php/camp-fire/38832517.html HTTP/1.1" 500 - "-" "Mozilla/5.0 (compatible; SemrushBot/7~bl; +http://www.semrush.com/bot.html)" "mantech8.com"
185.191.171.9 - - [21/Oct/2022:20:05:59 -0700] "GET /index.php/camp-fire/41439071.html HTTP/1.1" 500 - "-" "Mozilla/5.0 (compatible; SemrushBot/7~bl; +http://www.semrush.com/bot.html)" "mantech8.com"
185.191.171.14 - - [21/Oct/2022:20:06:42 -0700] "GET /index.php/camp-fire/24241850.html HTTP/1.1" 500 - "-" "Mozilla/5.0 (compatible; SemrushBot/7~bl; +http://www.semrush.com/bot.html)" "mantech8.com"
114.119.133.165 - - [21/Oct/2022:20:06:43 -0700] "GET /sitemap5787.xml HTTP/1.1" 404 88 "-" "Mozilla/5.0 (compatible;PetalBot;+https://webmaster.petalsearch.com/site/petalbot)" "mantech8.com"
185.191.171.35 - - [21/Oct/2022:20:06:55 -0700] "GET /index.php/camp-fire/695098.html HTTP/1.1" 500 - "-" "Mozilla/5.0 (compatible; SemrushBot/7~bl; +http://www.semrush.com/bot.html)" "mantech8.com"
185.191.171.35 - - [21/Oct/2022:20:08:30 -0700] "GET /index.php/camp-fire/42115234.html HTTP/1.1" 500 - "-" "Mozilla/5.0 (compatible; SemrushBot/7~bl; +http://www.semrush.com/bot.html)" "mantech8.com"
185.191.171.25 - - [21/Oct/2022:20:08:51 -0700] "GET /index.php/camp-fire/13532529.html HTTP/1.1" 500 - "-" "Mozilla/5.0 (compatible; SemrushBot/7~bl; +http://www.semrush.com/bot.html)" "mantech8.com"
185.191.171.4 - - [21/Oct/2022:20:09:18 -0700] "GET /index.php/camp-fire/35391138.html HTTP/1.1" 500 - "-" "Mozilla/5.0 (compatible; SemrushBot/7~bl; +http://www.semrush.com/bot.html)" "mantech8.com"
185.191.171.10 - - [21/Oct/2022:20:09:45 -0700] "GET /index.php/camp-fire/4250996.html HTTP/1.1" 500 - "-" "Mozilla/5.0 (compatible; SemrushBot/7~bl; +http://www.semrush.com/bot.html)" "mantech8.com"
185.191.171.36 - - [21/Oct/2022:20:10:13 -0700] "GET /index.php/camp-fire/40588155.html HTTP/1.1" 500 - "-" "Mozilla/5.0 (compatible; SemrushBot/7~bl; +http://www.semrush.com/bot.html)" "mantech8.com"
185.191.171.9 - - [21/Oct/2022:20:10:38 -0700] "GET /index.php/camp-fire/43849908.html HTTP/1.1" 500 - "-" "Mozilla/5.0 (compatible; SemrushBot/7~bl; +http://www.semrush.com/bot.html)" "mantech8.com"
185.191.171.15 - - [21/Oct/2022:20:11:02 -0700] "GET /index.php/camp-fire/30610241.html HTTP/1.1" 500 - "-" "Mozilla/5.0 (compatible; SemrushBot/7~bl; +http://www.semrush.com/bot.html)" "mantech8.com"
185.191.171.1 - - [21/Oct/2022:20:11:25 -0700] "GET /index.php/camp-fire/45334466.html HTTP/1.1" 500 - "-" "Mozilla/5.0 (compatible; SemrushBot/7~bl; +http://www.semrush.com/bot.html)" "mantech8.com"
185.191.171.21 - - [21/Oct/2022:20:11:39 -0700] "GET /index.php/camp-fire/42066049.html HTTP/1.1" 500 - "-" "Mozilla/5.0 (compatible; SemrushBot/7~bl; +http://www.semrush.com/bot.html)" "mantech8.com"
185.191.171.38 - - [21/Oct/2022:20:11:51 -0700] "GET /index.php/camp-fire/7301980.html HTTP/1.1" 500 - "-" "Mozilla/5.0 (compatible; SemrushBot/7~bl; +http://www.semrush.com/bot.html)" "mantech8.com"
185.191.171.33 - - [21/Oct/2022:20:11:52 -0700] "GET /index.php/camp-fire/35647350.html HTTP/1.1" 500 - "-" "Mozilla/5.0 (compatible; SemrushBot/7~bl; +http://www.semrush.com/bot.html)" "mantech8.com"
185.191.171.13 - - [21/Oct/2022:20:12:10 -0700] "GET /index.php/camp-fire/94045730.html HTTP/1.1" 500 - "-" "Mozilla/5.0 (compatible; SemrushBot/7~bl; +http://www.semrush.com/bot.html)" "mantech8.com"
185.191.171.19 - - [21/Oct/2022:20:12:33 -0700] "GET /index.php/camp-fire/23098981.html HTTP/1.1" 500 - "-" "Mozilla/5.0 (compatible; SemrushBot/7~bl; +http://www.semrush.com/bot.html)" "mantech8.com"
185.191.171.39 - - [21/Oct/2022:20:13:44 -0700] "GET /index.php/camp-fire/46998317.html HTTP/1.1" 500 - "-" "Mozilla/5.0 (compatible; SemrushBot/7~bl; +http://www.semrush.com/bot.html)" "mantech8.com"
66.249.66.95 - - [21/Oct/2022:20:15:45 -0700] "GET /fine-tune.xml HTTP/1.1" 404 88 "-" "Mozilla/5.0 (compatible; Googlebot/2.1; +http://www.google.com/bot.html)" "mantech8.com"
185.191.171.16 - - [21/Oct/2022:20:16:11 -0700] "GET /index.php/camp-fire/33660950.html HTTP/1.1" 500 - "-" "Mozilla/5.0 (compatible; SemrushBot/7~bl; +http://www.semrush.com/bot.html)" "mantech8.com"
185.191.171.38 - - [21/Oct/2022:20:16:50 -0700] "GET /index.php/camp-fire/93455233.html HTTP/1.1" 500 - "-" "Mozilla/5.0 (compatible; SemrushBot/7~bl; +http://www.semrush.com/bot.html)" "mantech8.com"
185.191.171.12 - - [21/Oct/2022:20:17:34 -0700] "GET /index.php/camp-fire/42760049.html HTTP/1.1" 500 - "-" "Mozilla/5.0 (compatible; SemrushBot/7~bl; +http://www.semrush.com/bot.html)" "mantech8.com"
109.231.79.30 - - [21/Oct/2022:20:17:52 -0700] "GET /contact.php HTTP/1.1" 200 29238 "http://mantech8.com/contact.php" "Mozilla/5.0 (Windows NT 10.0; Win64; x64) AppleWebKit/537.36 (KHTML, like Gecko) Chrome/90.0.4430.85 Safari/537.36 Edg/90.0.818.49" "mantech8.com"
109.231.79.30 - - [21/Oct/2022:20:17:55 -0700] "POST /mailer.php HTTP/1.1" 500 - "http://mantech8.com/contact.php" "Mozilla/5.0 (Windows NT 10.0; Win64; x64) AppleWebKit/537.36 (KHTML, like Gecko) Chrome/90.0.4430.85 Safari/537.36 Edg/90.0.818.49" "mantech8.com"
185.191.171.1 - - [21/Oct/2022:20:18:43 -0700] "GET /index.php/camp-fire/36817547.html HTTP/1.1" 500 - "-" "Mozilla/5.0 (compatible; SemrushBot/7~bl; +http://www.semrush.com/bot.html)" "mantech8.com"
185.191.171.1 - - [21/Oct/2022:20:18:57 -0700] "GET /index.php/camp-fire/4452574.html HTTP/1.1" 500 - "-" "Mozilla/5.0 (compatible; SemrushBot/7~bl; +http://www.semrush.com/bot.html)" "mantech8.com"
185.191.171.21 - - [21/Oct/2022:20:19:03 -0700] "GET /index.php/camp-fire/28832071.html HTTP/1.1" 500 - "-" "Mozilla/5.0 (compatible; SemrushBot/7~bl; +http://www.semrush.com/bot.html)" "mantech8.com"
185.191.171.26 - - [21/Oct/2022:20:19:22 -0700] "GET /index.php/camp-fire/25366484.html HTTP/1.1" 500 - "-" "Mozilla/5.0 (compatible; SemrushBot/7~bl; +http://www.semrush.com/bot.html)" "mantech8.com"
185.191.171.2 - - [21/Oct/2022:20:19:25 -0700] "GET /index.php/camp-fire/8972853.html HTTP/1.1" 500 - "-" "Mozilla/5.0 (compatible; SemrushBot/7~bl; +http://www.semrush.com/bot.html)" "mantech8.com"
185.191.171.43 - - [21/Oct/2022:20:19:58 -0700] "GET /index.php/camp-fire/25366084.html HTTP/1.1" 500 - "-" "Mozilla/5.0 (compatible; SemrushBot/7~bl; +http://www.semrush.com/bot.html)" "mantech8.com"
185.191.171.38 - - [21/Oct/2022:20:20:47 -0700] "GET /index.php/camp-fire/43257634.html HTTP/1.1" 500 - "-" "Mozilla/5.0 (compatible; SemrushBot/7~bl; +http://www.semrush.com/bot.html)" "mantech8.com"
185.191.171.23 - - [21/Oct/2022:20:21:04 -0700] "GET /robots.txt HTTP/1.1" 200 106 "-" "Mozilla/5.0 (compatible; SemrushBot/7~bl; +http://www.semrush.com/bot.html)" "mantech8.com"
185.191.171.24 - - [21/Oct/2022:20:21:04 -0700] "GET /index.php/camp-fire/26893447.html HTTP/1.1" 500 - "-" "Mozilla/5.0 (compatible; SemrushBot/7~bl; +http://www.semrush.com/bot.html)" "mantech8.com"
185.191.171.17 - - [21/Oct/2022:20:21:12 -0700] "GET /index.php/camp-fire/4122674.html HTTP/1.1" 500 - "-" "Mozilla/5.0 (compatible; SemrushBot/7~bl; +http://www.semrush.com/bot.html)" "mantech8.com"
185.191.171.2 - - [21/Oct/2022:20:22:34 -0700] "GET /index.php/camp-fire/7623408.html HTTP/1.1" 500 - "-" "Mozilla/5.0 (compatible; SemrushBot/7~bl; +http://www.semrush.com/bot.html)" "mantech8.com"
185.191.171.15 - - [21/Oct/2022:20:24:15 -0700] "GET /index.php/camp-fire/1729429.html HTTP/1.1" 500 - "-" "Mozilla/5.0 (compatible; SemrushBot/7~bl; +http://www.semrush.com/bot.html)" "mantech8.com"
185.191.171.43 - - [21/Oct/2022:20:24:58 -0700] "GET /index.php/camp-fire/14610265.html HTTP/1.1" 500 - "-" "Mozilla/5.0 (compatible; SemrushBot/7~bl; +http://www.semrush.com/bot.html)" "mantech8.com"
185.191.171.6 - - [21/Oct/2022:20:26:06 -0700] "GET /index.php/camp-fire/38845492.html HTTP/1.1" 500 - "-" "Mozilla/5.0 (compatible; SemrushBot/7~bl; +http://www.semrush.com/bot.html)" "mantech8.com"
185.191.171.38 - - [21/Oct/2022:20:26:36 -0700] "GET /index.php/camp-fire/26810721.html HTTP/1.1" 500 - "-" "Mozilla/5.0 (compatible; SemrushBot/7~bl; +http://www.semrush.com/bot.html)" "mantech8.com"
185.191.171.34 - - [21/Oct/2022:20:26:52 -0700] "GET /index.php/camp-fire/28472627.html HTTP/1.1" 500 - "-" "Mozilla/5.0 (compatible; SemrushBot/7~bl; +http://www.semrush.com/bot.html)" "mantech8.com"
185.191.171.26 - - [21/Oct/2022:20:26:54 -0700] "GET /index.php/camp-fire/3680198.html HTTP/1.1" 500 - "-" "Mozilla/5.0 (compatible; SemrushBot/7~bl; +http://www.semrush.com/bot.html)" "mantech8.com"
40.77.167.72 - - [21/Oct/2022:20:26:55 -0700] "GET /sitemapindex.xml HTTP/1.1" 404 88 "-" "Mozilla/5.0 (compatible; bingbot/2.0; +http://www.bing.com/bingbot.htm)" "mantech8.com"
40.77.167.72 - - [21/Oct/2022:20:26:55 -0700] "GET /sitemapindeximages.xml HTTP/1.1" 404 88 "-" "Mozilla/5.0 (compatible; bingbot/2.0; +http://www.bing.com/bingbot.htm)" "mantech8.com"
185.191.171.24 - - [21/Oct/2022:20:26:56 -0700] "GET /index.php/camp-fire/43147034.html HTTP/1.1" 500 - "-" "Mozilla/5.0 (compatible; SemrushBot/7~bl; +http://www.semrush.com/bot.html)" "mantech8.com"
207.46.13.76 - - [21/Oct/2022:20:26:59 -0700] "GET /sitemapmobileindex.xml HTTP/1.1" 404 88 "-" "Mozilla/5.0 (compatible; bingbot/2.0; +http://www.bing.com/bingbot.htm)" "mantech8.com"
207.46.13.205 - - [21/Oct/2022:20:27:04 -0700] "GET /sitemapnewindex.xml HTTP/1.1" 404 88 "-" "Mozilla/5.0 (compatible; bingbot/2.0; +http://www.bing.com/bingbot.htm)" "mantech8.com"
185.191.171.4 - - [21/Oct/2022:20:28:16 -0700] "GET /index.php/camp-fire/26380306.html HTTP/1.1" 500 - "-" "Mozilla/5.0 (compatible; SemrushBot/7~bl; +http://www.semrush.com/bot.html)" "mantech8.com"
185.191.171.26 - - [21/Oct/2022:20:28:53 -0700] "GET /index.php/camp-fire/41810603.html HTTP/1.1" 500 - "-" "Mozilla/5.0 (compatible; SemrushBot/7~bl; +http://www.semrush.com/bot.html)" "mantech8.com"
185.191.171.10 - - [21/Oct/2022:20:28:56 -0700] "GET /index.php/camp-fire/44045550.html HTTP/1.1" 500 - "-" "Mozilla/5.0 (compatible; SemrushBot/7~bl; +http://www.semrush.com/bot.html)" "mantech8.com"
185.191.171.7 - - [21/Oct/2022:20:29:13 -0700] "GET /index.php/camp-fire/14511024.html HTTP/1.1" 500 - "-" "Mozilla/5.0 (compatible; SemrushBot/7~bl; +http://www.semrush.com/bot.html)" "mantech8.com"
185.191.171.4 - - [21/Oct/2022:20:29:24 -0700] "GET /index.php/camp-fire/2405893.html HTTP/1.1" 500 - "-" "Mozilla/5.0 (compatible; SemrushBot/7~bl; +http://www.semrush.com/bot.html)" "mantech8.com"
185.191.171.8 - - [21/Oct/2022:20:29:55 -0700] "GET /index.php/camp-fire/29693671.html HTTP/1.1" 500 - "-" "Mozilla/5.0 (compatible; SemrushBot/7~bl; +http://www.semrush.com/bot.html)" "mantech8.com"
103.131.71.32 - - [21/Oct/2022:20:30:01 -0700] "GET /robots.txt HTTP/1.1" 200 106 "-" "Mozilla/5.0 (compatible; coccocbot-image/1.0; +http://help.coccoc.com/searchengine)" "mantech8.com"
185.191.171.11 - - [21/Oct/2022:20:30:26 -0700] "GET /index.php/camp-fire/32484468.html HTTP/1.1" 500 - "-" "Mozilla/5.0 (compatible; SemrushBot/7~bl; +http://www.semrush.com/bot.html)" "mantech8.com"
185.191.171.10 - - [21/Oct/2022:20:31:07 -0700] "GET /index.php/camp-fire/88684387.html HTTP/1.1" 500 - "-" "Mozilla/5.0 (compatible; SemrushBot/7~bl; +http://www.semrush.com/bot.html)" "mantech8.com"
185.191.171.21 - - [21/Oct/2022:20:31:39 -0700] "GET /index.php/camp-fire/8151778.html HTTP/1.1" 500 - "-" "Mozilla/5.0 (compatible; SemrushBot/7~bl; +http://www.semrush.com/bot.html)" "mantech8.com"
185.191.171.45 - - [21/Oct/2022:20:32:14 -0700] "GET /index.php/camp-fire/41454502.html HTTP/1.1" 500 - "-" "Mozilla/5.0 (compatible; SemrushBot/7~bl; +http://www.semrush.com/bot.html)" "mantech8.com"
185.191.171.26 - - [21/Oct/2022:20:32:22 -0700] "GET /index.php/camp-fire/40122388.html HTTP/1.1" 500 - "-" "Mozilla/5.0 (compatible; SemrushBot/7~bl; +http://www.semrush.com/bot.html)" "mantech8.com"
185.191.171.12 - - [21/Oct/2022:20:33:17 -0700] "GET /index.php/camp-fire/28114359.html HTTP/1.1" 500 - "-" "Mozilla/5.0 (compatible; SemrushBot/7~bl; +http://www.semrush.com/bot.html)" "mantech8.com"
185.191.171.25 - - [21/Oct/2022:20:33:27 -0700] "GET /index.php/camp-fire/42005559.html HTTP/1.1" 500 - "-" "Mozilla/5.0 (compatible; SemrushBot/7~bl; +http://www.semrush.com/bot.html)" "mantech8.com"
185.191.171.11 - - [21/Oct/2022:20:33:39 -0700] "GET /index.php/camp-fire/1351559.html HTTP/1.1" 500 - "-" "Mozilla/5.0 (compatible; SemrushBot/7~bl; +http://www.semrush.com/bot.html)" "mantech8.com"
185.191.171.13 - - [21/Oct/2022:20:33:44 -0700] "GET /index.php/camp-fire/40437450.html HTTP/1.1" 500 - "-" "Mozilla/5.0 (compatible; SemrushBot/7~bl; +http://www.semrush.com/bot.html)" "mantech8.com"
185.191.171.39 - - [21/Oct/2022:20:34:48 -0700] "GET /index.php/camp-fire/2396600.html HTTP/1.1" 500 - "-" "Mozilla/5.0 (compatible; SemrushBot/7~bl; +http://www.semrush.com/bot.html)" "mantech8.com"
185.191.171.35 - - [21/Oct/2022:20:36:19 -0700] "GET /index.php/camp-fire/3326700.html HTTP/1.1" 500 - "-" "Mozilla/5.0 (compatible; SemrushBot/7~bl; +http://www.semrush.com/bot.html)" "mantech8.com"
185.191.171.25 - - [21/Oct/2022:20:36:34 -0700] "GET /index.php/camp-fire/28226409.html HTTP/1.1" 500 - "-" "Mozilla/5.0 (compatible; SemrushBot/7~bl; +http://www.semrush.com/bot.html)" "mantech8.com"
185.191.171.39 - - [21/Oct/2022:20:37:00 -0700] "GET /index.php/camp-fire/8710478.html HTTP/1.1" 500 - "-" "Mozilla/5.0 (compatible; SemrushBot/7~bl; +http://www.semrush.com/bot.html)" "mantech8.com"
185.191.171.13 - - [21/Oct/2022:20:37:31 -0700] "GET /index.php/camp-fire/51891868.html HTTP/1.1" 500 - "-" "Mozilla/5.0 (compatible; SemrushBot/7~bl; +http://www.semrush.com/bot.html)" "mantech8.com"
185.191.171.6 - - [21/Oct/2022:20:37:33 -0700] "GET /index.php/camp-fire/42102049.html HTTP/1.1" 500 - "-" "Mozilla/5.0 (compatible; SemrushBot/7~bl; +http://www.semrush.com/bot.html)" "mantech8.com"
185.191.171.25 - - [21/Oct/2022:20:37:59 -0700] "GET /index.php/camp-fire/35730650.html HTTP/1.1" 500 - "-" "Mozilla/5.0 (compatible; SemrushBot/7~bl; +http://www.semrush.com/bot.html)" "mantech8.com"
185.191.171.34 - - [21/Oct/2022:20:38:25 -0700] "GET /index.php/camp-fire/32546668.html HTTP/1.1" 500 - "-" "Mozilla/5.0 (compatible; SemrushBot/7~bl; +http://www.semrush.com/bot.html)" "mantech8.com"
40.77.167.72 - - [21/Oct/2022:20:38:36 -0700] "GET /?/%E6%9F%B4%E6%9E%97%E5%9C%8B%E5%B0%8F%E6%9F%B4%E8%97%9D%E4%B8%8D%E5%87%A1%E4%BA%BA%E6%89%8D%E5%A6%82%E6%9E%97-587498611678694/posts/?ref=page_internal HTTP/1.1" 200 56760 "-" "Mozilla/5.0 AppleWebKit/537.36 (KHTML, like Gecko; compatible; bingbot/2.0; +http://www.bing.com/bingbot.htm) Chrome/103.0.5060.134 Safari/537.36" "mantech8.com"
185.191.171.13 - - [21/Oct/2022:20:39:43 -0700] "GET /index.php/camp-fire/35761430.html HTTP/1.1" 500 - "-" "Mozilla/5.0 (compatible; SemrushBot/7~bl; +http://www.semrush.com/bot.html)" "mantech8.com"
185.35.67.212 - - [21/Oct/2022:20:40:08 -0700] "GET /login.html HTTP/1.1" 404 73 "-" "aragna.net_bot" "mantech8.com"
185.191.171.3 - - [21/Oct/2022:20:41:15 -0700] "GET /index.php/camp-fire/42934403.html HTTP/1.1" 500 - "-" "Mozilla/5.0 (compatible; SemrushBot/7~bl; +http://www.semrush.com/bot.html)" "mantech8.com"
185.191.171.21 - - [21/Oct/2022:20:41:24 -0700] "GET /index.php/camp-fire/57460078.html HTTP/1.1" 500 - "-" "Mozilla/5.0 (compatible; SemrushBot/7~bl; +http://www.semrush.com/bot.html)" "mantech8.com"
