185.191.171.38 - - [22/Oct/2022:10:00:37 -0700] "GET /index.php/camp-fire/38712508.html HTTP/1.1" 500 - "-" "Mozilla/5.0 (compatible; SemrushBot/7~bl; +http://www.semrush.com/bot.html)" "mantech8.com"
185.191.171.17 - - [22/Oct/2022:10:01:57 -0700] "GET /index.php/camp-fire/14944859.html HTTP/1.1" 500 - "-" "Mozilla/5.0 (compatible; SemrushBot/7~bl; +http://www.semrush.com/bot.html)" "mantech8.com"
40.77.167.66 - - [22/Oct/2022:10:01:59 -0700] "GET /bimages/service/s222.jpg HTTP/1.1" 200 158362 "-" "Mozilla/5.0 AppleWebKit/537.36 (KHTML, like Gecko; compatible; bingbot/2.0; +http://www.bing.com/bingbot.htm) Chrome/103.0.5060.134 Safari/537.36" "www.mantech8.com"
185.191.171.9 - - [22/Oct/2022:10:02:09 -0700] "GET /index.php/camp-fire/45342447.html HTTP/1.1" 500 - "-" "Mozilla/5.0 (compatible; SemrushBot/7~bl; +http://www.semrush.com/bot.html)" "mantech8.com"
185.191.171.9 - - [22/Oct/2022:10:02:30 -0700] "GET /index.php/camp-fire/8195078.html HTTP/1.1" 500 - "-" "Mozilla/5.0 (compatible; SemrushBot/7~bl; +http://www.semrush.com/bot.html)" "mantech8.com"
185.191.171.11 - - [22/Oct/2022:10:02:46 -0700] "GET /index.php/camp-fire/28790898.html HTTP/1.1" 500 - "-" "Mozilla/5.0 (compatible; SemrushBot/7~bl; +http://www.semrush.com/bot.html)" "mantech8.com"
114.119.133.165 - - [22/Oct/2022:10:03:03 -0700] "GET /bimages/pipeg/?C=M%3BO%3DA HTTP/1.1" 200 569 "http://www.mantech8.com/bimages/pipeg/" "Mozilla/5.0 (Linux; Android 7.0;) AppleWebKit/537.36 (KHTML, like Gecko) Mobile Safari/537.36 (compatible; PetalBot;+https://webmaster.petalsearch.com/site/petalbot)" "www.mantech8.com"
185.191.171.8 - - [22/Oct/2022:10:03:42 -0700] "GET /index.php/camp-fire/32016963.html HTTP/1.1" 500 - "-" "Mozilla/5.0 (compatible; SemrushBot/7~bl; +http://www.semrush.com/bot.html)" "mantech8.com"
185.191.171.3 - - [22/Oct/2022:10:04:18 -0700] "GET /index.php/camp-fire/27818721.html HTTP/1.1" 500 - "-" "Mozilla/5.0 (compatible; SemrushBot/7~bl; +http://www.semrush.com/bot.html)" "mantech8.com"
185.191.171.12 - - [22/Oct/2022:10:04:27 -0700] "GET /index.php/camp-fire/23975133.html HTTP/1.1" 500 - "-" "Mozilla/5.0 (compatible; SemrushBot/7~bl; +http://www.semrush.com/bot.html)" "mantech8.com"
185.191.171.18 - - [22/Oct/2022:10:04:51 -0700] "GET /index.php/camp-fire/36179835.html HTTP/1.1" 500 - "-" "Mozilla/5.0 (compatible; SemrushBot/7~bl; +http://www.semrush.com/bot.html)" "mantech8.com"
185.191.171.35 - - [22/Oct/2022:10:04:58 -0700] "GET /index.php/camp-fire/3088078.html HTTP/1.1" 500 - "-" "Mozilla/5.0 (compatible; SemrushBot/7~bl; +http://www.semrush.com/bot.html)" "mantech8.com"
185.191.171.17 - - [22/Oct/2022:10:05:02 -0700] "GET /index.php/camp-fire/52238349.html HTTP/1.1" 500 - "-" "Mozilla/5.0 (compatible; SemrushBot/7~bl; +http://www.semrush.com/bot.html)" "mantech8.com"
185.191.171.23 - - [22/Oct/2022:10:05:07 -0700] "GET /index.php/camp-fire/42362208.html HTTP/1.1" 500 - "-" "Mozilla/5.0 (compatible; SemrushBot/7~bl; +http://www.semrush.com/bot.html)" "mantech8.com"
185.191.171.11 - - [22/Oct/2022:10:05:33 -0700] "GET /index.php/camp-fire/34012908.html HTTP/1.1" 500 - "-" "Mozilla/5.0 (compatible; SemrushBot/7~bl; +http://www.semrush.com/bot.html)" "mantech8.com"
185.191.171.7 - - [22/Oct/2022:10:06:45 -0700] "GET /index.php/camp-fire/48648964.html HTTP/1.1" 500 - "-" "Mozilla/5.0 (compatible; SemrushBot/7~bl; +http://www.semrush.com/bot.html)" "mantech8.com"
114.119.133.190 - - [22/Oct/2022:10:08:27 -0700] "GET /index.php?larges.xml HTTP/1.1" 200 289377 "-" "Mozilla/5.0 (Linux; Android 7.0;) AppleWebKit/537.36 (KHTML, like Gecko) Mobile Safari/537.36 (compatible; PetalBot;+https://webmaster.petalsearch.com/site/petalbot)" "mantech8.com"
185.191.171.17 - - [22/Oct/2022:10:08:40 -0700] "GET /index.php/camp-fire/2322553.html HTTP/1.1" 500 - "-" "Mozilla/5.0 (compatible; SemrushBot/7~bl; +http://www.semrush.com/bot.html)" "mantech8.com"
185.191.171.7 - - [22/Oct/2022:10:08:45 -0700] "GET /index.php/camp-fire/15622046.html HTTP/1.1" 500 - "-" "Mozilla/5.0 (compatible; SemrushBot/7~bl; +http://www.semrush.com/bot.html)" "mantech8.com"
185.191.171.3 - - [22/Oct/2022:10:10:02 -0700] "GET /index.php/camp-fire/62014103.html HTTP/1.1" 500 - "-" "Mozilla/5.0 (compatible; SemrushBot/7~bl; +http://www.semrush.com/bot.html)" "mantech8.com"
185.191.171.13 - - [22/Oct/2022:10:10:22 -0700] "GET /index.php/camp-fire/33803759.html HTTP/1.1" 500 - "-" "Mozilla/5.0 (compatible; SemrushBot/7~bl; +http://www.semrush.com/bot.html)" "mantech8.com"
185.191.171.41 - - [22/Oct/2022:10:10:23 -0700] "GET /index.php/camp-fire/80027557.html HTTP/1.1" 500 - "-" "Mozilla/5.0 (compatible; SemrushBot/7~bl; +http://www.semrush.com/bot.html)" "mantech8.com"
185.191.171.25 - - [22/Oct/2022:10:10:30 -0700] "GET /index.php/camp-fire/30670755.html HTTP/1.1" 500 - "-" "Mozilla/5.0 (compatible; SemrushBot/7~bl; +http://www.semrush.com/bot.html)" "mantech8.com"
185.191.171.7 - - [22/Oct/2022:10:10:36 -0700] "GET /index.php/camp-fire/39039735.html HTTP/1.1" 500 - "-" "Mozilla/5.0 (compatible; SemrushBot/7~bl; +http://www.semrush.com/bot.html)" "mantech8.com"
185.191.171.10 - - [22/Oct/2022:10:10:41 -0700] "GET /index.php/camp-fire/36037409.html HTTP/1.1" 500 - "-" "Mozilla/5.0 (compatible; SemrushBot/7~bl; +http://www.semrush.com/bot.html)" "mantech8.com"
185.191.171.44 - - [22/Oct/2022:10:13:40 -0700] "GET /index.php/camp-fire/23585206.html HTTP/1.1" 500 - "-" "Mozilla/5.0 (compatible; SemrushBot/7~bl; +http://www.semrush.com/bot.html)" "mantech8.com"
114.119.133.190 - - [22/Oct/2022:10:13:55 -0700] "GET /?sitemap869.xml HTTP/1.1" 200 270445 "-" "Mozilla/5.0 (Linux; Android 7.0;) AppleWebKit/537.36 (KHTML, like Gecko) Mobile Safari/537.36 (compatible; PetalBot;+https://webmaster.petalsearch.com/site/petalbot)" "mantech8.com"
185.191.171.44 - - [22/Oct/2022:10:14:51 -0700] "GET /index.php/camp-fire/30533341.html HTTP/1.1" 500 - "-" "Mozilla/5.0 (compatible; SemrushBot/7~bl; +http://www.semrush.com/bot.html)" "mantech8.com"
185.191.171.17 - - [22/Oct/2022:10:15:06 -0700] "GET /robots.txt HTTP/1.1" 200 106 "-" "Mozilla/5.0 (compatible; SemrushBot/7~bl; +http://www.semrush.com/bot.html)" "mantech8.com"
185.191.171.3 - - [22/Oct/2022:10:15:06 -0700] "GET /index.php/camp-fire/26386633.html HTTP/1.1" 500 - "-" "Mozilla/5.0 (compatible; SemrushBot/7~bl; +http://www.semrush.com/bot.html)" "mantech8.com"
185.191.171.12 - - [22/Oct/2022:10:15:29 -0700] "GET /index.php/camp-fire/35674050.html HTTP/1.1" 500 - "-" "Mozilla/5.0 (compatible; SemrushBot/7~bl; +http://www.semrush.com/bot.html)" "mantech8.com"
216.244.66.241 - - [22/Oct/2022:10:16:37 -0700] "GET /robots.txt HTTP/1.1" 200 222 "-" "Mozilla/5.0 (compatible; DotBot/1.2; +https://opensiteexplorer.org/dotbot; help@moz.com)" "mantech8.com"
216.244.66.241 - - [22/Oct/2022:10:16:37 -0700] "GET /robots.txt HTTP/1.1" 200 222 "-" "Mozilla/5.0 (compatible; DotBot/1.2; +https://opensiteexplorer.org/dotbot; help@moz.com)" "www.mantech8.com"
185.191.171.42 - - [22/Oct/2022:10:18:06 -0700] "GET /index.php/camp-fire/3812500.html HTTP/1.1" 500 - "-" "Mozilla/5.0 (compatible; SemrushBot/7~bl; +http://www.semrush.com/bot.html)" "mantech8.com"
185.191.171.38 - - [22/Oct/2022:10:18:30 -0700] "GET /index.php/camp-fire/3578572.html HTTP/1.1" 500 - "-" "Mozilla/5.0 (compatible; SemrushBot/7~bl; +http://www.semrush.com/bot.html)" "mantech8.com"
185.191.171.45 - - [22/Oct/2022:10:18:39 -0700] "GET /index.php/camp-fire/3311700.html HTTP/1.1" 500 - "-" "Mozilla/5.0 (compatible; SemrushBot/7~bl; +http://www.semrush.com/bot.html)" "mantech8.com"
185.191.171.19 - - [22/Oct/2022:10:18:58 -0700] "GET /index.php/camp-fire/757498.html HTTP/1.1" 500 - "-" "Mozilla/5.0 (compatible; SemrushBot/7~bl; +http://www.semrush.com/bot.html)" "mantech8.com"
114.119.133.165 - - [22/Oct/2022:10:19:24 -0700] "GET /?sitemap553.xml HTTP/1.1" 200 270422 "-" "Mozilla/5.0 (Linux; Android 7.0;) AppleWebKit/537.36 (KHTML, like Gecko) Mobile Safari/537.36 (compatible; PetalBot;+https://webmaster.petalsearch.com/site/petalbot)" "mantech8.com"
185.191.171.6 - - [22/Oct/2022:10:19:27 -0700] "GET /index.php/camp-fire/28896866.html HTTP/1.1" 500 - "-" "Mozilla/5.0 (compatible; SemrushBot/7~bl; +http://www.semrush.com/bot.html)" "mantech8.com"
185.191.171.16 - - [22/Oct/2022:10:19:34 -0700] "GET /index.php/camp-fire/30611441.html HTTP/1.1" 500 - "-" "Mozilla/5.0 (compatible; SemrushBot/7~bl; +http://www.semrush.com/bot.html)" "mantech8.com"
185.191.171.37 - - [22/Oct/2022:10:19:53 -0700] "GET /index.php/camp-fire/32038350.html HTTP/1.1" 500 - "-" "Mozilla/5.0 (compatible; SemrushBot/7~bl; +http://www.semrush.com/bot.html)" "mantech8.com"
185.191.171.44 - - [22/Oct/2022:10:20:07 -0700] "GET /index.php/camp-fire/7259280.html HTTP/1.1" 500 - "-" "Mozilla/5.0 (compatible; SemrushBot/7~bl; +http://www.semrush.com/bot.html)" "mantech8.com"
185.191.171.9 - - [22/Oct/2022:10:20:14 -0700] "GET /index.php/camp-fire/40568560.html HTTP/1.1" 500 - "-" "Mozilla/5.0 (compatible; SemrushBot/7~bl; +http://www.semrush.com/bot.html)" "mantech8.com"
185.191.171.45 - - [22/Oct/2022:10:21:10 -0700] "GET /index.php/camp-fire/15379487.html HTTP/1.1" 500 - "-" "Mozilla/5.0 (compatible; SemrushBot/7~bl; +http://www.semrush.com/bot.html)" "mantech8.com"
185.191.171.16 - - [22/Oct/2022:10:21:34 -0700] "GET /index.php/camp-fire/33514116.html HTTP/1.1" 500 - "-" "Mozilla/5.0 (compatible; SemrushBot/7~bl; +http://www.semrush.com/bot.html)" "mantech8.com"
185.191.171.39 - - [22/Oct/2022:10:22:14 -0700] "GET /index.php/camp-fire/35120725.html HTTP/1.1" 500 - "-" "Mozilla/5.0 (compatible; SemrushBot/7~bl; +http://www.semrush.com/bot.html)" "mantech8.com"
185.191.171.43 - - [22/Oct/2022:10:22:31 -0700] "GET /index.php/camp-fire/21988978.html HTTP/1.1" 500 - "-" "Mozilla/5.0 (compatible; SemrushBot/7~bl; +http://www.semrush.com/bot.html)" "mantech8.com"
185.191.171.22 - - [22/Oct/2022:10:23:22 -0700] "GET /index.php/camp-fire/34765659.html HTTP/1.1" 500 - "-" "Mozilla/5.0 (compatible; SemrushBot/7~bl; +http://www.semrush.com/bot.html)" "mantech8.com"
185.191.171.3 - - [22/Oct/2022:10:23:31 -0700] "GET /index.php/camp-fire/20909635.html HTTP/1.1" 500 - "-" "Mozilla/5.0 (compatible; SemrushBot/7~bl; +http://www.semrush.com/bot.html)" "mantech8.com"
185.191.171.37 - - [22/Oct/2022:10:23:35 -0700] "GET /index.php/camp-fire/5426177.html HTTP/1.1" 500 - "-" "Mozilla/5.0 (compatible; SemrushBot/7~bl; +http://www.semrush.com/bot.html)" "mantech8.com"
185.191.171.45 - - [22/Oct/2022:10:23:36 -0700] "GET /index.php/camp-fire/33788125.html HTTP/1.1" 500 - "-" "Mozilla/5.0 (compatible; SemrushBot/7~bl; +http://www.semrush.com/bot.html)" "mantech8.com"
185.191.171.15 - - [22/Oct/2022:10:23:49 -0700] "GET /index.php/camp-fire/31660797.html HTTP/1.1" 500 - "-" "Mozilla/5.0 (compatible; SemrushBot/7~bl; +http://www.semrush.com/bot.html)" "mantech8.com"
185.191.171.23 - - [22/Oct/2022:10:24:01 -0700] "GET /index.php/camp-fire/24610833.html HTTP/1.1" 500 - "-" "Mozilla/5.0 (compatible; SemrushBot/7~bl; +http://www.semrush.com/bot.html)" "mantech8.com"
114.119.133.158 - - [22/Oct/2022:10:24:58 -0700] "GET /bimages/hydrog/thump/?C=N%3BO%3DD HTTP/1.1" 200 468 "http://www.mantech8.com/bimages/hydrog/thump/?C=D%3BO%3DA" "Mozilla/5.0 (Linux; Android 7.0;) AppleWebKit/537.36 (KHTML, like Gecko) Mobile Safari/537.36 (compatible; PetalBot;+https://webmaster.petalsearch.com/site/petalbot)" "www.mantech8.com"
185.191.171.45 - - [22/Oct/2022:10:26:02 -0700] "GET /index.php/camp-fire/27426597.html HTTP/1.1" 500 - "-" "Mozilla/5.0 (compatible; SemrushBot/7~bl; +http://www.semrush.com/bot.html)" "mantech8.com"
185.191.171.33 - - [22/Oct/2022:10:26:52 -0700] "GET /index.php/camp-fire/7185677.html HTTP/1.1" 500 - "-" "Mozilla/5.0 (compatible; SemrushBot/7~bl; +http://www.semrush.com/bot.html)" "mantech8.com"
185.191.171.41 - - [22/Oct/2022:10:28:09 -0700] "GET /index.php/camp-fire/29531564.html HTTP/1.1" 500 - "-" "Mozilla/5.0 (compatible; SemrushBot/7~bl; +http://www.semrush.com/bot.html)" "mantech8.com"
185.191.171.41 - - [22/Oct/2022:10:28:27 -0700] "GET /index.php/camp-fire/46467671.html HTTP/1.1" 500 - "-" "Mozilla/5.0 (compatible; SemrushBot/7~bl; +http://www.semrush.com/bot.html)" "mantech8.com"
185.191.171.43 - - [22/Oct/2022:10:28:28 -0700] "GET /index.php/camp-fire/26094251.html HTTP/1.1" 500 - "-" "Mozilla/5.0 (compatible; SemrushBot/7~bl; +http://www.semrush.com/bot.html)" "mantech8.com"
114.119.129.244 - - [22/Oct/2022:10:28:28 -0700] "GET /robots.txt HTTP/1.1" 200 106 "-" "Mozilla/5.0 (compatible;PetalBot;+https://webmaster.petalsearch.com/site/petalbot)" "mantech8.com"
185.191.171.12 - - [22/Oct/2022:10:28:55 -0700] "GET /index.php/camp-fire/28361947.html HTTP/1.1" 500 - "-" "Mozilla/5.0 (compatible; SemrushBot/7~bl; +http://www.semrush.com/bot.html)" "mantech8.com"
185.191.171.22 - - [22/Oct/2022:10:29:03 -0700] "GET /index.php/camp-fire/26144482.html HTTP/1.1" 500 - "-" "Mozilla/5.0 (compatible; SemrushBot/7~bl; +http://www.semrush.com/bot.html)" "mantech8.com"
185.191.171.11 - - [22/Oct/2022:10:29:24 -0700] "GET /index.php/camp-fire/32574206.html HTTP/1.1" 500 - "-" "Mozilla/5.0 (compatible; SemrushBot/7~bl; +http://www.semrush.com/bot.html)" "mantech8.com"
185.191.171.44 - - [22/Oct/2022:10:29:47 -0700] "GET /index.php/camp-fire/26668361.html HTTP/1.1" 500 - "-" "Mozilla/5.0 (compatible; SemrushBot/7~bl; +http://www.semrush.com/bot.html)" "mantech8.com"
185.191.171.17 - - [22/Oct/2022:10:30:22 -0700] "GET /index.php/camp-fire/42821625.html HTTP/1.1" 500 - "-" "Mozilla/5.0 (compatible; SemrushBot/7~bl; +http://www.semrush.com/bot.html)" "mantech8.com"
114.119.133.165 - - [22/Oct/2022:10:30:27 -0700] "GET /index.php?camp-fire/54438092.html HTTP/1.1" 500 - "-" "Mozilla/5.0 (Linux; Android 7.0;) AppleWebKit/537.36 (KHTML, like Gecko) Mobile Safari/537.36 (compatible; PetalBot;+https://webmaster.petalsearch.com/site/petalbot)" "www.mantech8.com"
185.191.171.26 - - [22/Oct/2022:10:30:34 -0700] "GET /index.php/camp-fire/4522565.html HTTP/1.1" 500 - "-" "Mozilla/5.0 (compatible; SemrushBot/7~bl; +http://www.semrush.com/bot.html)" "mantech8.com"
185.191.171.11 - - [22/Oct/2022:10:31:02 -0700] "GET /index.php/camp-fire/39264230.html HTTP/1.1" 500 - "-" "Mozilla/5.0 (compatible; SemrushBot/7~bl; +http://www.semrush.com/bot.html)" "mantech8.com"
185.191.171.45 - - [22/Oct/2022:10:31:36 -0700] "GET /index.php/camp-fire/7797942.html HTTP/1.1" 500 - "-" "Mozilla/5.0 (compatible; SemrushBot/7~bl; +http://www.semrush.com/bot.html)" "mantech8.com"
185.191.171.34 - - [22/Oct/2022:10:31:49 -0700] "GET /index.php/camp-fire/27674371.html HTTP/1.1" 500 - "-" "Mozilla/5.0 (compatible; SemrushBot/7~bl; +http://www.semrush.com/bot.html)" "mantech8.com"
185.191.171.18 - - [22/Oct/2022:10:32:19 -0700] "GET /index.php/camp-fire/26549932.html HTTP/1.1" 500 - "-" "Mozilla/5.0 (compatible; SemrushBot/7~bl; +http://www.semrush.com/bot.html)" "mantech8.com"
117.203.206.202 - - [22/Oct/2022:10:32:30 -0700] "GET /contact.php HTTP/1.1" 200 29238 "http://mantech8.com/contact.php" "Mozilla/5.0 (Windows NT 6.3; Win64; x64) AppleWebKit/537.36 (KHTML, like Gecko) Chrome/90.0.4430.72 Safari/537.36 Edg/90.0.818.42" "mantech8.com"
117.203.206.202 - - [22/Oct/2022:10:32:32 -0700] "POST /mailer.php HTTP/1.1" 500 - "http://mantech8.com/contact.php" "Mozilla/5.0 (Windows NT 6.3; Win64; x64) AppleWebKit/537.36 (KHTML, like Gecko) Chrome/90.0.4430.72 Safari/537.36 Edg/90.0.818.42" "mantech8.com"
185.191.171.9 - - [22/Oct/2022:10:32:52 -0700] "GET /index.php/camp-fire/37565368.html HTTP/1.1" 500 - "-" "Mozilla/5.0 (compatible; SemrushBot/7~bl; +http://www.semrush.com/bot.html)" "mantech8.com"
185.191.171.10 - - [22/Oct/2022:10:33:13 -0700] "GET /index.php/camp-fire/28604359.html HTTP/1.1" 500 - "-" "Mozilla/5.0 (compatible; SemrushBot/7~bl; +http://www.semrush.com/bot.html)" "mantech8.com"
185.191.171.33 - - [22/Oct/2022:10:35:22 -0700] "GET /index.php/camp-fire/38882292.html HTTP/1.1" 500 - "-" "Mozilla/5.0 (compatible; SemrushBot/7~bl; +http://www.semrush.com/bot.html)" "mantech8.com"
185.191.171.23 - - [22/Oct/2022:10:35:35 -0700] "GET /index.php/camp-fire/27591071.html HTTP/1.1" 500 - "-" "Mozilla/5.0 (compatible; SemrushBot/7~bl; +http://www.semrush.com/bot.html)" "mantech8.com"
185.191.171.22 - - [22/Oct/2022:10:35:49 -0700] "GET /index.php/camp-fire/4838869.html HTTP/1.1" 500 - "-" "Mozilla/5.0 (compatible; SemrushBot/7~bl; +http://www.semrush.com/bot.html)" "mantech8.com"
185.191.171.39 - - [22/Oct/2022:10:35:54 -0700] "GET /index.php/camp-fire/29174935.html HTTP/1.1" 500 - "-" "Mozilla/5.0 (compatible; SemrushBot/7~bl; +http://www.semrush.com/bot.html)" "mantech8.com"
114.119.133.165 - - [22/Oct/2022:10:35:59 -0700] "GET /?sitemap53295.xml HTTP/1.1" 200 270538 "-" "Mozilla/5.0 (Linux; Android 7.0;) AppleWebKit/537.36 (KHTML, like Gecko) Mobile Safari/537.36 (compatible; PetalBot;+https://webmaster.petalsearch.com/site/petalbot)" "mantech8.com"
185.191.171.11 - - [22/Oct/2022:10:36:31 -0700] "GET /index.php/camp-fire/8453985.html HTTP/1.1" 500 - "-" "Mozilla/5.0 (compatible; SemrushBot/7~bl; +http://www.semrush.com/bot.html)" "mantech8.com"
185.191.171.44 - - [22/Oct/2022:10:37:26 -0700] "GET /index.php/camp-fire/28405030.html HTTP/1.1" 500 - "-" "Mozilla/5.0 (compatible; SemrushBot/7~bl; +http://www.semrush.com/bot.html)" "mantech8.com"
185.191.171.22 - - [22/Oct/2022:10:37:52 -0700] "GET /index.php/camp-fire/32515535.html HTTP/1.1" 500 - "-" "Mozilla/5.0 (compatible; SemrushBot/7~bl; +http://www.semrush.com/bot.html)" "mantech8.com"
185.191.171.16 - - [22/Oct/2022:10:38:46 -0700] "GET /index.php/camp-fire/28112271.html HTTP/1.1" 500 - "-" "Mozilla/5.0 (compatible; SemrushBot/7~bl; +http://www.semrush.com/bot.html)" "mantech8.com"
185.191.171.18 - - [22/Oct/2022:10:40:07 -0700] "GET /index.php/camp-fire/16118984.html HTTP/1.1" 500 - "-" "Mozilla/5.0 (compatible; SemrushBot/7~bl; +http://www.semrush.com/bot.html)" "mantech8.com"
185.191.171.11 - - [22/Oct/2022:10:40:46 -0700] "GET /index.php/camp-fire/39042835.html HTTP/1.1" 500 - "-" "Mozilla/5.0 (compatible; SemrushBot/7~bl; +http://www.semrush.com/bot.html)" "mantech8.com"
185.191.171.8 - - [22/Oct/2022:10:40:49 -0700] "GET /index.php/camp-fire/38512808.html HTTP/1.1" 500 - "-" "Mozilla/5.0 (compatible; SemrushBot/7~bl; +http://www.semrush.com/bot.html)" "mantech8.com"
114.119.133.190 - - [22/Oct/2022:10:41:26 -0700] "GET /index.php/curlyhead.xml HTTP/1.1" 200 289249 "-" "Mozilla/5.0 (compatible;PetalBot;+https://webmaster.petalsearch.com/site/petalbot)" "mantech8.com"
185.191.171.24 - - [22/Oct/2022:10:42:29 -0700] "GET /index.php/camp-fire/35251538.html HTTP/1.1" 500 - "-" "Mozilla/5.0 (compatible; SemrushBot/7~bl; +http://www.semrush.com/bot.html)" "mantech8.com"
185.191.171.44 - - [22/Oct/2022:10:43:10 -0700] "GET /index.php/camp-fire/2826951.html HTTP/1.1" 500 - "-" "Mozilla/5.0 (compatible; SemrushBot/7~bl; +http://www.semrush.com/bot.html)" "mantech8.com"
185.191.171.3 - - [22/Oct/2022:10:43:13 -0700] "GET /index.php/camp-fire/39803402.html HTTP/1.1" 500 - "-" "Mozilla/5.0 (compatible; SemrushBot/7~bl; +http://www.semrush.com/bot.html)" "mantech8.com"
185.191.171.26 - - [22/Oct/2022:10:44:13 -0700] "GET /index.php/camp-fire/40542888.html HTTP/1.1" 500 - "-" "Mozilla/5.0 (compatible; SemrushBot/7~bl; +http://www.semrush.com/bot.html)" "mantech8.com"
185.191.171.14 - - [22/Oct/2022:10:44:18 -0700] "GET /index.php/camp-fire/27245870.html HTTP/1.1" 500 - "-" "Mozilla/5.0 (compatible; SemrushBot/7~bl; +http://www.semrush.com/bot.html)" "mantech8.com"
185.191.171.35 - - [22/Oct/2022:10:44:29 -0700] "GET /index.php/camp-fire/46265772.html HTTP/1.1" 500 - "-" "Mozilla/5.0 (compatible; SemrushBot/7~bl; +http://www.semrush.com/bot.html)" "mantech8.com"
185.191.171.5 - - [22/Oct/2022:10:45:08 -0700] "GET /index.php/camp-fire/52742903.html HTTP/1.1" 500 - "-" "Mozilla/5.0 (compatible; SemrushBot/7~bl; +http://www.semrush.com/bot.html)" "mantech8.com"
185.191.171.15 - - [22/Oct/2022:10:45:15 -0700] "GET /index.php/camp-fire/26847776.html HTTP/1.1" 500 - "-" "Mozilla/5.0 (compatible; SemrushBot/7~bl; +http://www.semrush.com/bot.html)" "mantech8.com"
185.191.171.11 - - [22/Oct/2022:10:45:24 -0700] "GET /index.php/camp-fire/26487865.html HTTP/1.1" 500 - "-" "Mozilla/5.0 (compatible; SemrushBot/7~bl; +http://www.semrush.com/bot.html)" "mantech8.com"
40.77.167.66 - - [22/Oct/2022:10:45:33 -0700] "GET /index.php?/forum.php?mod=forumdisplay&fid=7 HTTP/1.1" 200 62920 "-" "Mozilla/5.0 AppleWebKit/537.36 (KHTML, like Gecko; compatible; bingbot/2.0; +http://www.bing.com/bingbot.htm) Chrome/103.0.5060.134 Safari/537.36" "mantech8.com"
185.191.171.38 - - [22/Oct/2022:10:46:21 -0700] "GET /index.php/camp-fire/41390371.html HTTP/1.1" 500 - "-" "Mozilla/5.0 (compatible; SemrushBot/7~bl; +http://www.semrush.com/bot.html)" "mantech8.com"
185.191.171.5 - - [22/Oct/2022:10:46:49 -0700] "GET /index.php/camp-fire/27872409.html HTTP/1.1" 500 - "-" "Mozilla/5.0 (compatible; SemrushBot/7~bl; +http://www.semrush.com/bot.html)" "mantech8.com"
185.191.171.9 - - [22/Oct/2022:10:47:01 -0700] "GET /index.php/camp-fire/38512308.html HTTP/1.1" 500 - "-" "Mozilla/5.0 (compatible; SemrushBot/7~bl; +http://www.semrush.com/bot.html)" "mantech8.com"
114.119.133.182 - - [22/Oct/2022:10:47:04 -0700] "GET /?sitemap628.xml HTTP/1.1" 200 270356 "-" "Mozilla/5.0 (Linux; Android 7.0;) AppleWebKit/537.36 (KHTML, like Gecko) Mobile Safari/537.36 (compatible; PetalBot;+https://webmaster.petalsearch.com/site/petalbot)" "mantech8.com"
185.191.171.34 - - [22/Oct/2022:10:47:06 -0700] "GET /index.php/camp-fire/42406030.html HTTP/1.1" 500 - "-" "Mozilla/5.0 (compatible; SemrushBot/7~bl; +http://www.semrush.com/bot.html)" "mantech8.com"
185.191.171.9 - - [22/Oct/2022:10:47:13 -0700] "GET /index.php/camp-fire/42609834.html HTTP/1.1" 500 - "-" "Mozilla/5.0 (compatible; SemrushBot/7~bl; +http://www.semrush.com/bot.html)" "mantech8.com"
185.191.171.34 - - [22/Oct/2022:10:48:38 -0700] "GET /index.php/camp-fire/48975692.html HTTP/1.1" 500 - "-" "Mozilla/5.0 (compatible; SemrushBot/7~bl; +http://www.semrush.com/bot.html)" "mantech8.com"
185.191.171.25 - - [22/Oct/2022:10:48:40 -0700] "GET /index.php/camp-fire/9970355.html HTTP/1.1" 500 - "-" "Mozilla/5.0 (compatible; SemrushBot/7~bl; +http://www.semrush.com/bot.html)" "mantech8.com"
185.191.171.41 - - [22/Oct/2022:10:48:49 -0700] "GET /index.php/camp-fire/41910503.html HTTP/1.1" 500 - "-" "Mozilla/5.0 (compatible; SemrushBot/7~bl; +http://www.semrush.com/bot.html)" "mantech8.com"
185.191.171.11 - - [22/Oct/2022:10:49:22 -0700] "GET /index.php/camp-fire/2349429.html HTTP/1.1" 500 - "-" "Mozilla/5.0 (compatible; SemrushBot/7~bl; +http://www.semrush.com/bot.html)" "mantech8.com"
185.191.171.18 - - [22/Oct/2022:10:49:47 -0700] "GET /index.php/camp-fire/25934776.html HTTP/1.1" 500 - "-" "Mozilla/5.0 (compatible; SemrushBot/7~bl; +http://www.semrush.com/bot.html)" "mantech8.com"
185.191.171.11 - - [22/Oct/2022:10:51:36 -0700] "GET /index.php/camp-fire/23745306.html HTTP/1.1" 500 - "-" "Mozilla/5.0 (compatible; SemrushBot/7~bl; +http://www.semrush.com/bot.html)" "mantech8.com"
185.191.171.22 - - [22/Oct/2022:10:52:04 -0700] "GET /index.php/camp-fire/43933634.html HTTP/1.1" 500 - "-" "Mozilla/5.0 (compatible; SemrushBot/7~bl; +http://www.semrush.com/bot.html)" "mantech8.com"
114.119.133.190 - - [22/Oct/2022:10:52:36 -0700] "GET /bimages/cleang/?C=M%3BO%3DA HTTP/1.1" 200 505 "http://mantech8.com/bimages/cleang/?C=N%3BO%3DD" "Mozilla/5.0 (Linux; Android 7.0;) AppleWebKit/537.36 (KHTML, like Gecko) Mobile Safari/537.36 (compatible; PetalBot;+https://webmaster.petalsearch.com/site/petalbot)" "mantech8.com"
185.191.171.9 - - [22/Oct/2022:10:53:25 -0700] "GET /index.php/camp-fire/7635008.html HTTP/1.1" 500 - "-" "Mozilla/5.0 (compatible; SemrushBot/7~bl; +http://www.semrush.com/bot.html)" "mantech8.com"
185.191.171.25 - - [22/Oct/2022:10:54:00 -0700] "GET /index.php/camp-fire/4245978.html HTTP/1.1" 500 - "-" "Mozilla/5.0 (compatible; SemrushBot/7~bl; +http://www.semrush.com/bot.html)" "mantech8.com"
185.191.171.39 - - [22/Oct/2022:10:54:56 -0700] "GET /index.php/camp-fire/5777277.html HTTP/1.1" 500 - "-" "Mozilla/5.0 (compatible; SemrushBot/7~bl; +http://www.semrush.com/bot.html)" "mantech8.com"
185.191.171.18 - - [22/Oct/2022:10:54:57 -0700] "GET /index.php/camp-fire/42971934.html HTTP/1.1" 500 - "-" "Mozilla/5.0 (compatible; SemrushBot/7~bl; +http://www.semrush.com/bot.html)" "mantech8.com"
66.249.66.95 - - [22/Oct/2022:10:55:02 -0700] "GET /umbilic.xml HTTP/1.1" 404 88 "-" "Mozilla/5.0 (compatible; Googlebot/2.1; +http://www.google.com/bot.html)" "mantech8.com"
185.191.171.2 - - [22/Oct/2022:10:55:25 -0700] "GET /index.php/camp-fire/37598868.html HTTP/1.1" 500 - "-" "Mozilla/5.0 (compatible; SemrushBot/7~bl; +http://www.semrush.com/bot.html)" "mantech8.com"
185.191.171.37 - - [22/Oct/2022:10:55:36 -0700] "GET /index.php/camp-fire/27119563.html HTTP/1.1" 500 - "-" "Mozilla/5.0 (compatible; SemrushBot/7~bl; +http://www.semrush.com/bot.html)" "mantech8.com"
185.191.171.21 - - [22/Oct/2022:10:55:42 -0700] "GET /index.php/camp-fire/41805171.html HTTP/1.1" 500 - "-" "Mozilla/5.0 (compatible; SemrushBot/7~bl; +http://www.semrush.com/bot.html)" "mantech8.com"
185.191.171.3 - - [22/Oct/2022:10:56:22 -0700] "GET /index.php/camp-fire/28836766.html HTTP/1.1" 500 - "-" "Mozilla/5.0 (compatible; SemrushBot/7~bl; +http://www.semrush.com/bot.html)" "mantech8.com"
185.191.171.36 - - [22/Oct/2022:10:57:00 -0700] "GET /index.php/camp-fire/38577555.html HTTP/1.1" 500 - "-" "Mozilla/5.0 (compatible; SemrushBot/7~bl; +http://www.semrush.com/bot.html)" "mantech8.com"
185.191.171.20 - - [22/Oct/2022:10:57:53 -0700] "GET /index.php/camp-fire/2374093.html HTTP/1.1" 500 - "-" "Mozilla/5.0 (compatible; SemrushBot/7~bl; +http://www.semrush.com/bot.html)" "mantech8.com"
114.119.133.182 - - [22/Oct/2022:10:58:07 -0700] "GET /index.php/kongcunzhen.xml HTTP/1.1" 200 289407 "-" "Mozilla/5.0 (Linux; Android 7.0;) AppleWebKit/537.36 (KHTML, like Gecko) Mobile Safari/537.36 (compatible; PetalBot;+https://webmaster.petalsearch.com/site/petalbot)" "mantech8.com"
185.191.171.42 - - [22/Oct/2022:10:59:20 -0700] "GET /index.php/camp-fire/8124278.html HTTP/1.1" 500 - "-" "Mozilla/5.0 (compatible; SemrushBot/7~bl; +http://www.semrush.com/bot.html)" "mantech8.com"
185.191.171.26 - - [22/Oct/2022:10:59:21 -0700] "GET /index.php/camp-fire/29401374.html HTTP/1.1" 500 - "-" "Mozilla/5.0 (compatible; SemrushBot/7~bl; +http://www.semrush.com/bot.html)" "mantech8.com"
185.191.171.11 - - [22/Oct/2022:10:59:28 -0700] "GET /index.php/camp-fire/14675593.html HTTP/1.1" 500 - "-" "Mozilla/5.0 (compatible; SemrushBot/7~bl; +http://www.semrush.com/bot.html)" "mantech8.com"
194.110.203.40 - - [22/Oct/2022:10:59:35 -0700] "GET /inc/connect.php.bak HTTP/1.1" 404 73 "-" "Firefox" "mantech8.com"
66.249.66.23 - - [22/Oct/2022:11:00:44 -0700] "GET /img/ewm.png HTTP/1.1" 404 88 "-" "Googlebot-Image/1.0" "www.mantech8.com"
185.191.171.39 - - [22/Oct/2022:11:03:04 -0700] "GET /index.php/camp-fire/81427876.html HTTP/1.1" 500 - "-" "Mozilla/5.0 (compatible; SemrushBot/7~bl; +http://www.semrush.com/bot.html)" "mantech8.com"
185.191.171.5 - - [22/Oct/2022:11:03:05 -0700] "GET /index.php/camp-fire/31349855.html HTTP/1.1" 500 - "-" "Mozilla/5.0 (compatible; SemrushBot/7~bl; +http://www.semrush.com/bot.html)" "mantech8.com"
185.191.171.21 - - [22/Oct/2022:11:03:30 -0700] "GET /index.php/camp-fire/13462400.html HTTP/1.1" 500 - "-" "Mozilla/5.0 (compatible; SemrushBot/7~bl; +http://www.semrush.com/bot.html)" "mantech8.com"
185.191.171.11 - - [22/Oct/2022:11:03:51 -0700] "GET /index.php/camp-fire/28029459.html HTTP/1.1" 500 - "-" "Mozilla/5.0 (compatible; SemrushBot/7~bl; +http://www.semrush.com/bot.html)" "mantech8.com"
87.250.224.40 - - [22/Oct/2022:11:03:58 -0700] "GET /robots.txt HTTP/1.1" 200 222 "-" "Mozilla/5.0 (compatible; YandexBot/3.0; +http://yandex.com/bots)" "mantech8.com"
87.250.224.188 - - [22/Oct/2022:11:04:01 -0700] "GET /sitemap-index-7.xml HTTP/1.1" 404 88 "-" "Mozilla/5.0 (compatible; YandexBot/3.0; +http://yandex.com/bots)" "mantech8.com"
185.191.171.8 - - [22/Oct/2022:11:04:14 -0700] "GET /index.php/camp-fire/7624108.html HTTP/1.1" 500 - "-" "Mozilla/5.0 (compatible; SemrushBot/7~bl; +http://www.semrush.com/bot.html)" "mantech8.com"
185.191.171.2 - - [22/Oct/2022:11:04:19 -0700] "GET /index.php/camp-fire/24060133.html HTTP/1.1" 500 - "-" "Mozilla/5.0 (compatible; SemrushBot/7~bl; +http://www.semrush.com/bot.html)" "mantech8.com"
185.191.171.6 - - [22/Oct/2022:11:04:21 -0700] "GET /index.php/camp-fire/23733132.html HTTP/1.1" 500 - "-" "Mozilla/5.0 (compatible; SemrushBot/7~bl; +http://www.semrush.com/bot.html)" "mantech8.com"
40.77.167.58 - - [22/Oct/2022:11:04:22 -0700] "GET /index.php?camp-fire/31133014.html HTTP/1.1" 200 66794 "-" "Mozilla/5.0 (compatible; bingbot/2.0; +http://www.bing.com/bingbot.htm)" "www.mantech8.com"
185.191.171.4 - - [22/Oct/2022:11:05:41 -0700] "GET /index.php/camp-fire/14917855.html HTTP/1.1" 500 - "-" "Mozilla/5.0 (compatible; SemrushBot/7~bl; +http://www.semrush.com/bot.html)" "mantech8.com"
185.191.171.6 - - [22/Oct/2022:11:06:03 -0700] "GET /index.php/camp-fire/27596971.html HTTP/1.1" 500 - "-" "Mozilla/5.0 (compatible; SemrushBot/7~bl; +http://www.semrush.com/bot.html)" "mantech8.com"
185.191.171.5 - - [22/Oct/2022:11:06:37 -0700] "GET /index.php/camp-fire/27255870.html HTTP/1.1" 500 - "-" "Mozilla/5.0 (compatible; SemrushBot/7~bl; +http://www.semrush.com/bot.html)" "mantech8.com"
185.191.171.37 - - [22/Oct/2022:11:07:38 -0700] "GET /index.php/camp-fire/14401459.html HTTP/1.1" 500 - "-" "Mozilla/5.0 (compatible; SemrushBot/7~bl; +http://www.semrush.com/bot.html)" "mantech8.com"
185.191.171.25 - - [22/Oct/2022:11:07:45 -0700] "GET /index.php/camp-fire/26233582.html HTTP/1.1" 500 - "-" "Mozilla/5.0 (compatible; SemrushBot/7~bl; +http://www.semrush.com/bot.html)" "mantech8.com"
185.191.171.14 - - [22/Oct/2022:11:07:47 -0700] "GET /index.php/camp-fire/36351271.html HTTP/1.1" 500 - "-" "Mozilla/5.0 (compatible; SemrushBot/7~bl; +http://www.semrush.com/bot.html)" "mantech8.com"
216.244.66.241 - - [22/Oct/2022:11:08:35 -0700] "GET /robots.txt HTTP/1.1" 200 222 "-" "Mozilla/5.0 (compatible; DotBot/1.2; +https://opensiteexplorer.org/dotbot; help@moz.com)" "www.mantech8.com"
216.244.66.241 - - [22/Oct/2022:11:08:35 -0700] "GET /robots.txt HTTP/1.1" 200 222 "-" "Mozilla/5.0 (compatible; DotBot/1.2; +https://opensiteexplorer.org/dotbot; help@moz.com)" "mantech8.com"
40.77.167.66 - - [22/Oct/2022:11:09:24 -0700] "GET /F2si-5d066baeff-Di3ws.Ii HTTP/1.1" 404 88 "-" "Mozilla/5.0 AppleWebKit/537.36 (KHTML, like Gecko; compatible; bingbot/2.0; +http://www.bing.com/bingbot.htm) Chrome/103.0.5060.134 Safari/537.36" "www.mantech8.com"
207.46.13.184 - - [22/Oct/2022:11:09:34 -0700] "GET /bimages/gallery/thump/hb9.jpg HTTP/1.1" 200 80062 "-" "Mozilla/5.0 (compatible; bingbot/2.0; +http://www.bing.com/bingbot.htm)" "mantech8.com"
185.191.171.5 - - [22/Oct/2022:11:09:57 -0700] "GET /index.php/camp-fire/8134778.html HTTP/1.1" 500 - "-" "Mozilla/5.0 (compatible; SemrushBot/7~bl; +http://www.semrush.com/bot.html)" "mantech8.com"
185.191.171.37 - - [22/Oct/2022:11:10:22 -0700] "GET /index.php/camp-fire/27609771.html HTTP/1.1" 500 - "-" "Mozilla/5.0 (compatible; SemrushBot/7~bl; +http://www.semrush.com/bot.html)" "mantech8.com"
185.191.171.6 - - [22/Oct/2022:11:11:17 -0700] "GET /index.php/camp-fire/30822955.html HTTP/1.1" 500 - "-" "Mozilla/5.0 (compatible; SemrushBot/7~bl; +http://www.semrush.com/bot.html)" "mantech8.com"
185.191.171.40 - - [22/Oct/2022:11:11:40 -0700] "GET /index.php/camp-fire/25586150.html HTTP/1.1" 500 - "-" "Mozilla/5.0 (compatible; SemrushBot/7~bl; +http://www.semrush.com/bot.html)" "mantech8.com"
185.191.171.23 - - [22/Oct/2022:11:11:47 -0700] "GET /index.php/camp-fire/40136476.html HTTP/1.1" 500 - "-" "Mozilla/5.0 (compatible; SemrushBot/7~bl; +http://www.semrush.com/bot.html)" "mantech8.com"
185.191.171.23 - - [22/Oct/2022:11:12:06 -0700] "GET /index.php/camp-fire/33449493.html HTTP/1.1" 500 - "-" "Mozilla/5.0 (compatible; SemrushBot/7~bl; +http://www.semrush.com/bot.html)" "mantech8.com"
185.191.171.44 - - [22/Oct/2022:11:12:49 -0700] "GET /robots.txt HTTP/1.1" 200 106 "-" "Mozilla/5.0 (compatible; SemrushBot/7~bl; +http://www.semrush.com/bot.html)" "mantech8.com"
185.191.171.7 - - [22/Oct/2022:11:12:49 -0700] "GET /index.php/camp-fire/7828421.html HTTP/1.1" 500 - "-" "Mozilla/5.0 (compatible; SemrushBot/7~bl; +http://www.semrush.com/bot.html)" "mantech8.com"
185.191.171.25 - - [22/Oct/2022:11:14:10 -0700] "GET /index.php/camp-fire/38825692.html HTTP/1.1" 500 - "-" "Mozilla/5.0 (compatible; SemrushBot/7~bl; +http://www.semrush.com/bot.html)" "mantech8.com"
64.124.8.37 - - [22/Oct/2022:11:14:55 -0700] "GET /robots.txt HTTP/1.1" 200 106 "-" "Mozilla/5.0 (X11; Linux x86_64) AppleWebKit/537.36 (KHTML, like Gecko) Chrome/61.0.3163.79 Safari/537.36" "mantech8.com"
64.124.8.37 - - [22/Oct/2022:11:14:55 -0700] "GET /paintinggal.php HTTP/1.1" 200 18549 "-" "Mozilla/5.0 (X11; Linux x86_64) AppleWebKit/537.36 (KHTML, like Gecko) Chrome/61.0.3163.79 Safari/537.36" "mantech8.com"
185.191.171.42 - - [22/Oct/2022:11:15:14 -0700] "GET /index.php/camp-fire/40072717.html HTTP/1.1" 500 - "-" "Mozilla/5.0 (compatible; SemrushBot/7~bl; +http://www.semrush.com/bot.html)" "mantech8.com"
185.191.171.24 - - [22/Oct/2022:11:15:33 -0700] "GET /index.php/camp-fire/9939283.html HTTP/1.1" 500 - "-" "Mozilla/5.0 (compatible; SemrushBot/7~bl; +http://www.semrush.com/bot.html)" "mantech8.com"
185.191.171.20 - - [22/Oct/2022:11:16:51 -0700] "GET /index.php/camp-fire/42739371.html HTTP/1.1" 500 - "-" "Mozilla/5.0 (compatible; SemrushBot/7~bl; +http://www.semrush.com/bot.html)" "mantech8.com"
185.191.171.43 - - [22/Oct/2022:11:16:57 -0700] "GET /index.php/camp-fire/22865476.html HTTP/1.1" 500 - "-" "Mozilla/5.0 (compatible; SemrushBot/7~bl; +http://www.semrush.com/bot.html)" "mantech8.com"
185.191.171.34 - - [22/Oct/2022:11:17:09 -0700] "GET /index.php/camp-fire/4083065.html HTTP/1.1" 500 - "-" "Mozilla/5.0 (compatible; SemrushBot/7~bl; +http://www.semrush.com/bot.html)" "mantech8.com"
185.191.171.4 - - [22/Oct/2022:11:17:59 -0700] "GET /index.php/camp-fire/38235972.html HTTP/1.1" 500 - "-" "Mozilla/5.0 (compatible; SemrushBot/7~bl; +http://www.semrush.com/bot.html)" "mantech8.com"
185.191.171.37 - - [22/Oct/2022:11:18:04 -0700] "GET /index.php/camp-fire/26088427.html HTTP/1.1" 500 - "-" "Mozilla/5.0 (compatible; SemrushBot/7~bl; +http://www.semrush.com/bot.html)" "mantech8.com"
185.191.171.18 - - [22/Oct/2022:11:19:21 -0700] "GET /index.php/camp-fire/23855706.html HTTP/1.1" 500 - "-" "Mozilla/5.0 (compatible; SemrushBot/7~bl; +http://www.semrush.com/bot.html)" "mantech8.com"
185.191.171.22 - - [22/Oct/2022:11:19:48 -0700] "GET /index.php/camp-fire/37090578.html HTTP/1.1" 500 - "-" "Mozilla/5.0 (compatible; SemrushBot/7~bl; +http://www.semrush.com/bot.html)" "mantech8.com"
185.191.171.26 - - [22/Oct/2022:11:20:14 -0700] "GET /index.php/camp-fire/28155271.html HTTP/1.1" 500 - "-" "Mozilla/5.0 (compatible; SemrushBot/7~bl; +http://www.semrush.com/bot.html)" "mantech8.com"
185.191.171.4 - - [22/Oct/2022:11:21:28 -0700] "GET /index.php/camp-fire/41129060.html HTTP/1.1" 500 - "-" "Mozilla/5.0 (compatible; SemrushBot/7~bl; +http://www.semrush.com/bot.html)" "mantech8.com"
20.10.3.117 - - [22/Oct/2022:11:21:36 -0700] "GET / HTTP/1.1" 500 - "-" "Mozilla/5.0 (Windows NT 10.0; Win64; x64) AppleWebKit/537.36 (KHTML, like Gecko) Chrome/105.0.0.0 Safari/537.36" "mantech8.com"
185.191.171.33 - - [22/Oct/2022:11:21:36 -0700] "GET /index.php/camp-fire/34501908.html HTTP/1.1" 500 - "-" "Mozilla/5.0 (compatible; SemrushBot/7~bl; +http://www.semrush.com/bot.html)" "mantech8.com"
185.191.171.41 - - [22/Oct/2022:11:22:25 -0700] "GET /index.php/camp-fire/32511626.html HTTP/1.1" 500 - "-" "Mozilla/5.0 (compatible; SemrushBot/7~bl; +http://www.semrush.com/bot.html)" "mantech8.com"
185.191.171.22 - - [22/Oct/2022:11:22:27 -0700] "GET /index.php/camp-fire/15484883.html HTTP/1.1" 500 - "-" "Mozilla/5.0 (compatible; SemrushBot/7~bl; +http://www.semrush.com/bot.html)" "mantech8.com"
207.46.13.184 - - [22/Oct/2022:11:22:35 -0700] "GET /bimages/hydrog/IDN%20S4.jpg HTTP/1.1" 200 162587 "-" "Mozilla/5.0 (compatible; bingbot/2.0; +http://www.bing.com/bingbot.htm)" "www.mantech8.com"
185.191.171.42 - - [22/Oct/2022:11:22:55 -0700] "GET /index.php/camp-fire/62014903.html HTTP/1.1" 500 - "-" "Mozilla/5.0 (compatible; SemrushBot/7~bl; +http://www.semrush.com/bot.html)" "mantech8.com"
185.191.171.3 - - [22/Oct/2022:11:23:18 -0700] "GET /index.php/camp-fire/38125203.html HTTP/1.1" 500 - "-" "Mozilla/5.0 (compatible; SemrushBot/7~bl; +http://www.semrush.com/bot.html)" "mantech8.com"
20.14.147.179 - - [22/Oct/2022:11:24:57 -0700] "GET / HTTP/1.1" 500 - "-" "Mozilla/5.0 (Windows NT 10.0; Win64; x64) AppleWebKit/537.36 (KHTML, like Gecko) Chrome/105.0.0.0 Safari/537.36" "mantech8.com"
185.191.171.21 - - [22/Oct/2022:11:25:15 -0700] "GET /index.php/camp-fire/41067088.html HTTP/1.1" 500 - "-" "Mozilla/5.0 (compatible; SemrushBot/7~bl; +http://www.semrush.com/bot.html)" "mantech8.com"
185.191.171.45 - - [22/Oct/2022:11:25:54 -0700] "GET /index.php/camp-fire/25966480.html HTTP/1.1" 500 - "-" "Mozilla/5.0 (compatible; SemrushBot/7~bl; +http://www.semrush.com/bot.html)" "mantech8.com"
185.191.171.16 - - [22/Oct/2022:11:26:50 -0700] "GET /index.php/camp-fire/29734563.html HTTP/1.1" 500 - "-" "Mozilla/5.0 (compatible; SemrushBot/7~bl; +http://www.semrush.com/bot.html)" "mantech8.com"
185.191.171.14 - - [22/Oct/2022:11:27:44 -0700] "GET /index.php/camp-fire/27343597.html HTTP/1.1" 500 - "-" "Mozilla/5.0 (compatible; SemrushBot/7~bl; +http://www.semrush.com/bot.html)" "mantech8.com"
185.191.171.34 - - [22/Oct/2022:11:27:47 -0700] "GET /index.php/camp-fire/50830050.html HTTP/1.1" 500 - "-" "Mozilla/5.0 (compatible; SemrushBot/7~bl; +http://www.semrush.com/bot.html)" "mantech8.com"
185.191.171.22 - - [22/Oct/2022:11:28:00 -0700] "GET /index.php/camp-fire/51114617.html HTTP/1.1" 500 - "-" "Mozilla/5.0 (compatible; SemrushBot/7~bl; +http://www.semrush.com/bot.html)" "mantech8.com"
20.14.150.229 - - [22/Oct/2022:11:28:05 -0700] "GET / HTTP/1.1" 500 - "-" "Mozilla/5.0 (Windows NT 10.0; Win64; x64) AppleWebKit/537.36 (KHTML, like Gecko) Chrome/105.0.0.0 Safari/537.36" "www.mantech8.com"
185.191.171.9 - - [22/Oct/2022:11:28:07 -0700] "GET /index.php/camp-fire/47653850.html HTTP/1.1" 500 - "-" "Mozilla/5.0 (compatible; SemrushBot/7~bl; +http://www.semrush.com/bot.html)" "mantech8.com"
185.191.171.5 - - [22/Oct/2022:11:28:32 -0700] "GET /index.php/camp-fire/27881759.html HTTP/1.1" 500 - "-" "Mozilla/5.0 (compatible; SemrushBot/7~bl; +http://www.semrush.com/bot.html)" "mantech8.com"
185.191.171.19 - - [22/Oct/2022:11:29:40 -0700] "GET /index.php/camp-fire/2397493.html HTTP/1.1" 500 - "-" "Mozilla/5.0 (compatible; SemrushBot/7~bl; +http://www.semrush.com/bot.html)" "mantech8.com"
185.191.171.45 - - [22/Oct/2022:11:30:31 -0700] "GET /index.php/camp-fire/28829964.html HTTP/1.1" 500 - "-" "Mozilla/5.0 (compatible; SemrushBot/7~bl; +http://www.semrush.com/bot.html)" "mantech8.com"
114.119.133.190 - - [22/Oct/2022:11:30:46 -0700] "GET /?unpower.xml HTTP/1.1" 200 270432 "-" "Mozilla/5.0 (compatible;PetalBot;+https://webmaster.petalsearch.com/site/petalbot)" "mantech8.com"
185.191.171.11 - - [22/Oct/2022:11:30:50 -0700] "GET /index.php/camp-fire/4145098.html HTTP/1.1" 500 - "-" "Mozilla/5.0 (compatible; SemrushBot/7~bl; +http://www.semrush.com/bot.html)" "mantech8.com"
20.242.3.61 - - [22/Oct/2022:11:30:53 -0700] "GET / HTTP/1.1" 500 - "-" "Mozilla/5.0 (Windows NT 10.0; Win64; x64) AppleWebKit/537.36 (KHTML, like Gecko) Chrome/105.0.0.0 Safari/537.36" "www.mantech8.com"
185.191.171.6 - - [22/Oct/2022:11:31:54 -0700] "GET /index.php/camp-fire/38341459.html HTTP/1.1" 500 - "-" "Mozilla/5.0 (compatible; SemrushBot/7~bl; +http://www.semrush.com/bot.html)" "mantech8.com"
185.191.171.10 - - [22/Oct/2022:11:32:16 -0700] "GET /index.php/camp-fire/27711371.html HTTP/1.1" 500 - "-" "Mozilla/5.0 (compatible; SemrushBot/7~bl; +http://www.semrush.com/bot.html)" "mantech8.com"
185.191.171.42 - - [22/Oct/2022:11:33:58 -0700] "GET /index.php/camp-fire/60104676.html HTTP/1.1" 500 - "-" "Mozilla/5.0 (compatible; SemrushBot/7~bl; +http://www.semrush.com/bot.html)" "mantech8.com"
185.191.171.39 - - [22/Oct/2022:11:34:13 -0700] "GET /index.php/camp-fire/8628200.html HTTP/1.1" 500 - "-" "Mozilla/5.0 (compatible; SemrushBot/7~bl; +http://www.semrush.com/bot.html)" "mantech8.com"
185.191.171.23 - - [22/Oct/2022:11:34:38 -0700] "GET /index.php/camp-fire/33707008.html HTTP/1.1" 500 - "-" "Mozilla/5.0 (compatible; SemrushBot/7~bl; +http://www.semrush.com/bot.html)" "mantech8.com"
185.191.171.44 - - [22/Oct/2022:11:34:39 -0700] "GET /index.php/camp-fire/32023530.html HTTP/1.1" 500 - "-" "Mozilla/5.0 (compatible; SemrushBot/7~bl; +http://www.semrush.com/bot.html)" "mantech8.com"
185.191.171.6 - - [22/Oct/2022:11:34:45 -0700] "GET /index.php/camp-fire/41446341.html HTTP/1.1" 500 - "-" "Mozilla/5.0 (compatible; SemrushBot/7~bl; +http://www.semrush.com/bot.html)" "mantech8.com"
185.191.171.17 - - [22/Oct/2022:11:35:00 -0700] "GET /index.php/camp-fire/9333696.html HTTP/1.1" 500 - "-" "Mozilla/5.0 (compatible; SemrushBot/7~bl; +http://www.semrush.com/bot.html)" "mantech8.com"
185.191.171.23 - - [22/Oct/2022:11:35:01 -0700] "GET /index.php/camp-fire/43199938.html HTTP/1.1" 500 - "-" "Mozilla/5.0 (compatible; SemrushBot/7~bl; +http://www.semrush.com/bot.html)" "mantech8.com"
185.191.171.17 - - [22/Oct/2022:11:35:08 -0700] "GET /index.php/camp-fire/25834565.html HTTP/1.1" 500 - "-" "Mozilla/5.0 (compatible; SemrushBot/7~bl; +http://www.semrush.com/bot.html)" "mantech8.com"
185.191.171.40 - - [22/Oct/2022:11:35:42 -0700] "GET /index.php/camp-fire/17044756.html HTTP/1.1" 500 - "-" "Mozilla/5.0 (compatible; SemrushBot/7~bl; +http://www.semrush.com/bot.html)" "mantech8.com"
185.191.171.2 - - [22/Oct/2022:11:35:46 -0700] "GET /index.php/camp-fire/27647309.html HTTP/1.1" 500 - "-" "Mozilla/5.0 (compatible; SemrushBot/7~bl; +http://www.semrush.com/bot.html)" "mantech8.com"
207.46.13.205 - - [22/Oct/2022:11:36:04 -0700] "GET /about.php HTTP/1.1" 404 88 "-" "Mozilla/5.0 AppleWebKit/537.36 (KHTML, like Gecko; compatible; bingbot/2.0; +http://www.bing.com/bingbot.htm) Chrome/103.0.5060.134 Safari/537.36" "www.mantech8.com"
185.191.171.17 - - [22/Oct/2022:11:36:24 -0700] "GET /index.php/camp-fire/4522265.html HTTP/1.1" 500 - "-" "Mozilla/5.0 (compatible; SemrushBot/7~bl; +http://www.semrush.com/bot.html)" "mantech8.com"
185.191.171.23 - - [22/Oct/2022:11:37:30 -0700] "GET /index.php/camp-fire/38423035.html HTTP/1.1" 500 - "-" "Mozilla/5.0 (compatible; SemrushBot/7~bl; +http://www.semrush.com/bot.html)" "mantech8.com"
40.77.167.66 - - [22/Oct/2022:11:38:58 -0700] "GET /images/flag-23-gif.gif HTTP/1.1" 200 20141 "-" "Mozilla/5.0 AppleWebKit/537.36 (KHTML, like Gecko; compatible; bingbot/2.0; +http://www.bing.com/bingbot.htm) Chrome/103.0.5060.134 Safari/537.36" "www.mantech8.com"
185.191.171.17 - - [22/Oct/2022:11:39:10 -0700] "GET /index.php/camp-fire/39087792.html HTTP/1.1" 500 - "-" "Mozilla/5.0 (compatible; SemrushBot/7~bl; +http://www.semrush.com/bot.html)" "mantech8.com"
185.191.171.40 - - [22/Oct/2022:11:39:30 -0700] "GET /index.php/camp-fire/478969.html HTTP/1.1" 500 - "-" "Mozilla/5.0 (compatible; SemrushBot/7~bl; +http://www.semrush.com/bot.html)" "mantech8.com"
66.249.66.64 - - [22/Oct/2022:11:39:48 -0700] "GET /sitemap51.xml HTTP/1.1" 404 88 "-" "Mozilla/5.0 (compatible; Googlebot/2.1; +http://www.google.com/bot.html)" "mantech8.com"
185.191.171.24 - - [22/Oct/2022:11:40:12 -0700] "GET /index.php/camp-fire/41306530.html HTTP/1.1" 500 - "-" "Mozilla/5.0 (compatible; SemrushBot/7~bl; +http://www.semrush.com/bot.html)" "mantech8.com"
185.191.171.44 - - [22/Oct/2022:11:40:13 -0700] "GET /index.php/camp-fire/37560850.html HTTP/1.1" 500 - "-" "Mozilla/5.0 (compatible; SemrushBot/7~bl; +http://www.semrush.com/bot.html)" "mantech8.com"
185.191.171.14 - - [22/Oct/2022:11:40:52 -0700] "GET /index.php/camp-fire/41488871.html HTTP/1.1" 500 - "-" "Mozilla/5.0 (compatible; SemrushBot/7~bl; +http://www.semrush.com/bot.html)" "mantech8.com"
185.191.171.8 - - [22/Oct/2022:11:41:02 -0700] "GET /index.php/camp-fire/41524771.html HTTP/1.1" 500 - "-" "Mozilla/5.0 (compatible; SemrushBot/7~bl; +http://www.semrush.com/bot.html)" "mantech8.com"
185.191.171.16 - - [22/Oct/2022:11:41:38 -0700] "GET /index.php/camp-fire/30421559.html HTTP/1.1" 500 - "-" "Mozilla/5.0 (compatible; SemrushBot/7~bl; +http://www.semrush.com/bot.html)" "mantech8.com"
40.77.167.58 - - [22/Oct/2022:11:41:45 -0700] "GET /bimages/cleang/thump/c5.jpg HTTP/1.1" 200 144000 "-" "Mozilla/5.0 (compatible; bingbot/2.0; +http://www.bing.com/bingbot.htm)" "www.mantech8.com"
185.191.171.33 - - [22/Oct/2022:11:41:50 -0700] "GET /index.php/camp-fire/22548217.html HTTP/1.1" 500 - "-" "Mozilla/5.0 (compatible; SemrushBot/7~bl; +http://www.semrush.com/bot.html)" "mantech8.com"
185.191.171.23 - - [22/Oct/2022:11:42:27 -0700] "GET /index.php/camp-fire/36061782.html HTTP/1.1" 500 - "-" "Mozilla/5.0 (compatible; SemrushBot/7~bl; +http://www.semrush.com/bot.html)" "mantech8.com"
185.191.171.24 - - [22/Oct/2022:11:43:34 -0700] "GET /index.php/camp-fire/35012608.html HTTP/1.1" 500 - "-" "Mozilla/5.0 (compatible; SemrushBot/7~bl; +http://www.semrush.com/bot.html)" "mantech8.com"
185.191.171.5 - - [22/Oct/2022:11:44:20 -0700] "GET /index.php/camp-fire/28515981.html HTTP/1.1" 500 - "-" "Mozilla/5.0 (compatible; SemrushBot/7~bl; +http://www.semrush.com/bot.html)" "mantech8.com"
185.191.171.4 - - [22/Oct/2022:11:44:30 -0700] "GET /index.php/camp-fire/40148688.html HTTP/1.1" 500 - "-" "Mozilla/5.0 (compatible; SemrushBot/7~bl; +http://www.semrush.com/bot.html)" "mantech8.com"
185.191.171.4 - - [22/Oct/2022:11:44:41 -0700] "GET /index.php/camp-fire/39080835.html HTTP/1.1" 500 - "-" "Mozilla/5.0 (compatible; SemrushBot/7~bl; +http://www.semrush.com/bot.html)" "mantech8.com"
185.191.171.21 - - [22/Oct/2022:11:45:51 -0700] "GET /index.php/camp-fire/40336750.html HTTP/1.1" 500 - "-" "Mozilla/5.0 (compatible; SemrushBot/7~bl; +http://www.semrush.com/bot.html)" "mantech8.com"
185.191.171.8 - - [22/Oct/2022:11:46:12 -0700] "GET /index.php/camp-fire/1384953.html HTTP/1.1" 500 - "-" "Mozilla/5.0 (compatible; SemrushBot/7~bl; +http://www.semrush.com/bot.html)" "mantech8.com"
4.224.23.178 - - [22/Oct/2022:11:47:35 -0700] "GET /wp-admin/css/ HTTP/1.1" 404 88 "binance.com" "Mozilla/5.0 (Windows NT 10.0; Win64; x64) AppleWebKit/537.36 (KHTML, like Gecko) Chrome/90.0.4430.85 Safari/537.36" "mantech8.com"
185.191.171.33 - - [22/Oct/2022:11:47:35 -0700] "GET /index.php/camp-fire/67325803.html HTTP/1.1" 500 - "-" "Mozilla/5.0 (compatible; SemrushBot/7~bl; +http://www.semrush.com/bot.html)" "mantech8.com"
4.224.23.178 - - [22/Oct/2022:11:47:39 -0700] "GET /sites/default/files/ HTTP/1.1" 404 88 "binance.com" "Mozilla/5.0 (Windows NT 10.0; Win64; x64) AppleWebKit/537.36 (KHTML, like Gecko) Chrome/90.0.4430.85 Safari/537.36" "mantech8.com"
114.119.133.165 - - [22/Oct/2022:11:47:39 -0700] "GET /index.php/unpower.xml HTTP/1.1" 200 289357 "-" "Mozilla/5.0 (compatible;PetalBot;+https://webmaster.petalsearch.com/site/petalbot)" "mantech8.com"
185.191.171.20 - - [22/Oct/2022:11:47:59 -0700] "GET /index.php/camp-fire/27319397.html HTTP/1.1" 500 - "-" "Mozilla/5.0 (compatible; SemrushBot/7~bl; +http://www.semrush.com/bot.html)" "mantech8.com"
4.224.23.178 - - [22/Oct/2022:11:48:05 -0700] "GET /admin/controller/extension/extension/ HTTP/1.1" 404 88 "binance.com" "Mozilla/5.0 (Windows NT 10.0; Win64; x64) AppleWebKit/537.36 (KHTML, like Gecko) Chrome/90.0.4430.85 Safari/537.36" "mantech8.com"
4.224.23.178 - - [22/Oct/2022:11:48:16 -0700] "GET /uploads/ HTTP/1.1" 404 88 "binance.com" "Mozilla/5.0 (Windows NT 10.0; Win64; x64) AppleWebKit/537.36 (KHTML, like Gecko) Chrome/90.0.4430.85 Safari/537.36" "mantech8.com"
4.224.23.178 - - [22/Oct/2022:11:48:21 -0700] "GET /images/ HTTP/1.1" 200 6505 "binance.com" "Mozilla/5.0 (Windows NT 10.0; Win64; x64) AppleWebKit/537.36 (KHTML, like Gecko) Chrome/90.0.4430.85 Safari/537.36" "mantech8.com"
4.224.23.178 - - [22/Oct/2022:11:48:29 -0700] "GET /images/ HTTP/1.1" 200 6505 "binance.com" "Mozilla/5.0 (Windows NT 10.0; Win64; x64) AppleWebKit/537.36 (KHTML, like Gecko) Chrome/90.0.4430.85 Safari/537.36" "mantech8.com"
4.224.23.178 - - [22/Oct/2022:11:48:43 -0700] "GET /images/db_table_exists.lib.php HTTP/1.1" 200 32 "binance.com" "Mozilla/5.0 (Windows NT 10.0; Win64; x64) AppleWebKit/537.36 (KHTML, like Gecko) Chrome/90.0.4430.85 Safari/537.36" "mantech8.com"
4.224.23.178 - - [22/Oct/2022:11:48:49 -0700] "GET /files/ HTTP/1.1" 404 88 "binance.com" "Mozilla/5.0 (Windows NT 10.0; Win64; x64) AppleWebKit/537.36 (KHTML, like Gecko) Chrome/90.0.4430.85 Safari/537.36" "mantech8.com"
185.191.171.22 - - [22/Oct/2022:11:49:01 -0700] "GET /index.php/camp-fire/42081449.html HTTP/1.1" 500 - "-" "Mozilla/5.0 (compatible; SemrushBot/7~bl; +http://www.semrush.com/bot.html)" "mantech8.com"
185.191.171.41 - - [22/Oct/2022:11:49:55 -0700] "GET /index.php/camp-fire/24253650.html HTTP/1.1" 500 - "-" "Mozilla/5.0 (compatible; SemrushBot/7~bl; +http://www.semrush.com/bot.html)" "mantech8.com"
185.191.171.6 - - [22/Oct/2022:11:50:15 -0700] "GET /index.php/camp-fire/27885259.html HTTP/1.1" 500 - "-" "Mozilla/5.0 (compatible; SemrushBot/7~bl; +http://www.semrush.com/bot.html)" "mantech8.com"
185.191.171.17 - - [22/Oct/2022:11:50:21 -0700] "GET /index.php/camp-fire/52976026.html HTTP/1.1" 500 - "-" "Mozilla/5.0 (compatible; SemrushBot/7~bl; +http://www.semrush.com/bot.html)" "mantech8.com"
185.191.171.19 - - [22/Oct/2022:11:50:22 -0700] "GET /index.php/camp-fire/4766555.html HTTP/1.1" 500 - "-" "Mozilla/5.0 (compatible; SemrushBot/7~bl; +http://www.semrush.com/bot.html)" "mantech8.com"
