185.191.171.36 - - [22/Oct/2022:05:18:10 -0700] "GET /index.php/camp-fire/25515677.html HTTP/1.1" 500 - "-" "Mozilla/5.0 (compatible; SemrushBot/7~bl; +http://www.semrush.com/bot.html)" "mantech8.com"
185.191.171.11 - - [22/Oct/2022:05:18:12 -0700] "GET /index.php/camp-fire/35647550.html HTTP/1.1" 500 - "-" "Mozilla/5.0 (compatible; SemrushBot/7~bl; +http://www.semrush.com/bot.html)" "mantech8.com"
185.191.171.3 - - [22/Oct/2022:05:18:22 -0700] "GET /index.php/camp-fire/14872957.html HTTP/1.1" 500 - "-" "Mozilla/5.0 (compatible; SemrushBot/7~bl; +http://www.semrush.com/bot.html)" "mantech8.com"
185.191.171.8 - - [22/Oct/2022:05:18:54 -0700] "GET /index.php/camp-fire/20201309.html HTTP/1.1" 500 - "-" "Mozilla/5.0 (compatible; SemrushBot/7~bl; +http://www.semrush.com/bot.html)" "mantech8.com"
185.191.171.17 - - [22/Oct/2022:05:19:12 -0700] "GET /index.php/camp-fire/24516730.html HTTP/1.1" 500 - "-" "Mozilla/5.0 (compatible; SemrushBot/7~bl; +http://www.semrush.com/bot.html)" "mantech8.com"
185.191.171.15 - - [22/Oct/2022:05:20:50 -0700] "GET /index.php/camp-fire/37462960.html HTTP/1.1" 500 - "-" "Mozilla/5.0 (compatible; SemrushBot/7~bl; +http://www.semrush.com/bot.html)" "mantech8.com"
207.46.13.184 - - [22/Oct/2022:05:21:03 -0700] "GET /bimages/gallery/thump/pb3.jpg HTTP/1.1" 200 547443 "-" "Mozilla/5.0 AppleWebKit/537.36 (KHTML, like Gecko; compatible; bingbot/2.0; +http://www.bing.com/bingbot.htm) Chrome/103.0.5060.134 Safari/537.36" "mantech8.com"
185.191.171.37 - - [22/Oct/2022:05:21:17 -0700] "GET /index.php/camp-fire/43611330.html HTTP/1.1" 500 - "-" "Mozilla/5.0 (compatible; SemrushBot/7~bl; +http://www.semrush.com/bot.html)" "mantech8.com"
185.191.171.6 - - [22/Oct/2022:05:21:30 -0700] "GET /index.php/camp-fire/28505350.html HTTP/1.1" 500 - "-" "Mozilla/5.0 (compatible; SemrushBot/7~bl; +http://www.semrush.com/bot.html)" "mantech8.com"
185.191.171.9 - - [22/Oct/2022:05:21:51 -0700] "GET /index.php/camp-fire/48485750.html HTTP/1.1" 500 - "-" "Mozilla/5.0 (compatible; SemrushBot/7~bl; +http://www.semrush.com/bot.html)" "mantech8.com"
185.191.171.4 - - [22/Oct/2022:05:21:59 -0700] "GET /index.php/camp-fire/37035078.html HTTP/1.1" 500 - "-" "Mozilla/5.0 (compatible; SemrushBot/7~bl; +http://www.semrush.com/bot.html)" "mantech8.com"
185.191.171.15 - - [22/Oct/2022:05:22:39 -0700] "GET /index.php/camp-fire/41017993.html HTTP/1.1" 500 - "-" "Mozilla/5.0 (compatible; SemrushBot/7~bl; +http://www.semrush.com/bot.html)" "mantech8.com"
185.191.171.20 - - [22/Oct/2022:05:23:01 -0700] "GET /index.php/camp-fire/22498735.html HTTP/1.1" 500 - "-" "Mozilla/5.0 (compatible; SemrushBot/7~bl; +http://www.semrush.com/bot.html)" "mantech8.com"
185.191.171.33 - - [22/Oct/2022:05:23:38 -0700] "GET /index.php/camp-fire/31904530.html HTTP/1.1" 500 - "-" "Mozilla/5.0 (compatible; SemrushBot/7~bl; +http://www.semrush.com/bot.html)" "mantech8.com"
185.191.171.24 - - [22/Oct/2022:05:26:05 -0700] "GET /index.php/camp-fire/43165049.html HTTP/1.1" 500 - "-" "Mozilla/5.0 (compatible; SemrushBot/7~bl; +http://www.semrush.com/bot.html)" "mantech8.com"
185.191.171.43 - - [22/Oct/2022:05:26:16 -0700] "GET /index.php/camp-fire/26795621.html HTTP/1.1" 500 - "-" "Mozilla/5.0 (compatible; SemrushBot/7~bl; +http://www.semrush.com/bot.html)" "mantech8.com"
185.191.171.16 - - [22/Oct/2022:05:26:26 -0700] "GET /index.php/camp-fire/22327017.html HTTP/1.1" 500 - "-" "Mozilla/5.0 (compatible; SemrushBot/7~bl; +http://www.semrush.com/bot.html)" "mantech8.com"
185.191.171.42 - - [22/Oct/2022:05:27:09 -0700] "GET /index.php/camp-fire/29023397.html HTTP/1.1" 500 - "-" "Mozilla/5.0 (compatible; SemrushBot/7~bl; +http://www.semrush.com/bot.html)" "mantech8.com"
185.191.171.9 - - [22/Oct/2022:05:27:37 -0700] "GET /index.php/camp-fire/38923417.html HTTP/1.1" 500 - "-" "Mozilla/5.0 (compatible; SemrushBot/7~bl; +http://www.semrush.com/bot.html)" "mantech8.com"
185.191.171.25 - - [22/Oct/2022:05:28:30 -0700] "GET /index.php/camp-fire/31272766.html HTTP/1.1" 500 - "-" "Mozilla/5.0 (compatible; SemrushBot/7~bl; +http://www.semrush.com/bot.html)" "mantech8.com"
185.191.171.43 - - [22/Oct/2022:05:28:54 -0700] "GET /index.php/camp-fire/46598759.html HTTP/1.1" 500 - "-" "Mozilla/5.0 (compatible; SemrushBot/7~bl; +http://www.semrush.com/bot.html)" "mantech8.com"
185.191.171.9 - - [22/Oct/2022:05:28:55 -0700] "GET /index.php/camp-fire/31127855.html HTTP/1.1" 500 - "-" "Mozilla/5.0 (compatible; SemrushBot/7~bl; +http://www.semrush.com/bot.html)" "mantech8.com"
185.191.171.38 - - [22/Oct/2022:05:29:34 -0700] "GET /index.php/camp-fire/7874542.html HTTP/1.1" 500 - "-" "Mozilla/5.0 (compatible; SemrushBot/7~bl; +http://www.semrush.com/bot.html)" "mantech8.com"
185.191.171.3 - - [22/Oct/2022:05:29:54 -0700] "GET /index.php/camp-fire/45211338.html HTTP/1.1" 500 - "-" "Mozilla/5.0 (compatible; SemrushBot/7~bl; +http://www.semrush.com/bot.html)" "mantech8.com"
185.191.171.12 - - [22/Oct/2022:05:30:13 -0700] "GET /index.php/camp-fire/24543530.html HTTP/1.1" 500 - "-" "Mozilla/5.0 (compatible; SemrushBot/7~bl; +http://www.semrush.com/bot.html)" "mantech8.com"
185.191.171.12 - - [22/Oct/2022:05:31:26 -0700] "GET /index.php/camp-fire/44441038.html HTTP/1.1" 500 - "-" "Mozilla/5.0 (compatible; SemrushBot/7~bl; +http://www.semrush.com/bot.html)" "mantech8.com"
185.191.171.20 - - [22/Oct/2022:05:31:47 -0700] "GET /index.php/camp-fire/42127149.html HTTP/1.1" 500 - "-" "Mozilla/5.0 (compatible; SemrushBot/7~bl; +http://www.semrush.com/bot.html)" "mantech8.com"
185.191.171.5 - - [22/Oct/2022:05:32:23 -0700] "GET /index.php/camp-fire/32512860.html HTTP/1.1" 500 - "-" "Mozilla/5.0 (compatible; SemrushBot/7~bl; +http://www.semrush.com/bot.html)" "mantech8.com"
185.191.171.42 - - [22/Oct/2022:05:32:42 -0700] "GET /index.php/camp-fire/35411584.html HTTP/1.1" 500 - "-" "Mozilla/5.0 (compatible; SemrushBot/7~bl; +http://www.semrush.com/bot.html)" "mantech8.com"
185.191.171.4 - - [22/Oct/2022:05:33:25 -0700] "GET /index.php/camp-fire/38389878.html HTTP/1.1" 500 - "-" "Mozilla/5.0 (compatible; SemrushBot/7~bl; +http://www.semrush.com/bot.html)" "mantech8.com"
185.191.171.13 - - [22/Oct/2022:05:34:32 -0700] "GET /index.php/camp-fire/33105916.html HTTP/1.1" 500 - "-" "Mozilla/5.0 (compatible; SemrushBot/7~bl; +http://www.semrush.com/bot.html)" "mantech8.com"
185.191.171.11 - - [22/Oct/2022:05:34:49 -0700] "GET /index.php/camp-fire/8422100.html HTTP/1.1" 500 - "-" "Mozilla/5.0 (compatible; SemrushBot/7~bl; +http://www.semrush.com/bot.html)" "mantech8.com"
185.191.171.3 - - [22/Oct/2022:05:37:27 -0700] "GET /index.php/camp-fire/31917309.html HTTP/1.1" 500 - "-" "Mozilla/5.0 (compatible; SemrushBot/7~bl; +http://www.semrush.com/bot.html)" "mantech8.com"
185.191.171.37 - - [22/Oct/2022:05:37:30 -0700] "GET /index.php/camp-fire/26755047.html HTTP/1.1" 500 - "-" "Mozilla/5.0 (compatible; SemrushBot/7~bl; +http://www.semrush.com/bot.html)" "mantech8.com"
185.191.171.24 - - [22/Oct/2022:05:37:47 -0700] "GET /index.php/camp-fire/27698026.html HTTP/1.1" 500 - "-" "Mozilla/5.0 (compatible; SemrushBot/7~bl; +http://www.semrush.com/bot.html)" "mantech8.com"
185.191.171.12 - - [22/Oct/2022:05:37:55 -0700] "GET /index.php/camp-fire/33651559.html HTTP/1.1" 500 - "-" "Mozilla/5.0 (compatible; SemrushBot/7~bl; +http://www.semrush.com/bot.html)" "mantech8.com"
185.191.171.22 - - [22/Oct/2022:05:37:56 -0700] "GET /index.php/camp-fire/31358147.html HTTP/1.1" 500 - "-" "Mozilla/5.0 (compatible; SemrushBot/7~bl; +http://www.semrush.com/bot.html)" "mantech8.com"
185.191.171.36 - - [22/Oct/2022:05:38:12 -0700] "GET /index.php/camp-fire/26333382.html HTTP/1.1" 500 - "-" "Mozilla/5.0 (compatible; SemrushBot/7~bl; +http://www.semrush.com/bot.html)" "mantech8.com"
185.35.67.212 - - [22/Oct/2022:05:39:01 -0700] "GET /about.html HTTP/1.1" 404 73 "-" "aragna.net_bot" "mantech8.com"
185.191.171.44 - - [22/Oct/2022:05:39:03 -0700] "GET /index.php/camp-fire/28686321.html HTTP/1.1" 500 - "-" "Mozilla/5.0 (compatible; SemrushBot/7~bl; +http://www.semrush.com/bot.html)" "mantech8.com"
185.191.171.40 - - [22/Oct/2022:05:39:08 -0700] "GET /index.php/camp-fire/38100872.html HTTP/1.1" 500 - "-" "Mozilla/5.0 (compatible; SemrushBot/7~bl; +http://www.semrush.com/bot.html)" "mantech8.com"
185.191.171.34 - - [22/Oct/2022:05:40:25 -0700] "GET /index.php/camp-fire/41915803.html HTTP/1.1" 500 - "-" "Mozilla/5.0 (compatible; SemrushBot/7~bl; +http://www.semrush.com/bot.html)" "mantech8.com"
185.191.171.3 - - [22/Oct/2022:05:41:01 -0700] "GET /index.php/camp-fire/30639555.html HTTP/1.1" 500 - "-" "Mozilla/5.0 (compatible; SemrushBot/7~bl; +http://www.semrush.com/bot.html)" "mantech8.com"
77.75.77.119 - - [22/Oct/2022:05:41:01 -0700] "GET /scaffoldinggal.php HTTP/1.1" 200 22289 "-" "Mozilla/5.0 (compatible; SeznamBot/4.0-RC1; +http://napoveda.seznam.cz/seznambot-intro/)" "www.mantech8.com"
185.191.171.34 - - [22/Oct/2022:05:42:06 -0700] "GET /index.php/camp-fire/7820978.html HTTP/1.1" 500 - "-" "Mozilla/5.0 (compatible; SemrushBot/7~bl; +http://www.semrush.com/bot.html)" "mantech8.com"
216.244.66.241 - - [22/Oct/2022:05:44:00 -0700] "GET /robots.txt HTTP/1.1" 200 222 "-" "Mozilla/5.0 (compatible; DotBot/1.2; +https://opensiteexplorer.org/dotbot; help@moz.com)" "mantech8.com"
216.244.66.241 - - [22/Oct/2022:05:44:00 -0700] "GET /robots.txt HTTP/1.1" 200 222 "-" "Mozilla/5.0 (compatible; DotBot/1.2; +https://opensiteexplorer.org/dotbot; help@moz.com)" "www.mantech8.com"
185.191.171.40 - - [22/Oct/2022:05:44:51 -0700] "GET /index.php/camp-fire/28618189.html HTTP/1.1" 500 - "-" "Mozilla/5.0 (compatible; SemrushBot/7~bl; +http://www.semrush.com/bot.html)" "mantech8.com"
185.191.171.17 - - [22/Oct/2022:05:44:56 -0700] "GET /index.php/camp-fire/35257138.html HTTP/1.1" 500 - "-" "Mozilla/5.0 (compatible; SemrushBot/7~bl; +http://www.semrush.com/bot.html)" "mantech8.com"
185.191.171.37 - - [22/Oct/2022:05:44:57 -0700] "GET /index.php/camp-fire/32510726.html HTTP/1.1" 500 - "-" "Mozilla/5.0 (compatible; SemrushBot/7~bl; +http://www.semrush.com/bot.html)" "mantech8.com"
185.191.171.1 - - [22/Oct/2022:05:45:26 -0700] "GET /index.php/camp-fire/47391002.html HTTP/1.1" 500 - "-" "Mozilla/5.0 (compatible; SemrushBot/7~bl; +http://www.semrush.com/bot.html)" "mantech8.com"
185.191.171.43 - - [22/Oct/2022:05:45:27 -0700] "GET /index.php/camp-fire/33533272.html HTTP/1.1" 500 - "-" "Mozilla/5.0 (compatible; SemrushBot/7~bl; +http://www.semrush.com/bot.html)" "mantech8.com"
185.191.171.7 - - [22/Oct/2022:05:45:31 -0700] "GET /index.php/camp-fire/38146003.html HTTP/1.1" 500 - "-" "Mozilla/5.0 (compatible; SemrushBot/7~bl; +http://www.semrush.com/bot.html)" "mantech8.com"
185.191.171.43 - - [22/Oct/2022:05:45:33 -0700] "GET /index.php/camp-fire/41708802.html HTTP/1.1" 500 - "-" "Mozilla/5.0 (compatible; SemrushBot/7~bl; +http://www.semrush.com/bot.html)" "mantech8.com"
185.191.171.13 - - [22/Oct/2022:05:46:48 -0700] "GET /robots.txt HTTP/1.1" 200 106 "-" "Mozilla/5.0 (compatible; SemrushBot/7~bl; +http://www.semrush.com/bot.html)" "mantech8.com"
185.191.171.5 - - [22/Oct/2022:05:46:49 -0700] "GET /index.php/camp-fire/33603768.html HTTP/1.1" 500 - "-" "Mozilla/5.0 (compatible; SemrushBot/7~bl; +http://www.semrush.com/bot.html)" "mantech8.com"
185.191.171.41 - - [22/Oct/2022:05:47:25 -0700] "GET /index.php/camp-fire/45963117.html HTTP/1.1" 500 - "-" "Mozilla/5.0 (compatible; SemrushBot/7~bl; +http://www.semrush.com/bot.html)" "mantech8.com"
185.191.171.13 - - [22/Oct/2022:05:47:56 -0700] "GET /index.php/camp-fire/36371550.html HTTP/1.1" 500 - "-" "Mozilla/5.0 (compatible; SemrushBot/7~bl; +http://www.semrush.com/bot.html)" "mantech8.com"
207.46.13.76 - - [22/Oct/2022:05:48:23 -0700] "GET /bimages/gallery/thump/paint%20b5.jpg HTTP/1.1" 200 91524 "-" "Mozilla/5.0 (compatible; bingbot/2.0; +http://www.bing.com/bingbot.htm)" "mantech8.com"
207.46.13.76 - - [22/Oct/2022:05:48:24 -0700] "GET /bimages/gallery/thump/IDN%20B.jpg HTTP/1.1" 200 562003 "-" "Mozilla/5.0 AppleWebKit/537.36 (KHTML, like Gecko; compatible; bingbot/2.0; +http://www.bing.com/bingbot.htm) Chrome/103.0.5060.134 Safari/537.36" "mantech8.com"
185.191.171.33 - - [22/Oct/2022:05:48:25 -0700] "GET /index.php/camp-fire/2583729.html HTTP/1.1" 500 - "-" "Mozilla/5.0 (compatible; SemrushBot/7~bl; +http://www.semrush.com/bot.html)" "mantech8.com"
185.191.171.2 - - [22/Oct/2022:05:48:41 -0700] "GET /index.php/camp-fire/35020525.html HTTP/1.1" 500 - "-" "Mozilla/5.0 (compatible; SemrushBot/7~bl; +http://www.semrush.com/bot.html)" "mantech8.com"
185.191.171.10 - - [22/Oct/2022:05:50:32 -0700] "GET /index.php/camp-fire/36993464.html HTTP/1.1" 500 - "-" "Mozilla/5.0 (compatible; SemrushBot/7~bl; +http://www.semrush.com/bot.html)" "mantech8.com"
185.191.171.24 - - [22/Oct/2022:05:50:34 -0700] "GET /index.php/camp-fire/1537759.html HTTP/1.1" 500 - "-" "Mozilla/5.0 (compatible; SemrushBot/7~bl; +http://www.semrush.com/bot.html)" "mantech8.com"
185.191.171.33 - - [22/Oct/2022:05:51:14 -0700] "GET /index.php/camp-fire/40624050.html HTTP/1.1" 500 - "-" "Mozilla/5.0 (compatible; SemrushBot/7~bl; +http://www.semrush.com/bot.html)" "mantech8.com"
185.191.171.39 - - [22/Oct/2022:05:51:48 -0700] "GET /index.php/camp-fire/41758259.html HTTP/1.1" 500 - "-" "Mozilla/5.0 (compatible; SemrushBot/7~bl; +http://www.semrush.com/bot.html)" "mantech8.com"
185.191.171.39 - - [22/Oct/2022:05:51:58 -0700] "GET /index.php/camp-fire/15658251.html HTTP/1.1" 500 - "-" "Mozilla/5.0 (compatible; SemrushBot/7~bl; +http://www.semrush.com/bot.html)" "mantech8.com"
185.191.171.12 - - [22/Oct/2022:05:52:13 -0700] "GET /index.php/camp-fire/67594549.html HTTP/1.1" 500 - "-" "Mozilla/5.0 (compatible; SemrushBot/7~bl; +http://www.semrush.com/bot.html)" "mantech8.com"
185.191.171.26 - - [22/Oct/2022:05:52:17 -0700] "GET /index.php/camp-fire/31878830.html HTTP/1.1" 500 - "-" "Mozilla/5.0 (compatible; SemrushBot/7~bl; +http://www.semrush.com/bot.html)" "mantech8.com"
185.191.171.15 - - [22/Oct/2022:05:52:25 -0700] "GET /index.php/camp-fire/25058206.html HTTP/1.1" 500 - "-" "Mozilla/5.0 (compatible; SemrushBot/7~bl; +http://www.semrush.com/bot.html)" "mantech8.com"
185.191.171.13 - - [22/Oct/2022:05:53:00 -0700] "GET /index.php/camp-fire/3210878.html HTTP/1.1" 500 - "-" "Mozilla/5.0 (compatible; SemrushBot/7~bl; +http://www.semrush.com/bot.html)" "mantech8.com"
185.191.171.23 - - [22/Oct/2022:05:53:37 -0700] "GET /index.php/camp-fire/36678970.html HTTP/1.1" 500 - "-" "Mozilla/5.0 (compatible; SemrushBot/7~bl; +http://www.semrush.com/bot.html)" "mantech8.com"
185.191.171.33 - - [22/Oct/2022:05:53:54 -0700] "GET /index.php/camp-fire/41788503.html HTTP/1.1" 500 - "-" "Mozilla/5.0 (compatible; SemrushBot/7~bl; +http://www.semrush.com/bot.html)" "mantech8.com"
185.191.171.23 - - [22/Oct/2022:05:54:11 -0700] "GET /index.php/camp-fire/22873235.html HTTP/1.1" 500 - "-" "Mozilla/5.0 (compatible; SemrushBot/7~bl; +http://www.semrush.com/bot.html)" "mantech8.com"
114.119.133.182 - - [22/Oct/2022:05:54:22 -0700] "GET /?sitemap2886.xml HTTP/1.1" 200 270443 "-" "Mozilla/5.0 (Linux; Android 7.0;) AppleWebKit/537.36 (KHTML, like Gecko) Mobile Safari/537.36 (compatible; PetalBot;+https://webmaster.petalsearch.com/site/petalbot)" "mantech8.com"
185.191.171.38 - - [22/Oct/2022:05:54:47 -0700] "GET /index.php/camp-fire/45804550.html HTTP/1.1" 500 - "-" "Mozilla/5.0 (compatible; SemrushBot/7~bl; +http://www.semrush.com/bot.html)" "mantech8.com"
185.191.171.1 - - [22/Oct/2022:05:54:58 -0700] "GET /index.php/camp-fire/51536134.html HTTP/1.1" 500 - "-" "Mozilla/5.0 (compatible; SemrushBot/7~bl; +http://www.semrush.com/bot.html)" "mantech8.com"
185.191.171.34 - - [22/Oct/2022:05:56:44 -0700] "GET /index.php/camp-fire/4236065.html HTTP/1.1" 500 - "-" "Mozilla/5.0 (compatible; SemrushBot/7~bl; +http://www.semrush.com/bot.html)" "mantech8.com"
185.191.171.36 - - [22/Oct/2022:05:57:19 -0700] "GET /index.php/camp-fire/27083463.html HTTP/1.1" 500 - "-" "Mozilla/5.0 (compatible; SemrushBot/7~bl; +http://www.semrush.com/bot.html)" "mantech8.com"
185.191.171.45 - - [22/Oct/2022:05:57:38 -0700] "GET /index.php/camp-fire/15593546.html HTTP/1.1" 500 - "-" "Mozilla/5.0 (compatible; SemrushBot/7~bl; +http://www.semrush.com/bot.html)" "mantech8.com"
185.191.171.25 - - [22/Oct/2022:05:58:25 -0700] "GET /index.php/camp-fire/84060690.html HTTP/1.1" 500 - "-" "Mozilla/5.0 (compatible; SemrushBot/7~bl; +http://www.semrush.com/bot.html)" "mantech8.com"
185.191.171.19 - - [22/Oct/2022:05:58:29 -0700] "GET /index.php/camp-fire/23590806.html HTTP/1.1" 500 - "-" "Mozilla/5.0 (compatible; SemrushBot/7~bl; +http://www.semrush.com/bot.html)" "mantech8.com"
185.191.171.11 - - [22/Oct/2022:05:58:59 -0700] "GET /index.php/camp-fire/32621968.html HTTP/1.1" 500 - "-" "Mozilla/5.0 (compatible; SemrushBot/7~bl; +http://www.semrush.com/bot.html)" "mantech8.com"
185.191.171.25 - - [22/Oct/2022:05:59:06 -0700] "GET /index.php/camp-fire/6302685.html HTTP/1.1" 500 - "-" "Mozilla/5.0 (compatible; SemrushBot/7~bl; +http://www.semrush.com/bot.html)" "mantech8.com"
185.191.171.34 - - [22/Oct/2022:05:59:09 -0700] "GET /index.php/camp-fire/27874109.html HTTP/1.1" 500 - "-" "Mozilla/5.0 (compatible; SemrushBot/7~bl; +http://www.semrush.com/bot.html)" "mantech8.com"
114.119.133.190 - - [22/Oct/2022:05:59:46 -0700] "GET /bimages/paintg/?C=M%3BO%3DA HTTP/1.1" 200 497 "http://www.mantech8.com/bimages/paintg/" "Mozilla/5.0 (Linux; Android 7.0;) AppleWebKit/537.36 (KHTML, like Gecko) Mobile Safari/537.36 (compatible; PetalBot;+https://webmaster.petalsearch.com/site/petalbot)" "www.mantech8.com"
185.191.171.24 - - [22/Oct/2022:06:00:48 -0700] "GET /index.php/camp-fire/44461434.html HTTP/1.1" 500 - "-" "Mozilla/5.0 (compatible; SemrushBot/7~bl; +http://www.semrush.com/bot.html)" "mantech8.com"
185.191.171.17 - - [22/Oct/2022:06:00:50 -0700] "GET /index.php/camp-fire/3866774.html HTTP/1.1" 500 - "-" "Mozilla/5.0 (compatible; SemrushBot/7~bl; +http://www.semrush.com/bot.html)" "mantech8.com"
185.191.171.37 - - [22/Oct/2022:06:02:17 -0700] "GET /index.php/camp-fire/24067533.html HTTP/1.1" 500 - "-" "Mozilla/5.0 (compatible; SemrushBot/7~bl; +http://www.semrush.com/bot.html)" "mantech8.com"
185.191.171.9 - - [22/Oct/2022:06:02:18 -0700] "GET /index.php/camp-fire/35372447.html HTTP/1.1" 500 - "-" "Mozilla/5.0 (compatible; SemrushBot/7~bl; +http://www.semrush.com/bot.html)" "mantech8.com"
185.191.171.18 - - [22/Oct/2022:06:02:31 -0700] "GET /index.php/camp-fire/48450076.html HTTP/1.1" 500 - "-" "Mozilla/5.0 (compatible; SemrushBot/7~bl; +http://www.semrush.com/bot.html)" "mantech8.com"
185.191.171.40 - - [22/Oct/2022:06:02:48 -0700] "GET /index.php/camp-fire/32117235.html HTTP/1.1" 500 - "-" "Mozilla/5.0 (compatible; SemrushBot/7~bl; +http://www.semrush.com/bot.html)" "mantech8.com"
185.191.171.2 - - [22/Oct/2022:06:03:29 -0700] "GET /index.php/camp-fire/36745397.html HTTP/1.1" 500 - "-" "Mozilla/5.0 (compatible; SemrushBot/7~bl; +http://www.semrush.com/bot.html)" "mantech8.com"
207.46.13.205 - - [22/Oct/2022:06:03:29 -0700] "GET /sitemapnewindex.xml HTTP/1.1" 404 88 "-" "Mozilla/5.0 AppleWebKit/537.36 (KHTML, like Gecko; compatible; bingbot/2.0; +http://www.bing.com/bingbot.htm) Chrome/103.0.5060.134 Safari/537.36" "mantech8.com"
207.46.13.76 - - [22/Oct/2022:06:03:34 -0700] "GET /sitemapmobileindex.xml HTTP/1.1" 404 88 "-" "Mozilla/5.0 (compatible; bingbot/2.0; +http://www.bing.com/bingbot.htm)" "mantech8.com"
40.77.167.72 - - [22/Oct/2022:06:03:34 -0700] "GET /sitemapindeximages.xml HTTP/1.1" 404 88 "-" "Mozilla/5.0 AppleWebKit/537.36 (KHTML, like Gecko; compatible; bingbot/2.0; +http://www.bing.com/bingbot.htm) Chrome/103.0.5060.134 Safari/537.36" "mantech8.com"
40.77.167.72 - - [22/Oct/2022:06:03:34 -0700] "GET /sitemapindex.xml HTTP/1.1" 404 88 "-" "Mozilla/5.0 (compatible; bingbot/2.0; +http://www.bing.com/bingbot.htm)" "mantech8.com"
185.191.171.39 - - [22/Oct/2022:06:04:43 -0700] "GET /index.php/camp-fire/26811817.html HTTP/1.1" 500 - "-" "Mozilla/5.0 (compatible; SemrushBot/7~bl; +http://www.semrush.com/bot.html)" "mantech8.com"
185.191.171.44 - - [22/Oct/2022:06:05:04 -0700] "GET /index.php/camp-fire/26152932.html HTTP/1.1" 500 - "-" "Mozilla/5.0 (compatible; SemrushBot/7~bl; +http://www.semrush.com/bot.html)" "mantech8.com"
40.77.167.58 - - [22/Oct/2022:06:05:13 -0700] "GET /bimages/gallery/p6.jpg HTTP/1.1" 200 50871 "-" "Mozilla/5.0 (compatible; bingbot/2.0; +http://www.bing.com/bingbot.htm)" "mantech8.com"
114.119.133.190 - - [22/Oct/2022:06:05:14 -0700] "GET /bimages/certificate/thump/?C=S%3BO%3DA HTTP/1.1" 200 637 "http://www.mantech8.com/bimages/certificate/thump/?C=D%3BO%3DA" "Mozilla/5.0 (Linux; Android 7.0;) AppleWebKit/537.36 (KHTML, like Gecko) Mobile Safari/537.36 (compatible; PetalBot;+https://webmaster.petalsearch.com/site/petalbot)" "www.mantech8.com"
185.191.171.10 - - [22/Oct/2022:06:05:53 -0700] "GET /index.php/camp-fire/39910802.html HTTP/1.1" 500 - "-" "Mozilla/5.0 (compatible; SemrushBot/7~bl; +http://www.semrush.com/bot.html)" "mantech8.com"
185.191.171.2 - - [22/Oct/2022:06:05:55 -0700] "GET /index.php/camp-fire/29553217.html HTTP/1.1" 500 - "-" "Mozilla/5.0 (compatible; SemrushBot/7~bl; +http://www.semrush.com/bot.html)" "mantech8.com"
185.191.171.14 - - [22/Oct/2022:06:05:56 -0700] "GET /index.php/camp-fire/27964371.html HTTP/1.1" 500 - "-" "Mozilla/5.0 (compatible; SemrushBot/7~bl; +http://www.semrush.com/bot.html)" "mantech8.com"
185.191.171.18 - - [22/Oct/2022:06:06:21 -0700] "GET /index.php/camp-fire/27757782.html HTTP/1.1" 500 - "-" "Mozilla/5.0 (compatible; SemrushBot/7~bl; +http://www.semrush.com/bot.html)" "mantech8.com"
185.191.171.2 - - [22/Oct/2022:06:07:38 -0700] "GET /index.php/camp-fire/42955834.html HTTP/1.1" 500 - "-" "Mozilla/5.0 (compatible; SemrushBot/7~bl; +http://www.semrush.com/bot.html)" "mantech8.com"
40.77.167.58 - - [22/Oct/2022:06:07:55 -0700] "GET /camp-fire/49203905.html HTTP/1.1" 404 88 "-" "Mozilla/5.0 AppleWebKit/537.36 (KHTML, like Gecko; compatible; bingbot/2.0; +http://www.bing.com/bingbot.htm) Chrome/103.0.5060.134 Safari/537.36" "www.mantech8.com"
185.191.171.2 - - [22/Oct/2022:06:08:54 -0700] "GET /index.php/camp-fire/28267935.html HTTP/1.1" 500 - "-" "Mozilla/5.0 (compatible; SemrushBot/7~bl; +http://www.semrush.com/bot.html)" "mantech8.com"
185.191.171.6 - - [22/Oct/2022:06:09:29 -0700] "GET /index.php/camp-fire/41394271.html HTTP/1.1" 500 - "-" "Mozilla/5.0 (compatible; SemrushBot/7~bl; +http://www.semrush.com/bot.html)" "mantech8.com"
185.191.171.2 - - [22/Oct/2022:06:10:06 -0700] "GET /index.php/camp-fire/25676130.html HTTP/1.1" 500 - "-" "Mozilla/5.0 (compatible; SemrushBot/7~bl; +http://www.semrush.com/bot.html)" "mantech8.com"
185.191.171.26 - - [22/Oct/2022:06:10:22 -0700] "GET /index.php/camp-fire/30478241.html HTTP/1.1" 500 - "-" "Mozilla/5.0 (compatible; SemrushBot/7~bl; +http://www.semrush.com/bot.html)" "mantech8.com"
114.119.133.190 - - [22/Oct/2022:06:10:38 -0700] "GET /?interphalangeal.xml HTTP/1.1" 200 270592 "-" "Mozilla/5.0 (compatible;PetalBot;+https://webmaster.petalsearch.com/site/petalbot)" "mantech8.com"
185.191.171.25 - - [22/Oct/2022:06:10:42 -0700] "GET /index.php/camp-fire/32510233.html HTTP/1.1" 500 - "-" "Mozilla/5.0 (compatible; SemrushBot/7~bl; +http://www.semrush.com/bot.html)" "mantech8.com"
185.191.171.24 - - [22/Oct/2022:06:10:44 -0700] "GET /index.php/camp-fire/38926692.html HTTP/1.1" 500 - "-" "Mozilla/5.0 (compatible; SemrushBot/7~bl; +http://www.semrush.com/bot.html)" "mantech8.com"
185.191.171.21 - - [22/Oct/2022:06:12:10 -0700] "GET /index.php/camp-fire/29798185.html HTTP/1.1" 500 - "-" "Mozilla/5.0 (compatible; SemrushBot/7~bl; +http://www.semrush.com/bot.html)" "mantech8.com"
185.191.171.43 - - [22/Oct/2022:06:12:11 -0700] "GET /index.php/camp-fire/28660933.html HTTP/1.1" 500 - "-" "Mozilla/5.0 (compatible; SemrushBot/7~bl; +http://www.semrush.com/bot.html)" "mantech8.com"
185.191.171.17 - - [22/Oct/2022:06:12:21 -0700] "GET /index.php/camp-fire/27591263.html HTTP/1.1" 500 - "-" "Mozilla/5.0 (compatible; SemrushBot/7~bl; +http://www.semrush.com/bot.html)" "mantech8.com"
207.46.13.205 - - [22/Oct/2022:06:12:30 -0700] "GET /bimages/gallery/thump/IDN%20B1.jpg HTTP/1.1" 200 474369 "-" "Mozilla/5.0 AppleWebKit/537.36 (KHTML, like Gecko; compatible; bingbot/2.0; +http://www.bing.com/bingbot.htm) Chrome/103.0.5060.134 Safari/537.36" "mantech8.com"
185.191.171.12 - - [22/Oct/2022:06:12:53 -0700] "GET /index.php/camp-fire/39387225.html HTTP/1.1" 500 - "-" "Mozilla/5.0 (compatible; SemrushBot/7~bl; +http://www.semrush.com/bot.html)" "mantech8.com"
185.191.171.45 - - [22/Oct/2022:06:14:40 -0700] "GET /index.php/camp-fire/38119072.html HTTP/1.1" 500 - "-" "Mozilla/5.0 (compatible; SemrushBot/7~bl; +http://www.semrush.com/bot.html)" "mantech8.com"
185.191.171.6 - - [22/Oct/2022:06:14:53 -0700] "GET /index.php/camp-fire/39376864.html HTTP/1.1" 500 - "-" "Mozilla/5.0 (compatible; SemrushBot/7~bl; +http://www.semrush.com/bot.html)" "mantech8.com"
185.191.171.10 - - [22/Oct/2022:06:14:56 -0700] "GET /index.php/camp-fire/15200787.html HTTP/1.1" 500 - "-" "Mozilla/5.0 (compatible; SemrushBot/7~bl; +http://www.semrush.com/bot.html)" "mantech8.com"
185.191.171.3 - - [22/Oct/2022:06:15:12 -0700] "GET /index.php/camp-fire/33839808.html HTTP/1.1" 500 - "-" "Mozilla/5.0 (compatible; SemrushBot/7~bl; +http://www.semrush.com/bot.html)" "mantech8.com"
185.191.171.13 - - [22/Oct/2022:06:15:15 -0700] "GET /index.php/camp-fire/36223227.html HTTP/1.1" 500 - "-" "Mozilla/5.0 (compatible; SemrushBot/7~bl; +http://www.semrush.com/bot.html)" "mantech8.com"
114.119.133.166 - - [22/Oct/2022:06:15:59 -0700] "GET /bimages/gallery/wp-Annonymous.php HTTP/1.1" 200 881 "http://mantech8.com/bimages/gallery/?C=N%3BO%3DD" "Mozilla/5.0 (Linux; Android 7.0;) AppleWebKit/537.36 (KHTML, like Gecko) Mobile Safari/537.36 (compatible; PetalBot;+https://webmaster.petalsearch.com/site/petalbot)" "mantech8.com"
66.249.66.64 - - [22/Oct/2022:06:16:19 -0700] "GET /guangheng.xml HTTP/1.1" 404 88 "-" "Mozilla/5.0 (compatible; Googlebot/2.1; +http://www.google.com/bot.html)" "mantech8.com"
185.191.171.45 - - [22/Oct/2022:06:16:20 -0700] "GET /index.php/camp-fire/43837008.html HTTP/1.1" 500 - "-" "Mozilla/5.0 (compatible; SemrushBot/7~bl; +http://www.semrush.com/bot.html)" "mantech8.com"
185.191.171.12 - - [22/Oct/2022:06:16:41 -0700] "GET /index.php/camp-fire/25034306.html HTTP/1.1" 500 - "-" "Mozilla/5.0 (compatible; SemrushBot/7~bl; +http://www.semrush.com/bot.html)" "mantech8.com"
185.191.171.26 - - [22/Oct/2022:06:16:57 -0700] "GET /index.php/camp-fire/27353663.html HTTP/1.1" 500 - "-" "Mozilla/5.0 (compatible; SemrushBot/7~bl; +http://www.semrush.com/bot.html)" "mantech8.com"
185.191.171.4 - - [22/Oct/2022:06:17:09 -0700] "GET /index.php/camp-fire/476569.html HTTP/1.1" 500 - "-" "Mozilla/5.0 (compatible; SemrushBot/7~bl; +http://www.semrush.com/bot.html)" "mantech8.com"
185.191.171.14 - - [22/Oct/2022:06:17:37 -0700] "GET /index.php/camp-fire/36966821.html HTTP/1.1" 500 - "-" "Mozilla/5.0 (compatible; SemrushBot/7~bl; +http://www.semrush.com/bot.html)" "mantech8.com"
185.191.171.43 - - [22/Oct/2022:06:17:54 -0700] "GET /index.php/camp-fire/38949092.html HTTP/1.1" 500 - "-" "Mozilla/5.0 (compatible; SemrushBot/7~bl; +http://www.semrush.com/bot.html)" "mantech8.com"
185.191.171.19 - - [22/Oct/2022:06:18:44 -0700] "GET /index.php/camp-fire/24369950.html HTTP/1.1" 500 - "-" "Mozilla/5.0 (compatible; SemrushBot/7~bl; +http://www.semrush.com/bot.html)" "mantech8.com"
185.191.171.11 - - [22/Oct/2022:06:19:17 -0700] "GET /index.php/camp-fire/41385388.html HTTP/1.1" 500 - "-" "Mozilla/5.0 (compatible; SemrushBot/7~bl; +http://www.semrush.com/bot.html)" "mantech8.com"
185.191.171.33 - - [22/Oct/2022:06:19:37 -0700] "GET /index.php/camp-fire/38237203.html HTTP/1.1" 500 - "-" "Mozilla/5.0 (compatible; SemrushBot/7~bl; +http://www.semrush.com/bot.html)" "mantech8.com"
185.191.171.12 - - [22/Oct/2022:06:21:15 -0700] "GET /index.php/camp-fire/37759550.html HTTP/1.1" 500 - "-" "Mozilla/5.0 (compatible; SemrushBot/7~bl; +http://www.semrush.com/bot.html)" "mantech8.com"
114.119.133.165 - - [22/Oct/2022:06:21:26 -0700] "GET /bimages/cleang/?C=S%3BO%3DA HTTP/1.1" 200 505 "http://www.mantech8.com/bimages/cleang/?C=M%3BO%3DA" "Mozilla/5.0 (Linux; Android 7.0;) AppleWebKit/537.36 (KHTML, like Gecko) Mobile Safari/537.36 (compatible; PetalBot;+https://webmaster.petalsearch.com/site/petalbot)" "www.mantech8.com"
185.191.171.36 - - [22/Oct/2022:06:21:28 -0700] "GET /index.php/camp-fire/31901330.html HTTP/1.1" 500 - "-" "Mozilla/5.0 (compatible; SemrushBot/7~bl; +http://www.semrush.com/bot.html)" "mantech8.com"
185.191.171.42 - - [22/Oct/2022:06:21:52 -0700] "GET /index.php/camp-fire/24729350.html HTTP/1.1" 500 - "-" "Mozilla/5.0 (compatible; SemrushBot/7~bl; +http://www.semrush.com/bot.html)" "mantech8.com"
185.35.67.212 - - [22/Oct/2022:06:21:53 -0700] "GET /accourdions_tabs.html HTTP/1.1" 404 73 "-" "aragna.net_bot" "mantech8.com"
185.191.171.40 - - [22/Oct/2022:06:22:53 -0700] "GET /index.php/camp-fire/44045850.html HTTP/1.1" 500 - "-" "Mozilla/5.0 (compatible; SemrushBot/7~bl; +http://www.semrush.com/bot.html)" "mantech8.com"
185.191.171.41 - - [22/Oct/2022:06:23:29 -0700] "GET /index.php/camp-fire/27222082.html HTTP/1.1" 500 - "-" "Mozilla/5.0 (compatible; SemrushBot/7~bl; +http://www.semrush.com/bot.html)" "mantech8.com"
185.191.171.20 - - [22/Oct/2022:06:23:30 -0700] "GET /index.php/camp-fire/2639853.html HTTP/1.1" 500 - "-" "Mozilla/5.0 (compatible; SemrushBot/7~bl; +http://www.semrush.com/bot.html)" "mantech8.com"
185.191.171.9 - - [22/Oct/2022:06:23:35 -0700] "GET /index.php/camp-fire/30411671.html HTTP/1.1" 500 - "-" "Mozilla/5.0 (compatible; SemrushBot/7~bl; +http://www.semrush.com/bot.html)" "mantech8.com"
185.191.171.16 - - [22/Oct/2022:06:23:46 -0700] "GET /index.php/camp-fire/43067959.html HTTP/1.1" 500 - "-" "Mozilla/5.0 (compatible; SemrushBot/7~bl; +http://www.semrush.com/bot.html)" "mantech8.com"
185.191.171.15 - - [22/Oct/2022:06:25:01 -0700] "GET /index.php/camp-fire/35729465.html HTTP/1.1" 500 - "-" "Mozilla/5.0 (compatible; SemrushBot/7~bl; +http://www.semrush.com/bot.html)" "mantech8.com"
185.191.171.25 - - [22/Oct/2022:06:25:49 -0700] "GET /index.php/camp-fire/278898.html HTTP/1.1" 500 - "-" "Mozilla/5.0 (compatible; SemrushBot/7~bl; +http://www.semrush.com/bot.html)" "mantech8.com"
185.191.171.11 - - [22/Oct/2022:06:26:14 -0700] "GET /index.php/camp-fire/25966180.html HTTP/1.1" 500 - "-" "Mozilla/5.0 (compatible; SemrushBot/7~bl; +http://www.semrush.com/bot.html)" "mantech8.com"
185.191.171.42 - - [22/Oct/2022:06:26:43 -0700] "GET /index.php/camp-fire/36592750.html HTTP/1.1" 500 - "-" "Mozilla/5.0 (compatible; SemrushBot/7~bl; +http://www.semrush.com/bot.html)" "mantech8.com"
114.119.133.165 - - [22/Oct/2022:06:26:50 -0700] "GET /bimages/client/ HTTP/1.1" 200 706 "http://www.mantech8.com/bimages/?C=D%3BO%3DA" "Mozilla/5.0 (Linux; Android 7.0;) AppleWebKit/537.36 (KHTML, like Gecko) Mobile Safari/537.36 (compatible; PetalBot;+https://webmaster.petalsearch.com/site/petalbot)" "www.mantech8.com"
185.191.171.2 - - [22/Oct/2022:06:26:51 -0700] "GET /index.php/camp-fire/25532306.html HTTP/1.1" 500 - "-" "Mozilla/5.0 (compatible; SemrushBot/7~bl; +http://www.semrush.com/bot.html)" "mantech8.com"
185.191.171.9 - - [22/Oct/2022:06:26:58 -0700] "GET /index.php/camp-fire/29166326.html HTTP/1.1" 500 - "-" "Mozilla/5.0 (compatible; SemrushBot/7~bl; +http://www.semrush.com/bot.html)" "mantech8.com"
185.191.171.3 - - [22/Oct/2022:06:27:32 -0700] "GET /index.php/camp-fire/42935934.html HTTP/1.1" 500 - "-" "Mozilla/5.0 (compatible; SemrushBot/7~bl; +http://www.semrush.com/bot.html)" "mantech8.com"
185.191.171.22 - - [22/Oct/2022:06:28:51 -0700] "GET /index.php/camp-fire/32023130.html HTTP/1.1" 500 - "-" "Mozilla/5.0 (compatible; SemrushBot/7~bl; +http://www.semrush.com/bot.html)" "mantech8.com"
185.191.171.3 - - [22/Oct/2022:06:29:28 -0700] "GET /index.php/camp-fire/52212438.html HTTP/1.1" 500 - "-" "Mozilla/5.0 (compatible; SemrushBot/7~bl; +http://www.semrush.com/bot.html)" "mantech8.com"
185.191.171.13 - - [22/Oct/2022:06:29:39 -0700] "GET /index.php/camp-fire/46359917.html HTTP/1.1" 500 - "-" "Mozilla/5.0 (compatible; SemrushBot/7~bl; +http://www.semrush.com/bot.html)" "mantech8.com"
185.191.171.22 - - [22/Oct/2022:06:31:39 -0700] "GET /index.php/camp-fire/31444180.html HTTP/1.1" 500 - "-" "Mozilla/5.0 (compatible; SemrushBot/7~bl; +http://www.semrush.com/bot.html)" "mantech8.com"
185.191.171.45 - - [22/Oct/2022:06:31:46 -0700] "GET /index.php/camp-fire/22885835.html HTTP/1.1" 500 - "-" "Mozilla/5.0 (compatible; SemrushBot/7~bl; +http://www.semrush.com/bot.html)" "mantech8.com"
185.191.171.14 - - [22/Oct/2022:06:31:55 -0700] "GET /index.php/camp-fire/49975102.html HTTP/1.1" 500 - "-" "Mozilla/5.0 (compatible; SemrushBot/7~bl; +http://www.semrush.com/bot.html)" "mantech8.com"
114.119.133.165 - - [22/Oct/2022:06:32:15 -0700] "GET /bimages/elect/tsiloevzaj.php HTTP/1.1" 200 32 "http://mantech8.com/bimages/elect/?C=N%3BO%3DD" "Mozilla/5.0 (Linux; Android 7.0;) AppleWebKit/537.36 (KHTML, like Gecko) Mobile Safari/537.36 (compatible; PetalBot;+https://webmaster.petalsearch.com/site/petalbot)" "mantech8.com"
185.191.171.2 - - [22/Oct/2022:06:32:17 -0700] "GET /index.php/camp-fire/8550078.html HTTP/1.1" 500 - "-" "Mozilla/5.0 (compatible; SemrushBot/7~bl; +http://www.semrush.com/bot.html)" "mantech8.com"
185.191.171.21 - - [22/Oct/2022:06:32:20 -0700] "GET /index.php/camp-fire/26146906.html HTTP/1.1" 500 - "-" "Mozilla/5.0 (compatible; SemrushBot/7~bl; +http://www.semrush.com/bot.html)" "mantech8.com"
185.191.171.9 - - [22/Oct/2022:06:32:25 -0700] "GET /index.php/camp-fire/27604771.html HTTP/1.1" 500 - "-" "Mozilla/5.0 (compatible; SemrushBot/7~bl; +http://www.semrush.com/bot.html)" "mantech8.com"
185.191.171.17 - - [22/Oct/2022:06:32:53 -0700] "GET /index.php/camp-fire/42204850.html HTTP/1.1" 500 - "-" "Mozilla/5.0 (compatible; SemrushBot/7~bl; +http://www.semrush.com/bot.html)" "mantech8.com"
40.77.167.72 - - [22/Oct/2022:06:33:23 -0700] "GET /?/2019/10/19/%E3%82%A4%E3%83%B3%E3%83%95%E3%82%A9%E3%83%97%E3%83%AD%E3%81%8C%E8%A1%8C%E3%81%86%E6%A4%9C%E7%B4%A2%E8%AA%BF%E6%9F%BB%E6%89%8B%E9%A0%86%EF%BC%88%E3%81%9D%E3%81%AE3%EF%BD%9E%E3%81%BB%E3%81%97%E3%81%84/ HTTP/1.1" 200 58803 "-" "Mozilla/5.0 AppleWebKit/537.36 (KHTML, like Gecko; compatible; bingbot/2.0; +http://www.bing.com/bingbot.htm) Chrome/103.0.5060.134 Safari/537.36" "mantech8.com"
185.191.171.3 - - [22/Oct/2022:06:34:05 -0700] "GET /index.php/camp-fire/29798485.html HTTP/1.1" 500 - "-" "Mozilla/5.0 (compatible; SemrushBot/7~bl; +http://www.semrush.com/bot.html)" "mantech8.com"
185.191.171.22 - - [22/Oct/2022:06:34:16 -0700] "GET /index.php/camp-fire/33685308.html HTTP/1.1" 500 - "-" "Mozilla/5.0 (compatible; SemrushBot/7~bl; +http://www.semrush.com/bot.html)" "mantech8.com"
185.191.171.44 - - [22/Oct/2022:06:34:20 -0700] "GET /index.php/camp-fire/23621306.html HTTP/1.1" 500 - "-" "Mozilla/5.0 (compatible; SemrushBot/7~bl; +http://www.semrush.com/bot.html)" "mantech8.com"
185.191.171.26 - - [22/Oct/2022:06:34:39 -0700] "GET /index.php/camp-fire/40231588.html HTTP/1.1" 500 - "-" "Mozilla/5.0 (compatible; SemrushBot/7~bl; +http://www.semrush.com/bot.html)" "mantech8.com"
185.191.171.8 - - [22/Oct/2022:06:34:40 -0700] "GET /index.php/camp-fire/53781949.html HTTP/1.1" 500 - "-" "Mozilla/5.0 (compatible; SemrushBot/7~bl; +http://www.semrush.com/bot.html)" "mantech8.com"
185.191.171.16 - - [22/Oct/2022:06:35:37 -0700] "GET /index.php/camp-fire/24185006.html HTTP/1.1" 500 - "-" "Mozilla/5.0 (compatible; SemrushBot/7~bl; +http://www.semrush.com/bot.html)" "mantech8.com"
185.191.171.41 - - [22/Oct/2022:06:36:39 -0700] "GET /index.php/camp-fire/34652859.html HTTP/1.1" 500 - "-" "Mozilla/5.0 (compatible; SemrushBot/7~bl; +http://www.semrush.com/bot.html)" "mantech8.com"
185.191.171.23 - - [22/Oct/2022:06:36:46 -0700] "GET /index.php/camp-fire/47604802.html HTTP/1.1" 500 - "-" "Mozilla/5.0 (compatible; SemrushBot/7~bl; +http://www.semrush.com/bot.html)" "mantech8.com"
185.191.171.17 - - [22/Oct/2022:06:36:54 -0700] "GET /index.php/camp-fire/3054693.html HTTP/1.1" 500 - "-" "Mozilla/5.0 (compatible; SemrushBot/7~bl; +http://www.semrush.com/bot.html)" "mantech8.com"
185.191.171.11 - - [22/Oct/2022:06:37:18 -0700] "GET /index.php/camp-fire/7281680.html HTTP/1.1" 500 - "-" "Mozilla/5.0 (compatible; SemrushBot/7~bl; +http://www.semrush.com/bot.html)" "mantech8.com"
185.191.171.23 - - [22/Oct/2022:06:37:30 -0700] "GET /index.php/camp-fire/30503189.html HTTP/1.1" 500 - "-" "Mozilla/5.0 (compatible; SemrushBot/7~bl; +http://www.semrush.com/bot.html)" "mantech8.com"
185.191.171.23 - - [22/Oct/2022:06:37:37 -0700] "GET /index.php/camp-fire/38096072.html HTTP/1.1" 500 - "-" "Mozilla/5.0 (compatible; SemrushBot/7~bl; +http://www.semrush.com/bot.html)" "mantech8.com"
114.119.133.166 - - [22/Oct/2022:06:37:39 -0700] "GET /index.php/angse.xml HTTP/1.1" 200 289427 "-" "Mozilla/5.0 (Linux; Android 7.0;) AppleWebKit/537.36 (KHTML, like Gecko) Mobile Safari/537.36 (compatible; PetalBot;+https://webmaster.petalsearch.com/site/petalbot)" "mantech8.com"
185.191.171.11 - - [22/Oct/2022:06:37:45 -0700] "GET /robots.txt HTTP/1.1" 200 106 "-" "Mozilla/5.0 (compatible; SemrushBot/7~bl; +http://www.semrush.com/bot.html)" "mantech8.com"
185.191.171.37 - - [22/Oct/2022:06:37:45 -0700] "GET /index.php/camp-fire/92903932.html HTTP/1.1" 500 - "-" "Mozilla/5.0 (compatible; SemrushBot/7~bl; +http://www.semrush.com/bot.html)" "mantech8.com"
185.191.171.8 - - [22/Oct/2022:06:38:51 -0700] "GET /index.php/camp-fire/22023117.html HTTP/1.1" 500 - "-" "Mozilla/5.0 (compatible; SemrushBot/7~bl; +http://www.semrush.com/bot.html)" "mantech8.com"
216.244.66.241 - - [22/Oct/2022:06:39:09 -0700] "GET /robots.txt HTTP/1.1" 200 222 "-" "Mozilla/5.0 (compatible; DotBot/1.2; +https://opensiteexplorer.org/dotbot; help@moz.com)" "mantech8.com"
216.244.66.241 - - [22/Oct/2022:06:39:09 -0700] "GET /robots.txt HTTP/1.1" 200 222 "-" "Mozilla/5.0 (compatible; DotBot/1.2; +https://opensiteexplorer.org/dotbot; help@moz.com)" "www.mantech8.com"
185.191.171.41 - - [22/Oct/2022:06:40:07 -0700] "GET /index.php/camp-fire/25874230.html HTTP/1.1" 500 - "-" "Mozilla/5.0 (compatible; SemrushBot/7~bl; +http://www.semrush.com/bot.html)" "mantech8.com"
185.191.171.35 - - [22/Oct/2022:06:41:09 -0700] "GET /index.php/camp-fire/27368770.html HTTP/1.1" 500 - "-" "Mozilla/5.0 (compatible; SemrushBot/7~bl; +http://www.semrush.com/bot.html)" "mantech8.com"
185.191.171.44 - - [22/Oct/2022:06:41:10 -0700] "GET /index.php/camp-fire/40567688.html HTTP/1.1" 500 - "-" "Mozilla/5.0 (compatible; SemrushBot/7~bl; +http://www.semrush.com/bot.html)" "mantech8.com"
185.191.171.4 - - [22/Oct/2022:06:41:18 -0700] "GET /index.php/camp-fire/8033821.html HTTP/1.1" 500 - "-" "Mozilla/5.0 (compatible; SemrushBot/7~bl; +http://www.semrush.com/bot.html)" "mantech8.com"
185.191.171.12 - - [22/Oct/2022:06:41:28 -0700] "GET /index.php/camp-fire/46709303.html HTTP/1.1" 500 - "-" "Mozilla/5.0 (compatible; SemrushBot/7~bl; +http://www.semrush.com/bot.html)" "mantech8.com"
185.191.171.33 - - [22/Oct/2022:06:41:50 -0700] "GET /index.php/camp-fire/25531081.html HTTP/1.1" 500 - "-" "Mozilla/5.0 (compatible; SemrushBot/7~bl; +http://www.semrush.com/bot.html)" "mantech8.com"
185.191.171.3 - - [22/Oct/2022:06:41:53 -0700] "GET /index.php/camp-fire/38100572.html HTTP/1.1" 500 - "-" "Mozilla/5.0 (compatible; SemrushBot/7~bl; +http://www.semrush.com/bot.html)" "mantech8.com"
114.119.133.166 - - [22/Oct/2022:06:43:03 -0700] "GET /bimages/dimage/ HTTP/1.1" 200 419 "http://www.mantech8.com/bimages/?C=D%3BO%3DA" "Mozilla/5.0 (Linux; Android 7.0;) AppleWebKit/537.36 (KHTML, like Gecko) Mobile Safari/537.36 (compatible; PetalBot;+https://webmaster.petalsearch.com/site/petalbot)" "www.mantech8.com"
66.249.66.64 - - [22/Oct/2022:06:43:17 -0700] "GET /ads.txt HTTP/1.1" 404 88 "-" "Mozilla/5.0 (compatible; Googlebot/2.1; +http://www.google.com/bot.html)" "mantech8.com"
185.191.171.5 - - [22/Oct/2022:06:43:19 -0700] "GET /index.php/camp-fire/22651298.html HTTP/1.1" 500 - "-" "Mozilla/5.0 (compatible; SemrushBot/7~bl; +http://www.semrush.com/bot.html)" "mantech8.com"
185.191.171.24 - - [22/Oct/2022:06:43:29 -0700] "GET /index.php/camp-fire/9701683.html HTTP/1.1" 500 - "-" "Mozilla/5.0 (compatible; SemrushBot/7~bl; +http://www.semrush.com/bot.html)" "mantech8.com"
185.191.171.3 - - [22/Oct/2022:06:43:30 -0700] "GET /index.php/camp-fire/2732553.html HTTP/1.1" 500 - "-" "Mozilla/5.0 (compatible; SemrushBot/7~bl; +http://www.semrush.com/bot.html)" "mantech8.com"
185.191.171.26 - - [22/Oct/2022:06:44:13 -0700] "GET /index.php/camp-fire/41333130.html HTTP/1.1" 500 - "-" "Mozilla/5.0 (compatible; SemrushBot/7~bl; +http://www.semrush.com/bot.html)" "mantech8.com"
185.191.171.40 - - [22/Oct/2022:06:44:14 -0700] "GET /index.php/camp-fire/27865526.html HTTP/1.1" 500 - "-" "Mozilla/5.0 (compatible; SemrushBot/7~bl; +http://www.semrush.com/bot.html)" "mantech8.com"
185.191.171.11 - - [22/Oct/2022:06:45:42 -0700] "GET /index.php/camp-fire/35535816.html HTTP/1.1" 500 - "-" "Mozilla/5.0 (compatible; SemrushBot/7~bl; +http://www.semrush.com/bot.html)" "mantech8.com"
185.191.171.35 - - [22/Oct/2022:06:45:44 -0700] "GET /index.php/camp-fire/7928277.html HTTP/1.1" 500 - "-" "Mozilla/5.0 (compatible; SemrushBot/7~bl; +http://www.semrush.com/bot.html)" "mantech8.com"
185.191.171.13 - - [22/Oct/2022:06:45:54 -0700] "GET /index.php/camp-fire/44949776.html HTTP/1.1" 500 - "-" "Mozilla/5.0 (compatible; SemrushBot/7~bl; +http://www.semrush.com/bot.html)" "mantech8.com"
185.191.171.14 - - [22/Oct/2022:06:47:20 -0700] "GET /index.php/camp-fire/27833221.html HTTP/1.1" 500 - "-" "Mozilla/5.0 (compatible; SemrushBot/7~bl; +http://www.semrush.com/bot.html)" "mantech8.com"
185.191.171.11 - - [22/Oct/2022:06:48:13 -0700] "GET /index.php/camp-fire/54434366.html HTTP/1.1" 500 - "-" "Mozilla/5.0 (compatible; SemrushBot/7~bl; +http://www.semrush.com/bot.html)" "mantech8.com"
114.119.133.182 - - [22/Oct/2022:06:48:26 -0700] "GET /?nobeliums.xml HTTP/1.1" 200 270410 "-" "Mozilla/5.0 (Linux; Android 7.0;) AppleWebKit/537.36 (KHTML, like Gecko) Mobile Safari/537.36 (compatible; PetalBot;+https://webmaster.petalsearch.com/site/petalbot)" "mantech8.com"
185.191.171.1 - - [22/Oct/2022:06:48:31 -0700] "GET /index.php/camp-fire/36536271.html HTTP/1.1" 500 - "-" "Mozilla/5.0 (compatible; SemrushBot/7~bl; +http://www.semrush.com/bot.html)" "mantech8.com"
185.191.171.4 - - [22/Oct/2022:06:49:19 -0700] "GET /index.php/camp-fire/28010859.html HTTP/1.1" 500 - "-" "Mozilla/5.0 (compatible; SemrushBot/7~bl; +http://www.semrush.com/bot.html)" "mantech8.com"
185.191.171.23 - - [22/Oct/2022:06:49:32 -0700] "GET /index.php/camp-fire/40333650.html HTTP/1.1" 500 - "-" "Mozilla/5.0 (compatible; SemrushBot/7~bl; +http://www.semrush.com/bot.html)" "mantech8.com"
185.191.171.19 - - [22/Oct/2022:06:49:45 -0700] "GET /index.php/camp-fire/59259735.html HTTP/1.1" 500 - "-" "Mozilla/5.0 (compatible; SemrushBot/7~bl; +http://www.semrush.com/bot.html)" "mantech8.com"
185.191.171.43 - - [22/Oct/2022:06:49:50 -0700] "GET /index.php/camp-fire/38298950.html HTTP/1.1" 500 - "-" "Mozilla/5.0 (compatible; SemrushBot/7~bl; +http://www.semrush.com/bot.html)" "mantech8.com"
185.191.171.40 - - [22/Oct/2022:06:50:23 -0700] "GET /index.php/camp-fire/25294556.html HTTP/1.1" 500 - "-" "Mozilla/5.0 (compatible; SemrushBot/7~bl; +http://www.semrush.com/bot.html)" "mantech8.com"
185.191.171.44 - - [22/Oct/2022:06:51:37 -0700] "GET /index.php/camp-fire/40073417.html HTTP/1.1" 500 - "-" "Mozilla/5.0 (compatible; SemrushBot/7~bl; +http://www.semrush.com/bot.html)" "mantech8.com"
185.191.171.8 - - [22/Oct/2022:06:51:38 -0700] "GET /index.php/camp-fire/7975798.html HTTP/1.1" 500 - "-" "Mozilla/5.0 (compatible; SemrushBot/7~bl; +http://www.semrush.com/bot.html)" "mantech8.com"
185.191.171.44 - - [22/Oct/2022:06:51:59 -0700] "GET /index.php/camp-fire/36279659.html HTTP/1.1" 500 - "-" "Mozilla/5.0 (compatible; SemrushBot/7~bl; +http://www.semrush.com/bot.html)" "mantech8.com"
94.41.12.176 - - [22/Oct/2022:06:54:04 -0700] "POST /mailer.php HTTP/1.1" 500 - "http://mantech8.com/contact.php" "Mozilla/5.0 (Windows NT 10.0; WOW64) AppleWebKit/537.36 (KHTML, like Gecko) Chrome/90.0.4430.72 Safari/537.36" "mantech8.com"
185.191.171.41 - - [22/Oct/2022:06:54:09 -0700] "GET /index.php/camp-fire/26720317.html HTTP/1.1" 500 - "-" "Mozilla/5.0 (compatible; SemrushBot/7~bl; +http://www.semrush.com/bot.html)" "mantech8.com"
185.191.171.21 - - [22/Oct/2022:06:54:43 -0700] "GET /index.php/camp-fire/30377782.html HTTP/1.1" 500 - "-" "Mozilla/5.0 (compatible; SemrushBot/7~bl; +http://www.semrush.com/bot.html)" "mantech8.com"
185.191.171.44 - - [22/Oct/2022:06:55:04 -0700] "GET /index.php/camp-fire/35241972.html HTTP/1.1" 500 - "-" "Mozilla/5.0 (compatible; SemrushBot/7~bl; +http://www.semrush.com/bot.html)" "mantech8.com"
185.191.171.40 - - [22/Oct/2022:06:55:50 -0700] "GET /index.php/camp-fire/23946833.html HTTP/1.1" 500 - "-" "Mozilla/5.0 (compatible; SemrushBot/7~bl; +http://www.semrush.com/bot.html)" "mantech8.com"
185.191.171.5 - - [22/Oct/2022:06:55:52 -0700] "GET /index.php/camp-fire/39478003.html HTTP/1.1" 500 - "-" "Mozilla/5.0 (compatible; SemrushBot/7~bl; +http://www.semrush.com/bot.html)" "mantech8.com"
185.191.171.33 - - [22/Oct/2022:06:55:58 -0700] "GET /index.php/camp-fire/36908138.html HTTP/1.1" 500 - "-" "Mozilla/5.0 (compatible; SemrushBot/7~bl; +http://www.semrush.com/bot.html)" "mantech8.com"
20.124.23.204 - - [22/Oct/2022:06:56:02 -0700] "GET / HTTP/1.1" 500 - "-" "Mozilla/5.0 (Windows NT 10.0; Win64; x64) AppleWebKit/537.36 (KHTML, like Gecko) Chrome/63.0.3239.132 Safari/537.36" "mantech8.com"
20.124.23.204 - - [22/Oct/2022:06:56:04 -0700] "GET /2018/wp-includes/wlwmanifest.xml HTTP/1.1" 404 73 "-" "Mozilla/5.0 (Windows NT 10.0; Win64; x64) AppleWebKit/537.36 (KHTML, like Gecko) Chrome/63.0.3239.132 Safari/537.36" "mantech8.com"
185.191.171.15 - - [22/Oct/2022:06:56:42 -0700] "GET /index.php/camp-fire/3698500.html HTTP/1.1" 500 - "-" "Mozilla/5.0 (compatible; SemrushBot/7~bl; +http://www.semrush.com/bot.html)" "mantech8.com"
185.191.171.22 - - [22/Oct/2022:06:57:01 -0700] "GET /index.php/camp-fire/4793355.html HTTP/1.1" 500 - "-" "Mozilla/5.0 (compatible; SemrushBot/7~bl; +http://www.semrush.com/bot.html)" "mantech8.com"
185.191.171.8 - - [22/Oct/2022:06:57:33 -0700] "GET /index.php/camp-fire/8271672.html HTTP/1.1" 500 - "-" "Mozilla/5.0 (compatible; SemrushBot/7~bl; +http://www.semrush.com/bot.html)" "mantech8.com"
114.119.133.166 - - [22/Oct/2022:06:59:14 -0700] "GET /bimages/hgallery/?C=N%3BO%3DD HTTP/1.1" 200 499 "http://mantech8.com/bimages/hgallery/?C=D%3BO%3DA" "Mozilla/5.0 (Linux; Android 7.0;) AppleWebKit/537.36 (KHTML, like Gecko) Mobile Safari/537.36 (compatible; PetalBot;+https://webmaster.petalsearch.com/site/petalbot)" "mantech8.com"
185.191.171.16 - - [22/Oct/2022:06:59:24 -0700] "GET /index.php/camp-fire/44137035.html HTTP/1.1" 500 - "-" "Mozilla/5.0 (compatible; SemrushBot/7~bl; +http://www.semrush.com/bot.html)" "mantech8.com"
185.191.171.44 - - [22/Oct/2022:06:59:39 -0700] "GET /index.php/camp-fire/15469677.html HTTP/1.1" 500 - "-" "Mozilla/5.0 (compatible; SemrushBot/7~bl; +http://www.semrush.com/bot.html)" "mantech8.com"
185.191.171.33 - - [22/Oct/2022:06:59:42 -0700] "GET /index.php/camp-fire/38159516.html HTTP/1.1" 500 - "-" "Mozilla/5.0 (compatible; SemrushBot/7~bl; +http://www.semrush.com/bot.html)" "mantech8.com"
52.226.210.206 - - [22/Oct/2022:06:59:58 -0700] "GET /robots.txt HTTP/1.1" 200 106 "-" "python-requests/2.27.1" "mantech8.com"
185.191.171.1 - - [22/Oct/2022:06:59:59 -0700] "GET /index.php/camp-fire/42283803.html HTTP/1.1" 500 - "-" "Mozilla/5.0 (compatible; SemrushBot/7~bl; +http://www.semrush.com/bot.html)" "mantech8.com"
52.226.210.206 - - [22/Oct/2022:07:00:02 -0700] "GET /bimages/SliderImage/new%20banner2.jpg HTTP/1.1" 200 158716 "-" "Mozilla/5.0 (Windows NT 10.0; Win64; x64) AppleWebKit/537.36 (KHTML, like Gecko) Chrome/76.0.3809.100 Safari/537.36" "mantech8.com"
185.191.171.8 - - [22/Oct/2022:07:00:21 -0700] "GET /index.php/camp-fire/3169078.html HTTP/1.1" 500 - "-" "Mozilla/5.0 (compatible; SemrushBot/7~bl; +http://www.semrush.com/bot.html)" "mantech8.com"
185.191.171.34 - - [22/Oct/2022:07:00:40 -0700] "GET /index.php/camp-fire/28397871.html HTTP/1.1" 500 - "-" "Mozilla/5.0 (compatible; SemrushBot/7~bl; +http://www.semrush.com/bot.html)" "mantech8.com"
185.191.171.33 - - [22/Oct/2022:07:00:43 -0700] "GET /index.php/camp-fire/42073449.html HTTP/1.1" 500 - "-" "Mozilla/5.0 (compatible; SemrushBot/7~bl; +http://www.semrush.com/bot.html)" "mantech8.com"
185.191.171.11 - - [22/Oct/2022:07:01:49 -0700] "GET /index.php/camp-fire/43595025.html HTTP/1.1" 500 - "-" "Mozilla/5.0 (compatible; SemrushBot/7~bl; +http://www.semrush.com/bot.html)" "mantech8.com"
185.191.171.20 - - [22/Oct/2022:07:02:32 -0700] "GET /index.php/camp-fire/90569726.html HTTP/1.1" 500 - "-" "Mozilla/5.0 (compatible; SemrushBot/7~bl; +http://www.semrush.com/bot.html)" "mantech8.com"
185.191.171.16 - - [22/Oct/2022:07:04:03 -0700] "GET /index.php/camp-fire/42952434.html HTTP/1.1" 500 - "-" "Mozilla/5.0 (compatible; SemrushBot/7~bl; +http://www.semrush.com/bot.html)" "mantech8.com"
185.191.171.12 - - [22/Oct/2022:07:04:04 -0700] "GET /index.php/camp-fire/38921817.html HTTP/1.1" 500 - "-" "Mozilla/5.0 (compatible; SemrushBot/7~bl; +http://www.semrush.com/bot.html)" "mantech8.com"
40.77.167.58 - - [22/Oct/2022:07:04:20 -0700] "GET /camp-fire/12242728.html HTTP/1.1" 404 88 "-" "Mozilla/5.0 AppleWebKit/537.36 (KHTML, like Gecko; compatible; bingbot/2.0; +http://www.bing.com/bingbot.htm) Chrome/103.0.5060.134 Safari/537.36" "www.mantech8.com"
185.191.171.7 - - [22/Oct/2022:07:04:40 -0700] "GET /index.php/camp-fire/7396780.html HTTP/1.1" 500 - "-" "Mozilla/5.0 (compatible; SemrushBot/7~bl; +http://www.semrush.com/bot.html)" "mantech8.com"
