185.191.171.23 - - [21/Oct/2022:22:29:39 -0700] "GET /index.php/camp-fire/50574306.html HTTP/1.1" 500 - "-" "Mozilla/5.0 (compatible; SemrushBot/7~bl; +http://www.semrush.com/bot.html)" "mantech8.com"
185.191.171.24 - - [21/Oct/2022:22:30:15 -0700] "GET /index.php/camp-fire/31900730.html HTTP/1.1" 500 - "-" "Mozilla/5.0 (compatible; SemrushBot/7~bl; +http://www.semrush.com/bot.html)" "mantech8.com"
185.191.171.43 - - [21/Oct/2022:22:30:22 -0700] "GET /index.php/camp-fire/33812408.html HTTP/1.1" 500 - "-" "Mozilla/5.0 (compatible; SemrushBot/7~bl; +http://www.semrush.com/bot.html)" "mantech8.com"
185.191.171.13 - - [21/Oct/2022:22:30:36 -0700] "GET /index.php/camp-fire/28636171.html HTTP/1.1" 500 - "-" "Mozilla/5.0 (compatible; SemrushBot/7~bl; +http://www.semrush.com/bot.html)" "mantech8.com"
185.191.171.15 - - [21/Oct/2022:22:31:26 -0700] "GET /index.php/camp-fire/43254516.html HTTP/1.1" 500 - "-" "Mozilla/5.0 (compatible; SemrushBot/7~bl; +http://www.semrush.com/bot.html)" "mantech8.com"
185.191.171.25 - - [21/Oct/2022:22:31:31 -0700] "GET /index.php/camp-fire/53502571.html HTTP/1.1" 500 - "-" "Mozilla/5.0 (compatible; SemrushBot/7~bl; +http://www.semrush.com/bot.html)" "mantech8.com"
216.244.66.241 - - [21/Oct/2022:22:31:35 -0700] "GET /robots.txt HTTP/1.1" 200 222 "-" "Mozilla/5.0 (compatible; DotBot/1.2; +https://opensiteexplorer.org/dotbot; help@moz.com)" "www.mantech8.com"
216.244.66.241 - - [21/Oct/2022:22:31:35 -0700] "GET /robots.txt HTTP/1.1" 200 222 "-" "Mozilla/5.0 (compatible; DotBot/1.2; +https://opensiteexplorer.org/dotbot; help@moz.com)" "mantech8.com"
185.191.171.9 - - [21/Oct/2022:22:31:44 -0700] "GET /index.php/camp-fire/35345659.html HTTP/1.1" 500 - "-" "Mozilla/5.0 (compatible; SemrushBot/7~bl; +http://www.semrush.com/bot.html)" "mantech8.com"
185.191.171.11 - - [21/Oct/2022:22:31:52 -0700] "GET /index.php/camp-fire/35049925.html HTTP/1.1" 500 - "-" "Mozilla/5.0 (compatible; SemrushBot/7~bl; +http://www.semrush.com/bot.html)" "mantech8.com"
185.191.171.41 - - [21/Oct/2022:22:32:08 -0700] "GET /index.php/camp-fire/35535916.html HTTP/1.1" 500 - "-" "Mozilla/5.0 (compatible; SemrushBot/7~bl; +http://www.semrush.com/bot.html)" "mantech8.com"
185.191.171.7 - - [21/Oct/2022:22:33:03 -0700] "GET /index.php/camp-fire/32496368.html HTTP/1.1" 500 - "-" "Mozilla/5.0 (compatible; SemrushBot/7~bl; +http://www.semrush.com/bot.html)" "mantech8.com"
185.191.171.13 - - [21/Oct/2022:22:33:21 -0700] "GET /index.php/camp-fire/13365909.html HTTP/1.1" 500 - "-" "Mozilla/5.0 (compatible; SemrushBot/7~bl; +http://www.semrush.com/bot.html)" "mantech8.com"
185.191.171.43 - - [21/Oct/2022:22:33:32 -0700] "GET /index.php/camp-fire/28860933.html HTTP/1.1" 500 - "-" "Mozilla/5.0 (compatible; SemrushBot/7~bl; +http://www.semrush.com/bot.html)" "mantech8.com"
77.75.79.119 - - [21/Oct/2022:22:34:51 -0700] "GET /gallery.php HTTP/1.1" 200 49088 "-" "Mozilla/5.0 (compatible; SeznamBot/4.0-RC1; +http://napoveda.seznam.cz/seznambot-intro/)" "www.mantech8.com"
185.191.171.8 - - [21/Oct/2022:22:35:28 -0700] "GET /index.php/camp-fire/7648421.html HTTP/1.1" 500 - "-" "Mozilla/5.0 (compatible; SemrushBot/7~bl; +http://www.semrush.com/bot.html)" "mantech8.com"
185.191.171.34 - - [21/Oct/2022:22:35:47 -0700] "GET /index.php/camp-fire/3331800.html HTTP/1.1" 500 - "-" "Mozilla/5.0 (compatible; SemrushBot/7~bl; +http://www.semrush.com/bot.html)" "mantech8.com"
185.191.171.21 - - [21/Oct/2022:22:35:58 -0700] "GET /index.php/camp-fire/29691371.html HTTP/1.1" 500 - "-" "Mozilla/5.0 (compatible; SemrushBot/7~bl; +http://www.semrush.com/bot.html)" "mantech8.com"
185.191.171.2 - - [21/Oct/2022:22:37:50 -0700] "GET /index.php/camp-fire/49475033.html HTTP/1.1" 500 - "-" "Mozilla/5.0 (compatible; SemrushBot/7~bl; +http://www.semrush.com/bot.html)" "mantech8.com"
185.191.171.4 - - [21/Oct/2022:22:37:58 -0700] "GET /index.php/camp-fire/34278508.html HTTP/1.1" 500 - "-" "Mozilla/5.0 (compatible; SemrushBot/7~bl; +http://www.semrush.com/bot.html)" "mantech8.com"
185.191.171.5 - - [21/Oct/2022:22:39:30 -0700] "GET /index.php/camp-fire/23480298.html HTTP/1.1" 500 - "-" "Mozilla/5.0 (compatible; SemrushBot/7~bl; +http://www.semrush.com/bot.html)" "mantech8.com"
185.191.171.3 - - [21/Oct/2022:22:40:06 -0700] "GET /index.php/camp-fire/5401277.html HTTP/1.1" 500 - "-" "Mozilla/5.0 (compatible; SemrushBot/7~bl; +http://www.semrush.com/bot.html)" "mantech8.com"
185.191.171.17 - - [21/Oct/2022:22:40:12 -0700] "GET /index.php/camp-fire/28083271.html HTTP/1.1" 500 - "-" "Mozilla/5.0 (compatible; SemrushBot/7~bl; +http://www.semrush.com/bot.html)" "mantech8.com"
185.191.171.23 - - [21/Oct/2022:22:40:13 -0700] "GET /index.php/camp-fire/39534750.html HTTP/1.1" 500 - "-" "Mozilla/5.0 (compatible; SemrushBot/7~bl; +http://www.semrush.com/bot.html)" "mantech8.com"
185.191.171.40 - - [21/Oct/2022:22:40:16 -0700] "GET /index.php/camp-fire/28516064.html HTTP/1.1" 500 - "-" "Mozilla/5.0 (compatible; SemrushBot/7~bl; +http://www.semrush.com/bot.html)" "mantech8.com"
185.191.171.40 - - [21/Oct/2022:22:41:05 -0700] "GET /index.php/camp-fire/26045651.html HTTP/1.1" 500 - "-" "Mozilla/5.0 (compatible; SemrushBot/7~bl; +http://www.semrush.com/bot.html)" "mantech8.com"
185.191.171.1 - - [21/Oct/2022:22:41:11 -0700] "GET /index.php/camp-fire/4632598.html HTTP/1.1" 500 - "-" "Mozilla/5.0 (compatible; SemrushBot/7~bl; +http://www.semrush.com/bot.html)" "mantech8.com"
185.191.171.6 - - [21/Oct/2022:22:41:17 -0700] "GET /index.php/camp-fire/40029202.html HTTP/1.1" 500 - "-" "Mozilla/5.0 (compatible; SemrushBot/7~bl; +http://www.semrush.com/bot.html)" "mantech8.com"
185.191.171.35 - - [21/Oct/2022:22:42:02 -0700] "GET /index.php/camp-fire/48770278.html HTTP/1.1" 500 - "-" "Mozilla/5.0 (compatible; SemrushBot/7~bl; +http://www.semrush.com/bot.html)" "mantech8.com"
185.191.171.25 - - [21/Oct/2022:22:43:21 -0700] "GET /index.php/camp-fire/48484950.html HTTP/1.1" 500 - "-" "Mozilla/5.0 (compatible; SemrushBot/7~bl; +http://www.semrush.com/bot.html)" "mantech8.com"
185.191.171.6 - - [21/Oct/2022:22:43:40 -0700] "GET /index.php/camp-fire/32651471.html HTTP/1.1" 500 - "-" "Mozilla/5.0 (compatible; SemrushBot/7~bl; +http://www.semrush.com/bot.html)" "mantech8.com"
185.191.171.15 - - [21/Oct/2022:22:44:24 -0700] "GET /index.php/camp-fire/23931133.html HTTP/1.1" 500 - "-" "Mozilla/5.0 (compatible; SemrushBot/7~bl; +http://www.semrush.com/bot.html)" "mantech8.com"
185.191.171.20 - - [21/Oct/2022:22:44:39 -0700] "GET /index.php/camp-fire/43090208.html HTTP/1.1" 500 - "-" "Mozilla/5.0 (compatible; SemrushBot/7~bl; +http://www.semrush.com/bot.html)" "mantech8.com"
185.191.171.26 - - [21/Oct/2022:22:44:43 -0700] "GET /index.php/camp-fire/34198608.html HTTP/1.1" 500 - "-" "Mozilla/5.0 (compatible; SemrushBot/7~bl; +http://www.semrush.com/bot.html)" "mantech8.com"
185.191.171.41 - - [21/Oct/2022:22:45:34 -0700] "GET /index.php/camp-fire/37589460.html HTTP/1.1" 500 - "-" "Mozilla/5.0 (compatible; SemrushBot/7~bl; +http://www.semrush.com/bot.html)" "mantech8.com"
185.191.171.5 - - [21/Oct/2022:22:46:18 -0700] "GET /index.php/camp-fire/7358980.html HTTP/1.1" 500 - "-" "Mozilla/5.0 (compatible; SemrushBot/7~bl; +http://www.semrush.com/bot.html)" "mantech8.com"
185.191.171.23 - - [21/Oct/2022:22:47:32 -0700] "GET /index.php/camp-fire/27991659.html HTTP/1.1" 500 - "-" "Mozilla/5.0 (compatible; SemrushBot/7~bl; +http://www.semrush.com/bot.html)" "mantech8.com"
185.191.171.36 - - [21/Oct/2022:22:47:34 -0700] "GET /index.php/camp-fire/15172456.html HTTP/1.1" 500 - "-" "Mozilla/5.0 (compatible; SemrushBot/7~bl; +http://www.semrush.com/bot.html)" "mantech8.com"
185.191.171.43 - - [21/Oct/2022:22:47:35 -0700] "GET /index.php/camp-fire/15179284.html HTTP/1.1" 500 - "-" "Mozilla/5.0 (compatible; SemrushBot/7~bl; +http://www.semrush.com/bot.html)" "mantech8.com"
185.191.171.5 - - [21/Oct/2022:22:48:09 -0700] "GET /index.php/camp-fire/27259770.html HTTP/1.1" 500 - "-" "Mozilla/5.0 (compatible; SemrushBot/7~bl; +http://www.semrush.com/bot.html)" "mantech8.com"
77.75.79.31 - - [21/Oct/2022:22:48:11 -0700] "GET /sitemapindex.xml HTTP/1.1" 404 88 "-" "Mozilla/5.0 (compatible; SeznamBot/4.0-RC1; +http://napoveda.seznam.cz/seznambot-intro/)" "mantech8.com"
114.119.133.166 - - [21/Oct/2022:22:48:12 -0700] "GET /bimages/?C=M%3BO%3DA HTTP/1.1" 200 725 "http://www.mantech8.com/bimages/" "Mozilla/5.0 (Linux; Android 7.0;) AppleWebKit/537.36 (KHTML, like Gecko) Mobile Safari/537.36 (compatible; PetalBot;+https://webmaster.petalsearch.com/site/petalbot)" "www.mantech8.com"
185.191.171.34 - - [21/Oct/2022:22:48:38 -0700] "GET /index.php/camp-fire/40180688.html HTTP/1.1" 500 - "-" "Mozilla/5.0 (compatible; SemrushBot/7~bl; +http://www.semrush.com/bot.html)" "mantech8.com"
185.191.171.7 - - [21/Oct/2022:22:48:58 -0700] "GET /index.php/camp-fire/29530764.html HTTP/1.1" 500 - "-" "Mozilla/5.0 (compatible; SemrushBot/7~bl; +http://www.semrush.com/bot.html)" "mantech8.com"
185.191.171.39 - - [21/Oct/2022:22:49:30 -0700] "GET /index.php/camp-fire/42848234.html HTTP/1.1" 500 - "-" "Mozilla/5.0 (compatible; SemrushBot/7~bl; +http://www.semrush.com/bot.html)" "mantech8.com"
185.191.171.19 - - [21/Oct/2022:22:51:13 -0700] "GET /index.php/camp-fire/51395634.html HTTP/1.1" 500 - "-" "Mozilla/5.0 (compatible; SemrushBot/7~bl; +http://www.semrush.com/bot.html)" "mantech8.com"
185.191.171.12 - - [21/Oct/2022:22:51:23 -0700] "GET /index.php/camp-fire/27279170.html HTTP/1.1" 500 - "-" "Mozilla/5.0 (compatible; SemrushBot/7~bl; +http://www.semrush.com/bot.html)" "mantech8.com"
185.191.171.44 - - [21/Oct/2022:22:51:25 -0700] "GET /index.php/camp-fire/3090978.html HTTP/1.1" 500 - "-" "Mozilla/5.0 (compatible; SemrushBot/7~bl; +http://www.semrush.com/bot.html)" "mantech8.com"
185.191.171.43 - - [21/Oct/2022:22:51:33 -0700] "GET /index.php/camp-fire/26070906.html HTTP/1.1" 500 - "-" "Mozilla/5.0 (compatible; SemrushBot/7~bl; +http://www.semrush.com/bot.html)" "mantech8.com"
185.191.171.10 - - [21/Oct/2022:22:53:30 -0700] "GET /index.php/camp-fire/87511181.html HTTP/1.1" 500 - "-" "Mozilla/5.0 (compatible; SemrushBot/7~bl; +http://www.semrush.com/bot.html)" "mantech8.com"
185.191.171.34 - - [21/Oct/2022:22:53:45 -0700] "GET /index.php/camp-fire/9173151.html HTTP/1.1" 500 - "-" "Mozilla/5.0 (compatible; SemrushBot/7~bl; +http://www.semrush.com/bot.html)" "mantech8.com"
185.191.171.26 - - [21/Oct/2022:22:54:31 -0700] "GET /index.php/camp-fire/4102365.html HTTP/1.1" 500 - "-" "Mozilla/5.0 (compatible; SemrushBot/7~bl; +http://www.semrush.com/bot.html)" "mantech8.com"
185.191.171.15 - - [21/Oct/2022:22:54:50 -0700] "GET /index.php/camp-fire/40775038.html HTTP/1.1" 500 - "-" "Mozilla/5.0 (compatible; SemrushBot/7~bl; +http://www.semrush.com/bot.html)" "mantech8.com"
185.191.171.3 - - [21/Oct/2022:22:55:07 -0700] "GET /index.php/camp-fire/4318285.html HTTP/1.1" 500 - "-" "Mozilla/5.0 (compatible; SemrushBot/7~bl; +http://www.semrush.com/bot.html)" "mantech8.com"
185.191.171.12 - - [21/Oct/2022:22:55:11 -0700] "GET /index.php/camp-fire/38056108.html HTTP/1.1" 500 - "-" "Mozilla/5.0 (compatible; SemrushBot/7~bl; +http://www.semrush.com/bot.html)" "mantech8.com"
185.191.171.6 - - [21/Oct/2022:22:55:37 -0700] "GET /index.php/camp-fire/15569983.html HTTP/1.1" 500 - "-" "Mozilla/5.0 (compatible; SemrushBot/7~bl; +http://www.semrush.com/bot.html)" "mantech8.com"
185.191.171.41 - - [21/Oct/2022:22:56:06 -0700] "GET /index.php/camp-fire/38959492.html HTTP/1.1" 500 - "-" "Mozilla/5.0 (compatible; SemrushBot/7~bl; +http://www.semrush.com/bot.html)" "mantech8.com"
185.191.171.23 - - [21/Oct/2022:22:57:09 -0700] "GET /index.php/camp-fire/3365200.html HTTP/1.1" 500 - "-" "Mozilla/5.0 (compatible; SemrushBot/7~bl; +http://www.semrush.com/bot.html)" "mantech8.com"
185.191.171.20 - - [21/Oct/2022:22:57:28 -0700] "GET /index.php/camp-fire/49045425.html HTTP/1.1" 500 - "-" "Mozilla/5.0 (compatible; SemrushBot/7~bl; +http://www.semrush.com/bot.html)" "mantech8.com"
185.191.171.9 - - [21/Oct/2022:22:58:19 -0700] "GET /index.php/camp-fire/33803008.html HTTP/1.1" 500 - "-" "Mozilla/5.0 (compatible; SemrushBot/7~bl; +http://www.semrush.com/bot.html)" "mantech8.com"
185.191.171.2 - - [21/Oct/2022:22:58:22 -0700] "GET /index.php/camp-fire/30896055.html HTTP/1.1" 500 - "-" "Mozilla/5.0 (compatible; SemrushBot/7~bl; +http://www.semrush.com/bot.html)" "mantech8.com"
185.191.171.23 - - [21/Oct/2022:22:58:37 -0700] "GET /index.php/camp-fire/7922021.html HTTP/1.1" 500 - "-" "Mozilla/5.0 (compatible; SemrushBot/7~bl; +http://www.semrush.com/bot.html)" "mantech8.com"
185.191.171.13 - - [21/Oct/2022:22:59:57 -0700] "GET /index.php/camp-fire/25131306.html HTTP/1.1" 500 - "-" "Mozilla/5.0 (compatible; SemrushBot/7~bl; +http://www.semrush.com/bot.html)" "mantech8.com"
185.191.171.13 - - [21/Oct/2022:23:00:28 -0700] "GET /index.php/camp-fire/25959876.html HTTP/1.1" 500 - "-" "Mozilla/5.0 (compatible; SemrushBot/7~bl; +http://www.semrush.com/bot.html)" "mantech8.com"
185.191.171.39 - - [21/Oct/2022:23:01:11 -0700] "GET /index.php/camp-fire/35031009.html HTTP/1.1" 500 - "-" "Mozilla/5.0 (compatible; SemrushBot/7~bl; +http://www.semrush.com/bot.html)" "mantech8.com"
185.191.171.6 - - [21/Oct/2022:23:01:19 -0700] "GET /index.php/camp-fire/24924365.html HTTP/1.1" 500 - "-" "Mozilla/5.0 (compatible; SemrushBot/7~bl; +http://www.semrush.com/bot.html)" "mantech8.com"
185.191.171.2 - - [21/Oct/2022:23:02:14 -0700] "GET /index.php/camp-fire/52173647.html HTTP/1.1" 500 - "-" "Mozilla/5.0 (compatible; SemrushBot/7~bl; +http://www.semrush.com/bot.html)" "mantech8.com"
114.119.133.166 - - [21/Oct/2022:23:02:32 -0700] "GET /index.php?sitemap1263.xml HTTP/1.1" 200 289321 "-" "Mozilla/5.0 (compatible;PetalBot;+https://webmaster.petalsearch.com/site/petalbot)" "mantech8.com"
185.191.171.40 - - [21/Oct/2022:23:02:39 -0700] "GET /index.php/camp-fire/29233321.html HTTP/1.1" 500 - "-" "Mozilla/5.0 (compatible; SemrushBot/7~bl; +http://www.semrush.com/bot.html)" "mantech8.com"
185.191.171.22 - - [21/Oct/2022:23:05:23 -0700] "GET /index.php/camp-fire/7637408.html HTTP/1.1" 500 - "-" "Mozilla/5.0 (compatible; SemrushBot/7~bl; +http://www.semrush.com/bot.html)" "mantech8.com"
185.191.171.40 - - [21/Oct/2022:23:05:27 -0700] "GET /index.php/camp-fire/42907835.html HTTP/1.1" 500 - "-" "Mozilla/5.0 (compatible; SemrushBot/7~bl; +http://www.semrush.com/bot.html)" "mantech8.com"
185.191.171.15 - - [21/Oct/2022:23:05:31 -0700] "GET /index.php/camp-fire/43998738.html HTTP/1.1" 500 - "-" "Mozilla/5.0 (compatible; SemrushBot/7~bl; +http://www.semrush.com/bot.html)" "mantech8.com"
185.191.171.40 - - [21/Oct/2022:23:05:34 -0700] "GET /index.php/camp-fire/40110524.html HTTP/1.1" 500 - "-" "Mozilla/5.0 (compatible; SemrushBot/7~bl; +http://www.semrush.com/bot.html)" "mantech8.com"
185.191.171.26 - - [21/Oct/2022:23:05:35 -0700] "GET /index.php/camp-fire/49597516.html HTTP/1.1" 500 - "-" "Mozilla/5.0 (compatible; SemrushBot/7~bl; +http://www.semrush.com/bot.html)" "mantech8.com"
185.191.171.1 - - [21/Oct/2022:23:05:55 -0700] "GET /index.php/camp-fire/37314160.html HTTP/1.1" 500 - "-" "Mozilla/5.0 (compatible; SemrushBot/7~bl; +http://www.semrush.com/bot.html)" "mantech8.com"
185.191.171.18 - - [21/Oct/2022:23:07:09 -0700] "GET /index.php/camp-fire/27987371.html HTTP/1.1" 500 - "-" "Mozilla/5.0 (compatible; SemrushBot/7~bl; +http://www.semrush.com/bot.html)" "mantech8.com"
114.119.133.166 - - [21/Oct/2022:23:07:52 -0700] "GET /index.php?sitemap4.xml HTTP/1.1" 200 289330 "-" "Mozilla/5.0 (Linux; Android 7.0;) AppleWebKit/537.36 (KHTML, like Gecko) Mobile Safari/537.36 (compatible; PetalBot;+https://webmaster.petalsearch.com/site/petalbot)" "mantech8.com"
185.191.171.22 - - [21/Oct/2022:23:08:11 -0700] "GET /robots.txt HTTP/1.1" 200 106 "-" "Mozilla/5.0 (compatible; SemrushBot/7~bl; +http://www.semrush.com/bot.html)" "mantech8.com"
185.191.171.23 - - [21/Oct/2022:23:08:11 -0700] "GET /index.php/camp-fire/28263861.html HTTP/1.1" 500 - "-" "Mozilla/5.0 (compatible; SemrushBot/7~bl; +http://www.semrush.com/bot.html)" "mantech8.com"
185.191.171.6 - - [21/Oct/2022:23:08:40 -0700] "GET /index.php/camp-fire/26086569.html HTTP/1.1" 500 - "-" "Mozilla/5.0 (compatible; SemrushBot/7~bl; +http://www.semrush.com/bot.html)" "mantech8.com"
213.180.203.69 - - [21/Oct/2022:23:09:25 -0700] "GET /robots.txt HTTP/1.1" 200 222 "-" "Mozilla/5.0 (compatible; YandexBot/3.0; +http://yandex.com/bots)" "mantech8.com"
95.108.213.11 - - [21/Oct/2022:23:09:28 -0700] "GET /sitemap18904.xml HTTP/1.1" 404 88 "-" "Mozilla/5.0 (compatible; YandexBot/3.0; +http://yandex.com/bots)" "mantech8.com"
185.191.171.35 - - [21/Oct/2022:23:09:45 -0700] "GET /index.php/camp-fire/20363383.html HTTP/1.1" 500 - "-" "Mozilla/5.0 (compatible; SemrushBot/7~bl; +http://www.semrush.com/bot.html)" "mantech8.com"
185.191.171.23 - - [21/Oct/2022:23:11:03 -0700] "GET /index.php/camp-fire/15106987.html HTTP/1.1" 500 - "-" "Mozilla/5.0 (compatible; SemrushBot/7~bl; +http://www.semrush.com/bot.html)" "mantech8.com"
185.191.171.23 - - [21/Oct/2022:23:11:06 -0700] "GET /index.php/camp-fire/39075935.html HTTP/1.1" 500 - "-" "Mozilla/5.0 (compatible; SemrushBot/7~bl; +http://www.semrush.com/bot.html)" "mantech8.com"
185.191.171.10 - - [21/Oct/2022:23:11:07 -0700] "GET /index.php/camp-fire/21752617.html HTTP/1.1" 500 - "-" "Mozilla/5.0 (compatible; SemrushBot/7~bl; +http://www.semrush.com/bot.html)" "mantech8.com"
185.191.171.8 - - [21/Oct/2022:23:11:38 -0700] "GET /index.php/camp-fire/25155906.html HTTP/1.1" 500 - "-" "Mozilla/5.0 (compatible; SemrushBot/7~bl; +http://www.semrush.com/bot.html)" "mantech8.com"
185.191.171.8 - - [21/Oct/2022:23:11:57 -0700] "GET /index.php/camp-fire/48277692.html HTTP/1.1" 500 - "-" "Mozilla/5.0 (compatible; SemrushBot/7~bl; +http://www.semrush.com/bot.html)" "mantech8.com"
185.191.171.10 - - [21/Oct/2022:23:12:44 -0700] "GET /index.php/camp-fire/28652989.html HTTP/1.1" 500 - "-" "Mozilla/5.0 (compatible; SemrushBot/7~bl; +http://www.semrush.com/bot.html)" "mantech8.com"
185.191.171.7 - - [21/Oct/2022:23:12:57 -0700] "GET /index.php/camp-fire/96956826.html HTTP/1.1" 500 - "-" "Mozilla/5.0 (compatible; SemrushBot/7~bl; +http://www.semrush.com/bot.html)" "mantech8.com"
114.119.133.166 - - [21/Oct/2022:23:13:21 -0700] "GET /index.php?sitemap40.xml HTTP/1.1" 200 289320 "-" "Mozilla/5.0 (compatible;PetalBot;+https://webmaster.petalsearch.com/site/petalbot)" "mantech8.com"
185.191.171.38 - - [21/Oct/2022:23:13:24 -0700] "GET /index.php/camp-fire/26874056.html HTTP/1.1" 500 - "-" "Mozilla/5.0 (compatible; SemrushBot/7~bl; +http://www.semrush.com/bot.html)" "mantech8.com"
185.191.171.44 - - [21/Oct/2022:23:13:26 -0700] "GET /index.php/camp-fire/35314708.html HTTP/1.1" 500 - "-" "Mozilla/5.0 (compatible; SemrushBot/7~bl; +http://www.semrush.com/bot.html)" "mantech8.com"
185.191.171.5 - - [21/Oct/2022:23:13:40 -0700] "GET /index.php/camp-fire/50685834.html HTTP/1.1" 500 - "-" "Mozilla/5.0 (compatible; SemrushBot/7~bl; +http://www.semrush.com/bot.html)" "mantech8.com"
185.191.171.43 - - [21/Oct/2022:23:15:04 -0700] "GET /index.php/camp-fire/52172647.html HTTP/1.1" 500 - "-" "Mozilla/5.0 (compatible; SemrushBot/7~bl; +http://www.semrush.com/bot.html)" "mantech8.com"
185.191.171.7 - - [21/Oct/2022:23:15:22 -0700] "GET /index.php/camp-fire/51242725.html HTTP/1.1" 500 - "-" "Mozilla/5.0 (compatible; SemrushBot/7~bl; +http://www.semrush.com/bot.html)" "mantech8.com"
185.191.171.1 - - [21/Oct/2022:23:16:07 -0700] "GET /index.php/camp-fire/14211496.html HTTP/1.1" 500 - "-" "Mozilla/5.0 (compatible; SemrushBot/7~bl; +http://www.semrush.com/bot.html)" "mantech8.com"
185.191.171.21 - - [21/Oct/2022:23:16:44 -0700] "GET /index.php/camp-fire/26027276.html HTTP/1.1" 500 - "-" "Mozilla/5.0 (compatible; SemrushBot/7~bl; +http://www.semrush.com/bot.html)" "mantech8.com"
185.191.171.22 - - [21/Oct/2022:23:18:07 -0700] "GET /index.php/camp-fire/5535185.html HTTP/1.1" 500 - "-" "Mozilla/5.0 (compatible; SemrushBot/7~bl; +http://www.semrush.com/bot.html)" "mantech8.com"
185.191.171.4 - - [21/Oct/2022:23:18:33 -0700] "GET /index.php/camp-fire/30402365.html HTTP/1.1" 500 - "-" "Mozilla/5.0 (compatible; SemrushBot/7~bl; +http://www.semrush.com/bot.html)" "mantech8.com"
114.119.133.190 - - [21/Oct/2022:23:18:46 -0700] "GET /bimages/pipeg/thump/?C=N%3BO%3DD HTTP/1.1" 200 568 "http://www.mantech8.com/bimages/pipeg/thump/?C=S%3BO%3DA" "Mozilla/5.0 (Linux; Android 7.0;) AppleWebKit/537.36 (KHTML, like Gecko) Mobile Safari/537.36 (compatible; PetalBot;+https://webmaster.petalsearch.com/site/petalbot)" "www.mantech8.com"
185.191.171.16 - - [21/Oct/2022:23:19:07 -0700] "GET /index.php/camp-fire/3285153.html HTTP/1.1" 500 - "-" "Mozilla/5.0 (compatible; SemrushBot/7~bl; +http://www.semrush.com/bot.html)" "mantech8.com"
185.191.171.11 - - [21/Oct/2022:23:19:15 -0700] "GET /index.php/camp-fire/35242472.html HTTP/1.1" 500 - "-" "Mozilla/5.0 (compatible; SemrushBot/7~bl; +http://www.semrush.com/bot.html)" "mantech8.com"
185.191.171.8 - - [21/Oct/2022:23:19:26 -0700] "GET /index.php/camp-fire/27402851.html HTTP/1.1" 500 - "-" "Mozilla/5.0 (compatible; SemrushBot/7~bl; +http://www.semrush.com/bot.html)" "mantech8.com"
185.191.171.12 - - [21/Oct/2022:23:19:43 -0700] "GET /index.php/camp-fire/35701850.html HTTP/1.1" 500 - "-" "Mozilla/5.0 (compatible; SemrushBot/7~bl; +http://www.semrush.com/bot.html)" "mantech8.com"
185.191.171.21 - - [21/Oct/2022:23:20:16 -0700] "GET /index.php/camp-fire/26341150.html HTTP/1.1" 500 - "-" "Mozilla/5.0 (compatible; SemrushBot/7~bl; +http://www.semrush.com/bot.html)" "mantech8.com"
194.110.203.47 - - [21/Oct/2022:23:21:15 -0700] "GET /inc/database.php.bak HTTP/1.1" 404 73 "-" "Firefox" "mantech8.com"
185.191.171.4 - - [21/Oct/2022:23:21:26 -0700] "GET /index.php/camp-fire/8655198.html HTTP/1.1" 500 - "-" "Mozilla/5.0 (compatible; SemrushBot/7~bl; +http://www.semrush.com/bot.html)" "mantech8.com"
185.191.171.40 - - [21/Oct/2022:23:22:09 -0700] "GET /index.php/camp-fire/49199035.html HTTP/1.1" 500 - "-" "Mozilla/5.0 (compatible; SemrushBot/7~bl; +http://www.semrush.com/bot.html)" "mantech8.com"
185.191.171.4 - - [21/Oct/2022:23:22:36 -0700] "GET /index.php/camp-fire/695198.html HTTP/1.1" 500 - "-" "Mozilla/5.0 (compatible; SemrushBot/7~bl; +http://www.semrush.com/bot.html)" "mantech8.com"
185.191.171.10 - - [21/Oct/2022:23:24:11 -0700] "GET /index.php/camp-fire/26780921.html HTTP/1.1" 500 - "-" "Mozilla/5.0 (compatible; SemrushBot/7~bl; +http://www.semrush.com/bot.html)" "mantech8.com"
185.191.171.36 - - [21/Oct/2022:23:24:13 -0700] "GET /index.php/camp-fire/8146878.html HTTP/1.1" 500 - "-" "Mozilla/5.0 (compatible; SemrushBot/7~bl; +http://www.semrush.com/bot.html)" "mantech8.com"
114.119.133.166 - - [21/Oct/2022:23:24:13 -0700] "GET /bimages/gallery/ HTTP/1.1" 200 1162 "http://mantech8.com/bimages/gallery/alfacgiapi/?C=D%3BO%3DA" "Mozilla/5.0 (Linux; Android 7.0;) AppleWebKit/537.36 (KHTML, like Gecko) Mobile Safari/537.36 (compatible; PetalBot;+https://webmaster.petalsearch.com/site/petalbot)" "mantech8.com"
185.191.171.22 - - [21/Oct/2022:23:24:33 -0700] "GET /index.php/camp-fire/33432693.html HTTP/1.1" 500 - "-" "Mozilla/5.0 (compatible; SemrushBot/7~bl; +http://www.semrush.com/bot.html)" "mantech8.com"
185.191.171.18 - - [21/Oct/2022:23:25:28 -0700] "GET /index.php/camp-fire/3236378.html HTTP/1.1" 500 - "-" "Mozilla/5.0 (compatible; SemrushBot/7~bl; +http://www.semrush.com/bot.html)" "mantech8.com"
185.191.171.44 - - [21/Oct/2022:23:25:41 -0700] "GET /index.php/camp-fire/27567226.html HTTP/1.1" 500 - "-" "Mozilla/5.0 (compatible; SemrushBot/7~bl; +http://www.semrush.com/bot.html)" "mantech8.com"
185.191.171.41 - - [21/Oct/2022:23:26:34 -0700] "GET /index.php/camp-fire/22796165.html HTTP/1.1" 500 - "-" "Mozilla/5.0 (compatible; SemrushBot/7~bl; +http://www.semrush.com/bot.html)" "mantech8.com"
185.191.171.13 - - [21/Oct/2022:23:26:35 -0700] "GET /index.php/camp-fire/28009871.html HTTP/1.1" 500 - "-" "Mozilla/5.0 (compatible; SemrushBot/7~bl; +http://www.semrush.com/bot.html)" "mantech8.com"
185.191.171.21 - - [21/Oct/2022:23:26:54 -0700] "GET /index.php/camp-fire/21735817.html HTTP/1.1" 500 - "-" "Mozilla/5.0 (compatible; SemrushBot/7~bl; +http://www.semrush.com/bot.html)" "mantech8.com"
40.77.167.66 - - [21/Oct/2022:23:28:46 -0700] "GET / HTTP/1.1" 200 64199 "-" "Mozilla/5.0 (compatible; bingbot/2.0; +http://www.bing.com/bingbot.htm)" "www.mantech8.com"
185.191.171.22 - - [21/Oct/2022:23:28:53 -0700] "GET /index.php/camp-fire/24537830.html HTTP/1.1" 500 - "-" "Mozilla/5.0 (compatible; SemrushBot/7~bl; +http://www.semrush.com/bot.html)" "mantech8.com"
185.191.171.25 - - [21/Oct/2022:23:29:35 -0700] "GET /index.php/camp-fire/50654888.html HTTP/1.1" 500 - "-" "Mozilla/5.0 (compatible; SemrushBot/7~bl; +http://www.semrush.com/bot.html)" "mantech8.com"
114.119.133.158 - - [21/Oct/2022:23:29:43 -0700] "GET /bimages/gallery/thump/File.php HTTP/1.1" 200 - "http://mantech8.com/bimages/gallery/thump/?C=S%3BO%3DA" "Mozilla/5.0 (Linux; Android 7.0;) AppleWebKit/537.36 (KHTML, like Gecko) Mobile Safari/537.36 (compatible; PetalBot;+https://webmaster.petalsearch.com/site/petalbot)" "mantech8.com"
185.191.171.2 - - [21/Oct/2022:23:29:48 -0700] "GET /index.php/camp-fire/22102917.html HTTP/1.1" 500 - "-" "Mozilla/5.0 (compatible; SemrushBot/7~bl; +http://www.semrush.com/bot.html)" "mantech8.com"
185.191.171.43 - - [21/Oct/2022:23:30:08 -0700] "GET /index.php/camp-fire/22803757.html HTTP/1.1" 500 - "-" "Mozilla/5.0 (compatible; SemrushBot/7~bl; +http://www.semrush.com/bot.html)" "mantech8.com"
185.191.171.9 - - [21/Oct/2022:23:30:20 -0700] "GET /index.php/camp-fire/27606771.html HTTP/1.1" 500 - "-" "Mozilla/5.0 (compatible; SemrushBot/7~bl; +http://www.semrush.com/bot.html)" "mantech8.com"
66.249.66.64 - - [21/Oct/2022:23:30:31 -0700] "GET /favicon.ico HTTP/1.1" 404 88 "-" "Googlebot-Image/1.0" "mantech8.com"
185.191.171.40 - - [21/Oct/2022:23:30:48 -0700] "GET /index.php/camp-fire/38009316.html HTTP/1.1" 500 - "-" "Mozilla/5.0 (compatible; SemrushBot/7~bl; +http://www.semrush.com/bot.html)" "mantech8.com"
185.191.171.12 - - [21/Oct/2022:23:31:15 -0700] "GET /index.php/camp-fire/25456224.html HTTP/1.1" 500 - "-" "Mozilla/5.0 (compatible; SemrushBot/7~bl; +http://www.semrush.com/bot.html)" "mantech8.com"
185.191.171.23 - - [21/Oct/2022:23:31:52 -0700] "GET /index.php/camp-fire/40576793.html HTTP/1.1" 500 - "-" "Mozilla/5.0 (compatible; SemrushBot/7~bl; +http://www.semrush.com/bot.html)" "mantech8.com"
185.191.171.19 - - [21/Oct/2022:23:32:08 -0700] "GET /index.php/camp-fire/27223547.html HTTP/1.1" 500 - "-" "Mozilla/5.0 (compatible; SemrushBot/7~bl; +http://www.semrush.com/bot.html)" "mantech8.com"
185.191.171.1 - - [21/Oct/2022:23:32:40 -0700] "GET /index.php/camp-fire/42255302.html HTTP/1.1" 500 - "-" "Mozilla/5.0 (compatible; SemrushBot/7~bl; +http://www.semrush.com/bot.html)" "mantech8.com"
185.191.171.45 - - [21/Oct/2022:23:32:49 -0700] "GET /index.php/camp-fire/43126827.html HTTP/1.1" 500 - "-" "Mozilla/5.0 (compatible; SemrushBot/7~bl; +http://www.semrush.com/bot.html)" "mantech8.com"
185.191.171.26 - - [21/Oct/2022:23:33:06 -0700] "GET /index.php/camp-fire/4365396.html HTTP/1.1" 500 - "-" "Mozilla/5.0 (compatible; SemrushBot/7~bl; +http://www.semrush.com/bot.html)" "mantech8.com"
185.191.171.4 - - [21/Oct/2022:23:33:10 -0700] "GET /index.php/camp-fire/50232749.html HTTP/1.1" 500 - "-" "Mozilla/5.0 (compatible; SemrushBot/7~bl; +http://www.semrush.com/bot.html)" "mantech8.com"
185.191.171.2 - - [21/Oct/2022:23:33:36 -0700] "GET /index.php/camp-fire/24736350.html HTTP/1.1" 500 - "-" "Mozilla/5.0 (compatible; SemrushBot/7~bl; +http://www.semrush.com/bot.html)" "mantech8.com"
185.191.171.11 - - [21/Oct/2022:23:33:59 -0700] "GET /index.php/camp-fire/38992666.html HTTP/1.1" 500 - "-" "Mozilla/5.0 (compatible; SemrushBot/7~bl; +http://www.semrush.com/bot.html)" "mantech8.com"
185.191.171.34 - - [21/Oct/2022:23:35:12 -0700] "GET /index.php/camp-fire/33880525.html HTTP/1.1" 500 - "-" "Mozilla/5.0 (compatible; SemrushBot/7~bl; +http://www.semrush.com/bot.html)" "mantech8.com"
114.119.133.182 - - [21/Oct/2022:23:35:13 -0700] "GET /bimages/certificate/?C=M%3BO%3DA HTTP/1.1" 200 651 "http://mantech8.com/bimages/certificate/?C=N%3BO%3DD" "Mozilla/5.0 (Linux; Android 7.0;) AppleWebKit/537.36 (KHTML, like Gecko) Mobile Safari/537.36 (compatible; PetalBot;+https://webmaster.petalsearch.com/site/petalbot)" "mantech8.com"
185.191.171.1 - - [21/Oct/2022:23:35:58 -0700] "GET /index.php/camp-fire/4757796.html HTTP/1.1" 500 - "-" "Mozilla/5.0 (compatible; SemrushBot/7~bl; +http://www.semrush.com/bot.html)" "mantech8.com"
185.191.171.4 - - [21/Oct/2022:23:36:03 -0700] "GET /index.php/camp-fire/7793442.html HTTP/1.1" 500 - "-" "Mozilla/5.0 (compatible; SemrushBot/7~bl; +http://www.semrush.com/bot.html)" "mantech8.com"
185.191.171.24 - - [21/Oct/2022:23:36:18 -0700] "GET /index.php/camp-fire/4796855.html HTTP/1.1" 500 - "-" "Mozilla/5.0 (compatible; SemrushBot/7~bl; +http://www.semrush.com/bot.html)" "mantech8.com"
185.191.171.8 - - [21/Oct/2022:23:37:02 -0700] "GET /index.php/camp-fire/23490465.html HTTP/1.1" 500 - "-" "Mozilla/5.0 (compatible; SemrushBot/7~bl; +http://www.semrush.com/bot.html)" "mantech8.com"
185.191.171.9 - - [21/Oct/2022:23:37:38 -0700] "GET /index.php/camp-fire/697969.html HTTP/1.1" 500 - "-" "Mozilla/5.0 (compatible; SemrushBot/7~bl; +http://www.semrush.com/bot.html)" "mantech8.com"
185.191.171.23 - - [21/Oct/2022:23:39:13 -0700] "GET /index.php/camp-fire/24714165.html HTTP/1.1" 500 - "-" "Mozilla/5.0 (compatible; SemrushBot/7~bl; +http://www.semrush.com/bot.html)" "mantech8.com"
185.191.171.45 - - [21/Oct/2022:23:39:37 -0700] "GET /index.php/camp-fire/26806921.html HTTP/1.1" 500 - "-" "Mozilla/5.0 (compatible; SemrushBot/7~bl; +http://www.semrush.com/bot.html)" "mantech8.com"
185.191.171.15 - - [21/Oct/2022:23:39:38 -0700] "GET /index.php/camp-fire/44551134.html HTTP/1.1" 500 - "-" "Mozilla/5.0 (compatible; SemrushBot/7~bl; +http://www.semrush.com/bot.html)" "mantech8.com"
114.119.133.166 - - [21/Oct/2022:23:40:37 -0700] "GET /bimages/client/tbl_import.php HTTP/1.1" 200 32 "http://www.mantech8.com/bimages/client/?C=S%3BO%3DA" "Mozilla/5.0 (Linux; Android 7.0;) AppleWebKit/537.36 (KHTML, like Gecko) Mobile Safari/537.36 (compatible; PetalBot;+https://webmaster.petalsearch.com/site/petalbot)" "www.mantech8.com"
185.191.171.23 - - [21/Oct/2022:23:41:04 -0700] "GET /index.php/camp-fire/7579193.html HTTP/1.1" 500 - "-" "Mozilla/5.0 (compatible; SemrushBot/7~bl; +http://www.semrush.com/bot.html)" "mantech8.com"
185.191.171.35 - - [21/Oct/2022:23:41:11 -0700] "GET /index.php/camp-fire/37074009.html HTTP/1.1" 500 - "-" "Mozilla/5.0 (compatible; SemrushBot/7~bl; +http://www.semrush.com/bot.html)" "mantech8.com"
185.191.171.40 - - [21/Oct/2022:23:41:15 -0700] "GET /index.php/camp-fire/33225316.html HTTP/1.1" 500 - "-" "Mozilla/5.0 (compatible; SemrushBot/7~bl; +http://www.semrush.com/bot.html)" "mantech8.com"
185.191.171.22 - - [21/Oct/2022:23:41:48 -0700] "GET /index.php/camp-fire/33228230.html HTTP/1.1" 500 - "-" "Mozilla/5.0 (compatible; SemrushBot/7~bl; +http://www.semrush.com/bot.html)" "mantech8.com"
185.191.171.24 - - [21/Oct/2022:23:42:14 -0700] "GET /index.php/camp-fire/4677285.html HTTP/1.1" 500 - "-" "Mozilla/5.0 (compatible; SemrushBot/7~bl; +http://www.semrush.com/bot.html)" "mantech8.com"
185.191.171.37 - - [21/Oct/2022:23:43:45 -0700] "GET /index.php/camp-fire/2453893.html HTTP/1.1" 500 - "-" "Mozilla/5.0 (compatible; SemrushBot/7~bl; +http://www.semrush.com/bot.html)" "mantech8.com"
185.191.171.7 - - [21/Oct/2022:23:43:47 -0700] "GET /index.php/camp-fire/26961359.html HTTP/1.1" 500 - "-" "Mozilla/5.0 (compatible; SemrushBot/7~bl; +http://www.semrush.com/bot.html)" "mantech8.com"
185.191.171.21 - - [21/Oct/2022:23:43:49 -0700] "GET /index.php/camp-fire/3593878.html HTTP/1.1" 500 - "-" "Mozilla/5.0 (compatible; SemrushBot/7~bl; +http://www.semrush.com/bot.html)" "mantech8.com"
185.191.171.13 - - [21/Oct/2022:23:43:50 -0700] "GET /index.php/camp-fire/39151435.html HTTP/1.1" 500 - "-" "Mozilla/5.0 (compatible; SemrushBot/7~bl; +http://www.semrush.com/bot.html)" "mantech8.com"
114.119.133.190 - - [21/Oct/2022:23:46:05 -0700] "GET /index.php?kleffens.xml HTTP/1.1" 200 289463 "-" "Mozilla/5.0 (Linux; Android 7.0;) AppleWebKit/537.36 (KHTML, like Gecko) Mobile Safari/537.36 (compatible; PetalBot;+https://webmaster.petalsearch.com/site/petalbot)" "mantech8.com"
185.191.171.45 - - [21/Oct/2022:23:46:40 -0700] "GET /index.php/camp-fire/35160725.html HTTP/1.1" 500 - "-" "Mozilla/5.0 (compatible; SemrushBot/7~bl; +http://www.semrush.com/bot.html)" "mantech8.com"
185.191.171.45 - - [21/Oct/2022:23:46:43 -0700] "GET /index.php/camp-fire/42545249.html HTTP/1.1" 500 - "-" "Mozilla/5.0 (compatible; SemrushBot/7~bl; +http://www.semrush.com/bot.html)" "mantech8.com"
185.191.171.13 - - [21/Oct/2022:23:47:08 -0700] "GET /index.php/camp-fire/67396503.html HTTP/1.1" 500 - "-" "Mozilla/5.0 (compatible; SemrushBot/7~bl; +http://www.semrush.com/bot.html)" "mantech8.com"
185.191.171.8 - - [21/Oct/2022:23:47:27 -0700] "GET /index.php/camp-fire/45115489.html HTTP/1.1" 500 - "-" "Mozilla/5.0 (compatible; SemrushBot/7~bl; +http://www.semrush.com/bot.html)" "mantech8.com"
185.191.171.26 - - [21/Oct/2022:23:47:40 -0700] "GET /index.php/camp-fire/16630965.html HTTP/1.1" 500 - "-" "Mozilla/5.0 (compatible; SemrushBot/7~bl; +http://www.semrush.com/bot.html)" "mantech8.com"
185.191.171.9 - - [21/Oct/2022:23:48:04 -0700] "GET /index.php/camp-fire/42108071.html HTTP/1.1" 500 - "-" "Mozilla/5.0 (compatible; SemrushBot/7~bl; +http://www.semrush.com/bot.html)" "mantech8.com"
185.191.171.40 - - [21/Oct/2022:23:48:08 -0700] "GET /index.php/camp-fire/5208074.html HTTP/1.1" 500 - "-" "Mozilla/5.0 (compatible; SemrushBot/7~bl; +http://www.semrush.com/bot.html)" "mantech8.com"
185.191.171.1 - - [21/Oct/2022:23:48:35 -0700] "GET /index.php/camp-fire/33496716.html HTTP/1.1" 500 - "-" "Mozilla/5.0 (compatible; SemrushBot/7~bl; +http://www.semrush.com/bot.html)" "mantech8.com"
185.191.171.19 - - [21/Oct/2022:23:48:38 -0700] "GET /index.php/camp-fire/32983468.html HTTP/1.1" 500 - "-" "Mozilla/5.0 (compatible; SemrushBot/7~bl; +http://www.semrush.com/bot.html)" "mantech8.com"
185.191.171.26 - - [21/Oct/2022:23:49:39 -0700] "GET /index.php/camp-fire/50490350.html HTTP/1.1" 500 - "-" "Mozilla/5.0 (compatible; SemrushBot/7~bl; +http://www.semrush.com/bot.html)" "mantech8.com"
185.191.171.10 - - [21/Oct/2022:23:50:49 -0700] "GET /index.php/camp-fire/26787000.html HTTP/1.1" 500 - "-" "Mozilla/5.0 (compatible; SemrushBot/7~bl; +http://www.semrush.com/bot.html)" "mantech8.com"
185.191.171.16 - - [21/Oct/2022:23:51:10 -0700] "GET /index.php/camp-fire/5701198.html HTTP/1.1" 500 - "-" "Mozilla/5.0 (compatible; SemrushBot/7~bl; +http://www.semrush.com/bot.html)" "mantech8.com"
185.191.171.25 - - [21/Oct/2022:23:51:16 -0700] "GET /index.php/camp-fire/35710155.html HTTP/1.1" 500 - "-" "Mozilla/5.0 (compatible; SemrushBot/7~bl; +http://www.semrush.com/bot.html)" "mantech8.com"
114.119.133.182 - - [21/Oct/2022:23:51:29 -0700] "GET /index.php?camp-fire/84310729.html HTTP/1.1" 500 - "-" "Mozilla/5.0 (Linux; Android 7.0;) AppleWebKit/537.36 (KHTML, like Gecko) Mobile Safari/537.36 (compatible; PetalBot;+https://webmaster.petalsearch.com/site/petalbot)" "www.mantech8.com"
185.191.171.42 - - [21/Oct/2022:23:51:49 -0700] "GET /index.php/camp-fire/33706308.html HTTP/1.1" 500 - "-" "Mozilla/5.0 (compatible; SemrushBot/7~bl; +http://www.semrush.com/bot.html)" "mantech8.com"
185.191.171.26 - - [21/Oct/2022:23:53:03 -0700] "GET /index.php/camp-fire/33225916.html HTTP/1.1" 500 - "-" "Mozilla/5.0 (compatible; SemrushBot/7~bl; +http://www.semrush.com/bot.html)" "mantech8.com"
185.191.171.22 - - [21/Oct/2022:23:53:32 -0700] "GET /index.php/camp-fire/25149506.html HTTP/1.1" 500 - "-" "Mozilla/5.0 (compatible; SemrushBot/7~bl; +http://www.semrush.com/bot.html)" "mantech8.com"
185.191.171.3 - - [21/Oct/2022:23:54:43 -0700] "GET /index.php/camp-fire/30681255.html HTTP/1.1" 500 - "-" "Mozilla/5.0 (compatible; SemrushBot/7~bl; +http://www.semrush.com/bot.html)" "mantech8.com"
185.191.171.7 - - [21/Oct/2022:23:54:57 -0700] "GET /index.php/camp-fire/27427226.html HTTP/1.1" 500 - "-" "Mozilla/5.0 (compatible; SemrushBot/7~bl; +http://www.semrush.com/bot.html)" "mantech8.com"
185.191.171.38 - - [21/Oct/2022:23:55:46 -0700] "GET /index.php/camp-fire/39467930.html HTTP/1.1" 500 - "-" "Mozilla/5.0 (compatible; SemrushBot/7~bl; +http://www.semrush.com/bot.html)" "mantech8.com"
185.191.171.18 - - [21/Oct/2022:23:56:07 -0700] "GET /index.php/camp-fire/42459603.html HTTP/1.1" 500 - "-" "Mozilla/5.0 (compatible; SemrushBot/7~bl; +http://www.semrush.com/bot.html)" "mantech8.com"
40.77.167.95 - - [21/Oct/2022:23:56:10 -0700] "GET /robots.txt HTTP/1.1" 200 106 "-" "Mozilla/5.0 AppleWebKit/537.36 (KHTML, like Gecko; compatible; bingbot/2.0; +http://www.bing.com/bingbot.htm) Chrome/103.0.5060.134 Safari/537.36" "www.mantech8.com"
207.46.13.184 - - [21/Oct/2022:23:56:12 -0700] "GET /index-min.html HTTP/1.1" 404 88 "-" "Mozilla/5.0 (compatible; bingbot/2.0; +http://www.bing.com/bingbot.htm)" "www.mantech8.com"
185.191.171.15 - - [21/Oct/2022:23:56:40 -0700] "GET /index.php/camp-fire/32617368.html HTTP/1.1" 500 - "-" "Mozilla/5.0 (compatible; SemrushBot/7~bl; +http://www.semrush.com/bot.html)" "mantech8.com"
185.191.171.8 - - [21/Oct/2022:23:56:47 -0700] "GET /index.php/camp-fire/39623735.html HTTP/1.1" 500 - "-" "Mozilla/5.0 (compatible; SemrushBot/7~bl; +http://www.semrush.com/bot.html)" "mantech8.com"
114.119.133.166 - - [21/Oct/2022:23:56:57 -0700] "GET /?sitemap13.xml HTTP/1.1" 200 270602 "-" "Mozilla/5.0 (Linux; Android 7.0;) AppleWebKit/537.36 (KHTML, like Gecko) Mobile Safari/537.36 (compatible; PetalBot;+https://webmaster.petalsearch.com/site/petalbot)" "mantech8.com"
185.191.171.34 - - [21/Oct/2022:23:57:03 -0700] "GET /index.php/camp-fire/17947742.html HTTP/1.1" 500 - "-" "Mozilla/5.0 (compatible; SemrushBot/7~bl; +http://www.semrush.com/bot.html)" "mantech8.com"
185.191.171.37 - - [21/Oct/2022:23:57:18 -0700] "GET /index.php/camp-fire/35068725.html HTTP/1.1" 500 - "-" "Mozilla/5.0 (compatible; SemrushBot/7~bl; +http://www.semrush.com/bot.html)" "mantech8.com"
185.191.171.25 - - [21/Oct/2022:23:57:19 -0700] "GET /index.php/camp-fire/31885230.html HTTP/1.1" 500 - "-" "Mozilla/5.0 (compatible; SemrushBot/7~bl; +http://www.semrush.com/bot.html)" "mantech8.com"
185.35.67.212 - - [21/Oct/2022:23:58:36 -0700] "GET /callto: HTTP/1.1" 404 73 "-" "aragna.net_bot" "mantech8.com"
66.249.66.95 - - [21/Oct/2022:23:59:56 -0700] "GET /viton.xml HTTP/1.1" 404 88 "-" "Mozilla/5.0 (compatible; Googlebot/2.1; +http://www.google.com/bot.html)" "mantech8.com"
185.191.171.33 - - [22/Oct/2022:00:00:06 -0700] "GET /index.php/camp-fire/34407450.html HTTP/1.1" 500 - "-" "Mozilla/5.0 (compatible; SemrushBot/7~bl; +http://www.semrush.com/bot.html)" "mantech8.com"
185.191.171.44 - - [22/Oct/2022:00:00:08 -0700] "GET /index.php/camp-fire/28212333.html HTTP/1.1" 500 - "-" "Mozilla/5.0 (compatible; SemrushBot/7~bl; +http://www.semrush.com/bot.html)" "mantech8.com"
114.119.133.166 - - [22/Oct/2022:00:02:20 -0700] "GET /index.php/sitemap401.xml HTTP/1.1" 200 289292 "-" "Mozilla/5.0 (Linux; Android 7.0;) AppleWebKit/537.36 (KHTML, like Gecko) Mobile Safari/537.36 (compatible; PetalBot;+https://webmaster.petalsearch.com/site/petalbot)" "mantech8.com"
185.191.171.1 - - [22/Oct/2022:00:02:51 -0700] "GET /index.php/camp-fire/34108559.html HTTP/1.1" 500 - "-" "Mozilla/5.0 (compatible; SemrushBot/7~bl; +http://www.semrush.com/bot.html)" "mantech8.com"
185.191.171.26 - - [22/Oct/2022:00:03:02 -0700] "GET /index.php/camp-fire/28902709.html HTTP/1.1" 500 - "-" "Mozilla/5.0 (compatible; SemrushBot/7~bl; +http://www.semrush.com/bot.html)" "mantech8.com"
185.191.171.34 - - [22/Oct/2022:00:03:23 -0700] "GET /index.php/camp-fire/28342035.html HTTP/1.1" 500 - "-" "Mozilla/5.0 (compatible; SemrushBot/7~bl; +http://www.semrush.com/bot.html)" "mantech8.com"
185.191.171.8 - - [22/Oct/2022:00:03:26 -0700] "GET /index.php/camp-fire/29569064.html HTTP/1.1" 500 - "-" "Mozilla/5.0 (compatible; SemrushBot/7~bl; +http://www.semrush.com/bot.html)" "mantech8.com"
185.191.171.2 - - [22/Oct/2022:00:03:35 -0700] "GET /index.php/camp-fire/28196742.html HTTP/1.1" 500 - "-" "Mozilla/5.0 (compatible; SemrushBot/7~bl; +http://www.semrush.com/bot.html)" "mantech8.com"
185.191.171.43 - - [22/Oct/2022:00:03:42 -0700] "GET /index.php/camp-fire/40150888.html HTTP/1.1" 500 - "-" "Mozilla/5.0 (compatible; SemrushBot/7~bl; +http://www.semrush.com/bot.html)" "mantech8.com"
185.191.171.11 - - [22/Oct/2022:00:04:20 -0700] "GET /index.php/camp-fire/51561634.html HTTP/1.1" 500 - "-" "Mozilla/5.0 (compatible; SemrushBot/7~bl; +http://www.semrush.com/bot.html)" "mantech8.com"
185.191.171.34 - - [22/Oct/2022:00:04:39 -0700] "GET /robots.txt HTTP/1.1" 200 106 "-" "Mozilla/5.0 (compatible; SemrushBot/7~bl; +http://www.semrush.com/bot.html)" "mantech8.com"
185.191.171.15 - - [22/Oct/2022:00:04:39 -0700] "GET /index.php/camp-fire/28992617.html HTTP/1.1" 500 - "-" "Mozilla/5.0 (compatible; SemrushBot/7~bl; +http://www.semrush.com/bot.html)" "mantech8.com"
185.191.171.11 - - [22/Oct/2022:00:04:49 -0700] "GET /index.php/camp-fire/27872406.html HTTP/1.1" 500 - "-" "Mozilla/5.0 (compatible; SemrushBot/7~bl; +http://www.semrush.com/bot.html)" "mantech8.com"
185.191.171.45 - - [22/Oct/2022:00:05:20 -0700] "GET /index.php/camp-fire/8639121.html HTTP/1.1" 500 - "-" "Mozilla/5.0 (compatible; SemrushBot/7~bl; +http://www.semrush.com/bot.html)" "mantech8.com"
185.191.171.33 - - [22/Oct/2022:00:05:28 -0700] "GET /index.php/camp-fire/16227324.html HTTP/1.1" 500 - "-" "Mozilla/5.0 (compatible; SemrushBot/7~bl; +http://www.semrush.com/bot.html)" "mantech8.com"
185.191.171.34 - - [22/Oct/2022:00:05:59 -0700] "GET /index.php/camp-fire/2412593.html HTTP/1.1" 500 - "-" "Mozilla/5.0 (compatible; SemrushBot/7~bl; +http://www.semrush.com/bot.html)" "mantech8.com"
185.191.171.11 - - [22/Oct/2022:00:07:13 -0700] "GET /index.php/camp-fire/15472383.html HTTP/1.1" 500 - "-" "Mozilla/5.0 (compatible; SemrushBot/7~bl; +http://www.semrush.com/bot.html)" "mantech8.com"
114.119.133.158 - - [22/Oct/2022:00:07:44 -0700] "GET /?nobeliums.xml HTTP/1.1" 200 270410 "-" "Mozilla/5.0 (Linux; Android 7.0;) AppleWebKit/537.36 (KHTML, like Gecko) Mobile Safari/537.36 (compatible; PetalBot;+https://webmaster.petalsearch.com/site/petalbot)" "mantech8.com"
185.191.171.3 - - [22/Oct/2022:00:08:35 -0700] "GET /index.php/camp-fire/33450693.html HTTP/1.1" 500 - "-" "Mozilla/5.0 (compatible; SemrushBot/7~bl; +http://www.semrush.com/bot.html)" "mantech8.com"
185.191.171.22 - - [22/Oct/2022:00:08:39 -0700] "GET /index.php/camp-fire/29926251.html HTTP/1.1" 500 - "-" "Mozilla/5.0 (compatible; SemrushBot/7~bl; +http://www.semrush.com/bot.html)" "mantech8.com"
185.191.171.44 - - [22/Oct/2022:00:10:49 -0700] "GET /index.php/camp-fire/60361188.html HTTP/1.1" 500 - "-" "Mozilla/5.0 (compatible; SemrushBot/7~bl; +http://www.semrush.com/bot.html)" "mantech8.com"
185.191.171.3 - - [22/Oct/2022:00:10:51 -0700] "GET /index.php/camp-fire/26072651.html HTTP/1.1" 500 - "-" "Mozilla/5.0 (compatible; SemrushBot/7~bl; +http://www.semrush.com/bot.html)" "mantech8.com"
185.191.171.17 - - [22/Oct/2022:00:11:33 -0700] "GET /index.php/camp-fire/16031983.html HTTP/1.1" 500 - "-" "Mozilla/5.0 (compatible; SemrushBot/7~bl; +http://www.semrush.com/bot.html)" "mantech8.com"
185.191.171.18 - - [22/Oct/2022:00:11:46 -0700] "GET /index.php/camp-fire/39954802.html HTTP/1.1" 500 - "-" "Mozilla/5.0 (compatible; SemrushBot/7~bl; +http://www.semrush.com/bot.html)" "mantech8.com"
185.191.171.37 - - [22/Oct/2022:00:12:44 -0700] "GET /index.php/camp-fire/25888417.html HTTP/1.1" 500 - "-" "Mozilla/5.0 (compatible; SemrushBot/7~bl; +http://www.semrush.com/bot.html)" "mantech8.com"
185.191.171.10 - - [22/Oct/2022:00:12:57 -0700] "GET /index.php/camp-fire/1372600.html HTTP/1.1" 500 - "-" "Mozilla/5.0 (compatible; SemrushBot/7~bl; +http://www.semrush.com/bot.html)" "mantech8.com"
114.119.133.166 - - [22/Oct/2022:00:13:09 -0700] "GET /index.php?kongcunzhen.xml HTTP/1.1" 200 289278 "-" "Mozilla/5.0 (compatible;PetalBot;+https://webmaster.petalsearch.com/site/petalbot)" "mantech8.com"
185.191.171.39 - - [22/Oct/2022:00:13:12 -0700] "GET /index.php/camp-fire/27342497.html HTTP/1.1" 500 - "-" "Mozilla/5.0 (compatible; SemrushBot/7~bl; +http://www.semrush.com/bot.html)" "mantech8.com"
185.191.171.9 - - [22/Oct/2022:00:13:16 -0700] "GET /index.php/camp-fire/36141271.html HTTP/1.1" 500 - "-" "Mozilla/5.0 (compatible; SemrushBot/7~bl; +http://www.semrush.com/bot.html)" "mantech8.com"
185.191.171.21 - - [22/Oct/2022:00:14:38 -0700] "GET /index.php/camp-fire/38099272.html HTTP/1.1" 500 - "-" "Mozilla/5.0 (compatible; SemrushBot/7~bl; +http://www.semrush.com/bot.html)" "mantech8.com"
185.191.171.38 - - [22/Oct/2022:00:14:39 -0700] "GET /index.php/camp-fire/41907303.html HTTP/1.1" 500 - "-" "Mozilla/5.0 (compatible; SemrushBot/7~bl; +http://www.semrush.com/bot.html)" "mantech8.com"
185.191.171.22 - - [22/Oct/2022:00:15:06 -0700] "GET /index.php/camp-fire/910169.html HTTP/1.1" 500 - "-" "Mozilla/5.0 (compatible; SemrushBot/7~bl; +http://www.semrush.com/bot.html)" "mantech8.com"
185.191.171.9 - - [22/Oct/2022:00:15:23 -0700] "GET /index.php/camp-fire/7811642.html HTTP/1.1" 500 - "-" "Mozilla/5.0 (compatible; SemrushBot/7~bl; +http://www.semrush.com/bot.html)" "mantech8.com"
185.191.171.24 - - [22/Oct/2022:00:16:05 -0700] "GET /index.php/camp-fire/25244406.html HTTP/1.1" 500 - "-" "Mozilla/5.0 (compatible; SemrushBot/7~bl; +http://www.semrush.com/bot.html)" "mantech8.com"
185.191.171.36 - - [22/Oct/2022:00:16:55 -0700] "GET /index.php/camp-fire/15460283.html HTTP/1.1" 500 - "-" "Mozilla/5.0 (compatible; SemrushBot/7~bl; +http://www.semrush.com/bot.html)" "mantech8.com"
66.249.66.95 - - [22/Oct/2022:00:17:02 -0700] "GET /prinker.xml HTTP/1.1" 404 88 "-" "Mozilla/5.0 (compatible; Googlebot/2.1; +http://www.google.com/bot.html)" "mantech8.com"
185.191.171.33 - - [22/Oct/2022:00:17:18 -0700] "GET /index.php/camp-fire/34637125.html HTTP/1.1" 500 - "-" "Mozilla/5.0 (compatible; SemrushBot/7~bl; +http://www.semrush.com/bot.html)" "mantech8.com"
40.77.167.72 - - [22/Oct/2022:00:17:28 -0700] "GET /?/2022/07/17/%E3%82%B9%E3%82%A4%E3%83%83%E3%83%81%E3%81%AE%E3%83%90%E3%82%A4%E3%82%AA%E3%83%8F%E3%82%B6%E3%83%BC%E3%83%897%E3%81%A7%E3%81%97%E3%82%83%E3%81%8C%E3%82%80%E6%93%8D%E4%BD%9C%E3%81%AF%E4%BD%95%E3%83%9C/ HTTP/1.1" 200 62405 "-" "Mozilla/5.0 AppleWebKit/537.36 (KHTML, like Gecko; compatible; bingbot/2.0; +http://www.bing.com/bingbot.htm) Chrome/103.0.5060.134 Safari/537.36" "mantech8.com"
185.191.171.45 - - [22/Oct/2022:00:17:29 -0700] "GET /index.php/camp-fire/42537860.html HTTP/1.1" 500 - "-" "Mozilla/5.0 (compatible; SemrushBot/7~bl; +http://www.semrush.com/bot.html)" "mantech8.com"
185.191.171.6 - - [22/Oct/2022:00:18:02 -0700] "GET /index.php/camp-fire/32877532.html HTTP/1.1" 500 - "-" "Mozilla/5.0 (compatible; SemrushBot/7~bl; +http://www.semrush.com/bot.html)" "mantech8.com"
216.244.66.241 - - [22/Oct/2022:00:18:27 -0700] "GET /robots.txt HTTP/1.1" 200 222 "-" "Mozilla/5.0 (compatible; DotBot/1.2; +https://opensiteexplorer.org/dotbot; help@moz.com)" "mantech8.com"
216.244.66.241 - - [22/Oct/2022:00:18:27 -0700] "GET /robots.txt HTTP/1.1" 200 222 "-" "Mozilla/5.0 (compatible; DotBot/1.2; +https://opensiteexplorer.org/dotbot; help@moz.com)" "www.mantech8.com"
114.119.133.166 - - [22/Oct/2022:00:18:35 -0700] "GET /index.php?psammo.xml HTTP/1.1" 200 289270 "-" "Mozilla/5.0 (Linux; Android 7.0;) AppleWebKit/537.36 (KHTML, like Gecko) Mobile Safari/537.36 (compatible; PetalBot;+https://webmaster.petalsearch.com/site/petalbot)" "mantech8.com"
185.191.171.26 - - [22/Oct/2022:00:19:30 -0700] "GET /index.php/camp-fire/16705326.html HTTP/1.1" 500 - "-" "Mozilla/5.0 (compatible; SemrushBot/7~bl; +http://www.semrush.com/bot.html)" "mantech8.com"
185.191.171.45 - - [22/Oct/2022:00:19:31 -0700] "GET /index.php/camp-fire/3418400.html HTTP/1.1" 500 - "-" "Mozilla/5.0 (compatible; SemrushBot/7~bl; +http://www.semrush.com/bot.html)" "mantech8.com"
185.191.171.44 - - [22/Oct/2022:00:20:13 -0700] "GET /index.php/camp-fire/32535755.html HTTP/1.1" 500 - "-" "Mozilla/5.0 (compatible; SemrushBot/7~bl; +http://www.semrush.com/bot.html)" "mantech8.com"
185.191.171.9 - - [22/Oct/2022:00:21:31 -0700] "GET /index.php/camp-fire/508469.html HTTP/1.1" 500 - "-" "Mozilla/5.0 (compatible; SemrushBot/7~bl; +http://www.semrush.com/bot.html)" "mantech8.com"
40.77.167.58 - - [22/Oct/2022:00:21:32 -0700] "GET /index.php?camp-fire/101524878.html HTTP/1.1" 200 63931 "-" "Mozilla/5.0 (compatible; bingbot/2.0; +http://www.bing.com/bingbot.htm)" "mantech8.com"
185.191.171.5 - - [22/Oct/2022:00:21:52 -0700] "GET /index.php/camp-fire/56816750.html HTTP/1.1" 500 - "-" "Mozilla/5.0 (compatible; SemrushBot/7~bl; +http://www.semrush.com/bot.html)" "mantech8.com"
185.191.171.9 - - [22/Oct/2022:00:22:02 -0700] "GET /index.php/camp-fire/28677989.html HTTP/1.1" 500 - "-" "Mozilla/5.0 (compatible; SemrushBot/7~bl; +http://www.semrush.com/bot.html)" "mantech8.com"
185.191.171.42 - - [22/Oct/2022:00:22:09 -0700] "GET /index.php/camp-fire/29887126.html HTTP/1.1" 500 - "-" "Mozilla/5.0 (compatible; SemrushBot/7~bl; +http://www.semrush.com/bot.html)" "mantech8.com"
185.191.171.33 - - [22/Oct/2022:00:22:28 -0700] "GET /index.php/camp-fire/26151180.html HTTP/1.1" 500 - "-" "Mozilla/5.0 (compatible; SemrushBot/7~bl; +http://www.semrush.com/bot.html)" "mantech8.com"
185.191.171.5 - - [22/Oct/2022:00:23:39 -0700] "GET /index.php/camp-fire/28743889.html HTTP/1.1" 500 - "-" "Mozilla/5.0 (compatible; SemrushBot/7~bl; +http://www.semrush.com/bot.html)" "mantech8.com"
