185.191.171.8 - - [21/Oct/2022:05:32:24 -0700] "GET /index.php/camp-fire/40391288.html HTTP/1.1" 500 - "-" "Mozilla/5.0 (compatible; SemrushBot/7~bl; +http://www.semrush.com/bot.html)" "mantech8.com"
66.249.66.66 - - [21/Oct/2022:05:33:08 -0700] "GET /crewmate.xml HTTP/1.1" 404 88 "-" "Mozilla/5.0 (compatible; Googlebot/2.1; +http://www.google.com/bot.html)" "mantech8.com"
185.191.171.1 - - [21/Oct/2022:05:33:43 -0700] "GET /index.php/camp-fire/36362250.html HTTP/1.1" 500 - "-" "Mozilla/5.0 (compatible; SemrushBot/7~bl; +http://www.semrush.com/bot.html)" "mantech8.com"
185.191.171.1 - - [21/Oct/2022:05:33:46 -0700] "GET /index.php/camp-fire/4280296.html HTTP/1.1" 500 - "-" "Mozilla/5.0 (compatible; SemrushBot/7~bl; +http://www.semrush.com/bot.html)" "mantech8.com"
185.191.171.18 - - [21/Oct/2022:05:34:18 -0700] "GET /index.php/camp-fire/59259635.html HTTP/1.1" 500 - "-" "Mozilla/5.0 (compatible; SemrushBot/7~bl; +http://www.semrush.com/bot.html)" "mantech8.com"
185.191.171.33 - - [21/Oct/2022:05:35:09 -0700] "GET /index.php/camp-fire/2476293.html HTTP/1.1" 500 - "-" "Mozilla/5.0 (compatible; SemrushBot/7~bl; +http://www.semrush.com/bot.html)" "mantech8.com"
185.191.171.17 - - [21/Oct/2022:05:35:12 -0700] "GET /index.php/camp-fire/50036055.html HTTP/1.1" 500 - "-" "Mozilla/5.0 (compatible; SemrushBot/7~bl; +http://www.semrush.com/bot.html)" "mantech8.com"
114.119.133.165 - - [21/Oct/2022:05:35:52 -0700] "GET /bimages/service/qdrjhwzf.php HTTP/1.1" 200 32 "http://www.mantech8.com/bimages/service/?C=S%3BO%3DA" "Mozilla/5.0 (Linux; Android 7.0;) AppleWebKit/537.36 (KHTML, like Gecko) Mobile Safari/537.36 (compatible; PetalBot;+https://webmaster.petalsearch.com/site/petalbot)" "www.mantech8.com"
185.191.171.1 - - [21/Oct/2022:05:36:40 -0700] "GET /index.php/camp-fire/1519953.html HTTP/1.1" 500 - "-" "Mozilla/5.0 (compatible; SemrushBot/7~bl; +http://www.semrush.com/bot.html)" "mantech8.com"
157.55.39.132 - - [21/Oct/2022:05:36:48 -0700] "GET /robots.txt HTTP/1.1" 200 106 "-" "Mozilla/5.0 (compatible; bingbot/2.0; +http://www.bing.com/bingbot.htm)" "mantech8.com"
157.55.39.132 - - [21/Oct/2022:05:36:48 -0700] "GET /robots.txt HTTP/1.1" 200 106 "-" "Mozilla/5.0 (compatible; bingbot/2.0; +http://www.bing.com/bingbot.htm)" "mantech8.com"
207.46.13.76 - - [21/Oct/2022:05:36:51 -0700] "GET /bimages/gallery/thump/sb12.jpg HTTP/1.1" 200 161160 "-" "Mozilla/5.0 AppleWebKit/537.36 (KHTML, like Gecko; compatible; bingbot/2.0; +http://www.bing.com/bingbot.htm) Chrome/103.0.5060.134 Safari/537.36" "mantech8.com"
185.191.171.22 - - [21/Oct/2022:05:38:20 -0700] "GET /index.php/camp-fire/38121603.html HTTP/1.1" 500 - "-" "Mozilla/5.0 (compatible; SemrushBot/7~bl; +http://www.semrush.com/bot.html)" "mantech8.com"
185.191.171.18 - - [21/Oct/2022:05:38:22 -0700] "GET /index.php/camp-fire/4696496.html HTTP/1.1" 500 - "-" "Mozilla/5.0 (compatible; SemrushBot/7~bl; +http://www.semrush.com/bot.html)" "mantech8.com"
185.191.171.23 - - [21/Oct/2022:05:38:50 -0700] "GET /index.php/camp-fire/39049135.html HTTP/1.1" 500 - "-" "Mozilla/5.0 (compatible; SemrushBot/7~bl; +http://www.semrush.com/bot.html)" "mantech8.com"
185.191.171.37 - - [21/Oct/2022:05:40:24 -0700] "GET /index.php/camp-fire/28309535.html HTTP/1.1" 500 - "-" "Mozilla/5.0 (compatible; SemrushBot/7~bl; +http://www.semrush.com/bot.html)" "mantech8.com"
66.249.66.64 - - [21/Oct/2022:05:41:22 -0700] "GET /sitemap5.xml HTTP/1.1" 404 88 "-" "Mozilla/5.0 (compatible; Googlebot/2.1; +http://www.google.com/bot.html)" "mantech8.com"
185.191.171.37 - - [21/Oct/2022:05:41:24 -0700] "GET /index.php/camp-fire/39878876.html HTTP/1.1" 500 - "-" "Mozilla/5.0 (compatible; SemrushBot/7~bl; +http://www.semrush.com/bot.html)" "mantech8.com"
185.191.171.2 - - [21/Oct/2022:05:41:41 -0700] "GET /index.php/camp-fire/24738665.html HTTP/1.1" 500 - "-" "Mozilla/5.0 (compatible; SemrushBot/7~bl; +http://www.semrush.com/bot.html)" "mantech8.com"
114.119.133.182 - - [21/Oct/2022:05:41:42 -0700] "GET /scaffoldinggal.php HTTP/1.1" 200 22289 "http://www.mantech8.com/paintinggal.php" "Mozilla/5.0 (Linux; Android 7.0;) AppleWebKit/537.36 (KHTML, like Gecko) Mobile Safari/537.36 (compatible; PetalBot;+https://webmaster.petalsearch.com/site/petalbot)" "www.mantech8.com"
185.191.171.35 - - [21/Oct/2022:05:42:35 -0700] "GET /index.php/camp-fire/35018625.html HTTP/1.1" 500 - "-" "Mozilla/5.0 (compatible; SemrushBot/7~bl; +http://www.semrush.com/bot.html)" "mantech8.com"
185.191.171.43 - - [21/Oct/2022:05:42:36 -0700] "GET /index.php/camp-fire/26179851.html HTTP/1.1" 500 - "-" "Mozilla/5.0 (compatible; SemrushBot/7~bl; +http://www.semrush.com/bot.html)" "mantech8.com"
185.191.171.8 - - [21/Oct/2022:05:43:01 -0700] "GET /index.php/camp-fire/23727817.html HTTP/1.1" 500 - "-" "Mozilla/5.0 (compatible; SemrushBot/7~bl; +http://www.semrush.com/bot.html)" "mantech8.com"
185.191.171.26 - - [21/Oct/2022:05:43:35 -0700] "GET /index.php/camp-fire/30682255.html HTTP/1.1" 500 - "-" "Mozilla/5.0 (compatible; SemrushBot/7~bl; +http://www.semrush.com/bot.html)" "mantech8.com"
185.191.171.4 - - [21/Oct/2022:05:43:57 -0700] "GET /index.php/camp-fire/26827421.html HTTP/1.1" 500 - "-" "Mozilla/5.0 (compatible; SemrushBot/7~bl; +http://www.semrush.com/bot.html)" "mantech8.com"
185.191.171.12 - - [21/Oct/2022:05:44:05 -0700] "GET /index.php/camp-fire/24706606.html HTTP/1.1" 500 - "-" "Mozilla/5.0 (compatible; SemrushBot/7~bl; +http://www.semrush.com/bot.html)" "mantech8.com"
185.191.171.17 - - [21/Oct/2022:05:45:00 -0700] "GET /index.php/camp-fire/26190183.html HTTP/1.1" 500 - "-" "Mozilla/5.0 (compatible; SemrushBot/7~bl; +http://www.semrush.com/bot.html)" "mantech8.com"
185.191.171.11 - - [21/Oct/2022:05:46:02 -0700] "GET /index.php/camp-fire/22571174.html HTTP/1.1" 500 - "-" "Mozilla/5.0 (compatible; SemrushBot/7~bl; +http://www.semrush.com/bot.html)" "mantech8.com"
185.191.171.25 - - [21/Oct/2022:05:46:58 -0700] "GET /index.php/camp-fire/15257759.html HTTP/1.1" 500 - "-" "Mozilla/5.0 (compatible; SemrushBot/7~bl; +http://www.semrush.com/bot.html)" "mantech8.com"
185.191.171.12 - - [21/Oct/2022:05:46:59 -0700] "GET /index.php/camp-fire/37438870.html HTTP/1.1" 500 - "-" "Mozilla/5.0 (compatible; SemrushBot/7~bl; +http://www.semrush.com/bot.html)" "mantech8.com"
114.119.133.182 - - [21/Oct/2022:05:47:18 -0700] "GET /index.php/sitemap6075.xml HTTP/1.1" 200 289354 "-" "Mozilla/5.0 (compatible;PetalBot;+https://webmaster.petalsearch.com/site/petalbot)" "mantech8.com"
185.191.171.3 - - [21/Oct/2022:05:47:33 -0700] "GET /index.php/camp-fire/33476693.html HTTP/1.1" 500 - "-" "Mozilla/5.0 (compatible; SemrushBot/7~bl; +http://www.semrush.com/bot.html)" "mantech8.com"
185.191.171.11 - - [21/Oct/2022:05:49:38 -0700] "GET /index.php/camp-fire/7906942.html HTTP/1.1" 500 - "-" "Mozilla/5.0 (compatible; SemrushBot/7~bl; +http://www.semrush.com/bot.html)" "mantech8.com"
185.191.171.18 - - [21/Oct/2022:05:49:41 -0700] "GET /index.php/camp-fire/35266059.html HTTP/1.1" 500 - "-" "Mozilla/5.0 (compatible; SemrushBot/7~bl; +http://www.semrush.com/bot.html)" "mantech8.com"
185.191.171.24 - - [21/Oct/2022:05:49:43 -0700] "GET /index.php/camp-fire/20766435.html HTTP/1.1" 500 - "-" "Mozilla/5.0 (compatible; SemrushBot/7~bl; +http://www.semrush.com/bot.html)" "mantech8.com"
185.191.171.5 - - [21/Oct/2022:05:51:25 -0700] "GET /index.php/camp-fire/24065233.html HTTP/1.1" 500 - "-" "Mozilla/5.0 (compatible; SemrushBot/7~bl; +http://www.semrush.com/bot.html)" "mantech8.com"
185.191.171.2 - - [21/Oct/2022:05:51:42 -0700] "GET /index.php/camp-fire/39526738.html HTTP/1.1" 500 - "-" "Mozilla/5.0 (compatible; SemrushBot/7~bl; +http://www.semrush.com/bot.html)" "mantech8.com"
185.191.171.16 - - [21/Oct/2022:05:52:03 -0700] "GET /index.php/camp-fire/4288285.html HTTP/1.1" 500 - "-" "Mozilla/5.0 (compatible; SemrushBot/7~bl; +http://www.semrush.com/bot.html)" "mantech8.com"
185.191.171.17 - - [21/Oct/2022:05:52:04 -0700] "GET /index.php/camp-fire/36816947.html HTTP/1.1" 500 - "-" "Mozilla/5.0 (compatible; SemrushBot/7~bl; +http://www.semrush.com/bot.html)" "mantech8.com"
40.77.167.72 - - [21/Oct/2022:05:52:49 -0700] "GET /bimages/certificate/thump/C11.jpg HTTP/1.1" 200 408902 "-" "Mozilla/5.0 AppleWebKit/537.36 (KHTML, like Gecko; compatible; bingbot/2.0; +http://www.bing.com/bingbot.htm) Chrome/103.0.5060.134 Safari/537.36" "mantech8.com"
114.119.133.182 - - [21/Oct/2022:05:52:59 -0700] "GET /bimages/video/thump/?C=D%3BO%3DA HTTP/1.1" 200 432 "http://www.mantech8.com/bimages/video/thump/" "Mozilla/5.0 (Linux; Android 7.0;) AppleWebKit/537.36 (KHTML, like Gecko) Mobile Safari/537.36 (compatible; PetalBot;+https://webmaster.petalsearch.com/site/petalbot)" "www.mantech8.com"
185.191.171.45 - - [21/Oct/2022:05:53:11 -0700] "GET /index.php/camp-fire/29305280.html HTTP/1.1" 500 - "-" "Mozilla/5.0 (compatible; SemrushBot/7~bl; +http://www.semrush.com/bot.html)" "mantech8.com"
185.191.171.9 - - [21/Oct/2022:05:53:45 -0700] "GET /index.php/camp-fire/40954502.html HTTP/1.1" 500 - "-" "Mozilla/5.0 (compatible; SemrushBot/7~bl; +http://www.semrush.com/bot.html)" "mantech8.com"
216.244.66.241 - - [21/Oct/2022:05:53:53 -0700] "GET /bimages/certificate/thump/c8.jpg HTTP/1.1" 200 335919 "-" "Mozilla/5.0 (compatible; DotBot/1.2; +https://opensiteexplorer.org/dotbot; help@moz.com)" "www.mantech8.com"
216.244.66.241 - - [21/Oct/2022:05:54:35 -0700] "GET /bimages/gallery/thump/ HTTP/1.1" 200 9282 "-" "Mozilla/5.0 (compatible; DotBot/1.2; +https://opensiteexplorer.org/dotbot; help@moz.com)" "www.mantech8.com"
185.191.171.3 - - [21/Oct/2022:05:54:38 -0700] "GET /index.php/camp-fire/41025616.html HTTP/1.1" 500 - "-" "Mozilla/5.0 (compatible; SemrushBot/7~bl; +http://www.semrush.com/bot.html)" "mantech8.com"
185.191.171.26 - - [21/Oct/2022:05:55:00 -0700] "GET /index.php/camp-fire/59015650.html HTTP/1.1" 500 - "-" "Mozilla/5.0 (compatible; SemrushBot/7~bl; +http://www.semrush.com/bot.html)" "mantech8.com"
66.249.66.23 - - [21/Oct/2022:05:55:07 -0700] "GET /shopping.geocities.jp/guruguru-cosme/css/temp_cosme.css HTTP/1.1" 404 88 "https://www.mantech8.com/index.php?camp-fire/43075506.html" "Mozilla/5.0 (Linux; Android 6.0.1; Nexus 5X Build/MMB29P) AppleWebKit/537.36 (KHTML, like Gecko) Chrome/106.0.5249.119 Mobile Safari/537.36 (compatible; Googlebot/2.1; +http://www.google.com/bot.html)" "www.mantech8.com"
66.249.66.23 - - [21/Oct/2022:05:55:08 -0700] "GET /shopping.geocities.jp/guruguru-cosme/css/temp_cosme.css HTTP/1.1" 404 88 "https://www.mantech8.com/index.php?camp-fire/43075506.html" "Mozilla/5.0 (Linux; Android 6.0.1; Nexus 5X Build/MMB29P) AppleWebKit/537.36 (KHTML, like Gecko) Chrome/106.0.5249.119 Mobile Safari/537.36 (compatible; Googlebot/2.1; +http://www.google.com/bot.html)" "www.mantech8.com"
185.191.171.23 - - [21/Oct/2022:05:57:51 -0700] "GET /index.php/camp-fire/14584459.html HTTP/1.1" 500 - "-" "Mozilla/5.0 (compatible; SemrushBot/7~bl; +http://www.semrush.com/bot.html)" "mantech8.com"
114.119.133.158 - - [21/Oct/2022:05:58:43 -0700] "GET /index.php?camp-fire/40886001.html HTTP/1.1" 500 - "-" "Mozilla/5.0 (Linux; Android 7.0;) AppleWebKit/537.36 (KHTML, like Gecko) Mobile Safari/537.36 (compatible; PetalBot;+https://webmaster.petalsearch.com/site/petalbot)" "www.mantech8.com"
185.191.171.23 - - [21/Oct/2022:05:58:44 -0700] "GET /index.php/camp-fire/8204078.html HTTP/1.1" 500 - "-" "Mozilla/5.0 (compatible; SemrushBot/7~bl; +http://www.semrush.com/bot.html)" "mantech8.com"
66.249.66.23 - - [21/Oct/2022:05:58:55 -0700] "GET /802911lp_02.jpg HTTP/1.1" 404 88 "-" "Googlebot-Image/1.0" "www.mantech8.com"
185.191.171.5 - - [21/Oct/2022:05:59:15 -0700] "GET /index.php/camp-fire/23783206.html HTTP/1.1" 500 - "-" "Mozilla/5.0 (compatible; SemrushBot/7~bl; +http://www.semrush.com/bot.html)" "mantech8.com"
185.191.171.8 - - [21/Oct/2022:05:59:52 -0700] "GET /index.php/camp-fire/30027471.html HTTP/1.1" 500 - "-" "Mozilla/5.0 (compatible; SemrushBot/7~bl; +http://www.semrush.com/bot.html)" "mantech8.com"
185.191.171.34 - - [21/Oct/2022:06:00:16 -0700] "GET /index.php/camp-fire/34027659.html HTTP/1.1" 500 - "-" "Mozilla/5.0 (compatible; SemrushBot/7~bl; +http://www.semrush.com/bot.html)" "mantech8.com"
185.191.171.42 - - [21/Oct/2022:06:00:33 -0700] "GET /index.php/camp-fire/33317442.html HTTP/1.1" 500 - "-" "Mozilla/5.0 (compatible; SemrushBot/7~bl; +http://www.semrush.com/bot.html)" "mantech8.com"
66.249.66.29 - - [21/Oct/2022:06:01:48 -0700] "GET /shopping.geocities.jp/den-mart/new/test/hb32hdvr11.jpg HTTP/1.1" 404 88 "-" "Googlebot-Image/1.0" "www.mantech8.com"
185.191.171.23 - - [21/Oct/2022:06:02:14 -0700] "GET /index.php/camp-fire/47450950.html HTTP/1.1" 500 - "-" "Mozilla/5.0 (compatible; SemrushBot/7~bl; +http://www.semrush.com/bot.html)" "mantech8.com"
185.191.171.15 - - [21/Oct/2022:06:02:55 -0700] "GET /index.php/camp-fire/33185926.html HTTP/1.1" 500 - "-" "Mozilla/5.0 (compatible; SemrushBot/7~bl; +http://www.semrush.com/bot.html)" "mantech8.com"
207.46.13.205 - - [21/Oct/2022:06:03:02 -0700] "GET /bimages/gallery/thump/sb7.jpg HTTP/1.1" 200 110646 "-" "Mozilla/5.0 (compatible; bingbot/2.0; +http://www.bing.com/bingbot.htm)" "mantech8.com"
185.191.171.9 - - [21/Oct/2022:06:04:16 -0700] "GET /index.php/camp-fire/28409864.html HTTP/1.1" 500 - "-" "Mozilla/5.0 (compatible; SemrushBot/7~bl; +http://www.semrush.com/bot.html)" "mantech8.com"
185.191.171.22 - - [21/Oct/2022:06:04:19 -0700] "GET /index.php/camp-fire/31077741.html HTTP/1.1" 500 - "-" "Mozilla/5.0 (compatible; SemrushBot/7~bl; +http://www.semrush.com/bot.html)" "mantech8.com"
114.119.133.190 - - [21/Oct/2022:06:04:20 -0700] "GET /?sitemap59.xml HTTP/1.1" 200 270655 "-" "Mozilla/5.0 (Linux; Android 7.0;) AppleWebKit/537.36 (KHTML, like Gecko) Mobile Safari/537.36 (compatible; PetalBot;+https://webmaster.petalsearch.com/site/petalbot)" "mantech8.com"
185.191.171.40 - - [21/Oct/2022:06:04:29 -0700] "GET /index.php/camp-fire/4089665.html HTTP/1.1" 500 - "-" "Mozilla/5.0 (compatible; SemrushBot/7~bl; +http://www.semrush.com/bot.html)" "mantech8.com"
185.191.171.23 - - [21/Oct/2022:06:04:50 -0700] "GET /index.php/camp-fire/26021046.html HTTP/1.1" 500 - "-" "Mozilla/5.0 (compatible; SemrushBot/7~bl; +http://www.semrush.com/bot.html)" "mantech8.com"
185.191.171.39 - - [21/Oct/2022:06:05:03 -0700] "GET /index.php/camp-fire/35666863.html HTTP/1.1" 500 - "-" "Mozilla/5.0 (compatible; SemrushBot/7~bl; +http://www.semrush.com/bot.html)" "mantech8.com"
66.249.66.23 - - [21/Oct/2022:06:06:17 -0700] "GET /bimages/gallery/thump/bn1.jpg HTTP/1.1" 200 188809 "-" "Googlebot-Image/1.0" "www.mantech8.com"
66.249.66.23 - - [21/Oct/2022:06:06:18 -0700] "GET /bimages/gallery/cb2.jpg HTTP/1.1" 200 200568 "-" "Googlebot-Image/1.0" "www.mantech8.com"
66.249.66.23 - - [21/Oct/2022:06:06:18 -0700] "GET /bimages/gallery/thump/c5.jpg HTTP/1.1" 200 144000 "-" "Googlebot-Image/1.0" "www.mantech8.com"
66.249.66.23 - - [21/Oct/2022:06:06:25 -0700] "GET /bimages/gallery/cb4.jpg HTTP/1.1" 200 170449 "-" "Googlebot-Image/1.0" "www.mantech8.com"
66.249.66.23 - - [21/Oct/2022:06:06:29 -0700] "GET /bimages/gallery/paint2.jpg HTTP/1.1" 200 149594 "-" "Googlebot-Image/1.0" "www.mantech8.com"
66.249.66.25 - - [21/Oct/2022:06:06:29 -0700] "GET /bimages/gallery/11.jpg HTTP/1.1" 200 143756 "-" "Googlebot-Image/1.0" "www.mantech8.com"
66.249.66.25 - - [21/Oct/2022:06:06:33 -0700] "GET /bimages/gallery/sn2.jpg HTTP/1.1" 200 54168 "-" "Googlebot-Image/1.0" "www.mantech8.com"
66.249.66.23 - - [21/Oct/2022:06:06:51 -0700] "GET /bimages/gallery/IDN%20S4.jpg HTTP/1.1" 200 162587 "-" "Googlebot-Image/1.0" "www.mantech8.com"
66.249.66.25 - - [21/Oct/2022:06:06:53 -0700] "GET /bimages/gallery/thump/sb11.jpg HTTP/1.1" 200 113138 "-" "Googlebot-Image/1.0" "www.mantech8.com"
66.249.66.27 - - [21/Oct/2022:06:06:57 -0700] "GET /bimages/gallery/thump/sb3.jpg HTTP/1.1" 200 137839 "-" "Googlebot-Image/1.0" "www.mantech8.com"
66.249.66.29 - - [21/Oct/2022:06:06:58 -0700] "GET /bimages/gallery/p2.jpg HTTP/1.1" 200 61616 "-" "Googlebot-Image/1.0" "www.mantech8.com"
66.249.66.25 - - [21/Oct/2022:06:07:01 -0700] "GET /bimages/gallery/paint4.jpg HTTP/1.1" 200 184695 "-" "Googlebot-Image/1.0" "www.mantech8.com"
66.249.66.27 - - [21/Oct/2022:06:07:02 -0700] "GET /bimages/gallery/thump/pb11.jpg HTTP/1.1" 200 405405 "-" "Googlebot-Image/1.0" "www.mantech8.com"
185.191.171.9 - - [21/Oct/2022:06:07:03 -0700] "GET /index.php/camp-fire/27454826.html HTTP/1.1" 500 - "-" "Mozilla/5.0 (compatible; SemrushBot/7~bl; +http://www.semrush.com/bot.html)" "mantech8.com"
66.249.66.23 - - [21/Oct/2022:06:07:12 -0700] "GET /bimages/gallery/thump/pb5.jpg HTTP/1.1" 200 543009 "-" "Googlebot-Image/1.0" "www.mantech8.com"
66.249.66.23 - - [21/Oct/2022:06:07:15 -0700] "GET /bimages/gallery/p8.jpg HTTP/1.1" 200 60348 "-" "Googlebot-Image/1.0" "www.mantech8.com"
66.249.66.23 - - [21/Oct/2022:06:07:18 -0700] "GET /bimages/gallery/p10.jpg HTTP/1.1" 200 60015 "-" "Googlebot-Image/1.0" "www.mantech8.com"
66.249.66.23 - - [21/Oct/2022:06:07:19 -0700] "GET /bimages/gallery/thump/c2.jpg HTTP/1.1" 200 156958 "-" "Googlebot-Image/1.0" "www.mantech8.com"
66.249.66.23 - - [21/Oct/2022:06:07:23 -0700] "GET /bimages/gallery/thump/sb5.jpg HTTP/1.1" 200 99183 "-" "Googlebot-Image/1.0" "www.mantech8.com"
185.191.171.25 - - [21/Oct/2022:06:07:31 -0700] "GET /index.php/camp-fire/6001577.html HTTP/1.1" 500 - "-" "Mozilla/5.0 (compatible; SemrushBot/7~bl; +http://www.semrush.com/bot.html)" "mantech8.com"
66.249.66.23 - - [21/Oct/2022:06:07:31 -0700] "GET /bimages/gallery/cb5.jpg HTTP/1.1" 200 179063 "-" "Googlebot-Image/1.0" "www.mantech8.com"
66.249.66.27 - - [21/Oct/2022:06:07:33 -0700] "GET /bimages/gallery/p11.jpg HTTP/1.1" 200 53620 "-" "Googlebot-Image/1.0" "www.mantech8.com"
66.249.66.25 - - [21/Oct/2022:06:07:40 -0700] "GET /bimages/gallery/thump/sb10.jpg HTTP/1.1" 200 119391 "-" "Googlebot-Image/1.0" "www.mantech8.com"
66.249.66.23 - - [21/Oct/2022:06:07:44 -0700] "GET /bimages/gallery/thump/pb1.jpg HTTP/1.1" 200 369104 "-" "Googlebot-Image/1.0" "www.mantech8.com"
66.249.66.23 - - [21/Oct/2022:06:07:45 -0700] "GET /bimages/gallery/ HTTP/1.1" 200 1162 "-" "Googlebot-Image/1.0" "www.mantech8.com"
66.249.66.27 - - [21/Oct/2022:06:07:47 -0700] "GET /bimages/gallery/thump/pb4.jpg HTTP/1.1" 200 441577 "-" "Googlebot-Image/1.0" "www.mantech8.com"
66.249.66.25 - - [21/Oct/2022:06:07:51 -0700] "GET /bimages/gallery/p14.jpg HTTP/1.1" 200 82978 "-" "Googlebot-Image/1.0" "www.mantech8.com"
66.249.66.23 - - [21/Oct/2022:06:07:52 -0700] "GET /bimages/gallery/s4.jpg HTTP/1.1" 200 129367 "-" "Googlebot-Image/1.0" "www.mantech8.com"
185.191.171.25 - - [21/Oct/2022:06:08:10 -0700] "GET /index.php/camp-fire/35182706.html HTTP/1.1" 500 - "-" "Mozilla/5.0 (compatible; SemrushBot/7~bl; +http://www.semrush.com/bot.html)" "mantech8.com"
66.249.66.23 - - [21/Oct/2022:06:08:12 -0700] "GET /bimages/gallery/s10.jpg HTTP/1.1" 200 161684 "-" "Googlebot-Image/1.0" "www.mantech8.com"
66.249.66.23 - - [21/Oct/2022:06:08:45 -0700] "GET /bimages/gallery/thump/c3.jpg HTTP/1.1" 200 106010 "-" "Googlebot-Image/1.0" "www.mantech8.com"
185.191.171.14 - - [21/Oct/2022:06:09:34 -0700] "GET /index.php/camp-fire/14788183.html HTTP/1.1" 500 - "-" "Mozilla/5.0 (compatible; SemrushBot/7~bl; +http://www.semrush.com/bot.html)" "mantech8.com"
185.191.171.1 - - [21/Oct/2022:06:09:36 -0700] "GET /index.php/camp-fire/43568159.html HTTP/1.1" 500 - "-" "Mozilla/5.0 (compatible; SemrushBot/7~bl; +http://www.semrush.com/bot.html)" "mantech8.com"
66.249.66.27 - - [21/Oct/2022:06:09:38 -0700] "GET /bimages/gallery/thump/sb2.jpg HTTP/1.1" 200 218705 "-" "Googlebot-Image/1.0" "www.mantech8.com"
66.249.66.23 - - [21/Oct/2022:06:09:47 -0700] "GET /bimages/gallery/cb4.jpg HTTP/1.1" 200 170449 "-" "Googlebot-Image/1.0" "www.mantech8.com"
66.249.66.25 - - [21/Oct/2022:06:09:47 -0700] "GET /bimages/gallery/thump/IDN%20B4.jpg HTTP/1.1" 200 464681 "-" "Googlebot-Image/1.0" "www.mantech8.com"
114.119.133.165 - - [21/Oct/2022:06:09:57 -0700] "GET /bimages/certificate/thump/?C=D%3BO%3DA HTTP/1.1" 200 637 "http://www.mantech8.com/bimages/certificate/thump/?C=N%3BO%3DD" "Mozilla/5.0 (Linux; Android 7.0;) AppleWebKit/537.36 (KHTML, like Gecko) Mobile Safari/537.36 (compatible; PetalBot;+https://webmaster.petalsearch.com/site/petalbot)" "www.mantech8.com"
216.244.66.241 - - [21/Oct/2022:06:10:18 -0700] "GET /robots.txt HTTP/1.1" 200 222 "-" "Mozilla/5.0 (compatible; DotBot/1.2; +https://opensiteexplorer.org/dotbot; help@moz.com)" "mantech8.com"
216.244.66.241 - - [21/Oct/2022:06:10:18 -0700] "GET /robots.txt HTTP/1.1" 200 222 "-" "Mozilla/5.0 (compatible; DotBot/1.2; +https://opensiteexplorer.org/dotbot; help@moz.com)" "www.mantech8.com"
66.249.66.25 - - [21/Oct/2022:06:11:30 -0700] "GET /bimages/gallery/12.jpg HTTP/1.1" 200 121344 "-" "Googlebot-Image/1.0" "www.mantech8.com"
40.77.167.72 - - [21/Oct/2022:06:11:52 -0700] "GET /sitemapindeximages.xml HTTP/1.1" 404 88 "-" "Mozilla/5.0 AppleWebKit/537.36 (KHTML, like Gecko; compatible; bingbot/2.0; +http://www.bing.com/bingbot.htm) Chrome/103.0.5060.134 Safari/537.36" "mantech8.com"
40.77.167.72 - - [21/Oct/2022:06:11:52 -0700] "GET /sitemapindex.xml HTTP/1.1" 404 88 "-" "Mozilla/5.0 AppleWebKit/537.36 (KHTML, like Gecko; compatible; bingbot/2.0; +http://www.bing.com/bingbot.htm) Chrome/103.0.5060.134 Safari/537.36" "mantech8.com"
207.46.13.76 - - [21/Oct/2022:06:11:55 -0700] "GET /sitemapmobileindex.xml HTTP/1.1" 404 88 "-" "Mozilla/5.0 (compatible; bingbot/2.0; +http://www.bing.com/bingbot.htm)" "mantech8.com"
185.191.171.37 - - [21/Oct/2022:06:11:55 -0700] "GET /index.php/camp-fire/33788308.html HTTP/1.1" 500 - "-" "Mozilla/5.0 (compatible; SemrushBot/7~bl; +http://www.semrush.com/bot.html)" "mantech8.com"
207.46.13.205 - - [21/Oct/2022:06:11:56 -0700] "GET /sitemapnewindex.xml HTTP/1.1" 404 88 "-" "Mozilla/5.0 (compatible; bingbot/2.0; +http://www.bing.com/bingbot.htm)" "mantech8.com"
185.191.171.33 - - [21/Oct/2022:06:12:48 -0700] "GET /index.php/camp-fire/27561926.html HTTP/1.1" 500 - "-" "Mozilla/5.0 (compatible; SemrushBot/7~bl; +http://www.semrush.com/bot.html)" "mantech8.com"
185.191.171.24 - - [21/Oct/2022:06:13:02 -0700] "GET /index.php/camp-fire/4295196.html HTTP/1.1" 500 - "-" "Mozilla/5.0 (compatible; SemrushBot/7~bl; +http://www.semrush.com/bot.html)" "mantech8.com"
185.191.171.7 - - [21/Oct/2022:06:13:10 -0700] "GET /index.php/camp-fire/34164621.html HTTP/1.1" 500 - "-" "Mozilla/5.0 (compatible; SemrushBot/7~bl; +http://www.semrush.com/bot.html)" "mantech8.com"
185.191.171.22 - - [21/Oct/2022:06:13:22 -0700] "GET /index.php/camp-fire/44813216.html HTTP/1.1" 500 - "-" "Mozilla/5.0 (compatible; SemrushBot/7~bl; +http://www.semrush.com/bot.html)" "mantech8.com"
185.191.171.3 - - [21/Oct/2022:06:13:42 -0700] "GET /index.php/camp-fire/38774189.html HTTP/1.1" 500 - "-" "Mozilla/5.0 (compatible; SemrushBot/7~bl; +http://www.semrush.com/bot.html)" "mantech8.com"
40.77.167.66 - - [21/Oct/2022:06:13:53 -0700] "GET /bimages/gallery/paint5.jpg HTTP/1.1" 200 126763 "-" "Mozilla/5.0 AppleWebKit/537.36 (KHTML, like Gecko; compatible; bingbot/2.0; +http://www.bing.com/bingbot.htm) Chrome/103.0.5060.134 Safari/537.36" "mantech8.com"
185.191.171.43 - - [21/Oct/2022:06:14:36 -0700] "GET /index.php/camp-fire/2519693.html HTTP/1.1" 500 - "-" "Mozilla/5.0 (compatible; SemrushBot/7~bl; +http://www.semrush.com/bot.html)" "mantech8.com"
185.191.171.18 - - [21/Oct/2022:06:14:55 -0700] "GET /index.php/camp-fire/40230216.html HTTP/1.1" 500 - "-" "Mozilla/5.0 (compatible; SemrushBot/7~bl; +http://www.semrush.com/bot.html)" "mantech8.com"
40.77.167.72 - - [21/Oct/2022:06:15:32 -0700] "GET /sitemapindeximages.xml HTTP/1.1" 404 88 "-" "Mozilla/5.0 AppleWebKit/537.36 (KHTML, like Gecko; compatible; bingbot/2.0; +http://www.bing.com/bingbot.htm) Chrome/103.0.5060.134 Safari/537.36" "mantech8.com"
185.191.171.20 - - [21/Oct/2022:06:15:40 -0700] "GET /index.php/camp-fire/47362271.html HTTP/1.1" 500 - "-" "Mozilla/5.0 (compatible; SemrushBot/7~bl; +http://www.semrush.com/bot.html)" "mantech8.com"
114.119.133.166 - - [21/Oct/2022:06:15:40 -0700] "GET /index.php/lamiter.xml HTTP/1.1" 200 289432 "-" "Mozilla/5.0 (Linux; Android 7.0;) AppleWebKit/537.36 (KHTML, like Gecko) Mobile Safari/537.36 (compatible; PetalBot;+https://webmaster.petalsearch.com/site/petalbot)" "mantech8.com"
40.77.167.72 - - [21/Oct/2022:06:16:22 -0700] "GET /sitemapindex.xml HTTP/1.1" 404 88 "-" "Mozilla/5.0 (compatible; bingbot/2.0; +http://www.bing.com/bingbot.htm)" "mantech8.com"
185.191.171.36 - - [21/Oct/2022:06:16:25 -0700] "GET /index.php/camp-fire/93757150.html HTTP/1.1" 500 - "-" "Mozilla/5.0 (compatible; SemrushBot/7~bl; +http://www.semrush.com/bot.html)" "mantech8.com"
66.249.66.16 - - [21/Oct/2022:06:16:31 -0700] "GET /bimages/certificate/c4.jpg HTTP/1.1" 200 392709 "-" "Googlebot-Image/1.0" "www.mantech8.com"
207.46.13.76 - - [21/Oct/2022:06:16:55 -0700] "GET /sitemapmobileindex.xml HTTP/1.1" 404 88 "-" "Mozilla/5.0 (compatible; bingbot/2.0; +http://www.bing.com/bingbot.htm)" "mantech8.com"
66.249.66.23 - - [21/Oct/2022:06:17:21 -0700] "GET /public/home/default/images/buliang.png HTTP/1.1" 404 88 "-" "Googlebot-Image/1.0" "www.mantech8.com"
185.191.171.37 - - [21/Oct/2022:06:17:43 -0700] "GET /index.php/camp-fire/38097372.html HTTP/1.1" 500 - "-" "Mozilla/5.0 (compatible; SemrushBot/7~bl; +http://www.semrush.com/bot.html)" "mantech8.com"
66.249.66.22 - - [21/Oct/2022:06:18:00 -0700] "GET /bimages/certificate/c8.jpg HTTP/1.1" 200 335919 "-" "Googlebot-Image/1.0" "www.mantech8.com"
185.191.171.42 - - [21/Oct/2022:06:18:54 -0700] "GET /index.php/camp-fire/27669209.html HTTP/1.1" 500 - "-" "Mozilla/5.0 (compatible; SemrushBot/7~bl; +http://www.semrush.com/bot.html)" "mantech8.com"
185.191.171.13 - - [21/Oct/2022:06:19:59 -0700] "GET /robots.txt HTTP/1.1" 200 106 "-" "Mozilla/5.0 (compatible; SemrushBot/7~bl; +http://www.semrush.com/bot.html)" "mantech8.com"
185.191.171.37 - - [21/Oct/2022:06:19:59 -0700] "GET /index.php/camp-fire/42897703.html HTTP/1.1" 500 - "-" "Mozilla/5.0 (compatible; SemrushBot/7~bl; +http://www.semrush.com/bot.html)" "mantech8.com"
185.191.171.23 - - [21/Oct/2022:06:20:48 -0700] "GET /index.php/camp-fire/33683725.html HTTP/1.1" 500 - "-" "Mozilla/5.0 (compatible; SemrushBot/7~bl; +http://www.semrush.com/bot.html)" "mantech8.com"
185.191.171.17 - - [21/Oct/2022:06:21:19 -0700] "GET /index.php/camp-fire/2383193.html HTTP/1.1" 500 - "-" "Mozilla/5.0 (compatible; SemrushBot/7~bl; +http://www.semrush.com/bot.html)" "mantech8.com"
114.119.133.190 - - [21/Oct/2022:06:21:21 -0700] "GET /bimages/headg/thump/ HTTP/1.1" 200 484 "http://mantech8.com/bimages/headg/?C=D%3BO%3DA" "Mozilla/5.0 (Linux; Android 7.0;) AppleWebKit/537.36 (KHTML, like Gecko) Mobile Safari/537.36 (compatible; PetalBot;+https://webmaster.petalsearch.com/site/petalbot)" "mantech8.com"
185.191.171.9 - - [21/Oct/2022:06:22:05 -0700] "GET /index.php/camp-fire/21933487.html HTTP/1.1" 500 - "-" "Mozilla/5.0 (compatible; SemrushBot/7~bl; +http://www.semrush.com/bot.html)" "mantech8.com"
185.191.171.45 - - [21/Oct/2022:06:22:41 -0700] "GET /index.php/camp-fire/7679500.html HTTP/1.1" 500 - "-" "Mozilla/5.0 (compatible; SemrushBot/7~bl; +http://www.semrush.com/bot.html)" "mantech8.com"
185.191.171.21 - - [21/Oct/2022:06:23:03 -0700] "GET /index.php/camp-fire/33975808.html HTTP/1.1" 500 - "-" "Mozilla/5.0 (compatible; SemrushBot/7~bl; +http://www.semrush.com/bot.html)" "mantech8.com"
185.191.171.23 - - [21/Oct/2022:06:23:24 -0700] "GET /index.php/camp-fire/21933887.html HTTP/1.1" 500 - "-" "Mozilla/5.0 (compatible; SemrushBot/7~bl; +http://www.semrush.com/bot.html)" "mantech8.com"
185.191.171.42 - - [21/Oct/2022:06:24:47 -0700] "GET /index.php/camp-fire/36801825.html HTTP/1.1" 500 - "-" "Mozilla/5.0 (compatible; SemrushBot/7~bl; +http://www.semrush.com/bot.html)" "mantech8.com"
185.191.171.10 - - [21/Oct/2022:06:25:14 -0700] "GET /index.php/camp-fire/27323397.html HTTP/1.1" 500 - "-" "Mozilla/5.0 (compatible; SemrushBot/7~bl; +http://www.semrush.com/bot.html)" "mantech8.com"
185.191.171.6 - - [21/Oct/2022:06:25:36 -0700] "GET /index.php/camp-fire/8611678.html HTTP/1.1" 500 - "-" "Mozilla/5.0 (compatible; SemrushBot/7~bl; +http://www.semrush.com/bot.html)" "mantech8.com"
185.191.171.20 - - [21/Oct/2022:06:25:50 -0700] "GET /index.php/camp-fire/14747621.html HTTP/1.1" 500 - "-" "Mozilla/5.0 (compatible; SemrushBot/7~bl; +http://www.semrush.com/bot.html)" "mantech8.com"
185.191.171.24 - - [21/Oct/2022:06:26:11 -0700] "GET /index.php/camp-fire/7809542.html HTTP/1.1" 500 - "-" "Mozilla/5.0 (compatible; SemrushBot/7~bl; +http://www.semrush.com/bot.html)" "mantech8.com"
114.119.133.190 - - [21/Oct/2022:06:26:49 -0700] "GET /index.php?sitemap-index-4.xml HTTP/1.1" 200 4844 "-" "Mozilla/5.0 (Linux; Android 7.0;) AppleWebKit/537.36 (KHTML, like Gecko) Mobile Safari/537.36 (compatible; PetalBot;+https://webmaster.petalsearch.com/site/petalbot)" "mantech8.com"
185.191.171.33 - - [21/Oct/2022:06:27:05 -0700] "GET /index.php/camp-fire/43927730.html HTTP/1.1" 500 - "-" "Mozilla/5.0 (compatible; SemrushBot/7~bl; +http://www.semrush.com/bot.html)" "mantech8.com"
185.191.171.2 - - [21/Oct/2022:06:27:34 -0700] "GET /index.php/camp-fire/25775576.html HTTP/1.1" 500 - "-" "Mozilla/5.0 (compatible; SemrushBot/7~bl; +http://www.semrush.com/bot.html)" "mantech8.com"
185.191.171.38 - - [21/Oct/2022:06:28:08 -0700] "GET /index.php/camp-fire/27675109.html HTTP/1.1" 500 - "-" "Mozilla/5.0 (compatible; SemrushBot/7~bl; +http://www.semrush.com/bot.html)" "mantech8.com"
185.191.171.33 - - [21/Oct/2022:06:28:10 -0700] "GET /index.php/camp-fire/17647327.html HTTP/1.1" 500 - "-" "Mozilla/5.0 (compatible; SemrushBot/7~bl; +http://www.semrush.com/bot.html)" "mantech8.com"
207.46.13.205 - - [21/Oct/2022:06:29:34 -0700] "GET /bimages/paintg/thump/paint%20b4.jpg HTTP/1.1" 200 142441 "-" "Mozilla/5.0 (compatible; bingbot/2.0; +http://www.bing.com/bingbot.htm)" "mantech8.com"
185.191.171.17 - - [21/Oct/2022:06:30:07 -0700] "GET /index.php/camp-fire/36409238.html HTTP/1.1" 500 - "-" "Mozilla/5.0 (compatible; SemrushBot/7~bl; +http://www.semrush.com/bot.html)" "mantech8.com"
207.46.13.184 - - [21/Oct/2022:06:30:10 -0700] "GET / HTTP/1.1" 200 64946 "-" "Mozilla/5.0 (compatible; bingbot/2.0; +http://www.bing.com/bingbot.htm)" "www.mantech8.com"
185.191.171.8 - - [21/Oct/2022:06:30:17 -0700] "GET /index.php/camp-fire/573269.html HTTP/1.1" 500 - "-" "Mozilla/5.0 (compatible; SemrushBot/7~bl; +http://www.semrush.com/bot.html)" "mantech8.com"
185.191.171.8 - - [21/Oct/2022:06:31:09 -0700] "GET /index.php/camp-fire/34223608.html HTTP/1.1" 500 - "-" "Mozilla/5.0 (compatible; SemrushBot/7~bl; +http://www.semrush.com/bot.html)" "mantech8.com"
185.191.171.22 - - [21/Oct/2022:06:32:05 -0700] "GET /index.php/camp-fire/4256196.html HTTP/1.1" 500 - "-" "Mozilla/5.0 (compatible; SemrushBot/7~bl; +http://www.semrush.com/bot.html)" "mantech8.com"
114.119.133.182 - - [21/Oct/2022:06:32:35 -0700] "GET /sitemap-index-8.xml HTTP/1.1" 404 88 "-" "Mozilla/5.0 (compatible;PetalBot;+https://webmaster.petalsearch.com/site/petalbot)" "mantech8.com"
185.191.171.40 - - [21/Oct/2022:06:33:24 -0700] "GET /index.php/camp-fire/52237449.html HTTP/1.1" 500 - "-" "Mozilla/5.0 (compatible; SemrushBot/7~bl; +http://www.semrush.com/bot.html)" "mantech8.com"
185.191.171.17 - - [21/Oct/2022:06:33:48 -0700] "GET /index.php/camp-fire/28564259.html HTTP/1.1" 500 - "-" "Mozilla/5.0 (compatible; SemrushBot/7~bl; +http://www.semrush.com/bot.html)" "mantech8.com"
185.191.171.34 - - [21/Oct/2022:06:33:54 -0700] "GET /index.php/camp-fire/36170225.html HTTP/1.1" 500 - "-" "Mozilla/5.0 (compatible; SemrushBot/7~bl; +http://www.semrush.com/bot.html)" "mantech8.com"
185.191.171.41 - - [21/Oct/2022:06:34:30 -0700] "GET /index.php/camp-fire/38356103.html HTTP/1.1" 500 - "-" "Mozilla/5.0 (compatible; SemrushBot/7~bl; +http://www.semrush.com/bot.html)" "mantech8.com"
185.191.171.24 - - [21/Oct/2022:06:34:34 -0700] "GET /index.php/camp-fire/3400798.html HTTP/1.1" 500 - "-" "Mozilla/5.0 (compatible; SemrushBot/7~bl; +http://www.semrush.com/bot.html)" "mantech8.com"
185.191.171.4 - - [21/Oct/2022:06:34:41 -0700] "GET /index.php/camp-fire/7129798.html HTTP/1.1" 500 - "-" "Mozilla/5.0 (compatible; SemrushBot/7~bl; +http://www.semrush.com/bot.html)" "mantech8.com"
66.249.66.25 - - [21/Oct/2022:06:34:57 -0700] "GET /jcfc/201810/w020190814369590405570.png HTTP/1.1" 404 88 "-" "Googlebot-Image/1.0" "www.mantech8.com"
185.191.171.42 - - [21/Oct/2022:06:35:52 -0700] "GET /index.php/camp-fire/22730787.html HTTP/1.1" 500 - "-" "Mozilla/5.0 (compatible; SemrushBot/7~bl; +http://www.semrush.com/bot.html)" "mantech8.com"
185.191.171.17 - - [21/Oct/2022:06:36:48 -0700] "GET /index.php/camp-fire/30143006.html HTTP/1.1" 500 - "-" "Mozilla/5.0 (compatible; SemrushBot/7~bl; +http://www.semrush.com/bot.html)" "mantech8.com"
185.191.171.19 - - [21/Oct/2022:06:37:34 -0700] "GET /index.php/camp-fire/28340835.html HTTP/1.1" 500 - "-" "Mozilla/5.0 (compatible; SemrushBot/7~bl; +http://www.semrush.com/bot.html)" "mantech8.com"
114.119.133.166 - - [21/Oct/2022:06:38:17 -0700] "GET /sitemap5587.xml HTTP/1.1" 404 88 "-" "Mozilla/5.0 (compatible;PetalBot;+https://webmaster.petalsearch.com/site/petalbot)" "mantech8.com"
66.249.66.25 - - [21/Oct/2022:06:38:47 -0700] "GET /bimages/gallery/thump/pb9.jpg HTTP/1.1" 200 512175 "-" "Googlebot-Image/1.0" "www.mantech8.com"
66.249.66.25 - - [21/Oct/2022:06:38:47 -0700] "GET /bimages/gallery/thump/pb8.jpg HTTP/1.1" 200 486393 "-" "Googlebot-Image/1.0" "www.mantech8.com"
66.249.66.23 - - [21/Oct/2022:06:38:48 -0700] "GET /bimages/gallery/paint1.jpg HTTP/1.1" 200 181426 "-" "Googlebot-Image/1.0" "www.mantech8.com"
66.249.66.27 - - [21/Oct/2022:06:38:50 -0700] "GET /bimages/gallery/thump/IDN%20B.jpg HTTP/1.1" 200 562003 "-" "Googlebot-Image/1.0" "www.mantech8.com"
66.249.66.25 - - [21/Oct/2022:06:38:53 -0700] "GET /bimages/gallery/s6.jpg HTTP/1.1" 200 131268 "-" "Googlebot-Image/1.0" "www.mantech8.com"
66.249.66.23 - - [21/Oct/2022:06:38:58 -0700] "GET /bimages/gallery/31.jpg HTTP/1.1" 200 106635 "-" "Googlebot-Image/1.0" "www.mantech8.com"
66.249.66.23 - - [21/Oct/2022:06:38:58 -0700] "GET /bimages/gallery/thump/pb6.jpg HTTP/1.1" 200 406958 "-" "Googlebot-Image/1.0" "www.mantech8.com"
66.249.66.23 - - [21/Oct/2022:06:39:00 -0700] "GET /bimages/gallery/p9.jpg HTTP/1.1" 200 65353 "-" "Googlebot-Image/1.0" "www.mantech8.com"
66.249.66.95 - - [21/Oct/2022:06:39:02 -0700] "GET /ads.txt HTTP/1.1" 404 88 "-" "Mozilla/5.0 (compatible; Googlebot/2.1; +http://www.google.com/bot.html)" "mantech8.com"
66.249.66.23 - - [21/Oct/2022:06:39:03 -0700] "GET /bimages/gallery/p5.jpg HTTP/1.1" 200 70312 "-" "Googlebot-Image/1.0" "www.mantech8.com"
66.249.66.23 - - [21/Oct/2022:06:39:09 -0700] "GET /bimages/gallery/cb3.jpg HTTP/1.1" 200 147153 "-" "Googlebot-Image/1.0" "www.mantech8.com"
66.249.66.23 - - [21/Oct/2022:06:39:13 -0700] "GET /bimages/gallery/s3.jpg HTTP/1.1" 200 170464 "-" "Googlebot-Image/1.0" "www.mantech8.com"
66.249.66.23 - - [21/Oct/2022:06:39:16 -0700] "GET /bimages/gallery/s2.jpg HTTP/1.1" 200 253028 "-" "Googlebot-Image/1.0" "www.mantech8.com"
185.191.171.33 - - [21/Oct/2022:06:39:17 -0700] "GET /index.php/camp-fire/28023259.html HTTP/1.1" 500 - "-" "Mozilla/5.0 (compatible; SemrushBot/7~bl; +http://www.semrush.com/bot.html)" "mantech8.com"
66.249.66.23 - - [21/Oct/2022:06:39:29 -0700] "GET /bimages/gallery/p12.jpg HTTP/1.1" 200 74718 "-" "Googlebot-Image/1.0" "www.mantech8.com"
185.191.171.2 - - [21/Oct/2022:06:39:37 -0700] "GET /index.php/camp-fire/3881174.html HTTP/1.1" 500 - "-" "Mozilla/5.0 (compatible; SemrushBot/7~bl; +http://www.semrush.com/bot.html)" "mantech8.com"
66.249.66.23 - - [21/Oct/2022:06:39:43 -0700] "GET /bimages/gallery/thump/pb14.jpg HTTP/1.1" 200 549438 "-" "Googlebot-Image/1.0" "www.mantech8.com"
185.191.171.2 - - [21/Oct/2022:06:39:48 -0700] "GET /index.php/camp-fire/78080985.html HTTP/1.1" 500 - "-" "Mozilla/5.0 (compatible; SemrushBot/7~bl; +http://www.semrush.com/bot.html)" "mantech8.com"
185.191.171.4 - - [21/Oct/2022:06:39:57 -0700] "GET /index.php/camp-fire/32887060.html HTTP/1.1" 500 - "-" "Mozilla/5.0 (compatible; SemrushBot/7~bl; +http://www.semrush.com/bot.html)" "mantech8.com"
185.191.171.18 - - [21/Oct/2022:06:40:19 -0700] "GET /index.php/camp-fire/22081365.html HTTP/1.1" 500 - "-" "Mozilla/5.0 (compatible; SemrushBot/7~bl; +http://www.semrush.com/bot.html)" "mantech8.com"
66.249.66.23 - - [21/Oct/2022:06:40:35 -0700] "GET /bimages/gallery/thump/pb7.jpg HTTP/1.1" 200 538316 "-" "Googlebot-Image/1.0" "www.mantech8.com"
40.77.167.66 - - [21/Oct/2022:06:40:47 -0700] "GET /camp-fire/43883654.html HTTP/1.1" 404 88 "-" "Mozilla/5.0 (compatible; bingbot/2.0; +http://www.bing.com/bingbot.htm)" "www.mantech8.com"
185.191.171.19 - - [21/Oct/2022:06:40:52 -0700] "GET /index.php/camp-fire/4390496.html HTTP/1.1" 500 - "-" "Mozilla/5.0 (compatible; SemrushBot/7~bl; +http://www.semrush.com/bot.html)" "mantech8.com"
185.191.171.39 - - [21/Oct/2022:06:41:43 -0700] "GET /index.php/camp-fire/24862627.html HTTP/1.1" 500 - "-" "Mozilla/5.0 (compatible; SemrushBot/7~bl; +http://www.semrush.com/bot.html)" "mantech8.com"
185.191.171.15 - - [21/Oct/2022:06:42:20 -0700] "GET /index.php/camp-fire/38773989.html HTTP/1.1" 500 - "-" "Mozilla/5.0 (compatible; SemrushBot/7~bl; +http://www.semrush.com/bot.html)" "mantech8.com"
66.249.66.23 - - [21/Oct/2022:06:43:28 -0700] "GET /bimages/gallery/cb1.jpg HTTP/1.1" 200 201031 "-" "Googlebot-Image/1.0" "www.mantech8.com"
114.119.133.182 - - [21/Oct/2022:06:43:53 -0700] "GET /bimages/tank/director.php HTTP/1.1" 200 32 "http://www.mantech8.com/bimages/tank/?C=N%3BO%3DD" "Mozilla/5.0 (Linux; Android 7.0;) AppleWebKit/537.36 (KHTML, like Gecko) Mobile Safari/537.36 (compatible; PetalBot;+https://webmaster.petalsearch.com/site/petalbot)" "www.mantech8.com"
185.109.217.140 - - [21/Oct/2022:06:44:38 -0700] "HEAD / HTTP/1.1" 500 - "-" "Mozilla/5.0 (X11; Linux x86_64; rv:105.0) Gecko/20100101 Firefox/105.0" "mantech8.com"
185.109.217.140 - - [21/Oct/2022:06:44:39 -0700] "HEAD / HTTP/1.1" 500 - "-" "Mozilla/5.0 (X11; Linux x86_64; rv:105.0) Gecko/20100101 Firefox/105.0" "mantech8.com"
185.109.217.140 - - [21/Oct/2022:06:44:39 -0700] "GET / HTTP/1.1" 500 - "-" "Mozilla/5.0 (X11; Linux x86_64; rv:105.0) Gecko/20100101 Firefox/105.0" "mantech8.com"
185.109.217.140 - - [21/Oct/2022:06:44:40 -0700] "HEAD / HTTP/1.1" 500 - "-" "Mozilla/5.0 (X11; Linux x86_64; rv:105.0) Gecko/20100101 Firefox/105.0" "mantech8.com"
185.109.217.140 - - [21/Oct/2022:06:44:42 -0700] "SPOCK / HTTP/1.1" 500 - "-" "Mozilla/5.0 (X11; Linux x86_64; rv:105.0) Gecko/20100101 Firefox/105.0" "mantech8.com"
185.109.217.140 - - [21/Oct/2022:06:44:43 -0700] "OPTIONS / HTTP/1.1" 500 - "-" "Mozilla/5.0 (X11; Linux x86_64; rv:105.0) Gecko/20100101 Firefox/105.0" "mantech8.com"
185.109.217.140 - - [21/Oct/2022:06:44:43 -0700] "HEAD / HTTP/1.1" 500 - "-" "Mozilla/5.0 (X11; Linux x86_64; rv:105.0) Gecko/20100101 Firefox/105.0" "mantech8.com"
185.109.217.140 - - [21/Oct/2022:06:44:43 -0700] "HEAD / HTTP/1.1" 500 - "-" "Mozilla/5.0 (X11; Linux x86_64; rv:105.0) Gecko/20100101 Firefox/105.0" "mantech8.com"
185.109.217.140 - - [21/Oct/2022:06:44:43 -0700] "HEAD / HTTP/1.1" 500 - "-" "Mozilla/5.0 (X11; Linux x86_64; rv:105.0) Gecko/20100101 Firefox/105.0" "mantech8.com"
185.109.217.140 - - [21/Oct/2022:06:44:43 -0700] "HEAD / HTTP/1.1" 500 - "-" "Mozilla/5.0 (X11; Linux x86_64; rv:105.0) Gecko/20100101 Firefox/105.0" "mantech8.com"
185.109.217.140 - - [21/Oct/2022:06:44:44 -0700] "HEAD / HTTP/1.1" 500 - "-" "Mozilla/5.0 (X11; Linux x86_64; rv:105.0) Gecko/20100101 Firefox/105.0" "mantech8.com"
185.109.217.140 - - [21/Oct/2022:06:44:44 -0700] "HEAD / HTTP/1.1" 500 - "-" "Mozilla/5.0 (X11; Linux x86_64; rv:105.0) Gecko/20100101 Firefox/105.0" "mantech8.com"
185.109.217.140 - - [21/Oct/2022:06:44:45 -0700] "HEAD / HTTP/1.1" 500 - "-" "Mozilla/5.0 (X11; Linux x86_64; rv:105.0) Gecko/20100101 Firefox/105.0" "mantech8.com"
185.109.217.140 - - [21/Oct/2022:06:44:46 -0700] "GET / HTTP/1.1" 500 - "-" "Mozilla/5.0 (X11; Linux x86_64; rv:105.0) Gecko/20100101 Firefox/105.0" "mantech8.com"
185.109.217.140 - - [21/Oct/2022:06:44:46 -0700] "HEAD / HTTP/1.1" 500 - "-" "Mozilla/5.0 (X11; Linux x86_64; rv:105.0) Gecko/20100101 Firefox/105.0" "mantech8.com"
185.109.217.140 - - [21/Oct/2022:06:44:49 -0700] "SPOCK / HTTP/1.1" 500 - "-" "Mozilla/5.0 (X11; Linux x86_64; rv:105.0) Gecko/20100101 Firefox/105.0" "mantech8.com"
185.109.217.140 - - [21/Oct/2022:06:44:50 -0700] "OPTIONS / HTTP/1.1" 500 - "-" "Mozilla/5.0 (X11; Linux x86_64; rv:105.0) Gecko/20100101 Firefox/105.0" "mantech8.com"
185.109.217.140 - - [21/Oct/2022:06:44:50 -0700] "HEAD / HTTP/1.1" 500 - "-" "Mozilla/5.0 (X11; Linux x86_64; rv:105.0) Gecko/20100101 Firefox/105.0" "mantech8.com"
185.109.217.140 - - [21/Oct/2022:06:44:51 -0700] "HEAD / HTTP/1.1" 500 - "-" "Mozilla/5.0 (X11; Linux x86_64; rv:105.0) Gecko/20100101 Firefox/105.0" "mantech8.com"
185.109.217.140 - - [21/Oct/2022:06:44:51 -0700] "HEAD / HTTP/1.1" 500 - "-" "Mozilla/5.0 (X11; Linux x86_64; rv:105.0) Gecko/20100101 Firefox/105.0" "mantech8.com"
185.109.217.140 - - [21/Oct/2022:06:44:52 -0700] "HEAD / HTTP/1.1" 500 - "-" "Mozilla/5.0 (X11; Linux x86_64; rv:105.0) Gecko/20100101 Firefox/105.0" "mantech8.com"
185.191.171.22 - - [21/Oct/2022:06:44:58 -0700] "GET /index.php/camp-fire/31558147.html HTTP/1.1" 500 - "-" "Mozilla/5.0 (compatible; SemrushBot/7~bl; +http://www.semrush.com/bot.html)" "mantech8.com"
185.191.171.13 - - [21/Oct/2022:06:45:03 -0700] "GET /index.php/camp-fire/27379670.html HTTP/1.1" 500 - "-" "Mozilla/5.0 (compatible; SemrushBot/7~bl; +http://www.semrush.com/bot.html)" "mantech8.com"
66.249.66.23 - - [21/Oct/2022:06:45:15 -0700] "GET /u_file/fileupload/2022-01/20/2022012087036.jpg HTTP/1.1" 404 88 "-" "Googlebot-Image/1.0" "www.mantech8.com"
185.191.171.6 - - [21/Oct/2022:06:45:19 -0700] "GET /index.php/camp-fire/32739555.html HTTP/1.1" 500 - "-" "Mozilla/5.0 (compatible; SemrushBot/7~bl; +http://www.semrush.com/bot.html)" "mantech8.com"
185.191.171.21 - - [21/Oct/2022:06:46:36 -0700] "GET /index.php/camp-fire/41909002.html HTTP/1.1" 500 - "-" "Mozilla/5.0 (compatible; SemrushBot/7~bl; +http://www.semrush.com/bot.html)" "mantech8.com"
185.191.171.35 - - [21/Oct/2022:06:46:43 -0700] "GET /index.php/camp-fire/34583721.html HTTP/1.1" 500 - "-" "Mozilla/5.0 (compatible; SemrushBot/7~bl; +http://www.semrush.com/bot.html)" "mantech8.com"
185.35.67.212 - - [21/Oct/2022:06:46:44 -0700] "GET /blog_default.html HTTP/1.1" 404 73 "-" "aragna.net_bot" "mantech8.com"
185.191.171.10 - - [21/Oct/2022:06:46:56 -0700] "GET /index.php/camp-fire/51737903.html HTTP/1.1" 500 - "-" "Mozilla/5.0 (compatible; SemrushBot/7~bl; +http://www.semrush.com/bot.html)" "mantech8.com"
207.46.13.184 - - [21/Oct/2022:06:47:03 -0700] "GET /index.php/kakunodate-michinoku-small/ HTTP/1.1" 200 71826 "-" "Mozilla/5.0 AppleWebKit/537.36 (KHTML, like Gecko; compatible; bingbot/2.0; +http://www.bing.com/bingbot.htm) Chrome/103.0.5060.134 Safari/537.36" "mantech8.com"
185.191.171.7 - - [21/Oct/2022:06:47:15 -0700] "GET /index.php/camp-fire/30631355.html HTTP/1.1" 500 - "-" "Mozilla/5.0 (compatible; SemrushBot/7~bl; +http://www.semrush.com/bot.html)" "mantech8.com"
185.191.171.35 - - [21/Oct/2022:06:49:24 -0700] "GET /index.php/camp-fire/28892130.html HTTP/1.1" 500 - "-" "Mozilla/5.0 (compatible; SemrushBot/7~bl; +http://www.semrush.com/bot.html)" "mantech8.com"
114.119.133.158 - - [21/Oct/2022:06:49:33 -0700] "GET /?viton.xml HTTP/1.1" 200 270395 "-" "Mozilla/5.0 (Linux; Android 7.0;) AppleWebKit/537.36 (KHTML, like Gecko) Mobile Safari/537.36 (compatible; PetalBot;+https://webmaster.petalsearch.com/site/petalbot)" "mantech8.com"
185.191.171.40 - - [21/Oct/2022:06:50:06 -0700] "GET /index.php/camp-fire/48657235.html HTTP/1.1" 500 - "-" "Mozilla/5.0 (compatible; SemrushBot/7~bl; +http://www.semrush.com/bot.html)" "mantech8.com"
185.191.171.40 - - [21/Oct/2022:06:50:08 -0700] "GET /index.php/camp-fire/17858783.html HTTP/1.1" 500 - "-" "Mozilla/5.0 (compatible; SemrushBot/7~bl; +http://www.semrush.com/bot.html)" "mantech8.com"
185.191.171.19 - - [21/Oct/2022:06:50:14 -0700] "GET /index.php/camp-fire/8271678.html HTTP/1.1" 500 - "-" "Mozilla/5.0 (compatible; SemrushBot/7~bl; +http://www.semrush.com/bot.html)" "mantech8.com"
185.191.171.38 - - [21/Oct/2022:06:50:43 -0700] "GET /index.php/camp-fire/6437929.html HTTP/1.1" 500 - "-" "Mozilla/5.0 (compatible; SemrushBot/7~bl; +http://www.semrush.com/bot.html)" "mantech8.com"
185.191.171.44 - - [21/Oct/2022:06:52:25 -0700] "GET /index.php/camp-fire/6274659.html HTTP/1.1" 500 - "-" "Mozilla/5.0 (compatible; SemrushBot/7~bl; +http://www.semrush.com/bot.html)" "mantech8.com"
185.191.171.44 - - [21/Oct/2022:06:53:35 -0700] "GET /index.php/camp-fire/27278670.html HTTP/1.1" 500 - "-" "Mozilla/5.0 (compatible; SemrushBot/7~bl; +http://www.semrush.com/bot.html)" "mantech8.com"
185.191.171.7 - - [21/Oct/2022:06:53:38 -0700] "GET /index.php/camp-fire/7358680.html HTTP/1.1" 500 - "-" "Mozilla/5.0 (compatible; SemrushBot/7~bl; +http://www.semrush.com/bot.html)" "mantech8.com"
185.191.171.17 - - [21/Oct/2022:06:53:40 -0700] "GET /index.php/camp-fire/22431865.html HTTP/1.1" 500 - "-" "Mozilla/5.0 (compatible; SemrushBot/7~bl; +http://www.semrush.com/bot.html)" "mantech8.com"
185.191.171.45 - - [21/Oct/2022:06:55:09 -0700] "GET /index.php/camp-fire/53261309.html HTTP/1.1" 500 - "-" "Mozilla/5.0 (compatible; SemrushBot/7~bl; +http://www.semrush.com/bot.html)" "mantech8.com"
114.119.133.158 - - [21/Oct/2022:06:55:13 -0700] "GET /index.php?camp-fire/92266463.html HTTP/1.1" 500 - "-" "Mozilla/5.0 (Linux; Android 7.0;) AppleWebKit/537.36 (KHTML, like Gecko) Mobile Safari/537.36 (compatible; PetalBot;+https://webmaster.petalsearch.com/site/petalbot)" "www.mantech8.com"
185.191.171.33 - - [21/Oct/2022:06:55:22 -0700] "GET /index.php/camp-fire/40979950.html HTTP/1.1" 500 - "-" "Mozilla/5.0 (compatible; SemrushBot/7~bl; +http://www.semrush.com/bot.html)" "mantech8.com"
185.191.171.34 - - [21/Oct/2022:06:56:04 -0700] "GET /index.php/camp-fire/48316003.html HTTP/1.1" 500 - "-" "Mozilla/5.0 (compatible; SemrushBot/7~bl; +http://www.semrush.com/bot.html)" "mantech8.com"
185.191.171.35 - - [21/Oct/2022:06:57:16 -0700] "GET /index.php/camp-fire/25157665.html HTTP/1.1" 500 - "-" "Mozilla/5.0 (compatible; SemrushBot/7~bl; +http://www.semrush.com/bot.html)" "mantech8.com"
185.191.171.45 - - [21/Oct/2022:06:57:42 -0700] "GET /index.php/camp-fire/42497403.html HTTP/1.1" 500 - "-" "Mozilla/5.0 (compatible; SemrushBot/7~bl; +http://www.semrush.com/bot.html)" "mantech8.com"
185.191.171.7 - - [21/Oct/2022:06:58:35 -0700] "GET /index.php/camp-fire/5218600.html HTTP/1.1" 500 - "-" "Mozilla/5.0 (compatible; SemrushBot/7~bl; +http://www.semrush.com/bot.html)" "mantech8.com"
185.191.171.34 - - [21/Oct/2022:06:58:48 -0700] "GET /index.php/camp-fire/27573371.html HTTP/1.1" 500 - "-" "Mozilla/5.0 (compatible; SemrushBot/7~bl; +http://www.semrush.com/bot.html)" "mantech8.com"
185.191.171.6 - - [21/Oct/2022:06:58:52 -0700] "GET /index.php/camp-fire/45205188.html HTTP/1.1" 500 - "-" "Mozilla/5.0 (compatible; SemrushBot/7~bl; +http://www.semrush.com/bot.html)" "mantech8.com"
185.191.171.18 - - [21/Oct/2022:06:59:31 -0700] "GET /index.php/camp-fire/31817063.html HTTP/1.1" 500 - "-" "Mozilla/5.0 (compatible; SemrushBot/7~bl; +http://www.semrush.com/bot.html)" "mantech8.com"
185.191.171.7 - - [21/Oct/2022:06:59:35 -0700] "GET /index.php/camp-fire/28948135.html HTTP/1.1" 500 - "-" "Mozilla/5.0 (compatible; SemrushBot/7~bl; +http://www.semrush.com/bot.html)" "mantech8.com"
185.191.171.7 - - [21/Oct/2022:07:00:17 -0700] "GET /index.php/camp-fire/39297725.html HTTP/1.1" 500 - "-" "Mozilla/5.0 (compatible; SemrushBot/7~bl; +http://www.semrush.com/bot.html)" "mantech8.com"
185.191.171.8 - - [21/Oct/2022:07:00:27 -0700] "GET /index.php/camp-fire/2604493.html HTTP/1.1" 500 - "-" "Mozilla/5.0 (compatible; SemrushBot/7~bl; +http://www.semrush.com/bot.html)" "mantech8.com"
114.119.133.158 - - [21/Oct/2022:07:00:55 -0700] "GET /index.php/sitemap96.xml HTTP/1.1" 200 289436 "-" "Mozilla/5.0 (compatible;PetalBot;+https://webmaster.petalsearch.com/site/petalbot)" "mantech8.com"
185.191.171.14 - - [21/Oct/2022:07:00:59 -0700] "GET /index.php/camp-fire/33647859.html HTTP/1.1" 500 - "-" "Mozilla/5.0 (compatible; SemrushBot/7~bl; +http://www.semrush.com/bot.html)" "mantech8.com"
66.249.66.25 - - [21/Oct/2022:07:01:50 -0700] "GET /em_tools/img/infection_left.png HTTP/1.1" 404 88 "-" "Googlebot-Image/1.0" "www.mantech8.com"
216.244.66.241 - - [21/Oct/2022:07:02:15 -0700] "GET /robots.txt HTTP/1.1" 200 222 "-" "Mozilla/5.0 (compatible; DotBot/1.2; +https://opensiteexplorer.org/dotbot; help@moz.com)" "www.mantech8.com"
216.244.66.241 - - [21/Oct/2022:07:02:15 -0700] "GET /robots.txt HTTP/1.1" 200 222 "-" "Mozilla/5.0 (compatible; DotBot/1.2; +https://opensiteexplorer.org/dotbot; help@moz.com)" "mantech8.com"
185.191.171.10 - - [21/Oct/2022:07:03:17 -0700] "GET /index.php/camp-fire/27309097.html HTTP/1.1" 500 - "-" "Mozilla/5.0 (compatible; SemrushBot/7~bl; +http://www.semrush.com/bot.html)" "mantech8.com"
185.191.171.17 - - [21/Oct/2022:07:03:44 -0700] "GET /index.php/camp-fire/32573809.html HTTP/1.1" 500 - "-" "Mozilla/5.0 (compatible; SemrushBot/7~bl; +http://www.semrush.com/bot.html)" "mantech8.com"
185.191.171.23 - - [21/Oct/2022:07:04:27 -0700] "GET /index.php/camp-fire/3976774.html HTTP/1.1" 500 - "-" "Mozilla/5.0 (compatible; SemrushBot/7~bl; +http://www.semrush.com/bot.html)" "mantech8.com"
207.46.13.184 - - [21/Oct/2022:07:04:43 -0700] "GET /index.php?camp-fire/12278789.html HTTP/1.1" 200 63467 "-" "Mozilla/5.0 AppleWebKit/537.36 (KHTML, like Gecko; compatible; bingbot/2.0; +http://www.bing.com/bingbot.htm) Chrome/103.0.5060.134 Safari/537.36" "www.mantech8.com"
