185.191.171.21 - - [21/Oct/2022:01:31:34 -0700] "GET /index.php/camp-fire/6201772.html HTTP/1.1" 500 - "-" "Mozilla/5.0 (compatible; SemrushBot/7~bl; +http://www.semrush.com/bot.html)" "mantech8.com"
185.191.171.25 - - [21/Oct/2022:01:31:45 -0700] "GET /index.php/camp-fire/43935608.html HTTP/1.1" 500 - "-" "Mozilla/5.0 (compatible; SemrushBot/7~bl; +http://www.semrush.com/bot.html)" "mantech8.com"
185.191.171.5 - - [21/Oct/2022:01:32:25 -0700] "GET /index.php/camp-fire/15907146.html HTTP/1.1" 500 - "-" "Mozilla/5.0 (compatible; SemrushBot/7~bl; +http://www.semrush.com/bot.html)" "mantech8.com"
185.191.171.24 - - [21/Oct/2022:01:32:41 -0700] "GET /index.php/camp-fire/3356578.html HTTP/1.1" 500 - "-" "Mozilla/5.0 (compatible; SemrushBot/7~bl; +http://www.semrush.com/bot.html)" "mantech8.com"
66.249.66.18 - - [21/Oct/2022:01:32:41 -0700] "GET /ads.txt HTTP/1.1" 404 88 "-" "Mozilla/5.0 (compatible; Googlebot/2.1; +http://www.google.com/bot.html)" "www.mantech8.com"
185.191.171.26 - - [21/Oct/2022:01:32:56 -0700] "GET /index.php/camp-fire/25932165.html HTTP/1.1" 500 - "-" "Mozilla/5.0 (compatible; SemrushBot/7~bl; +http://www.semrush.com/bot.html)" "mantech8.com"
185.191.171.44 - - [21/Oct/2022:01:33:15 -0700] "GET /index.php/camp-fire/46266172.html HTTP/1.1" 500 - "-" "Mozilla/5.0 (compatible; SemrushBot/7~bl; +http://www.semrush.com/bot.html)" "mantech8.com"
185.191.171.1 - - [21/Oct/2022:01:33:16 -0700] "GET /index.php/camp-fire/15857084.html HTTP/1.1" 500 - "-" "Mozilla/5.0 (compatible; SemrushBot/7~bl; +http://www.semrush.com/bot.html)" "mantech8.com"
207.46.13.205 - - [21/Oct/2022:01:33:46 -0700] "GET /index.php?camp-fire/488.html HTTP/1.1" 200 64582 "-" "Mozilla/5.0 (compatible; bingbot/2.0; +http://www.bing.com/bingbot.htm)" "www.mantech8.com"
114.119.133.182 - - [21/Oct/2022:01:34:06 -0700] "GET /index.php?sitemap6157.xml HTTP/1.1" 200 289456 "-" "Mozilla/5.0 (compatible;PetalBot;+https://webmaster.petalsearch.com/site/petalbot)" "mantech8.com"
185.191.171.35 - - [21/Oct/2022:01:34:10 -0700] "GET /index.php/camp-fire/3429100.html HTTP/1.1" 500 - "-" "Mozilla/5.0 (compatible; SemrushBot/7~bl; +http://www.semrush.com/bot.html)" "mantech8.com"
185.191.171.37 - - [21/Oct/2022:01:35:11 -0700] "GET /index.php/camp-fire/47391802.html HTTP/1.1" 500 - "-" "Mozilla/5.0 (compatible; SemrushBot/7~bl; +http://www.semrush.com/bot.html)" "mantech8.com"
185.191.171.7 - - [21/Oct/2022:01:35:32 -0700] "GET /index.php/camp-fire/25709606.html HTTP/1.1" 500 - "-" "Mozilla/5.0 (compatible; SemrushBot/7~bl; +http://www.semrush.com/bot.html)" "mantech8.com"
185.191.171.23 - - [21/Oct/2022:01:36:16 -0700] "GET /index.php/camp-fire/35563164.html HTTP/1.1" 500 - "-" "Mozilla/5.0 (compatible; SemrushBot/7~bl; +http://www.semrush.com/bot.html)" "mantech8.com"
185.191.171.23 - - [21/Oct/2022:01:36:24 -0700] "GET /index.php/camp-fire/43935492.html HTTP/1.1" 500 - "-" "Mozilla/5.0 (compatible; SemrushBot/7~bl; +http://www.semrush.com/bot.html)" "mantech8.com"
185.191.171.13 - - [21/Oct/2022:01:36:57 -0700] "GET /index.php/camp-fire/23931633.html HTTP/1.1" 500 - "-" "Mozilla/5.0 (compatible; SemrushBot/7~bl; +http://www.semrush.com/bot.html)" "mantech8.com"
207.46.13.184 - - [21/Oct/2022:01:39:32 -0700] "GET /?/haircarecolumn/%E3%83%80%E3%83%A1%E3%83%BC%E3%82%B8%E3%83%AC%E3%82%B9%E3%82%AB%E3%83%A9%E3%83%BC%E3%80%90%E3%82%AA%E3%83%A9%E3%83%97%E3%83%AC%E3%83%83%E3%82%AF%E3%82%B9%E3%80%91%E3%81%AE%E7%A7%98%E5%AF%86/ HTTP/1.1" 200 61914 "-" "Mozilla/5.0 AppleWebKit/537.36 (KHTML, like Gecko; compatible; bingbot/2.0; +http://www.bing.com/bingbot.htm) Chrome/103.0.5060.134 Safari/537.36" "mantech8.com"
185.191.171.16 - - [21/Oct/2022:01:40:03 -0700] "GET /index.php/camp-fire/44144476.html HTTP/1.1" 500 - "-" "Mozilla/5.0 (compatible; SemrushBot/7~bl; +http://www.semrush.com/bot.html)" "mantech8.com"
185.191.171.33 - - [21/Oct/2022:01:40:15 -0700] "GET /index.php/camp-fire/43117408.html HTTP/1.1" 500 - "-" "Mozilla/5.0 (compatible; SemrushBot/7~bl; +http://www.semrush.com/bot.html)" "mantech8.com"
114.119.133.158 - - [21/Oct/2022:01:40:17 -0700] "GET /bimages/certificate/thump/ HTTP/1.1" 200 637 "http://mantech8.com/bimages/certificate/?C=N%3BO%3DD" "Mozilla/5.0 (Linux; Android 7.0;) AppleWebKit/537.36 (KHTML, like Gecko) Mobile Safari/537.36 (compatible; PetalBot;+https://webmaster.petalsearch.com/site/petalbot)" "mantech8.com"
185.191.171.12 - - [21/Oct/2022:01:40:24 -0700] "GET /index.php/camp-fire/19242727.html HTTP/1.1" 500 - "-" "Mozilla/5.0 (compatible; SemrushBot/7~bl; +http://www.semrush.com/bot.html)" "mantech8.com"
185.191.171.26 - - [21/Oct/2022:01:40:43 -0700] "GET /index.php/camp-fire/38774289.html HTTP/1.1" 500 - "-" "Mozilla/5.0 (compatible; SemrushBot/7~bl; +http://www.semrush.com/bot.html)" "mantech8.com"
185.191.171.23 - - [21/Oct/2022:01:41:21 -0700] "GET /index.php/camp-fire/32621668.html HTTP/1.1" 500 - "-" "Mozilla/5.0 (compatible; SemrushBot/7~bl; +http://www.semrush.com/bot.html)" "mantech8.com"
185.191.171.25 - - [21/Oct/2022:01:41:35 -0700] "GET /index.php/camp-fire/25062906.html HTTP/1.1" 500 - "-" "Mozilla/5.0 (compatible; SemrushBot/7~bl; +http://www.semrush.com/bot.html)" "mantech8.com"
185.191.171.24 - - [21/Oct/2022:01:41:39 -0700] "GET /index.php/camp-fire/26626626.html HTTP/1.1" 500 - "-" "Mozilla/5.0 (compatible; SemrushBot/7~bl; +http://www.semrush.com/bot.html)" "mantech8.com"
24.51.39.242 - - [21/Oct/2022:01:42:15 -0700] "GET /contact.php HTTP/1.1" 200 29238 "http://mantech8.com/contact.php" "Mozilla/5.0 (Windows NT 6.2; Win64; x64) AppleWebKit/537.36 (KHTML, like Gecko) Chrome/90.0.4430.72 Safari/537.36" "mantech8.com"
185.191.171.16 - - [21/Oct/2022:01:42:20 -0700] "GET /index.php/camp-fire/7604921.html HTTP/1.1" 500 - "-" "Mozilla/5.0 (compatible; SemrushBot/7~bl; +http://www.semrush.com/bot.html)" "mantech8.com"
185.191.171.13 - - [21/Oct/2022:01:43:46 -0700] "GET /index.php/camp-fire/40366776.html HTTP/1.1" 500 - "-" "Mozilla/5.0 (compatible; SemrushBot/7~bl; +http://www.semrush.com/bot.html)" "mantech8.com"
185.191.171.37 - - [21/Oct/2022:01:43:48 -0700] "GET /index.php/camp-fire/75686251.html HTTP/1.1" 500 - "-" "Mozilla/5.0 (compatible; SemrushBot/7~bl; +http://www.semrush.com/bot.html)" "mantech8.com"
185.191.171.10 - - [21/Oct/2022:01:44:20 -0700] "GET /index.php/camp-fire/32880989.html HTTP/1.1" 500 - "-" "Mozilla/5.0 (compatible; SemrushBot/7~bl; +http://www.semrush.com/bot.html)" "mantech8.com"
185.191.171.15 - - [21/Oct/2022:01:44:33 -0700] "GET /index.php/camp-fire/4215965.html HTTP/1.1" 500 - "-" "Mozilla/5.0 (compatible; SemrushBot/7~bl; +http://www.semrush.com/bot.html)" "mantech8.com"
185.191.171.33 - - [21/Oct/2022:01:45:33 -0700] "GET /index.php/camp-fire/26370382.html HTTP/1.1" 500 - "-" "Mozilla/5.0 (compatible; SemrushBot/7~bl; +http://www.semrush.com/bot.html)" "mantech8.com"
185.191.171.34 - - [21/Oct/2022:01:46:38 -0700] "GET /index.php/camp-fire/26776929.html HTTP/1.1" 500 - "-" "Mozilla/5.0 (compatible; SemrushBot/7~bl; +http://www.semrush.com/bot.html)" "mantech8.com"
185.191.171.41 - - [21/Oct/2022:01:46:40 -0700] "GET /index.php/camp-fire/3114378.html HTTP/1.1" 500 - "-" "Mozilla/5.0 (compatible; SemrushBot/7~bl; +http://www.semrush.com/bot.html)" "mantech8.com"
185.191.171.13 - - [21/Oct/2022:01:46:44 -0700] "GET /index.php/camp-fire/30833982.html HTTP/1.1" 500 - "-" "Mozilla/5.0 (compatible; SemrushBot/7~bl; +http://www.semrush.com/bot.html)" "mantech8.com"
103.131.71.48 - - [21/Oct/2022:01:48:30 -0700] "GET /robots.txt HTTP/1.1" 200 106 "-" "Mozilla/5.0 (compatible; coccocbot-image/1.0; +http://help.coccoc.com/searchengine)" "www.mantech8.com"
103.131.71.29 - - [21/Oct/2022:01:48:38 -0700] "GET /bimages/electric/sh2.jpg HTTP/1.1" 304 - "-" "Mozilla/5.0 (compatible; coccocbot-image/1.0; +http://help.coccoc.com/searchengine)" "www.mantech8.com"
207.46.13.205 - - [21/Oct/2022:01:49:38 -0700] "GET /index.php?/dp/b07g88lkl3?&linkcode=li1&tag=chisa2518-22&linkid=2ab46a2d3ba01cd749e7359333f3c7d1&language=ja_jp&ref_=as_li_ss_il HTTP/1.1" 200 70819 "-" "Mozilla/5.0 (compatible; bingbot/2.0; +http://www.bing.com/bingbot.htm)" "www.mantech8.com"
185.191.171.14 - - [21/Oct/2022:01:49:55 -0700] "GET /index.php/camp-fire/31522670.html HTTP/1.1" 500 - "-" "Mozilla/5.0 (compatible; SemrushBot/7~bl; +http://www.semrush.com/bot.html)" "mantech8.com"
185.191.171.38 - - [21/Oct/2022:01:50:39 -0700] "GET /index.php/camp-fire/28256935.html HTTP/1.1" 500 - "-" "Mozilla/5.0 (compatible; SemrushBot/7~bl; +http://www.semrush.com/bot.html)" "mantech8.com"
185.191.171.38 - - [21/Oct/2022:01:50:40 -0700] "GET /index.php/camp-fire/33505993.html HTTP/1.1" 500 - "-" "Mozilla/5.0 (compatible; SemrushBot/7~bl; +http://www.semrush.com/bot.html)" "mantech8.com"
185.191.171.38 - - [21/Oct/2022:01:50:41 -0700] "GET /index.php/camp-fire/40402950.html HTTP/1.1" 500 - "-" "Mozilla/5.0 (compatible; SemrushBot/7~bl; +http://www.semrush.com/bot.html)" "mantech8.com"
185.191.171.25 - - [21/Oct/2022:01:51:20 -0700] "GET /index.php/camp-fire/7825642.html HTTP/1.1" 500 - "-" "Mozilla/5.0 (compatible; SemrushBot/7~bl; +http://www.semrush.com/bot.html)" "mantech8.com"
185.191.171.42 - - [21/Oct/2022:01:51:35 -0700] "GET /index.php/camp-fire/27793497.html HTTP/1.1" 500 - "-" "Mozilla/5.0 (compatible; SemrushBot/7~bl; +http://www.semrush.com/bot.html)" "mantech8.com"
185.191.171.3 - - [21/Oct/2022:01:52:48 -0700] "GET /index.php/camp-fire/55979334.html HTTP/1.1" 500 - "-" "Mozilla/5.0 (compatible; SemrushBot/7~bl; +http://www.semrush.com/bot.html)" "mantech8.com"
213.180.203.88 - - [21/Oct/2022:01:52:55 -0700] "GET /robots.txt HTTP/1.1" 200 222 "-" "Mozilla/5.0 (compatible; YandexBot/3.0; +http://yandex.com/bots)" "www.mantech8.com"
5.255.231.246 - - [21/Oct/2022:01:52:59 -0700] "GET / HTTP/1.1" 500 - "-" "Mozilla/5.0 (compatible; YandexBot/3.0; +http://yandex.com/bots)" "www.mantech8.com"
216.244.66.241 - - [21/Oct/2022:01:53:19 -0700] "GET /robots.txt HTTP/1.1" 200 222 "-" "Mozilla/5.0 (compatible; DotBot/1.2; +https://opensiteexplorer.org/dotbot; help@moz.com)" "www.mantech8.com"
216.244.66.241 - - [21/Oct/2022:01:53:19 -0700] "GET /robots.txt HTTP/1.1" 200 222 "-" "Mozilla/5.0 (compatible; DotBot/1.2; +https://opensiteexplorer.org/dotbot; help@moz.com)" "mantech8.com"
185.191.171.39 - - [21/Oct/2022:01:53:27 -0700] "GET /index.php/camp-fire/26129182.html HTTP/1.1" 500 - "-" "Mozilla/5.0 (compatible; SemrushBot/7~bl; +http://www.semrush.com/bot.html)" "mantech8.com"
185.191.171.3 - - [21/Oct/2022:01:54:07 -0700] "GET /index.php/camp-fire/37448076.html HTTP/1.1" 500 - "-" "Mozilla/5.0 (compatible; SemrushBot/7~bl; +http://www.semrush.com/bot.html)" "mantech8.com"
185.191.171.35 - - [21/Oct/2022:01:56:14 -0700] "GET /index.php/camp-fire/37350438.html HTTP/1.1" 500 - "-" "Mozilla/5.0 (compatible; SemrushBot/7~bl; +http://www.semrush.com/bot.html)" "mantech8.com"
185.191.171.3 - - [21/Oct/2022:01:56:25 -0700] "GET /index.php/camp-fire/758298.html HTTP/1.1" 500 - "-" "Mozilla/5.0 (compatible; SemrushBot/7~bl; +http://www.semrush.com/bot.html)" "mantech8.com"
185.191.171.43 - - [21/Oct/2022:01:56:43 -0700] "GET /index.php/camp-fire/29305583.html HTTP/1.1" 500 - "-" "Mozilla/5.0 (compatible; SemrushBot/7~bl; +http://www.semrush.com/bot.html)" "mantech8.com"
66.249.66.70 - - [21/Oct/2022:01:56:47 -0700] "GET /bimages/client/client7.png HTTP/1.1" 200 34665 "-" "Googlebot-Image/1.0" "mantech8.com"
40.77.167.66 - - [21/Oct/2022:01:56:58 -0700] "GET /bimages/gallery/thump/sb5.jpg HTTP/1.1" 200 99183 "-" "Mozilla/5.0 AppleWebKit/537.36 (KHTML, like Gecko; compatible; bingbot/2.0; +http://www.bing.com/bingbot.htm) Chrome/103.0.5060.134 Safari/537.36" "mantech8.com"
185.191.171.10 - - [21/Oct/2022:01:58:16 -0700] "GET /index.php/camp-fire/41445841.html HTTP/1.1" 500 - "-" "Mozilla/5.0 (compatible; SemrushBot/7~bl; +http://www.semrush.com/bot.html)" "mantech8.com"
207.46.13.205 - - [21/Oct/2022:01:58:48 -0700] "GET /index.php?/%EF%BC%BB%E6%94%B9%E8%A8%82%E7%89%88%EF%BC%BD%E6%97%A5%E6%9C%AC%E3%81%A7%E4%B8%80%E7%95%AA%E3%82%8F%E3%81%8B%E3%82%8A%E3%82%84%E3%81%99%E3%81%84%E5%9B%9B%E6%9F%B1%E6%8E%A8%E5%91%BD%E3%81%AE%E6%9C%AC-%E6%9E%97-%E7%A7%80%E9%9D%9C-ebook/dp/b09b6r2wtk?_encoding=utf8&qid=&sr=&linkcode=li1&tag=chisa2518-22&linkid=dd3274c516a0cb849045850d269882f9&language=ja_jp&ref_=as_li_ss_il HTTP/1.1" 200 68474 "-" "Mozilla/5.0 AppleWebKit/537.36 (KHTML, like Gecko; compatible; bingbot/2.0; +http://www.bing.com/bingbot.htm) Chrome/103.0.5060.134 Safari/537.36" "www.mantech8.com"
185.191.171.36 - - [21/Oct/2022:01:59:17 -0700] "GET /index.php/camp-fire/32519468.html HTTP/1.1" 500 - "-" "Mozilla/5.0 (compatible; SemrushBot/7~bl; +http://www.semrush.com/bot.html)" "mantech8.com"
207.46.13.184 - - [21/Oct/2022:02:00:24 -0700] "GET /index.php?camp-fire/20294781.html HTTP/1.1" 200 66567 "-" "Mozilla/5.0 AppleWebKit/537.36 (KHTML, like Gecko; compatible; bingbot/2.0; +http://www.bing.com/bingbot.htm) Chrome/103.0.5060.134 Safari/537.36" "www.mantech8.com"
40.77.167.58 - - [21/Oct/2022:02:00:29 -0700] "GET /camp-fire/71742079.html HTTP/1.1" 404 88 "-" "Mozilla/5.0 (compatible; bingbot/2.0; +http://www.bing.com/bingbot.htm)" "www.mantech8.com"
185.191.171.23 - - [21/Oct/2022:02:00:29 -0700] "GET /index.php/camp-fire/36783789.html HTTP/1.1" 500 - "-" "Mozilla/5.0 (compatible; SemrushBot/7~bl; +http://www.semrush.com/bot.html)" "mantech8.com"
185.191.171.45 - - [21/Oct/2022:02:00:40 -0700] "GET /index.php/camp-fire/34989216.html HTTP/1.1" 500 - "-" "Mozilla/5.0 (compatible; SemrushBot/7~bl; +http://www.semrush.com/bot.html)" "mantech8.com"
185.191.171.14 - - [21/Oct/2022:02:01:16 -0700] "GET /index.php/camp-fire/31927730.html HTTP/1.1" 500 - "-" "Mozilla/5.0 (compatible; SemrushBot/7~bl; +http://www.semrush.com/bot.html)" "mantech8.com"
185.191.171.26 - - [21/Oct/2022:02:01:29 -0700] "GET /index.php/camp-fire/9680883.html HTTP/1.1" 500 - "-" "Mozilla/5.0 (compatible; SemrushBot/7~bl; +http://www.semrush.com/bot.html)" "mantech8.com"
185.191.171.14 - - [21/Oct/2022:02:02:34 -0700] "GET /index.php/camp-fire/38186872.html HTTP/1.1" 500 - "-" "Mozilla/5.0 (compatible; SemrushBot/7~bl; +http://www.semrush.com/bot.html)" "mantech8.com"
185.191.171.4 - - [21/Oct/2022:02:02:46 -0700] "GET /index.php/camp-fire/38830792.html HTTP/1.1" 500 - "-" "Mozilla/5.0 (compatible; SemrushBot/7~bl; +http://www.semrush.com/bot.html)" "mantech8.com"
185.191.171.20 - - [21/Oct/2022:02:03:03 -0700] "GET /index.php/camp-fire/28917664.html HTTP/1.1" 500 - "-" "Mozilla/5.0 (compatible; SemrushBot/7~bl; +http://www.semrush.com/bot.html)" "mantech8.com"
185.191.171.6 - - [21/Oct/2022:02:03:30 -0700] "GET /index.php/camp-fire/27838382.html HTTP/1.1" 500 - "-" "Mozilla/5.0 (compatible; SemrushBot/7~bl; +http://www.semrush.com/bot.html)" "mantech8.com"
185.191.171.6 - - [21/Oct/2022:02:05:00 -0700] "GET /index.php/camp-fire/494469.html HTTP/1.1" 500 - "-" "Mozilla/5.0 (compatible; SemrushBot/7~bl; +http://www.semrush.com/bot.html)" "mantech8.com"
185.191.171.34 - - [21/Oct/2022:02:05:11 -0700] "GET /index.php/camp-fire/4409496.html HTTP/1.1" 500 - "-" "Mozilla/5.0 (compatible; SemrushBot/7~bl; +http://www.semrush.com/bot.html)" "mantech8.com"
185.191.171.1 - - [21/Oct/2022:02:05:20 -0700] "GET /index.php/camp-fire/46520803.html HTTP/1.1" 500 - "-" "Mozilla/5.0 (compatible; SemrushBot/7~bl; +http://www.semrush.com/bot.html)" "mantech8.com"
185.191.171.12 - - [21/Oct/2022:02:05:56 -0700] "GET /index.php/camp-fire/41783403.html HTTP/1.1" 500 - "-" "Mozilla/5.0 (compatible; SemrushBot/7~bl; +http://www.semrush.com/bot.html)" "mantech8.com"
185.191.171.23 - - [21/Oct/2022:02:06:12 -0700] "GET /index.php/camp-fire/3316193.html HTTP/1.1" 500 - "-" "Mozilla/5.0 (compatible; SemrushBot/7~bl; +http://www.semrush.com/bot.html)" "mantech8.com"
114.119.133.182 - - [21/Oct/2022:02:06:25 -0700] "GET /index.php?viton.xml HTTP/1.1" 200 289433 "-" "Mozilla/5.0 (compatible;PetalBot;+https://webmaster.petalsearch.com/site/petalbot)" "mantech8.com"
185.191.171.17 - - [21/Oct/2022:02:06:29 -0700] "GET /index.php/camp-fire/42873534.html HTTP/1.1" 500 - "-" "Mozilla/5.0 (compatible; SemrushBot/7~bl; +http://www.semrush.com/bot.html)" "mantech8.com"
185.191.171.43 - - [21/Oct/2022:02:08:00 -0700] "GET /index.php/camp-fire/36920725.html HTTP/1.1" 500 - "-" "Mozilla/5.0 (compatible; SemrushBot/7~bl; +http://www.semrush.com/bot.html)" "mantech8.com"
109.231.69.42 - - [21/Oct/2022:02:08:21 -0700] "GET /contact.php HTTP/1.1" 200 29238 "http://mantech8.com/contact.php" "Mozilla/5.0 (Windows NT 10.0; Win64; x64) AppleWebKit/537.36 (KHTML, like Gecko) Chrome/90.0.4430.85 Safari/537.36 Edg/90.0.818.46" "mantech8.com"
109.231.69.42 - - [21/Oct/2022:02:08:22 -0700] "POST /mailer.php HTTP/1.1" 500 - "http://mantech8.com/contact.php" "Mozilla/5.0 (Windows NT 10.0; Win64; x64) AppleWebKit/537.36 (KHTML, like Gecko) Chrome/90.0.4430.85 Safari/537.36 Edg/90.0.818.46" "mantech8.com"
185.191.171.21 - - [21/Oct/2022:02:08:30 -0700] "GET /index.php/camp-fire/38090972.html HTTP/1.1" 500 - "-" "Mozilla/5.0 (compatible; SemrushBot/7~bl; +http://www.semrush.com/bot.html)" "mantech8.com"
185.191.171.15 - - [21/Oct/2022:02:08:54 -0700] "GET /index.php/camp-fire/30645555.html HTTP/1.1" 500 - "-" "Mozilla/5.0 (compatible; SemrushBot/7~bl; +http://www.semrush.com/bot.html)" "mantech8.com"
185.191.171.43 - - [21/Oct/2022:02:10:28 -0700] "GET /index.php/camp-fire/26150880.html HTTP/1.1" 500 - "-" "Mozilla/5.0 (compatible; SemrushBot/7~bl; +http://www.semrush.com/bot.html)" "mantech8.com"
185.191.171.26 - - [21/Oct/2022:02:10:42 -0700] "GET /index.php/camp-fire/46052303.html HTTP/1.1" 500 - "-" "Mozilla/5.0 (compatible; SemrushBot/7~bl; +http://www.semrush.com/bot.html)" "mantech8.com"
185.191.171.21 - - [21/Oct/2022:02:10:54 -0700] "GET /index.php/camp-fire/6164296.html HTTP/1.1" 500 - "-" "Mozilla/5.0 (compatible; SemrushBot/7~bl; +http://www.semrush.com/bot.html)" "mantech8.com"
185.191.171.13 - - [21/Oct/2022:02:11:08 -0700] "GET /index.php/camp-fire/27595371.html HTTP/1.1" 500 - "-" "Mozilla/5.0 (compatible; SemrushBot/7~bl; +http://www.semrush.com/bot.html)" "mantech8.com"
185.191.171.14 - - [21/Oct/2022:02:11:37 -0700] "GET /index.php/camp-fire/28853900.html HTTP/1.1" 500 - "-" "Mozilla/5.0 (compatible; SemrushBot/7~bl; +http://www.semrush.com/bot.html)" "mantech8.com"
66.249.66.23 - - [21/Oct/2022:02:12:06 -0700] "GET /shopping.geocities.jp/den-mart/new/test/hb32hdvr04.jpg HTTP/1.1" 404 88 "-" "Googlebot-Image/1.0" "www.mantech8.com"
185.191.171.25 - - [21/Oct/2022:02:13:12 -0700] "GET /index.php/camp-fire/42251034.html HTTP/1.1" 500 - "-" "Mozilla/5.0 (compatible; SemrushBot/7~bl; +http://www.semrush.com/bot.html)" "mantech8.com"
185.191.171.41 - - [21/Oct/2022:02:14:10 -0700] "GET /index.php/camp-fire/7678421.html HTTP/1.1" 500 - "-" "Mozilla/5.0 (compatible; SemrushBot/7~bl; +http://www.semrush.com/bot.html)" "mantech8.com"
185.191.171.45 - - [21/Oct/2022:02:16:16 -0700] "GET /robots.txt HTTP/1.1" 200 106 "-" "Mozilla/5.0 (compatible; SemrushBot/7~bl; +http://www.semrush.com/bot.html)" "mantech8.com"
185.191.171.17 - - [21/Oct/2022:02:16:16 -0700] "GET /index.php/camp-fire/26810321.html HTTP/1.1" 500 - "-" "Mozilla/5.0 (compatible; SemrushBot/7~bl; +http://www.semrush.com/bot.html)" "mantech8.com"
185.191.171.39 - - [21/Oct/2022:02:16:22 -0700] "GET /index.php/camp-fire/35961138.html HTTP/1.1" 500 - "-" "Mozilla/5.0 (compatible; SemrushBot/7~bl; +http://www.semrush.com/bot.html)" "mantech8.com"
185.191.171.16 - - [21/Oct/2022:02:16:52 -0700] "GET /index.php/camp-fire/26811421.html HTTP/1.1" 500 - "-" "Mozilla/5.0 (compatible; SemrushBot/7~bl; +http://www.semrush.com/bot.html)" "mantech8.com"
185.191.171.4 - - [21/Oct/2022:02:17:28 -0700] "GET /index.php/camp-fire/9732951.html HTTP/1.1" 500 - "-" "Mozilla/5.0 (compatible; SemrushBot/7~bl; +http://www.semrush.com/bot.html)" "mantech8.com"
207.46.13.76 - - [21/Oct/2022:02:18:02 -0700] "GET /bimages/gallery/thump/pb4.jpg HTTP/1.1" 200 441577 "-" "Mozilla/5.0 AppleWebKit/537.36 (KHTML, like Gecko; compatible; bingbot/2.0; +http://www.bing.com/bingbot.htm) Chrome/103.0.5060.134 Safari/537.36" "mantech8.com"
185.191.171.25 - - [21/Oct/2022:02:18:07 -0700] "GET /index.php/camp-fire/44158249.html HTTP/1.1" 500 - "-" "Mozilla/5.0 (compatible; SemrushBot/7~bl; +http://www.semrush.com/bot.html)" "mantech8.com"
185.191.171.5 - - [21/Oct/2022:02:19:04 -0700] "GET /index.php/camp-fire/35153425.html HTTP/1.1" 500 - "-" "Mozilla/5.0 (compatible; SemrushBot/7~bl; +http://www.semrush.com/bot.html)" "mantech8.com"
185.191.171.11 - - [21/Oct/2022:02:19:38 -0700] "GET /index.php/camp-fire/22038624.html HTTP/1.1" 500 - "-" "Mozilla/5.0 (compatible; SemrushBot/7~bl; +http://www.semrush.com/bot.html)" "mantech8.com"
185.191.171.4 - - [21/Oct/2022:02:20:03 -0700] "GET /index.php/camp-fire/4897674.html HTTP/1.1" 500 - "-" "Mozilla/5.0 (compatible; SemrushBot/7~bl; +http://www.semrush.com/bot.html)" "mantech8.com"
185.6.10.141 - - [21/Oct/2022:02:20:29 -0700] "GET /contact.php HTTP/1.1" 200 29238 "http://mantech8.com/contact.php" "Mozilla/5.0 (Windows NT 6.1; ) AppleWebKit/537.36 (KHTML, like Gecko) Chrome/90.0.4430.72 Safari/537.36" "mantech8.com"
185.6.10.141 - - [21/Oct/2022:02:20:32 -0700] "POST /mailer.php HTTP/1.1" 500 - "http://mantech8.com/contact.php" "Mozilla/5.0 (Windows NT 6.1; ) AppleWebKit/537.36 (KHTML, like Gecko) Chrome/90.0.4430.72 Safari/537.36" "mantech8.com"
185.191.171.16 - - [21/Oct/2022:02:20:34 -0700] "GET /index.php/camp-fire/4771155.html HTTP/1.1" 500 - "-" "Mozilla/5.0 (compatible; SemrushBot/7~bl; +http://www.semrush.com/bot.html)" "mantech8.com"
185.191.171.25 - - [21/Oct/2022:02:20:37 -0700] "GET /index.php/camp-fire/4597885.html HTTP/1.1" 500 - "-" "Mozilla/5.0 (compatible; SemrushBot/7~bl; +http://www.semrush.com/bot.html)" "mantech8.com"
185.191.171.41 - - [21/Oct/2022:02:21:20 -0700] "GET /index.php/camp-fire/33109216.html HTTP/1.1" 500 - "-" "Mozilla/5.0 (compatible; SemrushBot/7~bl; +http://www.semrush.com/bot.html)" "mantech8.com"
185.191.171.19 - - [21/Oct/2022:02:21:39 -0700] "GET /index.php/camp-fire/40809538.html HTTP/1.1" 500 - "-" "Mozilla/5.0 (compatible; SemrushBot/7~bl; +http://www.semrush.com/bot.html)" "mantech8.com"
185.191.171.25 - - [21/Oct/2022:02:21:40 -0700] "GET /index.php/camp-fire/3246498.html HTTP/1.1" 500 - "-" "Mozilla/5.0 (compatible; SemrushBot/7~bl; +http://www.semrush.com/bot.html)" "mantech8.com"
185.191.171.19 - - [21/Oct/2022:02:22:15 -0700] "GET /index.php/camp-fire/38163403.html HTTP/1.1" 500 - "-" "Mozilla/5.0 (compatible; SemrushBot/7~bl; +http://www.semrush.com/bot.html)" "mantech8.com"
185.191.171.16 - - [21/Oct/2022:02:22:56 -0700] "GET /index.php/camp-fire/3117178.html HTTP/1.1" 500 - "-" "Mozilla/5.0 (compatible; SemrushBot/7~bl; +http://www.semrush.com/bot.html)" "mantech8.com"
185.191.171.43 - - [21/Oct/2022:02:23:00 -0700] "GET /index.php/camp-fire/26380481.html HTTP/1.1" 500 - "-" "Mozilla/5.0 (compatible; SemrushBot/7~bl; +http://www.semrush.com/bot.html)" "mantech8.com"
185.191.171.22 - - [21/Oct/2022:02:23:16 -0700] "GET /index.php/camp-fire/27004121.html HTTP/1.1" 500 - "-" "Mozilla/5.0 (compatible; SemrushBot/7~bl; +http://www.semrush.com/bot.html)" "mantech8.com"
185.191.171.36 - - [21/Oct/2022:02:24:29 -0700] "GET /index.php/camp-fire/42052430.html HTTP/1.1" 500 - "-" "Mozilla/5.0 (compatible; SemrushBot/7~bl; +http://www.semrush.com/bot.html)" "mantech8.com"
185.191.171.6 - - [21/Oct/2022:02:25:33 -0700] "GET /index.php/camp-fire/43785759.html HTTP/1.1" 500 - "-" "Mozilla/5.0 (compatible; SemrushBot/7~bl; +http://www.semrush.com/bot.html)" "mantech8.com"
185.191.171.42 - - [21/Oct/2022:02:26:24 -0700] "GET /index.php/camp-fire/17516227.html HTTP/1.1" 500 - "-" "Mozilla/5.0 (compatible; SemrushBot/7~bl; +http://www.semrush.com/bot.html)" "mantech8.com"
66.96.208.55 - - [21/Oct/2022:02:27:09 -0700] "GET /contact.php HTTP/1.1" 200 29238 "http://mantech8.com/contact.php" "Mozilla/5.0 (Windows NT 6.3; Win64; x64) AppleWebKit/537.36 (KHTML, like Gecko) Chrome/90.0.4430.85 Safari/537.36 Edg/90.0.818.49" "mantech8.com"
66.96.208.55 - - [21/Oct/2022:02:27:11 -0700] "POST /mailer.php HTTP/1.1" 500 - "http://mantech8.com/contact.php" "Mozilla/5.0 (Windows NT 6.3; Win64; x64) AppleWebKit/537.36 (KHTML, like Gecko) Chrome/90.0.4430.85 Safari/537.36 Edg/90.0.818.49" "mantech8.com"
185.191.171.41 - - [21/Oct/2022:02:27:22 -0700] "GET /index.php/camp-fire/49337978.html HTTP/1.1" 500 - "-" "Mozilla/5.0 (compatible; SemrushBot/7~bl; +http://www.semrush.com/bot.html)" "mantech8.com"
185.191.171.2 - - [21/Oct/2022:02:27:41 -0700] "GET /index.php/camp-fire/35183106.html HTTP/1.1" 500 - "-" "Mozilla/5.0 (compatible; SemrushBot/7~bl; +http://www.semrush.com/bot.html)" "mantech8.com"
185.191.171.37 - - [21/Oct/2022:02:29:14 -0700] "GET /index.php/camp-fire/24677430.html HTTP/1.1" 500 - "-" "Mozilla/5.0 (compatible; SemrushBot/7~bl; +http://www.semrush.com/bot.html)" "mantech8.com"
185.191.171.1 - - [21/Oct/2022:02:30:18 -0700] "GET /index.php/camp-fire/33664908.html HTTP/1.1" 500 - "-" "Mozilla/5.0 (compatible; SemrushBot/7~bl; +http://www.semrush.com/bot.html)" "mantech8.com"
185.191.171.38 - - [21/Oct/2022:02:30:45 -0700] "GET /index.php/camp-fire/17026883.html HTTP/1.1" 500 - "-" "Mozilla/5.0 (compatible; SemrushBot/7~bl; +http://www.semrush.com/bot.html)" "mantech8.com"
185.191.171.5 - - [21/Oct/2022:02:31:01 -0700] "GET /index.php/camp-fire/33680308.html HTTP/1.1" 500 - "-" "Mozilla/5.0 (compatible; SemrushBot/7~bl; +http://www.semrush.com/bot.html)" "mantech8.com"
185.191.171.18 - - [21/Oct/2022:02:31:12 -0700] "GET /index.php/camp-fire/16693226.html HTTP/1.1" 500 - "-" "Mozilla/5.0 (compatible; SemrushBot/7~bl; +http://www.semrush.com/bot.html)" "mantech8.com"
185.191.171.18 - - [21/Oct/2022:02:31:14 -0700] "GET /index.php/camp-fire/6162129.html HTTP/1.1" 500 - "-" "Mozilla/5.0 (compatible; SemrushBot/7~bl; +http://www.semrush.com/bot.html)" "mantech8.com"
185.191.171.2 - - [21/Oct/2022:02:31:43 -0700] "GET /index.php/camp-fire/36375738.html HTTP/1.1" 500 - "-" "Mozilla/5.0 (compatible; SemrushBot/7~bl; +http://www.semrush.com/bot.html)" "mantech8.com"
185.191.171.1 - - [21/Oct/2022:02:33:24 -0700] "GET /index.php/camp-fire/1586169.html HTTP/1.1" 500 - "-" "Mozilla/5.0 (compatible; SemrushBot/7~bl; +http://www.semrush.com/bot.html)" "mantech8.com"
185.191.171.3 - - [21/Oct/2022:02:33:50 -0700] "GET /index.php/camp-fire/28838466.html HTTP/1.1" 500 - "-" "Mozilla/5.0 (compatible; SemrushBot/7~bl; +http://www.semrush.com/bot.html)" "mantech8.com"
185.191.171.17 - - [21/Oct/2022:02:33:56 -0700] "GET /index.php/camp-fire/28150435.html HTTP/1.1" 500 - "-" "Mozilla/5.0 (compatible; SemrushBot/7~bl; +http://www.semrush.com/bot.html)" "mantech8.com"
185.191.171.17 - - [21/Oct/2022:02:34:09 -0700] "GET /index.php/camp-fire/3324498.html HTTP/1.1" 500 - "-" "Mozilla/5.0 (compatible; SemrushBot/7~bl; +http://www.semrush.com/bot.html)" "mantech8.com"
114.119.133.166 - - [21/Oct/2022:02:34:30 -0700] "GET /?sitemap4.xml HTTP/1.1" 200 270580 "-" "Mozilla/5.0 (compatible;PetalBot;+https://webmaster.petalsearch.com/site/petalbot)" "mantech8.com"
185.191.171.13 - - [21/Oct/2022:02:34:50 -0700] "GET /index.php/camp-fire/16529884.html HTTP/1.1" 500 - "-" "Mozilla/5.0 (compatible; SemrushBot/7~bl; +http://www.semrush.com/bot.html)" "mantech8.com"
185.191.171.42 - - [21/Oct/2022:02:34:56 -0700] "GET /index.php/camp-fire/22850865.html HTTP/1.1" 500 - "-" "Mozilla/5.0 (compatible; SemrushBot/7~bl; +http://www.semrush.com/bot.html)" "mantech8.com"
185.191.171.24 - - [21/Oct/2022:02:35:50 -0700] "GET /index.php/camp-fire/7191900.html HTTP/1.1" 500 - "-" "Mozilla/5.0 (compatible; SemrushBot/7~bl; +http://www.semrush.com/bot.html)" "mantech8.com"
185.191.171.36 - - [21/Oct/2022:02:37:04 -0700] "GET /robots.txt HTTP/1.1" 200 106 "-" "Mozilla/5.0 (compatible; SemrushBot/7~bl; +http://www.semrush.com/bot.html)" "www.mantech8.com"
185.191.171.17 - - [21/Oct/2022:02:37:04 -0700] "GET /bimages/gallery/thump/kallakisse.php HTTP/1.1" 200 65175 "-" "Mozilla/5.0 (compatible; SemrushBot/7~bl; +http://www.semrush.com/bot.html)" "www.mantech8.com"
185.191.171.26 - - [21/Oct/2022:02:37:28 -0700] "GET /index.php/camp-fire/47951850.html HTTP/1.1" 500 - "-" "Mozilla/5.0 (compatible; SemrushBot/7~bl; +http://www.semrush.com/bot.html)" "mantech8.com"
185.191.171.17 - - [21/Oct/2022:02:39:38 -0700] "GET /index.php/camp-fire/41533602.html HTTP/1.1" 500 - "-" "Mozilla/5.0 (compatible; SemrushBot/7~bl; +http://www.semrush.com/bot.html)" "mantech8.com"
185.191.171.44 - - [21/Oct/2022:02:39:46 -0700] "GET /index.php/camp-fire/40152288.html HTTP/1.1" 500 - "-" "Mozilla/5.0 (compatible; SemrushBot/7~bl; +http://www.semrush.com/bot.html)" "mantech8.com"
185.191.171.42 - - [21/Oct/2022:02:40:18 -0700] "GET /index.php/camp-fire/17508627.html HTTP/1.1" 500 - "-" "Mozilla/5.0 (compatible; SemrushBot/7~bl; +http://www.semrush.com/bot.html)" "mantech8.com"
40.77.167.72 - - [21/Oct/2022:02:40:42 -0700] "GET /bimages/hgallery/latest1.jpg HTTP/1.1" 200 110480 "-" "Mozilla/5.0 (compatible; bingbot/2.0; +http://www.bing.com/bingbot.htm)" "mantech8.com"
114.119.133.166 - - [21/Oct/2022:02:40:43 -0700] "GET /index.php?sitemap3.xml HTTP/1.1" 200 289300 "-" "Mozilla/5.0 (compatible;PetalBot;+https://webmaster.petalsearch.com/site/petalbot)" "mantech8.com"
185.191.171.21 - - [21/Oct/2022:02:42:19 -0700] "GET /index.php/camp-fire/28301859.html HTTP/1.1" 500 - "-" "Mozilla/5.0 (compatible; SemrushBot/7~bl; +http://www.semrush.com/bot.html)" "mantech8.com"
185.191.171.24 - - [21/Oct/2022:02:43:22 -0700] "GET /index.php/camp-fire/48311188.html HTTP/1.1" 500 - "-" "Mozilla/5.0 (compatible; SemrushBot/7~bl; +http://www.semrush.com/bot.html)" "mantech8.com"
185.191.171.24 - - [21/Oct/2022:02:44:23 -0700] "GET /index.php/camp-fire/44170302.html HTTP/1.1" 500 - "-" "Mozilla/5.0 (compatible; SemrushBot/7~bl; +http://www.semrush.com/bot.html)" "mantech8.com"
185.191.171.37 - - [21/Oct/2022:02:44:34 -0700] "GET /index.php/camp-fire/26253327.html HTTP/1.1" 500 - "-" "Mozilla/5.0 (compatible; SemrushBot/7~bl; +http://www.semrush.com/bot.html)" "mantech8.com"
216.244.66.241 - - [21/Oct/2022:02:44:39 -0700] "GET /robots.txt HTTP/1.1" 200 222 "-" "Mozilla/5.0 (compatible; DotBot/1.2; +https://opensiteexplorer.org/dotbot; help@moz.com)" "mantech8.com"
216.244.66.241 - - [21/Oct/2022:02:44:39 -0700] "GET /robots.txt HTTP/1.1" 200 222 "-" "Mozilla/5.0 (compatible; DotBot/1.2; +https://opensiteexplorer.org/dotbot; help@moz.com)" "www.mantech8.com"
185.191.171.7 - - [21/Oct/2022:02:45:33 -0700] "GET /index.php/camp-fire/27124947.html HTTP/1.1" 500 - "-" "Mozilla/5.0 (compatible; SemrushBot/7~bl; +http://www.semrush.com/bot.html)" "mantech8.com"
185.191.171.17 - - [21/Oct/2022:02:46:49 -0700] "GET /index.php/camp-fire/35520038.html HTTP/1.1" 500 - "-" "Mozilla/5.0 (compatible; SemrushBot/7~bl; +http://www.semrush.com/bot.html)" "mantech8.com"
185.191.171.4 - - [21/Oct/2022:02:46:53 -0700] "GET /index.php/camp-fire/5395272.html HTTP/1.1" 500 - "-" "Mozilla/5.0 (compatible; SemrushBot/7~bl; +http://www.semrush.com/bot.html)" "mantech8.com"
114.119.133.166 - - [21/Oct/2022:02:46:55 -0700] "GET /index.php/sitemap6270.xml HTTP/1.1" 200 289368 "-" "Mozilla/5.0 (compatible;PetalBot;+https://webmaster.petalsearch.com/site/petalbot)" "mantech8.com"
185.191.171.22 - - [21/Oct/2022:02:48:25 -0700] "GET /index.php/camp-fire/30740255.html HTTP/1.1" 500 - "-" "Mozilla/5.0 (compatible; SemrushBot/7~bl; +http://www.semrush.com/bot.html)" "mantech8.com"
185.191.171.38 - - [21/Oct/2022:02:48:44 -0700] "GET /index.php/camp-fire/39744635.html HTTP/1.1" 500 - "-" "Mozilla/5.0 (compatible; SemrushBot/7~bl; +http://www.semrush.com/bot.html)" "mantech8.com"
185.191.171.10 - - [21/Oct/2022:02:48:55 -0700] "GET /index.php/camp-fire/42837034.html HTTP/1.1" 500 - "-" "Mozilla/5.0 (compatible; SemrushBot/7~bl; +http://www.semrush.com/bot.html)" "mantech8.com"
89.248.165.195 - - [21/Oct/2022:02:50:46 -0700] "GET /wp-login.php HTTP/1.1" 404 73 "-" "fasthttp" "mantech8.com"
185.191.171.2 - - [21/Oct/2022:02:50:51 -0700] "GET /index.php/camp-fire/26101582.html HTTP/1.1" 500 - "-" "Mozilla/5.0 (compatible; SemrushBot/7~bl; +http://www.semrush.com/bot.html)" "mantech8.com"
185.191.171.14 - - [21/Oct/2022:02:50:54 -0700] "GET /index.php/camp-fire/30637855.html HTTP/1.1" 500 - "-" "Mozilla/5.0 (compatible; SemrushBot/7~bl; +http://www.semrush.com/bot.html)" "mantech8.com"
185.191.171.34 - - [21/Oct/2022:02:51:51 -0700] "GET /index.php/camp-fire/27510326.html HTTP/1.1" 500 - "-" "Mozilla/5.0 (compatible; SemrushBot/7~bl; +http://www.semrush.com/bot.html)" "mantech8.com"
185.191.171.16 - - [21/Oct/2022:02:51:55 -0700] "GET /index.php/camp-fire/28533864.html HTTP/1.1" 500 - "-" "Mozilla/5.0 (compatible; SemrushBot/7~bl; +http://www.semrush.com/bot.html)" "mantech8.com"
185.191.171.17 - - [21/Oct/2022:02:52:11 -0700] "GET /index.php/camp-fire/23885165.html HTTP/1.1" 500 - "-" "Mozilla/5.0 (compatible; SemrushBot/7~bl; +http://www.semrush.com/bot.html)" "mantech8.com"
185.191.171.17 - - [21/Oct/2022:02:52:22 -0700] "GET /index.php/camp-fire/1478090.html HTTP/1.1" 500 - "-" "Mozilla/5.0 (compatible; SemrushBot/7~bl; +http://www.semrush.com/bot.html)" "mantech8.com"
185.191.171.14 - - [21/Oct/2022:02:52:28 -0700] "GET /index.php/camp-fire/32565125.html HTTP/1.1" 500 - "-" "Mozilla/5.0 (compatible; SemrushBot/7~bl; +http://www.semrush.com/bot.html)" "mantech8.com"
114.119.133.182 - - [21/Oct/2022:02:52:50 -0700] "GET /guangheng.xml HTTP/1.1" 404 88 "-" "Mozilla/5.0 (compatible;PetalBot;+https://webmaster.petalsearch.com/site/petalbot)" "mantech8.com"
185.191.171.16 - - [21/Oct/2022:02:53:10 -0700] "GET /index.php/camp-fire/41829771.html HTTP/1.1" 500 - "-" "Mozilla/5.0 (compatible; SemrushBot/7~bl; +http://www.semrush.com/bot.html)" "mantech8.com"
185.191.171.9 - - [21/Oct/2022:02:53:12 -0700] "GET /index.php/camp-fire/26968690.html HTTP/1.1" 500 - "-" "Mozilla/5.0 (compatible; SemrushBot/7~bl; +http://www.semrush.com/bot.html)" "mantech8.com"
40.77.167.66 - - [21/Oct/2022:02:53:24 -0700] "GET /bimages/gallery/thump/paint%20b2.jpg HTTP/1.1" 200 108622 "-" "Mozilla/5.0 AppleWebKit/537.36 (KHTML, like Gecko; compatible; bingbot/2.0; +http://www.bing.com/bingbot.htm) Chrome/103.0.5060.134 Safari/537.36" "www.mantech8.com"
185.191.171.24 - - [21/Oct/2022:02:54:15 -0700] "GET /index.php/camp-fire/26811917.html HTTP/1.1" 500 - "-" "Mozilla/5.0 (compatible; SemrushBot/7~bl; +http://www.semrush.com/bot.html)" "mantech8.com"
185.35.67.212 - - [21/Oct/2022:02:57:19 -0700] "GET /typography.html HTTP/1.1" 404 73 "-" "aragna.net_bot" "mantech8.com"
185.191.171.20 - - [21/Oct/2022:02:57:22 -0700] "GET /index.php/camp-fire/39580238.html HTTP/1.1" 500 - "-" "Mozilla/5.0 (compatible; SemrushBot/7~bl; +http://www.semrush.com/bot.html)" "mantech8.com"
185.191.171.24 - - [21/Oct/2022:02:57:42 -0700] "GET /index.php/camp-fire/27165976.html HTTP/1.1" 500 - "-" "Mozilla/5.0 (compatible; SemrushBot/7~bl; +http://www.semrush.com/bot.html)" "mantech8.com"
185.191.171.43 - - [21/Oct/2022:02:58:10 -0700] "GET /index.php/camp-fire/9522993.html HTTP/1.1" 500 - "-" "Mozilla/5.0 (compatible; SemrushBot/7~bl; +http://www.semrush.com/bot.html)" "mantech8.com"
114.119.133.158 - - [21/Oct/2022:02:58:46 -0700] "GET /index.php/sitemap1457.xml HTTP/1.1" 200 289312 "-" "Mozilla/5.0 (compatible;PetalBot;+https://webmaster.petalsearch.com/site/petalbot)" "mantech8.com"
207.46.13.76 - - [21/Oct/2022:03:00:16 -0700] "GET /camp-fire/56022509.html HTTP/1.1" 404 88 "-" "Mozilla/5.0 (compatible; bingbot/2.0; +http://www.bing.com/bingbot.htm)" "www.mantech8.com"
185.191.171.7 - - [21/Oct/2022:03:00:27 -0700] "GET /index.php/camp-fire/4299985.html HTTP/1.1" 500 - "-" "Mozilla/5.0 (compatible; SemrushBot/7~bl; +http://www.semrush.com/bot.html)" "mantech8.com"
185.191.171.38 - - [21/Oct/2022:03:00:52 -0700] "GET /index.php/camp-fire/39892376.html HTTP/1.1" 500 - "-" "Mozilla/5.0 (compatible; SemrushBot/7~bl; +http://www.semrush.com/bot.html)" "mantech8.com"
185.35.67.212 - - [21/Oct/2022:03:01:21 -0700] "GET / HTTP/1.1" 500 - "-" "aragna.net_bot" "mantech8.com"
185.191.171.26 - - [21/Oct/2022:03:01:23 -0700] "GET /index.php/camp-fire/23962733.html HTTP/1.1" 500 - "-" "Mozilla/5.0 (compatible; SemrushBot/7~bl; +http://www.semrush.com/bot.html)" "mantech8.com"
185.191.171.37 - - [21/Oct/2022:03:02:52 -0700] "GET /index.php/camp-fire/24185406.html HTTP/1.1" 500 - "-" "Mozilla/5.0 (compatible; SemrushBot/7~bl; +http://www.semrush.com/bot.html)" "mantech8.com"
185.191.171.13 - - [21/Oct/2022:03:03:54 -0700] "GET /index.php/camp-fire/37163978.html HTTP/1.1" 500 - "-" "Mozilla/5.0 (compatible; SemrushBot/7~bl; +http://www.semrush.com/bot.html)" "mantech8.com"
185.191.171.36 - - [21/Oct/2022:03:04:17 -0700] "GET /index.php/camp-fire/2430693.html HTTP/1.1" 500 - "-" "Mozilla/5.0 (compatible; SemrushBot/7~bl; +http://www.semrush.com/bot.html)" "mantech8.com"
114.119.133.166 - - [21/Oct/2022:03:04:43 -0700] "GET /bimages/gallery/thump/?C=M%3BO%3DA HTTP/1.1" 200 1142 "http://www.mantech8.com/bimages/gallery/thump/?C=S%3BO%3DA" "Mozilla/5.0 (Linux; Android 7.0;) AppleWebKit/537.36 (KHTML, like Gecko) Mobile Safari/537.36 (compatible; PetalBot;+https://webmaster.petalsearch.com/site/petalbot)" "www.mantech8.com"
185.191.171.10 - - [21/Oct/2022:03:04:57 -0700] "GET /index.php/camp-fire/24011783.html HTTP/1.1" 500 - "-" "Mozilla/5.0 (compatible; SemrushBot/7~bl; +http://www.semrush.com/bot.html)" "mantech8.com"
185.191.171.43 - - [21/Oct/2022:03:05:22 -0700] "GET /index.php/camp-fire/49814572.html HTTP/1.1" 500 - "-" "Mozilla/5.0 (compatible; SemrushBot/7~bl; +http://www.semrush.com/bot.html)" "mantech8.com"
40.77.167.58 - - [21/Oct/2022:03:05:45 -0700] "GET /camp-fire/81319950.html HTTP/1.1" 404 88 "-" "Mozilla/5.0 (compatible; bingbot/2.0; +http://www.bing.com/bingbot.htm)" "www.mantech8.com"
185.191.171.33 - - [21/Oct/2022:03:06:25 -0700] "GET /index.php/camp-fire/25459965.html HTTP/1.1" 500 - "-" "Mozilla/5.0 (compatible; SemrushBot/7~bl; +http://www.semrush.com/bot.html)" "mantech8.com"
185.191.171.3 - - [21/Oct/2022:03:06:38 -0700] "GET /index.php/camp-fire/31064655.html HTTP/1.1" 500 - "-" "Mozilla/5.0 (compatible; SemrushBot/7~bl; +http://www.semrush.com/bot.html)" "mantech8.com"
185.191.171.24 - - [21/Oct/2022:03:06:58 -0700] "GET /index.php/camp-fire/28677189.html HTTP/1.1" 500 - "-" "Mozilla/5.0 (compatible; SemrushBot/7~bl; +http://www.semrush.com/bot.html)" "mantech8.com"
185.191.171.24 - - [21/Oct/2022:03:07:10 -0700] "GET /index.php/camp-fire/25913676.html HTTP/1.1" 500 - "-" "Mozilla/5.0 (compatible; SemrushBot/7~bl; +http://www.semrush.com/bot.html)" "mantech8.com"
40.77.167.58 - - [21/Oct/2022:03:07:45 -0700] "GET /camp-fire/12954519.html HTTP/1.1" 404 88 "-" "Mozilla/5.0 AppleWebKit/537.36 (KHTML, like Gecko; compatible; bingbot/2.0; +http://www.bing.com/bingbot.htm) Chrome/103.0.5060.134 Safari/537.36" "www.mantech8.com"
185.191.171.16 - - [21/Oct/2022:03:08:29 -0700] "GET /index.php/camp-fire/76990778.html HTTP/1.1" 500 - "-" "Mozilla/5.0 (compatible; SemrushBot/7~bl; +http://www.semrush.com/bot.html)" "mantech8.com"
185.191.171.9 - - [21/Oct/2022:03:08:49 -0700] "GET /index.php/camp-fire/3464600.html HTTP/1.1" 500 - "-" "Mozilla/5.0 (compatible; SemrushBot/7~bl; +http://www.semrush.com/bot.html)" "mantech8.com"
185.191.171.41 - - [21/Oct/2022:03:09:12 -0700] "GET /index.php/camp-fire/40350950.html HTTP/1.1" 500 - "-" "Mozilla/5.0 (compatible; SemrushBot/7~bl; +http://www.semrush.com/bot.html)" "mantech8.com"
185.191.171.37 - - [21/Oct/2022:03:09:34 -0700] "GET /index.php/camp-fire/35042525.html HTTP/1.1" 500 - "-" "Mozilla/5.0 (compatible; SemrushBot/7~bl; +http://www.semrush.com/bot.html)" "mantech8.com"
185.191.171.15 - - [21/Oct/2022:03:09:43 -0700] "GET /index.php/camp-fire/22777380.html HTTP/1.1" 500 - "-" "Mozilla/5.0 (compatible; SemrushBot/7~bl; +http://www.semrush.com/bot.html)" "mantech8.com"
185.191.171.1 - - [21/Oct/2022:03:10:15 -0700] "GET /index.php/camp-fire/26121182.html HTTP/1.1" 500 - "-" "Mozilla/5.0 (compatible; SemrushBot/7~bl; +http://www.semrush.com/bot.html)" "mantech8.com"
114.119.133.165 - - [21/Oct/2022:03:10:33 -0700] "GET /index.php/sitemap5687.xml HTTP/1.1" 200 289427 "-" "Mozilla/5.0 (compatible;PetalBot;+https://webmaster.petalsearch.com/site/petalbot)" "mantech8.com"
196.250.225.54 - - [21/Oct/2022:03:11:04 -0700] "GET /contact.php HTTP/1.1" 200 29238 "http://mantech8.com/contact.php" "Mozilla/5.0 (Windows NT 10.0; WOW64) AppleWebKit/537.36 (KHTML, like Gecko) Chrome/90.0.4430.85 Safari/537.36" "mantech8.com"
196.250.225.54 - - [21/Oct/2022:03:11:06 -0700] "POST /mailer.php HTTP/1.1" 500 - "http://mantech8.com/contact.php" "Mozilla/5.0 (Windows NT 10.0; WOW64) AppleWebKit/537.36 (KHTML, like Gecko) Chrome/90.0.4430.85 Safari/537.36" "mantech8.com"
185.191.171.21 - - [21/Oct/2022:03:11:55 -0700] "GET /index.php/camp-fire/37663135.html HTTP/1.1" 500 - "-" "Mozilla/5.0 (compatible; SemrushBot/7~bl; +http://www.semrush.com/bot.html)" "mantech8.com"
66.249.66.23 - - [21/Oct/2022:03:13:25 -0700] "GET /lib/smaile-stone/03565854_03595108_kirishima-18size.jpg HTTP/1.1" 404 88 "-" "Googlebot-Image/1.0" "www.mantech8.com"
185.191.171.1 - - [21/Oct/2022:03:13:30 -0700] "GET /index.php/camp-fire/21666417.html HTTP/1.1" 500 - "-" "Mozilla/5.0 (compatible; SemrushBot/7~bl; +http://www.semrush.com/bot.html)" "mantech8.com"
185.191.171.3 - - [21/Oct/2022:03:15:31 -0700] "GET /index.php/camp-fire/39912341.html HTTP/1.1" 500 - "-" "Mozilla/5.0 (compatible; SemrushBot/7~bl; +http://www.semrush.com/bot.html)" "mantech8.com"
185.191.171.3 - - [21/Oct/2022:03:15:38 -0700] "GET /index.php/camp-fire/4504185.html HTTP/1.1" 500 - "-" "Mozilla/5.0 (compatible; SemrushBot/7~bl; +http://www.semrush.com/bot.html)" "mantech8.com"
114.119.133.158 - - [21/Oct/2022:03:16:32 -0700] "GET /rebeginner.xml HTTP/1.1" 404 88 "-" "Mozilla/5.0 (compatible;PetalBot;+https://webmaster.petalsearch.com/site/petalbot)" "mantech8.com"
185.191.171.11 - - [21/Oct/2022:03:16:50 -0700] "GET /robots.txt HTTP/1.1" 200 106 "-" "Mozilla/5.0 (compatible; SemrushBot/7~bl; +http://www.semrush.com/bot.html)" "mantech8.com"
185.191.171.23 - - [21/Oct/2022:03:16:50 -0700] "GET /index.php/camp-fire/83429559.html HTTP/1.1" 500 - "-" "Mozilla/5.0 (compatible; SemrushBot/7~bl; +http://www.semrush.com/bot.html)" "mantech8.com"
185.191.171.6 - - [21/Oct/2022:03:17:20 -0700] "GET /index.php/camp-fire/4208965.html HTTP/1.1" 500 - "-" "Mozilla/5.0 (compatible; SemrushBot/7~bl; +http://www.semrush.com/bot.html)" "mantech8.com"
185.191.171.1 - - [21/Oct/2022:03:17:26 -0700] "GET /index.php/camp-fire/45114889.html HTTP/1.1" 500 - "-" "Mozilla/5.0 (compatible; SemrushBot/7~bl; +http://www.semrush.com/bot.html)" "mantech8.com"
185.191.171.2 - - [21/Oct/2022:03:17:35 -0700] "GET /index.php/camp-fire/5297285.html HTTP/1.1" 500 - "-" "Mozilla/5.0 (compatible; SemrushBot/7~bl; +http://www.semrush.com/bot.html)" "mantech8.com"
185.191.171.25 - - [21/Oct/2022:03:17:40 -0700] "GET /index.php/camp-fire/34190787.html HTTP/1.1" 500 - "-" "Mozilla/5.0 (compatible; SemrushBot/7~bl; +http://www.semrush.com/bot.html)" "mantech8.com"
185.191.171.43 - - [21/Oct/2022:03:17:55 -0700] "GET /index.php/camp-fire/40383002.html HTTP/1.1" 500 - "-" "Mozilla/5.0 (compatible; SemrushBot/7~bl; +http://www.semrush.com/bot.html)" "mantech8.com"
185.191.171.14 - - [21/Oct/2022:03:19:30 -0700] "GET /index.php/camp-fire/3804900.html HTTP/1.1" 500 - "-" "Mozilla/5.0 (compatible; SemrushBot/7~bl; +http://www.semrush.com/bot.html)" "mantech8.com"
185.191.171.15 - - [21/Oct/2022:03:21:36 -0700] "GET /index.php/camp-fire/33891908.html HTTP/1.1" 500 - "-" "Mozilla/5.0 (compatible; SemrushBot/7~bl; +http://www.semrush.com/bot.html)" "mantech8.com"
185.191.171.33 - - [21/Oct/2022:03:21:44 -0700] "GET /index.php/camp-fire/34602470.html HTTP/1.1" 500 - "-" "Mozilla/5.0 (compatible; SemrushBot/7~bl; +http://www.semrush.com/bot.html)" "mantech8.com"
185.191.171.44 - - [21/Oct/2022:03:22:04 -0700] "GET /index.php/camp-fire/40311776.html HTTP/1.1" 500 - "-" "Mozilla/5.0 (compatible; SemrushBot/7~bl; +http://www.semrush.com/bot.html)" "mantech8.com"
114.119.133.182 - - [21/Oct/2022:03:22:28 -0700] "GET /sitemap72.xml HTTP/1.1" 404 88 "-" "Mozilla/5.0 (compatible;PetalBot;+https://webmaster.petalsearch.com/site/petalbot)" "mantech8.com"
185.191.171.4 - - [21/Oct/2022:03:23:03 -0700] "GET /index.php/camp-fire/29508535.html HTTP/1.1" 500 - "-" "Mozilla/5.0 (compatible; SemrushBot/7~bl; +http://www.semrush.com/bot.html)" "mantech8.com"
185.191.171.38 - - [21/Oct/2022:03:23:19 -0700] "GET /index.php/camp-fire/33229930.html HTTP/1.1" 500 - "-" "Mozilla/5.0 (compatible; SemrushBot/7~bl; +http://www.semrush.com/bot.html)" "mantech8.com"
185.191.171.25 - - [21/Oct/2022:03:23:47 -0700] "GET /index.php/camp-fire/46419949.html HTTP/1.1" 500 - "-" "Mozilla/5.0 (compatible; SemrushBot/7~bl; +http://www.semrush.com/bot.html)" "mantech8.com"
185.191.171.37 - - [21/Oct/2022:03:23:48 -0700] "GET /index.php/camp-fire/27410863.html HTTP/1.1" 500 - "-" "Mozilla/5.0 (compatible; SemrushBot/7~bl; +http://www.semrush.com/bot.html)" "mantech8.com"
185.191.171.9 - - [21/Oct/2022:03:23:54 -0700] "GET /index.php/camp-fire/3958074.html HTTP/1.1" 500 - "-" "Mozilla/5.0 (compatible; SemrushBot/7~bl; +http://www.semrush.com/bot.html)" "mantech8.com"
66.249.66.66 - - [21/Oct/2022:03:25:03 -0700] "GET /curlyhead.xml HTTP/1.1" 404 88 "-" "Mozilla/5.0 (compatible; Googlebot/2.1; +http://www.google.com/bot.html)" "mantech8.com"
185.191.171.20 - - [21/Oct/2022:03:25:44 -0700] "GET /index.php/camp-fire/7277680.html HTTP/1.1" 500 - "-" "Mozilla/5.0 (compatible; SemrushBot/7~bl; +http://www.semrush.com/bot.html)" "mantech8.com"
185.191.171.18 - - [21/Oct/2022:03:26:52 -0700] "GET /index.php/camp-fire/39837102.html HTTP/1.1" 500 - "-" "Mozilla/5.0 (compatible; SemrushBot/7~bl; +http://www.semrush.com/bot.html)" "mantech8.com"
185.191.171.41 - - [21/Oct/2022:03:28:03 -0700] "GET /index.php/camp-fire/40106606.html HTTP/1.1" 500 - "-" "Mozilla/5.0 (compatible; SemrushBot/7~bl; +http://www.semrush.com/bot.html)" "mantech8.com"
114.119.133.182 - - [21/Oct/2022:03:28:22 -0700] "GET /bimages/headg/?C=S%3BO%3DA HTTP/1.1" 200 491 "http://www.mantech8.com/bimages/headg/" "Mozilla/5.0 (Linux; Android 7.0;) AppleWebKit/537.36 (KHTML, like Gecko) Mobile Safari/537.36 (compatible; PetalBot;+https://webmaster.petalsearch.com/site/petalbot)" "www.mantech8.com"
185.191.171.10 - - [21/Oct/2022:03:28:33 -0700] "GET /index.php/camp-fire/23935933.html HTTP/1.1" 500 - "-" "Mozilla/5.0 (compatible; SemrushBot/7~bl; +http://www.semrush.com/bot.html)" "mantech8.com"
185.191.171.10 - - [21/Oct/2022:03:28:34 -0700] "GET /index.php/camp-fire/33781108.html HTTP/1.1" 500 - "-" "Mozilla/5.0 (compatible; SemrushBot/7~bl; +http://www.semrush.com/bot.html)" "mantech8.com"
185.191.171.24 - - [21/Oct/2022:03:28:39 -0700] "GET /index.php/camp-fire/42047549.html HTTP/1.1" 500 - "-" "Mozilla/5.0 (compatible; SemrushBot/7~bl; +http://www.semrush.com/bot.html)" "mantech8.com"
185.191.171.11 - - [21/Oct/2022:03:29:00 -0700] "GET /index.php/camp-fire/33903008.html HTTP/1.1" 500 - "-" "Mozilla/5.0 (compatible; SemrushBot/7~bl; +http://www.semrush.com/bot.html)" "mantech8.com"
24.249.186.34 - - [21/Oct/2022:03:29:22 -0700] "GET /contact.php HTTP/1.1" 200 29238 "http://mantech8.com/contact.php" "Mozilla/5.0 (Windows NT 6.1; Win64; x64) AppleWebKit/537.36 (KHTML, like Gecko) Chrome/90.0.4430.85 Safari/537.36" "mantech8.com"
185.191.171.35 - - [21/Oct/2022:03:29:24 -0700] "GET /index.php/camp-fire/27061876.html HTTP/1.1" 500 - "-" "Mozilla/5.0 (compatible; SemrushBot/7~bl; +http://www.semrush.com/bot.html)" "mantech8.com"
24.249.186.34 - - [21/Oct/2022:03:29:29 -0700] "POST /mailer.php HTTP/1.1" 500 - "http://mantech8.com/contact.php" "Mozilla/5.0 (Windows NT 6.1; Win64; x64) AppleWebKit/537.36 (KHTML, like Gecko) Chrome/90.0.4430.85 Safari/537.36" "mantech8.com"
185.191.171.22 - - [21/Oct/2022:03:29:30 -0700] "GET /index.php/camp-fire/45124938.html HTTP/1.1" 500 - "-" "Mozilla/5.0 (compatible; SemrushBot/7~bl; +http://www.semrush.com/bot.html)" "mantech8.com"
207.46.13.184 - - [21/Oct/2022:03:30:02 -0700] "GET /index.php?/profit-and-loss-statement/ HTTP/1.1" 200 67145 "-" "Mozilla/5.0 AppleWebKit/537.36 (KHTML, like Gecko; compatible; bingbot/2.0; +http://www.bing.com/bingbot.htm) Chrome/103.0.5060.134 Safari/537.36" "www.mantech8.com"
185.191.171.24 - - [21/Oct/2022:03:30:38 -0700] "GET /index.php/camp-fire/34219947.html HTTP/1.1" 500 - "-" "Mozilla/5.0 (compatible; SemrushBot/7~bl; +http://www.semrush.com/bot.html)" "mantech8.com"
185.191.171.4 - - [21/Oct/2022:03:30:51 -0700] "GET /index.php/camp-fire/5340977.html HTTP/1.1" 500 - "-" "Mozilla/5.0 (compatible; SemrushBot/7~bl; +http://www.semrush.com/bot.html)" "mantech8.com"
185.191.171.9 - - [21/Oct/2022:03:30:56 -0700] "GET /index.php/camp-fire/32408860.html HTTP/1.1" 500 - "-" "Mozilla/5.0 (compatible; SemrushBot/7~bl; +http://www.semrush.com/bot.html)" "mantech8.com"
185.191.171.37 - - [21/Oct/2022:03:30:57 -0700] "GET /index.php/camp-fire/42705334.html HTTP/1.1" 500 - "-" "Mozilla/5.0 (compatible; SemrushBot/7~bl; +http://www.semrush.com/bot.html)" "mantech8.com"
185.191.171.2 - - [21/Oct/2022:03:32:15 -0700] "GET /index.php/camp-fire/23954133.html HTTP/1.1" 500 - "-" "Mozilla/5.0 (compatible; SemrushBot/7~bl; +http://www.semrush.com/bot.html)" "mantech8.com"
185.191.171.16 - - [21/Oct/2022:03:32:34 -0700] "GET /index.php/camp-fire/26119682.html HTTP/1.1" 500 - "-" "Mozilla/5.0 (compatible; SemrushBot/7~bl; +http://www.semrush.com/bot.html)" "mantech8.com"
185.191.171.42 - - [21/Oct/2022:03:34:08 -0700] "GET /index.php/camp-fire/27464426.html HTTP/1.1" 500 - "-" "Mozilla/5.0 (compatible; SemrushBot/7~bl; +http://www.semrush.com/bot.html)" "mantech8.com"
