185.191.171.5 - - [20/Oct/2022:19:11:30 -0700] "GET /index.php/camp-fire/28378535.html HTTP/1.1" 500 - "-" "Mozilla/5.0 (compatible; SemrushBot/7~bl; +http://www.semrush.com/bot.html)" "mantech8.com"
185.191.171.39 - - [20/Oct/2022:19:11:45 -0700] "GET /index.php/camp-fire/9516672.html HTTP/1.1" 500 - "-" "Mozilla/5.0 (compatible; SemrushBot/7~bl; +http://www.semrush.com/bot.html)" "mantech8.com"
185.191.171.23 - - [20/Oct/2022:19:12:12 -0700] "GET /index.php/camp-fire/26126282.html HTTP/1.1" 500 - "-" "Mozilla/5.0 (compatible; SemrushBot/7~bl; +http://www.semrush.com/bot.html)" "mantech8.com"
185.191.171.8 - - [20/Oct/2022:19:12:14 -0700] "GET /index.php/camp-fire/28008897.html HTTP/1.1" 500 - "-" "Mozilla/5.0 (compatible; SemrushBot/7~bl; +http://www.semrush.com/bot.html)" "mantech8.com"
185.191.171.40 - - [20/Oct/2022:19:12:32 -0700] "GET /index.php/camp-fire/49301076.html HTTP/1.1" 500 - "-" "Mozilla/5.0 (compatible; SemrushBot/7~bl; +http://www.semrush.com/bot.html)" "mantech8.com"
185.191.171.6 - - [20/Oct/2022:19:12:47 -0700] "GET /index.php/camp-fire/525998.html HTTP/1.1" 500 - "-" "Mozilla/5.0 (compatible; SemrushBot/7~bl; +http://www.semrush.com/bot.html)" "mantech8.com"
185.191.171.33 - - [20/Oct/2022:19:13:36 -0700] "GET /robots.txt HTTP/1.1" 200 106 "-" "Mozilla/5.0 (compatible; SemrushBot/7~bl; +http://www.semrush.com/bot.html)" "mantech8.com"
185.191.171.7 - - [20/Oct/2022:19:13:36 -0700] "GET /index.php/camp-fire/7302580.html HTTP/1.1" 500 - "-" "Mozilla/5.0 (compatible; SemrushBot/7~bl; +http://www.semrush.com/bot.html)" "mantech8.com"
185.191.171.17 - - [20/Oct/2022:19:14:30 -0700] "GET /index.php/camp-fire/33736260.html HTTP/1.1" 500 - "-" "Mozilla/5.0 (compatible; SemrushBot/7~bl; +http://www.semrush.com/bot.html)" "mantech8.com"
185.191.171.45 - - [20/Oct/2022:19:15:17 -0700] "GET /index.php/camp-fire/4622485.html HTTP/1.1" 500 - "-" "Mozilla/5.0 (compatible; SemrushBot/7~bl; +http://www.semrush.com/bot.html)" "mantech8.com"
185.191.171.3 - - [20/Oct/2022:19:15:33 -0700] "GET /index.php/camp-fire/28997164.html HTTP/1.1" 500 - "-" "Mozilla/5.0 (compatible; SemrushBot/7~bl; +http://www.semrush.com/bot.html)" "mantech8.com"
185.191.171.23 - - [20/Oct/2022:19:16:04 -0700] "GET /index.php/camp-fire/26100051.html HTTP/1.1" 500 - "-" "Mozilla/5.0 (compatible; SemrushBot/7~bl; +http://www.semrush.com/bot.html)" "mantech8.com"
185.191.171.26 - - [20/Oct/2022:19:16:16 -0700] "GET /index.php/camp-fire/38392403.html HTTP/1.1" 500 - "-" "Mozilla/5.0 (compatible; SemrushBot/7~bl; +http://www.semrush.com/bot.html)" "mantech8.com"
185.191.171.5 - - [20/Oct/2022:19:17:44 -0700] "GET /index.php/camp-fire/3255190.html HTTP/1.1" 500 - "-" "Mozilla/5.0 (compatible; SemrushBot/7~bl; +http://www.semrush.com/bot.html)" "mantech8.com"
185.191.171.13 - - [20/Oct/2022:19:18:58 -0700] "GET /index.php/camp-fire/28944197.html HTTP/1.1" 500 - "-" "Mozilla/5.0 (compatible; SemrushBot/7~bl; +http://www.semrush.com/bot.html)" "mantech8.com"
40.77.167.72 - - [20/Oct/2022:19:19:49 -0700] "GET /index.php?/hashtag/%E3%83%88%E3%83%A9%E3%83%AA%E3%83%94%E7%82%BA%E6%9B%BF%E7%A0%94%E7%A9%B6%E6%89%80?src=hash&ref_src=twsrc%5Etfw HTTP/1.1" 200 67198 "-" "Mozilla/5.0 (compatible; bingbot/2.0; +http://www.bing.com/bingbot.htm)" "mantech8.com"
149.210.201.140 - - [20/Oct/2022:19:19:56 -0700] "GET /defaul1.php HTTP/1.1" 404 73 "-" "Mozilla/5.0 (iPad; CPU OS 12_4_8 like Mac OS X) AppleWebKit/605.1.15 (KHTML, like Gecko) Version/12.1.2 Mobile/15E148 Safari/604.1" "mantech8.com"
149.210.201.140 - - [20/Oct/2022:19:19:56 -0700] "GET /defau1t.php HTTP/1.1" 404 73 "-" "Mozilla/5.0 (iPhone; CPU iPhone OS 14_4 like Mac OS X) AppleWebKit/605.1.15 (KHTML, like Gecko) CriOS/87.0.4280.77 Mobile/15E148 Safari/604.1" "mantech8.com"
149.210.201.140 - - [20/Oct/2022:19:19:56 -0700] "GET /defau11.php HTTP/1.1" 404 73 "-" "Mozilla/5.0 (Macintosh; Intel Mac OS X 11.1; rv:84.0) Gecko/20100101 Firefox/84.0" "mantech8.com"
185.191.171.21 - - [20/Oct/2022:19:20:15 -0700] "GET /index.php/camp-fire/24009133.html HTTP/1.1" 500 - "-" "Mozilla/5.0 (compatible; SemrushBot/7~bl; +http://www.semrush.com/bot.html)" "mantech8.com"
185.191.171.18 - - [20/Oct/2022:19:20:31 -0700] "GET /index.php/camp-fire/37780055.html HTTP/1.1" 500 - "-" "Mozilla/5.0 (compatible; SemrushBot/7~bl; +http://www.semrush.com/bot.html)" "mantech8.com"
185.191.171.3 - - [20/Oct/2022:19:21:31 -0700] "GET /index.php/camp-fire/24012983.html HTTP/1.1" 500 - "-" "Mozilla/5.0 (compatible; SemrushBot/7~bl; +http://www.semrush.com/bot.html)" "mantech8.com"
185.191.171.5 - - [20/Oct/2022:19:21:51 -0700] "GET /index.php/camp-fire/28948235.html HTTP/1.1" 500 - "-" "Mozilla/5.0 (compatible; SemrushBot/7~bl; +http://www.semrush.com/bot.html)" "mantech8.com"
185.191.171.6 - - [20/Oct/2022:19:22:07 -0700] "GET /index.php/camp-fire/33721159.html HTTP/1.1" 500 - "-" "Mozilla/5.0 (compatible; SemrushBot/7~bl; +http://www.semrush.com/bot.html)" "mantech8.com"
185.191.171.1 - - [20/Oct/2022:19:22:10 -0700] "GET /index.php/camp-fire/28684309.html HTTP/1.1" 500 - "-" "Mozilla/5.0 (compatible; SemrushBot/7~bl; +http://www.semrush.com/bot.html)" "mantech8.com"
185.191.171.42 - - [20/Oct/2022:19:23:23 -0700] "GET /index.php/camp-fire/40215702.html HTTP/1.1" 500 - "-" "Mozilla/5.0 (compatible; SemrushBot/7~bl; +http://www.semrush.com/bot.html)" "mantech8.com"
185.191.171.13 - - [20/Oct/2022:19:24:39 -0700] "GET /index.php/camp-fire/42504771.html HTTP/1.1" 500 - "-" "Mozilla/5.0 (compatible; SemrushBot/7~bl; +http://www.semrush.com/bot.html)" "mantech8.com"
185.191.171.6 - - [20/Oct/2022:19:26:19 -0700] "GET /index.php/camp-fire/3891874.html HTTP/1.1" 500 - "-" "Mozilla/5.0 (compatible; SemrushBot/7~bl; +http://www.semrush.com/bot.html)" "mantech8.com"
40.77.167.58 - - [20/Oct/2022:19:27:01 -0700] "GET /bimages/hydrog/IDN%20S2.jpg HTTP/1.1" 200 204791 "-" "Mozilla/5.0 (compatible; bingbot/2.0; +http://www.bing.com/bingbot.htm)" "www.mantech8.com"
185.191.171.1 - - [20/Oct/2022:19:27:50 -0700] "GET /index.php/camp-fire/36206821.html HTTP/1.1" 500 - "-" "Mozilla/5.0 (compatible; SemrushBot/7~bl; +http://www.semrush.com/bot.html)" "mantech8.com"
185.191.171.41 - - [20/Oct/2022:19:28:11 -0700] "GET /index.php/camp-fire/36294082.html HTTP/1.1" 500 - "-" "Mozilla/5.0 (compatible; SemrushBot/7~bl; +http://www.semrush.com/bot.html)" "mantech8.com"
185.191.171.3 - - [20/Oct/2022:19:28:19 -0700] "GET /index.php/camp-fire/29165126.html HTTP/1.1" 500 - "-" "Mozilla/5.0 (compatible; SemrushBot/7~bl; +http://www.semrush.com/bot.html)" "mantech8.com"
185.191.171.36 - - [20/Oct/2022:19:28:36 -0700] "GET /index.php/camp-fire/21455480.html HTTP/1.1" 500 - "-" "Mozilla/5.0 (compatible; SemrushBot/7~bl; +http://www.semrush.com/bot.html)" "mantech8.com"
185.191.171.2 - - [20/Oct/2022:19:28:58 -0700] "GET /index.php/camp-fire/37591247.html HTTP/1.1" 500 - "-" "Mozilla/5.0 (compatible; SemrushBot/7~bl; +http://www.semrush.com/bot.html)" "mantech8.com"
185.191.171.5 - - [20/Oct/2022:19:29:04 -0700] "GET /index.php/camp-fire/33980347.html HTTP/1.1" 500 - "-" "Mozilla/5.0 (compatible; SemrushBot/7~bl; +http://www.semrush.com/bot.html)" "mantech8.com"
185.191.171.22 - - [20/Oct/2022:19:30:06 -0700] "GET /index.php/camp-fire/33143421.html HTTP/1.1" 500 - "-" "Mozilla/5.0 (compatible; SemrushBot/7~bl; +http://www.semrush.com/bot.html)" "mantech8.com"
185.191.171.40 - - [20/Oct/2022:19:31:04 -0700] "GET /index.php/camp-fire/40323650.html HTTP/1.1" 500 - "-" "Mozilla/5.0 (compatible; SemrushBot/7~bl; +http://www.semrush.com/bot.html)" "mantech8.com"
185.191.171.43 - - [20/Oct/2022:19:31:48 -0700] "GET /index.php/camp-fire/28367070.html HTTP/1.1" 500 - "-" "Mozilla/5.0 (compatible; SemrushBot/7~bl; +http://www.semrush.com/bot.html)" "mantech8.com"
185.191.171.7 - - [20/Oct/2022:19:31:57 -0700] "GET /index.php/camp-fire/271598.html HTTP/1.1" 500 - "-" "Mozilla/5.0 (compatible; SemrushBot/7~bl; +http://www.semrush.com/bot.html)" "mantech8.com"
185.191.171.19 - - [20/Oct/2022:19:33:07 -0700] "GET /index.php/camp-fire/34157908.html HTTP/1.1" 500 - "-" "Mozilla/5.0 (compatible; SemrushBot/7~bl; +http://www.semrush.com/bot.html)" "mantech8.com"
185.191.171.2 - - [20/Oct/2022:19:33:26 -0700] "GET /index.php/camp-fire/26747747.html HTTP/1.1" 500 - "-" "Mozilla/5.0 (compatible; SemrushBot/7~bl; +http://www.semrush.com/bot.html)" "mantech8.com"
185.191.171.44 - - [20/Oct/2022:19:33:51 -0700] "GET /index.php/camp-fire/8139578.html HTTP/1.1" 500 - "-" "Mozilla/5.0 (compatible; SemrushBot/7~bl; +http://www.semrush.com/bot.html)" "mantech8.com"
185.191.171.9 - - [20/Oct/2022:19:34:54 -0700] "GET /index.php/camp-fire/23735606.html HTTP/1.1" 500 - "-" "Mozilla/5.0 (compatible; SemrushBot/7~bl; +http://www.semrush.com/bot.html)" "mantech8.com"
185.191.171.11 - - [20/Oct/2022:19:35:43 -0700] "GET /index.php/camp-fire/38866992.html HTTP/1.1" 500 - "-" "Mozilla/5.0 (compatible; SemrushBot/7~bl; +http://www.semrush.com/bot.html)" "mantech8.com"
185.191.171.4 - - [20/Oct/2022:19:35:54 -0700] "GET /index.php/camp-fire/28373471.html HTTP/1.1" 500 - "-" "Mozilla/5.0 (compatible; SemrushBot/7~bl; +http://www.semrush.com/bot.html)" "mantech8.com"
185.191.171.1 - - [20/Oct/2022:19:37:04 -0700] "GET /index.php/camp-fire/6258093.html HTTP/1.1" 500 - "-" "Mozilla/5.0 (compatible; SemrushBot/7~bl; +http://www.semrush.com/bot.html)" "mantech8.com"
185.191.171.41 - - [20/Oct/2022:19:37:06 -0700] "GET /index.php/camp-fire/30539541.html HTTP/1.1" 500 - "-" "Mozilla/5.0 (compatible; SemrushBot/7~bl; +http://www.semrush.com/bot.html)" "mantech8.com"
185.191.171.35 - - [20/Oct/2022:19:37:12 -0700] "GET /index.php/camp-fire/30027271.html HTTP/1.1" 500 - "-" "Mozilla/5.0 (compatible; SemrushBot/7~bl; +http://www.semrush.com/bot.html)" "mantech8.com"
114.119.133.166 - - [20/Oct/2022:19:37:18 -0700] "GET /bimages/door/?C=S%3BO%3DA HTTP/1.1" 200 447 "http://www.mantech8.com/bimages/door/?C=D%3BO%3DA" "Mozilla/5.0 (Linux; Android 7.0;) AppleWebKit/537.36 (KHTML, like Gecko) Mobile Safari/537.36 (compatible; PetalBot;+https://webmaster.petalsearch.com/site/petalbot)" "www.mantech8.com"
185.191.171.20 - - [20/Oct/2022:19:38:09 -0700] "GET /index.php/camp-fire/39866676.html HTTP/1.1" 500 - "-" "Mozilla/5.0 (compatible; SemrushBot/7~bl; +http://www.semrush.com/bot.html)" "mantech8.com"
207.46.13.205 - - [20/Oct/2022:19:38:33 -0700] "GET /index.php?/dp/4877516131?&linkcode=li1&tag=chisa2518-22&linkid=b15fb9819e0dc5d5a65c17f8785b68ef&language=ja_jp&ref_=as_li_ss_il HTTP/1.1" 200 76463 "-" "Mozilla/5.0 AppleWebKit/537.36 (KHTML, like Gecko; compatible; bingbot/2.0; +http://www.bing.com/bingbot.htm) Chrome/103.0.5060.134 Safari/537.36" "www.mantech8.com"
185.191.171.16 - - [20/Oct/2022:19:39:49 -0700] "GET /index.php/camp-fire/4800665.html HTTP/1.1" 500 - "-" "Mozilla/5.0 (compatible; SemrushBot/7~bl; +http://www.semrush.com/bot.html)" "mantech8.com"
185.191.171.40 - - [20/Oct/2022:19:41:17 -0700] "GET /index.php/camp-fire/4209085.html HTTP/1.1" 500 - "-" "Mozilla/5.0 (compatible; SemrushBot/7~bl; +http://www.semrush.com/bot.html)" "mantech8.com"
185.191.171.14 - - [20/Oct/2022:19:41:55 -0700] "GET /index.php/camp-fire/4484196.html HTTP/1.1" 500 - "-" "Mozilla/5.0 (compatible; SemrushBot/7~bl; +http://www.semrush.com/bot.html)" "mantech8.com"
185.191.171.36 - - [20/Oct/2022:19:42:57 -0700] "GET /index.php/camp-fire/38049663.html HTTP/1.1" 500 - "-" "Mozilla/5.0 (compatible; SemrushBot/7~bl; +http://www.semrush.com/bot.html)" "mantech8.com"
114.119.133.190 - - [20/Oct/2022:19:43:04 -0700] "GET /bimages/pipeg/thump/session.php HTTP/1.1" 200 32 "http://www.mantech8.com/bimages/pipeg/thump/?C=S%3BO%3DA" "Mozilla/5.0 (Linux; Android 7.0;) AppleWebKit/537.36 (KHTML, like Gecko) Mobile Safari/537.36 (compatible; PetalBot;+https://webmaster.petalsearch.com/site/petalbot)" "www.mantech8.com"
185.191.171.9 - - [20/Oct/2022:19:43:18 -0700] "GET /index.php/camp-fire/33478293.html HTTP/1.1" 500 - "-" "Mozilla/5.0 (compatible; SemrushBot/7~bl; +http://www.semrush.com/bot.html)" "mantech8.com"
185.191.171.41 - - [20/Oct/2022:19:43:47 -0700] "GET /index.php/camp-fire/1521198.html HTTP/1.1" 500 - "-" "Mozilla/5.0 (compatible; SemrushBot/7~bl; +http://www.semrush.com/bot.html)" "mantech8.com"
185.191.171.14 - - [20/Oct/2022:19:44:26 -0700] "GET /index.php/camp-fire/26011876.html HTTP/1.1" 500 - "-" "Mozilla/5.0 (compatible; SemrushBot/7~bl; +http://www.semrush.com/bot.html)" "mantech8.com"
185.191.171.39 - - [20/Oct/2022:19:44:59 -0700] "GET /index.php/camp-fire/94046330.html HTTP/1.1" 500 - "-" "Mozilla/5.0 (compatible; SemrushBot/7~bl; +http://www.semrush.com/bot.html)" "mantech8.com"
185.191.171.7 - - [20/Oct/2022:19:47:00 -0700] "GET /index.php/camp-fire/24241187.html HTTP/1.1" 500 - "-" "Mozilla/5.0 (compatible; SemrushBot/7~bl; +http://www.semrush.com/bot.html)" "mantech8.com"
185.191.171.14 - - [20/Oct/2022:19:48:36 -0700] "GET /index.php/camp-fire/35502871.html HTTP/1.1" 500 - "-" "Mozilla/5.0 (compatible; SemrushBot/7~bl; +http://www.semrush.com/bot.html)" "mantech8.com"
185.191.171.35 - - [20/Oct/2022:19:48:37 -0700] "GET /index.php/camp-fire/2369798.html HTTP/1.1" 500 - "-" "Mozilla/5.0 (compatible; SemrushBot/7~bl; +http://www.semrush.com/bot.html)" "mantech8.com"
185.191.171.37 - - [20/Oct/2022:19:48:49 -0700] "GET /index.php/camp-fire/40435272.html HTTP/1.1" 500 - "-" "Mozilla/5.0 (compatible; SemrushBot/7~bl; +http://www.semrush.com/bot.html)" "mantech8.com"
114.119.133.166 - - [20/Oct/2022:19:49:02 -0700] "GET /index.php?camp-fire/74882724.html HTTP/1.1" 500 - "-" "Mozilla/5.0 (Linux; Android 7.0;) AppleWebKit/537.36 (KHTML, like Gecko) Mobile Safari/537.36 (compatible; PetalBot;+https://webmaster.petalsearch.com/site/petalbot)" "www.mantech8.com"
157.245.10.72 - - [20/Oct/2022:19:49:14 -0700] "GET / HTTP/1.1" 500 - "-" "Mozlila/5.0 (Linux; Android 7.0; SM-G892A Bulid/NRD90M; wv) AppleWebKit/537.36 (KHTML, like Gecko) Version/4.0 Chrome/60.0.3112.107 Moblie Safari/537.36" "www.mantech8.com"
157.245.10.72 - - [20/Oct/2022:19:49:14 -0700] "POST /wp-plain.php HTTP/1.1" 404 73 "www.google.com" "Mozilla/5.0 (Linux; Android 7.0; SM-G892A Bulid/NRD90M; wv) AppleWebKit/537.36 (KHTML, like Gecko) Version/4.0 Chrome/60.0.3112.107 Moblie Safari/537.36" "www.mantech8.com"
157.245.10.72 - - [20/Oct/2022:19:49:14 -0700] "POST /ALFA_DATA/alfacgiapi/perl.alfa HTTP/1.1" 404 73 "www.google.com" "Mozlila/5.0 (Linux; Android 7.0; SM-G892A Bulid/NRD90M; wv) AppleWebKit/537.36 (KHTML, like Gecko) Version/4.0 Chrome/60.0.3112.107 Moblie Safari/537.36" "www.mantech8.com"
157.245.10.72 - - [20/Oct/2022:19:49:14 -0700] "GET /moolqenz.php?Fox=d3wL7 HTTP/1.1" 404 73 "www.google.com" "Mozilla/5.0 (Linux; Android 7.0; SM-G892A Bulid/NRD90M; wv) AppleWebKit/537.36 (KHTML, like Gecko) Version/4.0 Chrome/60.0.3112.107 Moblie Safari/537.36" "www.mantech8.com"
157.245.10.72 - - [20/Oct/2022:19:49:14 -0700] "POST /alfacgiapi/perl.alfa HTTP/1.1" 404 73 "www.google.com" "Mozlila/5.0 (Linux; Android 7.0; SM-G892A Bulid/NRD90M; wv) AppleWebKit/537.36 (KHTML, like Gecko) Version/4.0 Chrome/60.0.3112.107 Moblie Safari/537.36" "www.mantech8.com"
157.245.10.72 - - [20/Oct/2022:19:49:14 -0700] "POST /wp-plain.php HTTP/1.1" 404 73 "www.google.com" "Mozilla/5.0 (Linux; Android 7.0; SM-G892A Bulid/NRD90M; wv) AppleWebKit/537.36 (KHTML, like Gecko) Version/4.0 Chrome/60.0.3112.107 Moblie Safari/537.36" "www.mantech8.com"
157.245.10.72 - - [20/Oct/2022:19:49:14 -0700] "GET /jmdyjqfn.php?Fox=d3wL7 HTTP/1.1" 404 73 "www.google.com" "Mozilla/5.0 (Linux; Android 7.0; SM-G892A Bulid/NRD90M; wv) AppleWebKit/537.36 (KHTML, like Gecko) Version/4.0 Chrome/60.0.3112.107 Moblie Safari/537.36" "www.mantech8.com"
185.191.171.44 - - [20/Oct/2022:19:49:39 -0700] "GET /index.php/camp-fire/3136751.html HTTP/1.1" 500 - "-" "Mozilla/5.0 (compatible; SemrushBot/7~bl; +http://www.semrush.com/bot.html)" "mantech8.com"
157.245.62.129 - - [20/Oct/2022:19:50:08 -0700] "GET /contact.php HTTP/1.1" 200 29238 "http://mantech8.com/contact.php" "Mozilla/5.0 (Windows NT 10.0; WOW64) AppleWebKit/537.36 (KHTML, like Gecko) Chrome/90.0.4430.93 Safari/537.36" "mantech8.com"
157.245.62.129 - - [20/Oct/2022:19:50:11 -0700] "POST /mailer.php HTTP/1.1" 500 - "http://mantech8.com/contact.php" "Mozilla/5.0 (Windows NT 10.0; WOW64) AppleWebKit/537.36 (KHTML, like Gecko) Chrome/90.0.4430.93 Safari/537.36" "mantech8.com"
185.191.171.6 - - [20/Oct/2022:19:50:33 -0700] "GET /index.php/camp-fire/45512403.html HTTP/1.1" 500 - "-" "Mozilla/5.0 (compatible; SemrushBot/7~bl; +http://www.semrush.com/bot.html)" "mantech8.com"
185.191.171.39 - - [20/Oct/2022:19:50:51 -0700] "GET /index.php/camp-fire/27909109.html HTTP/1.1" 500 - "-" "Mozilla/5.0 (compatible; SemrushBot/7~bl; +http://www.semrush.com/bot.html)" "mantech8.com"
185.191.171.34 - - [20/Oct/2022:19:51:46 -0700] "GET /index.php/camp-fire/17945946.html HTTP/1.1" 500 - "-" "Mozilla/5.0 (compatible; SemrushBot/7~bl; +http://www.semrush.com/bot.html)" "mantech8.com"
185.191.171.40 - - [20/Oct/2022:19:51:57 -0700] "GET /index.php/camp-fire/26040351.html HTTP/1.1" 500 - "-" "Mozilla/5.0 (compatible; SemrushBot/7~bl; +http://www.semrush.com/bot.html)" "mantech8.com"
216.244.66.241 - - [20/Oct/2022:19:51:58 -0700] "GET /robots.txt HTTP/1.1" 200 222 "-" "Mozilla/5.0 (compatible; DotBot/1.2; +https://opensiteexplorer.org/dotbot; help@moz.com)" "mantech8.com"
216.244.66.241 - - [20/Oct/2022:19:51:58 -0700] "GET /robots.txt HTTP/1.1" 200 222 "-" "Mozilla/5.0 (compatible; DotBot/1.2; +https://opensiteexplorer.org/dotbot; help@moz.com)" "www.mantech8.com"
185.191.171.5 - - [20/Oct/2022:19:52:10 -0700] "GET /index.php/camp-fire/29402674.html HTTP/1.1" 500 - "-" "Mozilla/5.0 (compatible; SemrushBot/7~bl; +http://www.semrush.com/bot.html)" "mantech8.com"
185.191.171.45 - - [20/Oct/2022:19:53:25 -0700] "GET /index.php/camp-fire/23263174.html HTTP/1.1" 500 - "-" "Mozilla/5.0 (compatible; SemrushBot/7~bl; +http://www.semrush.com/bot.html)" "mantech8.com"
114.119.133.166 - - [20/Oct/2022:19:54:53 -0700] "GET /?sitemap-index-2.xml HTTP/1.1" 200 4270 "-" "Mozilla/5.0 (compatible;PetalBot;+https://webmaster.petalsearch.com/site/petalbot)" "mantech8.com"
185.191.171.34 - - [20/Oct/2022:19:54:54 -0700] "GET /index.php/camp-fire/4178485.html HTTP/1.1" 500 - "-" "Mozilla/5.0 (compatible; SemrushBot/7~bl; +http://www.semrush.com/bot.html)" "mantech8.com"
185.191.171.38 - - [20/Oct/2022:19:55:12 -0700] "GET /index.php/camp-fire/44178630.html HTTP/1.1" 500 - "-" "Mozilla/5.0 (compatible; SemrushBot/7~bl; +http://www.semrush.com/bot.html)" "mantech8.com"
185.191.171.45 - - [20/Oct/2022:19:55:54 -0700] "GET /index.php/camp-fire/9651677.html HTTP/1.1" 500 - "-" "Mozilla/5.0 (compatible; SemrushBot/7~bl; +http://www.semrush.com/bot.html)" "mantech8.com"
40.77.167.58 - - [20/Oct/2022:19:56:14 -0700] "GET /index.php?camp-fire/54600989.html HTTP/1.1" 200 69221 "-" "Mozilla/5.0 (compatible; bingbot/2.0; +http://www.bing.com/bingbot.htm)" "mantech8.com"
185.191.171.34 - - [20/Oct/2022:19:56:55 -0700] "GET /index.php/camp-fire/33665508.html HTTP/1.1" 500 - "-" "Mozilla/5.0 (compatible; SemrushBot/7~bl; +http://www.semrush.com/bot.html)" "mantech8.com"
185.191.171.33 - - [20/Oct/2022:19:58:08 -0700] "GET /index.php/camp-fire/2386359.html HTTP/1.1" 500 - "-" "Mozilla/5.0 (compatible; SemrushBot/7~bl; +http://www.semrush.com/bot.html)" "mantech8.com"
185.191.171.4 - - [20/Oct/2022:19:58:32 -0700] "GET /index.php/camp-fire/2403993.html HTTP/1.1" 500 - "-" "Mozilla/5.0 (compatible; SemrushBot/7~bl; +http://www.semrush.com/bot.html)" "mantech8.com"
185.191.171.35 - - [20/Oct/2022:19:58:55 -0700] "GET /index.php/camp-fire/33070271.html HTTP/1.1" 500 - "-" "Mozilla/5.0 (compatible; SemrushBot/7~bl; +http://www.semrush.com/bot.html)" "mantech8.com"
185.191.171.14 - - [20/Oct/2022:19:59:13 -0700] "GET /index.php/camp-fire/38422235.html HTTP/1.1" 500 - "-" "Mozilla/5.0 (compatible; SemrushBot/7~bl; +http://www.semrush.com/bot.html)" "mantech8.com"
185.191.171.18 - - [20/Oct/2022:20:00:23 -0700] "GET /index.php/camp-fire/37640976.html HTTP/1.1" 500 - "-" "Mozilla/5.0 (compatible; SemrushBot/7~bl; +http://www.semrush.com/bot.html)" "mantech8.com"
185.191.171.40 - - [20/Oct/2022:20:00:37 -0700] "GET /index.php/camp-fire/26906921.html HTTP/1.1" 500 - "-" "Mozilla/5.0 (compatible; SemrushBot/7~bl; +http://www.semrush.com/bot.html)" "mantech8.com"
114.119.133.190 - - [20/Oct/2022:20:00:51 -0700] "GET /index.php/dejerator.xml HTTP/1.1" 200 289323 "-" "Mozilla/5.0 (compatible;PetalBot;+https://webmaster.petalsearch.com/site/petalbot)" "mantech8.com"
40.77.167.66 - - [20/Oct/2022:20:01:33 -0700] "GET /index.php?/musyoku-fuufu/ikuji/ HTTP/1.1" 200 70769 "-" "Mozilla/5.0 AppleWebKit/537.36 (KHTML, like Gecko; compatible; bingbot/2.0; +http://www.bing.com/bingbot.htm) Chrome/103.0.5060.134 Safari/537.36" "www.mantech8.com"
185.191.171.18 - - [20/Oct/2022:20:01:37 -0700] "GET /index.php/camp-fire/26042476.html HTTP/1.1" 500 - "-" "Mozilla/5.0 (compatible; SemrushBot/7~bl; +http://www.semrush.com/bot.html)" "mantech8.com"
185.191.171.10 - - [20/Oct/2022:20:03:32 -0700] "GET /index.php/camp-fire/39161635.html HTTP/1.1" 500 - "-" "Mozilla/5.0 (compatible; SemrushBot/7~bl; +http://www.semrush.com/bot.html)" "mantech8.com"
185.191.171.9 - - [20/Oct/2022:20:04:20 -0700] "GET /index.php/camp-fire/65845950.html HTTP/1.1" 500 - "-" "Mozilla/5.0 (compatible; SemrushBot/7~bl; +http://www.semrush.com/bot.html)" "mantech8.com"
40.77.167.66 - - [20/Oct/2022:20:04:24 -0700] "GET /?/%E3%80%90%E5%AE%9F%E4%BD%93%E9%A8%93%E3%80%91%E6%97%A5%E6%9C%AC%E5%B9%B4%E9%87%91%E6%A9%9F%E6%A7%8B%E3%81%8B%E3%82%89%E3%80%8E%E5%8E%9A%E7%94%9F%E5%B9%B4%E9%87%91%E4%BF%9D%E9%99%BA%E3%83%BB%E5%81%A5/ HTTP/1.1" 200 66242 "-" "Mozilla/5.0 (compatible; bingbot/2.0; +http://www.bing.com/bingbot.htm)" "mantech8.com"
207.46.13.184 - - [20/Oct/2022:20:04:41 -0700] "GET /index.php?camp-fire/19080691.html HTTP/1.1" 200 69482 "-" "Mozilla/5.0 (compatible; bingbot/2.0; +http://www.bing.com/bingbot.htm)" "www.mantech8.com"
185.191.171.33 - - [20/Oct/2022:20:05:12 -0700] "GET /index.php/camp-fire/7806598.html HTTP/1.1" 500 - "-" "Mozilla/5.0 (compatible; SemrushBot/7~bl; +http://www.semrush.com/bot.html)" "mantech8.com"
185.191.171.35 - - [20/Oct/2022:20:05:23 -0700] "GET /index.php/camp-fire/28755517.html HTTP/1.1" 500 - "-" "Mozilla/5.0 (compatible; SemrushBot/7~bl; +http://www.semrush.com/bot.html)" "mantech8.com"
185.191.171.6 - - [20/Oct/2022:20:06:00 -0700] "GET /index.php/camp-fire/24310950.html HTTP/1.1" 500 - "-" "Mozilla/5.0 (compatible; SemrushBot/7~bl; +http://www.semrush.com/bot.html)" "mantech8.com"
207.46.13.76 - - [20/Oct/2022:20:06:05 -0700] "GET /bimages/gallery/thump/c3.jpg HTTP/1.1" 200 106010 "-" "Mozilla/5.0 AppleWebKit/537.36 (KHTML, like Gecko; compatible; bingbot/2.0; +http://www.bing.com/bingbot.htm) Chrome/103.0.5060.134 Safari/537.36" "mantech8.com"
185.191.171.15 - - [20/Oct/2022:20:06:16 -0700] "GET /index.php/camp-fire/38556189.html HTTP/1.1" 500 - "-" "Mozilla/5.0 (compatible; SemrushBot/7~bl; +http://www.semrush.com/bot.html)" "mantech8.com"
114.119.133.182 - - [20/Oct/2022:20:06:39 -0700] "GET /bimages/cleang/?C=M%3BO%3DA HTTP/1.1" 200 505 "http://www.mantech8.com/bimages/cleang/" "Mozilla/5.0 (Linux; Android 7.0;) AppleWebKit/537.36 (KHTML, like Gecko) Mobile Safari/537.36 (compatible; PetalBot;+https://webmaster.petalsearch.com/site/petalbot)" "www.mantech8.com"
4.231.104.187 - - [20/Oct/2022:20:06:43 -0700] "GET /wp-content/themes/seotheme/db.php?u HTTP/1.1" 404 88 "-" "Go-http-client/1.1" "mantech8.com"
185.191.171.7 - - [20/Oct/2022:20:06:54 -0700] "GET /index.php/camp-fire/7289180.html HTTP/1.1" 500 - "-" "Mozilla/5.0 (compatible; SemrushBot/7~bl; +http://www.semrush.com/bot.html)" "mantech8.com"
114.119.128.253 - - [20/Oct/2022:20:07:13 -0700] "GET /robots.txt HTTP/1.1" 200 106 "-" "Mozilla/5.0 (compatible;PetalBot;+https://webmaster.petalsearch.com/site/petalbot)" "www.mantech8.com"
185.191.171.26 - - [20/Oct/2022:20:08:45 -0700] "GET /index.php/camp-fire/17286884.html HTTP/1.1" 500 - "-" "Mozilla/5.0 (compatible; SemrushBot/7~bl; +http://www.semrush.com/bot.html)" "mantech8.com"
185.191.171.34 - - [20/Oct/2022:20:09:40 -0700] "GET /index.php/camp-fire/4079765.html HTTP/1.1" 500 - "-" "Mozilla/5.0 (compatible; SemrushBot/7~bl; +http://www.semrush.com/bot.html)" "mantech8.com"
185.191.171.18 - - [20/Oct/2022:20:10:35 -0700] "GET /index.php/camp-fire/15168856.html HTTP/1.1" 500 - "-" "Mozilla/5.0 (compatible; SemrushBot/7~bl; +http://www.semrush.com/bot.html)" "mantech8.com"
185.191.171.9 - - [20/Oct/2022:20:10:52 -0700] "GET /index.php/camp-fire/40134788.html HTTP/1.1" 500 - "-" "Mozilla/5.0 (compatible; SemrushBot/7~bl; +http://www.semrush.com/bot.html)" "mantech8.com"
185.191.171.20 - - [20/Oct/2022:20:11:20 -0700] "GET /index.php/camp-fire/40189760.html HTTP/1.1" 500 - "-" "Mozilla/5.0 (compatible; SemrushBot/7~bl; +http://www.semrush.com/bot.html)" "mantech8.com"
185.191.171.23 - - [20/Oct/2022:20:11:33 -0700] "GET /index.php/camp-fire/53574271.html HTTP/1.1" 500 - "-" "Mozilla/5.0 (compatible; SemrushBot/7~bl; +http://www.semrush.com/bot.html)" "mantech8.com"
114.119.133.182 - - [20/Oct/2022:20:12:30 -0700] "GET /bimages/scafg/?C=M%3BO%3DA HTTP/1.1" 200 555 "http://www.mantech8.com/bimages/scafg/" "Mozilla/5.0 (Linux; Android 7.0;) AppleWebKit/537.36 (KHTML, like Gecko) Mobile Safari/537.36 (compatible; PetalBot;+https://webmaster.petalsearch.com/site/petalbot)" "www.mantech8.com"
185.191.171.9 - - [20/Oct/2022:20:14:16 -0700] "GET /robots.txt HTTP/1.1" 200 106 "-" "Mozilla/5.0 (compatible; SemrushBot/7~bl; +http://www.semrush.com/bot.html)" "mantech8.com"
185.191.171.17 - - [20/Oct/2022:20:14:16 -0700] "GET /index.php/camp-fire/47275588.html HTTP/1.1" 500 - "-" "Mozilla/5.0 (compatible; SemrushBot/7~bl; +http://www.semrush.com/bot.html)" "mantech8.com"
185.191.171.40 - - [20/Oct/2022:20:14:18 -0700] "GET /index.php/camp-fire/40346850.html HTTP/1.1" 500 - "-" "Mozilla/5.0 (compatible; SemrushBot/7~bl; +http://www.semrush.com/bot.html)" "mantech8.com"
185.191.171.26 - - [20/Oct/2022:20:14:27 -0700] "GET /index.php/camp-fire/33648159.html HTTP/1.1" 500 - "-" "Mozilla/5.0 (compatible; SemrushBot/7~bl; +http://www.semrush.com/bot.html)" "mantech8.com"
185.191.171.8 - - [20/Oct/2022:20:14:40 -0700] "GET /index.php/camp-fire/43047834.html HTTP/1.1" 500 - "-" "Mozilla/5.0 (compatible; SemrushBot/7~bl; +http://www.semrush.com/bot.html)" "mantech8.com"
185.191.171.10 - - [20/Oct/2022:20:15:34 -0700] "GET /index.php/camp-fire/29083447.html HTTP/1.1" 500 - "-" "Mozilla/5.0 (compatible; SemrushBot/7~bl; +http://www.semrush.com/bot.html)" "mantech8.com"
185.191.171.6 - - [20/Oct/2022:20:15:36 -0700] "GET /index.php/camp-fire/28911564.html HTTP/1.1" 500 - "-" "Mozilla/5.0 (compatible; SemrushBot/7~bl; +http://www.semrush.com/bot.html)" "mantech8.com"
185.191.171.2 - - [20/Oct/2022:20:16:32 -0700] "GET /index.php/camp-fire/23885565.html HTTP/1.1" 500 - "-" "Mozilla/5.0 (compatible; SemrushBot/7~bl; +http://www.semrush.com/bot.html)" "mantech8.com"
185.191.171.23 - - [20/Oct/2022:20:16:44 -0700] "GET /index.php/camp-fire/4098565.html HTTP/1.1" 500 - "-" "Mozilla/5.0 (compatible; SemrushBot/7~bl; +http://www.semrush.com/bot.html)" "mantech8.com"
185.191.171.5 - - [20/Oct/2022:20:17:34 -0700] "GET /index.php/camp-fire/3364600.html HTTP/1.1" 500 - "-" "Mozilla/5.0 (compatible; SemrushBot/7~bl; +http://www.semrush.com/bot.html)" "mantech8.com"
40.77.167.72 - - [20/Oct/2022:20:17:34 -0700] "GET /bimages/gallery/thump/pb13.jpg HTTP/1.1" 200 445623 "-" "Mozilla/5.0 (compatible; bingbot/2.0; +http://www.bing.com/bingbot.htm)" "mantech8.com"
114.119.133.182 - - [20/Oct/2022:20:18:23 -0700] "GET /bimages/service/thump/?C=D%3BO%3DA HTTP/1.1" 200 539 "http://mantech8.com/bimages/service/thump/?C=M%3BO%3DA" "Mozilla/5.0 (Linux; Android 7.0;) AppleWebKit/537.36 (KHTML, like Gecko) Mobile Safari/537.36 (compatible; PetalBot;+https://webmaster.petalsearch.com/site/petalbot)" "mantech8.com"
185.191.171.33 - - [20/Oct/2022:20:19:02 -0700] "GET /index.php/camp-fire/32003430.html HTTP/1.1" 500 - "-" "Mozilla/5.0 (compatible; SemrushBot/7~bl; +http://www.semrush.com/bot.html)" "mantech8.com"
185.191.171.35 - - [20/Oct/2022:20:19:12 -0700] "GET /index.php/camp-fire/28602589.html HTTP/1.1" 500 - "-" "Mozilla/5.0 (compatible; SemrushBot/7~bl; +http://www.semrush.com/bot.html)" "mantech8.com"
207.46.13.184 - - [20/Oct/2022:20:20:31 -0700] "GET /bimages/gallery/sn1.jpg HTTP/1.1" 200 78305 "-" "Mozilla/5.0 AppleWebKit/537.36 (KHTML, like Gecko; compatible; bingbot/2.0; +http://www.bing.com/bingbot.htm) Chrome/103.0.5060.134 Safari/537.36" "mantech8.com"
185.191.171.36 - - [20/Oct/2022:20:21:07 -0700] "GET /index.php/camp-fire/9331651.html HTTP/1.1" 500 - "-" "Mozilla/5.0 (compatible; SemrushBot/7~bl; +http://www.semrush.com/bot.html)" "mantech8.com"
185.191.171.36 - - [20/Oct/2022:20:21:24 -0700] "GET /index.php/camp-fire/27780309.html HTTP/1.1" 500 - "-" "Mozilla/5.0 (compatible; SemrushBot/7~bl; +http://www.semrush.com/bot.html)" "mantech8.com"
185.191.171.25 - - [20/Oct/2022:20:21:35 -0700] "GET /index.php/camp-fire/1454559.html HTTP/1.1" 500 - "-" "Mozilla/5.0 (compatible; SemrushBot/7~bl; +http://www.semrush.com/bot.html)" "mantech8.com"
185.191.171.6 - - [20/Oct/2022:20:21:46 -0700] "GET /index.php/camp-fire/37072878.html HTTP/1.1" 500 - "-" "Mozilla/5.0 (compatible; SemrushBot/7~bl; +http://www.semrush.com/bot.html)" "mantech8.com"
185.191.171.25 - - [20/Oct/2022:20:22:42 -0700] "GET /index.php/camp-fire/26815821.html HTTP/1.1" 500 - "-" "Mozilla/5.0 (compatible; SemrushBot/7~bl; +http://www.semrush.com/bot.html)" "mantech8.com"
114.119.133.166 - - [20/Oct/2022:20:24:09 -0700] "GET /bimages/pipeg/ HTTP/1.1" 200 569 "http://www.mantech8.com/bimages/pipeg/thump/?C=S%3BO%3DA" "Mozilla/5.0 (Linux; Android 7.0;) AppleWebKit/537.36 (KHTML, like Gecko) Mobile Safari/537.36 (compatible; PetalBot;+https://webmaster.petalsearch.com/site/petalbot)" "www.mantech8.com"
185.191.171.10 - - [20/Oct/2022:20:24:21 -0700] "GET /index.php/camp-fire/20203083.html HTTP/1.1" 500 - "-" "Mozilla/5.0 (compatible; SemrushBot/7~bl; +http://www.semrush.com/bot.html)" "mantech8.com"
185.191.171.16 - - [20/Oct/2022:20:24:25 -0700] "GET /index.php/camp-fire/26586176.html HTTP/1.1" 500 - "-" "Mozilla/5.0 (compatible; SemrushBot/7~bl; +http://www.semrush.com/bot.html)" "mantech8.com"
185.191.171.14 - - [20/Oct/2022:20:24:37 -0700] "GET /index.php/camp-fire/27310697.html HTTP/1.1" 500 - "-" "Mozilla/5.0 (compatible; SemrushBot/7~bl; +http://www.semrush.com/bot.html)" "mantech8.com"
185.191.171.39 - - [20/Oct/2022:20:24:38 -0700] "GET /index.php/camp-fire/3097278.html HTTP/1.1" 500 - "-" "Mozilla/5.0 (compatible; SemrushBot/7~bl; +http://www.semrush.com/bot.html)" "mantech8.com"
185.191.171.39 - - [20/Oct/2022:20:25:43 -0700] "GET /index.php/camp-fire/34784926.html HTTP/1.1" 500 - "-" "Mozilla/5.0 (compatible; SemrushBot/7~bl; +http://www.semrush.com/bot.html)" "mantech8.com"
185.191.171.7 - - [20/Oct/2022:20:25:44 -0700] "GET /index.php/camp-fire/33713408.html HTTP/1.1" 500 - "-" "Mozilla/5.0 (compatible; SemrushBot/7~bl; +http://www.semrush.com/bot.html)" "mantech8.com"
185.191.171.4 - - [20/Oct/2022:20:26:22 -0700] "GET /index.php/camp-fire/27914659.html HTTP/1.1" 500 - "-" "Mozilla/5.0 (compatible; SemrushBot/7~bl; +http://www.semrush.com/bot.html)" "mantech8.com"
185.191.171.10 - - [20/Oct/2022:20:26:50 -0700] "GET /index.php/camp-fire/17604780.html HTTP/1.1" 500 - "-" "Mozilla/5.0 (compatible; SemrushBot/7~bl; +http://www.semrush.com/bot.html)" "mantech8.com"
185.191.171.11 - - [20/Oct/2022:20:27:04 -0700] "GET /index.php/camp-fire/35217706.html HTTP/1.1" 500 - "-" "Mozilla/5.0 (compatible; SemrushBot/7~bl; +http://www.semrush.com/bot.html)" "mantech8.com"
185.191.171.1 - - [20/Oct/2022:20:27:53 -0700] "GET /index.php/camp-fire/3895451.html HTTP/1.1" 500 - "-" "Mozilla/5.0 (compatible; SemrushBot/7~bl; +http://www.semrush.com/bot.html)" "mantech8.com"
185.191.171.42 - - [20/Oct/2022:20:28:31 -0700] "GET /index.php/camp-fire/33527768.html HTTP/1.1" 500 - "-" "Mozilla/5.0 (compatible; SemrushBot/7~bl; +http://www.semrush.com/bot.html)" "mantech8.com"
66.249.66.95 - - [20/Oct/2022:20:28:56 -0700] "GET /sitemap97.xml HTTP/1.1" 404 88 "-" "Mozilla/5.0 (compatible; Googlebot/2.1; +http://www.google.com/bot.html)" "mantech8.com"
185.191.171.24 - - [20/Oct/2022:20:29:01 -0700] "GET /index.php/camp-fire/31984606.html HTTP/1.1" 500 - "-" "Mozilla/5.0 (compatible; SemrushBot/7~bl; +http://www.semrush.com/bot.html)" "mantech8.com"
114.119.133.182 - - [20/Oct/2022:20:29:46 -0700] "GET /index.php?sitemap-index-6.xml HTTP/1.1" 200 4851 "-" "Mozilla/5.0 (Linux; Android 7.0;) AppleWebKit/537.36 (KHTML, like Gecko) Mobile Safari/537.36 (compatible; PetalBot;+https://webmaster.petalsearch.com/site/petalbot)" "mantech8.com"
185.191.171.15 - - [20/Oct/2022:20:30:13 -0700] "GET /index.php/camp-fire/47299893.html HTTP/1.1" 500 - "-" "Mozilla/5.0 (compatible; SemrushBot/7~bl; +http://www.semrush.com/bot.html)" "mantech8.com"
185.191.171.10 - - [20/Oct/2022:20:30:24 -0700] "GET /index.php/camp-fire/7352280.html HTTP/1.1" 500 - "-" "Mozilla/5.0 (compatible; SemrushBot/7~bl; +http://www.semrush.com/bot.html)" "mantech8.com"
114.119.148.14 - - [20/Oct/2022:20:32:03 -0700] "GET /robots.txt HTTP/1.1" 200 106 "-" "Mozilla/5.0 (compatible;PetalBot;+https://webmaster.petalsearch.com/site/petalbot)" "www.mantech8.com"
40.77.167.58 - - [20/Oct/2022:20:33:27 -0700] "GET /bimages/client/client7.png HTTP/1.1" 200 34665 "-" "Mozilla/5.0 (compatible; bingbot/2.0; +http://www.bing.com/bingbot.htm)" "www.mantech8.com"
185.191.171.18 - - [20/Oct/2022:20:35:17 -0700] "GET /index.php/camp-fire/7272080.html HTTP/1.1" 500 - "-" "Mozilla/5.0 (compatible; SemrushBot/7~bl; +http://www.semrush.com/bot.html)" "mantech8.com"
114.119.133.182 - - [20/Oct/2022:20:35:42 -0700] "GET /?sitemap7.xml HTTP/1.1" 200 270591 "-" "Mozilla/5.0 (Linux; Android 7.0;) AppleWebKit/537.36 (KHTML, like Gecko) Mobile Safari/537.36 (compatible; PetalBot;+https://webmaster.petalsearch.com/site/petalbot)" "mantech8.com"
185.191.171.21 - - [20/Oct/2022:20:35:46 -0700] "GET /index.php/camp-fire/35564356.html HTTP/1.1" 500 - "-" "Mozilla/5.0 (compatible; SemrushBot/7~bl; +http://www.semrush.com/bot.html)" "mantech8.com"
185.191.171.45 - - [20/Oct/2022:20:36:19 -0700] "GET /index.php/camp-fire/16525565.html HTTP/1.1" 500 - "-" "Mozilla/5.0 (compatible; SemrushBot/7~bl; +http://www.semrush.com/bot.html)" "mantech8.com"
185.191.171.14 - - [20/Oct/2022:20:36:24 -0700] "GET /index.php/camp-fire/42538260.html HTTP/1.1" 500 - "-" "Mozilla/5.0 (compatible; SemrushBot/7~bl; +http://www.semrush.com/bot.html)" "mantech8.com"
185.191.171.25 - - [20/Oct/2022:20:36:30 -0700] "GET /index.php/camp-fire/44504849.html HTTP/1.1" 500 - "-" "Mozilla/5.0 (compatible; SemrushBot/7~bl; +http://www.semrush.com/bot.html)" "mantech8.com"
185.191.171.34 - - [20/Oct/2022:20:36:35 -0700] "GET /index.php/camp-fire/30917835.html HTTP/1.1" 500 - "-" "Mozilla/5.0 (compatible; SemrushBot/7~bl; +http://www.semrush.com/bot.html)" "mantech8.com"
185.191.171.8 - - [20/Oct/2022:20:36:40 -0700] "GET /index.php/camp-fire/15873483.html HTTP/1.1" 500 - "-" "Mozilla/5.0 (compatible; SemrushBot/7~bl; +http://www.semrush.com/bot.html)" "mantech8.com"
185.191.171.10 - - [20/Oct/2022:20:36:59 -0700] "GET /index.php/camp-fire/56120038.html HTTP/1.1" 500 - "-" "Mozilla/5.0 (compatible; SemrushBot/7~bl; +http://www.semrush.com/bot.html)" "mantech8.com"
185.191.171.15 - - [20/Oct/2022:20:37:00 -0700] "GET /index.php/camp-fire/33804208.html HTTP/1.1" 500 - "-" "Mozilla/5.0 (compatible; SemrushBot/7~bl; +http://www.semrush.com/bot.html)" "mantech8.com"
185.191.171.2 - - [20/Oct/2022:20:37:04 -0700] "GET /index.php/camp-fire/33452376.html HTTP/1.1" 500 - "-" "Mozilla/5.0 (compatible; SemrushBot/7~bl; +http://www.semrush.com/bot.html)" "mantech8.com"
185.191.171.33 - - [20/Oct/2022:20:37:26 -0700] "GET /index.php/camp-fire/17542283.html HTTP/1.1" 500 - "-" "Mozilla/5.0 (compatible; SemrushBot/7~bl; +http://www.semrush.com/bot.html)" "mantech8.com"
185.191.171.21 - - [20/Oct/2022:20:38:07 -0700] "GET /index.php/camp-fire/15204084.html HTTP/1.1" 500 - "-" "Mozilla/5.0 (compatible; SemrushBot/7~bl; +http://www.semrush.com/bot.html)" "mantech8.com"
185.191.171.19 - - [20/Oct/2022:20:39:06 -0700] "GET /index.php/camp-fire/53688371.html HTTP/1.1" 500 - "-" "Mozilla/5.0 (compatible; SemrushBot/7~bl; +http://www.semrush.com/bot.html)" "mantech8.com"
185.191.171.11 - - [20/Oct/2022:20:39:30 -0700] "GET /index.php/camp-fire/3351498.html HTTP/1.1" 500 - "-" "Mozilla/5.0 (compatible; SemrushBot/7~bl; +http://www.semrush.com/bot.html)" "mantech8.com"
40.77.167.72 - - [20/Oct/2022:20:39:57 -0700] "GET /sitemapindeximages.xml HTTP/1.1" 404 88 "-" "Mozilla/5.0 AppleWebKit/537.36 (KHTML, like Gecko; compatible; bingbot/2.0; +http://www.bing.com/bingbot.htm) Chrome/103.0.5060.134 Safari/537.36" "mantech8.com"
40.77.167.72 - - [20/Oct/2022:20:39:57 -0700] "GET /sitemapindex.xml HTTP/1.1" 404 88 "-" "Mozilla/5.0 AppleWebKit/537.36 (KHTML, like Gecko; compatible; bingbot/2.0; +http://www.bing.com/bingbot.htm) Chrome/103.0.5060.134 Safari/537.36" "mantech8.com"
207.46.13.76 - - [20/Oct/2022:20:39:59 -0700] "GET /sitemapmobileindex.xml HTTP/1.1" 404 88 "-" "Mozilla/5.0 (compatible; bingbot/2.0; +http://www.bing.com/bingbot.htm)" "mantech8.com"
207.46.13.205 - - [20/Oct/2022:20:40:01 -0700] "GET /sitemapnewindex.xml HTTP/1.1" 404 88 "-" "Mozilla/5.0 AppleWebKit/537.36 (KHTML, like Gecko; compatible; bingbot/2.0; +http://www.bing.com/bingbot.htm) Chrome/103.0.5060.134 Safari/537.36" "mantech8.com"
114.119.151.113 - - [20/Oct/2022:20:40:03 -0700] "GET /robots.txt HTTP/1.1" 200 106 "-" "Mozilla/5.0 (compatible;PetalBot;+https://webmaster.petalsearch.com/site/petalbot)" "mantech8.com"
185.191.171.8 - - [20/Oct/2022:20:41:05 -0700] "GET /index.php/camp-fire/30655855.html HTTP/1.1" 500 - "-" "Mozilla/5.0 (compatible; SemrushBot/7~bl; +http://www.semrush.com/bot.html)" "mantech8.com"
114.119.133.182 - - [20/Oct/2022:20:41:32 -0700] "GET /bimages/cleang/thump/?C=N%3BO%3DD HTTP/1.1" 200 462 "http://www.mantech8.com/bimages/cleang/thump/" "Mozilla/5.0 (Linux; Android 7.0;) AppleWebKit/537.36 (KHTML, like Gecko) Mobile Safari/537.36 (compatible; PetalBot;+https://webmaster.petalsearch.com/site/petalbot)" "www.mantech8.com"
185.191.171.40 - - [20/Oct/2022:20:41:41 -0700] "GET /index.php/camp-fire/3099578.html HTTP/1.1" 500 - "-" "Mozilla/5.0 (compatible; SemrushBot/7~bl; +http://www.semrush.com/bot.html)" "mantech8.com"
185.191.171.13 - - [20/Oct/2022:20:41:55 -0700] "GET /index.php/camp-fire/44561734.html HTTP/1.1" 500 - "-" "Mozilla/5.0 (compatible; SemrushBot/7~bl; +http://www.semrush.com/bot.html)" "mantech8.com"
216.244.66.241 - - [20/Oct/2022:20:43:31 -0700] "GET /robots.txt HTTP/1.1" 200 222 "-" "Mozilla/5.0 (compatible; DotBot/1.2; +https://opensiteexplorer.org/dotbot; help@moz.com)" "www.mantech8.com"
216.244.66.241 - - [20/Oct/2022:20:43:31 -0700] "GET /robots.txt HTTP/1.1" 200 222 "-" "Mozilla/5.0 (compatible; DotBot/1.2; +https://opensiteexplorer.org/dotbot; help@moz.com)" "mantech8.com"
185.191.171.12 - - [20/Oct/2022:20:44:09 -0700] "GET /index.php/camp-fire/43090608.html HTTP/1.1" 500 - "-" "Mozilla/5.0 (compatible; SemrushBot/7~bl; +http://www.semrush.com/bot.html)" "mantech8.com"
185.191.171.36 - - [20/Oct/2022:20:44:17 -0700] "GET /index.php/camp-fire/44399788.html HTTP/1.1" 500 - "-" "Mozilla/5.0 (compatible; SemrushBot/7~bl; +http://www.semrush.com/bot.html)" "mantech8.com"
185.191.171.24 - - [20/Oct/2022:20:44:48 -0700] "GET /index.php/camp-fire/30760455.html HTTP/1.1" 500 - "-" "Mozilla/5.0 (compatible; SemrushBot/7~bl; +http://www.semrush.com/bot.html)" "mantech8.com"
185.191.171.9 - - [20/Oct/2022:20:45:22 -0700] "GET /index.php/camp-fire/28729535.html HTTP/1.1" 500 - "-" "Mozilla/5.0 (compatible; SemrushBot/7~bl; +http://www.semrush.com/bot.html)" "mantech8.com"
185.191.171.12 - - [20/Oct/2022:20:45:26 -0700] "GET /index.php/camp-fire/6290485.html HTTP/1.1" 500 - "-" "Mozilla/5.0 (compatible; SemrushBot/7~bl; +http://www.semrush.com/bot.html)" "mantech8.com"
185.191.171.34 - - [20/Oct/2022:20:46:45 -0700] "GET /index.php/camp-fire/29528366.html HTTP/1.1" 500 - "-" "Mozilla/5.0 (compatible; SemrushBot/7~bl; +http://www.semrush.com/bot.html)" "mantech8.com"
114.119.133.190 - - [20/Oct/2022:20:47:11 -0700] "GET /bimages/headg/thump/?C=D%3BO%3DA HTTP/1.1" 200 484 "http://mantech8.com/bimages/headg/thump/?C=N%3BO%3DD" "Mozilla/5.0 (Linux; Android 7.0;) AppleWebKit/537.36 (KHTML, like Gecko) Mobile Safari/537.36 (compatible; PetalBot;+https://webmaster.petalsearch.com/site/petalbot)" "mantech8.com"
185.191.171.11 - - [20/Oct/2022:20:47:28 -0700] "GET /index.php/camp-fire/2277372.html HTTP/1.1" 500 - "-" "Mozilla/5.0 (compatible; SemrushBot/7~bl; +http://www.semrush.com/bot.html)" "mantech8.com"
185.191.171.15 - - [20/Oct/2022:20:48:23 -0700] "GET /index.php/camp-fire/28728389.html HTTP/1.1" 500 - "-" "Mozilla/5.0 (compatible; SemrushBot/7~bl; +http://www.semrush.com/bot.html)" "mantech8.com"
185.191.171.18 - - [20/Oct/2022:20:49:01 -0700] "GET /index.php/camp-fire/62582578.html HTTP/1.1" 500 - "-" "Mozilla/5.0 (compatible; SemrushBot/7~bl; +http://www.semrush.com/bot.html)" "mantech8.com"
185.191.171.15 - - [20/Oct/2022:20:49:03 -0700] "GET /index.php/camp-fire/40189160.html HTTP/1.1" 500 - "-" "Mozilla/5.0 (compatible; SemrushBot/7~bl; +http://www.semrush.com/bot.html)" "mantech8.com"
185.191.171.24 - - [20/Oct/2022:20:49:12 -0700] "GET /index.php/camp-fire/33162171.html HTTP/1.1" 500 - "-" "Mozilla/5.0 (compatible; SemrushBot/7~bl; +http://www.semrush.com/bot.html)" "mantech8.com"
185.191.171.14 - - [20/Oct/2022:20:50:04 -0700] "GET /index.php/camp-fire/25987265.html HTTP/1.1" 500 - "-" "Mozilla/5.0 (compatible; SemrushBot/7~bl; +http://www.semrush.com/bot.html)" "mantech8.com"
185.191.171.3 - - [20/Oct/2022:20:50:29 -0700] "GET /index.php/camp-fire/87096080.html HTTP/1.1" 500 - "-" "Mozilla/5.0 (compatible; SemrushBot/7~bl; +http://www.semrush.com/bot.html)" "mantech8.com"
185.191.171.34 - - [20/Oct/2022:20:50:32 -0700] "GET /index.php/camp-fire/26783882.html HTTP/1.1" 500 - "-" "Mozilla/5.0 (compatible; SemrushBot/7~bl; +http://www.semrush.com/bot.html)" "mantech8.com"
40.77.167.66 - - [20/Oct/2022:20:50:58 -0700] "GET /index.php?/2020/04/08/%E3%81%8A%E8%8A%B1%E3%81%AE%E5%AE%9A%E6%9C%9F%E4%BE%BF%E3%81%A7%E5%AD%90%E4%BE%9B%E3%81%A8%E8%8A%B1%E8%82%B2%E8%8A%B1%E6%B4%BB%E3%81%97%E3%82%88%E3%81%86%E2%99%AA%E3%83%96%E3%83%AB%E3%83%BC%E3%83%9F/ HTTP/1.1" 200 71175 "-" "Mozilla/5.0 AppleWebKit/537.36 (KHTML, like Gecko; compatible; bingbot/2.0; +http://www.bing.com/bingbot.htm) Chrome/103.0.5060.134 Safari/537.36" "mantech8.com"
185.191.171.34 - - [20/Oct/2022:20:51:05 -0700] "GET /index.php/camp-fire/3998090.html HTTP/1.1" 500 - "-" "Mozilla/5.0 (compatible; SemrushBot/7~bl; +http://www.semrush.com/bot.html)" "mantech8.com"
185.191.171.38 - - [20/Oct/2022:20:51:10 -0700] "GET /index.php/camp-fire/28535380.html HTTP/1.1" 500 - "-" "Mozilla/5.0 (compatible; SemrushBot/7~bl; +http://www.semrush.com/bot.html)" "mantech8.com"
185.191.171.8 - - [20/Oct/2022:20:51:42 -0700] "GET /index.php/camp-fire/37562666.html HTTP/1.1" 500 - "-" "Mozilla/5.0 (compatible; SemrushBot/7~bl; +http://www.semrush.com/bot.html)" "mantech8.com"
185.191.171.41 - - [20/Oct/2022:20:52:54 -0700] "GET /index.php/camp-fire/27124663.html HTTP/1.1" 500 - "-" "Mozilla/5.0 (compatible; SemrushBot/7~bl; +http://www.semrush.com/bot.html)" "mantech8.com"
114.119.133.166 - - [20/Oct/2022:20:52:58 -0700] "GET /index.php?camp-fire/32373791.html HTTP/1.1" 500 - "-" "Mozilla/5.0 (Linux; Android 7.0;) AppleWebKit/537.36 (KHTML, like Gecko) Mobile Safari/537.36 (compatible; PetalBot;+https://webmaster.petalsearch.com/site/petalbot)" "www.mantech8.com"
185.191.171.10 - - [20/Oct/2022:20:54:55 -0700] "GET /index.php/camp-fire/37817138.html HTTP/1.1" 500 - "-" "Mozilla/5.0 (compatible; SemrushBot/7~bl; +http://www.semrush.com/bot.html)" "mantech8.com"
40.77.167.58 - - [20/Oct/2022:20:55:19 -0700] "GET /index.php?camp-fire/16984465.html HTTP/1.1" 200 66302 "-" "Mozilla/5.0 AppleWebKit/537.36 (KHTML, like Gecko; compatible; bingbot/2.0; +http://www.bing.com/bingbot.htm) Chrome/103.0.5060.134 Safari/537.36" "mantech8.com"
185.191.171.4 - - [20/Oct/2022:20:56:30 -0700] "GET /index.php/camp-fire/41607608.html HTTP/1.1" 500 - "-" "Mozilla/5.0 (compatible; SemrushBot/7~bl; +http://www.semrush.com/bot.html)" "mantech8.com"
185.191.171.41 - - [20/Oct/2022:20:57:31 -0700] "GET /index.php/camp-fire/34814716.html HTTP/1.1" 500 - "-" "Mozilla/5.0 (compatible; SemrushBot/7~bl; +http://www.semrush.com/bot.html)" "mantech8.com"
185.191.171.40 - - [20/Oct/2022:20:57:36 -0700] "GET /index.php/camp-fire/27259070.html HTTP/1.1" 500 - "-" "Mozilla/5.0 (compatible; SemrushBot/7~bl; +http://www.semrush.com/bot.html)" "mantech8.com"
185.191.171.4 - - [20/Oct/2022:20:57:58 -0700] "GET /index.php/camp-fire/502069.html HTTP/1.1" 500 - "-" "Mozilla/5.0 (compatible; SemrushBot/7~bl; +http://www.semrush.com/bot.html)" "mantech8.com"
185.191.171.26 - - [20/Oct/2022:20:58:28 -0700] "GET /index.php/camp-fire/26095551.html HTTP/1.1" 500 - "-" "Mozilla/5.0 (compatible; SemrushBot/7~bl; +http://www.semrush.com/bot.html)" "mantech8.com"
114.119.133.158 - - [20/Oct/2022:20:58:40 -0700] "GET /index.php/reym.xml HTTP/1.1" 200 289218 "-" "Mozilla/5.0 (Linux; Android 7.0;) AppleWebKit/537.36 (KHTML, like Gecko) Mobile Safari/537.36 (compatible; PetalBot;+https://webmaster.petalsearch.com/site/petalbot)" "mantech8.com"
185.191.171.37 - - [20/Oct/2022:20:58:43 -0700] "GET /index.php/camp-fire/43010872.html HTTP/1.1" 500 - "-" "Mozilla/5.0 (compatible; SemrushBot/7~bl; +http://www.semrush.com/bot.html)" "mantech8.com"
185.191.171.3 - - [20/Oct/2022:20:58:50 -0700] "GET /index.php/camp-fire/9606480.html HTTP/1.1" 500 - "-" "Mozilla/5.0 (compatible; SemrushBot/7~bl; +http://www.semrush.com/bot.html)" "mantech8.com"
185.191.171.38 - - [20/Oct/2022:20:58:56 -0700] "GET /index.php/camp-fire/34942568.html HTTP/1.1" 500 - "-" "Mozilla/5.0 (compatible; SemrushBot/7~bl; +http://www.semrush.com/bot.html)" "mantech8.com"
185.191.171.25 - - [20/Oct/2022:20:59:52 -0700] "GET /index.php/camp-fire/21796977.html HTTP/1.1" 500 - "-" "Mozilla/5.0 (compatible; SemrushBot/7~bl; +http://www.semrush.com/bot.html)" "mantech8.com"
185.191.171.33 - - [20/Oct/2022:21:00:17 -0700] "GET /index.php/camp-fire/36278759.html HTTP/1.1" 500 - "-" "Mozilla/5.0 (compatible; SemrushBot/7~bl; +http://www.semrush.com/bot.html)" "mantech8.com"
185.191.171.18 - - [20/Oct/2022:21:01:53 -0700] "GET /index.php/camp-fire/3316600.html HTTP/1.1" 500 - "-" "Mozilla/5.0 (compatible; SemrushBot/7~bl; +http://www.semrush.com/bot.html)" "mantech8.com"
185.191.171.38 - - [20/Oct/2022:21:02:11 -0700] "GET /index.php/camp-fire/26476851.html HTTP/1.1" 500 - "-" "Mozilla/5.0 (compatible; SemrushBot/7~bl; +http://www.semrush.com/bot.html)" "mantech8.com"
185.191.171.11 - - [20/Oct/2022:21:02:50 -0700] "GET /index.php/camp-fire/27429726.html HTTP/1.1" 500 - "-" "Mozilla/5.0 (compatible; SemrushBot/7~bl; +http://www.semrush.com/bot.html)" "mantech8.com"
185.191.171.4 - - [20/Oct/2022:21:03:41 -0700] "GET /index.php/camp-fire/37590347.html HTTP/1.1" 500 - "-" "Mozilla/5.0 (compatible; SemrushBot/7~bl; +http://www.semrush.com/bot.html)" "mantech8.com"
185.191.171.18 - - [20/Oct/2022:21:04:00 -0700] "GET /index.php/camp-fire/29050884.html HTTP/1.1" 500 - "-" "Mozilla/5.0 (compatible; SemrushBot/7~bl; +http://www.semrush.com/bot.html)" "mantech8.com"
185.191.171.24 - - [20/Oct/2022:21:04:09 -0700] "GET /index.php/camp-fire/7650808.html HTTP/1.1" 500 - "-" "Mozilla/5.0 (compatible; SemrushBot/7~bl; +http://www.semrush.com/bot.html)" "mantech8.com"
114.119.133.190 - - [20/Oct/2022:21:04:21 -0700] "GET /bimages/gallery/bxrgzztdpj.php HTTP/1.1" 200 32 "http://mantech8.com/bimages/gallery/?C=S%3BO%3DA" "Mozilla/5.0 (Linux; Android 7.0;) AppleWebKit/537.36 (KHTML, like Gecko) Mobile Safari/537.36 (compatible; PetalBot;+https://webmaster.petalsearch.com/site/petalbot)" "mantech8.com"
185.191.171.22 - - [20/Oct/2022:21:04:27 -0700] "GET /index.php/camp-fire/41780388.html HTTP/1.1" 500 - "-" "Mozilla/5.0 (compatible; SemrushBot/7~bl; +http://www.semrush.com/bot.html)" "mantech8.com"
45.62.169.166 - - [20/Oct/2022:21:04:32 -0700] "GET /index.php?link_url=l2022 HTTP/1.1" 200 206 "-" "Mozilla/5.0 (compatible; MSIE 9.0; Windows NT 6.1; WOW64; Trident/5.0)" "mantech8.com"
45.62.169.166 - - [20/Oct/2022:21:04:33 -0700] "GET /index.php HTTP/1.1" 200 808 "https://www.google.co.jp/" "Mozilla/5.0 (compatible; MSIE 9.0; Windows NT 6.1; WOW64; Trident/5.0)" "mantech8.com"
185.191.171.19 - - [20/Oct/2022:21:06:35 -0700] "GET /index.php/camp-fire/44156949.html HTTP/1.1" 500 - "-" "Mozilla/5.0 (compatible; SemrushBot/7~bl; +http://www.semrush.com/bot.html)" "mantech8.com"
185.191.171.33 - - [20/Oct/2022:21:07:07 -0700] "GET /index.php/camp-fire/3975974.html HTTP/1.1" 500 - "-" "Mozilla/5.0 (compatible; SemrushBot/7~bl; +http://www.semrush.com/bot.html)" "mantech8.com"
185.191.171.1 - - [20/Oct/2022:21:08:34 -0700] "GET /index.php/camp-fire/53017459.html HTTP/1.1" 500 - "-" "Mozilla/5.0 (compatible; SemrushBot/7~bl; +http://www.semrush.com/bot.html)" "mantech8.com"
185.191.171.26 - - [20/Oct/2022:21:09:26 -0700] "GET /index.php/camp-fire/26141682.html HTTP/1.1" 500 - "-" "Mozilla/5.0 (compatible; SemrushBot/7~bl; +http://www.semrush.com/bot.html)" "mantech8.com"
114.119.133.182 - - [20/Oct/2022:21:09:58 -0700] "GET /bimages/gallery/thump/pnujbrwtfj.php HTTP/1.1" 200 32 "http://www.mantech8.com/bimages/gallery/thump/?C=S%3BO%3DA" "Mozilla/5.0 (Linux; Android 7.0;) AppleWebKit/537.36 (KHTML, like Gecko) Mobile Safari/537.36 (compatible; PetalBot;+https://webmaster.petalsearch.com/site/petalbot)" "www.mantech8.com"
