185.191.171.7 - - [21/Oct/2022:15:22:45 -0700] "GET /index.php/camp-fire/8508372.html HTTP/1.1" 500 - "-" "Mozilla/5.0 (compatible; SemrushBot/7~bl; +http://www.semrush.com/bot.html)" "mantech8.com"
185.191.171.7 - - [21/Oct/2022:15:23:24 -0700] "GET /index.php/camp-fire/49256302.html HTTP/1.1" 500 - "-" "Mozilla/5.0 (compatible; SemrushBot/7~bl; +http://www.semrush.com/bot.html)" "mantech8.com"
185.191.171.5 - - [21/Oct/2022:15:23:26 -0700] "GET /index.php/camp-fire/38323361.html HTTP/1.1" 500 - "-" "Mozilla/5.0 (compatible; SemrushBot/7~bl; +http://www.semrush.com/bot.html)" "mantech8.com"
185.191.171.22 - - [21/Oct/2022:15:23:37 -0700] "GET /index.php/camp-fire/60632625.html HTTP/1.1" 500 - "-" "Mozilla/5.0 (compatible; SemrushBot/7~bl; +http://www.semrush.com/bot.html)" "mantech8.com"
185.191.171.33 - - [21/Oct/2022:15:23:39 -0700] "GET /index.php/camp-fire/7287980.html HTTP/1.1" 500 - "-" "Mozilla/5.0 (compatible; SemrushBot/7~bl; +http://www.semrush.com/bot.html)" "mantech8.com"
185.191.171.34 - - [21/Oct/2022:15:24:24 -0700] "GET /index.php/camp-fire/37077178.html HTTP/1.1" 500 - "-" "Mozilla/5.0 (compatible; SemrushBot/7~bl; +http://www.semrush.com/bot.html)" "mantech8.com"
114.119.133.158 - - [21/Oct/2022:15:24:40 -0700] "GET /bimages/hgallery/?C=D%3BO%3DA HTTP/1.1" 200 499 "http://www.mantech8.com/bimages/hgallery/" "Mozilla/5.0 (Linux; Android 7.0;) AppleWebKit/537.36 (KHTML, like Gecko) Mobile Safari/537.36 (compatible; PetalBot;+https://webmaster.petalsearch.com/site/petalbot)" "www.mantech8.com"
185.191.171.1 - - [21/Oct/2022:15:25:27 -0700] "GET /index.php/camp-fire/28532964.html HTTP/1.1" 500 - "-" "Mozilla/5.0 (compatible; SemrushBot/7~bl; +http://www.semrush.com/bot.html)" "mantech8.com"
185.191.171.7 - - [21/Oct/2022:15:26:27 -0700] "GET /robots.txt HTTP/1.1" 200 106 "-" "Mozilla/5.0 (compatible; SemrushBot/7~bl; +http://www.semrush.com/bot.html)" "mantech8.com"
185.191.171.4 - - [21/Oct/2022:15:26:28 -0700] "GET /index.php/camp-fire/33162471.html HTTP/1.1" 500 - "-" "Mozilla/5.0 (compatible; SemrushBot/7~bl; +http://www.semrush.com/bot.html)" "mantech8.com"
185.191.171.17 - - [21/Oct/2022:15:27:16 -0700] "GET /index.php/camp-fire/62581578.html HTTP/1.1" 500 - "-" "Mozilla/5.0 (compatible; SemrushBot/7~bl; +http://www.semrush.com/bot.html)" "mantech8.com"
185.191.171.9 - - [21/Oct/2022:15:28:18 -0700] "GET /index.php/camp-fire/52260234.html HTTP/1.1" 500 - "-" "Mozilla/5.0 (compatible; SemrushBot/7~bl; +http://www.semrush.com/bot.html)" "mantech8.com"
185.191.171.13 - - [21/Oct/2022:15:29:00 -0700] "GET /index.php/camp-fire/26108782.html HTTP/1.1" 500 - "-" "Mozilla/5.0 (compatible; SemrushBot/7~bl; +http://www.semrush.com/bot.html)" "mantech8.com"
185.191.171.15 - - [21/Oct/2022:15:29:26 -0700] "GET /index.php/camp-fire/1573759.html HTTP/1.1" 500 - "-" "Mozilla/5.0 (compatible; SemrushBot/7~bl; +http://www.semrush.com/bot.html)" "mantech8.com"
185.191.171.33 - - [21/Oct/2022:15:29:28 -0700] "GET /index.php/camp-fire/27397732.html HTTP/1.1" 500 - "-" "Mozilla/5.0 (compatible; SemrushBot/7~bl; +http://www.semrush.com/bot.html)" "mantech8.com"
185.191.171.6 - - [21/Oct/2022:15:29:52 -0700] "GET /index.php/camp-fire/27368897.html HTTP/1.1" 500 - "-" "Mozilla/5.0 (compatible; SemrushBot/7~bl; +http://www.semrush.com/bot.html)" "mantech8.com"
114.119.133.165 - - [21/Oct/2022:15:30:16 -0700] "GET /index.php?reym.xml HTTP/1.1" 200 289348 "-" "Mozilla/5.0 (compatible;PetalBot;+https://webmaster.petalsearch.com/site/petalbot)" "mantech8.com"
185.191.171.26 - - [21/Oct/2022:15:30:47 -0700] "GET /index.php/camp-fire/43131003.html HTTP/1.1" 500 - "-" "Mozilla/5.0 (compatible; SemrushBot/7~bl; +http://www.semrush.com/bot.html)" "mantech8.com"
185.191.171.2 - - [21/Oct/2022:15:30:48 -0700] "GET /index.php/camp-fire/286198.html HTTP/1.1" 500 - "-" "Mozilla/5.0 (compatible; SemrushBot/7~bl; +http://www.semrush.com/bot.html)" "mantech8.com"
40.77.167.58 - - [21/Oct/2022:15:31:41 -0700] "GET /bimages/video/piping.jpg HTTP/1.1" 200 56210 "-" "Mozilla/5.0 (compatible; bingbot/2.0; +http://www.bing.com/bingbot.htm)" "mantech8.com"
185.191.171.2 - - [21/Oct/2022:15:33:52 -0700] "GET /index.php/camp-fire/22622627.html HTTP/1.1" 500 - "-" "Mozilla/5.0 (compatible; SemrushBot/7~bl; +http://www.semrush.com/bot.html)" "mantech8.com"
185.191.171.25 - - [21/Oct/2022:15:34:16 -0700] "GET /index.php/camp-fire/32824560.html HTTP/1.1" 500 - "-" "Mozilla/5.0 (compatible; SemrushBot/7~bl; +http://www.semrush.com/bot.html)" "mantech8.com"
185.191.171.1 - - [21/Oct/2022:15:34:19 -0700] "GET /index.php/camp-fire/8141378.html HTTP/1.1" 500 - "-" "Mozilla/5.0 (compatible; SemrushBot/7~bl; +http://www.semrush.com/bot.html)" "mantech8.com"
185.191.171.6 - - [21/Oct/2022:15:34:38 -0700] "GET /index.php/camp-fire/42036188.html HTTP/1.1" 500 - "-" "Mozilla/5.0 (compatible; SemrushBot/7~bl; +http://www.semrush.com/bot.html)" "mantech8.com"
185.191.171.39 - - [21/Oct/2022:15:34:45 -0700] "GET /index.php/camp-fire/32529725.html HTTP/1.1" 500 - "-" "Mozilla/5.0 (compatible; SemrushBot/7~bl; +http://www.semrush.com/bot.html)" "mantech8.com"
185.191.171.37 - - [21/Oct/2022:15:35:13 -0700] "GET /index.php/camp-fire/50052434.html HTTP/1.1" 500 - "-" "Mozilla/5.0 (compatible; SemrushBot/7~bl; +http://www.semrush.com/bot.html)" "mantech8.com"
114.119.133.166 - - [21/Oct/2022:15:35:56 -0700] "GET /bimages/?C=N%3BO%3DD HTTP/1.1" 200 725 "http://mantech8.com/bimages/?C=S%3BO%3DA" "Mozilla/5.0 (Linux; Android 7.0;) AppleWebKit/537.36 (KHTML, like Gecko) Mobile Safari/537.36 (compatible; PetalBot;+https://webmaster.petalsearch.com/site/petalbot)" "mantech8.com"
185.191.171.25 - - [21/Oct/2022:15:36:10 -0700] "GET /index.php/camp-fire/1506990.html HTTP/1.1" 500 - "-" "Mozilla/5.0 (compatible; SemrushBot/7~bl; +http://www.semrush.com/bot.html)" "mantech8.com"
185.191.171.17 - - [21/Oct/2022:15:36:25 -0700] "GET /index.php/camp-fire/8274469.html HTTP/1.1" 500 - "-" "Mozilla/5.0 (compatible; SemrushBot/7~bl; +http://www.semrush.com/bot.html)" "mantech8.com"
185.191.171.34 - - [21/Oct/2022:15:38:10 -0700] "GET /index.php/camp-fire/35273738.html HTTP/1.1" 500 - "-" "Mozilla/5.0 (compatible; SemrushBot/7~bl; +http://www.semrush.com/bot.html)" "mantech8.com"
185.191.171.43 - - [21/Oct/2022:15:39:19 -0700] "GET /index.php/camp-fire/88683687.html HTTP/1.1" 500 - "-" "Mozilla/5.0 (compatible; SemrushBot/7~bl; +http://www.semrush.com/bot.html)" "mantech8.com"
185.191.171.15 - - [21/Oct/2022:15:39:46 -0700] "GET /index.php/camp-fire/28372671.html HTTP/1.1" 500 - "-" "Mozilla/5.0 (compatible; SemrushBot/7~bl; +http://www.semrush.com/bot.html)" "mantech8.com"
185.191.171.3 - - [21/Oct/2022:15:39:58 -0700] "GET /index.php/camp-fire/9775783.html HTTP/1.1" 500 - "-" "Mozilla/5.0 (compatible; SemrushBot/7~bl; +http://www.semrush.com/bot.html)" "mantech8.com"
185.191.171.34 - - [21/Oct/2022:15:40:21 -0700] "GET /index.php/camp-fire/25637359.html HTTP/1.1" 500 - "-" "Mozilla/5.0 (compatible; SemrushBot/7~bl; +http://www.semrush.com/bot.html)" "mantech8.com"
185.191.171.15 - - [21/Oct/2022:15:40:36 -0700] "GET /index.php/camp-fire/44311508.html HTTP/1.1" 500 - "-" "Mozilla/5.0 (compatible; SemrushBot/7~bl; +http://www.semrush.com/bot.html)" "mantech8.com"
185.191.171.9 - - [21/Oct/2022:15:40:53 -0700] "GET /index.php/camp-fire/39873776.html HTTP/1.1" 500 - "-" "Mozilla/5.0 (compatible; SemrushBot/7~bl; +http://www.semrush.com/bot.html)" "mantech8.com"
185.191.171.17 - - [21/Oct/2022:15:41:25 -0700] "GET /index.php/camp-fire/28634689.html HTTP/1.1" 500 - "-" "Mozilla/5.0 (compatible; SemrushBot/7~bl; +http://www.semrush.com/bot.html)" "mantech8.com"
207.46.13.76 - - [21/Oct/2022:15:41:30 -0700] "GET /bimages/gallery/thump/bn1.jpg HTTP/1.1" 200 188809 "-" "Mozilla/5.0 AppleWebKit/537.36 (KHTML, like Gecko; compatible; bingbot/2.0; +http://www.bing.com/bingbot.htm) Chrome/103.0.5060.134 Safari/537.36" "mantech8.com"
114.119.133.158 - - [21/Oct/2022:15:41:40 -0700] "GET /index.php?camp-fire/11803417.html HTTP/1.1" 500 - "-" "Mozilla/5.0 (Linux; Android 7.0;) AppleWebKit/537.36 (KHTML, like Gecko) Mobile Safari/537.36 (compatible; PetalBot;+https://webmaster.petalsearch.com/site/petalbot)" "www.mantech8.com"
185.191.171.10 - - [21/Oct/2022:15:41:46 -0700] "GET /index.php/camp-fire/37773650.html HTTP/1.1" 500 - "-" "Mozilla/5.0 (compatible; SemrushBot/7~bl; +http://www.semrush.com/bot.html)" "mantech8.com"
185.191.171.15 - - [21/Oct/2022:15:41:57 -0700] "GET /index.php/camp-fire/32696364.html HTTP/1.1" 500 - "-" "Mozilla/5.0 (compatible; SemrushBot/7~bl; +http://www.semrush.com/bot.html)" "mantech8.com"
103.131.71.143 - - [21/Oct/2022:15:42:00 -0700] "GET /robots.txt HTTP/1.1" 200 106 "-" "Mozilla/5.0 (compatible; coccocbot-web/1.0; +http://help.coccoc.com/searchengine)" "mantech8.com"
185.191.171.33 - - [21/Oct/2022:15:42:02 -0700] "GET /index.php/camp-fire/3331400.html HTTP/1.1" 500 - "-" "Mozilla/5.0 (compatible; SemrushBot/7~bl; +http://www.semrush.com/bot.html)" "mantech8.com"
185.191.171.42 - - [21/Oct/2022:15:42:17 -0700] "GET /index.php/camp-fire/26738672.html HTTP/1.1" 500 - "-" "Mozilla/5.0 (compatible; SemrushBot/7~bl; +http://www.semrush.com/bot.html)" "mantech8.com"
185.191.171.22 - - [21/Oct/2022:15:42:54 -0700] "GET /index.php/camp-fire/27888259.html HTTP/1.1" 500 - "-" "Mozilla/5.0 (compatible; SemrushBot/7~bl; +http://www.semrush.com/bot.html)" "mantech8.com"
185.191.171.41 - - [21/Oct/2022:15:43:57 -0700] "GET /index.php/camp-fire/28649189.html HTTP/1.1" 500 - "-" "Mozilla/5.0 (compatible; SemrushBot/7~bl; +http://www.semrush.com/bot.html)" "mantech8.com"
185.191.171.3 - - [21/Oct/2022:15:44:09 -0700] "GET /index.php/camp-fire/32642768.html HTTP/1.1" 500 - "-" "Mozilla/5.0 (compatible; SemrushBot/7~bl; +http://www.semrush.com/bot.html)" "mantech8.com"
207.46.13.76 - - [21/Oct/2022:15:44:10 -0700] "GET /sitemapmobileindex.xml HTTP/1.1" 404 88 "-" "Mozilla/5.0 (compatible; bingbot/2.0; +http://www.bing.com/bingbot.htm)" "mantech8.com"
40.77.167.72 - - [21/Oct/2022:15:44:16 -0700] "GET /sitemapindex.xml HTTP/1.1" 404 88 "-" "Mozilla/5.0 (compatible; bingbot/2.0; +http://www.bing.com/bingbot.htm)" "mantech8.com"
40.77.167.72 - - [21/Oct/2022:15:44:16 -0700] "GET /sitemapindeximages.xml HTTP/1.1" 404 88 "-" "Mozilla/5.0 AppleWebKit/537.36 (KHTML, like Gecko; compatible; bingbot/2.0; +http://www.bing.com/bingbot.htm) Chrome/103.0.5060.134 Safari/537.36" "mantech8.com"
185.191.171.8 - - [21/Oct/2022:15:44:17 -0700] "GET /index.php/camp-fire/43285672.html HTTP/1.1" 500 - "-" "Mozilla/5.0 (compatible; SemrushBot/7~bl; +http://www.semrush.com/bot.html)" "mantech8.com"
207.46.13.205 - - [21/Oct/2022:15:44:20 -0700] "GET /sitemapnewindex.xml HTTP/1.1" 404 88 "-" "Mozilla/5.0 AppleWebKit/537.36 (KHTML, like Gecko; compatible; bingbot/2.0; +http://www.bing.com/bingbot.htm) Chrome/103.0.5060.134 Safari/537.36" "mantech8.com"
207.46.13.76 - - [21/Oct/2022:15:44:51 -0700] "GET /bimages/gallery/p7.jpg HTTP/1.1" 200 64854 "-" "Mozilla/5.0 AppleWebKit/537.36 (KHTML, like Gecko; compatible; bingbot/2.0; +http://www.bing.com/bingbot.htm) Chrome/103.0.5060.134 Safari/537.36" "mantech8.com"
185.191.171.18 - - [21/Oct/2022:15:45:09 -0700] "GET /index.php/camp-fire/23629806.html HTTP/1.1" 500 - "-" "Mozilla/5.0 (compatible; SemrushBot/7~bl; +http://www.semrush.com/bot.html)" "mantech8.com"
185.191.171.26 - - [21/Oct/2022:15:46:01 -0700] "GET /index.php/camp-fire/4814855.html HTTP/1.1" 500 - "-" "Mozilla/5.0 (compatible; SemrushBot/7~bl; +http://www.semrush.com/bot.html)" "mantech8.com"
185.191.171.44 - - [21/Oct/2022:15:46:26 -0700] "GET /index.php/camp-fire/3284098.html HTTP/1.1" 500 - "-" "Mozilla/5.0 (compatible; SemrushBot/7~bl; +http://www.semrush.com/bot.html)" "mantech8.com"
185.191.171.12 - - [21/Oct/2022:15:46:30 -0700] "GET /index.php/camp-fire/43496071.html HTTP/1.1" 500 - "-" "Mozilla/5.0 (compatible; SemrushBot/7~bl; +http://www.semrush.com/bot.html)" "mantech8.com"
114.119.133.166 - - [21/Oct/2022:15:47:21 -0700] "GET /blasting.php HTTP/1.1" 200 13361 "http://www.mantech8.com/services.php" "Mozilla/5.0 (Linux; Android 7.0;) AppleWebKit/537.36 (KHTML, like Gecko) Mobile Safari/537.36 (compatible; PetalBot;+https://webmaster.petalsearch.com/site/petalbot)" "www.mantech8.com"
185.191.171.15 - - [21/Oct/2022:15:47:41 -0700] "GET /index.php/camp-fire/38859817.html HTTP/1.1" 500 - "-" "Mozilla/5.0 (compatible; SemrushBot/7~bl; +http://www.semrush.com/bot.html)" "mantech8.com"
185.35.67.212 - - [21/Oct/2022:15:48:23 -0700] "GET /icons.html HTTP/1.1" 404 73 "-" "aragna.net_bot" "mantech8.com"
185.191.171.38 - - [21/Oct/2022:15:49:10 -0700] "GET /index.php/camp-fire/68361534.html HTTP/1.1" 500 - "-" "Mozilla/5.0 (compatible; SemrushBot/7~bl; +http://www.semrush.com/bot.html)" "mantech8.com"
185.191.171.13 - - [21/Oct/2022:15:49:31 -0700] "GET /index.php/camp-fire/41151002.html HTTP/1.1" 500 - "-" "Mozilla/5.0 (compatible; SemrushBot/7~bl; +http://www.semrush.com/bot.html)" "mantech8.com"
185.191.171.33 - - [21/Oct/2022:15:49:57 -0700] "GET /index.php/camp-fire/41328108.html HTTP/1.1" 500 - "-" "Mozilla/5.0 (compatible; SemrushBot/7~bl; +http://www.semrush.com/bot.html)" "mantech8.com"
185.191.171.6 - - [21/Oct/2022:15:50:07 -0700] "GET /index.php/camp-fire/21650832.html HTTP/1.1" 500 - "-" "Mozilla/5.0 (compatible; SemrushBot/7~bl; +http://www.semrush.com/bot.html)" "mantech8.com"
185.191.171.18 - - [21/Oct/2022:15:51:21 -0700] "GET /index.php/camp-fire/42085249.html HTTP/1.1" 500 - "-" "Mozilla/5.0 (compatible; SemrushBot/7~bl; +http://www.semrush.com/bot.html)" "mantech8.com"
185.191.171.34 - - [21/Oct/2022:15:51:44 -0700] "GET /index.php/camp-fire/38193016.html HTTP/1.1" 500 - "-" "Mozilla/5.0 (compatible; SemrushBot/7~bl; +http://www.semrush.com/bot.html)" "mantech8.com"
66.249.66.95 - - [21/Oct/2022:15:52:39 -0700] "GET /steaded.xml HTTP/1.1" 404 88 "-" "Mozilla/5.0 (compatible; Googlebot/2.1; +http://www.google.com/bot.html)" "mantech8.com"
114.119.133.165 - - [21/Oct/2022:15:52:59 -0700] "GET /index.php?sitemap41663.xml HTTP/1.1" 200 289354 "-" "Mozilla/5.0 (compatible;PetalBot;+https://webmaster.petalsearch.com/site/petalbot)" "mantech8.com"
185.191.171.41 - - [21/Oct/2022:15:53:05 -0700] "GET /index.php/camp-fire/47531766.html HTTP/1.1" 500 - "-" "Mozilla/5.0 (compatible; SemrushBot/7~bl; +http://www.semrush.com/bot.html)" "mantech8.com"
185.191.171.13 - - [21/Oct/2022:15:54:13 -0700] "GET /index.php/camp-fire/24361350.html HTTP/1.1" 500 - "-" "Mozilla/5.0 (compatible; SemrushBot/7~bl; +http://www.semrush.com/bot.html)" "mantech8.com"
185.191.171.34 - - [21/Oct/2022:15:54:16 -0700] "GET /index.php/camp-fire/31741447.html HTTP/1.1" 500 - "-" "Mozilla/5.0 (compatible; SemrushBot/7~bl; +http://www.semrush.com/bot.html)" "mantech8.com"
185.191.171.15 - - [21/Oct/2022:15:54:42 -0700] "GET /index.php/camp-fire/41888103.html HTTP/1.1" 500 - "-" "Mozilla/5.0 (compatible; SemrushBot/7~bl; +http://www.semrush.com/bot.html)" "mantech8.com"
185.191.171.10 - - [21/Oct/2022:15:54:59 -0700] "GET /index.php/camp-fire/25165906.html HTTP/1.1" 500 - "-" "Mozilla/5.0 (compatible; SemrushBot/7~bl; +http://www.semrush.com/bot.html)" "mantech8.com"
185.191.171.10 - - [21/Oct/2022:15:55:11 -0700] "GET /index.php/camp-fire/31879630.html HTTP/1.1" 500 - "-" "Mozilla/5.0 (compatible; SemrushBot/7~bl; +http://www.semrush.com/bot.html)" "mantech8.com"
185.191.171.14 - - [21/Oct/2022:15:55:17 -0700] "GET /index.php/camp-fire/24554830.html HTTP/1.1" 500 - "-" "Mozilla/5.0 (compatible; SemrushBot/7~bl; +http://www.semrush.com/bot.html)" "mantech8.com"
185.191.171.35 - - [21/Oct/2022:15:57:42 -0700] "GET /index.php/camp-fire/45663603.html HTTP/1.1" 500 - "-" "Mozilla/5.0 (compatible; SemrushBot/7~bl; +http://www.semrush.com/bot.html)" "mantech8.com"
185.191.171.33 - - [21/Oct/2022:15:58:10 -0700] "GET /index.php/camp-fire/40326350.html HTTP/1.1" 500 - "-" "Mozilla/5.0 (compatible; SemrushBot/7~bl; +http://www.semrush.com/bot.html)" "mantech8.com"
185.191.171.5 - - [21/Oct/2022:15:58:15 -0700] "GET /index.php/camp-fire/35365038.html HTTP/1.1" 500 - "-" "Mozilla/5.0 (compatible; SemrushBot/7~bl; +http://www.semrush.com/bot.html)" "mantech8.com"
185.191.171.11 - - [21/Oct/2022:15:58:29 -0700] "GET /index.php/camp-fire/39867676.html HTTP/1.1" 500 - "-" "Mozilla/5.0 (compatible; SemrushBot/7~bl; +http://www.semrush.com/bot.html)" "mantech8.com"
185.191.171.8 - - [21/Oct/2022:15:58:31 -0700] "GET /index.php/camp-fire/40171388.html HTTP/1.1" 500 - "-" "Mozilla/5.0 (compatible; SemrushBot/7~bl; +http://www.semrush.com/bot.html)" "mantech8.com"
114.119.133.182 - - [21/Oct/2022:15:58:36 -0700] "GET /index.php?limunu.xml HTTP/1.1" 200 289305 "-" "Mozilla/5.0 (compatible;PetalBot;+https://webmaster.petalsearch.com/site/petalbot)" "mantech8.com"
185.191.171.5 - - [21/Oct/2022:15:58:37 -0700] "GET /index.php/camp-fire/42833234.html HTTP/1.1" 500 - "-" "Mozilla/5.0 (compatible; SemrushBot/7~bl; +http://www.semrush.com/bot.html)" "mantech8.com"
185.191.171.33 - - [21/Oct/2022:15:58:38 -0700] "GET /index.php/camp-fire/46311103.html HTTP/1.1" 500 - "-" "Mozilla/5.0 (compatible; SemrushBot/7~bl; +http://www.semrush.com/bot.html)" "mantech8.com"
185.191.171.8 - - [21/Oct/2022:15:58:51 -0700] "GET /index.php/camp-fire/26546351.html HTTP/1.1" 500 - "-" "Mozilla/5.0 (compatible; SemrushBot/7~bl; +http://www.semrush.com/bot.html)" "mantech8.com"
207.46.13.205 - - [21/Oct/2022:15:59:18 -0700] "GET /bimages/gallery/thump/IDN%20B6.jpg HTTP/1.1" 200 592494 "-" "Mozilla/5.0 (compatible; bingbot/2.0; +http://www.bing.com/bingbot.htm)" "www.mantech8.com"
185.191.171.15 - - [21/Oct/2022:15:59:50 -0700] "GET /index.php/camp-fire/26045706.html HTTP/1.1" 500 - "-" "Mozilla/5.0 (compatible; SemrushBot/7~bl; +http://www.semrush.com/bot.html)" "mantech8.com"
185.191.171.16 - - [21/Oct/2022:16:00:02 -0700] "GET /index.php/camp-fire/48996092.html HTTP/1.1" 500 - "-" "Mozilla/5.0 (compatible; SemrushBot/7~bl; +http://www.semrush.com/bot.html)" "mantech8.com"
185.191.171.7 - - [21/Oct/2022:16:00:08 -0700] "GET /index.php/camp-fire/34106233.html HTTP/1.1" 500 - "-" "Mozilla/5.0 (compatible; SemrushBot/7~bl; +http://www.semrush.com/bot.html)" "mantech8.com"
185.191.171.17 - - [21/Oct/2022:16:00:22 -0700] "GET /index.php/camp-fire/44984376.html HTTP/1.1" 500 - "-" "Mozilla/5.0 (compatible; SemrushBot/7~bl; +http://www.semrush.com/bot.html)" "mantech8.com"
66.249.66.23 - - [21/Oct/2022:16:00:23 -0700] "GET /shopping.geocities.jp/atomic-golf/design/css/parts.css HTTP/1.1" 404 88 "https://www.mantech8.com/index.php?camp-fire/68495850.html" "Mozilla/5.0 (Linux; Android 6.0.1; Nexus 5X Build/MMB29P) AppleWebKit/537.36 (KHTML, like Gecko) Chrome/106.0.5249.119 Mobile Safari/537.36 (compatible; Googlebot/2.1; +http://www.google.com/bot.html)" "www.mantech8.com"
66.249.66.23 - - [21/Oct/2022:16:00:23 -0700] "GET /shopping.geocities.jp/atomic-golf/design/css/common.css HTTP/1.1" 404 88 "https://www.mantech8.com/index.php?camp-fire/68495850.html" "Mozilla/5.0 (Linux; Android 6.0.1; Nexus 5X Build/MMB29P) AppleWebKit/537.36 (KHTML, like Gecko) Chrome/106.0.5249.119 Mobile Safari/537.36 (compatible; Googlebot/2.1; +http://www.google.com/bot.html)" "www.mantech8.com"
66.249.66.25 - - [21/Oct/2022:16:00:23 -0700] "GET /shopping.geocities.jp/atomic-golf/design/css/parts.css HTTP/1.1" 404 88 "https://www.mantech8.com/index.php?camp-fire/68495850.html" "Mozilla/5.0 (Linux; Android 6.0.1; Nexus 5X Build/MMB29P) AppleWebKit/537.36 (KHTML, like Gecko) Chrome/106.0.5249.119 Mobile Safari/537.36 (compatible; Googlebot/2.1; +http://www.google.com/bot.html)" "www.mantech8.com"
66.249.66.23 - - [21/Oct/2022:16:00:23 -0700] "GET /shopping.geocities.jp/atomic-golf/design/css/common.css HTTP/1.1" 404 88 "https://www.mantech8.com/index.php?camp-fire/68495850.html" "Mozilla/5.0 (Linux; Android 6.0.1; Nexus 5X Build/MMB29P) AppleWebKit/537.36 (KHTML, like Gecko) Chrome/106.0.5249.119 Mobile Safari/537.36 (compatible; Googlebot/2.1; +http://www.google.com/bot.html)" "www.mantech8.com"
185.191.171.11 - - [21/Oct/2022:16:00:39 -0700] "GET /index.php/camp-fire/42826034.html HTTP/1.1" 500 - "-" "Mozilla/5.0 (compatible; SemrushBot/7~bl; +http://www.semrush.com/bot.html)" "mantech8.com"
185.191.171.12 - - [21/Oct/2022:16:01:41 -0700] "GET /index.php/camp-fire/27659109.html HTTP/1.1" 500 - "-" "Mozilla/5.0 (compatible; SemrushBot/7~bl; +http://www.semrush.com/bot.html)" "mantech8.com"
185.35.67.212 - - [21/Oct/2022:16:03:22 -0700] "GET /index-min-dark.html HTTP/1.1" 404 73 "-" "aragna.net_bot" "mantech8.com"
185.191.171.2 - - [21/Oct/2022:16:03:27 -0700] "GET /index.php/camp-fire/44573950.html HTTP/1.1" 500 - "-" "Mozilla/5.0 (compatible; SemrushBot/7~bl; +http://www.semrush.com/bot.html)" "mantech8.com"
114.119.133.158 - - [21/Oct/2022:16:04:17 -0700] "GET /index.php?sitemap-index-2.xml HTTP/1.1" 200 4854 "-" "Mozilla/5.0 (compatible;PetalBot;+https://webmaster.petalsearch.com/site/petalbot)" "mantech8.com"
185.191.171.3 - - [21/Oct/2022:16:04:25 -0700] "GET /index.php/camp-fire/35756638.html HTTP/1.1" 500 - "-" "Mozilla/5.0 (compatible; SemrushBot/7~bl; +http://www.semrush.com/bot.html)" "mantech8.com"
185.191.171.43 - - [21/Oct/2022:16:04:49 -0700] "GET /index.php/camp-fire/25637859.html HTTP/1.1" 500 - "-" "Mozilla/5.0 (compatible; SemrushBot/7~bl; +http://www.semrush.com/bot.html)" "mantech8.com"
207.46.13.76 - - [21/Oct/2022:16:05:13 -0700] "GET /?/%E3%81%B2%E3%81%A9%E3%81%84%E5%8F%A3%E5%86%85%E7%82%8E%EF%BC%88%E8%88%8C%E7%82%8E%EF%BC%89%E3%80%80%E3%82%A2%E3%83%95%E3%82%BF%E3%82%BE%E3%83%AD%E3%83%B3%EF%BC%88%E6%B2%BB%E7%99%82%E8%96%AC%EF%BC%89/ HTTP/1.1" 200 71881 "-" "Mozilla/5.0 (compatible; bingbot/2.0; +http://www.bing.com/bingbot.htm)" "mantech8.com"
185.191.171.23 - - [21/Oct/2022:16:05:44 -0700] "GET /index.php/camp-fire/40395202.html HTTP/1.1" 500 - "-" "Mozilla/5.0 (compatible; SemrushBot/7~bl; +http://www.semrush.com/bot.html)" "mantech8.com"
185.191.171.16 - - [21/Oct/2022:16:05:46 -0700] "GET /index.php/camp-fire/43543017.html HTTP/1.1" 500 - "-" "Mozilla/5.0 (compatible; SemrushBot/7~bl; +http://www.semrush.com/bot.html)" "mantech8.com"
185.191.171.2 - - [21/Oct/2022:16:06:00 -0700] "GET /index.php/camp-fire/26586076.html HTTP/1.1" 500 - "-" "Mozilla/5.0 (compatible; SemrushBot/7~bl; +http://www.semrush.com/bot.html)" "mantech8.com"
185.191.171.22 - - [21/Oct/2022:16:06:01 -0700] "GET /index.php/camp-fire/5313777.html HTTP/1.1" 500 - "-" "Mozilla/5.0 (compatible; SemrushBot/7~bl; +http://www.semrush.com/bot.html)" "mantech8.com"
185.191.171.22 - - [21/Oct/2022:16:06:30 -0700] "GET /index.php/camp-fire/38866717.html HTTP/1.1" 500 - "-" "Mozilla/5.0 (compatible; SemrushBot/7~bl; +http://www.semrush.com/bot.html)" "mantech8.com"
185.191.171.35 - - [21/Oct/2022:16:08:28 -0700] "GET /index.php/camp-fire/26910884.html HTTP/1.1" 500 - "-" "Mozilla/5.0 (compatible; SemrushBot/7~bl; +http://www.semrush.com/bot.html)" "mantech8.com"
114.119.133.165 - - [21/Oct/2022:16:10:01 -0700] "GET /bimages/gallery/thump/File.php HTTP/1.1" 200 - "http://www.mantech8.com/bimages/gallery/thump/?C=S%3BO%3DA" "Mozilla/5.0 (Linux; Android 7.0;) AppleWebKit/537.36 (KHTML, like Gecko) Mobile Safari/537.36 (compatible; PetalBot;+https://webmaster.petalsearch.com/site/petalbot)" "www.mantech8.com"
185.191.171.8 - - [21/Oct/2022:16:10:23 -0700] "GET /index.php/camp-fire/32384860.html HTTP/1.1" 500 - "-" "Mozilla/5.0 (compatible; SemrushBot/7~bl; +http://www.semrush.com/bot.html)" "mantech8.com"
185.191.171.34 - - [21/Oct/2022:16:10:25 -0700] "GET /index.php/camp-fire/3681098.html HTTP/1.1" 500 - "-" "Mozilla/5.0 (compatible; SemrushBot/7~bl; +http://www.semrush.com/bot.html)" "mantech8.com"
185.191.171.9 - - [21/Oct/2022:16:11:01 -0700] "GET /index.php/camp-fire/25585150.html HTTP/1.1" 500 - "-" "Mozilla/5.0 (compatible; SemrushBot/7~bl; +http://www.semrush.com/bot.html)" "mantech8.com"
185.191.171.10 - - [21/Oct/2022:16:11:04 -0700] "GET /index.php/camp-fire/41965372.html HTTP/1.1" 500 - "-" "Mozilla/5.0 (compatible; SemrushBot/7~bl; +http://www.semrush.com/bot.html)" "mantech8.com"
207.46.13.184 - - [21/Oct/2022:16:11:17 -0700] "GET /?/2022_dai01.jpg HTTP/1.1" 200 66127 "-" "Mozilla/5.0 AppleWebKit/537.36 (KHTML, like Gecko; compatible; bingbot/2.0; +http://www.bing.com/bingbot.htm) Chrome/103.0.5060.134 Safari/537.36" "mantech8.com"
185.191.171.25 - - [21/Oct/2022:16:11:38 -0700] "GET /index.php/camp-fire/31293035.html HTTP/1.1" 500 - "-" "Mozilla/5.0 (compatible; SemrushBot/7~bl; +http://www.semrush.com/bot.html)" "mantech8.com"
216.244.66.241 - - [21/Oct/2022:16:11:42 -0700] "GET /robots.txt HTTP/1.1" 200 222 "-" "Mozilla/5.0 (compatible; DotBot/1.2; +https://opensiteexplorer.org/dotbot; help@moz.com)" "www.mantech8.com"
216.244.66.241 - - [21/Oct/2022:16:11:42 -0700] "GET /robots.txt HTTP/1.1" 200 222 "-" "Mozilla/5.0 (compatible; DotBot/1.2; +https://opensiteexplorer.org/dotbot; help@moz.com)" "mantech8.com"
185.191.171.1 - - [21/Oct/2022:16:11:46 -0700] "GET /index.php/camp-fire/8527796.html HTTP/1.1" 500 - "-" "Mozilla/5.0 (compatible; SemrushBot/7~bl; +http://www.semrush.com/bot.html)" "mantech8.com"
207.46.13.184 - - [21/Oct/2022:16:12:16 -0700] "GET /index.php?/2022/0607/c1057a131871/page.htm HTTP/1.1" 200 69143 "-" "Mozilla/5.0 AppleWebKit/537.36 (KHTML, like Gecko; compatible; bingbot/2.0; +http://www.bing.com/bingbot.htm) Chrome/103.0.5060.134 Safari/537.36" "www.mantech8.com"
185.191.171.44 - - [21/Oct/2022:16:13:36 -0700] "GET /index.php/camp-fire/22454865.html HTTP/1.1" 500 - "-" "Mozilla/5.0 (compatible; SemrushBot/7~bl; +http://www.semrush.com/bot.html)" "mantech8.com"
185.191.171.43 - - [21/Oct/2022:16:14:12 -0700] "GET /index.php/camp-fire/33662508.html HTTP/1.1" 500 - "-" "Mozilla/5.0 (compatible; SemrushBot/7~bl; +http://www.semrush.com/bot.html)" "mantech8.com"
185.191.171.13 - - [21/Oct/2022:16:14:35 -0700] "GET /index.php/camp-fire/25986865.html HTTP/1.1" 500 - "-" "Mozilla/5.0 (compatible; SemrushBot/7~bl; +http://www.semrush.com/bot.html)" "mantech8.com"
185.191.171.34 - - [21/Oct/2022:16:14:48 -0700] "GET /index.php/camp-fire/21805835.html HTTP/1.1" 500 - "-" "Mozilla/5.0 (compatible; SemrushBot/7~bl; +http://www.semrush.com/bot.html)" "mantech8.com"
185.191.171.40 - - [21/Oct/2022:16:14:55 -0700] "GET /index.php/camp-fire/30527441.html HTTP/1.1" 500 - "-" "Mozilla/5.0 (compatible; SemrushBot/7~bl; +http://www.semrush.com/bot.html)" "mantech8.com"
185.191.171.26 - - [21/Oct/2022:16:15:25 -0700] "GET /index.php/camp-fire/46671671.html HTTP/1.1" 500 - "-" "Mozilla/5.0 (compatible; SemrushBot/7~bl; +http://www.semrush.com/bot.html)" "mantech8.com"
185.191.171.5 - - [21/Oct/2022:16:15:46 -0700] "GET /index.php/camp-fire/6457759.html HTTP/1.1" 500 - "-" "Mozilla/5.0 (compatible; SemrushBot/7~bl; +http://www.semrush.com/bot.html)" "mantech8.com"
114.119.133.190 - - [21/Oct/2022:16:15:48 -0700] "GET /index.php?psammo.xml HTTP/1.1" 200 289270 "-" "Mozilla/5.0 (Linux; Android 7.0;) AppleWebKit/537.36 (KHTML, like Gecko) Mobile Safari/537.36 (compatible; PetalBot;+https://webmaster.petalsearch.com/site/petalbot)" "mantech8.com"
185.191.171.18 - - [21/Oct/2022:16:15:50 -0700] "GET /index.php/camp-fire/54365050.html HTTP/1.1" 500 - "-" "Mozilla/5.0 (compatible; SemrushBot/7~bl; +http://www.semrush.com/bot.html)" "mantech8.com"
185.191.171.10 - - [21/Oct/2022:16:18:09 -0700] "GET /index.php/camp-fire/13924059.html HTTP/1.1" 500 - "-" "Mozilla/5.0 (compatible; SemrushBot/7~bl; +http://www.semrush.com/bot.html)" "mantech8.com"
185.191.171.4 - - [21/Oct/2022:16:18:24 -0700] "GET /index.php/camp-fire/36092050.html HTTP/1.1" 500 - "-" "Mozilla/5.0 (compatible; SemrushBot/7~bl; +http://www.semrush.com/bot.html)" "mantech8.com"
185.191.171.40 - - [21/Oct/2022:16:18:38 -0700] "GET /index.php/camp-fire/40922417.html HTTP/1.1" 500 - "-" "Mozilla/5.0 (compatible; SemrushBot/7~bl; +http://www.semrush.com/bot.html)" "mantech8.com"
185.191.171.14 - - [21/Oct/2022:16:19:53 -0700] "GET /index.php/camp-fire/32629525.html HTTP/1.1" 500 - "-" "Mozilla/5.0 (compatible; SemrushBot/7~bl; +http://www.semrush.com/bot.html)" "mantech8.com"
138.199.60.22 - - [21/Oct/2022:16:20:17 -0700] "POST / HTTP/1.1" 500 - "-" "Mozilla/5.0 (Linux; U; Android 4.4.2; en-US; HM NOTE 1W Build/KOT49H) AppleWebKit/534.30 (KHTML, like Gecko) Version/4.0 UCBrowser/11.0.5.850 U3/0.8.0 Mobile Safari/534.30" "mantech8.com"
138.199.60.22 - - [21/Oct/2022:16:20:19 -0700] "POST / HTTP/1.1" 500 - "-" "Mozilla/5.0 (Linux; U; Android 4.4.2; en-US; HM NOTE 1W Build/KOT49H) AppleWebKit/534.30 (KHTML, like Gecko) Version/4.0 UCBrowser/11.0.5.850 U3/0.8.0 Mobile Safari/534.30" "mantech8.com"
138.199.60.22 - - [21/Oct/2022:16:20:20 -0700] "GET /vendor/phpunit/phpunit/src/Util/PHP/eval-stdin.php HTTP/1.1" 404 88 "-" "python-requests/2.27.1" "mantech8.com"
185.191.171.18 - - [21/Oct/2022:16:20:37 -0700] "GET /index.php/camp-fire/28815066.html HTTP/1.1" 500 - "-" "Mozilla/5.0 (compatible; SemrushBot/7~bl; +http://www.semrush.com/bot.html)" "mantech8.com"
185.191.171.20 - - [21/Oct/2022:16:20:52 -0700] "GET /index.php/camp-fire/22581983.html HTTP/1.1" 500 - "-" "Mozilla/5.0 (compatible; SemrushBot/7~bl; +http://www.semrush.com/bot.html)" "mantech8.com"
114.119.133.165 - - [21/Oct/2022:16:21:40 -0700] "GET /successional.xml HTTP/1.1" 404 88 "-" "Mozilla/5.0 (compatible;PetalBot;+https://webmaster.petalsearch.com/site/petalbot)" "mantech8.com"
185.191.171.33 - - [21/Oct/2022:16:22:13 -0700] "GET /index.php/camp-fire/35183806.html HTTP/1.1" 500 - "-" "Mozilla/5.0 (compatible; SemrushBot/7~bl; +http://www.semrush.com/bot.html)" "mantech8.com"
185.191.171.5 - - [21/Oct/2022:16:22:14 -0700] "GET /index.php/camp-fire/478769.html HTTP/1.1" 500 - "-" "Mozilla/5.0 (compatible; SemrushBot/7~bl; +http://www.semrush.com/bot.html)" "mantech8.com"
185.191.171.4 - - [21/Oct/2022:16:22:22 -0700] "GET /index.php/camp-fire/33167168.html HTTP/1.1" 500 - "-" "Mozilla/5.0 (compatible; SemrushBot/7~bl; +http://www.semrush.com/bot.html)" "mantech8.com"
185.191.171.11 - - [21/Oct/2022:16:24:33 -0700] "GET /index.php/camp-fire/26157882.html HTTP/1.1" 500 - "-" "Mozilla/5.0 (compatible; SemrushBot/7~bl; +http://www.semrush.com/bot.html)" "mantech8.com"
185.191.171.6 - - [21/Oct/2022:16:24:48 -0700] "GET /index.php/camp-fire/38774889.html HTTP/1.1" 500 - "-" "Mozilla/5.0 (compatible; SemrushBot/7~bl; +http://www.semrush.com/bot.html)" "mantech8.com"
185.191.171.26 - - [21/Oct/2022:16:25:05 -0700] "GET /index.php/camp-fire/38819717.html HTTP/1.1" 500 - "-" "Mozilla/5.0 (compatible; SemrushBot/7~bl; +http://www.semrush.com/bot.html)" "mantech8.com"
185.191.171.38 - - [21/Oct/2022:16:25:17 -0700] "GET /index.php/camp-fire/38141372.html HTTP/1.1" 500 - "-" "Mozilla/5.0 (compatible; SemrushBot/7~bl; +http://www.semrush.com/bot.html)" "mantech8.com"
185.191.171.13 - - [21/Oct/2022:16:26:27 -0700] "GET /index.php/camp-fire/32481989.html HTTP/1.1" 500 - "-" "Mozilla/5.0 (compatible; SemrushBot/7~bl; +http://www.semrush.com/bot.html)" "mantech8.com"
194.110.203.38 - - [21/Oct/2022:16:26:39 -0700] "GET /inc/database.php~ HTTP/1.1" 404 73 "-" "Firefox" "mantech8.com"
185.191.171.39 - - [21/Oct/2022:16:27:00 -0700] "GET /robots.txt HTTP/1.1" 200 106 "-" "Mozilla/5.0 (compatible; SemrushBot/7~bl; +http://www.semrush.com/bot.html)" "mantech8.com"
185.191.171.13 - - [21/Oct/2022:16:27:00 -0700] "GET /index.php/camp-fire/30708189.html HTTP/1.1" 500 - "-" "Mozilla/5.0 (compatible; SemrushBot/7~bl; +http://www.semrush.com/bot.html)" "mantech8.com"
185.191.171.35 - - [21/Oct/2022:16:27:04 -0700] "GET /index.php/camp-fire/30721766.html HTTP/1.1" 500 - "-" "Mozilla/5.0 (compatible; SemrushBot/7~bl; +http://www.semrush.com/bot.html)" "mantech8.com"
114.119.133.158 - - [21/Oct/2022:16:27:29 -0700] "GET /sitemap1235.xml HTTP/1.1" 404 88 "-" "Mozilla/5.0 (compatible;PetalBot;+https://webmaster.petalsearch.com/site/petalbot)" "mantech8.com"
44.228.64.221 - - [21/Oct/2022:16:27:34 -0700] "GET /directorsmessage.php HTTP/1.1" 200 14685 "-" "Python/3.8 aiohttp/3.8.3" "mantech8.com"
185.191.171.19 - - [21/Oct/2022:16:27:50 -0700] "GET /index.php/camp-fire/29926871.html HTTP/1.1" 500 - "-" "Mozilla/5.0 (compatible; SemrushBot/7~bl; +http://www.semrush.com/bot.html)" "mantech8.com"
185.191.171.11 - - [21/Oct/2022:16:29:04 -0700] "GET /index.php/camp-fire/15159342.html HTTP/1.1" 500 - "-" "Mozilla/5.0 (compatible; SemrushBot/7~bl; +http://www.semrush.com/bot.html)" "mantech8.com"
185.191.171.15 - - [21/Oct/2022:16:29:32 -0700] "GET /index.php/camp-fire/30626755.html HTTP/1.1" 500 - "-" "Mozilla/5.0 (compatible; SemrushBot/7~bl; +http://www.semrush.com/bot.html)" "mantech8.com"
185.191.171.8 - - [21/Oct/2022:16:29:48 -0700] "GET /index.php/camp-fire/27527865.html HTTP/1.1" 500 - "-" "Mozilla/5.0 (compatible; SemrushBot/7~bl; +http://www.semrush.com/bot.html)" "mantech8.com"
185.191.171.9 - - [21/Oct/2022:16:31:42 -0700] "GET /index.php/camp-fire/42718025.html HTTP/1.1" 500 - "-" "Mozilla/5.0 (compatible; SemrushBot/7~bl; +http://www.semrush.com/bot.html)" "mantech8.com"
185.191.171.24 - - [21/Oct/2022:16:32:31 -0700] "GET /index.php/camp-fire/28910964.html HTTP/1.1" 500 - "-" "Mozilla/5.0 (compatible; SemrushBot/7~bl; +http://www.semrush.com/bot.html)" "mantech8.com"
185.191.171.18 - - [21/Oct/2022:16:32:43 -0700] "GET /index.php/camp-fire/41967078.html HTTP/1.1" 500 - "-" "Mozilla/5.0 (compatible; SemrushBot/7~bl; +http://www.semrush.com/bot.html)" "mantech8.com"
114.119.133.182 - - [21/Oct/2022:16:33:25 -0700] "GET /bimages/elect/?C=N%3BO%3DD HTTP/1.1" 200 417 "http://mantech8.com/bimages/elect/?C=M%3BO%3DA" "Mozilla/5.0 (Linux; Android 7.0;) AppleWebKit/537.36 (KHTML, like Gecko) Mobile Safari/537.36 (compatible; PetalBot;+https://webmaster.petalsearch.com/site/petalbot)" "mantech8.com"
185.191.171.4 - - [21/Oct/2022:16:34:19 -0700] "GET /index.php/camp-fire/26785182.html HTTP/1.1" 500 - "-" "Mozilla/5.0 (compatible; SemrushBot/7~bl; +http://www.semrush.com/bot.html)" "mantech8.com"
185.191.171.41 - - [21/Oct/2022:16:34:54 -0700] "GET /index.php/camp-fire/28614589.html HTTP/1.1" 500 - "-" "Mozilla/5.0 (compatible; SemrushBot/7~bl; +http://www.semrush.com/bot.html)" "mantech8.com"
185.191.171.33 - - [21/Oct/2022:16:34:55 -0700] "GET /index.php/camp-fire/5514329.html HTTP/1.1" 500 - "-" "Mozilla/5.0 (compatible; SemrushBot/7~bl; +http://www.semrush.com/bot.html)" "mantech8.com"
185.191.171.18 - - [21/Oct/2022:16:35:12 -0700] "GET /index.php/camp-fire/42157049.html HTTP/1.1" 500 - "-" "Mozilla/5.0 (compatible; SemrushBot/7~bl; +http://www.semrush.com/bot.html)" "mantech8.com"
185.191.171.19 - - [21/Oct/2022:16:35:39 -0700] "GET /index.php/camp-fire/28830264.html HTTP/1.1" 500 - "-" "Mozilla/5.0 (compatible; SemrushBot/7~bl; +http://www.semrush.com/bot.html)" "mantech8.com"
185.191.171.26 - - [21/Oct/2022:16:36:22 -0700] "GET /index.php/camp-fire/42861234.html HTTP/1.1" 500 - "-" "Mozilla/5.0 (compatible; SemrushBot/7~bl; +http://www.semrush.com/bot.html)" "mantech8.com"
185.191.171.35 - - [21/Oct/2022:16:36:32 -0700] "GET /index.php/camp-fire/30323851.html HTTP/1.1" 500 - "-" "Mozilla/5.0 (compatible; SemrushBot/7~bl; +http://www.semrush.com/bot.html)" "mantech8.com"
185.35.67.212 - - [21/Oct/2022:16:37:24 -0700] "GET /index-cent.html HTTP/1.1" 404 73 "-" "aragna.net_bot" "mantech8.com"
185.191.171.24 - - [21/Oct/2022:16:37:42 -0700] "GET /index.php/camp-fire/23543000.html HTTP/1.1" 500 - "-" "Mozilla/5.0 (compatible; SemrushBot/7~bl; +http://www.semrush.com/bot.html)" "mantech8.com"
185.191.171.25 - - [21/Oct/2022:16:37:47 -0700] "GET /index.php/camp-fire/29085826.html HTTP/1.1" 500 - "-" "Mozilla/5.0 (compatible; SemrushBot/7~bl; +http://www.semrush.com/bot.html)" "mantech8.com"
185.191.171.4 - - [21/Oct/2022:16:37:55 -0700] "GET /index.php/camp-fire/28270835.html HTTP/1.1" 500 - "-" "Mozilla/5.0 (compatible; SemrushBot/7~bl; +http://www.semrush.com/bot.html)" "mantech8.com"
185.191.171.12 - - [21/Oct/2022:16:38:44 -0700] "GET /index.php/camp-fire/24311650.html HTTP/1.1" 500 - "-" "Mozilla/5.0 (compatible; SemrushBot/7~bl; +http://www.semrush.com/bot.html)" "mantech8.com"
114.119.133.190 - - [21/Oct/2022:16:39:21 -0700] "GET /sitemap2589.xml HTTP/1.1" 404 88 "-" "Mozilla/5.0 (compatible;PetalBot;+https://webmaster.petalsearch.com/site/petalbot)" "mantech8.com"
185.191.171.25 - - [21/Oct/2022:16:39:33 -0700] "GET /index.php/camp-fire/8251878.html HTTP/1.1" 500 - "-" "Mozilla/5.0 (compatible; SemrushBot/7~bl; +http://www.semrush.com/bot.html)" "mantech8.com"
185.191.171.37 - - [21/Oct/2022:16:39:37 -0700] "GET /index.php/camp-fire/33847651.html HTTP/1.1" 500 - "-" "Mozilla/5.0 (compatible; SemrushBot/7~bl; +http://www.semrush.com/bot.html)" "mantech8.com"
185.191.171.24 - - [21/Oct/2022:16:40:22 -0700] "GET /index.php/camp-fire/45616678.html HTTP/1.1" 500 - "-" "Mozilla/5.0 (compatible; SemrushBot/7~bl; +http://www.semrush.com/bot.html)" "mantech8.com"
185.191.171.41 - - [21/Oct/2022:16:41:00 -0700] "GET /index.php/camp-fire/26187151.html HTTP/1.1" 500 - "-" "Mozilla/5.0 (compatible; SemrushBot/7~bl; +http://www.semrush.com/bot.html)" "mantech8.com"
185.191.171.5 - - [21/Oct/2022:16:41:03 -0700] "GET /index.php/camp-fire/16226524.html HTTP/1.1" 500 - "-" "Mozilla/5.0 (compatible; SemrushBot/7~bl; +http://www.semrush.com/bot.html)" "mantech8.com"
185.191.171.5 - - [21/Oct/2022:16:41:08 -0700] "GET /index.php/camp-fire/14869772.html HTTP/1.1" 500 - "-" "Mozilla/5.0 (compatible; SemrushBot/7~bl; +http://www.semrush.com/bot.html)" "mantech8.com"
185.191.171.22 - - [21/Oct/2022:16:41:16 -0700] "GET /index.php/camp-fire/24281274.html HTTP/1.1" 500 - "-" "Mozilla/5.0 (compatible; SemrushBot/7~bl; +http://www.semrush.com/bot.html)" "mantech8.com"
207.46.13.76 - - [21/Oct/2022:16:41:35 -0700] "GET /bimages/gallery/p1.jpg HTTP/1.1" 200 59583 "-" "Mozilla/5.0 (compatible; bingbot/2.0; +http://www.bing.com/bingbot.htm)" "mantech8.com"
185.191.171.35 - - [21/Oct/2022:16:43:21 -0700] "GET /index.php/camp-fire/60294176.html HTTP/1.1" 500 - "-" "Mozilla/5.0 (compatible; SemrushBot/7~bl; +http://www.semrush.com/bot.html)" "mantech8.com"
185.191.171.8 - - [21/Oct/2022:16:43:49 -0700] "GET /index.php/camp-fire/1434253.html HTTP/1.1" 500 - "-" "Mozilla/5.0 (compatible; SemrushBot/7~bl; +http://www.semrush.com/bot.html)" "mantech8.com"
185.191.171.45 - - [21/Oct/2022:16:45:02 -0700] "GET /index.php/camp-fire/5030355.html HTTP/1.1" 500 - "-" "Mozilla/5.0 (compatible; SemrushBot/7~bl; +http://www.semrush.com/bot.html)" "mantech8.com"
114.119.133.190 - - [21/Oct/2022:16:45:10 -0700] "GET /bimages/electric/ihosdgvred.php HTTP/1.1" 200 32 "http://www.mantech8.com/bimages/electric/?C=S%3BO%3DA" "Mozilla/5.0 (Linux; Android 7.0;) AppleWebKit/537.36 (KHTML, like Gecko) Mobile Safari/537.36 (compatible; PetalBot;+https://webmaster.petalsearch.com/site/petalbot)" "www.mantech8.com"
185.191.171.20 - - [21/Oct/2022:16:45:49 -0700] "GET /index.php/camp-fire/23099481.html HTTP/1.1" 500 - "-" "Mozilla/5.0 (compatible; SemrushBot/7~bl; +http://www.semrush.com/bot.html)" "mantech8.com"
185.191.171.5 - - [21/Oct/2022:16:46:41 -0700] "GET /index.php/camp-fire/6115755.html HTTP/1.1" 500 - "-" "Mozilla/5.0 (compatible; SemrushBot/7~bl; +http://www.semrush.com/bot.html)" "mantech8.com"
185.191.171.4 - - [21/Oct/2022:16:47:00 -0700] "GET /index.php/camp-fire/34339516.html HTTP/1.1" 500 - "-" "Mozilla/5.0 (compatible; SemrushBot/7~bl; +http://www.semrush.com/bot.html)" "mantech8.com"
185.191.171.23 - - [21/Oct/2022:16:47:09 -0700] "GET /index.php/camp-fire/51200468.html HTTP/1.1" 500 - "-" "Mozilla/5.0 (compatible; SemrushBot/7~bl; +http://www.semrush.com/bot.html)" "mantech8.com"
185.191.171.34 - - [21/Oct/2022:16:47:28 -0700] "GET /index.php/camp-fire/22916681.html HTTP/1.1" 500 - "-" "Mozilla/5.0 (compatible; SemrushBot/7~bl; +http://www.semrush.com/bot.html)" "mantech8.com"
185.191.171.6 - - [21/Oct/2022:16:47:53 -0700] "GET /index.php/camp-fire/50793749.html HTTP/1.1" 500 - "-" "Mozilla/5.0 (compatible; SemrushBot/7~bl; +http://www.semrush.com/bot.html)" "mantech8.com"
185.191.171.23 - - [21/Oct/2022:16:47:54 -0700] "GET /index.php/camp-fire/38413659.html HTTP/1.1" 500 - "-" "Mozilla/5.0 (compatible; SemrushBot/7~bl; +http://www.semrush.com/bot.html)" "mantech8.com"
185.191.171.41 - - [21/Oct/2022:16:49:49 -0700] "GET /index.php/camp-fire/31982955.html HTTP/1.1" 500 - "-" "Mozilla/5.0 (compatible; SemrushBot/7~bl; +http://www.semrush.com/bot.html)" "mantech8.com"
185.191.171.19 - - [21/Oct/2022:16:49:58 -0700] "GET /index.php/camp-fire/34651476.html HTTP/1.1" 500 - "-" "Mozilla/5.0 (compatible; SemrushBot/7~bl; +http://www.semrush.com/bot.html)" "mantech8.com"
185.191.171.14 - - [21/Oct/2022:16:50:00 -0700] "GET /index.php/camp-fire/29759506.html HTTP/1.1" 500 - "-" "Mozilla/5.0 (compatible; SemrushBot/7~bl; +http://www.semrush.com/bot.html)" "mantech8.com"
185.191.171.23 - - [21/Oct/2022:16:50:07 -0700] "GET /index.php/camp-fire/25934076.html HTTP/1.1" 500 - "-" "Mozilla/5.0 (compatible; SemrushBot/7~bl; +http://www.semrush.com/bot.html)" "mantech8.com"
185.191.171.34 - - [21/Oct/2022:16:50:27 -0700] "GET /index.php/camp-fire/45264006.html HTTP/1.1" 500 - "-" "Mozilla/5.0 (compatible; SemrushBot/7~bl; +http://www.semrush.com/bot.html)" "mantech8.com"
185.191.171.5 - - [21/Oct/2022:16:50:29 -0700] "GET /index.php/camp-fire/9845055.html HTTP/1.1" 500 - "-" "Mozilla/5.0 (compatible; SemrushBot/7~bl; +http://www.semrush.com/bot.html)" "mantech8.com"
114.119.133.165 - - [21/Oct/2022:16:51:04 -0700] "GET /bimages/gallery/alfacgiapi/?C=M%3BO%3DA HTTP/1.1" 200 472 "http://www.mantech8.com/bimages/gallery/alfacgiapi/" "Mozilla/5.0 (Linux; Android 7.0;) AppleWebKit/537.36 (KHTML, like Gecko) Mobile Safari/537.36 (compatible; PetalBot;+https://webmaster.petalsearch.com/site/petalbot)" "www.mantech8.com"
185.191.171.10 - - [21/Oct/2022:16:51:17 -0700] "GET /index.php/camp-fire/29690771.html HTTP/1.1" 500 - "-" "Mozilla/5.0 (compatible; SemrushBot/7~bl; +http://www.semrush.com/bot.html)" "mantech8.com"
185.191.171.1 - - [21/Oct/2022:16:51:19 -0700] "GET /index.php/camp-fire/32137241.html HTTP/1.1" 500 - "-" "Mozilla/5.0 (compatible; SemrushBot/7~bl; +http://www.semrush.com/bot.html)" "mantech8.com"
185.191.171.21 - - [21/Oct/2022:16:54:14 -0700] "GET /index.php/camp-fire/27675180.html HTTP/1.1" 500 - "-" "Mozilla/5.0 (compatible; SemrushBot/7~bl; +http://www.semrush.com/bot.html)" "mantech8.com"
185.191.171.15 - - [21/Oct/2022:16:56:18 -0700] "GET /index.php/camp-fire/2460759.html HTTP/1.1" 500 - "-" "Mozilla/5.0 (compatible; SemrushBot/7~bl; +http://www.semrush.com/bot.html)" "mantech8.com"
185.191.171.44 - - [21/Oct/2022:16:56:45 -0700] "GET /index.php/camp-fire/40561388.html HTTP/1.1" 500 - "-" "Mozilla/5.0 (compatible; SemrushBot/7~bl; +http://www.semrush.com/bot.html)" "mantech8.com"
185.191.171.24 - - [21/Oct/2022:16:57:20 -0700] "GET /index.php/camp-fire/30487841.html HTTP/1.1" 500 - "-" "Mozilla/5.0 (compatible; SemrushBot/7~bl; +http://www.semrush.com/bot.html)" "mantech8.com"
185.191.171.2 - - [21/Oct/2022:16:57:29 -0700] "GET /index.php/camp-fire/45964017.html HTTP/1.1" 500 - "-" "Mozilla/5.0 (compatible; SemrushBot/7~bl; +http://www.semrush.com/bot.html)" "mantech8.com"
185.191.171.41 - - [21/Oct/2022:16:58:33 -0700] "GET /index.php/camp-fire/24204176.html HTTP/1.1" 500 - "-" "Mozilla/5.0 (compatible; SemrushBot/7~bl; +http://www.semrush.com/bot.html)" "mantech8.com"
185.191.171.2 - - [21/Oct/2022:16:59:56 -0700] "GET /index.php/camp-fire/43754876.html HTTP/1.1" 500 - "-" "Mozilla/5.0 (compatible; SemrushBot/7~bl; +http://www.semrush.com/bot.html)" "mantech8.com"
