40.77.167.72 - - [17/Oct/2022:15:26:43 -0700] "GET /sitemapindex.xml HTTP/1.1" 404 88 "-" "Mozilla/5.0 AppleWebKit/537.36 (KHTML, like Gecko; compatible; bingbot/2.0; +http://www.bing.com/bingbot.htm) Chrome/103.0.5060.134 Safari/537.36" "mantech8.com"
40.77.167.72 - - [17/Oct/2022:15:26:43 -0700] "GET /sitemapindeximages.xml HTTP/1.1" 404 88 "-" "Mozilla/5.0 (compatible; bingbot/2.0; +http://www.bing.com/bingbot.htm)" "mantech8.com"
185.191.171.23 - - [17/Oct/2022:15:27:32 -0700] "GET /index.php/camp-fire/3119478.html HTTP/1.1" 500 - "-" "Mozilla/5.0 (compatible; SemrushBot/7~bl; +http://www.semrush.com/bot.html)" "mantech8.com"
185.191.171.41 - - [17/Oct/2022:15:28:47 -0700] "GET /index.php/camp-fire/38959017.html HTTP/1.1" 500 - "-" "Mozilla/5.0 (compatible; SemrushBot/7~bl; +http://www.semrush.com/bot.html)" "mantech8.com"
185.191.171.41 - - [17/Oct/2022:15:28:49 -0700] "GET /index.php/camp-fire/17139624.html HTTP/1.1" 500 - "-" "Mozilla/5.0 (compatible; SemrushBot/7~bl; +http://www.semrush.com/bot.html)" "mantech8.com"
185.191.171.22 - - [17/Oct/2022:15:29:31 -0700] "GET /index.php/camp-fire/47511163.html HTTP/1.1" 500 - "-" "Mozilla/5.0 (compatible; SemrushBot/7~bl; +http://www.semrush.com/bot.html)" "mantech8.com"
114.119.133.190 - - [17/Oct/2022:15:30:26 -0700] "GET /hydrogal.php HTTP/1.1" 200 17303 "http://mantech8.com/head1.php" "Mozilla/5.0 (Linux; Android 7.0;) AppleWebKit/537.36 (KHTML, like Gecko) Mobile Safari/537.36 (compatible; PetalBot;+https://webmaster.petalsearch.com/site/petalbot)" "mantech8.com"
185.191.171.45 - - [17/Oct/2022:15:31:11 -0700] "GET /index.php/camp-fire/15493646.html HTTP/1.1" 500 - "-" "Mozilla/5.0 (compatible; SemrushBot/7~bl; +http://www.semrush.com/bot.html)" "mantech8.com"
185.191.171.6 - - [17/Oct/2022:15:31:39 -0700] "GET /index.php/camp-fire/32421560.html HTTP/1.1" 500 - "-" "Mozilla/5.0 (compatible; SemrushBot/7~bl; +http://www.semrush.com/bot.html)" "mantech8.com"
185.191.171.39 - - [17/Oct/2022:15:32:08 -0700] "GET /index.php/camp-fire/25058706.html HTTP/1.1" 500 - "-" "Mozilla/5.0 (compatible; SemrushBot/7~bl; +http://www.semrush.com/bot.html)" "mantech8.com"
185.191.171.23 - - [17/Oct/2022:15:32:12 -0700] "GET /index.php/camp-fire/27591371.html HTTP/1.1" 500 - "-" "Mozilla/5.0 (compatible; SemrushBot/7~bl; +http://www.semrush.com/bot.html)" "mantech8.com"
66.249.66.95 - - [17/Oct/2022:15:33:40 -0700] "GET /sitemap8.xml HTTP/1.1" 404 88 "-" "Mozilla/5.0 (compatible; Googlebot/2.1; +http://www.google.com/bot.html)" "mantech8.com"
185.191.171.1 - - [17/Oct/2022:15:34:41 -0700] "GET /index.php/camp-fire/34115259.html HTTP/1.1" 500 - "-" "Mozilla/5.0 (compatible; SemrushBot/7~bl; +http://www.semrush.com/bot.html)" "mantech8.com"
185.191.171.5 - - [17/Oct/2022:15:35:01 -0700] "GET /index.php/camp-fire/26128682.html HTTP/1.1" 500 - "-" "Mozilla/5.0 (compatible; SemrushBot/7~bl; +http://www.semrush.com/bot.html)" "mantech8.com"
114.119.133.182 - - [17/Oct/2022:15:36:17 -0700] "GET /index.php/sitemap5725.xml HTTP/1.1" 200 289345 "-" "Mozilla/5.0 (Linux; Android 7.0;) AppleWebKit/537.36 (KHTML, like Gecko) Mobile Safari/537.36 (compatible; PetalBot;+https://webmaster.petalsearch.com/site/petalbot)" "mantech8.com"
185.191.171.7 - - [17/Oct/2022:15:36:35 -0700] "GET /index.php/camp-fire/41384988.html HTTP/1.1" 500 - "-" "Mozilla/5.0 (compatible; SemrushBot/7~bl; +http://www.semrush.com/bot.html)" "mantech8.com"
185.191.171.15 - - [17/Oct/2022:15:36:48 -0700] "GET /index.php/camp-fire/41415871.html HTTP/1.1" 500 - "-" "Mozilla/5.0 (compatible; SemrushBot/7~bl; +http://www.semrush.com/bot.html)" "mantech8.com"
216.244.66.241 - - [17/Oct/2022:15:37:02 -0700] "GET /robots.txt HTTP/1.1" 200 222 "-" "Mozilla/5.0 (compatible; DotBot/1.2; +https://opensiteexplorer.org/dotbot; help@moz.com)" "mantech8.com"
216.244.66.241 - - [17/Oct/2022:15:37:02 -0700] "GET /robots.txt HTTP/1.1" 200 222 "-" "Mozilla/5.0 (compatible; DotBot/1.2; +https://opensiteexplorer.org/dotbot; help@moz.com)" "www.mantech8.com"
185.191.171.11 - - [17/Oct/2022:15:38:11 -0700] "GET /robots.txt HTTP/1.1" 200 106 "-" "Mozilla/5.0 (compatible; SemrushBot/7~bl; +http://www.semrush.com/bot.html)" "mantech8.com"
185.191.171.19 - - [17/Oct/2022:15:38:11 -0700] "GET /index.php/camp-fire/25621883.html HTTP/1.1" 500 - "-" "Mozilla/5.0 (compatible; SemrushBot/7~bl; +http://www.semrush.com/bot.html)" "mantech8.com"
185.191.171.19 - - [17/Oct/2022:15:38:55 -0700] "GET /index.php/camp-fire/51535934.html HTTP/1.1" 500 - "-" "Mozilla/5.0 (compatible; SemrushBot/7~bl; +http://www.semrush.com/bot.html)" "mantech8.com"
185.191.171.17 - - [17/Oct/2022:15:38:57 -0700] "GET /index.php/camp-fire/27677306.html HTTP/1.1" 500 - "-" "Mozilla/5.0 (compatible; SemrushBot/7~bl; +http://www.semrush.com/bot.html)" "mantech8.com"
185.191.171.8 - - [17/Oct/2022:15:39:06 -0700] "GET /index.php/camp-fire/42166634.html HTTP/1.1" 500 - "-" "Mozilla/5.0 (compatible; SemrushBot/7~bl; +http://www.semrush.com/bot.html)" "mantech8.com"
185.191.171.19 - - [17/Oct/2022:15:39:40 -0700] "GET /index.php/camp-fire/27104263.html HTTP/1.1" 500 - "-" "Mozilla/5.0 (compatible; SemrushBot/7~bl; +http://www.semrush.com/bot.html)" "mantech8.com"
185.191.171.35 - - [17/Oct/2022:15:39:43 -0700] "GET /index.php/camp-fire/18085561.html HTTP/1.1" 500 - "-" "Mozilla/5.0 (compatible; SemrushBot/7~bl; +http://www.semrush.com/bot.html)" "mantech8.com"
185.191.171.15 - - [17/Oct/2022:15:40:16 -0700] "GET /index.php/camp-fire/31876833.html HTTP/1.1" 500 - "-" "Mozilla/5.0 (compatible; SemrushBot/7~bl; +http://www.semrush.com/bot.html)" "mantech8.com"
185.191.171.16 - - [17/Oct/2022:15:40:52 -0700] "GET /index.php/camp-fire/4795855.html HTTP/1.1" 500 - "-" "Mozilla/5.0 (compatible; SemrushBot/7~bl; +http://www.semrush.com/bot.html)" "mantech8.com"
185.191.171.8 - - [17/Oct/2022:15:41:22 -0700] "GET /index.php/camp-fire/3907800.html HTTP/1.1" 500 - "-" "Mozilla/5.0 (compatible; SemrushBot/7~bl; +http://www.semrush.com/bot.html)" "mantech8.com"
185.191.171.10 - - [17/Oct/2022:15:41:44 -0700] "GET /index.php/camp-fire/37058578.html HTTP/1.1" 500 - "-" "Mozilla/5.0 (compatible; SemrushBot/7~bl; +http://www.semrush.com/bot.html)" "mantech8.com"
114.119.133.166 - - [17/Oct/2022:15:41:59 -0700] "GET /sitemap1797.xml HTTP/1.1" 404 88 "-" "Mozilla/5.0 (compatible;PetalBot;+https://webmaster.petalsearch.com/site/petalbot)" "mantech8.com"
185.191.171.9 - - [17/Oct/2022:15:42:44 -0700] "GET /index.php/camp-fire/27684427.html HTTP/1.1" 500 - "-" "Mozilla/5.0 (compatible; SemrushBot/7~bl; +http://www.semrush.com/bot.html)" "mantech8.com"
40.77.167.72 - - [17/Oct/2022:15:42:53 -0700] "GET /sitemapindeximages.xml HTTP/1.1" 404 88 "-" "Mozilla/5.0 AppleWebKit/537.36 (KHTML, like Gecko; compatible; bingbot/2.0; +http://www.bing.com/bingbot.htm) Chrome/103.0.5060.134 Safari/537.36" "mantech8.com"
40.77.167.72 - - [17/Oct/2022:15:43:03 -0700] "GET /sitemapindex.xml HTTP/1.1" 404 88 "-" "Mozilla/5.0 AppleWebKit/537.36 (KHTML, like Gecko; compatible; bingbot/2.0; +http://www.bing.com/bingbot.htm) Chrome/103.0.5060.134 Safari/537.36" "mantech8.com"
207.46.13.205 - - [17/Oct/2022:15:43:35 -0700] "GET /sitemapnewindex.xml HTTP/1.1" 404 88 "-" "Mozilla/5.0 AppleWebKit/537.36 (KHTML, like Gecko; compatible; bingbot/2.0; +http://www.bing.com/bingbot.htm) Chrome/103.0.5060.134 Safari/537.36" "mantech8.com"
185.191.171.34 - - [17/Oct/2022:15:44:18 -0700] "GET /index.php/camp-fire/27220982.html HTTP/1.1" 500 - "-" "Mozilla/5.0 (compatible; SemrushBot/7~bl; +http://www.semrush.com/bot.html)" "mantech8.com"
185.191.171.4 - - [17/Oct/2022:15:44:21 -0700] "GET /index.php/camp-fire/30521541.html HTTP/1.1" 500 - "-" "Mozilla/5.0 (compatible; SemrushBot/7~bl; +http://www.semrush.com/bot.html)" "mantech8.com"
185.191.171.24 - - [17/Oct/2022:15:46:07 -0700] "GET /index.php/camp-fire/39873476.html HTTP/1.1" 500 - "-" "Mozilla/5.0 (compatible; SemrushBot/7~bl; +http://www.semrush.com/bot.html)" "mantech8.com"
185.191.171.41 - - [17/Oct/2022:15:46:09 -0700] "GET /index.php/camp-fire/2418793.html HTTP/1.1" 500 - "-" "Mozilla/5.0 (compatible; SemrushBot/7~bl; +http://www.semrush.com/bot.html)" "mantech8.com"
185.191.171.24 - - [17/Oct/2022:15:47:04 -0700] "GET /index.php/camp-fire/27844570.html HTTP/1.1" 500 - "-" "Mozilla/5.0 (compatible; SemrushBot/7~bl; +http://www.semrush.com/bot.html)" "mantech8.com"
114.119.133.190 - - [17/Oct/2022:15:47:46 -0700] "GET /corevalues.php HTTP/1.1" 200 14806 "http://mantech8.com/head1.php" "Mozilla/5.0 (Linux; Android 7.0;) AppleWebKit/537.36 (KHTML, like Gecko) Mobile Safari/537.36 (compatible; PetalBot;+https://webmaster.petalsearch.com/site/petalbot)" "mantech8.com"
185.191.171.3 - - [17/Oct/2022:15:48:28 -0700] "GET /index.php/camp-fire/288298.html HTTP/1.1" 500 - "-" "Mozilla/5.0 (compatible; SemrushBot/7~bl; +http://www.semrush.com/bot.html)" "mantech8.com"
185.191.171.15 - - [17/Oct/2022:15:50:34 -0700] "GET /index.php/camp-fire/44275438.html HTTP/1.1" 500 - "-" "Mozilla/5.0 (compatible; SemrushBot/7~bl; +http://www.semrush.com/bot.html)" "mantech8.com"
185.191.171.20 - - [17/Oct/2022:15:50:40 -0700] "GET /index.php/camp-fire/18727280.html HTTP/1.1" 500 - "-" "Mozilla/5.0 (compatible; SemrushBot/7~bl; +http://www.semrush.com/bot.html)" "mantech8.com"
185.191.171.39 - - [17/Oct/2022:15:50:42 -0700] "GET /index.php/camp-fire/23717106.html HTTP/1.1" 500 - "-" "Mozilla/5.0 (compatible; SemrushBot/7~bl; +http://www.semrush.com/bot.html)" "mantech8.com"
185.191.171.26 - - [17/Oct/2022:15:51:56 -0700] "GET /index.php/camp-fire/45669371.html HTTP/1.1" 500 - "-" "Mozilla/5.0 (compatible; SemrushBot/7~bl; +http://www.semrush.com/bot.html)" "mantech8.com"
185.191.171.33 - - [17/Oct/2022:15:51:58 -0700] "GET /index.php/camp-fire/18091481.html HTTP/1.1" 500 - "-" "Mozilla/5.0 (compatible; SemrushBot/7~bl; +http://www.semrush.com/bot.html)" "mantech8.com"
185.191.171.37 - - [17/Oct/2022:15:52:18 -0700] "GET /index.php/camp-fire/43250634.html HTTP/1.1" 500 - "-" "Mozilla/5.0 (compatible; SemrushBot/7~bl; +http://www.semrush.com/bot.html)" "mantech8.com"
185.35.67.212 - - [17/Oct/2022:15:52:28 -0700] "GET /index-sidebar.html HTTP/1.1" 404 73 "-" "aragna.net_bot" "mantech8.com"
185.191.171.11 - - [17/Oct/2022:15:52:29 -0700] "GET /index.php/camp-fire/63625772.html HTTP/1.1" 500 - "-" "Mozilla/5.0 (compatible; SemrushBot/7~bl; +http://www.semrush.com/bot.html)" "mantech8.com"
185.191.171.15 - - [17/Oct/2022:15:53:33 -0700] "GET /index.php/camp-fire/37806680.html HTTP/1.1" 500 - "-" "Mozilla/5.0 (compatible; SemrushBot/7~bl; +http://www.semrush.com/bot.html)" "mantech8.com"
185.191.171.18 - - [17/Oct/2022:15:53:35 -0700] "GET /index.php/camp-fire/37044163.html HTTP/1.1" 500 - "-" "Mozilla/5.0 (compatible; SemrushBot/7~bl; +http://www.semrush.com/bot.html)" "mantech8.com"
114.119.133.166 - - [17/Oct/2022:15:53:43 -0700] "GET /index.php/sitemap3.xml HTTP/1.1" 200 289435 "-" "Mozilla/5.0 (compatible;PetalBot;+https://webmaster.petalsearch.com/site/petalbot)" "mantech8.com"
185.191.171.37 - - [17/Oct/2022:15:54:42 -0700] "GET /index.php/camp-fire/29156932.html HTTP/1.1" 500 - "-" "Mozilla/5.0 (compatible; SemrushBot/7~bl; +http://www.semrush.com/bot.html)" "mantech8.com"
185.191.171.39 - - [17/Oct/2022:15:55:26 -0700] "GET /index.php/camp-fire/39904976.html HTTP/1.1" 500 - "-" "Mozilla/5.0 (compatible; SemrushBot/7~bl; +http://www.semrush.com/bot.html)" "mantech8.com"
185.191.171.45 - - [17/Oct/2022:15:55:58 -0700] "GET /index.php/camp-fire/37901538.html HTTP/1.1" 500 - "-" "Mozilla/5.0 (compatible; SemrushBot/7~bl; +http://www.semrush.com/bot.html)" "mantech8.com"
185.191.171.37 - - [17/Oct/2022:15:56:14 -0700] "GET /index.php/camp-fire/16518287.html HTTP/1.1" 500 - "-" "Mozilla/5.0 (compatible; SemrushBot/7~bl; +http://www.semrush.com/bot.html)" "mantech8.com"
185.191.171.5 - - [17/Oct/2022:15:57:51 -0700] "GET /index.php/camp-fire/39064135.html HTTP/1.1" 500 - "-" "Mozilla/5.0 (compatible; SemrushBot/7~bl; +http://www.semrush.com/bot.html)" "mantech8.com"
185.191.171.23 - - [17/Oct/2022:15:57:56 -0700] "GET /index.php/camp-fire/35649650.html HTTP/1.1" 500 - "-" "Mozilla/5.0 (compatible; SemrushBot/7~bl; +http://www.semrush.com/bot.html)" "mantech8.com"
114.119.133.165 - - [17/Oct/2022:15:59:28 -0700] "GET /bimages/hgallery/?C=S%3BO%3DA HTTP/1.1" 200 499 "http://mantech8.com/bimages/hgallery/?C=D%3BO%3DA" "Mozilla/5.0 (Linux; Android 7.0;) AppleWebKit/537.36 (KHTML, like Gecko) Mobile Safari/537.36 (compatible; PetalBot;+https://webmaster.petalsearch.com/site/petalbot)" "mantech8.com"
185.191.171.6 - - [17/Oct/2022:15:59:58 -0700] "GET /index.php/camp-fire/42240949.html HTTP/1.1" 500 - "-" "Mozilla/5.0 (compatible; SemrushBot/7~bl; +http://www.semrush.com/bot.html)" "mantech8.com"
207.46.13.205 - - [17/Oct/2022:16:00:56 -0700] "GET /bimages/gallery/12.jpg HTTP/1.1" 200 121344 "-" "Mozilla/5.0 AppleWebKit/537.36 (KHTML, like Gecko; compatible; bingbot/2.0; +http://www.bing.com/bingbot.htm) Chrome/103.0.5060.134 Safari/537.36" "mantech8.com"
185.191.171.25 - - [17/Oct/2022:16:01:01 -0700] "GET /index.php/camp-fire/34289060.html HTTP/1.1" 500 - "-" "Mozilla/5.0 (compatible; SemrushBot/7~bl; +http://www.semrush.com/bot.html)" "mantech8.com"
185.191.171.15 - - [17/Oct/2022:16:01:24 -0700] "GET /index.php/camp-fire/33089516.html HTTP/1.1" 500 - "-" "Mozilla/5.0 (compatible; SemrushBot/7~bl; +http://www.semrush.com/bot.html)" "mantech8.com"
185.191.171.15 - - [17/Oct/2022:16:02:24 -0700] "GET /index.php/camp-fire/24235950.html HTTP/1.1" 500 - "-" "Mozilla/5.0 (compatible; SemrushBot/7~bl; +http://www.semrush.com/bot.html)" "mantech8.com"
185.191.171.40 - - [17/Oct/2022:16:02:30 -0700] "GET /index.php/camp-fire/41418471.html HTTP/1.1" 500 - "-" "Mozilla/5.0 (compatible; SemrushBot/7~bl; +http://www.semrush.com/bot.html)" "mantech8.com"
185.191.171.39 - - [17/Oct/2022:16:03:56 -0700] "GET /index.php/camp-fire/9676442.html HTTP/1.1" 500 - "-" "Mozilla/5.0 (compatible; SemrushBot/7~bl; +http://www.semrush.com/bot.html)" "mantech8.com"
185.191.171.2 - - [17/Oct/2022:16:05:09 -0700] "GET /index.php/camp-fire/8368180.html HTTP/1.1" 500 - "-" "Mozilla/5.0 (compatible; SemrushBot/7~bl; +http://www.semrush.com/bot.html)" "mantech8.com"
114.119.133.165 - - [17/Oct/2022:16:05:19 -0700] "GET /?sitemap35.xml HTTP/1.1" 200 270438 "-" "Mozilla/5.0 (compatible;PetalBot;+https://webmaster.petalsearch.com/site/petalbot)" "mantech8.com"
185.191.171.7 - - [17/Oct/2022:16:05:28 -0700] "GET /index.php/camp-fire/8967708.html HTTP/1.1" 500 - "-" "Mozilla/5.0 (compatible; SemrushBot/7~bl; +http://www.semrush.com/bot.html)" "mantech8.com"
66.249.66.95 - - [17/Oct/2022:16:05:59 -0700] "GET /scillism.xml HTTP/1.1" 404 88 "-" "Mozilla/5.0 (compatible; Googlebot/2.1; +http://www.google.com/bot.html)" "mantech8.com"
185.191.171.1 - - [17/Oct/2022:16:06:19 -0700] "GET /index.php/camp-fire/15495187.html HTTP/1.1" 500 - "-" "Mozilla/5.0 (compatible; SemrushBot/7~bl; +http://www.semrush.com/bot.html)" "mantech8.com"
185.191.171.40 - - [17/Oct/2022:16:06:20 -0700] "GET /index.php/camp-fire/9495355.html HTTP/1.1" 500 - "-" "Mozilla/5.0 (compatible; SemrushBot/7~bl; +http://www.semrush.com/bot.html)" "mantech8.com"
185.191.171.40 - - [17/Oct/2022:16:06:50 -0700] "GET /index.php/camp-fire/41319178.html HTTP/1.1" 500 - "-" "Mozilla/5.0 (compatible; SemrushBot/7~bl; +http://www.semrush.com/bot.html)" "mantech8.com"
185.191.171.21 - - [17/Oct/2022:16:06:58 -0700] "GET /index.php/camp-fire/36363566.html HTTP/1.1" 500 - "-" "Mozilla/5.0 (compatible; SemrushBot/7~bl; +http://www.semrush.com/bot.html)" "mantech8.com"
103.131.71.24 - - [17/Oct/2022:16:07:50 -0700] "GET /robots.txt HTTP/1.1" 200 106 "-" "Mozilla/5.0 (compatible; coccocbot-image/1.0; +http://help.coccoc.com/searchengine)" "mantech8.com"
185.191.171.22 - - [17/Oct/2022:16:08:52 -0700] "GET /index.php/camp-fire/27463526.html HTTP/1.1" 500 - "-" "Mozilla/5.0 (compatible; SemrushBot/7~bl; +http://www.semrush.com/bot.html)" "mantech8.com"
185.191.171.4 - - [17/Oct/2022:16:09:12 -0700] "GET /index.php/camp-fire/36231433.html HTTP/1.1" 500 - "-" "Mozilla/5.0 (compatible; SemrushBot/7~bl; +http://www.semrush.com/bot.html)" "mantech8.com"
185.191.171.19 - - [17/Oct/2022:16:09:13 -0700] "GET /index.php/camp-fire/34683182.html HTTP/1.1" 500 - "-" "Mozilla/5.0 (compatible; SemrushBot/7~bl; +http://www.semrush.com/bot.html)" "mantech8.com"
185.191.171.11 - - [17/Oct/2022:16:09:18 -0700] "GET /index.php/camp-fire/32623868.html HTTP/1.1" 500 - "-" "Mozilla/5.0 (compatible; SemrushBot/7~bl; +http://www.semrush.com/bot.html)" "mantech8.com"
185.191.171.18 - - [17/Oct/2022:16:09:24 -0700] "GET /index.php/camp-fire/49255902.html HTTP/1.1" 500 - "-" "Mozilla/5.0 (compatible; SemrushBot/7~bl; +http://www.semrush.com/bot.html)" "mantech8.com"
185.191.171.16 - - [17/Oct/2022:16:09:49 -0700] "GET /index.php/camp-fire/41972803.html HTTP/1.1" 500 - "-" "Mozilla/5.0 (compatible; SemrushBot/7~bl; +http://www.semrush.com/bot.html)" "mantech8.com"
185.191.171.37 - - [17/Oct/2022:16:10:06 -0700] "GET /index.php/camp-fire/8970474.html HTTP/1.1" 500 - "-" "Mozilla/5.0 (compatible; SemrushBot/7~bl; +http://www.semrush.com/bot.html)" "mantech8.com"
185.191.171.45 - - [17/Oct/2022:16:11:04 -0700] "GET /index.php/camp-fire/43057103.html HTTP/1.1" 500 - "-" "Mozilla/5.0 (compatible; SemrushBot/7~bl; +http://www.semrush.com/bot.html)" "mantech8.com"
114.119.133.165 - - [17/Oct/2022:16:11:05 -0700] "GET /index.php/athermallize.xml HTTP/1.1" 200 289312 "-" "Mozilla/5.0 (compatible;PetalBot;+https://webmaster.petalsearch.com/site/petalbot)" "mantech8.com"
40.77.167.68 - - [17/Oct/2022:16:11:13 -0700] "GET /clients.php HTTP/1.1" 200 18489 "-" "Mozilla/5.0 (compatible; bingbot/2.0; +http://www.bing.com/bingbot.htm)" "mantech8.com"
168.90.196.204 - - [17/Oct/2022:16:11:23 -0700] "GET / HTTP/1.1" 500 - "-" "Mozilla/5.0 (Windows NT 10.0; WOW64) AppleWebKit/537.36 (KHTML, like Gecko) Chrome/103.0.0.0 Safari/537.36" "mantech8.com"
168.90.199.170 - - [17/Oct/2022:16:11:23 -0700] "GET / HTTP/1.1" 500 - "-" "Mozilla/5.0 (Windows NT 10.0; WOW64) AppleWebKit/537.36 (KHTML, like Gecko) Chrome/103.0.0.0 Safari/537.36" "mantech8.com"
168.90.199.7 - - [17/Oct/2022:16:11:23 -0700] "GET / HTTP/1.1" 500 - "-" "Mozilla/5.0 (Windows NT 10.0; WOW64) AppleWebKit/537.36 (KHTML, like Gecko) Chrome/103.0.0.0 Safari/537.36" "mantech8.com"
207.46.13.70 - - [17/Oct/2022:16:11:30 -0700] "GET /css/style.css HTTP/1.1" 200 126990 "-" "Mozilla/5.0 (compatible; bingbot/2.0; +http://www.bing.com/bingbot.htm)" "mantech8.com"
207.46.13.70 - - [17/Oct/2022:16:11:30 -0700] "GET /js/core.min.js HTTP/1.1" 200 42721 "-" "Mozilla/5.0 AppleWebKit/537.36 (KHTML, like Gecko; compatible; bingbot/2.0; +http://www.bing.com/bingbot.htm) Chrome/103.0.5060.134 Safari/537.36" "mantech8.com"
185.191.171.7 - - [17/Oct/2022:16:11:32 -0700] "GET /index.php/camp-fire/25024306.html HTTP/1.1" 500 - "-" "Mozilla/5.0 (compatible; SemrushBot/7~bl; +http://www.semrush.com/bot.html)" "mantech8.com"
40.77.167.68 - - [17/Oct/2022:16:11:34 -0700] "GET /js/script1.js HTTP/1.1" 200 2007 "-" "Mozilla/5.0 (compatible; bingbot/2.0; +http://www.bing.com/bingbot.htm)" "mantech8.com"
207.46.13.205 - - [17/Oct/2022:16:11:38 -0700] "GET /js/script.js HTTP/1.1" 200 7687 "-" "Mozilla/5.0 (compatible; bingbot/2.0; +http://www.bing.com/bingbot.htm)" "mantech8.com"
40.77.167.72 - - [17/Oct/2022:16:11:39 -0700] "GET /css/style2.css HTTP/1.1" 200 8414 "-" "Mozilla/5.0 AppleWebKit/537.36 (KHTML, like Gecko; compatible; bingbot/2.0; +http://www.bing.com/bingbot.htm) Chrome/103.0.5060.134 Safari/537.36" "mantech8.com"
40.77.167.72 - - [17/Oct/2022:16:11:39 -0700] "GET /engine1/jquery.js HTTP/1.1" 200 33282 "-" "Mozilla/5.0 AppleWebKit/537.36 (KHTML, like Gecko; compatible; bingbot/2.0; +http://www.bing.com/bingbot.htm) Chrome/103.0.5060.134 Safari/537.36" "mantech8.com"
207.46.13.184 - - [17/Oct/2022:16:11:44 -0700] "GET /css/responsive1.css HTTP/1.1" 200 1710 "-" "Mozilla/5.0 (compatible; bingbot/2.0; +http://www.bing.com/bingbot.htm)" "mantech8.com"
207.46.13.184 - - [17/Oct/2022:16:11:45 -0700] "GET /js/bootstrap.min.js HTTP/1.1" 200 9765 "-" "Mozilla/5.0 AppleWebKit/537.36 (KHTML, like Gecko; compatible; bingbot/2.0; +http://www.bing.com/bingbot.htm) Chrome/103.0.5060.134 Safari/537.36" "mantech8.com"
185.191.171.23 - - [17/Oct/2022:16:12:20 -0700] "GET /index.php/camp-fire/40536572.html HTTP/1.1" 500 - "-" "Mozilla/5.0 (compatible; SemrushBot/7~bl; +http://www.semrush.com/bot.html)" "mantech8.com"
185.191.171.25 - - [17/Oct/2022:16:13:08 -0700] "GET /index.php/camp-fire/56027241.html HTTP/1.1" 500 - "-" "Mozilla/5.0 (compatible; SemrushBot/7~bl; +http://www.semrush.com/bot.html)" "mantech8.com"
185.191.171.15 - - [17/Oct/2022:16:13:40 -0700] "GET /index.php/camp-fire/51561034.html HTTP/1.1" 500 - "-" "Mozilla/5.0 (compatible; SemrushBot/7~bl; +http://www.semrush.com/bot.html)" "mantech8.com"
185.191.171.33 - - [17/Oct/2022:16:14:00 -0700] "GET /index.php/camp-fire/24727850.html HTTP/1.1" 500 - "-" "Mozilla/5.0 (compatible; SemrushBot/7~bl; +http://www.semrush.com/bot.html)" "mantech8.com"
185.191.171.2 - - [17/Oct/2022:16:14:06 -0700] "GET /index.php/camp-fire/32545526.html HTTP/1.1" 500 - "-" "Mozilla/5.0 (compatible; SemrushBot/7~bl; +http://www.semrush.com/bot.html)" "mantech8.com"
185.191.171.18 - - [17/Oct/2022:16:15:23 -0700] "GET /index.php/camp-fire/41128360.html HTTP/1.1" 500 - "-" "Mozilla/5.0 (compatible; SemrushBot/7~bl; +http://www.semrush.com/bot.html)" "mantech8.com"
114.119.133.166 - - [17/Oct/2022:16:16:49 -0700] "GET /index.php/kujienavaca.xml HTTP/1.1" 200 289370 "-" "Mozilla/5.0 (compatible;PetalBot;+https://webmaster.petalsearch.com/site/petalbot)" "mantech8.com"
185.191.171.16 - - [17/Oct/2022:16:17:52 -0700] "GET /index.php/camp-fire/58296003.html HTTP/1.1" 500 - "-" "Mozilla/5.0 (compatible; SemrushBot/7~bl; +http://www.semrush.com/bot.html)" "mantech8.com"
185.191.171.18 - - [17/Oct/2022:16:17:54 -0700] "GET /index.php/camp-fire/25945106.html HTTP/1.1" 500 - "-" "Mozilla/5.0 (compatible; SemrushBot/7~bl; +http://www.semrush.com/bot.html)" "mantech8.com"
185.191.171.8 - - [17/Oct/2022:16:19:58 -0700] "GET /index.php/camp-fire/8292380.html HTTP/1.1" 500 - "-" "Mozilla/5.0 (compatible; SemrushBot/7~bl; +http://www.semrush.com/bot.html)" "mantech8.com"
194.110.203.39 - - [17/Oct/2022:16:20:15 -0700] "GET /mantech8.sql HTTP/1.1" 404 73 "-" "Firefox" "mantech8.com"
185.191.171.38 - - [17/Oct/2022:16:20:24 -0700] "GET /index.php/camp-fire/28364635.html HTTP/1.1" 500 - "-" "Mozilla/5.0 (compatible; SemrushBot/7~bl; +http://www.semrush.com/bot.html)" "mantech8.com"
66.249.66.64 - - [17/Oct/2022:16:20:28 -0700] "GET /dejerator.xml HTTP/1.1" 404 88 "-" "Mozilla/5.0 (compatible; Googlebot/2.1; +http://www.google.com/bot.html)" "mantech8.com"
185.191.171.17 - - [17/Oct/2022:16:20:30 -0700] "GET /index.php/camp-fire/42952534.html HTTP/1.1" 500 - "-" "Mozilla/5.0 (compatible; SemrushBot/7~bl; +http://www.semrush.com/bot.html)" "mantech8.com"
185.191.171.44 - - [17/Oct/2022:16:20:33 -0700] "GET /index.php/camp-fire/46476634.html HTTP/1.1" 500 - "-" "Mozilla/5.0 (compatible; SemrushBot/7~bl; +http://www.semrush.com/bot.html)" "mantech8.com"
185.191.171.5 - - [17/Oct/2022:16:21:26 -0700] "GET /index.php/camp-fire/9157678.html HTTP/1.1" 500 - "-" "Mozilla/5.0 (compatible; SemrushBot/7~bl; +http://www.semrush.com/bot.html)" "mantech8.com"
66.249.66.95 - - [17/Oct/2022:16:21:56 -0700] "GET /unistrand.xml HTTP/1.1" 404 88 "-" "Mozilla/5.0 (compatible; Googlebot/2.1; +http://www.google.com/bot.html)" "mantech8.com"
185.191.171.16 - - [17/Oct/2022:16:22:16 -0700] "GET /index.php/camp-fire/27702971.html HTTP/1.1" 500 - "-" "Mozilla/5.0 (compatible; SemrushBot/7~bl; +http://www.semrush.com/bot.html)" "mantech8.com"
185.191.171.43 - - [17/Oct/2022:16:22:40 -0700] "GET /index.php/camp-fire/9676242.html HTTP/1.1" 500 - "-" "Mozilla/5.0 (compatible; SemrushBot/7~bl; +http://www.semrush.com/bot.html)" "mantech8.com"
114.119.133.165 - - [17/Oct/2022:16:22:47 -0700] "GET /index.php?sitemap3869.xml HTTP/1.1" 200 289398 "-" "Mozilla/5.0 (Linux; Android 7.0;) AppleWebKit/537.36 (KHTML, like Gecko) Mobile Safari/537.36 (compatible; PetalBot;+https://webmaster.petalsearch.com/site/petalbot)" "mantech8.com"
185.191.171.24 - - [17/Oct/2022:16:23:25 -0700] "GET /index.php/camp-fire/38690078.html HTTP/1.1" 500 - "-" "Mozilla/5.0 (compatible; SemrushBot/7~bl; +http://www.semrush.com/bot.html)" "mantech8.com"
185.191.171.26 - - [17/Oct/2022:16:24:38 -0700] "GET /index.php/camp-fire/35702238.html HTTP/1.1" 500 - "-" "Mozilla/5.0 (compatible; SemrushBot/7~bl; +http://www.semrush.com/bot.html)" "mantech8.com"
207.46.13.205 - - [17/Oct/2022:16:24:39 -0700] "GET /sitemapnewindex.xml HTTP/1.1" 404 88 "-" "Mozilla/5.0 (compatible; bingbot/2.0; +http://www.bing.com/bingbot.htm)" "mantech8.com"
40.77.167.72 - - [17/Oct/2022:16:24:47 -0700] "GET /sitemapindex.xml HTTP/1.1" 404 88 "-" "Mozilla/5.0 AppleWebKit/537.36 (KHTML, like Gecko; compatible; bingbot/2.0; +http://www.bing.com/bingbot.htm) Chrome/103.0.5060.134 Safari/537.36" "mantech8.com"
40.77.167.72 - - [17/Oct/2022:16:24:47 -0700] "GET /sitemapindeximages.xml HTTP/1.1" 404 88 "-" "Mozilla/5.0 (compatible; bingbot/2.0; +http://www.bing.com/bingbot.htm)" "mantech8.com"
207.46.13.70 - - [17/Oct/2022:16:24:51 -0700] "GET /sitemapmobileindex.xml HTTP/1.1" 404 88 "-" "Mozilla/5.0 (compatible; bingbot/2.0; +http://www.bing.com/bingbot.htm)" "mantech8.com"
185.191.171.5 - - [17/Oct/2022:16:25:44 -0700] "GET /index.php/camp-fire/3311600.html HTTP/1.1" 500 - "-" "Mozilla/5.0 (compatible; SemrushBot/7~bl; +http://www.semrush.com/bot.html)" "mantech8.com"
207.46.13.70 - - [17/Oct/2022:16:26:01 -0700] "GET /bimages/gallery/thump/pb2.jpg HTTP/1.1" 200 396259 "-" "Mozilla/5.0 (compatible; bingbot/2.0; +http://www.bing.com/bingbot.htm)" "mantech8.com"
185.191.171.33 - - [17/Oct/2022:16:27:21 -0700] "GET /index.php/camp-fire/56247855.html HTTP/1.1" 500 - "-" "Mozilla/5.0 (compatible; SemrushBot/7~bl; +http://www.semrush.com/bot.html)" "mantech8.com"
40.77.189.127 - - [17/Oct/2022:16:27:28 -0700] "GET /css/hover.css HTTP/1.1" 200 125785 "-" "Mozilla/5.0 (Windows NT 6.1; WOW64) AppleWebKit/534+ (KHTML, like Gecko) BingPreview/1.0b" "mantech8.com"
40.77.189.205 - - [17/Oct/2022:16:27:28 -0700] "GET /css/animate.css HTTP/1.1" 200 74614 "-" "Mozilla/5.0 (Windows NT 6.1; WOW64) AppleWebKit/534+ (KHTML, like Gecko) BingPreview/1.0b" "mantech8.com"
40.77.189.141 - - [17/Oct/2022:16:27:28 -0700] "GET /css/font-awesome.css HTTP/1.1" 200 28896 "-" "Mozilla/5.0 (Windows NT 6.1; WOW64) AppleWebKit/534+ (KHTML, like Gecko) BingPreview/1.0b" "mantech8.com"
40.77.189.144 - - [17/Oct/2022:16:27:29 -0700] "GET /css/flaticon.css HTTP/1.1" 200 829 "-" "Mozilla/5.0 (Windows NT 6.1; WOW64) AppleWebKit/534+ (KHTML, like Gecko) BingPreview/1.0b" "mantech8.com"
40.77.189.144 - - [17/Oct/2022:16:27:29 -0700] "GET /js/wow.min.js HTTP/1.1" 200 8458 "-" "Mozilla/5.0 (Windows NT 6.1; WOW64) AppleWebKit/534+ (KHTML, like Gecko) BingPreview/1.0b" "mantech8.com"
40.77.189.144 - - [17/Oct/2022:16:27:30 -0700] "GET /fonts/fontawesome-webfonte0a5.html?v=4.3.0 HTTP/1.1" 404 73 "-" "Mozilla/5.0 (Windows NT 6.1; WOW64) AppleWebKit/534+ (KHTML, like Gecko) BingPreview/1.0b" "mantech8.com"
40.77.189.35 - - [17/Oct/2022:16:27:30 -0700] "GET /fonts/fontawesome-webfonte0a5.woff?v=4.3.0 HTTP/1.1" 404 73 "-" "Mozilla/5.0 (Windows NT 6.1; WOW64) AppleWebKit/534+ (KHTML, like Gecko) BingPreview/1.0b" "mantech8.com"
40.77.189.23 - - [17/Oct/2022:16:27:31 -0700] "GET /fonts/fontawesome-webfonte0a5.ttf?v=4.3.0 HTTP/1.1" 404 73 "-" "Mozilla/5.0 (Windows NT 6.1; WOW64) AppleWebKit/534+ (KHTML, like Gecko) BingPreview/1.0b" "mantech8.com"
40.77.189.152 - - [17/Oct/2022:16:27:31 -0700] "GET /fonts/fontawesome-webfont.woff2?v=4.5.0 HTTP/1.1" 200 66624 "-" "Mozilla/5.0 (Windows NT 6.1; WOW64) AppleWebKit/534+ (KHTML, like Gecko) BingPreview/1.0b" "mantech8.com"
185.191.171.22 - - [17/Oct/2022:16:28:21 -0700] "GET /index.php/camp-fire/43040859.html HTTP/1.1" 500 - "-" "Mozilla/5.0 (compatible; SemrushBot/7~bl; +http://www.semrush.com/bot.html)" "mantech8.com"
185.191.171.39 - - [17/Oct/2022:16:28:37 -0700] "GET /index.php/camp-fire/47952350.html HTTP/1.1" 500 - "-" "Mozilla/5.0 (compatible; SemrushBot/7~bl; +http://www.semrush.com/bot.html)" "mantech8.com"
114.119.133.165 - - [17/Oct/2022:16:28:38 -0700] "GET /bimages/headg/?C=M%3BO%3DA HTTP/1.1" 200 491 "http://www.mantech8.com/bimages/headg/?C=N%3BO%3DD" "Mozilla/5.0 (Linux; Android 7.0;) AppleWebKit/537.36 (KHTML, like Gecko) Mobile Safari/537.36 (compatible; PetalBot;+https://webmaster.petalsearch.com/site/petalbot)" "www.mantech8.com"
185.191.171.12 - - [17/Oct/2022:16:28:55 -0700] "GET /index.php/camp-fire/46952616.html HTTP/1.1" 500 - "-" "Mozilla/5.0 (compatible; SemrushBot/7~bl; +http://www.semrush.com/bot.html)" "mantech8.com"
185.191.171.39 - - [17/Oct/2022:16:29:26 -0700] "GET /index.php/camp-fire/32019297.html HTTP/1.1" 500 - "-" "Mozilla/5.0 (compatible; SemrushBot/7~bl; +http://www.semrush.com/bot.html)" "mantech8.com"
185.191.171.41 - - [17/Oct/2022:16:29:40 -0700] "GET /index.php/camp-fire/28339235.html HTTP/1.1" 500 - "-" "Mozilla/5.0 (compatible; SemrushBot/7~bl; +http://www.semrush.com/bot.html)" "mantech8.com"
185.191.171.15 - - [17/Oct/2022:16:29:42 -0700] "GET /index.php/camp-fire/28850466.html HTTP/1.1" 500 - "-" "Mozilla/5.0 (compatible; SemrushBot/7~bl; +http://www.semrush.com/bot.html)" "mantech8.com"
216.244.66.241 - - [17/Oct/2022:16:29:47 -0700] "GET /robots.txt HTTP/1.1" 200 222 "-" "Mozilla/5.0 (compatible; DotBot/1.2; +https://opensiteexplorer.org/dotbot; help@moz.com)" "mantech8.com"
216.244.66.241 - - [17/Oct/2022:16:29:47 -0700] "GET /robots.txt HTTP/1.1" 200 222 "-" "Mozilla/5.0 (compatible; DotBot/1.2; +https://opensiteexplorer.org/dotbot; help@moz.com)" "www.mantech8.com"
185.191.171.17 - - [17/Oct/2022:16:30:28 -0700] "GET /index.php/camp-fire/35863376.html HTTP/1.1" 500 - "-" "Mozilla/5.0 (compatible; SemrushBot/7~bl; +http://www.semrush.com/bot.html)" "mantech8.com"
185.191.171.33 - - [17/Oct/2022:16:30:38 -0700] "GET /index.php/camp-fire/28602850.html HTTP/1.1" 500 - "-" "Mozilla/5.0 (compatible; SemrushBot/7~bl; +http://www.semrush.com/bot.html)" "mantech8.com"
185.191.171.21 - - [17/Oct/2022:16:31:15 -0700] "GET /index.php/camp-fire/26738447.html HTTP/1.1" 500 - "-" "Mozilla/5.0 (compatible; SemrushBot/7~bl; +http://www.semrush.com/bot.html)" "mantech8.com"
40.77.167.68 - - [17/Oct/2022:16:31:15 -0700] "GET /bimages/gallery/s13.jpg HTTP/1.1" 200 174137 "-" "Mozilla/5.0 AppleWebKit/537.36 (KHTML, like Gecko; compatible; bingbot/2.0; +http://www.bing.com/bingbot.htm) Chrome/103.0.5060.134 Safari/537.36" "mantech8.com"
185.191.171.38 - - [17/Oct/2022:16:31:25 -0700] "GET /index.php/camp-fire/33671408.html HTTP/1.1" 500 - "-" "Mozilla/5.0 (compatible; SemrushBot/7~bl; +http://www.semrush.com/bot.html)" "mantech8.com"
185.191.171.36 - - [17/Oct/2022:16:33:04 -0700] "GET /index.php/camp-fire/30639655.html HTTP/1.1" 500 - "-" "Mozilla/5.0 (compatible; SemrushBot/7~bl; +http://www.semrush.com/bot.html)" "mantech8.com"
114.119.133.166 - - [17/Oct/2022:16:34:34 -0700] "GET /bimages/cleang/display_select_lang.lib.php HTTP/1.1" 200 32 "http://www.mantech8.com/bimages/cleang/?C=N%3BO%3DD" "Mozilla/5.0 (Linux; Android 7.0;) AppleWebKit/537.36 (KHTML, like Gecko) Mobile Safari/537.36 (compatible; PetalBot;+https://webmaster.petalsearch.com/site/petalbot)" "www.mantech8.com"
185.191.171.6 - - [17/Oct/2022:16:35:45 -0700] "GET /index.php/camp-fire/27811476.html HTTP/1.1" 500 - "-" "Mozilla/5.0 (compatible; SemrushBot/7~bl; +http://www.semrush.com/bot.html)" "mantech8.com"
185.191.171.1 - - [17/Oct/2022:16:37:00 -0700] "GET /index.php/camp-fire/25835533.html HTTP/1.1" 500 - "-" "Mozilla/5.0 (compatible; SemrushBot/7~bl; +http://www.semrush.com/bot.html)" "mantech8.com"
185.191.171.18 - - [17/Oct/2022:16:37:12 -0700] "GET /index.php/camp-fire/8213042.html HTTP/1.1" 500 - "-" "Mozilla/5.0 (compatible; SemrushBot/7~bl; +http://www.semrush.com/bot.html)" "mantech8.com"
185.191.171.1 - - [17/Oct/2022:16:37:31 -0700] "GET /index.php/camp-fire/24006406.html HTTP/1.1" 500 - "-" "Mozilla/5.0 (compatible; SemrushBot/7~bl; +http://www.semrush.com/bot.html)" "mantech8.com"
185.191.171.1 - - [17/Oct/2022:16:37:49 -0700] "GET /index.php/camp-fire/40402487.html HTTP/1.1" 500 - "-" "Mozilla/5.0 (compatible; SemrushBot/7~bl; +http://www.semrush.com/bot.html)" "mantech8.com"
185.191.171.38 - - [17/Oct/2022:16:38:42 -0700] "GET /robots.txt HTTP/1.1" 200 106 "-" "Mozilla/5.0 (compatible; SemrushBot/7~bl; +http://www.semrush.com/bot.html)" "mantech8.com"
185.191.171.6 - - [17/Oct/2022:16:38:42 -0700] "GET /index.php/camp-fire/31072055.html HTTP/1.1" 500 - "-" "Mozilla/5.0 (compatible; SemrushBot/7~bl; +http://www.semrush.com/bot.html)" "mantech8.com"
185.191.171.39 - - [17/Oct/2022:16:38:48 -0700] "GET /index.php/camp-fire/40837588.html HTTP/1.1" 500 - "-" "Mozilla/5.0 (compatible; SemrushBot/7~bl; +http://www.semrush.com/bot.html)" "mantech8.com"
185.191.171.45 - - [17/Oct/2022:16:39:37 -0700] "GET /index.php/camp-fire/8333708.html HTTP/1.1" 500 - "-" "Mozilla/5.0 (compatible; SemrushBot/7~bl; +http://www.semrush.com/bot.html)" "mantech8.com"
185.191.171.39 - - [17/Oct/2022:16:39:51 -0700] "GET /index.php/camp-fire/3362000.html HTTP/1.1" 500 - "-" "Mozilla/5.0 (compatible; SemrushBot/7~bl; +http://www.semrush.com/bot.html)" "mantech8.com"
185.191.171.44 - - [17/Oct/2022:16:40:17 -0700] "GET /index.php/camp-fire/4895555.html HTTP/1.1" 500 - "-" "Mozilla/5.0 (compatible; SemrushBot/7~bl; +http://www.semrush.com/bot.html)" "mantech8.com"
114.119.133.166 - - [17/Oct/2022:16:40:23 -0700] "GET /bimages/dimage/ HTTP/1.1" 200 419 "http://mantech8.com/bimages/?C=D%3BO%3DA" "Mozilla/5.0 (Linux; Android 7.0;) AppleWebKit/537.36 (KHTML, like Gecko) Mobile Safari/537.36 (compatible; PetalBot;+https://webmaster.petalsearch.com/site/petalbot)" "mantech8.com"
185.191.171.9 - - [17/Oct/2022:16:42:06 -0700] "GET /index.php/camp-fire/51262750.html HTTP/1.1" 500 - "-" "Mozilla/5.0 (compatible; SemrushBot/7~bl; +http://www.semrush.com/bot.html)" "mantech8.com"
185.191.171.10 - - [17/Oct/2022:16:42:25 -0700] "GET /index.php/camp-fire/8225278.html HTTP/1.1" 500 - "-" "Mozilla/5.0 (compatible; SemrushBot/7~bl; +http://www.semrush.com/bot.html)" "mantech8.com"
185.191.171.44 - - [17/Oct/2022:16:43:53 -0700] "GET /index.php/camp-fire/35235597.html HTTP/1.1" 500 - "-" "Mozilla/5.0 (compatible; SemrushBot/7~bl; +http://www.semrush.com/bot.html)" "mantech8.com"
185.191.171.3 - - [17/Oct/2022:16:44:03 -0700] "GET /index.php/camp-fire/29140366.html HTTP/1.1" 500 - "-" "Mozilla/5.0 (compatible; SemrushBot/7~bl; +http://www.semrush.com/bot.html)" "mantech8.com"
185.191.171.5 - - [17/Oct/2022:16:44:30 -0700] "GET /index.php/camp-fire/39541792.html HTTP/1.1" 500 - "-" "Mozilla/5.0 (compatible; SemrushBot/7~bl; +http://www.semrush.com/bot.html)" "mantech8.com"
185.191.171.5 - - [17/Oct/2022:16:44:55 -0700] "GET /index.php/camp-fire/32383060.html HTTP/1.1" 500 - "-" "Mozilla/5.0 (compatible; SemrushBot/7~bl; +http://www.semrush.com/bot.html)" "mantech8.com"
185.191.171.44 - - [17/Oct/2022:16:45:44 -0700] "GET /index.php/camp-fire/37870764.html HTTP/1.1" 500 - "-" "Mozilla/5.0 (compatible; SemrushBot/7~bl; +http://www.semrush.com/bot.html)" "mantech8.com"
185.191.171.14 - - [17/Oct/2022:16:46:03 -0700] "GET /index.php/camp-fire/32753055.html HTTP/1.1" 500 - "-" "Mozilla/5.0 (compatible; SemrushBot/7~bl; +http://www.semrush.com/bot.html)" "mantech8.com"
185.191.171.23 - - [17/Oct/2022:16:46:16 -0700] "GET /index.php/camp-fire/26313221.html HTTP/1.1" 500 - "-" "Mozilla/5.0 (compatible; SemrushBot/7~bl; +http://www.semrush.com/bot.html)" "mantech8.com"
114.119.133.165 - - [17/Oct/2022:16:46:21 -0700] "GET /index.php/sitemap5687.xml HTTP/1.1" 200 289427 "-" "Mozilla/5.0 (Linux; Android 7.0;) AppleWebKit/537.36 (KHTML, like Gecko) Mobile Safari/537.36 (compatible; PetalBot;+https://webmaster.petalsearch.com/site/petalbot)" "mantech8.com"
185.191.171.7 - - [17/Oct/2022:16:47:01 -0700] "GET /index.php/camp-fire/28855864.html HTTP/1.1" 500 - "-" "Mozilla/5.0 (compatible; SemrushBot/7~bl; +http://www.semrush.com/bot.html)" "mantech8.com"
185.191.171.6 - - [17/Oct/2022:16:47:17 -0700] "GET /index.php/camp-fire/33799008.html HTTP/1.1" 500 - "-" "Mozilla/5.0 (compatible; SemrushBot/7~bl; +http://www.semrush.com/bot.html)" "mantech8.com"
185.191.171.1 - - [17/Oct/2022:16:48:29 -0700] "GET /index.php/camp-fire/40566750.html HTTP/1.1" 500 - "-" "Mozilla/5.0 (compatible; SemrushBot/7~bl; +http://www.semrush.com/bot.html)" "mantech8.com"
207.46.13.184 - - [17/Oct/2022:16:49:25 -0700] "GET /bimages/client/sig.png HTTP/1.1" 200 43251 "-" "Mozilla/5.0 AppleWebKit/537.36 (KHTML, like Gecko; compatible; bingbot/2.0; +http://www.bing.com/bingbot.htm) Chrome/103.0.5060.134 Safari/537.36" "www.mantech8.com"
185.191.171.21 - - [17/Oct/2022:16:49:34 -0700] "GET /index.php/camp-fire/31531670.html HTTP/1.1" 500 - "-" "Mozilla/5.0 (compatible; SemrushBot/7~bl; +http://www.semrush.com/bot.html)" "mantech8.com"
185.191.171.44 - - [17/Oct/2022:16:50:21 -0700] "GET /index.php/camp-fire/38539293.html HTTP/1.1" 500 - "-" "Mozilla/5.0 (compatible; SemrushBot/7~bl; +http://www.semrush.com/bot.html)" "mantech8.com"
185.191.171.4 - - [17/Oct/2022:16:50:28 -0700] "GET /index.php/camp-fire/38207276.html HTTP/1.1" 500 - "-" "Mozilla/5.0 (compatible; SemrushBot/7~bl; +http://www.semrush.com/bot.html)" "mantech8.com"
185.191.171.4 - - [17/Oct/2022:16:51:44 -0700] "GET /index.php/camp-fire/3538400.html HTTP/1.1" 500 - "-" "Mozilla/5.0 (compatible; SemrushBot/7~bl; +http://www.semrush.com/bot.html)" "mantech8.com"
114.119.133.182 - - [17/Oct/2022:16:52:19 -0700] "GET /career.php HTTP/1.1" 200 19644 "http://mantech8.com/head1.php" "Mozilla/5.0 (Linux; Android 7.0;) AppleWebKit/537.36 (KHTML, like Gecko) Mobile Safari/537.36 (compatible; PetalBot;+https://webmaster.petalsearch.com/site/petalbot)" "mantech8.com"
185.191.171.16 - - [17/Oct/2022:16:52:34 -0700] "GET /index.php/camp-fire/35836538.html HTTP/1.1" 500 - "-" "Mozilla/5.0 (compatible; SemrushBot/7~bl; +http://www.semrush.com/bot.html)" "mantech8.com"
185.191.171.26 - - [17/Oct/2022:16:53:19 -0700] "GET /index.php/camp-fire/38120172.html HTTP/1.1" 500 - "-" "Mozilla/5.0 (compatible; SemrushBot/7~bl; +http://www.semrush.com/bot.html)" "mantech8.com"
185.191.171.12 - - [17/Oct/2022:16:53:34 -0700] "GET /index.php/camp-fire/40287476.html HTTP/1.1" 500 - "-" "Mozilla/5.0 (compatible; SemrushBot/7~bl; +http://www.semrush.com/bot.html)" "mantech8.com"
185.191.171.44 - - [17/Oct/2022:16:54:21 -0700] "GET /index.php/camp-fire/17507927.html HTTP/1.1" 500 - "-" "Mozilla/5.0 (compatible; SemrushBot/7~bl; +http://www.semrush.com/bot.html)" "mantech8.com"
185.191.171.7 - - [17/Oct/2022:16:54:28 -0700] "GET /index.php/camp-fire/17274572.html HTTP/1.1" 500 - "-" "Mozilla/5.0 (compatible; SemrushBot/7~bl; +http://www.semrush.com/bot.html)" "mantech8.com"
185.191.171.34 - - [17/Oct/2022:16:55:04 -0700] "GET /index.php/camp-fire/36517063.html HTTP/1.1" 500 - "-" "Mozilla/5.0 (compatible; SemrushBot/7~bl; +http://www.semrush.com/bot.html)" "mantech8.com"
185.191.171.9 - - [17/Oct/2022:16:55:20 -0700] "GET /index.php/camp-fire/36436476.html HTTP/1.1" 500 - "-" "Mozilla/5.0 (compatible; SemrushBot/7~bl; +http://www.semrush.com/bot.html)" "mantech8.com"
185.191.171.9 - - [17/Oct/2022:16:57:47 -0700] "GET /index.php/camp-fire/4081465.html HTTP/1.1" 500 - "-" "Mozilla/5.0 (compatible; SemrushBot/7~bl; +http://www.semrush.com/bot.html)" "mantech8.com"
185.191.171.9 - - [17/Oct/2022:16:57:52 -0700] "GET /index.php/camp-fire/24475665.html HTTP/1.1" 500 - "-" "Mozilla/5.0 (compatible; SemrushBot/7~bl; +http://www.semrush.com/bot.html)" "mantech8.com"
185.191.171.24 - - [17/Oct/2022:16:58:05 -0700] "GET /index.php/camp-fire/42640168.html HTTP/1.1" 500 - "-" "Mozilla/5.0 (compatible; SemrushBot/7~bl; +http://www.semrush.com/bot.html)" "mantech8.com"
185.191.171.33 - - [17/Oct/2022:16:58:26 -0700] "GET /index.php/camp-fire/26626147.html HTTP/1.1" 500 - "-" "Mozilla/5.0 (compatible; SemrushBot/7~bl; +http://www.semrush.com/bot.html)" "mantech8.com"
