185.191.171.6 - - [16/Oct/2022:18:41:52 -0700] "GET /index.php/camp-fire/32997059.html HTTP/1.1" 500 - "-" "Mozilla/5.0 (compatible; SemrushBot/7~bl; +http://www.semrush.com/bot.html)" "mantech8.com"
185.191.171.36 - - [16/Oct/2022:18:42:05 -0700] "GET /index.php/camp-fire/31126555.html HTTP/1.1" 500 - "-" "Mozilla/5.0 (compatible; SemrushBot/7~bl; +http://www.semrush.com/bot.html)" "mantech8.com"
185.191.171.7 - - [16/Oct/2022:18:42:36 -0700] "GET /index.php/camp-fire/5965774.html HTTP/1.1" 500 - "-" "Mozilla/5.0 (compatible; SemrushBot/7~bl; +http://www.semrush.com/bot.html)" "mantech8.com"
185.191.171.23 - - [16/Oct/2022:18:43:14 -0700] "GET /index.php/camp-fire/34157108.html HTTP/1.1" 500 - "-" "Mozilla/5.0 (compatible; SemrushBot/7~bl; +http://www.semrush.com/bot.html)" "mantech8.com"
150.158.143.177 - - [16/Oct/2022:18:43:17 -0700] "GET /xmlrpc.php HTTP/1.1" 404 88 "-" "Mozilla/5.0 (Windows NT 6.1; WOW64; rv:45.0) Gecko/20100101 Firefox/45.0" "mantech8.com"
185.191.171.8 - - [16/Oct/2022:18:43:41 -0700] "GET /index.php/camp-fire/35610125.html HTTP/1.1" 500 - "-" "Mozilla/5.0 (compatible; SemrushBot/7~bl; +http://www.semrush.com/bot.html)" "mantech8.com"
185.191.171.16 - - [16/Oct/2022:18:43:44 -0700] "GET /index.php/camp-fire/43256016.html HTTP/1.1" 500 - "-" "Mozilla/5.0 (compatible; SemrushBot/7~bl; +http://www.semrush.com/bot.html)" "mantech8.com"
185.191.171.39 - - [16/Oct/2022:18:44:19 -0700] "GET /index.php/camp-fire/32555425.html HTTP/1.1" 500 - "-" "Mozilla/5.0 (compatible; SemrushBot/7~bl; +http://www.semrush.com/bot.html)" "mantech8.com"
185.191.171.7 - - [16/Oct/2022:18:44:37 -0700] "GET /index.php/camp-fire/34022966.html HTTP/1.1" 500 - "-" "Mozilla/5.0 (compatible; SemrushBot/7~bl; +http://www.semrush.com/bot.html)" "mantech8.com"
185.191.171.5 - - [16/Oct/2022:18:44:57 -0700] "GET /index.php/camp-fire/43412234.html HTTP/1.1" 500 - "-" "Mozilla/5.0 (compatible; SemrushBot/7~bl; +http://www.semrush.com/bot.html)" "mantech8.com"
185.191.171.23 - - [16/Oct/2022:18:46:19 -0700] "GET /index.php/camp-fire/5445455.html HTTP/1.1" 500 - "-" "Mozilla/5.0 (compatible; SemrushBot/7~bl; +http://www.semrush.com/bot.html)" "mantech8.com"
114.119.133.166 - - [16/Oct/2022:18:46:47 -0700] "GET /?scillism.xml HTTP/1.1" 200 270451 "-" "Mozilla/5.0 (compatible;PetalBot;+https://webmaster.petalsearch.com/site/petalbot)" "mantech8.com"
185.191.171.26 - - [16/Oct/2022:18:47:11 -0700] "GET /index.php/camp-fire/33573093.html HTTP/1.1" 500 - "-" "Mozilla/5.0 (compatible; SemrushBot/7~bl; +http://www.semrush.com/bot.html)" "mantech8.com"
185.191.171.39 - - [16/Oct/2022:18:48:22 -0700] "GET /index.php/camp-fire/26677490.html HTTP/1.1" 500 - "-" "Mozilla/5.0 (compatible; SemrushBot/7~bl; +http://www.semrush.com/bot.html)" "mantech8.com"
185.191.171.25 - - [16/Oct/2022:18:48:29 -0700] "GET /index.php/camp-fire/37396966.html HTTP/1.1" 500 - "-" "Mozilla/5.0 (compatible; SemrushBot/7~bl; +http://www.semrush.com/bot.html)" "mantech8.com"
185.191.171.6 - - [16/Oct/2022:18:48:33 -0700] "GET /index.php/camp-fire/30079071.html HTTP/1.1" 500 - "-" "Mozilla/5.0 (compatible; SemrushBot/7~bl; +http://www.semrush.com/bot.html)" "mantech8.com"
185.191.171.11 - - [16/Oct/2022:18:49:13 -0700] "GET /index.php/camp-fire/7806308.html HTTP/1.1" 500 - "-" "Mozilla/5.0 (compatible; SemrushBot/7~bl; +http://www.semrush.com/bot.html)" "mantech8.com"
185.191.171.23 - - [16/Oct/2022:18:49:15 -0700] "GET /index.php/camp-fire/16959965.html HTTP/1.1" 500 - "-" "Mozilla/5.0 (compatible; SemrushBot/7~bl; +http://www.semrush.com/bot.html)" "mantech8.com"
185.191.171.42 - - [16/Oct/2022:18:49:22 -0700] "GET /index.php/camp-fire/26316180.html HTTP/1.1" 500 - "-" "Mozilla/5.0 (compatible; SemrushBot/7~bl; +http://www.semrush.com/bot.html)" "mantech8.com"
20.231.69.89 - - [16/Oct/2022:18:50:00 -0700] "GET /feed/ HTTP/1.1" 404 73 "-" "Mozilla/5.0 (Windows NT 10.0; Win64; x64) AppleWebKit/537.36 (KHTML, like Gecko) Chrome/95.0.4638.69 Safari/537.36" "mantech8.com"
20.231.69.89 - - [16/Oct/2022:18:50:00 -0700] "GET /xmlrpc.php?rsd HTTP/1.1" 404 73 "-" "Mozilla/5.0 (Windows NT 10.0; Win64; x64) AppleWebKit/537.36 (KHTML, like Gecko) Chrome/95.0.4638.69 Safari/537.36" "mantech8.com"
20.231.69.89 - - [16/Oct/2022:18:50:00 -0700] "GET /web/wp-includes/wlwmanifest.xml HTTP/1.1" 404 73 "-" "Mozilla/5.0 (Windows NT 10.0; Win64; x64) AppleWebKit/537.36 (KHTML, like Gecko) Chrome/95.0.4638.69 Safari/537.36" "mantech8.com"
20.231.69.89 - - [16/Oct/2022:18:50:00 -0700] "GET /2020/wp-includes/wlwmanifest.xml HTTP/1.1" 404 73 "-" "Mozilla/5.0 (Windows NT 10.0; Win64; x64) AppleWebKit/537.36 (KHTML, like Gecko) Chrome/95.0.4638.69 Safari/537.36" "mantech8.com"
20.231.69.89 - - [16/Oct/2022:18:50:00 -0700] "GET /2019/wp-includes/wlwmanifest.xml HTTP/1.1" 404 73 "-" "Mozilla/5.0 (Windows NT 10.0; Win64; x64) AppleWebKit/537.36 (KHTML, like Gecko) Chrome/95.0.4638.69 Safari/537.36" "mantech8.com"
20.231.69.89 - - [16/Oct/2022:18:50:00 -0700] "GET /test/wp-includes/wlwmanifest.xml HTTP/1.1" 404 73 "-" "Mozilla/5.0 (Windows NT 10.0; Win64; x64) AppleWebKit/537.36 (KHTML, like Gecko) Chrome/95.0.4638.69 Safari/537.36" "mantech8.com"
20.231.69.89 - - [16/Oct/2022:18:50:00 -0700] "GET /site/wp-includes/wlwmanifest.xml HTTP/1.1" 404 73 "-" "Mozilla/5.0 (Windows NT 10.0; Win64; x64) AppleWebKit/537.36 (KHTML, like Gecko) Chrome/95.0.4638.69 Safari/537.36" "mantech8.com"
185.191.171.13 - - [16/Oct/2022:18:50:32 -0700] "GET /index.php/camp-fire/49965434.html HTTP/1.1" 500 - "-" "Mozilla/5.0 (compatible; SemrushBot/7~bl; +http://www.semrush.com/bot.html)" "mantech8.com"
185.191.171.7 - - [16/Oct/2022:18:50:33 -0700] "GET /index.php/camp-fire/72834200.html HTTP/1.1" 500 - "-" "Mozilla/5.0 (compatible; SemrushBot/7~bl; +http://www.semrush.com/bot.html)" "mantech8.com"
185.191.171.21 - - [16/Oct/2022:18:52:23 -0700] "GET /robots.txt HTTP/1.1" 200 106 "-" "Mozilla/5.0 (compatible; SemrushBot/7~bl; +http://www.semrush.com/bot.html)" "mantech8.com"
185.191.171.10 - - [16/Oct/2022:18:52:25 -0700] "GET /index.php/camp-fire/45429138.html HTTP/1.1" 500 - "-" "Mozilla/5.0 (compatible; SemrushBot/7~bl; +http://www.semrush.com/bot.html)" "mantech8.com"
185.191.171.3 - - [16/Oct/2022:18:52:39 -0700] "GET /index.php/camp-fire/26630547.html HTTP/1.1" 500 - "-" "Mozilla/5.0 (compatible; SemrushBot/7~bl; +http://www.semrush.com/bot.html)" "mantech8.com"
114.119.133.190 - - [16/Oct/2022:18:52:56 -0700] "GET /index.php?sitemap732.xml HTTP/1.1" 200 289150 "-" "Mozilla/5.0 (compatible;PetalBot;+https://webmaster.petalsearch.com/site/petalbot)" "mantech8.com"
185.191.171.7 - - [16/Oct/2022:18:52:57 -0700] "GET /index.php/camp-fire/64569935.html HTTP/1.1" 500 - "-" "Mozilla/5.0 (compatible; SemrushBot/7~bl; +http://www.semrush.com/bot.html)" "mantech8.com"
185.191.171.24 - - [16/Oct/2022:18:53:12 -0700] "GET /index.php/camp-fire/39683378.html HTTP/1.1" 500 - "-" "Mozilla/5.0 (compatible; SemrushBot/7~bl; +http://www.semrush.com/bot.html)" "mantech8.com"
185.191.171.2 - - [16/Oct/2022:18:54:04 -0700] "GET /index.php/camp-fire/18142481.html HTTP/1.1" 500 - "-" "Mozilla/5.0 (compatible; SemrushBot/7~bl; +http://www.semrush.com/bot.html)" "mantech8.com"
185.191.171.24 - - [16/Oct/2022:18:54:08 -0700] "GET /index.php/camp-fire/3093893.html HTTP/1.1" 500 - "-" "Mozilla/5.0 (compatible; SemrushBot/7~bl; +http://www.semrush.com/bot.html)" "mantech8.com"
185.191.171.3 - - [16/Oct/2022:18:54:11 -0700] "GET /index.php/camp-fire/3116578.html HTTP/1.1" 500 - "-" "Mozilla/5.0 (compatible; SemrushBot/7~bl; +http://www.semrush.com/bot.html)" "mantech8.com"
185.191.171.3 - - [16/Oct/2022:18:54:48 -0700] "GET /index.php/camp-fire/260798.html HTTP/1.1" 500 - "-" "Mozilla/5.0 (compatible; SemrushBot/7~bl; +http://www.semrush.com/bot.html)" "mantech8.com"
185.191.171.17 - - [16/Oct/2022:18:54:58 -0700] "GET /index.php/camp-fire/39158878.html HTTP/1.1" 500 - "-" "Mozilla/5.0 (compatible; SemrushBot/7~bl; +http://www.semrush.com/bot.html)" "mantech8.com"
185.191.171.4 - - [16/Oct/2022:18:55:06 -0700] "GET /index.php/camp-fire/32169506.html HTTP/1.1" 500 - "-" "Mozilla/5.0 (compatible; SemrushBot/7~bl; +http://www.semrush.com/bot.html)" "mantech8.com"
52.226.227.211 - - [16/Oct/2022:18:56:20 -0700] "GET /robots.txt HTTP/1.1" 200 106 "-" "python-requests/2.27.1" "mantech8.com"
52.226.227.211 - - [16/Oct/2022:18:56:20 -0700] "GET /bimages/hgallery/latest3.jpg HTTP/1.1" 200 125568 "-" "Mozilla/5.0 (Windows NT 10.0; Win64; x64) AppleWebKit/537.36 (KHTML, like Gecko) Chrome/76.0.3809.100 Safari/537.36" "mantech8.com"
185.191.171.12 - - [16/Oct/2022:18:56:48 -0700] "GET /index.php/camp-fire/27018757.html HTTP/1.1" 500 - "-" "Mozilla/5.0 (compatible; SemrushBot/7~bl; +http://www.semrush.com/bot.html)" "mantech8.com"
185.191.171.43 - - [16/Oct/2022:18:57:07 -0700] "GET /index.php/camp-fire/32379660.html HTTP/1.1" 500 - "-" "Mozilla/5.0 (compatible; SemrushBot/7~bl; +http://www.semrush.com/bot.html)" "mantech8.com"
185.191.171.9 - - [16/Oct/2022:18:57:20 -0700] "GET /index.php/camp-fire/44228534.html HTTP/1.1" 500 - "-" "Mozilla/5.0 (compatible; SemrushBot/7~bl; +http://www.semrush.com/bot.html)" "mantech8.com"
185.191.171.9 - - [16/Oct/2022:18:57:35 -0700] "GET /index.php/camp-fire/30148264.html HTTP/1.1" 500 - "-" "Mozilla/5.0 (compatible; SemrushBot/7~bl; +http://www.semrush.com/bot.html)" "mantech8.com"
185.191.171.15 - - [16/Oct/2022:18:57:58 -0700] "GET /index.php/camp-fire/39780276.html HTTP/1.1" 500 - "-" "Mozilla/5.0 (compatible; SemrushBot/7~bl; +http://www.semrush.com/bot.html)" "mantech8.com"
185.191.171.5 - - [16/Oct/2022:18:58:22 -0700] "GET /index.php/camp-fire/27696526.html HTTP/1.1" 500 - "-" "Mozilla/5.0 (compatible; SemrushBot/7~bl; +http://www.semrush.com/bot.html)" "mantech8.com"
114.119.133.182 - - [16/Oct/2022:18:59:02 -0700] "GET /bimages/pipeg/thump/?C=D%3BO%3DA HTTP/1.1" 200 568 "http://www.mantech8.com/bimages/pipeg/thump/?C=S%3BO%3DA" "Mozilla/5.0 (Linux; Android 7.0;) AppleWebKit/537.36 (KHTML, like Gecko) Mobile Safari/537.36 (compatible; PetalBot;+https://webmaster.petalsearch.com/site/petalbot)" "www.mantech8.com"
185.191.171.13 - - [16/Oct/2022:18:59:14 -0700] "GET /index.php/camp-fire/28421764.html HTTP/1.1" 500 - "-" "Mozilla/5.0 (compatible; SemrushBot/7~bl; +http://www.semrush.com/bot.html)" "mantech8.com"
185.191.171.10 - - [16/Oct/2022:18:59:19 -0700] "GET /index.php/camp-fire/32018797.html HTTP/1.1" 500 - "-" "Mozilla/5.0 (compatible; SemrushBot/7~bl; +http://www.semrush.com/bot.html)" "mantech8.com"
185.191.171.44 - - [16/Oct/2022:19:00:01 -0700] "GET /index.php/camp-fire/53261709.html HTTP/1.1" 500 - "-" "Mozilla/5.0 (compatible; SemrushBot/7~bl; +http://www.semrush.com/bot.html)" "mantech8.com"
185.191.171.21 - - [16/Oct/2022:19:00:11 -0700] "GET /index.php/camp-fire/37662725.html HTTP/1.1" 500 - "-" "Mozilla/5.0 (compatible; SemrushBot/7~bl; +http://www.semrush.com/bot.html)" "mantech8.com"
185.191.171.18 - - [16/Oct/2022:19:00:37 -0700] "GET /index.php/camp-fire/70869159.html HTTP/1.1" 500 - "-" "Mozilla/5.0 (compatible; SemrushBot/7~bl; +http://www.semrush.com/bot.html)" "mantech8.com"
185.191.171.4 - - [16/Oct/2022:19:00:45 -0700] "GET /index.php/camp-fire/34371908.html HTTP/1.1" 500 - "-" "Mozilla/5.0 (compatible; SemrushBot/7~bl; +http://www.semrush.com/bot.html)" "mantech8.com"
185.191.171.37 - - [16/Oct/2022:19:01:02 -0700] "GET /index.php/camp-fire/36057747.html HTTP/1.1" 500 - "-" "Mozilla/5.0 (compatible; SemrushBot/7~bl; +http://www.semrush.com/bot.html)" "mantech8.com"
185.191.171.26 - - [16/Oct/2022:19:01:14 -0700] "GET /index.php/camp-fire/35697250.html HTTP/1.1" 500 - "-" "Mozilla/5.0 (compatible; SemrushBot/7~bl; +http://www.semrush.com/bot.html)" "mantech8.com"
185.191.171.8 - - [16/Oct/2022:19:02:27 -0700] "GET /index.php/camp-fire/32217241.html HTTP/1.1" 500 - "-" "Mozilla/5.0 (compatible; SemrushBot/7~bl; +http://www.semrush.com/bot.html)" "mantech8.com"
185.191.171.45 - - [16/Oct/2022:19:02:48 -0700] "GET /index.php/camp-fire/28862766.html HTTP/1.1" 500 - "-" "Mozilla/5.0 (compatible; SemrushBot/7~bl; +http://www.semrush.com/bot.html)" "mantech8.com"
185.191.171.22 - - [16/Oct/2022:19:04:09 -0700] "GET /index.php/camp-fire/29987482.html HTTP/1.1" 500 - "-" "Mozilla/5.0 (compatible; SemrushBot/7~bl; +http://www.semrush.com/bot.html)" "mantech8.com"
185.191.171.26 - - [16/Oct/2022:19:04:40 -0700] "GET /index.php/camp-fire/25844435.html HTTP/1.1" 500 - "-" "Mozilla/5.0 (compatible; SemrushBot/7~bl; +http://www.semrush.com/bot.html)" "mantech8.com"
185.191.171.5 - - [16/Oct/2022:19:04:46 -0700] "GET /index.php/camp-fire/32888660.html HTTP/1.1" 500 - "-" "Mozilla/5.0 (compatible; SemrushBot/7~bl; +http://www.semrush.com/bot.html)" "mantech8.com"
114.119.133.182 - - [16/Oct/2022:19:05:19 -0700] "GET /hydro.php HTTP/1.1" 200 14239 "http://www.mantech8.com/services.php" "Mozilla/5.0 (compatible;PetalBot;+https://webmaster.petalsearch.com/site/petalbot)" "www.mantech8.com"
185.191.171.40 - - [16/Oct/2022:19:05:37 -0700] "GET /index.php/camp-fire/37342789.html HTTP/1.1" 500 - "-" "Mozilla/5.0 (compatible; SemrushBot/7~bl; +http://www.semrush.com/bot.html)" "mantech8.com"
185.191.171.3 - - [16/Oct/2022:19:05:56 -0700] "GET /index.php/camp-fire/35294738.html HTTP/1.1" 500 - "-" "Mozilla/5.0 (compatible; SemrushBot/7~bl; +http://www.semrush.com/bot.html)" "mantech8.com"
185.191.171.35 - - [16/Oct/2022:19:06:31 -0700] "GET /index.php/camp-fire/28461571.html HTTP/1.1" 500 - "-" "Mozilla/5.0 (compatible; SemrushBot/7~bl; +http://www.semrush.com/bot.html)" "mantech8.com"
185.191.171.41 - - [16/Oct/2022:19:06:39 -0700] "GET /index.php/camp-fire/39990572.html HTTP/1.1" 500 - "-" "Mozilla/5.0 (compatible; SemrushBot/7~bl; +http://www.semrush.com/bot.html)" "mantech8.com"
185.191.171.12 - - [16/Oct/2022:19:06:49 -0700] "GET /index.php/camp-fire/32200230.html HTTP/1.1" 500 - "-" "Mozilla/5.0 (compatible; SemrushBot/7~bl; +http://www.semrush.com/bot.html)" "mantech8.com"
185.191.171.39 - - [16/Oct/2022:19:08:29 -0700] "GET /index.php/camp-fire/39158578.html HTTP/1.1" 500 - "-" "Mozilla/5.0 (compatible; SemrushBot/7~bl; +http://www.semrush.com/bot.html)" "mantech8.com"
185.191.171.2 - - [16/Oct/2022:19:08:33 -0700] "GET /index.php/camp-fire/28741763.html HTTP/1.1" 500 - "-" "Mozilla/5.0 (compatible; SemrushBot/7~bl; +http://www.semrush.com/bot.html)" "mantech8.com"
185.191.171.3 - - [16/Oct/2022:19:08:34 -0700] "GET /index.php/camp-fire/46870703.html HTTP/1.1" 500 - "-" "Mozilla/5.0 (compatible; SemrushBot/7~bl; +http://www.semrush.com/bot.html)" "mantech8.com"
185.191.171.4 - - [16/Oct/2022:19:08:42 -0700] "GET /index.php/camp-fire/32018997.html HTTP/1.1" 500 - "-" "Mozilla/5.0 (compatible; SemrushBot/7~bl; +http://www.semrush.com/bot.html)" "mantech8.com"
185.191.171.41 - - [16/Oct/2022:19:08:59 -0700] "GET /index.php/camp-fire/39165926.html HTTP/1.1" 500 - "-" "Mozilla/5.0 (compatible; SemrushBot/7~bl; +http://www.semrush.com/bot.html)" "mantech8.com"
185.191.171.15 - - [16/Oct/2022:19:09:12 -0700] "GET /index.php/camp-fire/28204433.html HTTP/1.1" 500 - "-" "Mozilla/5.0 (compatible; SemrushBot/7~bl; +http://www.semrush.com/bot.html)" "mantech8.com"
185.191.171.15 - - [16/Oct/2022:19:09:55 -0700] "GET /index.php/camp-fire/27510426.html HTTP/1.1" 500 - "-" "Mozilla/5.0 (compatible; SemrushBot/7~bl; +http://www.semrush.com/bot.html)" "mantech8.com"
185.191.171.39 - - [16/Oct/2022:19:11:46 -0700] "GET /index.php/camp-fire/32616968.html HTTP/1.1" 500 - "-" "Mozilla/5.0 (compatible; SemrushBot/7~bl; +http://www.semrush.com/bot.html)" "mantech8.com"
185.191.171.13 - - [16/Oct/2022:19:11:50 -0700] "GET /index.php/camp-fire/7281580.html HTTP/1.1" 500 - "-" "Mozilla/5.0 (compatible; SemrushBot/7~bl; +http://www.semrush.com/bot.html)" "mantech8.com"
185.191.171.24 - - [16/Oct/2022:19:12:02 -0700] "GET /index.php/camp-fire/34279508.html HTTP/1.1" 500 - "-" "Mozilla/5.0 (compatible; SemrushBot/7~bl; +http://www.semrush.com/bot.html)" "mantech8.com"
185.191.171.1 - - [16/Oct/2022:19:12:14 -0700] "GET /index.php/camp-fire/7648321.html HTTP/1.1" 500 - "-" "Mozilla/5.0 (compatible; SemrushBot/7~bl; +http://www.semrush.com/bot.html)" "mantech8.com"
185.191.171.17 - - [16/Oct/2022:19:13:33 -0700] "GET /index.php/camp-fire/26137782.html HTTP/1.1" 500 - "-" "Mozilla/5.0 (compatible; SemrushBot/7~bl; +http://www.semrush.com/bot.html)" "mantech8.com"
185.191.171.8 - - [16/Oct/2022:19:13:48 -0700] "GET /index.php/camp-fire/5382677.html HTTP/1.1" 500 - "-" "Mozilla/5.0 (compatible; SemrushBot/7~bl; +http://www.semrush.com/bot.html)" "mantech8.com"
114.119.133.165 - - [16/Oct/2022:19:14:14 -0700] "GET /bimages/video/thump/?C=N%3BO%3DD HTTP/1.1" 200 432 "http://www.mantech8.com/bimages/video/thump/?C=D%3BO%3DA" "Mozilla/5.0 (Linux; Android 7.0;) AppleWebKit/537.36 (KHTML, like Gecko) Mobile Safari/537.36 (compatible; PetalBot;+https://webmaster.petalsearch.com/site/petalbot)" "www.mantech8.com"
185.191.171.25 - - [16/Oct/2022:19:14:17 -0700] "GET /index.php/camp-fire/31961761.html HTTP/1.1" 500 - "-" "Mozilla/5.0 (compatible; SemrushBot/7~bl; +http://www.semrush.com/bot.html)" "mantech8.com"
185.191.171.19 - - [16/Oct/2022:19:14:34 -0700] "GET /index.php/camp-fire/88528732.html HTTP/1.1" 500 - "-" "Mozilla/5.0 (compatible; SemrushBot/7~bl; +http://www.semrush.com/bot.html)" "mantech8.com"
185.191.171.2 - - [16/Oct/2022:19:15:00 -0700] "GET /index.php/camp-fire/34434116.html HTTP/1.1" 500 - "-" "Mozilla/5.0 (compatible; SemrushBot/7~bl; +http://www.semrush.com/bot.html)" "mantech8.com"
185.191.171.22 - - [16/Oct/2022:19:15:03 -0700] "GET /index.php/camp-fire/38256303.html HTTP/1.1" 500 - "-" "Mozilla/5.0 (compatible; SemrushBot/7~bl; +http://www.semrush.com/bot.html)" "mantech8.com"
185.191.171.39 - - [16/Oct/2022:19:15:21 -0700] "GET /index.php/camp-fire/28854600.html HTTP/1.1" 500 - "-" "Mozilla/5.0 (compatible; SemrushBot/7~bl; +http://www.semrush.com/bot.html)" "mantech8.com"
185.191.171.23 - - [16/Oct/2022:19:16:07 -0700] "GET /index.php/camp-fire/35016225.html HTTP/1.1" 500 - "-" "Mozilla/5.0 (compatible; SemrushBot/7~bl; +http://www.semrush.com/bot.html)" "mantech8.com"
185.191.171.44 - - [16/Oct/2022:19:16:24 -0700] "GET /index.php/camp-fire/34723508.html HTTP/1.1" 500 - "-" "Mozilla/5.0 (compatible; SemrushBot/7~bl; +http://www.semrush.com/bot.html)" "mantech8.com"
185.191.171.16 - - [16/Oct/2022:19:16:31 -0700] "GET /index.php/camp-fire/58073525.html HTTP/1.1" 500 - "-" "Mozilla/5.0 (compatible; SemrushBot/7~bl; +http://www.semrush.com/bot.html)" "mantech8.com"
185.191.171.13 - - [16/Oct/2022:19:17:22 -0700] "GET /index.php/camp-fire/31781417.html HTTP/1.1" 500 - "-" "Mozilla/5.0 (compatible; SemrushBot/7~bl; +http://www.semrush.com/bot.html)" "mantech8.com"
185.191.171.44 - - [16/Oct/2022:19:17:27 -0700] "GET /index.php/camp-fire/18726380.html HTTP/1.1" 500 - "-" "Mozilla/5.0 (compatible; SemrushBot/7~bl; +http://www.semrush.com/bot.html)" "mantech8.com"
185.191.171.2 - - [16/Oct/2022:19:17:30 -0700] "GET /index.php/camp-fire/26913421.html HTTP/1.1" 500 - "-" "Mozilla/5.0 (compatible; SemrushBot/7~bl; +http://www.semrush.com/bot.html)" "mantech8.com"
185.191.171.23 - - [16/Oct/2022:19:17:59 -0700] "GET /index.php/camp-fire/5151298.html HTTP/1.1" 500 - "-" "Mozilla/5.0 (compatible; SemrushBot/7~bl; +http://www.semrush.com/bot.html)" "mantech8.com"
185.191.171.14 - - [16/Oct/2022:19:20:17 -0700] "GET /index.php/camp-fire/2728151.html HTTP/1.1" 500 - "-" "Mozilla/5.0 (compatible; SemrushBot/7~bl; +http://www.semrush.com/bot.html)" "mantech8.com"
185.191.171.16 - - [16/Oct/2022:19:20:34 -0700] "GET /index.php/camp-fire/30722566.html HTTP/1.1" 500 - "-" "Mozilla/5.0 (compatible; SemrushBot/7~bl; +http://www.semrush.com/bot.html)" "mantech8.com"
114.119.133.166 - - [16/Oct/2022:19:20:35 -0700] "GET /bimages/hydrog/?C=M%3BO%3DA HTTP/1.1" 200 486 "http://mantech8.com/bimages/hydrog/?C=S%3BO%3DA" "Mozilla/5.0 (Linux; Android 7.0;) AppleWebKit/537.36 (KHTML, like Gecko) Mobile Safari/537.36 (compatible; PetalBot;+https://webmaster.petalsearch.com/site/petalbot)" "mantech8.com"
40.77.167.68 - - [16/Oct/2022:19:21:24 -0700] "GET /bimages/gallery/s6.jpg HTTP/1.1" 200 131268 "-" "Mozilla/5.0 AppleWebKit/537.36 (KHTML, like Gecko; compatible; bingbot/2.0; +http://www.bing.com/bingbot.htm) Chrome/103.0.5060.134 Safari/537.36" "mantech8.com"
185.191.171.4 - - [16/Oct/2022:19:21:30 -0700] "GET /index.php/camp-fire/26045976.html HTTP/1.1" 500 - "-" "Mozilla/5.0 (compatible; SemrushBot/7~bl; +http://www.semrush.com/bot.html)" "mantech8.com"
185.191.171.26 - - [16/Oct/2022:19:22:14 -0700] "GET /index.php/camp-fire/43502038.html HTTP/1.1" 500 - "-" "Mozilla/5.0 (compatible; SemrushBot/7~bl; +http://www.semrush.com/bot.html)" "mantech8.com"
185.191.171.44 - - [16/Oct/2022:19:22:31 -0700] "GET /index.php/camp-fire/48118559.html HTTP/1.1" 500 - "-" "Mozilla/5.0 (compatible; SemrushBot/7~bl; +http://www.semrush.com/bot.html)" "mantech8.com"
185.191.171.14 - - [16/Oct/2022:19:22:49 -0700] "GET /index.php/camp-fire/28601370.html HTTP/1.1" 500 - "-" "Mozilla/5.0 (compatible; SemrushBot/7~bl; +http://www.semrush.com/bot.html)" "mantech8.com"
185.191.171.13 - - [16/Oct/2022:19:23:09 -0700] "GET /index.php/camp-fire/20045632.html HTTP/1.1" 500 - "-" "Mozilla/5.0 (compatible; SemrushBot/7~bl; +http://www.semrush.com/bot.html)" "mantech8.com"
185.191.171.26 - - [16/Oct/2022:19:23:31 -0700] "GET /index.php/camp-fire/34322059.html HTTP/1.1" 500 - "-" "Mozilla/5.0 (compatible; SemrushBot/7~bl; +http://www.semrush.com/bot.html)" "mantech8.com"
185.191.171.16 - - [16/Oct/2022:19:23:58 -0700] "GET /index.php/camp-fire/41014008.html HTTP/1.1" 500 - "-" "Mozilla/5.0 (compatible; SemrushBot/7~bl; +http://www.semrush.com/bot.html)" "mantech8.com"
216.244.66.241 - - [16/Oct/2022:19:24:05 -0700] "GET /robots.txt HTTP/1.1" 200 222 "-" "Mozilla/5.0 (compatible; DotBot/1.2; +https://opensiteexplorer.org/dotbot; help@moz.com)" "mantech8.com"
216.244.66.241 - - [16/Oct/2022:19:24:05 -0700] "GET /robots.txt HTTP/1.1" 200 222 "-" "Mozilla/5.0 (compatible; DotBot/1.2; +https://opensiteexplorer.org/dotbot; help@moz.com)" "www.mantech8.com"
185.191.171.23 - - [16/Oct/2022:19:24:25 -0700] "GET /index.php/camp-fire/47931588.html HTTP/1.1" 500 - "-" "Mozilla/5.0 (compatible; SemrushBot/7~bl; +http://www.semrush.com/bot.html)" "mantech8.com"
185.191.171.5 - - [16/Oct/2022:19:24:39 -0700] "GET /index.php/camp-fire/27579971.html HTTP/1.1" 500 - "-" "Mozilla/5.0 (compatible; SemrushBot/7~bl; +http://www.semrush.com/bot.html)" "mantech8.com"
65.109.71.156 - - [16/Oct/2022:19:25:18 -0700] "GET / HTTP/1.1" 500 - "-" "Mozilla/5.0 (Windows NT 10.0; Win64; x64) AppleWebKit/537.36 (KHTML, like Gecko) Chrome/78.0.3904.108 Safari/537.36" "mantech8.com"
65.109.71.156 - - [16/Oct/2022:19:25:18 -0700] "GET / HTTP/1.1" 500 - "-" "Mozilla/5.0 (Windows NT 10.0; Win64; x64) AppleWebKit/537.36 (KHTML, like Gecko) Chrome/78.0.3904.108 Safari/537.36" "mantech8.com"
65.109.71.156 - - [16/Oct/2022:19:25:19 -0700] "GET /xmlrpc.php?rsd HTTP/1.1" 404 73 "-" "Mozilla/5.0 (Windows NT 10.0; Win64; x64) AppleWebKit/537.36 (KHTML, like Gecko) Chrome/78.0.3904.108 Safari/537.36" "mantech8.com"
65.109.71.156 - - [16/Oct/2022:19:25:19 -0700] "GET /blog/wp-includes/wlwmanifest.xml HTTP/1.1" 404 73 "-" "Mozilla/5.0 (Windows NT 10.0; Win64; x64) AppleWebKit/537.36 (KHTML, like Gecko) Chrome/78.0.3904.108 Safari/537.36" "mantech8.com"
65.109.71.156 - - [16/Oct/2022:19:25:19 -0700] "GET /wordpress/wp-includes/wlwmanifest.xml HTTP/1.1" 404 73 "-" "Mozilla/5.0 (Windows NT 10.0; Win64; x64) AppleWebKit/537.36 (KHTML, like Gecko) Chrome/78.0.3904.108 Safari/537.36" "mantech8.com"
65.109.71.156 - - [16/Oct/2022:19:25:19 -0700] "GET /website/wp-includes/wlwmanifest.xml HTTP/1.1" 404 73 "-" "Mozilla/5.0 (Windows NT 10.0; Win64; x64) AppleWebKit/537.36 (KHTML, like Gecko) Chrome/78.0.3904.108 Safari/537.36" "mantech8.com"
65.109.71.156 - - [16/Oct/2022:19:25:20 -0700] "GET /wp/wp-includes/wlwmanifest.xml HTTP/1.1" 404 73 "-" "Mozilla/5.0 (Windows NT 10.0; Win64; x64) AppleWebKit/537.36 (KHTML, like Gecko) Chrome/78.0.3904.108 Safari/537.36" "mantech8.com"
65.109.71.156 - - [16/Oct/2022:19:25:20 -0700] "GET /2018/wp-includes/wlwmanifest.xml HTTP/1.1" 404 73 "-" "Mozilla/5.0 (Windows NT 10.0; Win64; x64) AppleWebKit/537.36 (KHTML, like Gecko) Chrome/78.0.3904.108 Safari/537.36" "mantech8.com"
65.109.71.156 - - [16/Oct/2022:19:25:20 -0700] "GET /shop/wp-includes/wlwmanifest.xml HTTP/1.1" 404 73 "-" "Mozilla/5.0 (Windows NT 10.0; Win64; x64) AppleWebKit/537.36 (KHTML, like Gecko) Chrome/78.0.3904.108 Safari/537.36" "mantech8.com"
65.109.71.156 - - [16/Oct/2022:19:25:20 -0700] "GET /wp1/wp-includes/wlwmanifest.xml HTTP/1.1" 404 73 "-" "Mozilla/5.0 (Windows NT 10.0; Win64; x64) AppleWebKit/537.36 (KHTML, like Gecko) Chrome/78.0.3904.108 Safari/537.36" "mantech8.com"
65.109.71.156 - - [16/Oct/2022:19:25:21 -0700] "GET /media/wp-includes/wlwmanifest.xml HTTP/1.1" 404 73 "-" "Mozilla/5.0 (Windows NT 10.0; Win64; x64) AppleWebKit/537.36 (KHTML, like Gecko) Chrome/78.0.3904.108 Safari/537.36" "mantech8.com"
65.109.71.156 - - [16/Oct/2022:19:25:21 -0700] "GET /site/wp-includes/wlwmanifest.xml HTTP/1.1" 404 73 "-" "Mozilla/5.0 (Windows NT 10.0; Win64; x64) AppleWebKit/537.36 (KHTML, like Gecko) Chrome/78.0.3904.108 Safari/537.36" "mantech8.com"
65.109.71.156 - - [16/Oct/2022:19:25:21 -0700] "GET /sito/wp-includes/wlwmanifest.xml HTTP/1.1" 404 73 "-" "Mozilla/5.0 (Windows NT 10.0; Win64; x64) AppleWebKit/537.36 (KHTML, like Gecko) Chrome/78.0.3904.108 Safari/537.36" "mantech8.com"
185.191.171.9 - - [16/Oct/2022:19:25:57 -0700] "GET /index.php/camp-fire/39026135.html HTTP/1.1" 500 - "-" "Mozilla/5.0 (compatible; SemrushBot/7~bl; +http://www.semrush.com/bot.html)" "mantech8.com"
185.191.171.33 - - [16/Oct/2022:19:26:04 -0700] "GET /index.php/camp-fire/502869.html HTTP/1.1" 500 - "-" "Mozilla/5.0 (compatible; SemrushBot/7~bl; +http://www.semrush.com/bot.html)" "mantech8.com"
185.191.171.24 - - [16/Oct/2022:19:26:38 -0700] "GET /index.php/camp-fire/26780621.html HTTP/1.1" 500 - "-" "Mozilla/5.0 (compatible; SemrushBot/7~bl; +http://www.semrush.com/bot.html)" "mantech8.com"
185.191.171.25 - - [16/Oct/2022:19:26:40 -0700] "GET /index.php/camp-fire/7266780.html HTTP/1.1" 500 - "-" "Mozilla/5.0 (compatible; SemrushBot/7~bl; +http://www.semrush.com/bot.html)" "mantech8.com"
185.191.171.23 - - [16/Oct/2022:19:26:41 -0700] "GET /index.php/camp-fire/33215221.html HTTP/1.1" 500 - "-" "Mozilla/5.0 (compatible; SemrushBot/7~bl; +http://www.semrush.com/bot.html)" "mantech8.com"
114.119.133.182 - - [16/Oct/2022:19:26:43 -0700] "GET /bimages/hydrog/thump/?C=N%3BO%3DD HTTP/1.1" 200 468 "http://www.mantech8.com/bimages/hydrog/thump/?C=D%3BO%3DA" "Mozilla/5.0 (Linux; Android 7.0;) AppleWebKit/537.36 (KHTML, like Gecko) Mobile Safari/537.36 (compatible; PetalBot;+https://webmaster.petalsearch.com/site/petalbot)" "www.mantech8.com"
185.191.171.36 - - [16/Oct/2022:19:26:56 -0700] "GET /index.php/camp-fire/34197016.html HTTP/1.1" 500 - "-" "Mozilla/5.0 (compatible; SemrushBot/7~bl; +http://www.semrush.com/bot.html)" "mantech8.com"
207.46.13.184 - - [16/Oct/2022:19:27:59 -0700] "GET /index.php?camp-fire/43495249.html HTTP/1.1" 200 61930 "-" "Mozilla/5.0 (compatible; bingbot/2.0; +http://www.bing.com/bingbot.htm)" "mantech8.com"
185.191.171.6 - - [16/Oct/2022:19:28:14 -0700] "GET /index.php/camp-fire/38512708.html HTTP/1.1" 500 - "-" "Mozilla/5.0 (compatible; SemrushBot/7~bl; +http://www.semrush.com/bot.html)" "mantech8.com"
185.191.171.4 - - [16/Oct/2022:19:28:29 -0700] "GET /index.php/camp-fire/4187265.html HTTP/1.1" 500 - "-" "Mozilla/5.0 (compatible; SemrushBot/7~bl; +http://www.semrush.com/bot.html)" "mantech8.com"
185.191.171.17 - - [16/Oct/2022:19:28:32 -0700] "GET /index.php/camp-fire/15323984.html HTTP/1.1" 500 - "-" "Mozilla/5.0 (compatible; SemrushBot/7~bl; +http://www.semrush.com/bot.html)" "mantech8.com"
185.191.171.19 - - [16/Oct/2022:19:28:50 -0700] "GET /index.php/camp-fire/86195226.html HTTP/1.1" 500 - "-" "Mozilla/5.0 (compatible; SemrushBot/7~bl; +http://www.semrush.com/bot.html)" "mantech8.com"
185.191.171.35 - - [16/Oct/2022:19:29:14 -0700] "GET /index.php/camp-fire/17374165.html HTTP/1.1" 500 - "-" "Mozilla/5.0 (compatible; SemrushBot/7~bl; +http://www.semrush.com/bot.html)" "mantech8.com"
185.191.171.4 - - [16/Oct/2022:19:29:51 -0700] "GET /index.php/camp-fire/45652838.html HTTP/1.1" 500 - "-" "Mozilla/5.0 (compatible; SemrushBot/7~bl; +http://www.semrush.com/bot.html)" "mantech8.com"
185.191.171.5 - - [16/Oct/2022:19:32:09 -0700] "GET /index.php/camp-fire/526198.html HTTP/1.1" 500 - "-" "Mozilla/5.0 (compatible; SemrushBot/7~bl; +http://www.semrush.com/bot.html)" "mantech8.com"
185.191.171.6 - - [16/Oct/2022:19:32:27 -0700] "GET /index.php/camp-fire/46359117.html HTTP/1.1" 500 - "-" "Mozilla/5.0 (compatible; SemrushBot/7~bl; +http://www.semrush.com/bot.html)" "mantech8.com"
185.191.171.26 - - [16/Oct/2022:19:32:32 -0700] "GET /index.php/camp-fire/43395335.html HTTP/1.1" 500 - "-" "Mozilla/5.0 (compatible; SemrushBot/7~bl; +http://www.semrush.com/bot.html)" "mantech8.com"
194.110.203.42 - - [16/Oct/2022:19:32:55 -0700] "GET /mantech8.com.sql HTTP/1.1" 404 73 "-" "Firefox" "mantech8.com"
185.191.171.5 - - [16/Oct/2022:19:33:04 -0700] "GET /index.php/camp-fire/28037121.html HTTP/1.1" 500 - "-" "Mozilla/5.0 (compatible; SemrushBot/7~bl; +http://www.semrush.com/bot.html)" "mantech8.com"
185.191.171.9 - - [16/Oct/2022:19:34:23 -0700] "GET /index.php/camp-fire/9811383.html HTTP/1.1" 500 - "-" "Mozilla/5.0 (compatible; SemrushBot/7~bl; +http://www.semrush.com/bot.html)" "mantech8.com"
185.191.171.5 - - [16/Oct/2022:19:34:48 -0700] "GET /index.php/camp-fire/27114663.html HTTP/1.1" 500 - "-" "Mozilla/5.0 (compatible; SemrushBot/7~bl; +http://www.semrush.com/bot.html)" "mantech8.com"
114.119.133.182 - - [16/Oct/2022:19:34:50 -0700] "GET /index.php/leiye.xml HTTP/1.1" 200 289357 "-" "Mozilla/5.0 (compatible;PetalBot;+https://webmaster.petalsearch.com/site/petalbot)" "mantech8.com"
185.191.171.42 - - [16/Oct/2022:19:35:07 -0700] "GET /index.php/camp-fire/27434997.html HTTP/1.1" 500 - "-" "Mozilla/5.0 (compatible; SemrushBot/7~bl; +http://www.semrush.com/bot.html)" "mantech8.com"
185.191.171.5 - - [16/Oct/2022:19:36:39 -0700] "GET /index.php/camp-fire/43204149.html HTTP/1.1" 500 - "-" "Mozilla/5.0 (compatible; SemrushBot/7~bl; +http://www.semrush.com/bot.html)" "mantech8.com"
185.191.171.15 - - [16/Oct/2022:19:36:52 -0700] "GET /index.php/camp-fire/9866983.html HTTP/1.1" 500 - "-" "Mozilla/5.0 (compatible; SemrushBot/7~bl; +http://www.semrush.com/bot.html)" "mantech8.com"
185.191.171.9 - - [16/Oct/2022:19:36:54 -0700] "GET /index.php/camp-fire/7735621.html HTTP/1.1" 500 - "-" "Mozilla/5.0 (compatible; SemrushBot/7~bl; +http://www.semrush.com/bot.html)" "mantech8.com"
185.191.171.7 - - [16/Oct/2022:19:37:48 -0700] "GET /index.php/camp-fire/19508432.html HTTP/1.1" 500 - "-" "Mozilla/5.0 (compatible; SemrushBot/7~bl; +http://www.semrush.com/bot.html)" "mantech8.com"
185.191.171.3 - - [16/Oct/2022:19:38:00 -0700] "GET /index.php/camp-fire/39945602.html HTTP/1.1" 500 - "-" "Mozilla/5.0 (compatible; SemrushBot/7~bl; +http://www.semrush.com/bot.html)" "mantech8.com"
185.191.171.43 - - [16/Oct/2022:19:38:32 -0700] "GET /index.php/camp-fire/27322297.html HTTP/1.1" 500 - "-" "Mozilla/5.0 (compatible; SemrushBot/7~bl; +http://www.semrush.com/bot.html)" "mantech8.com"
185.191.171.38 - - [16/Oct/2022:19:39:08 -0700] "GET /index.php/camp-fire/28681821.html HTTP/1.1" 500 - "-" "Mozilla/5.0 (compatible; SemrushBot/7~bl; +http://www.semrush.com/bot.html)" "mantech8.com"
185.191.171.36 - - [16/Oct/2022:19:39:17 -0700] "GET /index.php/camp-fire/41440071.html HTTP/1.1" 500 - "-" "Mozilla/5.0 (compatible; SemrushBot/7~bl; +http://www.semrush.com/bot.html)" "mantech8.com"
185.191.171.3 - - [16/Oct/2022:19:39:45 -0700] "GET /index.php/camp-fire/734669.html HTTP/1.1" 500 - "-" "Mozilla/5.0 (compatible; SemrushBot/7~bl; +http://www.semrush.com/bot.html)" "mantech8.com"
185.191.171.7 - - [16/Oct/2022:19:40:07 -0700] "GET /index.php/camp-fire/93455733.html HTTP/1.1" 500 - "-" "Mozilla/5.0 (compatible; SemrushBot/7~bl; +http://www.semrush.com/bot.html)" "mantech8.com"
185.191.171.8 - - [16/Oct/2022:19:40:59 -0700] "GET /index.php/camp-fire/54206308.html HTTP/1.1" 500 - "-" "Mozilla/5.0 (compatible; SemrushBot/7~bl; +http://www.semrush.com/bot.html)" "mantech8.com"
114.119.133.182 - - [16/Oct/2022:19:41:06 -0700] "GET /bimages/headg/thump/?C=M%3BO%3DA HTTP/1.1" 200 484 "http://mantech8.com/bimages/headg/thump/?C=D%3BO%3DA" "Mozilla/5.0 (Linux; Android 7.0;) AppleWebKit/537.36 (KHTML, like Gecko) Mobile Safari/537.36 (compatible; PetalBot;+https://webmaster.petalsearch.com/site/petalbot)" "mantech8.com"
185.191.171.2 - - [16/Oct/2022:19:41:12 -0700] "GET /index.php/camp-fire/27661409.html HTTP/1.1" 500 - "-" "Mozilla/5.0 (compatible; SemrushBot/7~bl; +http://www.semrush.com/bot.html)" "mantech8.com"
185.191.171.35 - - [16/Oct/2022:19:41:21 -0700] "GET /index.php/camp-fire/25498706.html HTTP/1.1" 500 - "-" "Mozilla/5.0 (compatible; SemrushBot/7~bl; +http://www.semrush.com/bot.html)" "mantech8.com"
185.191.171.12 - - [16/Oct/2022:19:41:27 -0700] "GET /robots.txt HTTP/1.1" 200 106 "-" "Mozilla/5.0 (compatible; SemrushBot/7~bl; +http://www.semrush.com/bot.html)" "mantech8.com"
185.191.171.40 - - [16/Oct/2022:19:41:27 -0700] "GET /index.php/camp-fire/4200585.html HTTP/1.1" 500 - "-" "Mozilla/5.0 (compatible; SemrushBot/7~bl; +http://www.semrush.com/bot.html)" "mantech8.com"
185.191.171.15 - - [16/Oct/2022:19:41:39 -0700] "GET /index.php/camp-fire/4131565.html HTTP/1.1" 500 - "-" "Mozilla/5.0 (compatible; SemrushBot/7~bl; +http://www.semrush.com/bot.html)" "mantech8.com"
185.191.171.43 - - [16/Oct/2022:19:41:55 -0700] "GET /index.php/camp-fire/4274565.html HTTP/1.1" 500 - "-" "Mozilla/5.0 (compatible; SemrushBot/7~bl; +http://www.semrush.com/bot.html)" "mantech8.com"
185.191.171.9 - - [16/Oct/2022:19:42:01 -0700] "GET /index.php/camp-fire/41891871.html HTTP/1.1" 500 - "-" "Mozilla/5.0 (compatible; SemrushBot/7~bl; +http://www.semrush.com/bot.html)" "mantech8.com"
185.191.171.26 - - [16/Oct/2022:19:42:36 -0700] "GET /index.php/camp-fire/28937166.html HTTP/1.1" 500 - "-" "Mozilla/5.0 (compatible; SemrushBot/7~bl; +http://www.semrush.com/bot.html)" "mantech8.com"
185.191.171.11 - - [16/Oct/2022:19:42:51 -0700] "GET /index.php/camp-fire/40303450.html HTTP/1.1" 500 - "-" "Mozilla/5.0 (compatible; SemrushBot/7~bl; +http://www.semrush.com/bot.html)" "mantech8.com"
185.191.171.23 - - [16/Oct/2022:19:43:02 -0700] "GET /index.php/camp-fire/38371464.html HTTP/1.1" 500 - "-" "Mozilla/5.0 (compatible; SemrushBot/7~bl; +http://www.semrush.com/bot.html)" "mantech8.com"
185.191.171.7 - - [16/Oct/2022:19:43:18 -0700] "GET /index.php/camp-fire/28028463.html HTTP/1.1" 500 - "-" "Mozilla/5.0 (compatible; SemrushBot/7~bl; +http://www.semrush.com/bot.html)" "mantech8.com"
207.46.13.184 - - [16/Oct/2022:19:43:49 -0700] "GET /index.php/news/2022-06/16/cms356430article.shtml HTTP/1.1" 200 72599 "-" "Mozilla/5.0 AppleWebKit/537.36 (KHTML, like Gecko; compatible; bingbot/2.0; +http://www.bing.com/bingbot.htm) Chrome/103.0.5060.134 Safari/537.36" "mantech8.com"
185.191.171.39 - - [16/Oct/2022:19:44:17 -0700] "GET /index.php/camp-fire/29181789.html HTTP/1.1" 500 - "-" "Mozilla/5.0 (compatible; SemrushBot/7~bl; +http://www.semrush.com/bot.html)" "mantech8.com"
185.191.171.24 - - [16/Oct/2022:19:44:35 -0700] "GET /index.php/camp-fire/42786734.html HTTP/1.1" 500 - "-" "Mozilla/5.0 (compatible; SemrushBot/7~bl; +http://www.semrush.com/bot.html)" "mantech8.com"
185.191.171.23 - - [16/Oct/2022:19:47:40 -0700] "GET /index.php/camp-fire/32641868.html HTTP/1.1" 500 - "-" "Mozilla/5.0 (compatible; SemrushBot/7~bl; +http://www.semrush.com/bot.html)" "mantech8.com"
185.191.171.23 - - [16/Oct/2022:19:47:42 -0700] "GET /index.php/camp-fire/35094497.html HTTP/1.1" 500 - "-" "Mozilla/5.0 (compatible; SemrushBot/7~bl; +http://www.semrush.com/bot.html)" "mantech8.com"
185.191.171.5 - - [16/Oct/2022:19:47:48 -0700] "GET /index.php/camp-fire/35029809.html HTTP/1.1" 500 - "-" "Mozilla/5.0 (compatible; SemrushBot/7~bl; +http://www.semrush.com/bot.html)" "mantech8.com"
185.191.171.43 - - [16/Oct/2022:19:48:02 -0700] "GET /index.php/camp-fire/52063634.html HTTP/1.1" 500 - "-" "Mozilla/5.0 (compatible; SemrushBot/7~bl; +http://www.semrush.com/bot.html)" "mantech8.com"
185.191.171.35 - - [16/Oct/2022:19:48:39 -0700] "GET /index.php/camp-fire/35332638.html HTTP/1.1" 500 - "-" "Mozilla/5.0 (compatible; SemrushBot/7~bl; +http://www.semrush.com/bot.html)" "mantech8.com"
185.191.171.43 - - [16/Oct/2022:19:48:55 -0700] "GET /index.php/camp-fire/27117163.html HTTP/1.1" 500 - "-" "Mozilla/5.0 (compatible; SemrushBot/7~bl; +http://www.semrush.com/bot.html)" "mantech8.com"
185.191.171.6 - - [16/Oct/2022:19:48:56 -0700] "GET /index.php/camp-fire/27258676.html HTTP/1.1" 500 - "-" "Mozilla/5.0 (compatible; SemrushBot/7~bl; +http://www.semrush.com/bot.html)" "mantech8.com"
66.249.70.176 - - [16/Oct/2022:19:49:07 -0700] "GET /leiye.xml HTTP/1.1" 404 88 "-" "Mozilla/5.0 (compatible; Googlebot/2.1; +http://www.google.com/bot.html)" "mantech8.com"
185.191.171.3 - - [16/Oct/2022:19:49:47 -0700] "GET /index.php/camp-fire/42213634.html HTTP/1.1" 500 - "-" "Mozilla/5.0 (compatible; SemrushBot/7~bl; +http://www.semrush.com/bot.html)" "mantech8.com"
185.191.171.33 - - [16/Oct/2022:19:49:50 -0700] "GET /index.php/camp-fire/504269.html HTTP/1.1" 500 - "-" "Mozilla/5.0 (compatible; SemrushBot/7~bl; +http://www.semrush.com/bot.html)" "mantech8.com"
185.191.171.14 - - [16/Oct/2022:19:50:21 -0700] "GET /index.php/camp-fire/26546451.html HTTP/1.1" 500 - "-" "Mozilla/5.0 (compatible; SemrushBot/7~bl; +http://www.semrush.com/bot.html)" "mantech8.com"
185.191.171.20 - - [16/Oct/2022:19:50:43 -0700] "GET /index.php/camp-fire/15645946.html HTTP/1.1" 500 - "-" "Mozilla/5.0 (compatible; SemrushBot/7~bl; +http://www.semrush.com/bot.html)" "mantech8.com"
185.191.171.7 - - [16/Oct/2022:19:53:03 -0700] "GET /index.php/camp-fire/16553165.html HTTP/1.1" 500 - "-" "Mozilla/5.0 (compatible; SemrushBot/7~bl; +http://www.semrush.com/bot.html)" "mantech8.com"
185.191.171.13 - - [16/Oct/2022:19:53:20 -0700] "GET /index.php/camp-fire/52977226.html HTTP/1.1" 500 - "-" "Mozilla/5.0 (compatible; SemrushBot/7~bl; +http://www.semrush.com/bot.html)" "mantech8.com"
185.191.171.17 - - [16/Oct/2022:19:53:48 -0700] "GET /index.php/camp-fire/49556688.html HTTP/1.1" 500 - "-" "Mozilla/5.0 (compatible; SemrushBot/7~bl; +http://www.semrush.com/bot.html)" "mantech8.com"
185.191.171.44 - - [16/Oct/2022:19:54:03 -0700] "GET /index.php/camp-fire/6074059.html HTTP/1.1" 500 - "-" "Mozilla/5.0 (compatible; SemrushBot/7~bl; +http://www.semrush.com/bot.html)" "mantech8.com"
185.191.171.25 - - [16/Oct/2022:19:54:17 -0700] "GET /index.php/camp-fire/35548571.html HTTP/1.1" 500 - "-" "Mozilla/5.0 (compatible; SemrushBot/7~bl; +http://www.semrush.com/bot.html)" "mantech8.com"
185.191.171.15 - - [16/Oct/2022:19:54:26 -0700] "GET /index.php/camp-fire/8333608.html HTTP/1.1" 500 - "-" "Mozilla/5.0 (compatible; SemrushBot/7~bl; +http://www.semrush.com/bot.html)" "mantech8.com"
114.119.133.190 - - [16/Oct/2022:19:54:58 -0700] "GET /?sitemap8.xml HTTP/1.1" 200 270760 "-" "Mozilla/5.0 (Linux; Android 7.0;) AppleWebKit/537.36 (KHTML, like Gecko) Mobile Safari/537.36 (compatible; PetalBot;+https://webmaster.petalsearch.com/site/petalbot)" "mantech8.com"
185.191.171.21 - - [16/Oct/2022:19:55:17 -0700] "GET /index.php/camp-fire/17553627.html HTTP/1.1" 500 - "-" "Mozilla/5.0 (compatible; SemrushBot/7~bl; +http://www.semrush.com/bot.html)" "mantech8.com"
51.222.253.14 - - [16/Oct/2022:19:55:55 -0700] "GET /robots.txt HTTP/1.1" 200 106 "-" "Mozilla/5.0 (compatible; AhrefsBot/7.0; +http://ahrefs.com/robot/)" "www.mantech8.com"
185.191.171.7 - - [16/Oct/2022:19:56:00 -0700] "GET /index.php/camp-fire/40466216.html HTTP/1.1" 500 - "-" "Mozilla/5.0 (compatible; SemrushBot/7~bl; +http://www.semrush.com/bot.html)" "mantech8.com"
185.191.171.23 - - [16/Oct/2022:19:56:09 -0700] "GET /index.php/camp-fire/44623308.html HTTP/1.1" 500 - "-" "Mozilla/5.0 (compatible; SemrushBot/7~bl; +http://www.semrush.com/bot.html)" "mantech8.com"
185.191.171.10 - - [16/Oct/2022:19:56:21 -0700] "GET /index.php/camp-fire/26184082.html HTTP/1.1" 500 - "-" "Mozilla/5.0 (compatible; SemrushBot/7~bl; +http://www.semrush.com/bot.html)" "mantech8.com"
185.191.171.42 - - [16/Oct/2022:19:56:29 -0700] "GET /index.php/camp-fire/6669555.html HTTP/1.1" 500 - "-" "Mozilla/5.0 (compatible; SemrushBot/7~bl; +http://www.semrush.com/bot.html)" "mantech8.com"
185.191.171.42 - - [16/Oct/2022:19:56:33 -0700] "GET /index.php/camp-fire/41417771.html HTTP/1.1" 500 - "-" "Mozilla/5.0 (compatible; SemrushBot/7~bl; +http://www.semrush.com/bot.html)" "mantech8.com"
185.191.171.8 - - [16/Oct/2022:19:56:52 -0700] "GET /index.php/camp-fire/32106030.html HTTP/1.1" 500 - "-" "Mozilla/5.0 (compatible; SemrushBot/7~bl; +http://www.semrush.com/bot.html)" "mantech8.com"
185.191.171.26 - - [16/Oct/2022:19:57:54 -0700] "GET /index.php/camp-fire/40529950.html HTTP/1.1" 500 - "-" "Mozilla/5.0 (compatible; SemrushBot/7~bl; +http://www.semrush.com/bot.html)" "mantech8.com"
185.191.171.44 - - [16/Oct/2022:19:58:20 -0700] "GET /index.php/camp-fire/41128160.html HTTP/1.1" 500 - "-" "Mozilla/5.0 (compatible; SemrushBot/7~bl; +http://www.semrush.com/bot.html)" "mantech8.com"
185.191.171.3 - - [16/Oct/2022:19:58:58 -0700] "GET /index.php/camp-fire/27906459.html HTTP/1.1" 500 - "-" "Mozilla/5.0 (compatible; SemrushBot/7~bl; +http://www.semrush.com/bot.html)" "mantech8.com"
185.191.171.44 - - [16/Oct/2022:19:59:20 -0700] "GET /index.php/camp-fire/4273274.html HTTP/1.1" 500 - "-" "Mozilla/5.0 (compatible; SemrushBot/7~bl; +http://www.semrush.com/bot.html)" "mantech8.com"
185.191.171.44 - - [16/Oct/2022:19:59:43 -0700] "GET /index.php/camp-fire/48038572.html HTTP/1.1" 500 - "-" "Mozilla/5.0 (compatible; SemrushBot/7~bl; +http://www.semrush.com/bot.html)" "mantech8.com"
185.191.171.43 - - [16/Oct/2022:19:59:45 -0700] "GET /index.php/camp-fire/9067872.html HTTP/1.1" 500 - "-" "Mozilla/5.0 (compatible; SemrushBot/7~bl; +http://www.semrush.com/bot.html)" "mantech8.com"
185.191.171.8 - - [16/Oct/2022:20:00:33 -0700] "GET /index.php/camp-fire/39540792.html HTTP/1.1" 500 - "-" "Mozilla/5.0 (compatible; SemrushBot/7~bl; +http://www.semrush.com/bot.html)" "mantech8.com"
185.191.171.11 - - [16/Oct/2022:20:00:43 -0700] "GET /index.php/camp-fire/28397471.html HTTP/1.1" 500 - "-" "Mozilla/5.0 (compatible; SemrushBot/7~bl; +http://www.semrush.com/bot.html)" "mantech8.com"
185.191.171.33 - - [16/Oct/2022:20:00:56 -0700] "GET /index.php/camp-fire/31523070.html HTTP/1.1" 500 - "-" "Mozilla/5.0 (compatible; SemrushBot/7~bl; +http://www.semrush.com/bot.html)" "mantech8.com"
114.119.133.166 - - [16/Oct/2022:20:01:14 -0700] "GET /sitemap5787.xml HTTP/1.1" 404 88 "-" "Mozilla/5.0 (compatible;PetalBot;+https://webmaster.petalsearch.com/site/petalbot)" "mantech8.com"
185.191.171.1 - - [16/Oct/2022:20:02:07 -0700] "GET /index.php/camp-fire/3284598.html HTTP/1.1" 500 - "-" "Mozilla/5.0 (compatible; SemrushBot/7~bl; +http://www.semrush.com/bot.html)" "mantech8.com"
185.191.171.24 - - [16/Oct/2022:20:03:57 -0700] "GET /index.php/camp-fire/42548334.html HTTP/1.1" 500 - "-" "Mozilla/5.0 (compatible; SemrushBot/7~bl; +http://www.semrush.com/bot.html)" "mantech8.com"
185.191.171.2 - - [16/Oct/2022:20:04:00 -0700] "GET /index.php/camp-fire/8102321.html HTTP/1.1" 500 - "-" "Mozilla/5.0 (compatible; SemrushBot/7~bl; +http://www.semrush.com/bot.html)" "mantech8.com"
185.191.171.3 - - [16/Oct/2022:20:04:05 -0700] "GET /index.php/camp-fire/4781055.html HTTP/1.1" 500 - "-" "Mozilla/5.0 (compatible; SemrushBot/7~bl; +http://www.semrush.com/bot.html)" "mantech8.com"
185.191.171.42 - - [16/Oct/2022:20:05:15 -0700] "GET /index.php/camp-fire/7364478.html HTTP/1.1" 500 - "-" "Mozilla/5.0 (compatible; SemrushBot/7~bl; +http://www.semrush.com/bot.html)" "mantech8.com"
185.191.171.38 - - [16/Oct/2022:20:05:32 -0700] "GET /index.php/camp-fire/35916550.html HTTP/1.1" 500 - "-" "Mozilla/5.0 (compatible; SemrushBot/7~bl; +http://www.semrush.com/bot.html)" "mantech8.com"
185.191.171.26 - - [16/Oct/2022:20:05:35 -0700] "GET /index.php/camp-fire/4101465.html HTTP/1.1" 500 - "-" "Mozilla/5.0 (compatible; SemrushBot/7~bl; +http://www.semrush.com/bot.html)" "mantech8.com"
185.191.171.13 - - [16/Oct/2022:20:06:47 -0700] "GET /index.php/camp-fire/42031488.html HTTP/1.1" 500 - "-" "Mozilla/5.0 (compatible; SemrushBot/7~bl; +http://www.semrush.com/bot.html)" "mantech8.com"
185.191.171.43 - - [16/Oct/2022:20:07:09 -0700] "GET /index.php/camp-fire/26260082.html HTTP/1.1" 500 - "-" "Mozilla/5.0 (compatible; SemrushBot/7~bl; +http://www.semrush.com/bot.html)" "mantech8.com"
114.119.133.165 - - [16/Oct/2022:20:07:29 -0700] "GET /index.php/furnacite.xml HTTP/1.1" 200 289211 "-" "Mozilla/5.0 (compatible;PetalBot;+https://webmaster.petalsearch.com/site/petalbot)" "mantech8.com"
185.191.171.40 - - [16/Oct/2022:20:08:09 -0700] "GET /index.php/camp-fire/34137693.html HTTP/1.1" 500 - "-" "Mozilla/5.0 (compatible; SemrushBot/7~bl; +http://www.semrush.com/bot.html)" "mantech8.com"
185.191.171.38 - - [16/Oct/2022:20:08:11 -0700] "GET /index.php/camp-fire/4631498.html HTTP/1.1" 500 - "-" "Mozilla/5.0 (compatible; SemrushBot/7~bl; +http://www.semrush.com/bot.html)" "mantech8.com"
185.191.171.42 - - [16/Oct/2022:20:09:07 -0700] "GET /index.php/camp-fire/39880176.html HTTP/1.1" 500 - "-" "Mozilla/5.0 (compatible; SemrushBot/7~bl; +http://www.semrush.com/bot.html)" "mantech8.com"
185.191.171.2 - - [16/Oct/2022:20:09:11 -0700] "GET /index.php/camp-fire/32531268.html HTTP/1.1" 500 - "-" "Mozilla/5.0 (compatible; SemrushBot/7~bl; +http://www.semrush.com/bot.html)" "mantech8.com"
185.191.171.22 - - [16/Oct/2022:20:10:16 -0700] "GET /index.php/camp-fire/17459665.html HTTP/1.1" 500 - "-" "Mozilla/5.0 (compatible; SemrushBot/7~bl; +http://www.semrush.com/bot.html)" "mantech8.com"
185.191.171.20 - - [16/Oct/2022:20:10:38 -0700] "GET /index.php/camp-fire/33455793.html HTTP/1.1" 500 - "-" "Mozilla/5.0 (compatible; SemrushBot/7~bl; +http://www.semrush.com/bot.html)" "mantech8.com"
185.191.171.39 - - [16/Oct/2022:20:11:15 -0700] "GET /index.php/camp-fire/52898135.html HTTP/1.1" 500 - "-" "Mozilla/5.0 (compatible; SemrushBot/7~bl; +http://www.semrush.com/bot.html)" "mantech8.com"
110.34.180.39 - - [16/Oct/2022:20:11:18 -0700] "GET /index.php?link_url=l2022 HTTP/1.1" 200 206 "-" "Mozilla/5.0 (compatible; MSIE 9.0; Windows NT 6.1; WOW64; Trident/5.0)" "mantech8.com"
110.34.180.39 - - [16/Oct/2022:20:11:19 -0700] "GET /index.php HTTP/1.1" 200 832 "https://www.google.co.jp/" "Mozilla/5.0 (compatible; MSIE 9.0; Windows NT 6.1; WOW64; Trident/5.0)" "mantech8.com"
185.191.171.8 - - [16/Oct/2022:20:11:20 -0700] "GET /index.php/camp-fire/27353263.html HTTP/1.1" 500 - "-" "Mozilla/5.0 (compatible; SemrushBot/7~bl; +http://www.semrush.com/bot.html)" "mantech8.com"
185.191.171.34 - - [16/Oct/2022:20:11:27 -0700] "GET /index.php/camp-fire/26809321.html HTTP/1.1" 500 - "-" "Mozilla/5.0 (compatible; SemrushBot/7~bl; +http://www.semrush.com/bot.html)" "mantech8.com"
185.191.171.22 - - [16/Oct/2022:20:11:49 -0700] "GET /index.php/camp-fire/36406638.html HTTP/1.1" 500 - "-" "Mozilla/5.0 (compatible; SemrushBot/7~bl; +http://www.semrush.com/bot.html)" "mantech8.com"
185.191.171.17 - - [16/Oct/2022:20:12:20 -0700] "GET /index.php/camp-fire/28949235.html HTTP/1.1" 500 - "-" "Mozilla/5.0 (compatible; SemrushBot/7~bl; +http://www.semrush.com/bot.html)" "mantech8.com"
185.191.171.6 - - [16/Oct/2022:20:12:39 -0700] "GET /index.php/camp-fire/35381838.html HTTP/1.1" 500 - "-" "Mozilla/5.0 (compatible; SemrushBot/7~bl; +http://www.semrush.com/bot.html)" "mantech8.com"
185.191.171.14 - - [16/Oct/2022:20:12:44 -0700] "GET /index.php/camp-fire/27872909.html HTTP/1.1" 500 - "-" "Mozilla/5.0 (compatible; SemrushBot/7~bl; +http://www.semrush.com/bot.html)" "mantech8.com"
114.119.133.182 - - [16/Oct/2022:20:13:49 -0700] "GET /images/Mantech.pdf HTTP/1.1" 200 1476415 "http://www.mantech8.com/about.php" "Mozilla/5.0 (Linux; Android 7.0;) AppleWebKit/537.36 (KHTML, like Gecko) Mobile Safari/537.36 (compatible; PetalBot;+https://webmaster.petalsearch.com/site/petalbot)" "www.mantech8.com"
185.191.171.16 - - [16/Oct/2022:20:15:26 -0700] "GET /index.php/camp-fire/37212666.html HTTP/1.1" 500 - "-" "Mozilla/5.0 (compatible; SemrushBot/7~bl; +http://www.semrush.com/bot.html)" "mantech8.com"
185.191.171.16 - - [16/Oct/2022:20:15:39 -0700] "GET /index.php/camp-fire/32501871.html HTTP/1.1" 500 - "-" "Mozilla/5.0 (compatible; SemrushBot/7~bl; +http://www.semrush.com/bot.html)" "mantech8.com"
185.191.171.33 - - [16/Oct/2022:20:16:28 -0700] "GET /index.php/camp-fire/40163888.html HTTP/1.1" 500 - "-" "Mozilla/5.0 (compatible; SemrushBot/7~bl; +http://www.semrush.com/bot.html)" "mantech8.com"
216.244.66.241 - - [16/Oct/2022:20:16:40 -0700] "GET /robots.txt HTTP/1.1" 200 222 "-" "Mozilla/5.0 (compatible; DotBot/1.2; +https://opensiteexplorer.org/dotbot; help@moz.com)" "www.mantech8.com"
216.244.66.241 - - [16/Oct/2022:20:16:40 -0700] "GET /robots.txt HTTP/1.1" 200 222 "-" "Mozilla/5.0 (compatible; DotBot/1.2; +https://opensiteexplorer.org/dotbot; help@moz.com)" "mantech8.com"
185.191.171.37 - - [16/Oct/2022:20:17:04 -0700] "GET /index.php/camp-fire/40977583.html HTTP/1.1" 500 - "-" "Mozilla/5.0 (compatible; SemrushBot/7~bl; +http://www.semrush.com/bot.html)" "mantech8.com"
185.191.171.11 - - [16/Oct/2022:20:17:22 -0700] "GET /index.php/camp-fire/39827902.html HTTP/1.1" 500 - "-" "Mozilla/5.0 (compatible; SemrushBot/7~bl; +http://www.semrush.com/bot.html)" "mantech8.com"
185.191.171.6 - - [16/Oct/2022:20:17:28 -0700] "GET /index.php/camp-fire/49325803.html HTTP/1.1" 500 - "-" "Mozilla/5.0 (compatible; SemrushBot/7~bl; +http://www.semrush.com/bot.html)" "mantech8.com"
