185.191.171.38 - - [17/Oct/2022:13:09:23 -0700] "GET /index.php/camp-fire/35134408.html HTTP/1.1" 500 - "-" "Mozilla/5.0 (compatible; SemrushBot/7~bl; +http://www.semrush.com/bot.html)" "mantech8.com"
185.191.171.6 - - [17/Oct/2022:13:09:54 -0700] "GET /index.php/camp-fire/35303938.html HTTP/1.1" 500 - "-" "Mozilla/5.0 (compatible; SemrushBot/7~bl; +http://www.semrush.com/bot.html)" "mantech8.com"
185.191.171.19 - - [17/Oct/2022:13:10:17 -0700] "GET /index.php/camp-fire/52694292.html HTTP/1.1" 500 - "-" "Mozilla/5.0 (compatible; SemrushBot/7~bl; +http://www.semrush.com/bot.html)" "mantech8.com"
185.191.171.7 - - [17/Oct/2022:13:10:26 -0700] "GET /index.php/camp-fire/5608896.html HTTP/1.1" 500 - "-" "Mozilla/5.0 (compatible; SemrushBot/7~bl; +http://www.semrush.com/bot.html)" "mantech8.com"
185.191.171.6 - - [17/Oct/2022:13:10:45 -0700] "GET /index.php/camp-fire/64570635.html HTTP/1.1" 500 - "-" "Mozilla/5.0 (compatible; SemrushBot/7~bl; +http://www.semrush.com/bot.html)" "mantech8.com"
40.77.167.72 - - [17/Oct/2022:13:12:58 -0700] "GET /bimages/video/painting.jpg HTTP/1.1" 200 56219 "-" "Mozilla/5.0 (compatible; bingbot/2.0; +http://www.bing.com/bingbot.htm)" "www.mantech8.com"
185.191.171.22 - - [17/Oct/2022:13:13:05 -0700] "GET /index.php/camp-fire/40543288.html HTTP/1.1" 500 - "-" "Mozilla/5.0 (compatible; SemrushBot/7~bl; +http://www.semrush.com/bot.html)" "mantech8.com"
185.191.171.34 - - [17/Oct/2022:13:13:46 -0700] "GET /index.php/camp-fire/36904626.html HTTP/1.1" 500 - "-" "Mozilla/5.0 (compatible; SemrushBot/7~bl; +http://www.semrush.com/bot.html)" "mantech8.com"
185.191.171.39 - - [17/Oct/2022:13:14:06 -0700] "GET /index.php/camp-fire/37385150.html HTTP/1.1" 500 - "-" "Mozilla/5.0 (compatible; SemrushBot/7~bl; +http://www.semrush.com/bot.html)" "mantech8.com"
185.191.171.3 - - [17/Oct/2022:13:14:14 -0700] "GET /index.php/camp-fire/15572165.html HTTP/1.1" 500 - "-" "Mozilla/5.0 (compatible; SemrushBot/7~bl; +http://www.semrush.com/bot.html)" "mantech8.com"
185.191.171.24 - - [17/Oct/2022:13:14:52 -0700] "GET /index.php/camp-fire/38815055.html HTTP/1.1" 500 - "-" "Mozilla/5.0 (compatible; SemrushBot/7~bl; +http://www.semrush.com/bot.html)" "mantech8.com"
40.77.167.72 - - [17/Oct/2022:13:15:19 -0700] "GET /sitemapindeximages.xml HTTP/1.1" 404 88 "-" "Mozilla/5.0 (compatible; bingbot/2.0; +http://www.bing.com/bingbot.htm)" "mantech8.com"
40.77.167.72 - - [17/Oct/2022:13:15:19 -0700] "GET /sitemapindex.xml HTTP/1.1" 404 88 "-" "Mozilla/5.0 (compatible; bingbot/2.0; +http://www.bing.com/bingbot.htm)" "mantech8.com"
207.46.13.70 - - [17/Oct/2022:13:15:23 -0700] "GET /sitemapmobileindex.xml HTTP/1.1" 404 88 "-" "Mozilla/5.0 (compatible; bingbot/2.0; +http://www.bing.com/bingbot.htm)" "mantech8.com"
207.46.13.205 - - [17/Oct/2022:13:15:23 -0700] "GET /sitemapnewindex.xml HTTP/1.1" 404 88 "-" "Mozilla/5.0 (compatible; bingbot/2.0; +http://www.bing.com/bingbot.htm)" "mantech8.com"
185.191.171.5 - - [17/Oct/2022:13:15:39 -0700] "GET /index.php/camp-fire/26071251.html HTTP/1.1" 500 - "-" "Mozilla/5.0 (compatible; SemrushBot/7~bl; +http://www.semrush.com/bot.html)" "mantech8.com"
91.121.177.31 - - [17/Oct/2022:13:15:49 -0700] "GET /contact.php HTTP/1.1" 200 29238 "http://mantech8.com/contact.php" "Mozilla/5.0 (Windows NT 6.3; Win64; x64) AppleWebKit/537.36 (KHTML, like Gecko) Chrome/90.0.4430.85 Safari/537.36 Edg/90.0.818.49" "mantech8.com"
91.121.177.31 - - [17/Oct/2022:13:15:49 -0700] "POST /mailer.php HTTP/1.1" 500 - "http://mantech8.com/contact.php" "Mozilla/5.0 (Windows NT 6.3; Win64; x64) AppleWebKit/537.36 (KHTML, like Gecko) Chrome/90.0.4430.85 Safari/537.36 Edg/90.0.818.49" "mantech8.com"
185.191.171.21 - - [17/Oct/2022:13:17:05 -0700] "GET /index.php/camp-fire/7329380.html HTTP/1.1" 500 - "-" "Mozilla/5.0 (compatible; SemrushBot/7~bl; +http://www.semrush.com/bot.html)" "mantech8.com"
185.191.171.38 - - [17/Oct/2022:13:17:25 -0700] "GET /index.php/camp-fire/35825238.html HTTP/1.1" 500 - "-" "Mozilla/5.0 (compatible; SemrushBot/7~bl; +http://www.semrush.com/bot.html)" "mantech8.com"
185.191.171.4 - - [17/Oct/2022:13:17:32 -0700] "GET /index.php/camp-fire/47532466.html HTTP/1.1" 500 - "-" "Mozilla/5.0 (compatible; SemrushBot/7~bl; +http://www.semrush.com/bot.html)" "mantech8.com"
185.191.171.16 - - [17/Oct/2022:13:17:34 -0700] "GET /index.php/camp-fire/24673050.html HTTP/1.1" 500 - "-" "Mozilla/5.0 (compatible; SemrushBot/7~bl; +http://www.semrush.com/bot.html)" "mantech8.com"
185.191.171.22 - - [17/Oct/2022:13:18:18 -0700] "GET /index.php/camp-fire/32406560.html HTTP/1.1" 500 - "-" "Mozilla/5.0 (compatible; SemrushBot/7~bl; +http://www.semrush.com/bot.html)" "mantech8.com"
185.191.171.3 - - [17/Oct/2022:13:18:38 -0700] "GET /index.php/camp-fire/8840598.html HTTP/1.1" 500 - "-" "Mozilla/5.0 (compatible; SemrushBot/7~bl; +http://www.semrush.com/bot.html)" "mantech8.com"
185.191.171.41 - - [17/Oct/2022:13:18:54 -0700] "GET /robots.txt HTTP/1.1" 200 106 "-" "Mozilla/5.0 (compatible; SemrushBot/7~bl; +http://www.semrush.com/bot.html)" "www.mantech8.com"
185.191.171.23 - - [17/Oct/2022:13:18:54 -0700] "GET /contact.php HTTP/1.1" 200 29238 "-" "Mozilla/5.0 (compatible; SemrushBot/7~bl; +http://www.semrush.com/bot.html)" "www.mantech8.com"
185.191.171.4 - - [17/Oct/2022:13:19:47 -0700] "GET /index.php/camp-fire/88717472.html HTTP/1.1" 500 - "-" "Mozilla/5.0 (compatible; SemrushBot/7~bl; +http://www.semrush.com/bot.html)" "mantech8.com"
185.191.171.26 - - [17/Oct/2022:13:21:21 -0700] "GET /index.php/camp-fire/30098409.html HTTP/1.1" 500 - "-" "Mozilla/5.0 (compatible; SemrushBot/7~bl; +http://www.semrush.com/bot.html)" "mantech8.com"
185.191.171.18 - - [17/Oct/2022:13:21:40 -0700] "GET /index.php/camp-fire/41134235.html HTTP/1.1" 500 - "-" "Mozilla/5.0 (compatible; SemrushBot/7~bl; +http://www.semrush.com/bot.html)" "mantech8.com"
52.226.210.206 - - [17/Oct/2022:13:22:18 -0700] "GET /robots.txt HTTP/1.1" 200 106 "-" "python-requests/2.27.1" "mantech8.com"
52.226.210.206 - - [17/Oct/2022:13:22:20 -0700] "GET /bimages/hgallery/thump/latest3%20big.jpg HTTP/1.1" 200 65629 "-" "Mozilla/5.0 (Windows NT 10.0; Win64; x64) AppleWebKit/537.36 (KHTML, like Gecko) Chrome/76.0.3809.100 Safari/537.36" "mantech8.com"
185.191.171.39 - - [17/Oct/2022:13:22:22 -0700] "GET /index.php/camp-fire/27583832.html HTTP/1.1" 500 - "-" "Mozilla/5.0 (compatible; SemrushBot/7~bl; +http://www.semrush.com/bot.html)" "mantech8.com"
185.191.171.35 - - [17/Oct/2022:13:23:00 -0700] "GET /index.php/camp-fire/34711565.html HTTP/1.1" 500 - "-" "Mozilla/5.0 (compatible; SemrushBot/7~bl; +http://www.semrush.com/bot.html)" "mantech8.com"
207.46.13.184 - - [17/Oct/2022:13:23:06 -0700] "GET /?/showmore.php?actiontype=3 HTTP/1.1" 200 59373 "-" "Mozilla/5.0 (compatible; bingbot/2.0; +http://www.bing.com/bingbot.htm)" "mantech8.com"
185.191.171.5 - - [17/Oct/2022:13:23:41 -0700] "GET /index.php/camp-fire/31823750.html HTTP/1.1" 500 - "-" "Mozilla/5.0 (compatible; SemrushBot/7~bl; +http://www.semrush.com/bot.html)" "mantech8.com"
185.191.171.33 - - [17/Oct/2022:13:24:44 -0700] "GET /index.php/camp-fire/41439971.html HTTP/1.1" 500 - "-" "Mozilla/5.0 (compatible; SemrushBot/7~bl; +http://www.semrush.com/bot.html)" "mantech8.com"
185.191.171.14 - - [17/Oct/2022:13:24:55 -0700] "GET /index.php/camp-fire/32550625.html HTTP/1.1" 500 - "-" "Mozilla/5.0 (compatible; SemrushBot/7~bl; +http://www.semrush.com/bot.html)" "mantech8.com"
185.191.171.36 - - [17/Oct/2022:13:25:30 -0700] "GET /index.php/camp-fire/26896521.html HTTP/1.1" 500 - "-" "Mozilla/5.0 (compatible; SemrushBot/7~bl; +http://www.semrush.com/bot.html)" "mantech8.com"
185.191.171.35 - - [17/Oct/2022:13:25:31 -0700] "GET /index.php/camp-fire/6163496.html HTTP/1.1" 500 - "-" "Mozilla/5.0 (compatible; SemrushBot/7~bl; +http://www.semrush.com/bot.html)" "mantech8.com"
185.191.171.22 - - [17/Oct/2022:13:25:38 -0700] "GET /index.php/camp-fire/37843064.html HTTP/1.1" 500 - "-" "Mozilla/5.0 (compatible; SemrushBot/7~bl; +http://www.semrush.com/bot.html)" "mantech8.com"
185.191.171.13 - - [17/Oct/2022:13:27:12 -0700] "GET /index.php/camp-fire/52000003.html HTTP/1.1" 500 - "-" "Mozilla/5.0 (compatible; SemrushBot/7~bl; +http://www.semrush.com/bot.html)" "mantech8.com"
185.191.171.34 - - [17/Oct/2022:13:29:34 -0700] "GET /index.php/camp-fire/36990130.html HTTP/1.1" 500 - "-" "Mozilla/5.0 (compatible; SemrushBot/7~bl; +http://www.semrush.com/bot.html)" "mantech8.com"
185.191.171.19 - - [17/Oct/2022:13:31:11 -0700] "GET /index.php/camp-fire/29001159.html HTTP/1.1" 500 - "-" "Mozilla/5.0 (compatible; SemrushBot/7~bl; +http://www.semrush.com/bot.html)" "mantech8.com"
185.191.171.42 - - [17/Oct/2022:13:31:21 -0700] "GET /index.php/camp-fire/33714308.html HTTP/1.1" 500 - "-" "Mozilla/5.0 (compatible; SemrushBot/7~bl; +http://www.semrush.com/bot.html)" "mantech8.com"
185.191.171.22 - - [17/Oct/2022:13:31:48 -0700] "GET /index.php/camp-fire/51968803.html HTTP/1.1" 500 - "-" "Mozilla/5.0 (compatible; SemrushBot/7~bl; +http://www.semrush.com/bot.html)" "mantech8.com"
185.191.171.36 - - [17/Oct/2022:13:32:12 -0700] "GET /index.php/camp-fire/40236388.html HTTP/1.1" 500 - "-" "Mozilla/5.0 (compatible; SemrushBot/7~bl; +http://www.semrush.com/bot.html)" "mantech8.com"
185.191.171.44 - - [17/Oct/2022:13:32:23 -0700] "GET /index.php/camp-fire/27691170.html HTTP/1.1" 500 - "-" "Mozilla/5.0 (compatible; SemrushBot/7~bl; +http://www.semrush.com/bot.html)" "mantech8.com"
185.191.171.9 - - [17/Oct/2022:13:33:30 -0700] "GET /index.php/camp-fire/25104530.html HTTP/1.1" 500 - "-" "Mozilla/5.0 (compatible; SemrushBot/7~bl; +http://www.semrush.com/bot.html)" "mantech8.com"
185.191.171.38 - - [17/Oct/2022:13:33:33 -0700] "GET /index.php/camp-fire/31562697.html HTTP/1.1" 500 - "-" "Mozilla/5.0 (compatible; SemrushBot/7~bl; +http://www.semrush.com/bot.html)" "mantech8.com"
185.191.171.10 - - [17/Oct/2022:13:34:47 -0700] "GET /index.php/camp-fire/28338835.html HTTP/1.1" 500 - "-" "Mozilla/5.0 (compatible; SemrushBot/7~bl; +http://www.semrush.com/bot.html)" "mantech8.com"
185.191.171.5 - - [17/Oct/2022:13:35:00 -0700] "GET /index.php/camp-fire/45331688.html HTTP/1.1" 500 - "-" "Mozilla/5.0 (compatible; SemrushBot/7~bl; +http://www.semrush.com/bot.html)" "mantech8.com"
185.191.171.44 - - [17/Oct/2022:13:35:39 -0700] "GET /index.php/camp-fire/5191398.html HTTP/1.1" 500 - "-" "Mozilla/5.0 (compatible; SemrushBot/7~bl; +http://www.semrush.com/bot.html)" "mantech8.com"
185.191.171.5 - - [17/Oct/2022:13:35:52 -0700] "GET /index.php/camp-fire/33767308.html HTTP/1.1" 500 - "-" "Mozilla/5.0 (compatible; SemrushBot/7~bl; +http://www.semrush.com/bot.html)" "mantech8.com"
185.191.171.7 - - [17/Oct/2022:13:35:59 -0700] "GET /index.php/camp-fire/38958192.html HTTP/1.1" 500 - "-" "Mozilla/5.0 (compatible; SemrushBot/7~bl; +http://www.semrush.com/bot.html)" "mantech8.com"
185.191.171.23 - - [17/Oct/2022:13:37:17 -0700] "GET /robots.txt HTTP/1.1" 200 106 "-" "Mozilla/5.0 (compatible; SemrushBot/7~bl; +http://www.semrush.com/bot.html)" "mantech8.com"
185.191.171.4 - - [17/Oct/2022:13:37:17 -0700] "GET /index.php/camp-fire/3903300.html HTTP/1.1" 500 - "-" "Mozilla/5.0 (compatible; SemrushBot/7~bl; +http://www.semrush.com/bot.html)" "mantech8.com"
185.191.171.13 - - [17/Oct/2022:13:37:32 -0700] "GET /index.php/camp-fire/9939983.html HTTP/1.1" 500 - "-" "Mozilla/5.0 (compatible; SemrushBot/7~bl; +http://www.semrush.com/bot.html)" "mantech8.com"
114.119.133.190 - - [17/Oct/2022:13:37:59 -0700] "GET /index.php?sitemap11588.xml HTTP/1.1" 200 289390 "-" "Mozilla/5.0 (compatible;PetalBot;+https://webmaster.petalsearch.com/site/petalbot)" "mantech8.com"
185.191.171.35 - - [17/Oct/2022:13:38:29 -0700] "GET /index.php/camp-fire/29532432.html HTTP/1.1" 500 - "-" "Mozilla/5.0 (compatible; SemrushBot/7~bl; +http://www.semrush.com/bot.html)" "mantech8.com"
185.191.171.17 - - [17/Oct/2022:13:40:03 -0700] "GET /index.php/camp-fire/18094181.html HTTP/1.1" 500 - "-" "Mozilla/5.0 (compatible; SemrushBot/7~bl; +http://www.semrush.com/bot.html)" "mantech8.com"
207.46.13.184 - - [17/Oct/2022:13:40:16 -0700] "GET /index.php?camp-fire/39086065.html HTTP/1.1" 200 62703 "-" "Mozilla/5.0 AppleWebKit/537.36 (KHTML, like Gecko; compatible; bingbot/2.0; +http://www.bing.com/bingbot.htm) Chrome/103.0.5060.134 Safari/537.36" "mantech8.com"
185.191.171.5 - - [17/Oct/2022:13:40:47 -0700] "GET /index.php/camp-fire/38833217.html HTTP/1.1" 500 - "-" "Mozilla/5.0 (compatible; SemrushBot/7~bl; +http://www.semrush.com/bot.html)" "mantech8.com"
185.191.171.15 - - [17/Oct/2022:13:42:09 -0700] "GET /index.php/camp-fire/41560650.html HTTP/1.1" 500 - "-" "Mozilla/5.0 (compatible; SemrushBot/7~bl; +http://www.semrush.com/bot.html)" "mantech8.com"
185.191.171.6 - - [17/Oct/2022:13:43:25 -0700] "GET /index.php/camp-fire/30193035.html HTTP/1.1" 500 - "-" "Mozilla/5.0 (compatible; SemrushBot/7~bl; +http://www.semrush.com/bot.html)" "mantech8.com"
185.191.171.7 - - [17/Oct/2022:13:44:28 -0700] "GET /index.php/camp-fire/45963417.html HTTP/1.1" 500 - "-" "Mozilla/5.0 (compatible; SemrushBot/7~bl; +http://www.semrush.com/bot.html)" "mantech8.com"
185.191.171.8 - - [17/Oct/2022:13:44:53 -0700] "GET /index.php/camp-fire/33686808.html HTTP/1.1" 500 - "-" "Mozilla/5.0 (compatible; SemrushBot/7~bl; +http://www.semrush.com/bot.html)" "mantech8.com"
185.191.171.42 - - [17/Oct/2022:13:47:09 -0700] "GET /index.php/camp-fire/27894771.html HTTP/1.1" 500 - "-" "Mozilla/5.0 (compatible; SemrushBot/7~bl; +http://www.semrush.com/bot.html)" "mantech8.com"
185.191.171.7 - - [17/Oct/2022:13:47:12 -0700] "GET /index.php/camp-fire/25780330.html HTTP/1.1" 500 - "-" "Mozilla/5.0 (compatible; SemrushBot/7~bl; +http://www.semrush.com/bot.html)" "mantech8.com"
185.191.171.40 - - [17/Oct/2022:13:47:34 -0700] "GET /index.php/camp-fire/37181778.html HTTP/1.1" 500 - "-" "Mozilla/5.0 (compatible; SemrushBot/7~bl; +http://www.semrush.com/bot.html)" "mantech8.com"
185.191.171.13 - - [17/Oct/2022:13:47:40 -0700] "GET /index.php/camp-fire/28323909.html HTTP/1.1" 500 - "-" "Mozilla/5.0 (compatible; SemrushBot/7~bl; +http://www.semrush.com/bot.html)" "mantech8.com"
185.191.171.9 - - [17/Oct/2022:13:47:42 -0700] "GET /index.php/camp-fire/28259735.html HTTP/1.1" 500 - "-" "Mozilla/5.0 (compatible; SemrushBot/7~bl; +http://www.semrush.com/bot.html)" "mantech8.com"
185.191.171.33 - - [17/Oct/2022:13:47:45 -0700] "GET /index.php/camp-fire/30621341.html HTTP/1.1" 500 - "-" "Mozilla/5.0 (compatible; SemrushBot/7~bl; +http://www.semrush.com/bot.html)" "mantech8.com"
185.191.171.2 - - [17/Oct/2022:13:48:32 -0700] "GET /index.php/camp-fire/33501660.html HTTP/1.1" 500 - "-" "Mozilla/5.0 (compatible; SemrushBot/7~bl; +http://www.semrush.com/bot.html)" "mantech8.com"
185.191.171.14 - - [17/Oct/2022:13:48:41 -0700] "GET /index.php/camp-fire/26487042.html HTTP/1.1" 500 - "-" "Mozilla/5.0 (compatible; SemrushBot/7~bl; +http://www.semrush.com/bot.html)" "mantech8.com"
185.191.171.26 - - [17/Oct/2022:13:49:44 -0700] "GET /index.php/camp-fire/613269.html HTTP/1.1" 500 - "-" "Mozilla/5.0 (compatible; SemrushBot/7~bl; +http://www.semrush.com/bot.html)" "mantech8.com"
185.191.171.25 - - [17/Oct/2022:13:49:51 -0700] "GET /index.php/camp-fire/33118716.html HTTP/1.1" 500 - "-" "Mozilla/5.0 (compatible; SemrushBot/7~bl; +http://www.semrush.com/bot.html)" "mantech8.com"
185.191.171.18 - - [17/Oct/2022:13:49:56 -0700] "GET /index.php/camp-fire/28114059.html HTTP/1.1" 500 - "-" "Mozilla/5.0 (compatible; SemrushBot/7~bl; +http://www.semrush.com/bot.html)" "mantech8.com"
185.191.171.9 - - [17/Oct/2022:13:50:13 -0700] "GET /index.php/camp-fire/28750147.html HTTP/1.1" 500 - "-" "Mozilla/5.0 (compatible; SemrushBot/7~bl; +http://www.semrush.com/bot.html)" "mantech8.com"
40.77.167.58 - - [17/Oct/2022:13:50:29 -0700] "GET /bimages/gallery/sn2.jpg HTTP/1.1" 200 54168 "-" "Mozilla/5.0 (compatible; bingbot/2.0; +http://www.bing.com/bingbot.htm)" "mantech8.com"
216.244.66.241 - - [17/Oct/2022:13:51:55 -0700] "GET /robots.txt HTTP/1.1" 200 222 "-" "Mozilla/5.0 (compatible; DotBot/1.2; +https://opensiteexplorer.org/dotbot; help@moz.com)" "www.mantech8.com"
216.244.66.241 - - [17/Oct/2022:13:51:55 -0700] "GET /robots.txt HTTP/1.1" 200 222 "-" "Mozilla/5.0 (compatible; DotBot/1.2; +https://opensiteexplorer.org/dotbot; help@moz.com)" "mantech8.com"
185.191.171.3 - - [17/Oct/2022:13:53:12 -0700] "GET /index.php/camp-fire/614069.html HTTP/1.1" 500 - "-" "Mozilla/5.0 (compatible; SemrushBot/7~bl; +http://www.semrush.com/bot.html)" "mantech8.com"
185.191.171.21 - - [17/Oct/2022:13:54:04 -0700] "GET /index.php/camp-fire/37797409.html HTTP/1.1" 500 - "-" "Mozilla/5.0 (compatible; SemrushBot/7~bl; +http://www.semrush.com/bot.html)" "mantech8.com"
185.191.171.13 - - [17/Oct/2022:13:54:33 -0700] "GET /index.php/camp-fire/17426480.html HTTP/1.1" 500 - "-" "Mozilla/5.0 (compatible; SemrushBot/7~bl; +http://www.semrush.com/bot.html)" "mantech8.com"
185.191.171.1 - - [17/Oct/2022:13:56:19 -0700] "GET /index.php/camp-fire/25578181.html HTTP/1.1" 500 - "-" "Mozilla/5.0 (compatible; SemrushBot/7~bl; +http://www.semrush.com/bot.html)" "mantech8.com"
185.191.171.9 - - [17/Oct/2022:13:56:29 -0700] "GET /index.php/camp-fire/63744003.html HTTP/1.1" 500 - "-" "Mozilla/5.0 (compatible; SemrushBot/7~bl; +http://www.semrush.com/bot.html)" "mantech8.com"
185.191.171.20 - - [17/Oct/2022:13:57:00 -0700] "GET /index.php/camp-fire/26049851.html HTTP/1.1" 500 - "-" "Mozilla/5.0 (compatible; SemrushBot/7~bl; +http://www.semrush.com/bot.html)" "mantech8.com"
185.191.171.3 - - [17/Oct/2022:13:58:09 -0700] "GET /index.php/camp-fire/4314596.html HTTP/1.1" 500 - "-" "Mozilla/5.0 (compatible; SemrushBot/7~bl; +http://www.semrush.com/bot.html)" "mantech8.com"
185.191.171.9 - - [17/Oct/2022:13:58:50 -0700] "GET /index.php/camp-fire/3687698.html HTTP/1.1" 500 - "-" "Mozilla/5.0 (compatible; SemrushBot/7~bl; +http://www.semrush.com/bot.html)" "mantech8.com"
66.249.66.95 - - [17/Oct/2022:13:59:28 -0700] "GET /sitemap2.xml HTTP/1.1" 404 88 "-" "Mozilla/5.0 (compatible; Googlebot/2.1; +http://www.google.com/bot.html)" "mantech8.com"
185.191.171.7 - - [17/Oct/2022:13:59:44 -0700] "GET /index.php/camp-fire/4278393.html HTTP/1.1" 500 - "-" "Mozilla/5.0 (compatible; SemrushBot/7~bl; +http://www.semrush.com/bot.html)" "mantech8.com"
185.191.171.16 - - [17/Oct/2022:14:00:36 -0700] "GET /index.php/camp-fire/32655025.html HTTP/1.1" 500 - "-" "Mozilla/5.0 (compatible; SemrushBot/7~bl; +http://www.semrush.com/bot.html)" "mantech8.com"
185.191.171.23 - - [17/Oct/2022:14:01:33 -0700] "GET /index.php/camp-fire/48278292.html HTTP/1.1" 500 - "-" "Mozilla/5.0 (compatible; SemrushBot/7~bl; +http://www.semrush.com/bot.html)" "mantech8.com"
185.191.171.44 - - [17/Oct/2022:14:01:48 -0700] "GET /index.php/camp-fire/40426538.html HTTP/1.1" 500 - "-" "Mozilla/5.0 (compatible; SemrushBot/7~bl; +http://www.semrush.com/bot.html)" "mantech8.com"
185.191.171.40 - - [17/Oct/2022:14:01:51 -0700] "GET /index.php/camp-fire/4994855.html HTTP/1.1" 500 - "-" "Mozilla/5.0 (compatible; SemrushBot/7~bl; +http://www.semrush.com/bot.html)" "mantech8.com"
185.191.171.39 - - [17/Oct/2022:14:01:56 -0700] "GET /index.php/camp-fire/30952935.html HTTP/1.1" 500 - "-" "Mozilla/5.0 (compatible; SemrushBot/7~bl; +http://www.semrush.com/bot.html)" "mantech8.com"
185.191.171.40 - - [17/Oct/2022:14:02:12 -0700] "GET /index.php/camp-fire/26333282.html HTTP/1.1" 500 - "-" "Mozilla/5.0 (compatible; SemrushBot/7~bl; +http://www.semrush.com/bot.html)" "mantech8.com"
185.191.171.23 - - [17/Oct/2022:14:03:39 -0700] "GET /index.php/camp-fire/8555508.html HTTP/1.1" 500 - "-" "Mozilla/5.0 (compatible; SemrushBot/7~bl; +http://www.semrush.com/bot.html)" "mantech8.com"
185.191.171.15 - - [17/Oct/2022:14:03:48 -0700] "GET /index.php/camp-fire/31983755.html HTTP/1.1" 500 - "-" "Mozilla/5.0 (compatible; SemrushBot/7~bl; +http://www.semrush.com/bot.html)" "mantech8.com"
185.191.171.9 - - [17/Oct/2022:14:04:17 -0700] "GET /index.php/camp-fire/47533808.html HTTP/1.1" 500 - "-" "Mozilla/5.0 (compatible; SemrushBot/7~bl; +http://www.semrush.com/bot.html)" "mantech8.com"
185.191.171.3 - - [17/Oct/2022:14:04:34 -0700] "GET /index.php/camp-fire/38055008.html HTTP/1.1" 500 - "-" "Mozilla/5.0 (compatible; SemrushBot/7~bl; +http://www.semrush.com/bot.html)" "mantech8.com"
185.191.171.11 - - [17/Oct/2022:14:04:41 -0700] "GET /index.php/camp-fire/25911276.html HTTP/1.1" 500 - "-" "Mozilla/5.0 (compatible; SemrushBot/7~bl; +http://www.semrush.com/bot.html)" "mantech8.com"
185.191.171.13 - - [17/Oct/2022:14:06:48 -0700] "GET /index.php/camp-fire/3309700.html HTTP/1.1" 500 - "-" "Mozilla/5.0 (compatible; SemrushBot/7~bl; +http://www.semrush.com/bot.html)" "mantech8.com"
185.191.171.7 - - [17/Oct/2022:14:07:38 -0700] "GET /index.php/camp-fire/35733938.html HTTP/1.1" 500 - "-" "Mozilla/5.0 (compatible; SemrushBot/7~bl; +http://www.semrush.com/bot.html)" "mantech8.com"
185.191.171.12 - - [17/Oct/2022:14:08:22 -0700] "GET /index.php/camp-fire/29752609.html HTTP/1.1" 500 - "-" "Mozilla/5.0 (compatible; SemrushBot/7~bl; +http://www.semrush.com/bot.html)" "mantech8.com"
185.191.171.14 - - [17/Oct/2022:14:08:24 -0700] "GET /index.php/camp-fire/32390360.html HTTP/1.1" 500 - "-" "Mozilla/5.0 (compatible; SemrushBot/7~bl; +http://www.semrush.com/bot.html)" "mantech8.com"
40.77.167.58 - - [17/Oct/2022:14:09:10 -0700] "GET /index.php?/archives/680 HTTP/1.1" 200 72174 "-" "Mozilla/5.0 (compatible; bingbot/2.0; +http://www.bing.com/bingbot.htm)" "www.mantech8.com"
185.191.171.4 - - [17/Oct/2022:14:09:44 -0700] "GET /index.php/camp-fire/32568425.html HTTP/1.1" 500 - "-" "Mozilla/5.0 (compatible; SemrushBot/7~bl; +http://www.semrush.com/bot.html)" "mantech8.com"
185.191.171.40 - - [17/Oct/2022:14:09:49 -0700] "GET /index.php/camp-fire/29994359.html HTTP/1.1" 500 - "-" "Mozilla/5.0 (compatible; SemrushBot/7~bl; +http://www.semrush.com/bot.html)" "mantech8.com"
185.191.171.2 - - [17/Oct/2022:14:11:45 -0700] "GET /index.php/camp-fire/24720880.html HTTP/1.1" 500 - "-" "Mozilla/5.0 (compatible; SemrushBot/7~bl; +http://www.semrush.com/bot.html)" "mantech8.com"
185.191.171.7 - - [17/Oct/2022:14:12:11 -0700] "GET /index.php/camp-fire/43015668.html HTTP/1.1" 500 - "-" "Mozilla/5.0 (compatible; SemrushBot/7~bl; +http://www.semrush.com/bot.html)" "mantech8.com"
185.191.171.11 - - [17/Oct/2022:14:12:23 -0700] "GET /index.php/camp-fire/27991171.html HTTP/1.1" 500 - "-" "Mozilla/5.0 (compatible; SemrushBot/7~bl; +http://www.semrush.com/bot.html)" "mantech8.com"
185.191.171.38 - - [17/Oct/2022:14:12:29 -0700] "GET /index.php/camp-fire/17582280.html HTTP/1.1" 500 - "-" "Mozilla/5.0 (compatible; SemrushBot/7~bl; +http://www.semrush.com/bot.html)" "mantech8.com"
185.191.171.5 - - [17/Oct/2022:14:13:44 -0700] "GET /index.php/camp-fire/40221625.html HTTP/1.1" 500 - "-" "Mozilla/5.0 (compatible; SemrushBot/7~bl; +http://www.semrush.com/bot.html)" "mantech8.com"
185.191.171.40 - - [17/Oct/2022:14:14:19 -0700] "GET /index.php/camp-fire/28682021.html HTTP/1.1" 500 - "-" "Mozilla/5.0 (compatible; SemrushBot/7~bl; +http://www.semrush.com/bot.html)" "mantech8.com"
185.191.171.38 - - [17/Oct/2022:14:14:46 -0700] "GET /index.php/camp-fire/39491978.html HTTP/1.1" 500 - "-" "Mozilla/5.0 (compatible; SemrushBot/7~bl; +http://www.semrush.com/bot.html)" "mantech8.com"
185.191.171.12 - - [17/Oct/2022:14:14:59 -0700] "GET /index.php/camp-fire/31740847.html HTTP/1.1" 500 - "-" "Mozilla/5.0 (compatible; SemrushBot/7~bl; +http://www.semrush.com/bot.html)" "mantech8.com"
114.119.133.165 - - [17/Oct/2022:14:15:10 -0700] "GET /?dejerator.xml HTTP/1.1" 200 270594 "-" "Mozilla/5.0 (compatible;PetalBot;+https://webmaster.petalsearch.com/site/petalbot)" "mantech8.com"
185.191.171.40 - - [17/Oct/2022:14:15:15 -0700] "GET /index.php/camp-fire/42823534.html HTTP/1.1" 500 - "-" "Mozilla/5.0 (compatible; SemrushBot/7~bl; +http://www.semrush.com/bot.html)" "mantech8.com"
185.191.171.24 - - [17/Oct/2022:14:15:25 -0700] "GET /index.php/camp-fire/4795955.html HTTP/1.1" 500 - "-" "Mozilla/5.0 (compatible; SemrushBot/7~bl; +http://www.semrush.com/bot.html)" "mantech8.com"
185.191.171.38 - - [17/Oct/2022:14:17:19 -0700] "GET /index.php/camp-fire/35646350.html HTTP/1.1" 500 - "-" "Mozilla/5.0 (compatible; SemrushBot/7~bl; +http://www.semrush.com/bot.html)" "mantech8.com"
185.191.171.3 - - [17/Oct/2022:14:17:57 -0700] "GET /index.php/camp-fire/35560655.html HTTP/1.1" 500 - "-" "Mozilla/5.0 (compatible; SemrushBot/7~bl; +http://www.semrush.com/bot.html)" "mantech8.com"
185.191.171.37 - - [17/Oct/2022:14:19:34 -0700] "GET /index.php/camp-fire/17587580.html HTTP/1.1" 500 - "-" "Mozilla/5.0 (compatible; SemrushBot/7~bl; +http://www.semrush.com/bot.html)" "mantech8.com"
185.191.171.21 - - [17/Oct/2022:14:19:56 -0700] "GET /index.php/camp-fire/27410763.html HTTP/1.1" 500 - "-" "Mozilla/5.0 (compatible; SemrushBot/7~bl; +http://www.semrush.com/bot.html)" "mantech8.com"
185.191.171.45 - - [17/Oct/2022:14:21:34 -0700] "GET /index.php/camp-fire/26637551.html HTTP/1.1" 500 - "-" "Mozilla/5.0 (compatible; SemrushBot/7~bl; +http://www.semrush.com/bot.html)" "mantech8.com"
185.191.171.1 - - [17/Oct/2022:14:22:27 -0700] "GET /index.php/camp-fire/8149678.html HTTP/1.1" 500 - "-" "Mozilla/5.0 (compatible; SemrushBot/7~bl; +http://www.semrush.com/bot.html)" "mantech8.com"
185.191.171.6 - - [17/Oct/2022:14:23:02 -0700] "GET /index.php/camp-fire/41410171.html HTTP/1.1" 500 - "-" "Mozilla/5.0 (compatible; SemrushBot/7~bl; +http://www.semrush.com/bot.html)" "mantech8.com"
207.46.13.184 - - [17/Oct/2022:14:23:10 -0700] "GET /bimages/gallery/thump/pb11.jpg HTTP/1.1" 200 405405 "-" "Mozilla/5.0 AppleWebKit/537.36 (KHTML, like Gecko; compatible; bingbot/2.0; +http://www.bing.com/bingbot.htm) Chrome/103.0.5060.134 Safari/537.36" "mantech8.com"
185.191.171.43 - - [17/Oct/2022:14:23:41 -0700] "GET /index.php/camp-fire/32928068.html HTTP/1.1" 500 - "-" "Mozilla/5.0 (compatible; SemrushBot/7~bl; +http://www.semrush.com/bot.html)" "mantech8.com"
185.191.171.11 - - [17/Oct/2022:14:24:11 -0700] "GET /index.php/camp-fire/18667687.html HTTP/1.1" 500 - "-" "Mozilla/5.0 (compatible; SemrushBot/7~bl; +http://www.semrush.com/bot.html)" "mantech8.com"
185.191.171.9 - - [17/Oct/2022:14:24:12 -0700] "GET /index.php/camp-fire/3196278.html HTTP/1.1" 500 - "-" "Mozilla/5.0 (compatible; SemrushBot/7~bl; +http://www.semrush.com/bot.html)" "mantech8.com"
185.191.171.17 - - [17/Oct/2022:14:24:49 -0700] "GET /index.php/camp-fire/32373030.html HTTP/1.1" 500 - "-" "Mozilla/5.0 (compatible; SemrushBot/7~bl; +http://www.semrush.com/bot.html)" "mantech8.com"
207.46.13.205 - - [17/Oct/2022:14:25:28 -0700] "GET /sitemapnewindex.xml HTTP/1.1" 404 88 "-" "Mozilla/5.0 AppleWebKit/537.36 (KHTML, like Gecko; compatible; bingbot/2.0; +http://www.bing.com/bingbot.htm) Chrome/103.0.5060.134 Safari/537.36" "mantech8.com"
207.46.13.70 - - [17/Oct/2022:14:25:32 -0700] "GET /sitemapmobileindex.xml HTTP/1.1" 404 88 "-" "Mozilla/5.0 (compatible; bingbot/2.0; +http://www.bing.com/bingbot.htm)" "mantech8.com"
40.77.167.72 - - [17/Oct/2022:14:25:37 -0700] "GET /sitemapindex.xml HTTP/1.1" 404 88 "-" "Mozilla/5.0 AppleWebKit/537.36 (KHTML, like Gecko; compatible; bingbot/2.0; +http://www.bing.com/bingbot.htm) Chrome/103.0.5060.134 Safari/537.36" "mantech8.com"
40.77.167.72 - - [17/Oct/2022:14:25:38 -0700] "GET /sitemapindeximages.xml HTTP/1.1" 404 88 "-" "Mozilla/5.0 (compatible; bingbot/2.0; +http://www.bing.com/bingbot.htm)" "mantech8.com"
185.191.171.44 - - [17/Oct/2022:14:26:38 -0700] "GET /index.php/camp-fire/39032935.html HTTP/1.1" 500 - "-" "Mozilla/5.0 (compatible; SemrushBot/7~bl; +http://www.semrush.com/bot.html)" "mantech8.com"
185.191.171.39 - - [17/Oct/2022:14:27:40 -0700] "GET /index.php/camp-fire/8129574.html HTTP/1.1" 500 - "-" "Mozilla/5.0 (compatible; SemrushBot/7~bl; +http://www.semrush.com/bot.html)" "mantech8.com"
185.191.171.1 - - [17/Oct/2022:14:27:43 -0700] "GET /index.php/camp-fire/43705061.html HTTP/1.1" 500 - "-" "Mozilla/5.0 (compatible; SemrushBot/7~bl; +http://www.semrush.com/bot.html)" "mantech8.com"
114.119.133.190 - - [17/Oct/2022:14:27:57 -0700] "GET /bimages/cleang/thump/?C=D%3BO%3DA HTTP/1.1" 200 462 "http://www.mantech8.com/bimages/cleang/thump/?C=N%3BO%3DD" "Mozilla/5.0 (Linux; Android 7.0;) AppleWebKit/537.36 (KHTML, like Gecko) Mobile Safari/537.36 (compatible; PetalBot;+https://webmaster.petalsearch.com/site/petalbot)" "www.mantech8.com"
185.191.171.2 - - [17/Oct/2022:14:27:59 -0700] "GET /index.php/camp-fire/42046849.html HTTP/1.1" 500 - "-" "Mozilla/5.0 (compatible; SemrushBot/7~bl; +http://www.semrush.com/bot.html)" "mantech8.com"
185.191.171.10 - - [17/Oct/2022:14:28:27 -0700] "GET /index.php/camp-fire/4895455.html HTTP/1.1" 500 - "-" "Mozilla/5.0 (compatible; SemrushBot/7~bl; +http://www.semrush.com/bot.html)" "mantech8.com"
185.191.171.36 - - [17/Oct/2022:14:28:39 -0700] "GET /index.php/camp-fire/31226155.html HTTP/1.1" 500 - "-" "Mozilla/5.0 (compatible; SemrushBot/7~bl; +http://www.semrush.com/bot.html)" "mantech8.com"
185.191.171.39 - - [17/Oct/2022:14:28:42 -0700] "GET /index.php/camp-fire/97409359.html HTTP/1.1" 500 - "-" "Mozilla/5.0 (compatible; SemrushBot/7~bl; +http://www.semrush.com/bot.html)" "mantech8.com"
185.191.171.26 - - [17/Oct/2022:14:29:43 -0700] "GET /index.php/camp-fire/27206363.html HTTP/1.1" 500 - "-" "Mozilla/5.0 (compatible; SemrushBot/7~bl; +http://www.semrush.com/bot.html)" "mantech8.com"
185.191.171.37 - - [17/Oct/2022:14:30:08 -0700] "GET /index.php/camp-fire/47892750.html HTTP/1.1" 500 - "-" "Mozilla/5.0 (compatible; SemrushBot/7~bl; +http://www.semrush.com/bot.html)" "mantech8.com"
185.191.171.40 - - [17/Oct/2022:14:31:57 -0700] "GET /index.php/camp-fire/33711189.html HTTP/1.1" 500 - "-" "Mozilla/5.0 (compatible; SemrushBot/7~bl; +http://www.semrush.com/bot.html)" "mantech8.com"
185.191.171.39 - - [17/Oct/2022:14:32:34 -0700] "GET /index.php/camp-fire/7772942.html HTTP/1.1" 500 - "-" "Mozilla/5.0 (compatible; SemrushBot/7~bl; +http://www.semrush.com/bot.html)" "mantech8.com"
185.191.171.34 - - [17/Oct/2022:14:32:49 -0700] "GET /index.php/camp-fire/15435080.html HTTP/1.1" 500 - "-" "Mozilla/5.0 (compatible; SemrushBot/7~bl; +http://www.semrush.com/bot.html)" "mantech8.com"
185.191.171.25 - - [17/Oct/2022:14:34:01 -0700] "GET /index.php/camp-fire/51477949.html HTTP/1.1" 500 - "-" "Mozilla/5.0 (compatible; SemrushBot/7~bl; +http://www.semrush.com/bot.html)" "mantech8.com"
185.191.171.16 - - [17/Oct/2022:14:34:54 -0700] "GET /index.php/camp-fire/32525225.html HTTP/1.1" 500 - "-" "Mozilla/5.0 (compatible; SemrushBot/7~bl; +http://www.semrush.com/bot.html)" "mantech8.com"
185.191.171.8 - - [17/Oct/2022:14:35:13 -0700] "GET /index.php/camp-fire/39815072.html HTTP/1.1" 500 - "-" "Mozilla/5.0 (compatible; SemrushBot/7~bl; +http://www.semrush.com/bot.html)" "mantech8.com"
185.191.171.45 - - [17/Oct/2022:14:35:23 -0700] "GET /index.php/camp-fire/28816535.html HTTP/1.1" 500 - "-" "Mozilla/5.0 (compatible; SemrushBot/7~bl; +http://www.semrush.com/bot.html)" "mantech8.com"
185.191.171.33 - - [17/Oct/2022:14:36:26 -0700] "GET /index.php/camp-fire/52834397.html HTTP/1.1" 500 - "-" "Mozilla/5.0 (compatible; SemrushBot/7~bl; +http://www.semrush.com/bot.html)" "mantech8.com"
185.191.171.8 - - [17/Oct/2022:14:37:37 -0700] "GET /robots.txt HTTP/1.1" 200 106 "-" "Mozilla/5.0 (compatible; SemrushBot/7~bl; +http://www.semrush.com/bot.html)" "mantech8.com"
185.191.171.13 - - [17/Oct/2022:14:37:38 -0700] "GET /index.php/camp-fire/7802942.html HTTP/1.1" 500 - "-" "Mozilla/5.0 (compatible; SemrushBot/7~bl; +http://www.semrush.com/bot.html)" "mantech8.com"
185.191.171.5 - - [17/Oct/2022:14:38:06 -0700] "GET /index.php/camp-fire/4771555.html HTTP/1.1" 500 - "-" "Mozilla/5.0 (compatible; SemrushBot/7~bl; +http://www.semrush.com/bot.html)" "mantech8.com"
66.249.66.95 - - [17/Oct/2022:14:39:19 -0700] "GET /fine-tune.xml HTTP/1.1" 404 88 "-" "Mozilla/5.0 (compatible; Googlebot/2.1; +http://www.google.com/bot.html)" "mantech8.com"
185.191.171.23 - - [17/Oct/2022:14:39:23 -0700] "GET /index.php/camp-fire/28442964.html HTTP/1.1" 500 - "-" "Mozilla/5.0 (compatible; SemrushBot/7~bl; +http://www.semrush.com/bot.html)" "mantech8.com"
185.191.171.39 - - [17/Oct/2022:14:39:37 -0700] "GET /index.php/camp-fire/28339435.html HTTP/1.1" 500 - "-" "Mozilla/5.0 (compatible; SemrushBot/7~bl; +http://www.semrush.com/bot.html)" "mantech8.com"
185.191.171.13 - - [17/Oct/2022:14:40:14 -0700] "GET /index.php/camp-fire/25147906.html HTTP/1.1" 500 - "-" "Mozilla/5.0 (compatible; SemrushBot/7~bl; +http://www.semrush.com/bot.html)" "mantech8.com"
185.191.171.16 - - [17/Oct/2022:14:42:02 -0700] "GET /index.php/camp-fire/37044378.html HTTP/1.1" 500 - "-" "Mozilla/5.0 (compatible; SemrushBot/7~bl; +http://www.semrush.com/bot.html)" "mantech8.com"
185.191.171.5 - - [17/Oct/2022:14:42:06 -0700] "GET /index.php/camp-fire/43094592.html HTTP/1.1" 500 - "-" "Mozilla/5.0 (compatible; SemrushBot/7~bl; +http://www.semrush.com/bot.html)" "mantech8.com"
185.191.171.6 - - [17/Oct/2022:14:42:40 -0700] "GET /index.php/camp-fire/32674633.html HTTP/1.1" 500 - "-" "Mozilla/5.0 (compatible; SemrushBot/7~bl; +http://www.semrush.com/bot.html)" "mantech8.com"
185.191.171.14 - - [17/Oct/2022:14:43:46 -0700] "GET /index.php/camp-fire/39340772.html HTTP/1.1" 500 - "-" "Mozilla/5.0 (compatible; SemrushBot/7~bl; +http://www.semrush.com/bot.html)" "mantech8.com"
185.191.171.4 - - [17/Oct/2022:14:43:54 -0700] "GET /index.php/camp-fire/39903476.html HTTP/1.1" 500 - "-" "Mozilla/5.0 (compatible; SemrushBot/7~bl; +http://www.semrush.com/bot.html)" "mantech8.com"
216.244.66.241 - - [17/Oct/2022:14:44:03 -0700] "GET /robots.txt HTTP/1.1" 200 222 "-" "Mozilla/5.0 (compatible; DotBot/1.2; +https://opensiteexplorer.org/dotbot; help@moz.com)" "mantech8.com"
216.244.66.241 - - [17/Oct/2022:14:44:03 -0700] "GET /robots.txt HTTP/1.1" 200 222 "-" "Mozilla/5.0 (compatible; DotBot/1.2; +https://opensiteexplorer.org/dotbot; help@moz.com)" "www.mantech8.com"
185.191.171.1 - - [17/Oct/2022:14:44:34 -0700] "GET /index.php/camp-fire/31181006.html HTTP/1.1" 500 - "-" "Mozilla/5.0 (compatible; SemrushBot/7~bl; +http://www.semrush.com/bot.html)" "mantech8.com"
185.191.171.6 - - [17/Oct/2022:14:44:49 -0700] "GET /index.php/camp-fire/45431578.html HTTP/1.1" 500 - "-" "Mozilla/5.0 (compatible; SemrushBot/7~bl; +http://www.semrush.com/bot.html)" "mantech8.com"
185.191.171.22 - - [17/Oct/2022:14:45:04 -0700] "GET /index.php/camp-fire/32565768.html HTTP/1.1" 500 - "-" "Mozilla/5.0 (compatible; SemrushBot/7~bl; +http://www.semrush.com/bot.html)" "mantech8.com"
185.191.171.9 - - [17/Oct/2022:14:46:28 -0700] "GET /index.php/camp-fire/39054535.html HTTP/1.1" 500 - "-" "Mozilla/5.0 (compatible; SemrushBot/7~bl; +http://www.semrush.com/bot.html)" "mantech8.com"
185.191.171.15 - - [17/Oct/2022:14:46:32 -0700] "GET /index.php/camp-fire/41373393.html HTTP/1.1" 500 - "-" "Mozilla/5.0 (compatible; SemrushBot/7~bl; +http://www.semrush.com/bot.html)" "mantech8.com"
42.83.147.34 - - [17/Oct/2022:14:46:35 -0700] "GET / HTTP/1.1" 500 - "-" "Mozilla/5.0 (Windows NT 6.1; Win64; x64) AppleWebKit/537.36 (KHTML, like Gecko)Chrome/74.0.3729.169 Safari/537.36" "mantech8.com"
114.119.133.165 - - [17/Oct/2022:14:46:37 -0700] "GET /psammo.xml HTTP/1.1" 404 88 "-" "Mozilla/5.0 (compatible;PetalBot;+https://webmaster.petalsearch.com/site/petalbot)" "mantech8.com"
185.191.171.40 - - [17/Oct/2022:14:46:51 -0700] "GET /index.php/camp-fire/24011883.html HTTP/1.1" 500 - "-" "Mozilla/5.0 (compatible; SemrushBot/7~bl; +http://www.semrush.com/bot.html)" "mantech8.com"
185.191.171.14 - - [17/Oct/2022:14:47:50 -0700] "GET /index.php/camp-fire/33678616.html HTTP/1.1" 500 - "-" "Mozilla/5.0 (compatible; SemrushBot/7~bl; +http://www.semrush.com/bot.html)" "mantech8.com"
185.191.171.26 - - [17/Oct/2022:14:48:09 -0700] "GET /index.php/camp-fire/32577160.html HTTP/1.1" 500 - "-" "Mozilla/5.0 (compatible; SemrushBot/7~bl; +http://www.semrush.com/bot.html)" "mantech8.com"
185.191.171.14 - - [17/Oct/2022:14:50:51 -0700] "GET /index.php/camp-fire/31950183.html HTTP/1.1" 500 - "-" "Mozilla/5.0 (compatible; SemrushBot/7~bl; +http://www.semrush.com/bot.html)" "mantech8.com"
185.191.171.16 - - [17/Oct/2022:14:51:41 -0700] "GET /index.php/camp-fire/42543371.html HTTP/1.1" 500 - "-" "Mozilla/5.0 (compatible; SemrushBot/7~bl; +http://www.semrush.com/bot.html)" "mantech8.com"
77.75.79.31 - - [17/Oct/2022:14:52:42 -0700] "GET /sitemapindex.xml HTTP/1.1" 404 88 "-" "Mozilla/5.0 (compatible; SeznamBot/4.0-RC1; +http://napoveda.seznam.cz/seznambot-intro/)" "mantech8.com"
185.191.171.10 - - [17/Oct/2022:14:53:02 -0700] "GET /index.php/camp-fire/3093393.html HTTP/1.1" 500 - "-" "Mozilla/5.0 (compatible; SemrushBot/7~bl; +http://www.semrush.com/bot.html)" "mantech8.com"
185.191.171.35 - - [17/Oct/2022:14:53:11 -0700] "GET /index.php/camp-fire/50290834.html HTTP/1.1" 500 - "-" "Mozilla/5.0 (compatible; SemrushBot/7~bl; +http://www.semrush.com/bot.html)" "mantech8.com"
194.36.97.251 - - [17/Oct/2022:14:53:16 -0700] "GET / HTTP/1.1" 500 - "-" "Mozilla/5.0 (Windows NT 10.0; WOW64) AppleWebKit/537.36 (KHTML, like Gecko) Chrome/103.0.0.0 Safari/537.36" "mantech8.com"
209.127.28.173 - - [17/Oct/2022:14:53:17 -0700] "GET / HTTP/1.1" 500 - "-" "Mozilla/5.0 (Windows NT 10.0; WOW64) AppleWebKit/537.36 (KHTML, like Gecko) Chrome/103.0.0.0 Safari/537.36" "mantech8.com"
209.127.28.236 - - [17/Oct/2022:14:53:17 -0700] "GET / HTTP/1.1" 500 - "-" "Mozilla/5.0 (Windows NT 10.0; WOW64) AppleWebKit/537.36 (KHTML, like Gecko) Chrome/103.0.0.0 Safari/537.36" "mantech8.com"
185.191.171.23 - - [17/Oct/2022:14:53:24 -0700] "GET /index.php/camp-fire/27672109.html HTTP/1.1" 500 - "-" "Mozilla/5.0 (compatible; SemrushBot/7~bl; +http://www.semrush.com/bot.html)" "mantech8.com"
185.191.171.15 - - [17/Oct/2022:14:53:46 -0700] "GET /index.php/camp-fire/7628708.html HTTP/1.1" 500 - "-" "Mozilla/5.0 (compatible; SemrushBot/7~bl; +http://www.semrush.com/bot.html)" "mantech8.com"
185.191.171.22 - - [17/Oct/2022:14:53:48 -0700] "GET /index.php/camp-fire/28226782.html HTTP/1.1" 500 - "-" "Mozilla/5.0 (compatible; SemrushBot/7~bl; +http://www.semrush.com/bot.html)" "mantech8.com"
185.191.171.34 - - [17/Oct/2022:14:55:29 -0700] "GET /index.php/camp-fire/40980050.html HTTP/1.1" 500 - "-" "Mozilla/5.0 (compatible; SemrushBot/7~bl; +http://www.semrush.com/bot.html)" "mantech8.com"
185.191.171.15 - - [17/Oct/2022:14:55:39 -0700] "GET /index.php/camp-fire/38347272.html HTTP/1.1" 500 - "-" "Mozilla/5.0 (compatible; SemrushBot/7~bl; +http://www.semrush.com/bot.html)" "mantech8.com"
185.191.171.39 - - [17/Oct/2022:14:56:08 -0700] "GET /index.php/camp-fire/493569.html HTTP/1.1" 500 - "-" "Mozilla/5.0 (compatible; SemrushBot/7~bl; +http://www.semrush.com/bot.html)" "mantech8.com"
114.119.133.165 - - [17/Oct/2022:14:56:25 -0700] "GET /index.php?sitemap5.xml HTTP/1.1" 200 289325 "-" "Mozilla/5.0 (Linux; Android 7.0;) AppleWebKit/537.36 (KHTML, like Gecko) Mobile Safari/537.36 (compatible; PetalBot;+https://webmaster.petalsearch.com/site/petalbot)" "mantech8.com"
207.46.13.184 - - [17/Oct/2022:14:57:14 -0700] "GET /bimages/tank/sh1.jpg HTTP/1.1" 200 138317 "-" "Mozilla/5.0 (compatible; bingbot/2.0; +http://www.bing.com/bingbot.htm)" "mantech8.com"
185.191.171.8 - - [17/Oct/2022:14:57:33 -0700] "GET /index.php/camp-fire/9675483.html HTTP/1.1" 500 - "-" "Mozilla/5.0 (compatible; SemrushBot/7~bl; +http://www.semrush.com/bot.html)" "mantech8.com"
185.191.171.41 - - [17/Oct/2022:14:58:49 -0700] "GET /index.php/camp-fire/16556296.html HTTP/1.1" 500 - "-" "Mozilla/5.0 (compatible; SemrushBot/7~bl; +http://www.semrush.com/bot.html)" "mantech8.com"
185.191.171.41 - - [17/Oct/2022:15:00:06 -0700] "GET /index.php/camp-fire/6110453.html HTTP/1.1" 500 - "-" "Mozilla/5.0 (compatible; SemrushBot/7~bl; +http://www.semrush.com/bot.html)" "mantech8.com"
185.191.171.2 - - [17/Oct/2022:15:00:15 -0700] "GET /index.php/camp-fire/27287270.html HTTP/1.1" 500 - "-" "Mozilla/5.0 (compatible; SemrushBot/7~bl; +http://www.semrush.com/bot.html)" "mantech8.com"
185.191.171.2 - - [17/Oct/2022:15:00:24 -0700] "GET /index.php/camp-fire/24640230.html HTTP/1.1" 500 - "-" "Mozilla/5.0 (compatible; SemrushBot/7~bl; +http://www.semrush.com/bot.html)" "mantech8.com"
185.191.171.15 - - [17/Oct/2022:15:01:00 -0700] "GET /index.php/camp-fire/36656260.html HTTP/1.1" 500 - "-" "Mozilla/5.0 (compatible; SemrushBot/7~bl; +http://www.semrush.com/bot.html)" "mantech8.com"
185.191.171.18 - - [17/Oct/2022:15:01:17 -0700] "GET /index.php/camp-fire/17015876.html HTTP/1.1" 500 - "-" "Mozilla/5.0 (compatible; SemrushBot/7~bl; +http://www.semrush.com/bot.html)" "mantech8.com"
185.191.171.23 - - [17/Oct/2022:15:01:49 -0700] "GET /index.php/camp-fire/17644927.html HTTP/1.1" 500 - "-" "Mozilla/5.0 (compatible; SemrushBot/7~bl; +http://www.semrush.com/bot.html)" "mantech8.com"
185.191.171.21 - - [17/Oct/2022:15:03:09 -0700] "GET /index.php/camp-fire/28754189.html HTTP/1.1" 500 - "-" "Mozilla/5.0 (compatible; SemrushBot/7~bl; +http://www.semrush.com/bot.html)" "mantech8.com"
185.191.171.1 - - [17/Oct/2022:15:03:40 -0700] "GET /index.php/camp-fire/37532678.html HTTP/1.1" 500 - "-" "Mozilla/5.0 (compatible; SemrushBot/7~bl; +http://www.semrush.com/bot.html)" "mantech8.com"
185.191.171.35 - - [17/Oct/2022:15:05:03 -0700] "GET /index.php/camp-fire/32481968.html HTTP/1.1" 500 - "-" "Mozilla/5.0 (compatible; SemrushBot/7~bl; +http://www.semrush.com/bot.html)" "mantech8.com"
185.191.171.8 - - [17/Oct/2022:15:05:05 -0700] "GET /index.php/camp-fire/8038042.html HTTP/1.1" 500 - "-" "Mozilla/5.0 (compatible; SemrushBot/7~bl; +http://www.semrush.com/bot.html)" "mantech8.com"
185.191.171.19 - - [17/Oct/2022:15:05:14 -0700] "GET /index.php/camp-fire/28834266.html HTTP/1.1" 500 - "-" "Mozilla/5.0 (compatible; SemrushBot/7~bl; +http://www.semrush.com/bot.html)" "mantech8.com"
185.191.171.43 - - [17/Oct/2022:15:05:30 -0700] "GET /index.php/camp-fire/38154278.html HTTP/1.1" 500 - "-" "Mozilla/5.0 (compatible; SemrushBot/7~bl; +http://www.semrush.com/bot.html)" "mantech8.com"
185.191.171.1 - - [17/Oct/2022:15:05:34 -0700] "GET /index.php/camp-fire/33225516.html HTTP/1.1" 500 - "-" "Mozilla/5.0 (compatible; SemrushBot/7~bl; +http://www.semrush.com/bot.html)" "mantech8.com"
185.191.171.34 - - [17/Oct/2022:15:06:04 -0700] "GET /index.php/camp-fire/17043208.html HTTP/1.1" 500 - "-" "Mozilla/5.0 (compatible; SemrushBot/7~bl; +http://www.semrush.com/bot.html)" "mantech8.com"
185.191.171.1 - - [17/Oct/2022:15:07:04 -0700] "GET /index.php/camp-fire/38064208.html HTTP/1.1" 500 - "-" "Mozilla/5.0 (compatible; SemrushBot/7~bl; +http://www.semrush.com/bot.html)" "mantech8.com"
185.191.171.3 - - [17/Oct/2022:15:09:13 -0700] "GET /index.php/camp-fire/30868964.html HTTP/1.1" 500 - "-" "Mozilla/5.0 (compatible; SemrushBot/7~bl; +http://www.semrush.com/bot.html)" "mantech8.com"
185.191.171.16 - - [17/Oct/2022:15:09:27 -0700] "GET /index.php/camp-fire/27296397.html HTTP/1.1" 500 - "-" "Mozilla/5.0 (compatible; SemrushBot/7~bl; +http://www.semrush.com/bot.html)" "mantech8.com"
185.191.171.35 - - [17/Oct/2022:15:10:59 -0700] "GET /index.php/camp-fire/30707089.html HTTP/1.1" 500 - "-" "Mozilla/5.0 (compatible; SemrushBot/7~bl; +http://www.semrush.com/bot.html)" "mantech8.com"
185.191.171.11 - - [17/Oct/2022:15:11:11 -0700] "GET /index.php/camp-fire/39973076.html HTTP/1.1" 500 - "-" "Mozilla/5.0 (compatible; SemrushBot/7~bl; +http://www.semrush.com/bot.html)" "mantech8.com"
185.191.171.2 - - [17/Oct/2022:15:11:58 -0700] "GET /index.php/camp-fire/57739535.html HTTP/1.1" 500 - "-" "Mozilla/5.0 (compatible; SemrushBot/7~bl; +http://www.semrush.com/bot.html)" "mantech8.com"
185.191.171.24 - - [17/Oct/2022:15:12:23 -0700] "GET /index.php/camp-fire/8317921.html HTTP/1.1" 500 - "-" "Mozilla/5.0 (compatible; SemrushBot/7~bl; +http://www.semrush.com/bot.html)" "mantech8.com"
185.191.171.1 - - [17/Oct/2022:15:13:02 -0700] "GET /index.php/camp-fire/9125942.html HTTP/1.1" 500 - "-" "Mozilla/5.0 (compatible; SemrushBot/7~bl; +http://www.semrush.com/bot.html)" "mantech8.com"
185.191.171.21 - - [17/Oct/2022:15:13:04 -0700] "GET /index.php/camp-fire/29508735.html HTTP/1.1" 500 - "-" "Mozilla/5.0 (compatible; SemrushBot/7~bl; +http://www.semrush.com/bot.html)" "mantech8.com"
185.191.171.14 - - [17/Oct/2022:15:13:37 -0700] "GET /index.php/camp-fire/14759024.html HTTP/1.1" 500 - "-" "Mozilla/5.0 (compatible; SemrushBot/7~bl; +http://www.semrush.com/bot.html)" "mantech8.com"
185.191.171.43 - - [17/Oct/2022:15:13:55 -0700] "GET /index.php/camp-fire/37038778.html HTTP/1.1" 500 - "-" "Mozilla/5.0 (compatible; SemrushBot/7~bl; +http://www.semrush.com/bot.html)" "mantech8.com"
40.77.167.68 - - [17/Oct/2022:15:14:08 -0700] "GET /bimages/gallery/thump/sb3.jpg HTTP/1.1" 200 137839 "-" "Mozilla/5.0 (compatible; bingbot/2.0; +http://www.bing.com/bingbot.htm)" "mantech8.com"
185.191.171.21 - - [17/Oct/2022:15:15:23 -0700] "GET /index.php/camp-fire/32416550.html HTTP/1.1" 500 - "-" "Mozilla/5.0 (compatible; SemrushBot/7~bl; +http://www.semrush.com/bot.html)" "mantech8.com"
185.191.171.17 - - [17/Oct/2022:15:15:25 -0700] "GET /index.php/camp-fire/3935874.html HTTP/1.1" 500 - "-" "Mozilla/5.0 (compatible; SemrushBot/7~bl; +http://www.semrush.com/bot.html)" "mantech8.com"
185.191.171.15 - - [17/Oct/2022:15:15:56 -0700] "GET /index.php/camp-fire/28640097.html HTTP/1.1" 500 - "-" "Mozilla/5.0 (compatible; SemrushBot/7~bl; +http://www.semrush.com/bot.html)" "mantech8.com"
185.191.171.5 - - [17/Oct/2022:15:15:57 -0700] "GET /index.php/camp-fire/73780296.html HTTP/1.1" 500 - "-" "Mozilla/5.0 (compatible; SemrushBot/7~bl; +http://www.semrush.com/bot.html)" "mantech8.com"
185.191.171.33 - - [17/Oct/2022:15:16:27 -0700] "GET /index.php/camp-fire/84343072.html HTTP/1.1" 500 - "-" "Mozilla/5.0 (compatible; SemrushBot/7~bl; +http://www.semrush.com/bot.html)" "mantech8.com"
185.191.171.23 - - [17/Oct/2022:15:16:46 -0700] "GET /index.php/camp-fire/30078971.html HTTP/1.1" 500 - "-" "Mozilla/5.0 (compatible; SemrushBot/7~bl; +http://www.semrush.com/bot.html)" "mantech8.com"
64.38.186.50 - - [17/Oct/2022:15:17:19 -0700] "GET /contact.php HTTP/1.1" 200 29238 "http://mantech8.com/contact.php" "Mozilla/5.0 (Windows NT 6.1; Win64; x64) AppleWebKit/537.36 (KHTML, like Gecko) Chrome/90.0.4430.85 Safari/537.36" "mantech8.com"
64.38.186.50 - - [17/Oct/2022:15:17:21 -0700] "POST /mailer.php HTTP/1.1" 500 - "http://mantech8.com/contact.php" "Mozilla/5.0 (Windows NT 6.1; Win64; x64) AppleWebKit/537.36 (KHTML, like Gecko) Chrome/90.0.4430.85 Safari/537.36" "mantech8.com"
66.249.66.95 - - [17/Oct/2022:15:20:14 -0700] "GET /sitemap4.xml HTTP/1.1" 404 88 "-" "Mozilla/5.0 (compatible; Googlebot/2.1; +http://www.google.com/bot.html)" "mantech8.com"
185.191.171.26 - - [17/Oct/2022:15:20:24 -0700] "GET /index.php/camp-fire/33024825.html HTTP/1.1" 500 - "-" "Mozilla/5.0 (compatible; SemrushBot/7~bl; +http://www.semrush.com/bot.html)" "mantech8.com"
185.191.171.12 - - [17/Oct/2022:15:20:33 -0700] "GET /index.php/camp-fire/27885759.html HTTP/1.1" 500 - "-" "Mozilla/5.0 (compatible; SemrushBot/7~bl; +http://www.semrush.com/bot.html)" "mantech8.com"
185.191.171.34 - - [17/Oct/2022:15:21:01 -0700] "GET /index.php/camp-fire/26067951.html HTTP/1.1" 500 - "-" "Mozilla/5.0 (compatible; SemrushBot/7~bl; +http://www.semrush.com/bot.html)" "mantech8.com"
185.191.171.4 - - [17/Oct/2022:15:21:27 -0700] "GET /index.php/camp-fire/26107982.html HTTP/1.1" 500 - "-" "Mozilla/5.0 (compatible; SemrushBot/7~bl; +http://www.semrush.com/bot.html)" "mantech8.com"
114.119.133.166 - - [17/Oct/2022:15:21:45 -0700] "GET /?sitemap-index-1.xml HTTP/1.1" 200 4268 "-" "Mozilla/5.0 (Linux; Android 7.0;) AppleWebKit/537.36 (KHTML, like Gecko) Mobile Safari/537.36 (compatible; PetalBot;+https://webmaster.petalsearch.com/site/petalbot)" "mantech8.com"
185.191.171.13 - - [17/Oct/2022:15:22:49 -0700] "GET /index.php/camp-fire/41306630.html HTTP/1.1" 500 - "-" "Mozilla/5.0 (compatible; SemrushBot/7~bl; +http://www.semrush.com/bot.html)" "mantech8.com"
185.191.171.44 - - [17/Oct/2022:15:22:57 -0700] "GET /index.php/camp-fire/9697483.html HTTP/1.1" 500 - "-" "Mozilla/5.0 (compatible; SemrushBot/7~bl; +http://www.semrush.com/bot.html)" "mantech8.com"
185.191.171.7 - - [17/Oct/2022:15:23:31 -0700] "GET /index.php/camp-fire/300298.html HTTP/1.1" 500 - "-" "Mozilla/5.0 (compatible; SemrushBot/7~bl; +http://www.semrush.com/bot.html)" "mantech8.com"
185.191.171.8 - - [17/Oct/2022:15:23:33 -0700] "GET /index.php/camp-fire/4785555.html HTTP/1.1" 500 - "-" "Mozilla/5.0 (compatible; SemrushBot/7~bl; +http://www.semrush.com/bot.html)" "mantech8.com"
185.191.171.8 - - [17/Oct/2022:15:24:44 -0700] "GET /index.php/camp-fire/28238335.html HTTP/1.1" 500 - "-" "Mozilla/5.0 (compatible; SemrushBot/7~bl; +http://www.semrush.com/bot.html)" "mantech8.com"
185.191.171.1 - - [17/Oct/2022:15:24:46 -0700] "GET /index.php/camp-fire/42150934.html HTTP/1.1" 500 - "-" "Mozilla/5.0 (compatible; SemrushBot/7~bl; +http://www.semrush.com/bot.html)" "mantech8.com"
185.191.171.17 - - [17/Oct/2022:15:25:33 -0700] "GET /index.php/camp-fire/31148721.html HTTP/1.1" 500 - "-" "Mozilla/5.0 (compatible; SemrushBot/7~bl; +http://www.semrush.com/bot.html)" "mantech8.com"
207.46.13.205 - - [17/Oct/2022:15:26:33 -0700] "GET /sitemapnewindex.xml HTTP/1.1" 404 88 "-" "Mozilla/5.0 AppleWebKit/537.36 (KHTML, like Gecko; compatible; bingbot/2.0; +http://www.bing.com/bingbot.htm) Chrome/103.0.5060.134 Safari/537.36" "mantech8.com"
185.191.171.9 - - [17/Oct/2022:15:26:37 -0700] "GET /index.php/camp-fire/49965834.html HTTP/1.1" 500 - "-" "Mozilla/5.0 (compatible; SemrushBot/7~bl; +http://www.semrush.com/bot.html)" "mantech8.com"
207.46.13.70 - - [17/Oct/2022:15:26:38 -0700] "GET /sitemapmobileindex.xml HTTP/1.1" 404 88 "-" "Mozilla/5.0 (compatible; bingbot/2.0; +http://www.bing.com/bingbot.htm)" "mantech8.com"
