185.191.171.23 - - [16/Oct/2022:21:59:54 -0700] "GET /index.php/camp-fire/41391871.html HTTP/1.1" 500 - "-" "Mozilla/5.0 (compatible; SemrushBot/7~bl; +http://www.semrush.com/bot.html)" "mantech8.com"
185.191.171.39 - - [16/Oct/2022:22:00:57 -0700] "GET /index.php/camp-fire/5624490.html HTTP/1.1" 500 - "-" "Mozilla/5.0 (compatible; SemrushBot/7~bl; +http://www.semrush.com/bot.html)" "mantech8.com"
185.191.171.4 - - [16/Oct/2022:22:01:12 -0700] "GET /index.php/camp-fire/35692138.html HTTP/1.1" 500 - "-" "Mozilla/5.0 (compatible; SemrushBot/7~bl; +http://www.semrush.com/bot.html)" "mantech8.com"
185.191.171.25 - - [16/Oct/2022:22:01:48 -0700] "GET /index.php/camp-fire/26158582.html HTTP/1.1" 500 - "-" "Mozilla/5.0 (compatible; SemrushBot/7~bl; +http://www.semrush.com/bot.html)" "mantech8.com"
185.191.171.26 - - [16/Oct/2022:22:02:18 -0700] "GET /index.php/camp-fire/3245098.html HTTP/1.1" 500 - "-" "Mozilla/5.0 (compatible; SemrushBot/7~bl; +http://www.semrush.com/bot.html)" "mantech8.com"
185.191.171.9 - - [16/Oct/2022:22:02:20 -0700] "GET /index.php/camp-fire/89039956.html HTTP/1.1" 500 - "-" "Mozilla/5.0 (compatible; SemrushBot/7~bl; +http://www.semrush.com/bot.html)" "mantech8.com"
185.191.171.37 - - [16/Oct/2022:22:03:04 -0700] "GET /index.php/camp-fire/30675855.html HTTP/1.1" 500 - "-" "Mozilla/5.0 (compatible; SemrushBot/7~bl; +http://www.semrush.com/bot.html)" "mantech8.com"
216.244.66.241 - - [16/Oct/2022:22:03:13 -0700] "GET /robots.txt HTTP/1.1" 200 222 "-" "Mozilla/5.0 (compatible; DotBot/1.2; +https://opensiteexplorer.org/dotbot; help@moz.com)" "www.mantech8.com"
216.244.66.241 - - [16/Oct/2022:22:03:13 -0700] "GET /robots.txt HTTP/1.1" 200 222 "-" "Mozilla/5.0 (compatible; DotBot/1.2; +https://opensiteexplorer.org/dotbot; help@moz.com)" "mantech8.com"
185.191.171.14 - - [16/Oct/2022:22:03:19 -0700] "GET /index.php/camp-fire/32543868.html HTTP/1.1" 500 - "-" "Mozilla/5.0 (compatible; SemrushBot/7~bl; +http://www.semrush.com/bot.html)" "mantech8.com"
185.191.171.10 - - [16/Oct/2022:22:03:52 -0700] "GET /index.php/camp-fire/38969117.html HTTP/1.1" 500 - "-" "Mozilla/5.0 (compatible; SemrushBot/7~bl; +http://www.semrush.com/bot.html)" "mantech8.com"
185.191.171.44 - - [16/Oct/2022:22:04:18 -0700] "GET /index.php/camp-fire/30536164.html HTTP/1.1" 500 - "-" "Mozilla/5.0 (compatible; SemrushBot/7~bl; +http://www.semrush.com/bot.html)" "mantech8.com"
185.191.171.7 - - [16/Oct/2022:22:04:48 -0700] "GET /index.php/camp-fire/42136234.html HTTP/1.1" 500 - "-" "Mozilla/5.0 (compatible; SemrushBot/7~bl; +http://www.semrush.com/bot.html)" "mantech8.com"
114.119.133.166 - - [16/Oct/2022:22:05:13 -0700] "GET /bimages/gallery/alfacgiapi/perl.alfa HTTP/1.1" 200 542 "http://mantech8.com/bimages/gallery/alfacgiapi/" "Mozilla/5.0 (Linux; Android 7.0;) AppleWebKit/537.36 (KHTML, like Gecko) Mobile Safari/537.36 (compatible; PetalBot;+https://webmaster.petalsearch.com/site/petalbot)" "mantech8.com"
185.191.171.25 - - [16/Oct/2022:22:05:34 -0700] "GET /index.php/camp-fire/31077141.html HTTP/1.1" 500 - "-" "Mozilla/5.0 (compatible; SemrushBot/7~bl; +http://www.semrush.com/bot.html)" "mantech8.com"
185.191.171.12 - - [16/Oct/2022:22:06:43 -0700] "GET /index.php/camp-fire/6429990.html HTTP/1.1" 500 - "-" "Mozilla/5.0 (compatible; SemrushBot/7~bl; +http://www.semrush.com/bot.html)" "mantech8.com"
185.191.171.13 - - [16/Oct/2022:22:07:17 -0700] "GET /index.php/camp-fire/26484451.html HTTP/1.1" 500 - "-" "Mozilla/5.0 (compatible; SemrushBot/7~bl; +http://www.semrush.com/bot.html)" "mantech8.com"
185.191.171.36 - - [16/Oct/2022:22:07:25 -0700] "GET /index.php/camp-fire/44171202.html HTTP/1.1" 500 - "-" "Mozilla/5.0 (compatible; SemrushBot/7~bl; +http://www.semrush.com/bot.html)" "mantech8.com"
185.191.171.36 - - [16/Oct/2022:22:08:03 -0700] "GET /index.php/camp-fire/27594771.html HTTP/1.1" 500 - "-" "Mozilla/5.0 (compatible; SemrushBot/7~bl; +http://www.semrush.com/bot.html)" "mantech8.com"
185.191.171.11 - - [16/Oct/2022:22:08:17 -0700] "GET /index.php/camp-fire/289798.html HTTP/1.1" 500 - "-" "Mozilla/5.0 (compatible; SemrushBot/7~bl; +http://www.semrush.com/bot.html)" "mantech8.com"
185.191.171.5 - - [16/Oct/2022:22:08:38 -0700] "GET /index.php/camp-fire/30562341.html HTTP/1.1" 500 - "-" "Mozilla/5.0 (compatible; SemrushBot/7~bl; +http://www.semrush.com/bot.html)" "mantech8.com"
185.191.171.37 - - [16/Oct/2022:22:10:04 -0700] "GET /index.php/camp-fire/36275525.html HTTP/1.1" 500 - "-" "Mozilla/5.0 (compatible; SemrushBot/7~bl; +http://www.semrush.com/bot.html)" "mantech8.com"
185.191.171.33 - - [16/Oct/2022:22:10:11 -0700] "GET /index.php/camp-fire/25956576.html HTTP/1.1" 500 - "-" "Mozilla/5.0 (compatible; SemrushBot/7~bl; +http://www.semrush.com/bot.html)" "mantech8.com"
207.46.13.70 - - [16/Oct/2022:22:10:15 -0700] "GET /bimages/gallery/p7.jpg HTTP/1.1" 200 64854 "-" "Mozilla/5.0 (compatible; bingbot/2.0; +http://www.bing.com/bingbot.htm)" "mantech8.com"
207.46.13.184 - - [16/Oct/2022:22:10:16 -0700] "GET /bimages/cleang/thump/c3.jpg HTTP/1.1" 200 106010 "-" "Mozilla/5.0 (compatible; bingbot/2.0; +http://www.bing.com/bingbot.htm)" "www.mantech8.com"
114.119.133.165 - - [16/Oct/2022:22:11:23 -0700] "GET /?unpower.xml HTTP/1.1" 200 270432 "-" "Mozilla/5.0 (Linux; Android 7.0;) AppleWebKit/537.36 (KHTML, like Gecko) Mobile Safari/537.36 (compatible; PetalBot;+https://webmaster.petalsearch.com/site/petalbot)" "mantech8.com"
185.191.171.15 - - [16/Oct/2022:22:12:06 -0700] "GET /index.php/camp-fire/27259282.html HTTP/1.1" 500 - "-" "Mozilla/5.0 (compatible; SemrushBot/7~bl; +http://www.semrush.com/bot.html)" "mantech8.com"
185.191.171.4 - - [16/Oct/2022:22:12:15 -0700] "GET /index.php/camp-fire/41514171.html HTTP/1.1" 500 - "-" "Mozilla/5.0 (compatible; SemrushBot/7~bl; +http://www.semrush.com/bot.html)" "mantech8.com"
185.191.171.36 - - [16/Oct/2022:22:12:48 -0700] "GET /index.php/camp-fire/28688871.html HTTP/1.1" 500 - "-" "Mozilla/5.0 (compatible; SemrushBot/7~bl; +http://www.semrush.com/bot.html)" "mantech8.com"
185.191.171.3 - - [16/Oct/2022:22:13:05 -0700] "GET /index.php/camp-fire/34105208.html HTTP/1.1" 500 - "-" "Mozilla/5.0 (compatible; SemrushBot/7~bl; +http://www.semrush.com/bot.html)" "mantech8.com"
185.191.171.19 - - [16/Oct/2022:22:13:16 -0700] "GET /index.php/camp-fire/30535264.html HTTP/1.1" 500 - "-" "Mozilla/5.0 (compatible; SemrushBot/7~bl; +http://www.semrush.com/bot.html)" "mantech8.com"
185.191.171.16 - - [16/Oct/2022:22:13:28 -0700] "GET /index.php/camp-fire/16983376.html HTTP/1.1" 500 - "-" "Mozilla/5.0 (compatible; SemrushBot/7~bl; +http://www.semrush.com/bot.html)" "mantech8.com"
207.46.13.70 - - [16/Oct/2022:22:14:07 -0700] "GET /camp-fire/31232713.html HTTP/1.1" 404 88 "-" "Mozilla/5.0 AppleWebKit/537.36 (KHTML, like Gecko; compatible; bingbot/2.0; +http://www.bing.com/bingbot.htm) Chrome/103.0.5060.134 Safari/537.36" "mantech8.com"
185.191.171.15 - - [16/Oct/2022:22:14:09 -0700] "GET /index.php/camp-fire/26076151.html HTTP/1.1" 500 - "-" "Mozilla/5.0 (compatible; SemrushBot/7~bl; +http://www.semrush.com/bot.html)" "mantech8.com"
185.191.171.8 - - [16/Oct/2022:22:15:27 -0700] "GET /index.php/camp-fire/50717441.html HTTP/1.1" 500 - "-" "Mozilla/5.0 (compatible; SemrushBot/7~bl; +http://www.semrush.com/bot.html)" "mantech8.com"
185.191.171.4 - - [16/Oct/2022:22:15:37 -0700] "GET /index.php/camp-fire/28465764.html HTTP/1.1" 500 - "-" "Mozilla/5.0 (compatible; SemrushBot/7~bl; +http://www.semrush.com/bot.html)" "mantech8.com"
185.191.171.18 - - [16/Oct/2022:22:15:41 -0700] "GET /index.php/camp-fire/8111008.html HTTP/1.1" 500 - "-" "Mozilla/5.0 (compatible; SemrushBot/7~bl; +http://www.semrush.com/bot.html)" "mantech8.com"
185.191.171.14 - - [16/Oct/2022:22:17:22 -0700] "GET /index.php/camp-fire/44390078.html HTTP/1.1" 500 - "-" "Mozilla/5.0 (compatible; SemrushBot/7~bl; +http://www.semrush.com/bot.html)" "mantech8.com"
114.119.133.165 - - [16/Oct/2022:22:17:32 -0700] "GET /bimages/paintg/?C=N%3BO%3DD HTTP/1.1" 200 497 "http://mantech8.com/bimages/paintg/?C=D%3BO%3DA" "Mozilla/5.0 (Linux; Android 7.0;) AppleWebKit/537.36 (KHTML, like Gecko) Mobile Safari/537.36 (compatible; PetalBot;+https://webmaster.petalsearch.com/site/petalbot)" "mantech8.com"
185.191.171.9 - - [16/Oct/2022:22:17:39 -0700] "GET /index.php/camp-fire/33546693.html HTTP/1.1" 500 - "-" "Mozilla/5.0 (compatible; SemrushBot/7~bl; +http://www.semrush.com/bot.html)" "mantech8.com"
185.191.171.9 - - [16/Oct/2022:22:18:21 -0700] "GET /index.php/camp-fire/43948026.html HTTP/1.1" 500 - "-" "Mozilla/5.0 (compatible; SemrushBot/7~bl; +http://www.semrush.com/bot.html)" "mantech8.com"
185.191.171.23 - - [16/Oct/2022:22:18:50 -0700] "GET /index.php/camp-fire/48072788.html HTTP/1.1" 500 - "-" "Mozilla/5.0 (compatible; SemrushBot/7~bl; +http://www.semrush.com/bot.html)" "mantech8.com"
185.191.171.41 - - [16/Oct/2022:22:19:45 -0700] "GET /index.php/camp-fire/32723409.html HTTP/1.1" 500 - "-" "Mozilla/5.0 (compatible; SemrushBot/7~bl; +http://www.semrush.com/bot.html)" "mantech8.com"
185.191.171.9 - - [16/Oct/2022:22:19:51 -0700] "GET /index.php/camp-fire/40480803.html HTTP/1.1" 500 - "-" "Mozilla/5.0 (compatible; SemrushBot/7~bl; +http://www.semrush.com/bot.html)" "mantech8.com"
185.191.171.15 - - [16/Oct/2022:22:19:59 -0700] "GET /index.php/camp-fire/53672502.html HTTP/1.1" 500 - "-" "Mozilla/5.0 (compatible; SemrushBot/7~bl; +http://www.semrush.com/bot.html)" "mantech8.com"
185.191.171.37 - - [16/Oct/2022:22:20:20 -0700] "GET /index.php/camp-fire/41243688.html HTTP/1.1" 500 - "-" "Mozilla/5.0 (compatible; SemrushBot/7~bl; +http://www.semrush.com/bot.html)" "mantech8.com"
185.191.171.13 - - [16/Oct/2022:22:20:57 -0700] "GET /index.php/camp-fire/28212433.html HTTP/1.1" 500 - "-" "Mozilla/5.0 (compatible; SemrushBot/7~bl; +http://www.semrush.com/bot.html)" "mantech8.com"
185.191.171.7 - - [16/Oct/2022:22:21:30 -0700] "GET /index.php/camp-fire/45221778.html HTTP/1.1" 500 - "-" "Mozilla/5.0 (compatible; SemrushBot/7~bl; +http://www.semrush.com/bot.html)" "mantech8.com"
185.191.171.25 - - [16/Oct/2022:22:21:55 -0700] "GET /index.php/camp-fire/26686417.html HTTP/1.1" 500 - "-" "Mozilla/5.0 (compatible; SemrushBot/7~bl; +http://www.semrush.com/bot.html)" "mantech8.com"
185.191.171.33 - - [16/Oct/2022:22:22:14 -0700] "GET /index.php/camp-fire/41757659.html HTTP/1.1" 500 - "-" "Mozilla/5.0 (compatible; SemrushBot/7~bl; +http://www.semrush.com/bot.html)" "mantech8.com"
185.191.171.12 - - [16/Oct/2022:22:22:46 -0700] "GET /index.php/camp-fire/25967376.html HTTP/1.1" 500 - "-" "Mozilla/5.0 (compatible; SemrushBot/7~bl; +http://www.semrush.com/bot.html)" "mantech8.com"
114.119.133.166 - - [16/Oct/2022:22:23:41 -0700] "GET /bimages/paintg/thump/?C=S%3BO%3DA HTTP/1.1" 200 483 "http://www.mantech8.com/bimages/paintg/thump/?C=M%3BO%3DA" "Mozilla/5.0 (Linux; Android 7.0;) AppleWebKit/537.36 (KHTML, like Gecko) Mobile Safari/537.36 (compatible; PetalBot;+https://webmaster.petalsearch.com/site/petalbot)" "www.mantech8.com"
207.46.13.184 - - [16/Oct/2022:22:24:27 -0700] "GET /index.php?camp-fire/21512557.html HTTP/1.1" 200 73057 "-" "Mozilla/5.0 (compatible; bingbot/2.0; +http://www.bing.com/bingbot.htm)" "mantech8.com"
185.191.171.44 - - [16/Oct/2022:22:25:14 -0700] "GET /index.php/camp-fire/28115250.html HTTP/1.1" 500 - "-" "Mozilla/5.0 (compatible; SemrushBot/7~bl; +http://www.semrush.com/bot.html)" "mantech8.com"
185.191.171.16 - - [16/Oct/2022:22:25:42 -0700] "GET /index.php/camp-fire/40761459.html HTTP/1.1" 500 - "-" "Mozilla/5.0 (compatible; SemrushBot/7~bl; +http://www.semrush.com/bot.html)" "mantech8.com"
185.191.171.2 - - [16/Oct/2022:22:26:45 -0700] "GET /index.php/camp-fire/32834406.html HTTP/1.1" 500 - "-" "Mozilla/5.0 (compatible; SemrushBot/7~bl; +http://www.semrush.com/bot.html)" "mantech8.com"
34.69.251.130 - - [16/Oct/2022:22:26:45 -0700] "GET / HTTP/1.1" 500 - "-" "Mozilla/5.0 (X11; Linux x86_64) AppleWebKit/537.36 (KHTML, like Gecko) Chrome/61.0.3163.79 Safari/537.36" "mantech8.com"
34.69.251.130 - - [16/Oct/2022:22:26:47 -0700] "GET / HTTP/1.1" 500 - "-" "Mozilla/5.0 (X11; Linux x86_64) AppleWebKit/537.36 (KHTML, like Gecko) Chrome/61.0.3163.79 Safari/537.36" "mantech8.com"
185.191.171.11 - - [16/Oct/2022:22:27:02 -0700] "GET /index.php/camp-fire/48280503.html HTTP/1.1" 500 - "-" "Mozilla/5.0 (compatible; SemrushBot/7~bl; +http://www.semrush.com/bot.html)" "mantech8.com"
185.191.171.2 - - [16/Oct/2022:22:27:15 -0700] "GET /index.php/camp-fire/35052625.html HTTP/1.1" 500 - "-" "Mozilla/5.0 (compatible; SemrushBot/7~bl; +http://www.semrush.com/bot.html)" "mantech8.com"
185.191.171.20 - - [16/Oct/2022:22:27:16 -0700] "GET /index.php/camp-fire/3249498.html HTTP/1.1" 500 - "-" "Mozilla/5.0 (compatible; SemrushBot/7~bl; +http://www.semrush.com/bot.html)" "mantech8.com"
185.191.171.25 - - [16/Oct/2022:22:27:18 -0700] "GET /index.php/camp-fire/6493353.html HTTP/1.1" 500 - "-" "Mozilla/5.0 (compatible; SemrushBot/7~bl; +http://www.semrush.com/bot.html)" "mantech8.com"
185.191.171.14 - - [16/Oct/2022:22:28:04 -0700] "GET /index.php/camp-fire/36068050.html HTTP/1.1" 500 - "-" "Mozilla/5.0 (compatible; SemrushBot/7~bl; +http://www.semrush.com/bot.html)" "mantech8.com"
185.191.171.3 - - [16/Oct/2022:22:28:32 -0700] "GET /robots.txt HTTP/1.1" 200 106 "-" "Mozilla/5.0 (compatible; SemrushBot/7~bl; +http://www.semrush.com/bot.html)" "mantech8.com"
185.191.171.5 - - [16/Oct/2022:22:28:32 -0700] "GET /index.php/camp-fire/27592671.html HTTP/1.1" 500 - "-" "Mozilla/5.0 (compatible; SemrushBot/7~bl; +http://www.semrush.com/bot.html)" "mantech8.com"
185.251.3.135 - - [16/Oct/2022:22:28:51 -0700] "GET /contact.php HTTP/1.1" 200 29238 "-" "Mozilla/5.0 (Windows NT 10.0; WOW64) AppleWebKit/537.36 (KHTML, like Gecko) Chrome/103.0.0.0 Safari/537.36" "mantech8.com"
185.251.3.135 - - [16/Oct/2022:22:28:52 -0700] "GET /verificationimage.php?1928 HTTP/1.1" 200 1385 "http://mantech8.com/mailer.php" "Mozilla/5.0 (Windows NT 10.0; WOW64) AppleWebKit/537.36 (KHTML, like Gecko) Chrome/103.0.0.0 Safari/537.36" "mantech8.com"
185.251.3.135 - - [16/Oct/2022:22:28:52 -0700] "GET /mailer.php?name=Ranker+SEO&email=teresa.fay%40msn.com&phone=02.58.92.95.49&message=Hello%2C%C2%A0%0D%0A%0D%0AGreetings+from+Ranker+SEO.%0D%0A%0D%0AWant+to+know+the+secret+to+ranking+high+on+Google%3F%0D%0A%0D%0AWhy+SEO+Backlinks%3F%0D%0A%0D%0AThe+answer+is+to+give+authority+to+your+website.%0D%0A%0D%0AHow%3F+Creating+useful+SEO+backlinks%21%0D%0A%0D%0AWith+over+1%2C000%2B+completed+orders+in+SEO+services%2C+we+know+how+to+build+high-quality+backlinks+that+can+help+to+improve+your+website%27s+ranking+with+safe+and+efficient+off-page+link+building+techniques.%0D%0A%0D%0A%0D%0AWhat+will+you+get%3F%0D%0A%0D%0A1.+Contextual+Backlinks:+We%27ll+create+contextual+backlinks+with+some+related+content+about+your+niche.%0D%0A%0D%0A2.+Natural+and+Mixed+Methods:+100%25+dofollow%2C+but+nofollow+may+be+included+if+such+links+are+desired.%0D%0A%0D%0A3.+Efficient+Strategy:+As+you+know%2C+not+all+links+are+the+same.+You%27ll+receive+unique%2C+safe%2C+and+efficient+SEO+backlinks.%0D%0A%0D%0A4.+Safe+Anchor+Text:+In+addition+to+your+target+keywords%2C+I%27ll+use+diversified+anchor+text+such+as+URLs+and+generic+keywords.%0D%0A%0D%0A5.+High+Quality+Backlinks:+The+posts+will+be+placed+on+blogs+with+high+metrics.%0D%0A%0D%0AFor+real+proof%2C+you+can+visit+our+website+and+check+it+out.+Contact+us+for+more+details.%0D%0A%0D%0AOur+Skype+ID+is:+support%40ranker.one+Our+website+address+is:+https://www.ranker.one.%0D%0A%0D%0A%0D%0AThank+you+and+best+wishes.%0D%0ARanker+SEO%0D%0A%0D%0AIf+you+don%27t+wish+to+receive+our+messages%2C+you+can+unsubscribe+by+clicking+here:+https://www.ranker.one/unsubscribe/%3Fsite%3Dmantech8.com%0D%0A&verif_box=3832 HTTP/1.1" 500 - "http://mantech8.com/contact.php" "Mozilla/5.0 (Windows NT 10.0; WOW64) AppleWebKit/537.36 (KHTML, like Gecko) Chrome/103.0.0.0 Safari/537.36" "mantech8.com"
185.191.171.15 - - [16/Oct/2022:22:29:20 -0700] "GET /index.php/camp-fire/36404089.html HTTP/1.1" 500 - "-" "Mozilla/5.0 (compatible; SemrushBot/7~bl; +http://www.semrush.com/bot.html)" "mantech8.com"
114.119.133.190 - - [16/Oct/2022:22:29:56 -0700] "GET /index.php?camp-fire/22879838.html HTTP/1.1" 500 - "-" "Mozilla/5.0 (Linux; Android 7.0;) AppleWebKit/537.36 (KHTML, like Gecko) Mobile Safari/537.36 (compatible; PetalBot;+https://webmaster.petalsearch.com/site/petalbot)" "www.mantech8.com"
66.249.70.176 - - [16/Oct/2022:22:29:59 -0700] "GET /mekonium.xml HTTP/1.1" 404 88 "-" "Mozilla/5.0 (compatible; Googlebot/2.1; +http://www.google.com/bot.html)" "mantech8.com"
185.191.171.35 - - [16/Oct/2022:22:30:01 -0700] "GET /index.php/camp-fire/381398.html HTTP/1.1" 500 - "-" "Mozilla/5.0 (compatible; SemrushBot/7~bl; +http://www.semrush.com/bot.html)" "mantech8.com"
185.191.171.40 - - [16/Oct/2022:22:30:35 -0700] "GET /index.php/camp-fire/47276588.html HTTP/1.1" 500 - "-" "Mozilla/5.0 (compatible; SemrushBot/7~bl; +http://www.semrush.com/bot.html)" "mantech8.com"
185.191.171.1 - - [16/Oct/2022:22:31:59 -0700] "GET /index.php/camp-fire/35563964.html HTTP/1.1" 500 - "-" "Mozilla/5.0 (compatible; SemrushBot/7~bl; +http://www.semrush.com/bot.html)" "mantech8.com"
185.191.171.2 - - [16/Oct/2022:22:32:11 -0700] "GET /index.php/camp-fire/40820455.html HTTP/1.1" 500 - "-" "Mozilla/5.0 (compatible; SemrushBot/7~bl; +http://www.semrush.com/bot.html)" "mantech8.com"
185.191.171.38 - - [16/Oct/2022:22:32:55 -0700] "GET /index.php/camp-fire/28030226.html HTTP/1.1" 500 - "-" "Mozilla/5.0 (compatible; SemrushBot/7~bl; +http://www.semrush.com/bot.html)" "mantech8.com"
185.191.171.16 - - [16/Oct/2022:22:34:19 -0700] "GET /index.php/camp-fire/38871992.html HTTP/1.1" 500 - "-" "Mozilla/5.0 (compatible; SemrushBot/7~bl; +http://www.semrush.com/bot.html)" "mantech8.com"
185.191.171.4 - - [16/Oct/2022:22:34:31 -0700] "GET /index.php/camp-fire/40324450.html HTTP/1.1" 500 - "-" "Mozilla/5.0 (compatible; SemrushBot/7~bl; +http://www.semrush.com/bot.html)" "mantech8.com"
185.191.171.9 - - [16/Oct/2022:22:34:48 -0700] "GET /index.php/camp-fire/26785621.html HTTP/1.1" 500 - "-" "Mozilla/5.0 (compatible; SemrushBot/7~bl; +http://www.semrush.com/bot.html)" "mantech8.com"
185.191.171.39 - - [16/Oct/2022:22:35:32 -0700] "GET /index.php/camp-fire/27351670.html HTTP/1.1" 500 - "-" "Mozilla/5.0 (compatible; SemrushBot/7~bl; +http://www.semrush.com/bot.html)" "mantech8.com"
114.119.133.182 - - [16/Oct/2022:22:35:58 -0700] "GET /index.php/larges.xml HTTP/1.1" 200 289475 "-" "Mozilla/5.0 (Linux; Android 7.0;) AppleWebKit/537.36 (KHTML, like Gecko) Mobile Safari/537.36 (compatible; PetalBot;+https://webmaster.petalsearch.com/site/petalbot)" "mantech8.com"
185.191.171.15 - - [16/Oct/2022:22:36:17 -0700] "GET /index.php/camp-fire/37305350.html HTTP/1.1" 500 - "-" "Mozilla/5.0 (compatible; SemrushBot/7~bl; +http://www.semrush.com/bot.html)" "mantech8.com"
185.191.171.25 - - [16/Oct/2022:22:36:39 -0700] "GET /index.php/camp-fire/58565449.html HTTP/1.1" 500 - "-" "Mozilla/5.0 (compatible; SemrushBot/7~bl; +http://www.semrush.com/bot.html)" "mantech8.com"
185.191.171.2 - - [16/Oct/2022:22:37:12 -0700] "GET /index.php/camp-fire/28831365.html HTTP/1.1" 500 - "-" "Mozilla/5.0 (compatible; SemrushBot/7~bl; +http://www.semrush.com/bot.html)" "mantech8.com"
185.191.171.4 - - [16/Oct/2022:22:37:25 -0700] "GET /index.php/camp-fire/27538826.html HTTP/1.1" 500 - "-" "Mozilla/5.0 (compatible; SemrushBot/7~bl; +http://www.semrush.com/bot.html)" "mantech8.com"
185.191.171.44 - - [16/Oct/2022:22:38:23 -0700] "GET /index.php/camp-fire/24739565.html HTTP/1.1" 500 - "-" "Mozilla/5.0 (compatible; SemrushBot/7~bl; +http://www.semrush.com/bot.html)" "mantech8.com"
185.191.171.21 - - [16/Oct/2022:22:39:17 -0700] "GET /index.php/camp-fire/42030917.html HTTP/1.1" 500 - "-" "Mozilla/5.0 (compatible; SemrushBot/7~bl; +http://www.semrush.com/bot.html)" "mantech8.com"
185.191.171.40 - - [16/Oct/2022:22:39:30 -0700] "GET /index.php/camp-fire/35357021.html HTTP/1.1" 500 - "-" "Mozilla/5.0 (compatible; SemrushBot/7~bl; +http://www.semrush.com/bot.html)" "mantech8.com"
185.191.171.36 - - [16/Oct/2022:22:39:31 -0700] "GET /index.php/camp-fire/35284538.html HTTP/1.1" 500 - "-" "Mozilla/5.0 (compatible; SemrushBot/7~bl; +http://www.semrush.com/bot.html)" "mantech8.com"
185.191.171.24 - - [16/Oct/2022:22:40:59 -0700] "GET /index.php/camp-fire/32302771.html HTTP/1.1" 500 - "-" "Mozilla/5.0 (compatible; SemrushBot/7~bl; +http://www.semrush.com/bot.html)" "mantech8.com"
185.191.171.8 - - [16/Oct/2022:22:41:00 -0700] "GET /index.php/camp-fire/45871838.html HTTP/1.1" 500 - "-" "Mozilla/5.0 (compatible; SemrushBot/7~bl; +http://www.semrush.com/bot.html)" "mantech8.com"
185.191.171.12 - - [16/Oct/2022:22:41:04 -0700] "GET /index.php/camp-fire/28737264.html HTTP/1.1" 500 - "-" "Mozilla/5.0 (compatible; SemrushBot/7~bl; +http://www.semrush.com/bot.html)" "mantech8.com"
185.191.171.4 - - [16/Oct/2022:22:41:06 -0700] "GET /index.php/camp-fire/25986376.html HTTP/1.1" 500 - "-" "Mozilla/5.0 (compatible; SemrushBot/7~bl; +http://www.semrush.com/bot.html)" "mantech8.com"
185.191.171.12 - - [16/Oct/2022:22:42:04 -0700] "GET /index.php/camp-fire/9507721.html HTTP/1.1" 500 - "-" "Mozilla/5.0 (compatible; SemrushBot/7~bl; +http://www.semrush.com/bot.html)" "mantech8.com"
114.119.133.190 - - [16/Oct/2022:22:42:07 -0700] "GET /?umbilic.xml HTTP/1.1" 200 270469 "-" "Mozilla/5.0 (compatible;PetalBot;+https://webmaster.petalsearch.com/site/petalbot)" "mantech8.com"
40.77.167.68 - - [16/Oct/2022:22:42:13 -0700] "GET /?/staffblog/ev%E7%94%A8%E5%85%85%E9%9B%BB%E8%A8%AD%E5%82%99%E3%82%84v2h%E3%81%AE%E8%A3%9C%E5%8A%A9%E9%87%91%E3%81%AB%E3%81%A4%E3%81%84%E3%81%A6%E8%A7%A3%E8%AA%AC%EF%BC%81%E5%85%85%E9%9B%BB%E8%A8%AD%E5%82%99/ HTTP/1.1" 200 67864 "-" "Mozilla/5.0 AppleWebKit/537.36 (KHTML, like Gecko; compatible; bingbot/2.0; +http://www.bing.com/bingbot.htm) Chrome/103.0.5060.134 Safari/537.36" "mantech8.com"
185.191.171.39 - - [16/Oct/2022:22:42:16 -0700] "GET /index.php/camp-fire/41909602.html HTTP/1.1" 500 - "-" "Mozilla/5.0 (compatible; SemrushBot/7~bl; +http://www.semrush.com/bot.html)" "mantech8.com"
185.191.171.4 - - [16/Oct/2022:22:43:02 -0700] "GET /index.php/camp-fire/59157159.html HTTP/1.1" 500 - "-" "Mozilla/5.0 (compatible; SemrushBot/7~bl; +http://www.semrush.com/bot.html)" "mantech8.com"
185.191.171.45 - - [16/Oct/2022:22:43:35 -0700] "GET /index.php/camp-fire/3086378.html HTTP/1.1" 500 - "-" "Mozilla/5.0 (compatible; SemrushBot/7~bl; +http://www.semrush.com/bot.html)" "mantech8.com"
185.191.171.8 - - [16/Oct/2022:22:44:20 -0700] "GET /index.php/camp-fire/32837541.html HTTP/1.1" 500 - "-" "Mozilla/5.0 (compatible; SemrushBot/7~bl; +http://www.semrush.com/bot.html)" "mantech8.com"
185.191.171.22 - - [16/Oct/2022:22:44:27 -0700] "GET /index.php/camp-fire/25053306.html HTTP/1.1" 500 - "-" "Mozilla/5.0 (compatible; SemrushBot/7~bl; +http://www.semrush.com/bot.html)" "mantech8.com"
185.191.171.9 - - [16/Oct/2022:22:44:50 -0700] "GET /index.php/camp-fire/39025255.html HTTP/1.1" 500 - "-" "Mozilla/5.0 (compatible; SemrushBot/7~bl; +http://www.semrush.com/bot.html)" "mantech8.com"
185.191.171.6 - - [16/Oct/2022:22:45:39 -0700] "GET /index.php/camp-fire/33641868.html HTTP/1.1" 500 - "-" "Mozilla/5.0 (compatible; SemrushBot/7~bl; +http://www.semrush.com/bot.html)" "mantech8.com"
185.191.171.26 - - [16/Oct/2022:22:46:42 -0700] "GET /index.php/camp-fire/8114778.html HTTP/1.1" 500 - "-" "Mozilla/5.0 (compatible; SemrushBot/7~bl; +http://www.semrush.com/bot.html)" "mantech8.com"
185.191.171.10 - - [16/Oct/2022:22:47:17 -0700] "GET /index.php/camp-fire/3769372.html HTTP/1.1" 500 - "-" "Mozilla/5.0 (compatible; SemrushBot/7~bl; +http://www.semrush.com/bot.html)" "mantech8.com"
185.191.171.4 - - [16/Oct/2022:22:47:23 -0700] "GET /index.php/camp-fire/18983459.html HTTP/1.1" 500 - "-" "Mozilla/5.0 (compatible; SemrushBot/7~bl; +http://www.semrush.com/bot.html)" "mantech8.com"
185.191.171.15 - - [16/Oct/2022:22:47:51 -0700] "GET /index.php/camp-fire/4910655.html HTTP/1.1" 500 - "-" "Mozilla/5.0 (compatible; SemrushBot/7~bl; +http://www.semrush.com/bot.html)" "mantech8.com"
114.119.133.182 - - [16/Oct/2022:22:48:19 -0700] "GET /bimages/cleang/ HTTP/1.1" 200 505 "http://mantech8.com/bimages/cleang/thump/?C=N%3BO%3DD" "Mozilla/5.0 (Linux; Android 7.0;) AppleWebKit/537.36 (KHTML, like Gecko) Mobile Safari/537.36 (compatible; PetalBot;+https://webmaster.petalsearch.com/site/petalbot)" "mantech8.com"
185.191.171.23 - - [16/Oct/2022:22:48:23 -0700] "GET /index.php/camp-fire/29196763.html HTTP/1.1" 500 - "-" "Mozilla/5.0 (compatible; SemrushBot/7~bl; +http://www.semrush.com/bot.html)" "mantech8.com"
185.191.171.17 - - [16/Oct/2022:22:48:27 -0700] "GET /index.php/camp-fire/15495446.html HTTP/1.1" 500 - "-" "Mozilla/5.0 (compatible; SemrushBot/7~bl; +http://www.semrush.com/bot.html)" "mantech8.com"
185.191.171.21 - - [16/Oct/2022:22:49:04 -0700] "GET /index.php/camp-fire/49371803.html HTTP/1.1" 500 - "-" "Mozilla/5.0 (compatible; SemrushBot/7~bl; +http://www.semrush.com/bot.html)" "mantech8.com"
185.191.171.11 - - [16/Oct/2022:22:50:18 -0700] "GET /index.php/camp-fire/26381481.html HTTP/1.1" 500 - "-" "Mozilla/5.0 (compatible; SemrushBot/7~bl; +http://www.semrush.com/bot.html)" "mantech8.com"
185.191.171.39 - - [16/Oct/2022:22:50:53 -0700] "GET /index.php/camp-fire/38568403.html HTTP/1.1" 500 - "-" "Mozilla/5.0 (compatible; SemrushBot/7~bl; +http://www.semrush.com/bot.html)" "mantech8.com"
185.191.171.5 - - [16/Oct/2022:22:51:09 -0700] "GET /index.php/camp-fire/27599871.html HTTP/1.1" 500 - "-" "Mozilla/5.0 (compatible; SemrushBot/7~bl; +http://www.semrush.com/bot.html)" "mantech8.com"
207.46.13.70 - - [16/Oct/2022:22:51:09 -0700] "GET /bimages/hgallery/sh22.jpg HTTP/1.1" 200 178049 "-" "Mozilla/5.0 AppleWebKit/537.36 (KHTML, like Gecko; compatible; bingbot/2.0; +http://www.bing.com/bingbot.htm) Chrome/103.0.5060.134 Safari/537.36" "mantech8.com"
207.46.13.184 - - [16/Oct/2022:22:51:21 -0700] "GET /bimages/service/s444.jpg HTTP/1.1" 200 146149 "-" "Mozilla/5.0 AppleWebKit/537.36 (KHTML, like Gecko; compatible; bingbot/2.0; +http://www.bing.com/bingbot.htm) Chrome/103.0.5060.134 Safari/537.36" "www.mantech8.com"
66.249.64.243 - - [16/Oct/2022:22:51:43 -0700] "GET /ads.txt HTTP/1.1" 404 88 "-" "Mozilla/5.0 (compatible; Googlebot/2.1; +http://www.google.com/bot.html)" "www.mantech8.com"
185.191.171.14 - - [16/Oct/2022:22:52:26 -0700] "GET /index.php/camp-fire/27314397.html HTTP/1.1" 500 - "-" "Mozilla/5.0 (compatible; SemrushBot/7~bl; +http://www.semrush.com/bot.html)" "mantech8.com"
185.191.171.24 - - [16/Oct/2022:22:52:33 -0700] "GET /index.php/camp-fire/38247266.html HTTP/1.1" 500 - "-" "Mozilla/5.0 (compatible; SemrushBot/7~bl; +http://www.semrush.com/bot.html)" "mantech8.com"
185.191.171.18 - - [16/Oct/2022:22:52:54 -0700] "GET /index.php/camp-fire/40306950.html HTTP/1.1" 500 - "-" "Mozilla/5.0 (compatible; SemrushBot/7~bl; +http://www.semrush.com/bot.html)" "mantech8.com"
114.119.133.182 - - [16/Oct/2022:22:54:30 -0700] "GET /index.php/sitemap3209.xml HTTP/1.1" 200 289277 "-" "Mozilla/5.0 (Linux; Android 7.0;) AppleWebKit/537.36 (KHTML, like Gecko) Mobile Safari/537.36 (compatible; PetalBot;+https://webmaster.petalsearch.com/site/petalbot)" "mantech8.com"
185.191.171.4 - - [16/Oct/2022:22:55:18 -0700] "GET /index.php/camp-fire/43957908.html HTTP/1.1" 500 - "-" "Mozilla/5.0 (compatible; SemrushBot/7~bl; +http://www.semrush.com/bot.html)" "mantech8.com"
185.191.171.25 - - [16/Oct/2022:22:55:38 -0700] "GET /index.php/camp-fire/4577174.html HTTP/1.1" 500 - "-" "Mozilla/5.0 (compatible; SemrushBot/7~bl; +http://www.semrush.com/bot.html)" "mantech8.com"
185.191.171.2 - - [16/Oct/2022:22:55:40 -0700] "GET /index.php/camp-fire/37145878.html HTTP/1.1" 500 - "-" "Mozilla/5.0 (compatible; SemrushBot/7~bl; +http://www.semrush.com/bot.html)" "mantech8.com"
185.191.171.22 - - [16/Oct/2022:22:55:41 -0700] "GET /index.php/camp-fire/38828517.html HTTP/1.1" 500 - "-" "Mozilla/5.0 (compatible; SemrushBot/7~bl; +http://www.semrush.com/bot.html)" "mantech8.com"
34.142.211.173 - - [16/Oct/2022:22:55:51 -0700] "GET / HTTP/1.1" 500 - "-" "python-requests/2.28.1" "www.mantech8.com"
34.142.211.173 - - [16/Oct/2022:22:55:51 -0700] "GET / HTTP/1.1" 500 - "-" "python-requests/2.28.1" "www.mantech8.com"
185.191.171.8 - - [16/Oct/2022:22:56:55 -0700] "GET /index.php/camp-fire/33676208.html HTTP/1.1" 500 - "-" "Mozilla/5.0 (compatible; SemrushBot/7~bl; +http://www.semrush.com/bot.html)" "mantech8.com"
216.244.66.241 - - [16/Oct/2022:22:57:19 -0700] "GET /robots.txt HTTP/1.1" 200 222 "-" "Mozilla/5.0 (compatible; DotBot/1.2; +https://opensiteexplorer.org/dotbot; help@moz.com)" "www.mantech8.com"
216.244.66.241 - - [16/Oct/2022:22:57:19 -0700] "GET /robots.txt HTTP/1.1" 200 222 "-" "Mozilla/5.0 (compatible; DotBot/1.2; +https://opensiteexplorer.org/dotbot; help@moz.com)" "mantech8.com"
185.191.171.26 - - [16/Oct/2022:22:57:21 -0700] "GET /index.php/camp-fire/18294465.html HTTP/1.1" 500 - "-" "Mozilla/5.0 (compatible; SemrushBot/7~bl; +http://www.semrush.com/bot.html)" "mantech8.com"
185.191.171.9 - - [16/Oct/2022:22:58:11 -0700] "GET /index.php/camp-fire/26108282.html HTTP/1.1" 500 - "-" "Mozilla/5.0 (compatible; SemrushBot/7~bl; +http://www.semrush.com/bot.html)" "mantech8.com"
185.191.171.22 - - [16/Oct/2022:22:58:16 -0700] "GET /index.php/camp-fire/35218606.html HTTP/1.1" 500 - "-" "Mozilla/5.0 (compatible; SemrushBot/7~bl; +http://www.semrush.com/bot.html)" "mantech8.com"
185.191.171.14 - - [16/Oct/2022:22:58:58 -0700] "GET /index.php/camp-fire/33451476.html HTTP/1.1" 500 - "-" "Mozilla/5.0 (compatible; SemrushBot/7~bl; +http://www.semrush.com/bot.html)" "mantech8.com"
185.191.171.9 - - [16/Oct/2022:22:59:00 -0700] "GET /index.php/camp-fire/30482141.html HTTP/1.1" 500 - "-" "Mozilla/5.0 (compatible; SemrushBot/7~bl; +http://www.semrush.com/bot.html)" "mantech8.com"
185.191.171.37 - - [16/Oct/2022:22:59:30 -0700] "GET /index.php/camp-fire/32605535.html HTTP/1.1" 500 - "-" "Mozilla/5.0 (compatible; SemrushBot/7~bl; +http://www.semrush.com/bot.html)" "mantech8.com"
185.191.171.38 - - [16/Oct/2022:22:59:39 -0700] "GET /index.php/camp-fire/44529402.html HTTP/1.1" 500 - "-" "Mozilla/5.0 (compatible; SemrushBot/7~bl; +http://www.semrush.com/bot.html)" "mantech8.com"
114.119.133.190 - - [16/Oct/2022:23:00:38 -0700] "GET /bimages/bus/vvgpwsiy.php HTTP/1.1" 200 32 "http://mantech8.com/bimages/bus/" "Mozilla/5.0 (Linux; Android 7.0;) AppleWebKit/537.36 (KHTML, like Gecko) Mobile Safari/537.36 (compatible; PetalBot;+https://webmaster.petalsearch.com/site/petalbot)" "mantech8.com"
185.191.171.22 - - [16/Oct/2022:23:01:05 -0700] "GET /index.php/camp-fire/37159138.html HTTP/1.1" 500 - "-" "Mozilla/5.0 (compatible; SemrushBot/7~bl; +http://www.semrush.com/bot.html)" "mantech8.com"
185.191.171.18 - - [16/Oct/2022:23:01:44 -0700] "GET /index.php/camp-fire/31523441.html HTTP/1.1" 500 - "-" "Mozilla/5.0 (compatible; SemrushBot/7~bl; +http://www.semrush.com/bot.html)" "mantech8.com"
185.191.171.18 - - [16/Oct/2022:23:01:48 -0700] "GET /index.php/camp-fire/38389578.html HTTP/1.1" 500 - "-" "Mozilla/5.0 (compatible; SemrushBot/7~bl; +http://www.semrush.com/bot.html)" "mantech8.com"
185.191.171.13 - - [16/Oct/2022:23:02:08 -0700] "GET /index.php/camp-fire/31527809.html HTTP/1.1" 500 - "-" "Mozilla/5.0 (compatible; SemrushBot/7~bl; +http://www.semrush.com/bot.html)" "mantech8.com"
185.191.171.5 - - [16/Oct/2022:23:02:18 -0700] "GET /index.php/camp-fire/34543093.html HTTP/1.1" 500 - "-" "Mozilla/5.0 (compatible; SemrushBot/7~bl; +http://www.semrush.com/bot.html)" "mantech8.com"
185.191.171.24 - - [16/Oct/2022:23:03:41 -0700] "GET /index.php/camp-fire/38131472.html HTTP/1.1" 500 - "-" "Mozilla/5.0 (compatible; SemrushBot/7~bl; +http://www.semrush.com/bot.html)" "mantech8.com"
185.191.171.44 - - [16/Oct/2022:23:04:50 -0700] "GET /index.php/camp-fire/40657641.html HTTP/1.1" 500 - "-" "Mozilla/5.0 (compatible; SemrushBot/7~bl; +http://www.semrush.com/bot.html)" "mantech8.com"
185.191.171.24 - - [16/Oct/2022:23:05:34 -0700] "GET /index.php/camp-fire/25977117.html HTTP/1.1" 500 - "-" "Mozilla/5.0 (compatible; SemrushBot/7~bl; +http://www.semrush.com/bot.html)" "mantech8.com"
185.191.171.15 - - [16/Oct/2022:23:05:46 -0700] "GET /index.php/camp-fire/6281790.html HTTP/1.1" 500 - "-" "Mozilla/5.0 (compatible; SemrushBot/7~bl; +http://www.semrush.com/bot.html)" "mantech8.com"
185.191.171.18 - - [16/Oct/2022:23:05:51 -0700] "GET /index.php/camp-fire/20298076.html HTTP/1.1" 500 - "-" "Mozilla/5.0 (compatible; SemrushBot/7~bl; +http://www.semrush.com/bot.html)" "mantech8.com"
185.191.171.14 - - [16/Oct/2022:23:06:51 -0700] "GET /index.php/camp-fire/42817534.html HTTP/1.1" 500 - "-" "Mozilla/5.0 (compatible; SemrushBot/7~bl; +http://www.semrush.com/bot.html)" "mantech8.com"
114.119.133.190 - - [16/Oct/2022:23:06:55 -0700] "GET /?sitemap7884.xml HTTP/1.1" 200 270572 "-" "Mozilla/5.0 (Linux; Android 7.0;) AppleWebKit/537.36 (KHTML, like Gecko) Mobile Safari/537.36 (compatible; PetalBot;+https://webmaster.petalsearch.com/site/petalbot)" "mantech8.com"
185.191.171.38 - - [16/Oct/2022:23:07:27 -0700] "GET /index.php/camp-fire/39427532.html HTTP/1.1" 500 - "-" "Mozilla/5.0 (compatible; SemrushBot/7~bl; +http://www.semrush.com/bot.html)" "mantech8.com"
185.191.171.23 - - [16/Oct/2022:23:07:46 -0700] "GET /index.php/camp-fire/34996809.html HTTP/1.1" 500 - "-" "Mozilla/5.0 (compatible; SemrushBot/7~bl; +http://www.semrush.com/bot.html)" "mantech8.com"
66.249.64.238 - - [16/Oct/2022:23:07:47 -0700] "GET /ads.txt HTTP/1.1" 404 88 "-" "Mozilla/5.0 (compatible; Googlebot/2.1; +http://www.google.com/bot.html)" "www.mantech8.com"
185.191.171.7 - - [16/Oct/2022:23:08:04 -0700] "GET /index.php/camp-fire/28364235.html HTTP/1.1" 500 - "-" "Mozilla/5.0 (compatible; SemrushBot/7~bl; +http://www.semrush.com/bot.html)" "mantech8.com"
185.191.171.16 - - [16/Oct/2022:23:08:05 -0700] "GET /index.php/camp-fire/16137287.html HTTP/1.1" 500 - "-" "Mozilla/5.0 (compatible; SemrushBot/7~bl; +http://www.semrush.com/bot.html)" "mantech8.com"
185.191.171.15 - - [16/Oct/2022:23:08:30 -0700] "GET /index.php/camp-fire/30661055.html HTTP/1.1" 500 - "-" "Mozilla/5.0 (compatible; SemrushBot/7~bl; +http://www.semrush.com/bot.html)" "mantech8.com"
185.191.171.44 - - [16/Oct/2022:23:09:30 -0700] "GET /index.php/camp-fire/1785751.html HTTP/1.1" 500 - "-" "Mozilla/5.0 (compatible; SemrushBot/7~bl; +http://www.semrush.com/bot.html)" "mantech8.com"
185.191.171.44 - - [16/Oct/2022:23:09:48 -0700] "GET /index.php/camp-fire/33806308.html HTTP/1.1" 500 - "-" "Mozilla/5.0 (compatible; SemrushBot/7~bl; +http://www.semrush.com/bot.html)" "mantech8.com"
185.191.171.40 - - [16/Oct/2022:23:11:05 -0700] "GET /index.php/camp-fire/9735483.html HTTP/1.1" 500 - "-" "Mozilla/5.0 (compatible; SemrushBot/7~bl; +http://www.semrush.com/bot.html)" "mantech8.com"
207.46.13.205 - - [16/Oct/2022:23:12:01 -0700] "GET /bimages/gallery/thump/pb10.jpg HTTP/1.1" 200 461657 "-" "Mozilla/5.0 (compatible; bingbot/2.0; +http://www.bing.com/bingbot.htm)" "mantech8.com"
114.119.133.166 - - [16/Oct/2022:23:12:54 -0700] "GET /bimages/hgallery/thump/ HTTP/1.1" 200 506 "http://www.mantech8.com/bimages/hgallery/?C=M%3BO%3DA" "Mozilla/5.0 (Linux; Android 7.0;) AppleWebKit/537.36 (KHTML, like Gecko) Mobile Safari/537.36 (compatible; PetalBot;+https://webmaster.petalsearch.com/site/petalbot)" "www.mantech8.com"
185.191.171.24 - - [16/Oct/2022:23:12:59 -0700] "GET /index.php/camp-fire/38188272.html HTTP/1.1" 500 - "-" "Mozilla/5.0 (compatible; SemrushBot/7~bl; +http://www.semrush.com/bot.html)" "mantech8.com"
185.191.171.37 - - [16/Oct/2022:23:13:34 -0700] "GET /index.php/camp-fire/40081492.html HTTP/1.1" 500 - "-" "Mozilla/5.0 (compatible; SemrushBot/7~bl; +http://www.semrush.com/bot.html)" "mantech8.com"
172.241.244.248 - - [16/Oct/2022:23:13:44 -0700] "GET /cleaning.php HTTP/1.1" 200 15035 "http://mantech8.com" "Mozilla/5.0 (Windows NT 10.0; Win64; x64) AppleWebKit/537.36 (KHTML, like Gecko) Chrome/62.0.3202.94 Safari/537.36" "mantech8.com"
185.191.171.4 - - [16/Oct/2022:23:13:53 -0700] "GET /index.php/camp-fire/4771855.html HTTP/1.1" 500 - "-" "Mozilla/5.0 (compatible; SemrushBot/7~bl; +http://www.semrush.com/bot.html)" "mantech8.com"
185.191.171.43 - - [16/Oct/2022:23:14:18 -0700] "GET /index.php/camp-fire/81497621.html HTTP/1.1" 500 - "-" "Mozilla/5.0 (compatible; SemrushBot/7~bl; +http://www.semrush.com/bot.html)" "mantech8.com"
185.191.171.7 - - [16/Oct/2022:23:14:37 -0700] "GET /index.php/camp-fire/84957783.html HTTP/1.1" 500 - "-" "Mozilla/5.0 (compatible; SemrushBot/7~bl; +http://www.semrush.com/bot.html)" "mantech8.com"
66.249.64.243 - - [16/Oct/2022:23:14:39 -0700] "GET /shopping.geocities.jp/lamd/css/ystyle_spec2.css HTTP/1.1" 404 88 "https://www.mantech8.com/index.php?camp-fire/10422758.html" "Mozilla/5.0 (Linux; Android 6.0.1; Nexus 5X Build/MMB29P) AppleWebKit/537.36 (KHTML, like Gecko) Chrome/106.0.5249.103 Mobile Safari/537.36 (compatible; Googlebot/2.1; +http://www.google.com/bot.html)" "www.mantech8.com"
66.249.64.243 - - [16/Oct/2022:23:14:39 -0700] "GET /shopping.geocities.jp/lamd/css/ystyle_spec2.css HTTP/1.1" 404 88 "https://www.mantech8.com/index.php?camp-fire/10422758.html" "Mozilla/5.0 (Linux; Android 6.0.1; Nexus 5X Build/MMB29P) AppleWebKit/537.36 (KHTML, like Gecko) Chrome/106.0.5249.103 Mobile Safari/537.36 (compatible; Googlebot/2.1; +http://www.google.com/bot.html)" "www.mantech8.com"
66.249.70.176 - - [16/Oct/2022:23:15:12 -0700] "GET /venatically.xml HTTP/1.1" 404 88 "-" "Mozilla/5.0 (compatible; Googlebot/2.1; +http://www.google.com/bot.html)" "mantech8.com"
185.191.171.45 - - [16/Oct/2022:23:15:35 -0700] "GET /index.php/camp-fire/39043735.html HTTP/1.1" 500 - "-" "Mozilla/5.0 (compatible; SemrushBot/7~bl; +http://www.semrush.com/bot.html)" "mantech8.com"
185.191.171.34 - - [16/Oct/2022:23:16:10 -0700] "GET /index.php/camp-fire/4818455.html HTTP/1.1" 500 - "-" "Mozilla/5.0 (compatible; SemrushBot/7~bl; +http://www.semrush.com/bot.html)" "mantech8.com"
40.77.167.95 - - [16/Oct/2022:23:16:23 -0700] "GET /robots.txt HTTP/1.1" 200 106 "-" "Mozilla/5.0 (compatible; bingbot/2.0; +http://www.bing.com/bingbot.htm)" "mantech8.com"
207.46.13.184 - - [16/Oct/2022:23:16:24 -0700] "GET /?/2020_07.jpg HTTP/1.1" 200 57659 "-" "Mozilla/5.0 AppleWebKit/537.36 (KHTML, like Gecko; compatible; bingbot/2.0; +http://www.bing.com/bingbot.htm) Chrome/103.0.5060.134 Safari/537.36" "mantech8.com"
66.249.70.180 - - [16/Oct/2022:23:17:00 -0700] "GET /sitemap5.xml HTTP/1.1" 404 88 "-" "Mozilla/5.0 (compatible; Googlebot/2.1; +http://www.google.com/bot.html)" "mantech8.com"
185.191.171.1 - - [16/Oct/2022:23:17:10 -0700] "GET /index.php/camp-fire/32486068.html HTTP/1.1" 500 - "-" "Mozilla/5.0 (compatible; SemrushBot/7~bl; +http://www.semrush.com/bot.html)" "mantech8.com"
185.191.171.7 - - [16/Oct/2022:23:17:24 -0700] "GET /index.php/camp-fire/30533941.html HTTP/1.1" 500 - "-" "Mozilla/5.0 (compatible; SemrushBot/7~bl; +http://www.semrush.com/bot.html)" "mantech8.com"
185.191.171.13 - - [16/Oct/2022:23:17:26 -0700] "GET /index.php/camp-fire/47361971.html HTTP/1.1" 500 - "-" "Mozilla/5.0 (compatible; SemrushBot/7~bl; +http://www.semrush.com/bot.html)" "mantech8.com"
185.191.171.13 - - [16/Oct/2022:23:17:40 -0700] "GET /index.php/camp-fire/28313235.html HTTP/1.1" 500 - "-" "Mozilla/5.0 (compatible; SemrushBot/7~bl; +http://www.semrush.com/bot.html)" "mantech8.com"
185.191.171.12 - - [16/Oct/2022:23:17:43 -0700] "GET /index.php/camp-fire/4350300.html HTTP/1.1" 500 - "-" "Mozilla/5.0 (compatible; SemrushBot/7~bl; +http://www.semrush.com/bot.html)" "mantech8.com"
185.191.171.36 - - [16/Oct/2022:23:17:54 -0700] "GET /index.php/camp-fire/18097381.html HTTP/1.1" 500 - "-" "Mozilla/5.0 (compatible; SemrushBot/7~bl; +http://www.semrush.com/bot.html)" "mantech8.com"
114.119.133.190 - - [16/Oct/2022:23:19:05 -0700] "GET /bimages/gallery/?C=M%3BO%3DA HTTP/1.1" 200 1164 "http://mantech8.com/bimages/gallery/?C=D%3BO%3DA" "Mozilla/5.0 (Linux; Android 7.0;) AppleWebKit/537.36 (KHTML, like Gecko) Mobile Safari/537.36 (compatible; PetalBot;+https://webmaster.petalsearch.com/site/petalbot)" "mantech8.com"
185.191.171.25 - - [16/Oct/2022:23:20:21 -0700] "GET /index.php/camp-fire/50427003.html HTTP/1.1" 500 - "-" "Mozilla/5.0 (compatible; SemrushBot/7~bl; +http://www.semrush.com/bot.html)" "mantech8.com"
185.191.171.4 - - [16/Oct/2022:23:20:35 -0700] "GET /index.php/camp-fire/5706755.html HTTP/1.1" 500 - "-" "Mozilla/5.0 (compatible; SemrushBot/7~bl; +http://www.semrush.com/bot.html)" "mantech8.com"
185.191.171.8 - - [16/Oct/2022:23:20:46 -0700] "GET /index.php/camp-fire/44104735.html HTTP/1.1" 500 - "-" "Mozilla/5.0 (compatible; SemrushBot/7~bl; +http://www.semrush.com/bot.html)" "mantech8.com"
40.77.167.68 - - [16/Oct/2022:23:21:27 -0700] "GET / HTTP/1.1" 200 64516 "-" "Mozilla/5.0 AppleWebKit/537.36 (KHTML, like Gecko; compatible; bingbot/2.0; +http://www.bing.com/bingbot.htm) Chrome/103.0.5060.134 Safari/537.36" "www.mantech8.com"
185.191.171.6 - - [16/Oct/2022:23:21:40 -0700] "GET /index.php/camp-fire/94663235.html HTTP/1.1" 500 - "-" "Mozilla/5.0 (compatible; SemrushBot/7~bl; +http://www.semrush.com/bot.html)" "mantech8.com"
185.191.171.14 - - [16/Oct/2022:23:21:56 -0700] "GET /index.php/camp-fire/48981635.html HTTP/1.1" 500 - "-" "Mozilla/5.0 (compatible; SemrushBot/7~bl; +http://www.semrush.com/bot.html)" "mantech8.com"
185.191.171.6 - - [16/Oct/2022:23:22:04 -0700] "GET /index.php/camp-fire/28236735.html HTTP/1.1" 500 - "-" "Mozilla/5.0 (compatible; SemrushBot/7~bl; +http://www.semrush.com/bot.html)" "mantech8.com"
185.191.171.19 - - [16/Oct/2022:23:22:38 -0700] "GET /index.php/camp-fire/41593155.html HTTP/1.1" 500 - "-" "Mozilla/5.0 (compatible; SemrushBot/7~bl; +http://www.semrush.com/bot.html)" "mantech8.com"
95.79.88.211 - - [16/Oct/2022:23:22:41 -0700] "GET /contact.php HTTP/1.1" 200 29238 "http://mantech8.com/contact.php" "Mozilla/5.0 (Windows NT 6.2; Win64; x64) AppleWebKit/537.36 (KHTML, like Gecko) Chrome/90.0.4430.72 Safari/537.36" "mantech8.com"
95.79.88.211 - - [16/Oct/2022:23:22:42 -0700] "GET /verificationimage.php?7594 HTTP/1.1" 200 1370 "http://mantech8.com/contact.php" "Mozilla/5.0 (Windows NT 6.2; Win64; x64) AppleWebKit/537.36 (KHTML, like Gecko) Chrome/90.0.4430.72 Safari/537.36" "mantech8.com"
95.79.88.211 - - [16/Oct/2022:23:22:43 -0700] "POST /mailer.php HTTP/1.1" 500 - "http://mantech8.com/contact.php" "Mozilla/5.0 (Windows NT 6.2; Win64; x64) AppleWebKit/537.36 (KHTML, like Gecko) Chrome/90.0.4430.72 Safari/537.36" "mantech8.com"
34.126.70.8 - - [16/Oct/2022:23:23:08 -0700] "GET / HTTP/1.1" 500 - "-" "python-requests/2.28.1" "www.mantech8.com"
34.126.70.8 - - [16/Oct/2022:23:23:09 -0700] "GET / HTTP/1.1" 500 - "-" "python-requests/2.28.1" "www.mantech8.com"
185.191.171.1 - - [16/Oct/2022:23:24:39 -0700] "GET /index.php/camp-fire/54643203.html HTTP/1.1" 500 - "-" "Mozilla/5.0 (compatible; SemrushBot/7~bl; +http://www.semrush.com/bot.html)" "mantech8.com"
185.191.171.5 - - [16/Oct/2022:23:24:40 -0700] "GET /index.php/camp-fire/32614260.html HTTP/1.1" 500 - "-" "Mozilla/5.0 (compatible; SemrushBot/7~bl; +http://www.semrush.com/bot.html)" "mantech8.com"
114.119.133.182 - - [16/Oct/2022:23:25:08 -0700] "GET /index.php?fine-tune.xml HTTP/1.1" 200 289389 "-" "Mozilla/5.0 (Linux; Android 7.0;) AppleWebKit/537.36 (KHTML, like Gecko) Mobile Safari/537.36 (compatible; PetalBot;+https://webmaster.petalsearch.com/site/petalbot)" "mantech8.com"
40.77.167.72 - - [16/Oct/2022:23:25:30 -0700] "GET /sitemapindex.xml HTTP/1.1" 404 88 "-" "Mozilla/5.0 AppleWebKit/537.36 (KHTML, like Gecko; compatible; bingbot/2.0; +http://www.bing.com/bingbot.htm) Chrome/103.0.5060.134 Safari/537.36" "mantech8.com"
40.77.167.72 - - [16/Oct/2022:23:25:30 -0700] "GET /sitemapindeximages.xml HTTP/1.1" 404 88 "-" "Mozilla/5.0 (compatible; bingbot/2.0; +http://www.bing.com/bingbot.htm)" "mantech8.com"
207.46.13.70 - - [16/Oct/2022:23:25:33 -0700] "GET /sitemapmobileindex.xml HTTP/1.1" 404 88 "-" "Mozilla/5.0 (compatible; bingbot/2.0; +http://www.bing.com/bingbot.htm)" "mantech8.com"
207.46.13.205 - - [16/Oct/2022:23:25:34 -0700] "GET /sitemapnewindex.xml HTTP/1.1" 404 88 "-" "Mozilla/5.0 (compatible; bingbot/2.0; +http://www.bing.com/bingbot.htm)" "mantech8.com"
185.191.171.13 - - [16/Oct/2022:23:25:59 -0700] "GET /index.php/camp-fire/39921976.html HTTP/1.1" 500 - "-" "Mozilla/5.0 (compatible; SemrushBot/7~bl; +http://www.semrush.com/bot.html)" "mantech8.com"
185.191.171.39 - - [16/Oct/2022:23:26:18 -0700] "GET /index.php/camp-fire/28726571.html HTTP/1.1" 500 - "-" "Mozilla/5.0 (compatible; SemrushBot/7~bl; +http://www.semrush.com/bot.html)" "mantech8.com"
185.191.171.2 - - [16/Oct/2022:23:27:43 -0700] "GET /index.php/camp-fire/34224372.html HTTP/1.1" 500 - "-" "Mozilla/5.0 (compatible; SemrushBot/7~bl; +http://www.semrush.com/bot.html)" "mantech8.com"
185.191.171.34 - - [16/Oct/2022:23:27:49 -0700] "GET /index.php/camp-fire/38410332.html HTTP/1.1" 500 - "-" "Mozilla/5.0 (compatible; SemrushBot/7~bl; +http://www.semrush.com/bot.html)" "mantech8.com"
185.191.171.14 - - [16/Oct/2022:23:29:03 -0700] "GET /robots.txt HTTP/1.1" 200 106 "-" "Mozilla/5.0 (compatible; SemrushBot/7~bl; +http://www.semrush.com/bot.html)" "mantech8.com"
185.191.171.25 - - [16/Oct/2022:23:29:03 -0700] "GET /index.php/camp-fire/35643570.html HTTP/1.1" 500 - "-" "Mozilla/5.0 (compatible; SemrushBot/7~bl; +http://www.semrush.com/bot.html)" "mantech8.com"
185.191.171.26 - - [16/Oct/2022:23:29:45 -0700] "GET /index.php/camp-fire/33231508.html HTTP/1.1" 500 - "-" "Mozilla/5.0 (compatible; SemrushBot/7~bl; +http://www.semrush.com/bot.html)" "mantech8.com"
185.191.171.5 - - [16/Oct/2022:23:30:15 -0700] "GET /index.php/camp-fire/3210478.html HTTP/1.1" 500 - "-" "Mozilla/5.0 (compatible; SemrushBot/7~bl; +http://www.semrush.com/bot.html)" "mantech8.com"
185.191.171.9 - - [16/Oct/2022:23:30:44 -0700] "GET /index.php/camp-fire/41497171.html HTTP/1.1" 500 - "-" "Mozilla/5.0 (compatible; SemrushBot/7~bl; +http://www.semrush.com/bot.html)" "mantech8.com"
114.119.133.182 - - [16/Oct/2022:23:31:15 -0700] "GET /bimages/himage/?C=S%3BO%3DA HTTP/1.1" 200 443 "http://mantech8.com/bimages/himage/?C=M%3BO%3DA" "Mozilla/5.0 (Linux; Android 7.0;) AppleWebKit/537.36 (KHTML, like Gecko) Mobile Safari/537.36 (compatible; PetalBot;+https://webmaster.petalsearch.com/site/petalbot)" "mantech8.com"
185.191.171.11 - - [16/Oct/2022:23:31:58 -0700] "GET /index.php/camp-fire/43948726.html HTTP/1.1" 500 - "-" "Mozilla/5.0 (compatible; SemrushBot/7~bl; +http://www.semrush.com/bot.html)" "mantech8.com"
185.191.171.37 - - [16/Oct/2022:23:32:42 -0700] "GET /index.php/camp-fire/489969.html HTTP/1.1" 500 - "-" "Mozilla/5.0 (compatible; SemrushBot/7~bl; +http://www.semrush.com/bot.html)" "mantech8.com"
185.191.171.25 - - [16/Oct/2022:23:33:18 -0700] "GET /index.php/camp-fire/4176685.html HTTP/1.1" 500 - "-" "Mozilla/5.0 (compatible; SemrushBot/7~bl; +http://www.semrush.com/bot.html)" "mantech8.com"
185.191.171.8 - - [16/Oct/2022:23:33:24 -0700] "GET /index.php/camp-fire/8714342.html HTTP/1.1" 500 - "-" "Mozilla/5.0 (compatible; SemrushBot/7~bl; +http://www.semrush.com/bot.html)" "mantech8.com"
185.191.171.33 - - [16/Oct/2022:23:33:41 -0700] "GET /index.php/camp-fire/37047238.html HTTP/1.1" 500 - "-" "Mozilla/5.0 (compatible; SemrushBot/7~bl; +http://www.semrush.com/bot.html)" "mantech8.com"
185.191.171.37 - - [16/Oct/2022:23:34:58 -0700] "GET /index.php/camp-fire/40319150.html HTTP/1.1" 500 - "-" "Mozilla/5.0 (compatible; SemrushBot/7~bl; +http://www.semrush.com/bot.html)" "mantech8.com"
185.191.171.5 - - [16/Oct/2022:23:35:07 -0700] "GET /index.php/camp-fire/28094871.html HTTP/1.1" 500 - "-" "Mozilla/5.0 (compatible; SemrushBot/7~bl; +http://www.semrush.com/bot.html)" "mantech8.com"
185.191.171.4 - - [16/Oct/2022:23:35:21 -0700] "GET /index.php/camp-fire/28885821.html HTTP/1.1" 500 - "-" "Mozilla/5.0 (compatible; SemrushBot/7~bl; +http://www.semrush.com/bot.html)" "mantech8.com"
185.191.171.26 - - [16/Oct/2022:23:36:01 -0700] "GET /index.php/camp-fire/27250270.html HTTP/1.1" 500 - "-" "Mozilla/5.0 (compatible; SemrushBot/7~bl; +http://www.semrush.com/bot.html)" "mantech8.com"
185.191.171.23 - - [16/Oct/2022:23:36:16 -0700] "GET /index.php/camp-fire/7772142.html HTTP/1.1" 500 - "-" "Mozilla/5.0 (compatible; SemrushBot/7~bl; +http://www.semrush.com/bot.html)" "mantech8.com"
185.191.171.1 - - [16/Oct/2022:23:36:33 -0700] "GET /index.php/camp-fire/36861826.html HTTP/1.1" 500 - "-" "Mozilla/5.0 (compatible; SemrushBot/7~bl; +http://www.semrush.com/bot.html)" "mantech8.com"
185.191.171.34 - - [16/Oct/2022:23:36:35 -0700] "GET /index.php/camp-fire/5265053.html HTTP/1.1" 500 - "-" "Mozilla/5.0 (compatible; SemrushBot/7~bl; +http://www.semrush.com/bot.html)" "mantech8.com"
114.119.133.190 - - [16/Oct/2022:23:37:27 -0700] "GET /kiger.xml HTTP/1.1" 404 88 "-" "Mozilla/5.0 (compatible;PetalBot;+https://webmaster.petalsearch.com/site/petalbot)" "mantech8.com"
185.191.171.18 - - [16/Oct/2022:23:37:37 -0700] "GET /index.php/camp-fire/43857234.html HTTP/1.1" 500 - "-" "Mozilla/5.0 (compatible; SemrushBot/7~bl; +http://www.semrush.com/bot.html)" "mantech8.com"
66.249.70.178 - - [16/Oct/2022:23:38:21 -0700] "GET /ads.txt HTTP/1.1" 404 88 "-" "Mozilla/5.0 (compatible; Googlebot/2.1; +http://www.google.com/bot.html)" "mantech8.com"
194.110.203.40 - - [16/Oct/2022:23:38:43 -0700] "GET /mantech8.com.tgz HTTP/1.1" 404 73 "-" "Firefox" "mantech8.com"
185.191.171.24 - - [16/Oct/2022:23:39:06 -0700] "GET /index.php/camp-fire/7597321.html HTTP/1.1" 500 - "-" "Mozilla/5.0 (compatible; SemrushBot/7~bl; +http://www.semrush.com/bot.html)" "mantech8.com"
185.191.171.7 - - [16/Oct/2022:23:39:22 -0700] "GET /index.php/camp-fire/29306280.html HTTP/1.1" 500 - "-" "Mozilla/5.0 (compatible; SemrushBot/7~bl; +http://www.semrush.com/bot.html)" "mantech8.com"
