124.223.25.36 - - [15/Oct/2022:00:02:35 -0700] "GET /contact.php HTTP/1.1" 200 29237 "http://mantech8.com/contact.php" "Mozilla/5.0 (Windows NT 10.0; WOW64) AppleWebKit/537.36 (KHTML, like Gecko) Chrome/90.0.4430.72 Safari/537.36" "mantech8.com"
216.244.66.241 - - [15/Oct/2022:00:02:37 -0700] "GET /images/certificate/C14.jpg HTTP/1.1" 200 134391 "-" "Mozilla/5.0 (compatible; DotBot/1.2; +https://opensiteexplorer.org/dotbot; help@moz.com)" "www.mantech8.com"
46.209.118.50 - - [15/Oct/2022:00:03:07 -0700] "GET /contact.php HTTP/1.1" 200 29238 "http://mantech8.com/contact.php" "Mozilla/5.0 (Windows NT 10.0; WOW64) AppleWebKit/537.36 (KHTML, like Gecko) Chrome/90.0.4430.72 Safari/537.36" "mantech8.com"
185.191.171.37 - - [15/Oct/2022:00:03:11 -0700] "GET /index.php/camp-fire/38820317.html HTTP/1.1" 500 - "-" "Mozilla/5.0 (compatible; SemrushBot/7~bl; +http://www.semrush.com/bot.html)" "mantech8.com"
185.191.171.23 - - [15/Oct/2022:00:03:34 -0700] "GET /index.php/camp-fire/37562066.html HTTP/1.1" 500 - "-" "Mozilla/5.0 (compatible; SemrushBot/7~bl; +http://www.semrush.com/bot.html)" "mantech8.com"
185.191.171.41 - - [15/Oct/2022:00:03:37 -0700] "GET /index.php/camp-fire/47666326.html HTTP/1.1" 500 - "-" "Mozilla/5.0 (compatible; SemrushBot/7~bl; +http://www.semrush.com/bot.html)" "mantech8.com"
185.191.171.7 - - [15/Oct/2022:00:03:48 -0700] "GET /index.php/camp-fire/38578472.html HTTP/1.1" 500 - "-" "Mozilla/5.0 (compatible; SemrushBot/7~bl; +http://www.semrush.com/bot.html)" "mantech8.com"
185.191.171.20 - - [15/Oct/2022:00:04:08 -0700] "GET /index.php/camp-fire/40063676.html HTTP/1.1" 500 - "-" "Mozilla/5.0 (compatible; SemrushBot/7~bl; +http://www.semrush.com/bot.html)" "mantech8.com"
185.191.171.4 - - [15/Oct/2022:00:04:29 -0700] "GET /index.php/camp-fire/33310016.html HTTP/1.1" 500 - "-" "Mozilla/5.0 (compatible; SemrushBot/7~bl; +http://www.semrush.com/bot.html)" "mantech8.com"
185.191.171.38 - - [15/Oct/2022:00:04:42 -0700] "GET /index.php/camp-fire/3862174.html HTTP/1.1" 500 - "-" "Mozilla/5.0 (compatible; SemrushBot/7~bl; +http://www.semrush.com/bot.html)" "mantech8.com"
114.119.133.165 - - [15/Oct/2022:00:05:01 -0700] "GET /index.php?sitemap69.xml HTTP/1.1" 200 289334 "-" "Mozilla/5.0 (Linux; Android 7.0;) AppleWebKit/537.36 (KHTML, like Gecko) Mobile Safari/537.36 (compatible; PetalBot;+https://webmaster.petalsearch.com/site/petalbot)" "mantech8.com"
185.191.171.10 - - [15/Oct/2022:00:05:11 -0700] "GET /index.php/camp-fire/17616827.html HTTP/1.1" 500 - "-" "Mozilla/5.0 (compatible; SemrushBot/7~bl; +http://www.semrush.com/bot.html)" "mantech8.com"
185.191.171.12 - - [15/Oct/2022:00:06:13 -0700] "GET /index.php/camp-fire/3884474.html HTTP/1.1" 500 - "-" "Mozilla/5.0 (compatible; SemrushBot/7~bl; +http://www.semrush.com/bot.html)" "mantech8.com"
185.191.171.3 - - [15/Oct/2022:00:06:51 -0700] "GET /index.php/camp-fire/34727324.html HTTP/1.1" 500 - "-" "Mozilla/5.0 (compatible; SemrushBot/7~bl; +http://www.semrush.com/bot.html)" "mantech8.com"
185.191.171.5 - - [15/Oct/2022:00:06:57 -0700] "GET /index.php/camp-fire/37442697.html HTTP/1.1" 500 - "-" "Mozilla/5.0 (compatible; SemrushBot/7~bl; +http://www.semrush.com/bot.html)" "mantech8.com"
185.191.171.20 - - [15/Oct/2022:00:07:45 -0700] "GET /index.php/camp-fire/40919778.html HTTP/1.1" 500 - "-" "Mozilla/5.0 (compatible; SemrushBot/7~bl; +http://www.semrush.com/bot.html)" "mantech8.com"
185.191.171.2 - - [15/Oct/2022:00:08:18 -0700] "GET /index.php/camp-fire/46767692.html HTTP/1.1" 500 - "-" "Mozilla/5.0 (compatible; SemrushBot/7~bl; +http://www.semrush.com/bot.html)" "mantech8.com"
185.191.171.18 - - [15/Oct/2022:00:08:51 -0700] "GET /index.php/camp-fire/38775008.html HTTP/1.1" 500 - "-" "Mozilla/5.0 (compatible; SemrushBot/7~bl; +http://www.semrush.com/bot.html)" "mantech8.com"
185.191.171.20 - - [15/Oct/2022:00:09:04 -0700] "GET /index.php/camp-fire/19006365.html HTTP/1.1" 500 - "-" "Mozilla/5.0 (compatible; SemrushBot/7~bl; +http://www.semrush.com/bot.html)" "mantech8.com"
185.191.171.2 - - [15/Oct/2022:00:10:27 -0700] "GET /index.php/camp-fire/25036635.html HTTP/1.1" 500 - "-" "Mozilla/5.0 (compatible; SemrushBot/7~bl; +http://www.semrush.com/bot.html)" "mantech8.com"
185.191.171.9 - - [15/Oct/2022:00:10:28 -0700] "GET /index.php/camp-fire/35683950.html HTTP/1.1" 500 - "-" "Mozilla/5.0 (compatible; SemrushBot/7~bl; +http://www.semrush.com/bot.html)" "mantech8.com"
185.191.171.41 - - [15/Oct/2022:00:10:35 -0700] "GET /index.php/camp-fire/77980065.html HTTP/1.1" 500 - "-" "Mozilla/5.0 (compatible; SemrushBot/7~bl; +http://www.semrush.com/bot.html)" "mantech8.com"
185.191.171.19 - - [15/Oct/2022:00:10:52 -0700] "GET /index.php/camp-fire/40136888.html HTTP/1.1" 500 - "-" "Mozilla/5.0 (compatible; SemrushBot/7~bl; +http://www.semrush.com/bot.html)" "mantech8.com"
114.119.133.190 - - [15/Oct/2022:00:10:58 -0700] "GET /index.php?camp-fire/26844747.html HTTP/1.1" 500 - "-" "Mozilla/5.0 (Linux; Android 7.0;) AppleWebKit/537.36 (KHTML, like Gecko) Mobile Safari/537.36 (compatible; PetalBot;+https://webmaster.petalsearch.com/site/petalbot)" "www.mantech8.com"
185.191.171.2 - - [15/Oct/2022:00:11:46 -0700] "GET /index.php/camp-fire/26079951.html HTTP/1.1" 500 - "-" "Mozilla/5.0 (compatible; SemrushBot/7~bl; +http://www.semrush.com/bot.html)" "mantech8.com"
185.191.171.18 - - [15/Oct/2022:00:11:56 -0700] "GET /index.php/camp-fire/17087083.html HTTP/1.1" 500 - "-" "Mozilla/5.0 (compatible; SemrushBot/7~bl; +http://www.semrush.com/bot.html)" "mantech8.com"
185.191.171.38 - - [15/Oct/2022:00:12:21 -0700] "GET /index.php/camp-fire/33136316.html HTTP/1.1" 500 - "-" "Mozilla/5.0 (compatible; SemrushBot/7~bl; +http://www.semrush.com/bot.html)" "mantech8.com"
185.191.171.3 - - [15/Oct/2022:00:12:33 -0700] "GET /index.php/camp-fire/35051725.html HTTP/1.1" 500 - "-" "Mozilla/5.0 (compatible; SemrushBot/7~bl; +http://www.semrush.com/bot.html)" "mantech8.com"
185.191.171.39 - - [15/Oct/2022:00:13:43 -0700] "GET /index.php/camp-fire/39780703.html HTTP/1.1" 500 - "-" "Mozilla/5.0 (compatible; SemrushBot/7~bl; +http://www.semrush.com/bot.html)" "mantech8.com"
185.191.171.25 - - [15/Oct/2022:00:13:44 -0700] "GET /index.php/camp-fire/75243659.html HTTP/1.1" 500 - "-" "Mozilla/5.0 (compatible; SemrushBot/7~bl; +http://www.semrush.com/bot.html)" "mantech8.com"
185.191.171.35 - - [15/Oct/2022:00:14:11 -0700] "GET /index.php/camp-fire/25638559.html HTTP/1.1" 500 - "-" "Mozilla/5.0 (compatible; SemrushBot/7~bl; +http://www.semrush.com/bot.html)" "mantech8.com"
185.191.171.18 - - [15/Oct/2022:00:14:41 -0700] "GET /index.php/camp-fire/6117955.html HTTP/1.1" 500 - "-" "Mozilla/5.0 (compatible; SemrushBot/7~bl; +http://www.semrush.com/bot.html)" "mantech8.com"
185.191.171.25 - - [15/Oct/2022:00:15:39 -0700] "GET /index.php/camp-fire/28871866.html HTTP/1.1" 500 - "-" "Mozilla/5.0 (compatible; SemrushBot/7~bl; +http://www.semrush.com/bot.html)" "mantech8.com"
185.191.171.7 - - [15/Oct/2022:00:15:51 -0700] "GET /index.php/camp-fire/32540668.html HTTP/1.1" 500 - "-" "Mozilla/5.0 (compatible; SemrushBot/7~bl; +http://www.semrush.com/bot.html)" "mantech8.com"
185.191.171.24 - - [15/Oct/2022:00:15:52 -0700] "GET /index.php/camp-fire/37978178.html HTTP/1.1" 500 - "-" "Mozilla/5.0 (compatible; SemrushBot/7~bl; +http://www.semrush.com/bot.html)" "mantech8.com"
185.191.171.22 - - [15/Oct/2022:00:16:20 -0700] "GET /index.php/camp-fire/38589064.html HTTP/1.1" 500 - "-" "Mozilla/5.0 (compatible; SemrushBot/7~bl; +http://www.semrush.com/bot.html)" "mantech8.com"
185.191.171.5 - - [15/Oct/2022:00:16:22 -0700] "GET /index.php/camp-fire/37797693.html HTTP/1.1" 500 - "-" "Mozilla/5.0 (compatible; SemrushBot/7~bl; +http://www.semrush.com/bot.html)" "mantech8.com"
114.119.133.182 - - [15/Oct/2022:00:16:47 -0700] "GET /sitemap72.xml HTTP/1.1" 404 88 "-" "Mozilla/5.0 (Linux; Android 7.0;) AppleWebKit/537.36 (KHTML, like Gecko) Mobile Safari/537.36 (compatible; PetalBot;+https://webmaster.petalsearch.com/site/petalbot)" "mantech8.com"
185.191.171.15 - - [15/Oct/2022:00:16:49 -0700] "GET /index.php/camp-fire/27309065.html HTTP/1.1" 500 - "-" "Mozilla/5.0 (compatible; SemrushBot/7~bl; +http://www.semrush.com/bot.html)" "mantech8.com"
185.191.171.42 - - [15/Oct/2022:00:17:01 -0700] "GET /index.php/camp-fire/35051130.html HTTP/1.1" 500 - "-" "Mozilla/5.0 (compatible; SemrushBot/7~bl; +http://www.semrush.com/bot.html)" "mantech8.com"
185.191.171.6 - - [15/Oct/2022:00:17:56 -0700] "GET /index.php/camp-fire/52223149.html HTTP/1.1" 500 - "-" "Mozilla/5.0 (compatible; SemrushBot/7~bl; +http://www.semrush.com/bot.html)" "mantech8.com"
185.191.171.26 - - [15/Oct/2022:00:18:52 -0700] "GET /index.php/camp-fire/32293830.html HTTP/1.1" 500 - "-" "Mozilla/5.0 (compatible; SemrushBot/7~bl; +http://www.semrush.com/bot.html)" "mantech8.com"
185.191.171.18 - - [15/Oct/2022:00:18:53 -0700] "GET /index.php/camp-fire/40395402.html HTTP/1.1" 500 - "-" "Mozilla/5.0 (compatible; SemrushBot/7~bl; +http://www.semrush.com/bot.html)" "mantech8.com"
185.191.171.8 - - [15/Oct/2022:00:19:08 -0700] "GET /index.php/camp-fire/42065649.html HTTP/1.1" 500 - "-" "Mozilla/5.0 (compatible; SemrushBot/7~bl; +http://www.semrush.com/bot.html)" "mantech8.com"
185.191.171.18 - - [15/Oct/2022:00:19:14 -0700] "GET /index.php/camp-fire/27986971.html HTTP/1.1" 500 - "-" "Mozilla/5.0 (compatible; SemrushBot/7~bl; +http://www.semrush.com/bot.html)" "mantech8.com"
185.191.171.11 - - [15/Oct/2022:00:19:18 -0700] "GET /index.php/camp-fire/4522465.html HTTP/1.1" 500 - "-" "Mozilla/5.0 (compatible; SemrushBot/7~bl; +http://www.semrush.com/bot.html)" "mantech8.com"
185.191.171.35 - - [15/Oct/2022:00:20:15 -0700] "GET /index.php/camp-fire/32982960.html HTTP/1.1" 500 - "-" "Mozilla/5.0 (compatible; SemrushBot/7~bl; +http://www.semrush.com/bot.html)" "mantech8.com"
185.191.171.20 - - [15/Oct/2022:00:20:19 -0700] "GET /index.php/camp-fire/29968335.html HTTP/1.1" 500 - "-" "Mozilla/5.0 (compatible; SemrushBot/7~bl; +http://www.semrush.com/bot.html)" "mantech8.com"
185.191.171.35 - - [15/Oct/2022:00:20:38 -0700] "GET /index.php/camp-fire/35054925.html HTTP/1.1" 500 - "-" "Mozilla/5.0 (compatible; SemrushBot/7~bl; +http://www.semrush.com/bot.html)" "mantech8.com"
185.191.171.33 - - [15/Oct/2022:00:22:15 -0700] "GET /index.php/camp-fire/27206663.html HTTP/1.1" 500 - "-" "Mozilla/5.0 (compatible; SemrushBot/7~bl; +http://www.semrush.com/bot.html)" "mantech8.com"
185.191.171.22 - - [15/Oct/2022:00:22:26 -0700] "GET /index.php/camp-fire/4186765.html HTTP/1.1" 500 - "-" "Mozilla/5.0 (compatible; SemrushBot/7~bl; +http://www.semrush.com/bot.html)" "mantech8.com"
114.119.133.190 - - [15/Oct/2022:00:22:35 -0700] "GET /bimages/video/?C=S%3BO%3DA HTTP/1.1" 200 550 "http://www.mantech8.com/bimages/video/?C=N%3BO%3DD" "Mozilla/5.0 (Linux; Android 7.0;) AppleWebKit/537.36 (KHTML, like Gecko) Mobile Safari/537.36 (compatible; PetalBot;+https://webmaster.petalsearch.com/site/petalbot)" "www.mantech8.com"
185.191.171.11 - - [15/Oct/2022:00:23:22 -0700] "GET /index.php/camp-fire/40120225.html HTTP/1.1" 500 - "-" "Mozilla/5.0 (compatible; SemrushBot/7~bl; +http://www.semrush.com/bot.html)" "mantech8.com"
185.191.171.7 - - [15/Oct/2022:00:23:50 -0700] "GET /index.php/camp-fire/42400103.html HTTP/1.1" 500 - "-" "Mozilla/5.0 (compatible; SemrushBot/7~bl; +http://www.semrush.com/bot.html)" "mantech8.com"
185.191.171.25 - - [15/Oct/2022:00:24:07 -0700] "GET /index.php/camp-fire/21123590.html HTTP/1.1" 500 - "-" "Mozilla/5.0 (compatible; SemrushBot/7~bl; +http://www.semrush.com/bot.html)" "mantech8.com"
185.191.171.5 - - [15/Oct/2022:00:24:50 -0700] "GET /index.php/camp-fire/48770478.html HTTP/1.1" 500 - "-" "Mozilla/5.0 (compatible; SemrushBot/7~bl; +http://www.semrush.com/bot.html)" "mantech8.com"
185.191.171.44 - - [15/Oct/2022:00:24:52 -0700] "GET /index.php/camp-fire/32587768.html HTTP/1.1" 500 - "-" "Mozilla/5.0 (compatible; SemrushBot/7~bl; +http://www.semrush.com/bot.html)" "mantech8.com"
40.77.167.68 - - [15/Oct/2022:00:25:09 -0700] "GET /bimages/gallery/thump/c1.jpg HTTP/1.1" 200 161917 "-" "Mozilla/5.0 (compatible; bingbot/2.0; +http://www.bing.com/bingbot.htm)" "mantech8.com"
185.191.171.13 - - [15/Oct/2022:00:25:15 -0700] "GET /index.php/camp-fire/22685180.html HTTP/1.1" 500 - "-" "Mozilla/5.0 (compatible; SemrushBot/7~bl; +http://www.semrush.com/bot.html)" "mantech8.com"
185.191.171.18 - - [15/Oct/2022:00:25:16 -0700] "GET /index.php/camp-fire/28617789.html HTTP/1.1" 500 - "-" "Mozilla/5.0 (compatible; SemrushBot/7~bl; +http://www.semrush.com/bot.html)" "mantech8.com"
185.191.171.21 - - [15/Oct/2022:00:26:25 -0700] "GET /index.php/camp-fire/35843750.html HTTP/1.1" 500 - "-" "Mozilla/5.0 (compatible; SemrushBot/7~bl; +http://www.semrush.com/bot.html)" "mantech8.com"
185.191.171.9 - - [15/Oct/2022:00:26:35 -0700] "GET /index.php/camp-fire/44880002.html HTTP/1.1" 500 - "-" "Mozilla/5.0 (compatible; SemrushBot/7~bl; +http://www.semrush.com/bot.html)" "mantech8.com"
185.191.171.13 - - [15/Oct/2022:00:27:12 -0700] "GET /index.php/camp-fire/9637200.html HTTP/1.1" 500 - "-" "Mozilla/5.0 (compatible; SemrushBot/7~bl; +http://www.semrush.com/bot.html)" "mantech8.com"
185.191.171.3 - - [15/Oct/2022:00:27:26 -0700] "GET /index.php/camp-fire/38846603.html HTTP/1.1" 500 - "-" "Mozilla/5.0 (compatible; SemrushBot/7~bl; +http://www.semrush.com/bot.html)" "mantech8.com"
185.191.171.16 - - [15/Oct/2022:00:27:30 -0700] "GET /index.php/camp-fire/30769955.html HTTP/1.1" 500 - "-" "Mozilla/5.0 (compatible; SemrushBot/7~bl; +http://www.semrush.com/bot.html)" "mantech8.com"
185.191.171.38 - - [15/Oct/2022:00:27:51 -0700] "GET /index.php/camp-fire/5834385.html HTTP/1.1" 500 - "-" "Mozilla/5.0 (compatible; SemrushBot/7~bl; +http://www.semrush.com/bot.html)" "mantech8.com"
185.191.171.23 - - [15/Oct/2022:00:28:01 -0700] "GET /index.php/camp-fire/26626747.html HTTP/1.1" 500 - "-" "Mozilla/5.0 (compatible; SemrushBot/7~bl; +http://www.semrush.com/bot.html)" "mantech8.com"
185.191.171.20 - - [15/Oct/2022:00:28:33 -0700] "GET /index.php/camp-fire/4262496.html HTTP/1.1" 500 - "-" "Mozilla/5.0 (compatible; SemrushBot/7~bl; +http://www.semrush.com/bot.html)" "mantech8.com"
185.191.171.3 - - [15/Oct/2022:00:28:37 -0700] "GET /index.php/camp-fire/27459526.html HTTP/1.1" 500 - "-" "Mozilla/5.0 (compatible; SemrushBot/7~bl; +http://www.semrush.com/bot.html)" "mantech8.com"
197.232.251.25 - - [15/Oct/2022:00:28:41 -0700] "GET /scaffolding.php HTTP/1.1" 200 13407 "https://www.bing.com/" "Mozilla/5.0 (Windows NT 10.0; Win64; x64) AppleWebKit/537.36 (KHTML, like Gecko) Chrome/106.0.0.0 Safari/537.36 Edg/106.0.1370.42" "mantech8.com"
197.232.251.25 - - [15/Oct/2022:00:28:42 -0700] "GET /css/responsive1.css HTTP/1.1" 200 1710 "http://mantech8.com/scaffolding.php" "Mozilla/5.0 (Windows NT 10.0; Win64; x64) AppleWebKit/537.36 (KHTML, like Gecko) Chrome/106.0.0.0 Safari/537.36 Edg/106.0.1370.42" "mantech8.com"
197.232.251.25 - - [15/Oct/2022:00:28:42 -0700] "GET /css/style2.css HTTP/1.1" 200 8414 "http://mantech8.com/scaffolding.php" "Mozilla/5.0 (Windows NT 10.0; Win64; x64) AppleWebKit/537.36 (KHTML, like Gecko) Chrome/106.0.0.0 Safari/537.36 Edg/106.0.1370.42" "mantech8.com"
197.232.251.25 - - [15/Oct/2022:00:28:42 -0700] "GET /engine1/jquery.js HTTP/1.1" 200 33282 "http://mantech8.com/scaffolding.php" "Mozilla/5.0 (Windows NT 10.0; Win64; x64) AppleWebKit/537.36 (KHTML, like Gecko) Chrome/106.0.0.0 Safari/537.36 Edg/106.0.1370.42" "mantech8.com"
197.232.251.25 - - [15/Oct/2022:00:28:43 -0700] "GET /css/style.css HTTP/1.1" 200 126990 "http://mantech8.com/scaffolding.php" "Mozilla/5.0 (Windows NT 10.0; Win64; x64) AppleWebKit/537.36 (KHTML, like Gecko) Chrome/106.0.0.0 Safari/537.36 Edg/106.0.1370.42" "mantech8.com"
197.232.251.25 - - [15/Oct/2022:00:28:43 -0700] "GET /css/animate.css HTTP/1.1" 200 4264 "http://mantech8.com/css/style2.css" "Mozilla/5.0 (Windows NT 10.0; Win64; x64) AppleWebKit/537.36 (KHTML, like Gecko) Chrome/106.0.0.0 Safari/537.36 Edg/106.0.1370.42" "mantech8.com"
197.232.251.25 - - [15/Oct/2022:00:28:45 -0700] "GET /css/font-awesome.css HTTP/1.1" 200 5793 "http://mantech8.com/css/style2.css" "Mozilla/5.0 (Windows NT 10.0; Win64; x64) AppleWebKit/537.36 (KHTML, like Gecko) Chrome/106.0.0.0 Safari/537.36 Edg/106.0.1370.42" "mantech8.com"
185.191.171.42 - - [15/Oct/2022:00:29:04 -0700] "GET /index.php/camp-fire/26489076.html HTTP/1.1" 500 - "-" "Mozilla/5.0 (compatible; SemrushBot/7~bl; +http://www.semrush.com/bot.html)" "mantech8.com"
185.191.171.23 - - [15/Oct/2022:00:29:34 -0700] "GET /index.php/camp-fire/32559825.html HTTP/1.1" 500 - "-" "Mozilla/5.0 (compatible; SemrushBot/7~bl; +http://www.semrush.com/bot.html)" "mantech8.com"
185.191.171.39 - - [15/Oct/2022:00:29:59 -0700] "GET /index.php/camp-fire/44473871.html HTTP/1.1" 500 - "-" "Mozilla/5.0 (compatible; SemrushBot/7~bl; +http://www.semrush.com/bot.html)" "mantech8.com"
185.191.171.6 - - [15/Oct/2022:00:30:46 -0700] "GET /index.php/camp-fire/28867766.html HTTP/1.1" 500 - "-" "Mozilla/5.0 (compatible; SemrushBot/7~bl; +http://www.semrush.com/bot.html)" "mantech8.com"
185.191.171.7 - - [15/Oct/2022:00:30:54 -0700] "GET /index.php/camp-fire/4184385.html HTTP/1.1" 500 - "-" "Mozilla/5.0 (compatible; SemrushBot/7~bl; +http://www.semrush.com/bot.html)" "mantech8.com"
197.232.251.25 - - [15/Oct/2022:00:31:45 -0700] "GET /js/script1.js HTTP/1.1" 200 2007 "http://mantech8.com/scaffolding.php" "Mozilla/5.0 (Windows NT 10.0; Win64; x64) AppleWebKit/537.36 (KHTML, like Gecko) Chrome/106.0.0.0 Safari/537.36 Edg/106.0.1370.42" "mantech8.com"
197.232.251.25 - - [15/Oct/2022:00:31:45 -0700] "GET /js/core.min.js HTTP/1.1" 200 42721 "http://mantech8.com/scaffolding.php" "Mozilla/5.0 (Windows NT 10.0; Win64; x64) AppleWebKit/537.36 (KHTML, like Gecko) Chrome/106.0.0.0 Safari/537.36 Edg/106.0.1370.42" "mantech8.com"
197.232.251.25 - - [15/Oct/2022:00:31:47 -0700] "GET /js/bootstrap.min.js HTTP/1.1" 200 9765 "http://mantech8.com/scaffolding.php" "Mozilla/5.0 (Windows NT 10.0; Win64; x64) AppleWebKit/537.36 (KHTML, like Gecko) Chrome/106.0.0.0 Safari/537.36 Edg/106.0.1370.42" "mantech8.com"
197.232.251.25 - - [15/Oct/2022:00:31:47 -0700] "GET /js/script.js HTTP/1.1" 200 7687 "http://mantech8.com/scaffolding.php" "Mozilla/5.0 (Windows NT 10.0; Win64; x64) AppleWebKit/537.36 (KHTML, like Gecko) Chrome/106.0.0.0 Safari/537.36 Edg/106.0.1370.42" "mantech8.com"
197.232.251.25 - - [15/Oct/2022:00:31:47 -0700] "GET /images/flag-23-gif.gif HTTP/1.1" 200 20141 "http://mantech8.com/scaffolding.php" "Mozilla/5.0 (Windows NT 10.0; Win64; x64) AppleWebKit/537.36 (KHTML, like Gecko) Chrome/106.0.0.0 Safari/537.36 Edg/106.0.1370.42" "mantech8.com"
197.232.251.25 - - [15/Oct/2022:00:31:47 -0700] "GET /bimages/electric/sh2.jpg HTTP/1.1" 200 237260 "http://mantech8.com/scaffolding.php" "Mozilla/5.0 (Windows NT 10.0; Win64; x64) AppleWebKit/537.36 (KHTML, like Gecko) Chrome/106.0.0.0 Safari/537.36 Edg/106.0.1370.42" "mantech8.com"
197.232.251.25 - - [15/Oct/2022:00:31:49 -0700] "GET /images/logo1.png HTTP/1.1" 200 2143 "http://mantech8.com/scaffolding.php" "Mozilla/5.0 (Windows NT 10.0; Win64; x64) AppleWebKit/537.36 (KHTML, like Gecko) Chrome/106.0.0.0 Safari/537.36 Edg/106.0.1370.42" "mantech8.com"
197.232.251.25 - - [15/Oct/2022:00:31:49 -0700] "GET /js/wow.min.js HTTP/1.1" 200 2731 "http://mantech8.com/scaffolding.php" "Mozilla/5.0 (Windows NT 10.0; Win64; x64) AppleWebKit/537.36 (KHTML, like Gecko) Chrome/106.0.0.0 Safari/537.36 Edg/106.0.1370.42" "mantech8.com"
197.232.251.25 - - [15/Oct/2022:00:31:49 -0700] "GET /js/jquery.ui.totop.min.js HTTP/1.1" 200 510 "http://mantech8.com/scaffolding.php" "Mozilla/5.0 (Windows NT 10.0; Win64; x64) AppleWebKit/537.36 (KHTML, like Gecko) Chrome/106.0.0.0 Safari/537.36 Edg/106.0.1370.42" "mantech8.com"
197.232.251.25 - - [15/Oct/2022:00:31:50 -0700] "GET /fonts/fontawesome-webfont.woff2?v=4.5.0 HTTP/1.1" 200 66624 "http://mantech8.com/css/style.css" "Mozilla/5.0 (Windows NT 10.0; Win64; x64) AppleWebKit/537.36 (KHTML, like Gecko) Chrome/106.0.0.0 Safari/537.36 Edg/106.0.1370.42" "mantech8.com"
197.232.251.25 - - [15/Oct/2022:00:31:51 -0700] "GET /fonts/MaterialIcons-Regular.woff2 HTTP/1.1" 200 36888 "http://mantech8.com/css/style.css" "Mozilla/5.0 (Windows NT 10.0; Win64; x64) AppleWebKit/537.36 (KHTML, like Gecko) Chrome/106.0.0.0 Safari/537.36 Edg/106.0.1370.42" "mantech8.com"
185.191.171.10 - - [15/Oct/2022:00:31:54 -0700] "GET /index.php/camp-fire/8134378.html HTTP/1.1" 500 - "-" "Mozilla/5.0 (compatible; SemrushBot/7~bl; +http://www.semrush.com/bot.html)" "mantech8.com"
207.46.13.184 - - [15/Oct/2022:00:32:12 -0700] "GET /bimages/vision/group.jpg HTTP/1.1" 200 104594 "-" "Mozilla/5.0 AppleWebKit/537.36 (KHTML, like Gecko; compatible; bingbot/2.0; +http://www.bing.com/bingbot.htm) Chrome/103.0.5060.134 Safari/537.36" "www.mantech8.com"
185.191.171.44 - - [15/Oct/2022:00:32:16 -0700] "GET /index.php/camp-fire/37709138.html HTTP/1.1" 500 - "-" "Mozilla/5.0 (compatible; SemrushBot/7~bl; +http://www.semrush.com/bot.html)" "mantech8.com"
197.232.251.25 - - [15/Oct/2022:00:32:37 -0700] "GET /gallery.php HTTP/1.1" 200 49088 "http://mantech8.com/scaffolding.php" "Mozilla/5.0 (Windows NT 10.0; Win64; x64) AppleWebKit/537.36 (KHTML, like Gecko) Chrome/106.0.0.0 Safari/537.36 Edg/106.0.1370.42" "mantech8.com"
197.232.251.25 - - [15/Oct/2022:00:32:39 -0700] "GET /css/jquery.fancybox.css HTTP/1.1" 200 1615 "http://mantech8.com/gallery.php" "Mozilla/5.0 (Windows NT 10.0; Win64; x64) AppleWebKit/537.36 (KHTML, like Gecko) Chrome/106.0.0.0 Safari/537.36 Edg/106.0.1370.42" "mantech8.com"
197.232.251.25 - - [15/Oct/2022:00:32:39 -0700] "GET /css/flaticon.css HTTP/1.1" 200 321 "http://mantech8.com/css/style2.css" "Mozilla/5.0 (Windows NT 10.0; Win64; x64) AppleWebKit/537.36 (KHTML, like Gecko) Chrome/106.0.0.0 Safari/537.36 Edg/106.0.1370.42" "mantech8.com"
197.232.251.25 - - [15/Oct/2022:00:32:39 -0700] "GET /js/jquery-1.8.2.min.js HTTP/1.1" 200 33397 "http://mantech8.com/gallery.php" "Mozilla/5.0 (Windows NT 10.0; Win64; x64) AppleWebKit/537.36 (KHTML, like Gecko) Chrome/106.0.0.0 Safari/537.36 Edg/106.0.1370.42" "mantech8.com"
197.232.251.25 - - [15/Oct/2022:00:32:39 -0700] "GET /css/hover.css HTTP/1.1" 200 8530 "http://mantech8.com/css/style2.css" "Mozilla/5.0 (Windows NT 10.0; Win64; x64) AppleWebKit/537.36 (KHTML, like Gecko) Chrome/106.0.0.0 Safari/537.36 Edg/106.0.1370.42" "mantech8.com"
197.232.251.25 - - [15/Oct/2022:00:32:39 -0700] "GET /css/stylegal.css HTTP/1.1" 200 20749 "http://mantech8.com/gallery.php" "Mozilla/5.0 (Windows NT 10.0; Win64; x64) AppleWebKit/537.36 (KHTML, like Gecko) Chrome/106.0.0.0 Safari/537.36 Edg/106.0.1370.42" "mantech8.com"
197.232.251.25 - - [15/Oct/2022:00:32:40 -0700] "GET /js/jPages.min.js HTTP/1.1" 200 3631 "http://mantech8.com/gallery.php" "Mozilla/5.0 (Windows NT 10.0; Win64; x64) AppleWebKit/537.36 (KHTML, like Gecko) Chrome/106.0.0.0 Safari/537.36 Edg/106.0.1370.42" "mantech8.com"
197.232.251.25 - - [15/Oct/2022:00:32:40 -0700] "GET /js/Pagination.js HTTP/1.1" 200 507 "http://mantech8.com/gallery.php" "Mozilla/5.0 (Windows NT 10.0; Win64; x64) AppleWebKit/537.36 (KHTML, like Gecko) Chrome/106.0.0.0 Safari/537.36 Edg/106.0.1370.42" "mantech8.com"
197.232.251.25 - - [15/Oct/2022:00:32:45 -0700] "GET /bimages/gallery/sn1.jpg HTTP/1.1" 200 78305 "http://mantech8.com/gallery.php" "Mozilla/5.0 (Windows NT 10.0; Win64; x64) AppleWebKit/537.36 (KHTML, like Gecko) Chrome/106.0.0.0 Safari/537.36 Edg/106.0.1370.42" "mantech8.com"
185.191.171.23 - - [15/Oct/2022:00:32:47 -0700] "GET /index.php/camp-fire/39242603.html HTTP/1.1" 500 - "-" "Mozilla/5.0 (compatible; SemrushBot/7~bl; +http://www.semrush.com/bot.html)" "mantech8.com"
197.232.251.25 - - [15/Oct/2022:00:32:51 -0700] "GET /bimages/gallery/sn2.jpg HTTP/1.1" 200 54168 "http://mantech8.com/gallery.php" "Mozilla/5.0 (Windows NT 10.0; Win64; x64) AppleWebKit/537.36 (KHTML, like Gecko) Chrome/106.0.0.0 Safari/537.36 Edg/106.0.1370.42" "mantech8.com"
197.232.251.25 - - [15/Oct/2022:00:32:59 -0700] "GET /bimages/gallery/IDN%20S.jpg HTTP/1.1" 200 196250 "http://mantech8.com/gallery.php" "Mozilla/5.0 (Windows NT 10.0; Win64; x64) AppleWebKit/537.36 (KHTML, like Gecko) Chrome/106.0.0.0 Safari/537.36 Edg/106.0.1370.42" "mantech8.com"
197.232.251.25 - - [15/Oct/2022:00:32:59 -0700] "GET /bimages/gallery/11.jpg HTTP/1.1" 200 143756 "http://mantech8.com/gallery.php" "Mozilla/5.0 (Windows NT 10.0; Win64; x64) AppleWebKit/537.36 (KHTML, like Gecko) Chrome/106.0.0.0 Safari/537.36 Edg/106.0.1370.42" "mantech8.com"
197.232.251.25 - - [15/Oct/2022:00:32:59 -0700] "GET /bimages/gallery/12.jpg HTTP/1.1" 200 121344 "http://mantech8.com/gallery.php" "Mozilla/5.0 (Windows NT 10.0; Win64; x64) AppleWebKit/537.36 (KHTML, like Gecko) Chrome/106.0.0.0 Safari/537.36 Edg/106.0.1370.42" "mantech8.com"
197.232.251.25 - - [15/Oct/2022:00:32:59 -0700] "GET /bimages/gallery/sn3.jpg HTTP/1.1" 200 57824 "http://mantech8.com/gallery.php" "Mozilla/5.0 (Windows NT 10.0; Win64; x64) AppleWebKit/537.36 (KHTML, like Gecko) Chrome/106.0.0.0 Safari/537.36 Edg/106.0.1370.42" "mantech8.com"
185.191.171.21 - - [15/Oct/2022:00:32:59 -0700] "GET /index.php/camp-fire/28065971.html HTTP/1.1" 500 - "-" "Mozilla/5.0 (compatible; SemrushBot/7~bl; +http://www.semrush.com/bot.html)" "mantech8.com"
197.232.251.25 - - [15/Oct/2022:00:33:01 -0700] "GET /bimages/gallery/cb2.jpg HTTP/1.1" 200 200568 "http://mantech8.com/gallery.php" "Mozilla/5.0 (Windows NT 10.0; Win64; x64) AppleWebKit/537.36 (KHTML, like Gecko) Chrome/106.0.0.0 Safari/537.36 Edg/106.0.1370.42" "mantech8.com"
197.232.251.25 - - [15/Oct/2022:00:33:01 -0700] "GET /jsgal/bootstrap.min.js HTTP/1.1" 200 9745 "http://mantech8.com/gallery.php" "Mozilla/5.0 (Windows NT 10.0; Win64; x64) AppleWebKit/537.36 (KHTML, like Gecko) Chrome/106.0.0.0 Safari/537.36 Edg/106.0.1370.42" "mantech8.com"
197.232.251.25 - - [15/Oct/2022:00:33:01 -0700] "GET /jsgal/wow.js HTTP/1.1" 200 2702 "http://mantech8.com/gallery.php" "Mozilla/5.0 (Windows NT 10.0; Win64; x64) AppleWebKit/537.36 (KHTML, like Gecko) Chrome/106.0.0.0 Safari/537.36 Edg/106.0.1370.42" "mantech8.com"
197.232.251.25 - - [15/Oct/2022:00:33:02 -0700] "GET /jsgal/jquery.mixitup.min.js HTTP/1.1" 200 8218 "http://mantech8.com/gallery.php" "Mozilla/5.0 (Windows NT 10.0; Win64; x64) AppleWebKit/537.36 (KHTML, like Gecko) Chrome/106.0.0.0 Safari/537.36 Edg/106.0.1370.42" "mantech8.com"
197.232.251.25 - - [15/Oct/2022:00:33:02 -0700] "GET /jsgal/jquery.fancybox.pack.js HTTP/1.1" 200 8634 "http://mantech8.com/gallery.php" "Mozilla/5.0 (Windows NT 10.0; Win64; x64) AppleWebKit/537.36 (KHTML, like Gecko) Chrome/106.0.0.0 Safari/537.36 Edg/106.0.1370.42" "mantech8.com"
197.232.251.25 - - [15/Oct/2022:00:33:02 -0700] "GET /jsgal/jquery.easing.min.js HTTP/1.1" 200 1859 "http://mantech8.com/gallery.php" "Mozilla/5.0 (Windows NT 10.0; Win64; x64) AppleWebKit/537.36 (KHTML, like Gecko) Chrome/106.0.0.0 Safari/537.36 Edg/106.0.1370.42" "mantech8.com"
197.232.251.25 - - [15/Oct/2022:00:33:03 -0700] "GET /jsgal/custom.js HTTP/1.1" 200 4065 "http://mantech8.com/gallery.php" "Mozilla/5.0 (Windows NT 10.0; Win64; x64) AppleWebKit/537.36 (KHTML, like Gecko) Chrome/106.0.0.0 Safari/537.36 Edg/106.0.1370.42" "mantech8.com"
197.232.251.25 - - [15/Oct/2022:00:33:03 -0700] "GET /bimages/gallery/cb3.jpg HTTP/1.1" 200 147153 "http://mantech8.com/gallery.php" "Mozilla/5.0 (Windows NT 10.0; Win64; x64) AppleWebKit/537.36 (KHTML, like Gecko) Chrome/106.0.0.0 Safari/537.36 Edg/106.0.1370.42" "mantech8.com"
197.232.251.25 - - [15/Oct/2022:00:33:04 -0700] "GET /bimages/gallery/cb4.jpg HTTP/1.1" 200 170449 "http://mantech8.com/gallery.php" "Mozilla/5.0 (Windows NT 10.0; Win64; x64) AppleWebKit/537.36 (KHTML, like Gecko) Chrome/106.0.0.0 Safari/537.36 Edg/106.0.1370.42" "mantech8.com"
197.232.251.25 - - [15/Oct/2022:00:33:05 -0700] "GET /bimages/gallery/cb5.jpg HTTP/1.1" 200 179063 "http://mantech8.com/gallery.php" "Mozilla/5.0 (Windows NT 10.0; Win64; x64) AppleWebKit/537.36 (KHTML, like Gecko) Chrome/106.0.0.0 Safari/537.36 Edg/106.0.1370.42" "mantech8.com"
197.232.251.25 - - [15/Oct/2022:00:33:05 -0700] "GET /bimages/gallery/s1.jpg HTTP/1.1" 200 183423 "http://mantech8.com/gallery.php" "Mozilla/5.0 (Windows NT 10.0; Win64; x64) AppleWebKit/537.36 (KHTML, like Gecko) Chrome/106.0.0.0 Safari/537.36 Edg/106.0.1370.42" "mantech8.com"
197.232.251.25 - - [15/Oct/2022:00:33:06 -0700] "GET /bimages/gallery/s2.jpg HTTP/1.1" 200 253028 "http://mantech8.com/gallery.php" "Mozilla/5.0 (Windows NT 10.0; Win64; x64) AppleWebKit/537.36 (KHTML, like Gecko) Chrome/106.0.0.0 Safari/537.36 Edg/106.0.1370.42" "mantech8.com"
197.232.251.25 - - [15/Oct/2022:00:33:08 -0700] "GET /bimages/gallery/s4.jpg HTTP/1.1" 200 129367 "http://mantech8.com/gallery.php" "Mozilla/5.0 (Windows NT 10.0; Win64; x64) AppleWebKit/537.36 (KHTML, like Gecko) Chrome/106.0.0.0 Safari/537.36 Edg/106.0.1370.42" "mantech8.com"
197.232.251.25 - - [15/Oct/2022:00:33:08 -0700] "GET /bimages/gallery/s3.jpg HTTP/1.1" 200 170464 "http://mantech8.com/gallery.php" "Mozilla/5.0 (Windows NT 10.0; Win64; x64) AppleWebKit/537.36 (KHTML, like Gecko) Chrome/106.0.0.0 Safari/537.36 Edg/106.0.1370.42" "mantech8.com"
197.232.251.25 - - [15/Oct/2022:00:33:09 -0700] "GET /bimages/gallery/s5.jpg HTTP/1.1" 200 121785 "http://mantech8.com/gallery.php" "Mozilla/5.0 (Windows NT 10.0; Win64; x64) AppleWebKit/537.36 (KHTML, like Gecko) Chrome/106.0.0.0 Safari/537.36 Edg/106.0.1370.42" "mantech8.com"
197.232.251.25 - - [15/Oct/2022:00:33:12 -0700] "GET /bimages/gallery/s6.jpg HTTP/1.1" 200 131268 "http://mantech8.com/gallery.php" "Mozilla/5.0 (Windows NT 10.0; Win64; x64) AppleWebKit/537.36 (KHTML, like Gecko) Chrome/106.0.0.0 Safari/537.36 Edg/106.0.1370.42" "mantech8.com"
197.232.251.25 - - [15/Oct/2022:00:33:14 -0700] "GET /bimages/gallery/s7.jpg HTTP/1.1" 200 143489 "http://mantech8.com/gallery.php" "Mozilla/5.0 (Windows NT 10.0; Win64; x64) AppleWebKit/537.36 (KHTML, like Gecko) Chrome/106.0.0.0 Safari/537.36 Edg/106.0.1370.42" "mantech8.com"
197.232.251.25 - - [15/Oct/2022:00:33:14 -0700] "GET /bimages/gallery/s8.jpg HTTP/1.1" 200 131828 "http://mantech8.com/gallery.php" "Mozilla/5.0 (Windows NT 10.0; Win64; x64) AppleWebKit/537.36 (KHTML, like Gecko) Chrome/106.0.0.0 Safari/537.36 Edg/106.0.1370.42" "mantech8.com"
197.232.251.25 - - [15/Oct/2022:00:33:16 -0700] "GET /bimages/gallery/s9.jpg HTTP/1.1" 200 165614 "http://mantech8.com/gallery.php" "Mozilla/5.0 (Windows NT 10.0; Win64; x64) AppleWebKit/537.36 (KHTML, like Gecko) Chrome/106.0.0.0 Safari/537.36 Edg/106.0.1370.42" "mantech8.com"
197.232.251.25 - - [15/Oct/2022:00:33:19 -0700] "GET /bimages/gallery/s10.jpg HTTP/1.1" 200 161684 "http://mantech8.com/gallery.php" "Mozilla/5.0 (Windows NT 10.0; Win64; x64) AppleWebKit/537.36 (KHTML, like Gecko) Chrome/106.0.0.0 Safari/537.36 Edg/106.0.1370.42" "mantech8.com"
197.232.251.25 - - [15/Oct/2022:00:33:19 -0700] "GET /bimages/gallery/s11.jpg HTTP/1.1" 200 156136 "http://mantech8.com/gallery.php" "Mozilla/5.0 (Windows NT 10.0; Win64; x64) AppleWebKit/537.36 (KHTML, like Gecko) Chrome/106.0.0.0 Safari/537.36 Edg/106.0.1370.42" "mantech8.com"
197.232.251.25 - - [15/Oct/2022:00:33:29 -0700] "GET /bimages/gallery/s12.jpg HTTP/1.1" 200 208277 "http://mantech8.com/gallery.php" "Mozilla/5.0 (Windows NT 10.0; Win64; x64) AppleWebKit/537.36 (KHTML, like Gecko) Chrome/106.0.0.0 Safari/537.36 Edg/106.0.1370.42" "mantech8.com"
197.232.251.25 - - [15/Oct/2022:00:33:55 -0700] "GET /bimages/gallery/s14.jpg HTTP/1.1" 200 76149 "http://mantech8.com/gallery.php" "Mozilla/5.0 (Windows NT 10.0; Win64; x64) AppleWebKit/537.36 (KHTML, like Gecko) Chrome/106.0.0.0 Safari/537.36 Edg/106.0.1370.42" "mantech8.com"
197.232.251.25 - - [15/Oct/2022:00:33:58 -0700] "GET /bimages/gallery/p1.jpg HTTP/1.1" 200 59583 "http://mantech8.com/gallery.php" "Mozilla/5.0 (Windows NT 10.0; Win64; x64) AppleWebKit/537.36 (KHTML, like Gecko) Chrome/106.0.0.0 Safari/537.36 Edg/106.0.1370.42" "mantech8.com"
197.232.251.25 - - [15/Oct/2022:00:33:59 -0700] "GET /bimages/gallery/p2.jpg HTTP/1.1" 200 61616 "http://mantech8.com/gallery.php" "Mozilla/5.0 (Windows NT 10.0; Win64; x64) AppleWebKit/537.36 (KHTML, like Gecko) Chrome/106.0.0.0 Safari/537.36 Edg/106.0.1370.42" "mantech8.com"
197.232.251.25 - - [15/Oct/2022:00:34:00 -0700] "GET /bimages/gallery/p3.jpg HTTP/1.1" 200 70890 "http://mantech8.com/gallery.php" "Mozilla/5.0 (Windows NT 10.0; Win64; x64) AppleWebKit/537.36 (KHTML, like Gecko) Chrome/106.0.0.0 Safari/537.36 Edg/106.0.1370.42" "mantech8.com"
185.191.171.10 - - [15/Oct/2022:00:34:00 -0700] "GET /index.php/camp-fire/50621934.html HTTP/1.1" 500 - "-" "Mozilla/5.0 (compatible; SemrushBot/7~bl; +http://www.semrush.com/bot.html)" "mantech8.com"
197.232.251.25 - - [15/Oct/2022:00:34:01 -0700] "GET /bimages/gallery/p4.jpg HTTP/1.1" 200 58231 "http://mantech8.com/gallery.php" "Mozilla/5.0 (Windows NT 10.0; Win64; x64) AppleWebKit/537.36 (KHTML, like Gecko) Chrome/106.0.0.0 Safari/537.36 Edg/106.0.1370.42" "mantech8.com"
197.232.251.25 - - [15/Oct/2022:00:34:03 -0700] "GET /bimages/gallery/p5.jpg HTTP/1.1" 200 70312 "http://mantech8.com/gallery.php" "Mozilla/5.0 (Windows NT 10.0; Win64; x64) AppleWebKit/537.36 (KHTML, like Gecko) Chrome/106.0.0.0 Safari/537.36 Edg/106.0.1370.42" "mantech8.com"
197.232.251.25 - - [15/Oct/2022:00:34:05 -0700] "GET /bimages/gallery/p6.jpg HTTP/1.1" 200 50871 "http://mantech8.com/gallery.php" "Mozilla/5.0 (Windows NT 10.0; Win64; x64) AppleWebKit/537.36 (KHTML, like Gecko) Chrome/106.0.0.0 Safari/537.36 Edg/106.0.1370.42" "mantech8.com"
197.232.251.25 - - [15/Oct/2022:00:34:06 -0700] "GET /bimages/gallery/p7.jpg HTTP/1.1" 200 64854 "http://mantech8.com/gallery.php" "Mozilla/5.0 (Windows NT 10.0; Win64; x64) AppleWebKit/537.36 (KHTML, like Gecko) Chrome/106.0.0.0 Safari/537.36 Edg/106.0.1370.42" "mantech8.com"
197.232.251.25 - - [15/Oct/2022:00:34:07 -0700] "GET /bimages/gallery/p8.jpg HTTP/1.1" 200 60348 "http://mantech8.com/gallery.php" "Mozilla/5.0 (Windows NT 10.0; Win64; x64) AppleWebKit/537.36 (KHTML, like Gecko) Chrome/106.0.0.0 Safari/537.36 Edg/106.0.1370.42" "mantech8.com"
197.232.251.25 - - [15/Oct/2022:00:34:07 -0700] "GET /bimages/gallery/p9.jpg HTTP/1.1" 200 65353 "http://mantech8.com/gallery.php" "Mozilla/5.0 (Windows NT 10.0; Win64; x64) AppleWebKit/537.36 (KHTML, like Gecko) Chrome/106.0.0.0 Safari/537.36 Edg/106.0.1370.42" "mantech8.com"
197.232.251.25 - - [15/Oct/2022:00:34:09 -0700] "GET /bimages/gallery/p10.jpg HTTP/1.1" 200 60015 "http://mantech8.com/gallery.php" "Mozilla/5.0 (Windows NT 10.0; Win64; x64) AppleWebKit/537.36 (KHTML, like Gecko) Chrome/106.0.0.0 Safari/537.36 Edg/106.0.1370.42" "mantech8.com"
197.232.251.25 - - [15/Oct/2022:00:34:10 -0700] "GET /bimages/gallery/p11.jpg HTTP/1.1" 200 53620 "http://mantech8.com/gallery.php" "Mozilla/5.0 (Windows NT 10.0; Win64; x64) AppleWebKit/537.36 (KHTML, like Gecko) Chrome/106.0.0.0 Safari/537.36 Edg/106.0.1370.42" "mantech8.com"
197.232.251.25 - - [15/Oct/2022:00:34:10 -0700] "GET /bimages/gallery/p12.jpg HTTP/1.1" 200 74718 "http://mantech8.com/gallery.php" "Mozilla/5.0 (Windows NT 10.0; Win64; x64) AppleWebKit/537.36 (KHTML, like Gecko) Chrome/106.0.0.0 Safari/537.36 Edg/106.0.1370.42" "mantech8.com"
197.232.251.25 - - [15/Oct/2022:00:34:10 -0700] "GET /bimages/gallery/p13.jpg HTTP/1.1" 200 59002 "http://mantech8.com/gallery.php" "Mozilla/5.0 (Windows NT 10.0; Win64; x64) AppleWebKit/537.36 (KHTML, like Gecko) Chrome/106.0.0.0 Safari/537.36 Edg/106.0.1370.42" "mantech8.com"
185.191.171.1 - - [15/Oct/2022:00:34:11 -0700] "GET /index.php/camp-fire/32976750.html HTTP/1.1" 500 - "-" "Mozilla/5.0 (compatible; SemrushBot/7~bl; +http://www.semrush.com/bot.html)" "mantech8.com"
197.232.251.25 - - [15/Oct/2022:00:34:11 -0700] "GET /bimages/gallery/p14.jpg HTTP/1.1" 200 82978 "http://mantech8.com/gallery.php" "Mozilla/5.0 (Windows NT 10.0; Win64; x64) AppleWebKit/537.36 (KHTML, like Gecko) Chrome/106.0.0.0 Safari/537.36 Edg/106.0.1370.42" "mantech8.com"
197.232.251.25 - - [15/Oct/2022:00:34:11 -0700] "GET /bimages/gallery/IDN%20S2.jpg HTTP/1.1" 200 204791 "http://mantech8.com/gallery.php" "Mozilla/5.0 (Windows NT 10.0; Win64; x64) AppleWebKit/537.36 (KHTML, like Gecko) Chrome/106.0.0.0 Safari/537.36 Edg/106.0.1370.42" "mantech8.com"
197.232.251.25 - - [15/Oct/2022:00:34:14 -0700] "GET /bimages/gallery/IDN%20S3.jpg HTTP/1.1" 200 119804 "http://mantech8.com/gallery.php" "Mozilla/5.0 (Windows NT 10.0; Win64; x64) AppleWebKit/537.36 (KHTML, like Gecko) Chrome/106.0.0.0 Safari/537.36 Edg/106.0.1370.42" "mantech8.com"
114.119.133.166 - - [15/Oct/2022:00:34:22 -0700] "GET /bimages/video/thump/?C=N%3BO%3DD HTTP/1.1" 200 432 "http://mantech8.com/bimages/video/thump/?C=D%3BO%3DA" "Mozilla/5.0 (Linux; Android 7.0;) AppleWebKit/537.36 (KHTML, like Gecko) Mobile Safari/537.36 (compatible; PetalBot;+https://webmaster.petalsearch.com/site/petalbot)" "mantech8.com"
185.191.171.43 - - [15/Oct/2022:00:34:40 -0700] "GET /index.php/camp-fire/43610630.html HTTP/1.1" 500 - "-" "Mozilla/5.0 (compatible; SemrushBot/7~bl; +http://www.semrush.com/bot.html)" "mantech8.com"
197.232.251.25 - - [15/Oct/2022:00:34:50 -0700] "GET /bimages/gallery/IDN%20S4.jpg HTTP/1.1" 200 162587 "http://mantech8.com/gallery.php" "Mozilla/5.0 (Windows NT 10.0; Win64; x64) AppleWebKit/537.36 (KHTML, like Gecko) Chrome/106.0.0.0 Safari/537.36 Edg/106.0.1370.42" "mantech8.com"
197.232.251.25 - - [15/Oct/2022:00:34:52 -0700] "GET /bimages/gallery/IDN%20S6.jpg HTTP/1.1" 200 93780 "http://mantech8.com/gallery.php" "Mozilla/5.0 (Windows NT 10.0; Win64; x64) AppleWebKit/537.36 (KHTML, like Gecko) Chrome/106.0.0.0 Safari/537.36 Edg/106.0.1370.42" "mantech8.com"
197.232.251.25 - - [15/Oct/2022:00:34:53 -0700] "GET /bimages/gallery/IDN%20S1.jpg HTTP/1.1" 200 165815 "http://mantech8.com/gallery.php" "Mozilla/5.0 (Windows NT 10.0; Win64; x64) AppleWebKit/537.36 (KHTML, like Gecko) Chrome/106.0.0.0 Safari/537.36 Edg/106.0.1370.42" "mantech8.com"
197.232.251.25 - - [15/Oct/2022:00:34:55 -0700] "GET /bimages/gallery/paint3.jpg HTTP/1.1" 200 182290 "http://mantech8.com/gallery.php" "Mozilla/5.0 (Windows NT 10.0; Win64; x64) AppleWebKit/537.36 (KHTML, like Gecko) Chrome/106.0.0.0 Safari/537.36 Edg/106.0.1370.42" "mantech8.com"
197.232.251.25 - - [15/Oct/2022:00:35:01 -0700] "GET /bimages/gallery/paint4.jpg HTTP/1.1" 200 184695 "http://mantech8.com/gallery.php" "Mozilla/5.0 (Windows NT 10.0; Win64; x64) AppleWebKit/537.36 (KHTML, like Gecko) Chrome/106.0.0.0 Safari/537.36 Edg/106.0.1370.42" "mantech8.com"
197.232.251.25 - - [15/Oct/2022:00:35:12 -0700] "GET /bimages/gallery/paint5.jpg HTTP/1.1" 200 126763 "http://mantech8.com/gallery.php" "Mozilla/5.0 (Windows NT 10.0; Win64; x64) AppleWebKit/537.36 (KHTML, like Gecko) Chrome/106.0.0.0 Safari/537.36 Edg/106.0.1370.42" "mantech8.com"
185.191.171.36 - - [15/Oct/2022:00:35:13 -0700] "GET /index.php/camp-fire/6203565.html HTTP/1.1" 500 - "-" "Mozilla/5.0 (compatible; SemrushBot/7~bl; +http://www.semrush.com/bot.html)" "mantech8.com"
197.232.251.25 - - [15/Oct/2022:00:35:13 -0700] "GET /bimages/gallery/paint6.jpg HTTP/1.1" 200 105094 "http://mantech8.com/gallery.php" "Mozilla/5.0 (Windows NT 10.0; Win64; x64) AppleWebKit/537.36 (KHTML, like Gecko) Chrome/106.0.0.0 Safari/537.36 Edg/106.0.1370.42" "mantech8.com"
197.232.251.25 - - [15/Oct/2022:00:35:17 -0700] "GET /bimages/gallery/paint1.jpg HTTP/1.1" 200 181426 "http://mantech8.com/gallery.php" "Mozilla/5.0 (Windows NT 10.0; Win64; x64) AppleWebKit/537.36 (KHTML, like Gecko) Chrome/106.0.0.0 Safari/537.36 Edg/106.0.1370.42" "mantech8.com"
197.232.251.25 - - [15/Oct/2022:00:35:24 -0700] "GET /bimages/gallery/paint2.jpg HTTP/1.1" 200 149594 "http://mantech8.com/gallery.php" "Mozilla/5.0 (Windows NT 10.0; Win64; x64) AppleWebKit/537.36 (KHTML, like Gecko) Chrome/106.0.0.0 Safari/537.36 Edg/106.0.1370.42" "mantech8.com"
197.232.251.25 - - [15/Oct/2022:00:35:25 -0700] "GET /bimages/gallery/13.jpg HTTP/1.1" 200 148224 "http://mantech8.com/gallery.php" "Mozilla/5.0 (Windows NT 10.0; Win64; x64) AppleWebKit/537.36 (KHTML, like Gecko) Chrome/106.0.0.0 Safari/537.36 Edg/106.0.1370.42" "mantech8.com"
197.232.251.25 - - [15/Oct/2022:00:35:31 -0700] "GET /bimages/gallery/31.jpg HTTP/1.1" 200 106635 "http://mantech8.com/gallery.php" "Mozilla/5.0 (Windows NT 10.0; Win64; x64) AppleWebKit/537.36 (KHTML, like Gecko) Chrome/106.0.0.0 Safari/537.36 Edg/106.0.1370.42" "mantech8.com"
197.232.251.25 - - [15/Oct/2022:00:35:41 -0700] "GET /bimages/gallery/cb1.jpg HTTP/1.1" 200 201031 "http://mantech8.com/gallery.php" "Mozilla/5.0 (Windows NT 10.0; Win64; x64) AppleWebKit/537.36 (KHTML, like Gecko) Chrome/106.0.0.0 Safari/537.36 Edg/106.0.1370.42" "mantech8.com"
197.232.251.25 - - [15/Oct/2022:00:35:49 -0700] "GET /bimages/gallery/ HTTP/1.1" 200 1160 "http://mantech8.com/gallery.php" "Mozilla/5.0 (Windows NT 10.0; Win64; x64) AppleWebKit/537.36 (KHTML, like Gecko) Chrome/106.0.0.0 Safari/537.36 Edg/106.0.1370.42" "mantech8.com"
197.232.251.25 - - [15/Oct/2022:00:35:51 -0700] "GET /fonts/fontawesome-webfont.woff2?v=4.5.0 HTTP/1.1" 206 1 "http://mantech8.com/css/style.css" "Mozilla/5.0 (Windows NT 10.0; Win64; x64) AppleWebKit/537.36 (KHTML, like Gecko) Chrome/106.0.0.0 Safari/537.36 Edg/106.0.1370.42" "mantech8.com"
197.232.251.25 - - [15/Oct/2022:00:35:52 -0700] "GET /fonts/fontawesome-webfont.woff2?v=4.5.0 HTTP/1.1" 206 2217 "http://mantech8.com/css/style.css" "Mozilla/5.0 (Windows NT 10.0; Win64; x64) AppleWebKit/537.36 (KHTML, like Gecko) Chrome/106.0.0.0 Safari/537.36 Edg/106.0.1370.42" "mantech8.com"
185.191.171.11 - - [15/Oct/2022:00:36:01 -0700] "GET /robots.txt HTTP/1.1" 200 106 "-" "Mozilla/5.0 (compatible; SemrushBot/7~bl; +http://www.semrush.com/bot.html)" "mantech8.com"
185.191.171.18 - - [15/Oct/2022:00:36:02 -0700] "GET /index.php/camp-fire/38177303.html HTTP/1.1" 500 - "-" "Mozilla/5.0 (compatible; SemrushBot/7~bl; +http://www.semrush.com/bot.html)" "mantech8.com"
185.191.171.8 - - [15/Oct/2022:00:36:15 -0700] "GET /index.php/camp-fire/40581803.html HTTP/1.1" 500 - "-" "Mozilla/5.0 (compatible; SemrushBot/7~bl; +http://www.semrush.com/bot.html)" "mantech8.com"
185.191.171.40 - - [15/Oct/2022:00:36:21 -0700] "GET /index.php/camp-fire/27723497.html HTTP/1.1" 500 - "-" "Mozilla/5.0 (compatible; SemrushBot/7~bl; +http://www.semrush.com/bot.html)" "mantech8.com"
185.191.171.10 - - [15/Oct/2022:00:36:51 -0700] "GET /index.php/camp-fire/4282085.html HTTP/1.1" 500 - "-" "Mozilla/5.0 (compatible; SemrushBot/7~bl; +http://www.semrush.com/bot.html)" "mantech8.com"
185.191.171.7 - - [15/Oct/2022:00:37:28 -0700] "GET /index.php/camp-fire/26736147.html HTTP/1.1" 500 - "-" "Mozilla/5.0 (compatible; SemrushBot/7~bl; +http://www.semrush.com/bot.html)" "mantech8.com"
185.191.171.10 - - [15/Oct/2022:00:37:59 -0700] "GET /index.php/camp-fire/27682763.html HTTP/1.1" 500 - "-" "Mozilla/5.0 (compatible; SemrushBot/7~bl; +http://www.semrush.com/bot.html)" "mantech8.com"
185.191.171.24 - - [15/Oct/2022:00:38:08 -0700] "GET /index.php/camp-fire/41014508.html HTTP/1.1" 500 - "-" "Mozilla/5.0 (compatible; SemrushBot/7~bl; +http://www.semrush.com/bot.html)" "mantech8.com"
185.191.171.14 - - [15/Oct/2022:00:38:10 -0700] "GET /index.php/camp-fire/33215721.html HTTP/1.1" 500 - "-" "Mozilla/5.0 (compatible; SemrushBot/7~bl; +http://www.semrush.com/bot.html)" "mantech8.com"
185.191.171.5 - - [15/Oct/2022:00:38:34 -0700] "GET /index.php/camp-fire/26635047.html HTTP/1.1" 500 - "-" "Mozilla/5.0 (compatible; SemrushBot/7~bl; +http://www.semrush.com/bot.html)" "mantech8.com"
185.191.171.10 - - [15/Oct/2022:00:38:36 -0700] "GET /index.php/camp-fire/26069451.html HTTP/1.1" 500 - "-" "Mozilla/5.0 (compatible; SemrushBot/7~bl; +http://www.semrush.com/bot.html)" "mantech8.com"
216.244.66.241 - - [15/Oct/2022:00:39:10 -0700] "GET /robots.txt HTTP/1.1" 200 222 "-" "Mozilla/5.0 (compatible; DotBot/1.2; +https://opensiteexplorer.org/dotbot; help@moz.com)" "mantech8.com"
216.244.66.241 - - [15/Oct/2022:00:39:10 -0700] "GET /robots.txt HTTP/1.1" 200 222 "-" "Mozilla/5.0 (compatible; DotBot/1.2; +https://opensiteexplorer.org/dotbot; help@moz.com)" "www.mantech8.com"
185.191.171.7 - - [15/Oct/2022:00:39:31 -0700] "GET /index.php/camp-fire/38225972.html HTTP/1.1" 500 - "-" "Mozilla/5.0 (compatible; SemrushBot/7~bl; +http://www.semrush.com/bot.html)" "mantech8.com"
114.119.133.165 - - [15/Oct/2022:00:40:20 -0700] "GET /index.php/napperkids.xml HTTP/1.1" 200 289520 "-" "Mozilla/5.0 (compatible;PetalBot;+https://webmaster.petalsearch.com/site/petalbot)" "mantech8.com"
71.188.78.219 - - [15/Oct/2022:00:40:34 -0700] "GET /contact.php HTTP/1.1" 200 29238 "http://mantech8.com/contact.php" "Mozilla/5.0 (Windows NT 10.0; Win64; x64) AppleWebKit/537.36 (KHTML, like Gecko) Chrome/90.0.4430.93 Safari/537.36" "mantech8.com"
185.191.171.45 - - [15/Oct/2022:00:40:55 -0700] "GET /index.php/camp-fire/46117571.html HTTP/1.1" 500 - "-" "Mozilla/5.0 (compatible; SemrushBot/7~bl; +http://www.semrush.com/bot.html)" "mantech8.com"
185.191.171.43 - - [15/Oct/2022:00:40:56 -0700] "GET /index.php/camp-fire/399898.html HTTP/1.1" 500 - "-" "Mozilla/5.0 (compatible; SemrushBot/7~bl; +http://www.semrush.com/bot.html)" "mantech8.com"
185.191.171.7 - - [15/Oct/2022:00:41:19 -0700] "GET /index.php/camp-fire/33443093.html HTTP/1.1" 500 - "-" "Mozilla/5.0 (compatible; SemrushBot/7~bl; +http://www.semrush.com/bot.html)" "mantech8.com"
185.191.171.25 - - [15/Oct/2022:00:41:44 -0700] "GET /index.php/camp-fire/42471989.html HTTP/1.1" 500 - "-" "Mozilla/5.0 (compatible; SemrushBot/7~bl; +http://www.semrush.com/bot.html)" "mantech8.com"
185.191.171.25 - - [15/Oct/2022:00:42:00 -0700] "GET /index.php/camp-fire/5277077.html HTTP/1.1" 500 - "-" "Mozilla/5.0 (compatible; SemrushBot/7~bl; +http://www.semrush.com/bot.html)" "mantech8.com"
185.191.171.35 - - [15/Oct/2022:00:42:04 -0700] "GET /index.php/camp-fire/35236197.html HTTP/1.1" 500 - "-" "Mozilla/5.0 (compatible; SemrushBot/7~bl; +http://www.semrush.com/bot.html)" "mantech8.com"
185.191.171.18 - - [15/Oct/2022:00:42:48 -0700] "GET /index.php/camp-fire/30709655.html HTTP/1.1" 500 - "-" "Mozilla/5.0 (compatible; SemrushBot/7~bl; +http://www.semrush.com/bot.html)" "mantech8.com"
185.191.171.44 - - [15/Oct/2022:00:42:51 -0700] "GET /index.php/camp-fire/42362972.html HTTP/1.1" 500 - "-" "Mozilla/5.0 (compatible; SemrushBot/7~bl; +http://www.semrush.com/bot.html)" "mantech8.com"
185.191.171.34 - - [15/Oct/2022:00:43:17 -0700] "GET /index.php/camp-fire/53502159.html HTTP/1.1" 500 - "-" "Mozilla/5.0 (compatible; SemrushBot/7~bl; +http://www.semrush.com/bot.html)" "mantech8.com"
185.191.171.21 - - [15/Oct/2022:00:43:35 -0700] "GET /index.php/camp-fire/35762171.html HTTP/1.1" 500 - "-" "Mozilla/5.0 (compatible; SemrushBot/7~bl; +http://www.semrush.com/bot.html)" "mantech8.com"
185.191.171.18 - - [15/Oct/2022:00:43:37 -0700] "GET /index.php/camp-fire/48308059.html HTTP/1.1" 500 - "-" "Mozilla/5.0 (compatible; SemrushBot/7~bl; +http://www.semrush.com/bot.html)" "mantech8.com"
185.191.171.4 - - [15/Oct/2022:00:45:08 -0700] "GET /index.php/camp-fire/8138796.html HTTP/1.1" 500 - "-" "Mozilla/5.0 (compatible; SemrushBot/7~bl; +http://www.semrush.com/bot.html)" "mantech8.com"
185.191.171.34 - - [15/Oct/2022:00:45:55 -0700] "GET /index.php/camp-fire/5331777.html HTTP/1.1" 500 - "-" "Mozilla/5.0 (compatible; SemrushBot/7~bl; +http://www.semrush.com/bot.html)" "mantech8.com"
114.119.133.190 - - [15/Oct/2022:00:46:19 -0700] "GET /index.php?athermallize.xml HTTP/1.1" 200 289351 "-" "Mozilla/5.0 (compatible;PetalBot;+https://webmaster.petalsearch.com/site/petalbot)" "mantech8.com"
185.191.171.14 - - [15/Oct/2022:00:46:50 -0700] "GET /index.php/camp-fire/27771209.html HTTP/1.1" 500 - "-" "Mozilla/5.0 (compatible; SemrushBot/7~bl; +http://www.semrush.com/bot.html)" "mantech8.com"
185.191.171.2 - - [15/Oct/2022:00:47:26 -0700] "GET /index.php/camp-fire/27879959.html HTTP/1.1" 500 - "-" "Mozilla/5.0 (compatible; SemrushBot/7~bl; +http://www.semrush.com/bot.html)" "mantech8.com"
185.191.171.14 - - [15/Oct/2022:00:47:32 -0700] "GET /index.php/camp-fire/33477693.html HTTP/1.1" 500 - "-" "Mozilla/5.0 (compatible; SemrushBot/7~bl; +http://www.semrush.com/bot.html)" "mantech8.com"
207.46.13.184 - - [15/Oct/2022:00:47:53 -0700] "GET /bimages/certificate/thump/c7.jpg HTTP/1.1" 200 423616 "-" "Mozilla/5.0 AppleWebKit/537.36 (KHTML, like Gecko; compatible; bingbot/2.0; +http://www.bing.com/bingbot.htm) Chrome/103.0.5060.134 Safari/537.36" "www.mantech8.com"
185.191.171.3 - - [15/Oct/2022:00:48:24 -0700] "GET /index.php/camp-fire/8165678.html HTTP/1.1" 500 - "-" "Mozilla/5.0 (compatible; SemrushBot/7~bl; +http://www.semrush.com/bot.html)" "mantech8.com"
185.191.171.4 - - [15/Oct/2022:00:49:23 -0700] "GET /index.php/camp-fire/4837396.html HTTP/1.1" 500 - "-" "Mozilla/5.0 (compatible; SemrushBot/7~bl; +http://www.semrush.com/bot.html)" "mantech8.com"
185.191.171.40 - - [15/Oct/2022:00:49:56 -0700] "GET /index.php/camp-fire/22915881.html HTTP/1.1" 500 - "-" "Mozilla/5.0 (compatible; SemrushBot/7~bl; +http://www.semrush.com/bot.html)" "mantech8.com"
185.191.171.35 - - [15/Oct/2022:00:50:06 -0700] "GET /index.php/camp-fire/8584829.html HTTP/1.1" 500 - "-" "Mozilla/5.0 (compatible; SemrushBot/7~bl; +http://www.semrush.com/bot.html)" "mantech8.com"
185.191.171.5 - - [15/Oct/2022:00:50:11 -0700] "GET /index.php/camp-fire/40555792.html HTTP/1.1" 500 - "-" "Mozilla/5.0 (compatible; SemrushBot/7~bl; +http://www.semrush.com/bot.html)" "mantech8.com"
185.191.171.6 - - [15/Oct/2022:00:50:35 -0700] "GET /index.php/camp-fire/88683087.html HTTP/1.1" 500 - "-" "Mozilla/5.0 (compatible; SemrushBot/7~bl; +http://www.semrush.com/bot.html)" "mantech8.com"
185.191.171.11 - - [15/Oct/2022:00:52:04 -0700] "GET /index.php/camp-fire/4273596.html HTTP/1.1" 500 - "-" "Mozilla/5.0 (compatible; SemrushBot/7~bl; +http://www.semrush.com/bot.html)" "mantech8.com"
