185.191.171.21 - - [15/Oct/2022:12:47:03 -0700] "GET /index.php/camp-fire/8539421.html HTTP/1.1" 500 - "-" "Mozilla/5.0 (compatible; SemrushBot/7~bl; +http://www.semrush.com/bot.html)" "mantech8.com"
185.191.171.7 - - [15/Oct/2022:12:47:19 -0700] "GET /index.php/camp-fire/27095263.html HTTP/1.1" 500 - "-" "Mozilla/5.0 (compatible; SemrushBot/7~bl; +http://www.semrush.com/bot.html)" "mantech8.com"
185.191.171.14 - - [15/Oct/2022:12:47:37 -0700] "GET /index.php/camp-fire/43900892.html HTTP/1.1" 500 - "-" "Mozilla/5.0 (compatible; SemrushBot/7~bl; +http://www.semrush.com/bot.html)" "mantech8.com"
185.191.171.45 - - [15/Oct/2022:12:48:16 -0700] "GET /index.php/camp-fire/35973438.html HTTP/1.1" 500 - "-" "Mozilla/5.0 (compatible; SemrushBot/7~bl; +http://www.semrush.com/bot.html)" "mantech8.com"
185.191.171.11 - - [15/Oct/2022:12:48:34 -0700] "GET /index.php/camp-fire/91987561.html HTTP/1.1" 500 - "-" "Mozilla/5.0 (compatible; SemrushBot/7~bl; +http://www.semrush.com/bot.html)" "mantech8.com"
13.81.215.207 - - [15/Oct/2022:12:48:56 -0700] "GET /wp-login.php HTTP/1.1" 500 2284 "-" "Mozilla/5.0" "mantech8.com"
185.191.171.26 - - [15/Oct/2022:12:49:26 -0700] "GET /index.php/camp-fire/28840166.html HTTP/1.1" 500 - "-" "Mozilla/5.0 (compatible; SemrushBot/7~bl; +http://www.semrush.com/bot.html)" "mantech8.com"
185.191.171.45 - - [15/Oct/2022:12:49:58 -0700] "GET /index.php/camp-fire/36191838.html HTTP/1.1" 500 - "-" "Mozilla/5.0 (compatible; SemrushBot/7~bl; +http://www.semrush.com/bot.html)" "mantech8.com"
185.191.171.4 - - [15/Oct/2022:12:50:13 -0700] "GET /index.php/camp-fire/43568459.html HTTP/1.1" 500 - "-" "Mozilla/5.0 (compatible; SemrushBot/7~bl; +http://www.semrush.com/bot.html)" "mantech8.com"
185.191.171.11 - - [15/Oct/2022:12:50:24 -0700] "GET /index.php/camp-fire/28252771.html HTTP/1.1" 500 - "-" "Mozilla/5.0 (compatible; SemrushBot/7~bl; +http://www.semrush.com/bot.html)" "mantech8.com"
185.191.171.1 - - [15/Oct/2022:12:50:27 -0700] "GET /index.php/camp-fire/1945990.html HTTP/1.1" 500 - "-" "Mozilla/5.0 (compatible; SemrushBot/7~bl; +http://www.semrush.com/bot.html)" "mantech8.com"
185.191.171.5 - - [15/Oct/2022:12:51:29 -0700] "GET /index.php/camp-fire/38435555.html HTTP/1.1" 500 - "-" "Mozilla/5.0 (compatible; SemrushBot/7~bl; +http://www.semrush.com/bot.html)" "mantech8.com"
185.191.171.15 - - [15/Oct/2022:12:51:54 -0700] "GET /index.php/camp-fire/29412666.html HTTP/1.1" 500 - "-" "Mozilla/5.0 (compatible; SemrushBot/7~bl; +http://www.semrush.com/bot.html)" "mantech8.com"
185.191.171.10 - - [15/Oct/2022:12:51:57 -0700] "GET /index.php/camp-fire/8218178.html HTTP/1.1" 500 - "-" "Mozilla/5.0 (compatible; SemrushBot/7~bl; +http://www.semrush.com/bot.html)" "mantech8.com"
185.191.171.40 - - [15/Oct/2022:12:52:37 -0700] "GET /index.php/camp-fire/50656088.html HTTP/1.1" 500 - "-" "Mozilla/5.0 (compatible; SemrushBot/7~bl; +http://www.semrush.com/bot.html)" "mantech8.com"
185.191.171.39 - - [15/Oct/2022:12:53:21 -0700] "GET /index.php/camp-fire/37157147.html HTTP/1.1" 500 - "-" "Mozilla/5.0 (compatible; SemrushBot/7~bl; +http://www.semrush.com/bot.html)" "mantech8.com"
185.191.171.11 - - [15/Oct/2022:12:53:33 -0700] "GET /index.php/camp-fire/8324898.html HTTP/1.1" 500 - "-" "Mozilla/5.0 (compatible; SemrushBot/7~bl; +http://www.semrush.com/bot.html)" "mantech8.com"
185.191.171.20 - - [15/Oct/2022:12:53:34 -0700] "GET /index.php/camp-fire/37066582.html HTTP/1.1" 500 - "-" "Mozilla/5.0 (compatible; SemrushBot/7~bl; +http://www.semrush.com/bot.html)" "mantech8.com"
185.191.171.42 - - [15/Oct/2022:12:53:51 -0700] "GET /index.php/camp-fire/25959265.html HTTP/1.1" 500 - "-" "Mozilla/5.0 (compatible; SemrushBot/7~bl; +http://www.semrush.com/bot.html)" "mantech8.com"
114.119.133.166 - - [15/Oct/2022:12:53:57 -0700] "GET /?limunu.xml HTTP/1.1" 200 270557 "-" "Mozilla/5.0 (compatible;PetalBot;+https://webmaster.petalsearch.com/site/petalbot)" "mantech8.com"
185.191.171.3 - - [15/Oct/2022:12:54:09 -0700] "GET /index.php/camp-fire/26775821.html HTTP/1.1" 500 - "-" "Mozilla/5.0 (compatible; SemrushBot/7~bl; +http://www.semrush.com/bot.html)" "mantech8.com"
185.191.171.34 - - [15/Oct/2022:12:54:23 -0700] "GET /index.php/camp-fire/40622030.html HTTP/1.1" 500 - "-" "Mozilla/5.0 (compatible; SemrushBot/7~bl; +http://www.semrush.com/bot.html)" "mantech8.com"
194.113.35.38 - - [15/Oct/2022:12:55:03 -0700] "GET /index.php?/job/job.asp?jobid=131445 HTTP/1.1" 500 - "https://www.mantech8.com/index.php?/job/job.asp?jobid=131445" "Mozilla/5.0 (Windows NT 10.0; WOW64; Rv:50.0) Gecko/20100101 Firefox/50.0" "www.mantech8.com"
85.239.44.155 - - [15/Oct/2022:12:55:05 -0700] "GET /index.php?/job/job.asp?jobid=131445'[0] HTTP/1.1" 500 - "https://www.mantech8.com/index.php?/job/job.asp?jobid=131445'[0]" "Mozilla/5.0 (Windows NT 10.0; WOW64; Rv:50.0) Gecko/20100101 Firefox/50.0" "www.mantech8.com"
185.191.171.1 - - [15/Oct/2022:12:55:09 -0700] "GET /index.php/camp-fire/28636989.html HTTP/1.1" 500 - "-" "Mozilla/5.0 (compatible; SemrushBot/7~bl; +http://www.semrush.com/bot.html)" "mantech8.com"
185.191.171.1 - - [15/Oct/2022:12:55:41 -0700] "GET /index.php/camp-fire/35220483.html HTTP/1.1" 500 - "-" "Mozilla/5.0 (compatible; SemrushBot/7~bl; +http://www.semrush.com/bot.html)" "mantech8.com"
185.191.171.37 - - [15/Oct/2022:12:55:43 -0700] "GET /index.php/camp-fire/41797203.html HTTP/1.1" 500 - "-" "Mozilla/5.0 (compatible; SemrushBot/7~bl; +http://www.semrush.com/bot.html)" "mantech8.com"
185.191.171.34 - - [15/Oct/2022:12:56:34 -0700] "GET /index.php/camp-fire/4899298.html HTTP/1.1" 500 - "-" "Mozilla/5.0 (compatible; SemrushBot/7~bl; +http://www.semrush.com/bot.html)" "mantech8.com"
185.191.171.25 - - [15/Oct/2022:12:56:53 -0700] "GET /index.php/camp-fire/35648050.html HTTP/1.1" 500 - "-" "Mozilla/5.0 (compatible; SemrushBot/7~bl; +http://www.semrush.com/bot.html)" "mantech8.com"
185.191.171.20 - - [15/Oct/2022:12:57:35 -0700] "GET /index.php/camp-fire/18638655.html HTTP/1.1" 500 - "-" "Mozilla/5.0 (compatible; SemrushBot/7~bl; +http://www.semrush.com/bot.html)" "mantech8.com"
185.191.171.40 - - [15/Oct/2022:12:57:59 -0700] "GET /index.php/camp-fire/97481971.html HTTP/1.1" 500 - "-" "Mozilla/5.0 (compatible; SemrushBot/7~bl; +http://www.semrush.com/bot.html)" "mantech8.com"
185.191.171.5 - - [15/Oct/2022:12:58:32 -0700] "GET /index.php/camp-fire/47005392.html HTTP/1.1" 500 - "-" "Mozilla/5.0 (compatible; SemrushBot/7~bl; +http://www.semrush.com/bot.html)" "mantech8.com"
185.191.171.25 - - [15/Oct/2022:12:59:03 -0700] "GET /index.php/camp-fire/32564125.html HTTP/1.1" 500 - "-" "Mozilla/5.0 (compatible; SemrushBot/7~bl; +http://www.semrush.com/bot.html)" "mantech8.com"
185.191.171.18 - - [15/Oct/2022:12:59:10 -0700] "GET /index.php/camp-fire/28471427.html HTTP/1.1" 500 - "-" "Mozilla/5.0 (compatible; SemrushBot/7~bl; +http://www.semrush.com/bot.html)" "mantech8.com"
185.191.171.34 - - [15/Oct/2022:12:59:15 -0700] "GET /index.php/camp-fire/33712776.html HTTP/1.1" 500 - "-" "Mozilla/5.0 (compatible; SemrushBot/7~bl; +http://www.semrush.com/bot.html)" "mantech8.com"
185.191.171.8 - - [15/Oct/2022:12:59:21 -0700] "GET /index.php/camp-fire/25645046.html HTTP/1.1" 500 - "-" "Mozilla/5.0 (compatible; SemrushBot/7~bl; +http://www.semrush.com/bot.html)" "mantech8.com"
185.191.171.22 - - [15/Oct/2022:13:00:04 -0700] "GET /index.php/camp-fire/8155978.html HTTP/1.1" 500 - "-" "Mozilla/5.0 (compatible; SemrushBot/7~bl; +http://www.semrush.com/bot.html)" "mantech8.com"
66.249.70.176 - - [15/Oct/2022:13:00:21 -0700] "GET /sitemap37.xml HTTP/1.1" 404 88 "-" "Mozilla/5.0 (compatible; Googlebot/2.1; +http://www.google.com/bot.html)" "mantech8.com"
185.191.171.41 - - [15/Oct/2022:13:01:00 -0700] "GET /index.php/camp-fire/59327908.html HTTP/1.1" 500 - "-" "Mozilla/5.0 (compatible; SemrushBot/7~bl; +http://www.semrush.com/bot.html)" "mantech8.com"
185.191.171.44 - - [15/Oct/2022:13:01:12 -0700] "GET /index.php/camp-fire/39022435.html HTTP/1.1" 500 - "-" "Mozilla/5.0 (compatible; SemrushBot/7~bl; +http://www.semrush.com/bot.html)" "mantech8.com"
185.191.171.16 - - [15/Oct/2022:13:01:25 -0700] "GET /index.php/camp-fire/27166763.html HTTP/1.1" 500 - "-" "Mozilla/5.0 (compatible; SemrushBot/7~bl; +http://www.semrush.com/bot.html)" "mantech8.com"
185.191.171.44 - - [15/Oct/2022:13:01:54 -0700] "GET /index.php/camp-fire/31273666.html HTTP/1.1" 500 - "-" "Mozilla/5.0 (compatible; SemrushBot/7~bl; +http://www.semrush.com/bot.html)" "mantech8.com"
185.191.171.24 - - [15/Oct/2022:13:02:01 -0700] "GET /index.php/camp-fire/35962438.html HTTP/1.1" 500 - "-" "Mozilla/5.0 (compatible; SemrushBot/7~bl; +http://www.semrush.com/bot.html)" "mantech8.com"
207.46.13.70 - - [15/Oct/2022:13:02:23 -0700] "GET /camp-fire/92640363.html HTTP/1.1" 404 88 "-" "Mozilla/5.0 (compatible; bingbot/2.0; +http://www.bing.com/bingbot.htm)" "mantech8.com"
185.191.171.26 - - [15/Oct/2022:13:02:57 -0700] "GET /index.php/camp-fire/31563097.html HTTP/1.1" 500 - "-" "Mozilla/5.0 (compatible; SemrushBot/7~bl; +http://www.semrush.com/bot.html)" "mantech8.com"
185.191.171.24 - - [15/Oct/2022:13:03:00 -0700] "GET /index.php/camp-fire/18084161.html HTTP/1.1" 500 - "-" "Mozilla/5.0 (compatible; SemrushBot/7~bl; +http://www.semrush.com/bot.html)" "mantech8.com"
185.191.171.19 - - [15/Oct/2022:13:03:41 -0700] "GET /index.php/camp-fire/45509782.html HTTP/1.1" 500 - "-" "Mozilla/5.0 (compatible; SemrushBot/7~bl; +http://www.semrush.com/bot.html)" "mantech8.com"
40.77.167.72 - - [15/Oct/2022:13:03:44 -0700] "GET /camp-fire/38102492.html HTTP/1.1" 404 88 "-" "Mozilla/5.0 AppleWebKit/537.36 (KHTML, like Gecko; compatible; bingbot/2.0; +http://www.bing.com/bingbot.htm) Chrome/103.0.5060.134 Safari/537.36" "www.mantech8.com"
185.191.171.12 - - [15/Oct/2022:13:04:53 -0700] "GET /index.php/camp-fire/35013625.html HTTP/1.1" 500 - "-" "Mozilla/5.0 (compatible; SemrushBot/7~bl; +http://www.semrush.com/bot.html)" "mantech8.com"
185.191.171.25 - - [15/Oct/2022:13:05:27 -0700] "GET /index.php/camp-fire/36809064.html HTTP/1.1" 500 - "-" "Mozilla/5.0 (compatible; SemrushBot/7~bl; +http://www.semrush.com/bot.html)" "mantech8.com"
185.191.171.4 - - [15/Oct/2022:13:05:37 -0700] "GET /index.php/camp-fire/32511968.html HTTP/1.1" 500 - "-" "Mozilla/5.0 (compatible; SemrushBot/7~bl; +http://www.semrush.com/bot.html)" "mantech8.com"
185.191.171.16 - - [15/Oct/2022:13:06:08 -0700] "GET /index.php/camp-fire/39081735.html HTTP/1.1" 500 - "-" "Mozilla/5.0 (compatible; SemrushBot/7~bl; +http://www.semrush.com/bot.html)" "mantech8.com"
185.191.171.8 - - [15/Oct/2022:13:06:32 -0700] "GET /index.php/camp-fire/16535709.html HTTP/1.1" 500 - "-" "Mozilla/5.0 (compatible; SemrushBot/7~bl; +http://www.semrush.com/bot.html)" "mantech8.com"
185.191.171.1 - - [15/Oct/2022:13:07:02 -0700] "GET /index.php/camp-fire/41516571.html HTTP/1.1" 500 - "-" "Mozilla/5.0 (compatible; SemrushBot/7~bl; +http://www.semrush.com/bot.html)" "mantech8.com"
185.191.171.23 - - [15/Oct/2022:13:07:27 -0700] "GET /index.php/camp-fire/38219072.html HTTP/1.1" 500 - "-" "Mozilla/5.0 (compatible; SemrushBot/7~bl; +http://www.semrush.com/bot.html)" "mantech8.com"
185.191.171.17 - - [15/Oct/2022:13:08:32 -0700] "GET /index.php/camp-fire/42140234.html HTTP/1.1" 500 - "-" "Mozilla/5.0 (compatible; SemrushBot/7~bl; +http://www.semrush.com/bot.html)" "mantech8.com"
185.191.171.3 - - [15/Oct/2022:13:08:40 -0700] "GET /index.php/camp-fire/25584950.html HTTP/1.1" 500 - "-" "Mozilla/5.0 (compatible; SemrushBot/7~bl; +http://www.semrush.com/bot.html)" "mantech8.com"
185.191.171.35 - - [15/Oct/2022:13:08:57 -0700] "GET /index.php/camp-fire/26908221.html HTTP/1.1" 500 - "-" "Mozilla/5.0 (compatible; SemrushBot/7~bl; +http://www.semrush.com/bot.html)" "mantech8.com"
185.191.171.19 - - [15/Oct/2022:13:09:22 -0700] "GET /index.php/camp-fire/26074951.html HTTP/1.1" 500 - "-" "Mozilla/5.0 (compatible; SemrushBot/7~bl; +http://www.semrush.com/bot.html)" "mantech8.com"
185.191.171.10 - - [15/Oct/2022:13:09:28 -0700] "GET /index.php/camp-fire/33166968.html HTTP/1.1" 500 - "-" "Mozilla/5.0 (compatible; SemrushBot/7~bl; +http://www.semrush.com/bot.html)" "mantech8.com"
185.191.171.40 - - [15/Oct/2022:13:09:34 -0700] "GET /index.php/camp-fire/40010176.html HTTP/1.1" 500 - "-" "Mozilla/5.0 (compatible; SemrushBot/7~bl; +http://www.semrush.com/bot.html)" "mantech8.com"
185.191.171.11 - - [15/Oct/2022:13:10:10 -0700] "GET /index.php/camp-fire/18282880.html HTTP/1.1" 500 - "-" "Mozilla/5.0 (compatible; SemrushBot/7~bl; +http://www.semrush.com/bot.html)" "mantech8.com"
185.191.171.34 - - [15/Oct/2022:13:11:04 -0700] "GET /index.php/camp-fire/18154680.html HTTP/1.1" 500 - "-" "Mozilla/5.0 (compatible; SemrushBot/7~bl; +http://www.semrush.com/bot.html)" "mantech8.com"
185.191.171.19 - - [15/Oct/2022:13:11:16 -0700] "GET /index.php/camp-fire/37983455.html HTTP/1.1" 500 - "-" "Mozilla/5.0 (compatible; SemrushBot/7~bl; +http://www.semrush.com/bot.html)" "mantech8.com"
185.191.171.21 - - [15/Oct/2022:13:11:17 -0700] "GET /index.php/camp-fire/38941117.html HTTP/1.1" 500 - "-" "Mozilla/5.0 (compatible; SemrushBot/7~bl; +http://www.semrush.com/bot.html)" "mantech8.com"
185.191.171.19 - - [15/Oct/2022:13:11:21 -0700] "GET /index.php/camp-fire/38942464.html HTTP/1.1" 500 - "-" "Mozilla/5.0 (compatible; SemrushBot/7~bl; +http://www.semrush.com/bot.html)" "mantech8.com"
185.191.171.6 - - [15/Oct/2022:13:11:45 -0700] "GET /index.php/camp-fire/30403265.html HTTP/1.1" 500 - "-" "Mozilla/5.0 (compatible; SemrushBot/7~bl; +http://www.semrush.com/bot.html)" "mantech8.com"
114.119.133.182 - - [15/Oct/2022:13:11:57 -0700] "GET /sitemap271.xml HTTP/1.1" 404 88 "-" "Mozilla/5.0 (compatible;PetalBot;+https://webmaster.petalsearch.com/site/petalbot)" "mantech8.com"
185.191.171.1 - - [15/Oct/2022:13:12:17 -0700] "GET /index.php/camp-fire/51721082.html HTTP/1.1" 500 - "-" "Mozilla/5.0 (compatible; SemrushBot/7~bl; +http://www.semrush.com/bot.html)" "mantech8.com"
185.191.171.9 - - [15/Oct/2022:13:12:30 -0700] "GET /robots.txt HTTP/1.1" 200 106 "-" "Mozilla/5.0 (compatible; SemrushBot/7~bl; +http://www.semrush.com/bot.html)" "mantech8.com"
185.191.171.19 - - [15/Oct/2022:13:12:30 -0700] "GET /index.php/camp-fire/44937934.html HTTP/1.1" 500 - "-" "Mozilla/5.0 (compatible; SemrushBot/7~bl; +http://www.semrush.com/bot.html)" "mantech8.com"
185.191.171.19 - - [15/Oct/2022:13:12:57 -0700] "GET /index.php/camp-fire/33085555.html HTTP/1.1" 500 - "-" "Mozilla/5.0 (compatible; SemrushBot/7~bl; +http://www.semrush.com/bot.html)" "mantech8.com"
185.191.171.34 - - [15/Oct/2022:13:13:29 -0700] "GET /index.php/camp-fire/29871796.html HTTP/1.1" 500 - "-" "Mozilla/5.0 (compatible; SemrushBot/7~bl; +http://www.semrush.com/bot.html)" "mantech8.com"
185.191.171.38 - - [15/Oct/2022:13:14:29 -0700] "GET /index.php/camp-fire/38866492.html HTTP/1.1" 500 - "-" "Mozilla/5.0 (compatible; SemrushBot/7~bl; +http://www.semrush.com/bot.html)" "mantech8.com"
185.191.171.42 - - [15/Oct/2022:13:14:49 -0700] "GET /index.php/camp-fire/7758308.html HTTP/1.1" 500 - "-" "Mozilla/5.0 (compatible; SemrushBot/7~bl; +http://www.semrush.com/bot.html)" "mantech8.com"
185.191.171.15 - - [15/Oct/2022:13:15:06 -0700] "GET /index.php/camp-fire/29726530.html HTTP/1.1" 500 - "-" "Mozilla/5.0 (compatible; SemrushBot/7~bl; +http://www.semrush.com/bot.html)" "mantech8.com"
185.191.171.13 - - [15/Oct/2022:13:15:51 -0700] "GET /index.php/camp-fire/28862998.html HTTP/1.1" 500 - "-" "Mozilla/5.0 (compatible; SemrushBot/7~bl; +http://www.semrush.com/bot.html)" "mantech8.com"
185.191.171.21 - - [15/Oct/2022:13:15:53 -0700] "GET /index.php/camp-fire/26354350.html HTTP/1.1" 500 - "-" "Mozilla/5.0 (compatible; SemrushBot/7~bl; +http://www.semrush.com/bot.html)" "mantech8.com"
185.191.171.5 - - [15/Oct/2022:13:16:44 -0700] "GET /index.php/camp-fire/45160193.html HTTP/1.1" 500 - "-" "Mozilla/5.0 (compatible; SemrushBot/7~bl; +http://www.semrush.com/bot.html)" "mantech8.com"
185.191.171.19 - - [15/Oct/2022:13:17:17 -0700] "GET /index.php/camp-fire/38221581.html HTTP/1.1" 500 - "-" "Mozilla/5.0 (compatible; SemrushBot/7~bl; +http://www.semrush.com/bot.html)" "mantech8.com"
185.191.171.7 - - [15/Oct/2022:13:18:27 -0700] "GET /index.php/camp-fire/38095972.html HTTP/1.1" 500 - "-" "Mozilla/5.0 (compatible; SemrushBot/7~bl; +http://www.semrush.com/bot.html)" "mantech8.com"
216.244.66.241 - - [15/Oct/2022:13:18:45 -0700] "GET /robots.txt HTTP/1.1" 200 222 "-" "Mozilla/5.0 (compatible; DotBot/1.2; +https://opensiteexplorer.org/dotbot; help@moz.com)" "www.mantech8.com"
216.244.66.241 - - [15/Oct/2022:13:18:46 -0700] "GET /robots.txt HTTP/1.1" 200 222 "-" "Mozilla/5.0 (compatible; DotBot/1.2; +https://opensiteexplorer.org/dotbot; help@moz.com)" "mantech8.com"
185.191.171.23 - - [15/Oct/2022:13:19:30 -0700] "GET /index.php/camp-fire/43833938.html HTTP/1.1" 500 - "-" "Mozilla/5.0 (compatible; SemrushBot/7~bl; +http://www.semrush.com/bot.html)" "mantech8.com"
185.191.171.38 - - [15/Oct/2022:13:19:47 -0700] "GET /index.php/camp-fire/33745368.html HTTP/1.1" 500 - "-" "Mozilla/5.0 (compatible; SemrushBot/7~bl; +http://www.semrush.com/bot.html)" "mantech8.com"
185.191.171.4 - - [15/Oct/2022:13:19:56 -0700] "GET /index.php/camp-fire/28923166.html HTTP/1.1" 500 - "-" "Mozilla/5.0 (compatible; SemrushBot/7~bl; +http://www.semrush.com/bot.html)" "mantech8.com"
185.191.171.14 - - [15/Oct/2022:13:20:19 -0700] "GET /index.php/camp-fire/47512888.html HTTP/1.1" 500 - "-" "Mozilla/5.0 (compatible; SemrushBot/7~bl; +http://www.semrush.com/bot.html)" "mantech8.com"
185.191.171.7 - - [15/Oct/2022:13:20:22 -0700] "GET /index.php/camp-fire/35080993.html HTTP/1.1" 500 - "-" "Mozilla/5.0 (compatible; SemrushBot/7~bl; +http://www.semrush.com/bot.html)" "mantech8.com"
185.191.171.33 - - [15/Oct/2022:13:20:25 -0700] "GET /index.php/camp-fire/38576555.html HTTP/1.1" 500 - "-" "Mozilla/5.0 (compatible; SemrushBot/7~bl; +http://www.semrush.com/bot.html)" "mantech8.com"
185.191.171.6 - - [15/Oct/2022:13:21:02 -0700] "GET /index.php/camp-fire/33206816.html HTTP/1.1" 500 - "-" "Mozilla/5.0 (compatible; SemrushBot/7~bl; +http://www.semrush.com/bot.html)" "mantech8.com"
185.191.171.1 - - [15/Oct/2022:13:21:30 -0700] "GET /index.php/camp-fire/34486576.html HTTP/1.1" 500 - "-" "Mozilla/5.0 (compatible; SemrushBot/7~bl; +http://www.semrush.com/bot.html)" "mantech8.com"
185.191.171.26 - - [15/Oct/2022:13:21:37 -0700] "GET /index.php/camp-fire/3328300.html HTTP/1.1" 500 - "-" "Mozilla/5.0 (compatible; SemrushBot/7~bl; +http://www.semrush.com/bot.html)" "mantech8.com"
185.191.171.25 - - [15/Oct/2022:13:22:34 -0700] "GET /index.php/camp-fire/26737247.html HTTP/1.1" 500 - "-" "Mozilla/5.0 (compatible; SemrushBot/7~bl; +http://www.semrush.com/bot.html)" "mantech8.com"
185.191.171.35 - - [15/Oct/2022:13:23:53 -0700] "GET /index.php/camp-fire/38163503.html HTTP/1.1" 500 - "-" "Mozilla/5.0 (compatible; SemrushBot/7~bl; +http://www.semrush.com/bot.html)" "mantech8.com"
185.191.171.22 - - [15/Oct/2022:13:24:06 -0700] "GET /index.php/camp-fire/37113760.html HTTP/1.1" 500 - "-" "Mozilla/5.0 (compatible; SemrushBot/7~bl; +http://www.semrush.com/bot.html)" "mantech8.com"
185.191.171.3 - - [15/Oct/2022:13:24:15 -0700] "GET /index.php/camp-fire/7527298.html HTTP/1.1" 500 - "-" "Mozilla/5.0 (compatible; SemrushBot/7~bl; +http://www.semrush.com/bot.html)" "mantech8.com"
185.191.171.18 - - [15/Oct/2022:13:24:43 -0700] "GET /index.php/camp-fire/50547517.html HTTP/1.1" 500 - "-" "Mozilla/5.0 (compatible; SemrushBot/7~bl; +http://www.semrush.com/bot.html)" "mantech8.com"
185.191.171.34 - - [15/Oct/2022:13:25:22 -0700] "GET /index.php/camp-fire/4213385.html HTTP/1.1" 500 - "-" "Mozilla/5.0 (compatible; SemrushBot/7~bl; +http://www.semrush.com/bot.html)" "mantech8.com"
185.191.171.24 - - [15/Oct/2022:13:25:39 -0700] "GET /index.php/camp-fire/33536793.html HTTP/1.1" 500 - "-" "Mozilla/5.0 (compatible; SemrushBot/7~bl; +http://www.semrush.com/bot.html)" "mantech8.com"
185.191.171.23 - - [15/Oct/2022:13:25:49 -0700] "GET /index.php/camp-fire/35331193.html HTTP/1.1" 500 - "-" "Mozilla/5.0 (compatible; SemrushBot/7~bl; +http://www.semrush.com/bot.html)" "mantech8.com"
185.191.171.37 - - [15/Oct/2022:13:26:01 -0700] "GET /index.php/camp-fire/30485441.html HTTP/1.1" 500 - "-" "Mozilla/5.0 (compatible; SemrushBot/7~bl; +http://www.semrush.com/bot.html)" "mantech8.com"
185.191.171.14 - - [15/Oct/2022:13:26:45 -0700] "GET /index.php/camp-fire/4211385.html HTTP/1.1" 500 - "-" "Mozilla/5.0 (compatible; SemrushBot/7~bl; +http://www.semrush.com/bot.html)" "mantech8.com"
185.191.171.35 - - [15/Oct/2022:13:26:58 -0700] "GET /index.php/camp-fire/37182978.html HTTP/1.1" 500 - "-" "Mozilla/5.0 (compatible; SemrushBot/7~bl; +http://www.semrush.com/bot.html)" "mantech8.com"
185.191.171.17 - - [15/Oct/2022:13:27:04 -0700] "GET /index.php/camp-fire/21716017.html HTTP/1.1" 500 - "-" "Mozilla/5.0 (compatible; SemrushBot/7~bl; +http://www.semrush.com/bot.html)" "mantech8.com"
185.191.171.38 - - [15/Oct/2022:13:27:05 -0700] "GET /index.php/camp-fire/24550630.html HTTP/1.1" 500 - "-" "Mozilla/5.0 (compatible; SemrushBot/7~bl; +http://www.semrush.com/bot.html)" "mantech8.com"
185.191.171.45 - - [15/Oct/2022:13:27:07 -0700] "GET /index.php/camp-fire/52795770.html HTTP/1.1" 500 - "-" "Mozilla/5.0 (compatible; SemrushBot/7~bl; +http://www.semrush.com/bot.html)" "mantech8.com"
185.191.171.33 - - [15/Oct/2022:13:27:27 -0700] "GET /index.php/camp-fire/42214703.html HTTP/1.1" 500 - "-" "Mozilla/5.0 (compatible; SemrushBot/7~bl; +http://www.semrush.com/bot.html)" "mantech8.com"
185.191.171.34 - - [15/Oct/2022:13:27:31 -0700] "GET /index.php/camp-fire/28389183.html HTTP/1.1" 500 - "-" "Mozilla/5.0 (compatible; SemrushBot/7~bl; +http://www.semrush.com/bot.html)" "mantech8.com"
114.119.133.182 - - [15/Oct/2022:13:29:09 -0700] "GET /?venatically.xml HTTP/1.1" 200 270488 "-" "Mozilla/5.0 (compatible;PetalBot;+https://webmaster.petalsearch.com/site/petalbot)" "mantech8.com"
185.191.171.44 - - [15/Oct/2022:13:30:27 -0700] "GET /index.php/camp-fire/29258766.html HTTP/1.1" 500 - "-" "Mozilla/5.0 (compatible; SemrushBot/7~bl; +http://www.semrush.com/bot.html)" "mantech8.com"
185.191.171.12 - - [15/Oct/2022:13:30:42 -0700] "GET /index.php/camp-fire/31671530.html HTTP/1.1" 500 - "-" "Mozilla/5.0 (compatible; SemrushBot/7~bl; +http://www.semrush.com/bot.html)" "mantech8.com"
185.191.171.8 - - [15/Oct/2022:13:31:17 -0700] "GET /index.php/camp-fire/9306272.html HTTP/1.1" 500 - "-" "Mozilla/5.0 (compatible; SemrushBot/7~bl; +http://www.semrush.com/bot.html)" "mantech8.com"
185.191.171.40 - - [15/Oct/2022:13:31:47 -0700] "GET /index.php/camp-fire/26624847.html HTTP/1.1" 500 - "-" "Mozilla/5.0 (compatible; SemrushBot/7~bl; +http://www.semrush.com/bot.html)" "mantech8.com"
185.191.171.22 - - [15/Oct/2022:13:32:10 -0700] "GET /index.php/camp-fire/30142406.html HTTP/1.1" 500 - "-" "Mozilla/5.0 (compatible; SemrushBot/7~bl; +http://www.semrush.com/bot.html)" "mantech8.com"
185.191.171.14 - - [15/Oct/2022:13:32:38 -0700] "GET /index.php/camp-fire/98132050.html HTTP/1.1" 500 - "-" "Mozilla/5.0 (compatible; SemrushBot/7~bl; +http://www.semrush.com/bot.html)" "mantech8.com"
185.191.171.8 - - [15/Oct/2022:13:32:43 -0700] "GET /index.php/camp-fire/31464766.html HTTP/1.1" 500 - "-" "Mozilla/5.0 (compatible; SemrushBot/7~bl; +http://www.semrush.com/bot.html)" "mantech8.com"
185.191.171.18 - - [15/Oct/2022:13:32:47 -0700] "GET /index.php/camp-fire/2704390.html HTTP/1.1" 500 - "-" "Mozilla/5.0 (compatible; SemrushBot/7~bl; +http://www.semrush.com/bot.html)" "mantech8.com"
207.46.13.70 - - [15/Oct/2022:13:33:06 -0700] "GET /sitemapmobileindex.xml HTTP/1.1" 404 88 "-" "Mozilla/5.0 (compatible; bingbot/2.0; +http://www.bing.com/bingbot.htm)" "mantech8.com"
207.46.13.205 - - [15/Oct/2022:13:33:09 -0700] "GET /sitemapnewindex.xml HTTP/1.1" 404 88 "-" "Mozilla/5.0 (compatible; bingbot/2.0; +http://www.bing.com/bingbot.htm)" "mantech8.com"
40.77.167.72 - - [15/Oct/2022:13:33:10 -0700] "GET /sitemapindeximages.xml HTTP/1.1" 404 88 "-" "Mozilla/5.0 AppleWebKit/537.36 (KHTML, like Gecko; compatible; bingbot/2.0; +http://www.bing.com/bingbot.htm) Chrome/103.0.5060.134 Safari/537.36" "mantech8.com"
40.77.167.72 - - [15/Oct/2022:13:33:10 -0700] "GET /sitemapindex.xml HTTP/1.1" 404 88 "-" "Mozilla/5.0 (compatible; bingbot/2.0; +http://www.bing.com/bingbot.htm)" "mantech8.com"
40.77.167.68 - - [15/Oct/2022:13:33:34 -0700] "GET /bimages/gallery/thump/sb5.jpg HTTP/1.1" 200 99183 "-" "Mozilla/5.0 AppleWebKit/537.36 (KHTML, like Gecko; compatible; bingbot/2.0; +http://www.bing.com/bingbot.htm) Chrome/103.0.5060.134 Safari/537.36" "mantech8.com"
185.191.171.2 - - [15/Oct/2022:13:33:38 -0700] "GET /index.php/camp-fire/41890403.html HTTP/1.1" 500 - "-" "Mozilla/5.0 (compatible; SemrushBot/7~bl; +http://www.semrush.com/bot.html)" "mantech8.com"
185.191.171.33 - - [15/Oct/2022:13:34:02 -0700] "GET /index.php/camp-fire/28620189.html HTTP/1.1" 500 - "-" "Mozilla/5.0 (compatible; SemrushBot/7~bl; +http://www.semrush.com/bot.html)" "mantech8.com"
185.191.171.7 - - [15/Oct/2022:13:34:30 -0700] "GET /index.php/camp-fire/47393917.html HTTP/1.1" 500 - "-" "Mozilla/5.0 (compatible; SemrushBot/7~bl; +http://www.semrush.com/bot.html)" "mantech8.com"
185.191.171.11 - - [15/Oct/2022:13:34:57 -0700] "GET /index.php/camp-fire/40063776.html HTTP/1.1" 500 - "-" "Mozilla/5.0 (compatible; SemrushBot/7~bl; +http://www.semrush.com/bot.html)" "mantech8.com"
114.119.133.166 - - [15/Oct/2022:13:35:18 -0700] "GET /index.php?camp-fire/43329182.html HTTP/1.1" 500 - "-" "Mozilla/5.0 (Linux; Android 7.0;) AppleWebKit/537.36 (KHTML, like Gecko) Mobile Safari/537.36 (compatible; PetalBot;+https://webmaster.petalsearch.com/site/petalbot)" "www.mantech8.com"
185.191.171.15 - - [15/Oct/2022:13:35:25 -0700] "GET /index.php/camp-fire/42158634.html HTTP/1.1" 500 - "-" "Mozilla/5.0 (compatible; SemrushBot/7~bl; +http://www.semrush.com/bot.html)" "mantech8.com"
185.191.171.22 - - [15/Oct/2022:13:35:26 -0700] "GET /index.php/camp-fire/39734872.html HTTP/1.1" 500 - "-" "Mozilla/5.0 (compatible; SemrushBot/7~bl; +http://www.semrush.com/bot.html)" "mantech8.com"
66.249.70.178 - - [15/Oct/2022:13:35:38 -0700] "GET /nieying.xml HTTP/1.1" 404 88 "-" "Mozilla/5.0 (compatible; Googlebot/2.1; +http://www.google.com/bot.html)" "mantech8.com"
185.191.171.4 - - [15/Oct/2022:13:36:25 -0700] "GET /index.php/camp-fire/26069551.html HTTP/1.1" 500 - "-" "Mozilla/5.0 (compatible; SemrushBot/7~bl; +http://www.semrush.com/bot.html)" "mantech8.com"
185.191.171.26 - - [15/Oct/2022:13:36:28 -0700] "GET /index.php/camp-fire/8698378.html HTTP/1.1" 500 - "-" "Mozilla/5.0 (compatible; SemrushBot/7~bl; +http://www.semrush.com/bot.html)" "mantech8.com"
185.191.171.20 - - [15/Oct/2022:13:37:33 -0700] "GET /index.php/camp-fire/28655589.html HTTP/1.1" 500 - "-" "Mozilla/5.0 (compatible; SemrushBot/7~bl; +http://www.semrush.com/bot.html)" "mantech8.com"
185.191.171.18 - - [15/Oct/2022:13:37:35 -0700] "GET /index.php/camp-fire/60762349.html HTTP/1.1" 500 - "-" "Mozilla/5.0 (compatible; SemrushBot/7~bl; +http://www.semrush.com/bot.html)" "mantech8.com"
185.191.171.9 - - [15/Oct/2022:13:38:11 -0700] "GET /index.php/camp-fire/42139534.html HTTP/1.1" 500 - "-" "Mozilla/5.0 (compatible; SemrushBot/7~bl; +http://www.semrush.com/bot.html)" "mantech8.com"
185.191.171.20 - - [15/Oct/2022:13:39:04 -0700] "GET /index.php/camp-fire/281098.html HTTP/1.1" 500 - "-" "Mozilla/5.0 (compatible; SemrushBot/7~bl; +http://www.semrush.com/bot.html)" "mantech8.com"
185.191.171.41 - - [15/Oct/2022:13:39:14 -0700] "GET /index.php/camp-fire/34237363.html HTTP/1.1" 500 - "-" "Mozilla/5.0 (compatible; SemrushBot/7~bl; +http://www.semrush.com/bot.html)" "mantech8.com"
185.191.171.21 - - [15/Oct/2022:13:39:26 -0700] "GET /index.php/camp-fire/27895171.html HTTP/1.1" 500 - "-" "Mozilla/5.0 (compatible; SemrushBot/7~bl; +http://www.semrush.com/bot.html)" "mantech8.com"
185.191.171.24 - - [15/Oct/2022:13:40:10 -0700] "GET /index.php/camp-fire/27957271.html HTTP/1.1" 500 - "-" "Mozilla/5.0 (compatible; SemrushBot/7~bl; +http://www.semrush.com/bot.html)" "mantech8.com"
185.191.171.35 - - [15/Oct/2022:13:40:49 -0700] "GET /index.php/camp-fire/40425038.html HTTP/1.1" 500 - "-" "Mozilla/5.0 (compatible; SemrushBot/7~bl; +http://www.semrush.com/bot.html)" "mantech8.com"
185.191.171.7 - - [15/Oct/2022:13:40:52 -0700] "GET /index.php/camp-fire/54143989.html HTTP/1.1" 500 - "-" "Mozilla/5.0 (compatible; SemrushBot/7~bl; +http://www.semrush.com/bot.html)" "mantech8.com"
185.191.171.38 - - [15/Oct/2022:13:40:59 -0700] "GET /index.php/camp-fire/40402087.html HTTP/1.1" 500 - "-" "Mozilla/5.0 (compatible; SemrushBot/7~bl; +http://www.semrush.com/bot.html)" "mantech8.com"
185.191.171.10 - - [15/Oct/2022:13:41:23 -0700] "GET /index.php/camp-fire/33131416.html HTTP/1.1" 500 - "-" "Mozilla/5.0 (compatible; SemrushBot/7~bl; +http://www.semrush.com/bot.html)" "mantech8.com"
185.191.171.38 - - [15/Oct/2022:13:43:06 -0700] "GET /index.php/camp-fire/26642930.html HTTP/1.1" 500 - "-" "Mozilla/5.0 (compatible; SemrushBot/7~bl; +http://www.semrush.com/bot.html)" "mantech8.com"
185.191.171.38 - - [15/Oct/2022:13:43:24 -0700] "GET /index.php/camp-fire/17638672.html HTTP/1.1" 500 - "-" "Mozilla/5.0 (compatible; SemrushBot/7~bl; +http://www.semrush.com/bot.html)" "mantech8.com"
185.191.171.25 - - [15/Oct/2022:13:43:31 -0700] "GET /index.php/camp-fire/34421450.html HTTP/1.1" 500 - "-" "Mozilla/5.0 (compatible; SemrushBot/7~bl; +http://www.semrush.com/bot.html)" "mantech8.com"
185.191.171.4 - - [15/Oct/2022:13:43:33 -0700] "GET /index.php/camp-fire/41766678.html HTTP/1.1" 500 - "-" "Mozilla/5.0 (compatible; SemrushBot/7~bl; +http://www.semrush.com/bot.html)" "mantech8.com"
185.191.171.40 - - [15/Oct/2022:13:44:05 -0700] "GET /index.php/camp-fire/2823069.html HTTP/1.1" 500 - "-" "Mozilla/5.0 (compatible; SemrushBot/7~bl; +http://www.semrush.com/bot.html)" "mantech8.com"
185.191.171.7 - - [15/Oct/2022:13:44:07 -0700] "GET /index.php/camp-fire/59227559.html HTTP/1.1" 500 - "-" "Mozilla/5.0 (compatible; SemrushBot/7~bl; +http://www.semrush.com/bot.html)" "mantech8.com"
185.191.171.14 - - [15/Oct/2022:13:45:04 -0700] "GET /index.php/camp-fire/27752609.html HTTP/1.1" 500 - "-" "Mozilla/5.0 (compatible; SemrushBot/7~bl; +http://www.semrush.com/bot.html)" "mantech8.com"
185.191.171.38 - - [15/Oct/2022:13:45:39 -0700] "GET /index.php/camp-fire/32485768.html HTTP/1.1" 500 - "-" "Mozilla/5.0 (compatible; SemrushBot/7~bl; +http://www.semrush.com/bot.html)" "mantech8.com"
185.191.171.25 - - [15/Oct/2022:13:45:53 -0700] "GET /index.php/camp-fire/18304578.html HTTP/1.1" 500 - "-" "Mozilla/5.0 (compatible; SemrushBot/7~bl; +http://www.semrush.com/bot.html)" "mantech8.com"
185.191.171.43 - - [15/Oct/2022:13:46:23 -0700] "GET /index.php/camp-fire/36137738.html HTTP/1.1" 500 - "-" "Mozilla/5.0 (compatible; SemrushBot/7~bl; +http://www.semrush.com/bot.html)" "mantech8.com"
40.77.167.58 - - [15/Oct/2022:13:46:35 -0700] "GET /?/cisco%E6%A9%9F%E5%99%A8%E3%81%AE%E3%82%B3%E3%83%9E%E3%83%B3%E3%83%89%E5%B0%8F%E6%8A%80%E9%9B%86/ HTTP/1.1" 200 62788 "-" "Mozilla/5.0 AppleWebKit/537.36 (KHTML, like Gecko; compatible; bingbot/2.0; +http://www.bing.com/bingbot.htm) Chrome/103.0.5060.134 Safari/537.36" "mantech8.com"
185.191.171.11 - - [15/Oct/2022:13:46:53 -0700] "GET /index.php/camp-fire/31475533.html HTTP/1.1" 500 - "-" "Mozilla/5.0 (compatible; SemrushBot/7~bl; +http://www.semrush.com/bot.html)" "mantech8.com"
185.191.171.3 - - [15/Oct/2022:13:47:24 -0700] "GET /index.php/camp-fire/40099476.html HTTP/1.1" 500 - "-" "Mozilla/5.0 (compatible; SemrushBot/7~bl; +http://www.semrush.com/bot.html)" "mantech8.com"
185.191.171.18 - - [15/Oct/2022:13:47:38 -0700] "GET /index.php/camp-fire/97937964.html HTTP/1.1" 500 - "-" "Mozilla/5.0 (compatible; SemrushBot/7~bl; +http://www.semrush.com/bot.html)" "mantech8.com"
185.191.171.8 - - [15/Oct/2022:13:48:09 -0700] "GET /index.php/camp-fire/30189276.html HTTP/1.1" 500 - "-" "Mozilla/5.0 (compatible; SemrushBot/7~bl; +http://www.semrush.com/bot.html)" "mantech8.com"
185.191.171.2 - - [15/Oct/2022:13:49:10 -0700] "GET /index.php/camp-fire/30497441.html HTTP/1.1" 500 - "-" "Mozilla/5.0 (compatible; SemrushBot/7~bl; +http://www.semrush.com/bot.html)" "mantech8.com"
185.191.171.44 - - [15/Oct/2022:13:49:44 -0700] "GET /index.php/camp-fire/35436608.html HTTP/1.1" 500 - "-" "Mozilla/5.0 (compatible; SemrushBot/7~bl; +http://www.semrush.com/bot.html)" "mantech8.com"
185.191.171.13 - - [15/Oct/2022:13:49:55 -0700] "GET /index.php/camp-fire/42046649.html HTTP/1.1" 500 - "-" "Mozilla/5.0 (compatible; SemrushBot/7~bl; +http://www.semrush.com/bot.html)" "mantech8.com"
185.191.171.17 - - [15/Oct/2022:13:50:16 -0700] "GET /index.php/camp-fire/15519046.html HTTP/1.1" 500 - "-" "Mozilla/5.0 (compatible; SemrushBot/7~bl; +http://www.semrush.com/bot.html)" "mantech8.com"
185.191.171.9 - - [15/Oct/2022:13:50:20 -0700] "GET /index.php/camp-fire/38856292.html HTTP/1.1" 500 - "-" "Mozilla/5.0 (compatible; SemrushBot/7~bl; +http://www.semrush.com/bot.html)" "mantech8.com"
185.191.171.25 - - [15/Oct/2022:13:50:59 -0700] "GET /index.php/camp-fire/38423735.html HTTP/1.1" 500 - "-" "Mozilla/5.0 (compatible; SemrushBot/7~bl; +http://www.semrush.com/bot.html)" "mantech8.com"
185.191.171.3 - - [15/Oct/2022:13:51:28 -0700] "GET /index.php/camp-fire/38127203.html HTTP/1.1" 500 - "-" "Mozilla/5.0 (compatible; SemrushBot/7~bl; +http://www.semrush.com/bot.html)" "mantech8.com"
185.191.171.45 - - [15/Oct/2022:13:51:42 -0700] "GET /index.php/camp-fire/29858466.html HTTP/1.1" 500 - "-" "Mozilla/5.0 (compatible; SemrushBot/7~bl; +http://www.semrush.com/bot.html)" "mantech8.com"
40.77.167.68 - - [15/Oct/2022:13:51:46 -0700] "GET /camp-fire/35289681.html HTTP/1.1" 404 88 "-" "Mozilla/5.0 AppleWebKit/537.36 (KHTML, like Gecko; compatible; bingbot/2.0; +http://www.bing.com/bingbot.htm) Chrome/103.0.5060.134 Safari/537.36" "mantech8.com"
185.191.171.16 - - [15/Oct/2022:13:52:35 -0700] "GET /index.php/camp-fire/35565308.html HTTP/1.1" 500 - "-" "Mozilla/5.0 (compatible; SemrushBot/7~bl; +http://www.semrush.com/bot.html)" "mantech8.com"
185.191.171.44 - - [15/Oct/2022:13:53:05 -0700] "GET /index.php/camp-fire/27641176.html HTTP/1.1" 500 - "-" "Mozilla/5.0 (compatible; SemrushBot/7~bl; +http://www.semrush.com/bot.html)" "mantech8.com"
40.77.167.68 - - [15/Oct/2022:13:53:06 -0700] "GET /camp-fire/84813444.html HTTP/1.1" 404 88 "-" "Mozilla/5.0 (compatible; bingbot/2.0; +http://www.bing.com/bingbot.htm)" "www.mantech8.com"
185.191.171.37 - - [15/Oct/2022:13:53:26 -0700] "GET /index.php/camp-fire/35805738.html HTTP/1.1" 500 - "-" "Mozilla/5.0 (compatible; SemrushBot/7~bl; +http://www.semrush.com/bot.html)" "mantech8.com"
185.191.171.35 - - [15/Oct/2022:13:53:46 -0700] "GET /index.php/camp-fire/7615221.html HTTP/1.1" 500 - "-" "Mozilla/5.0 (compatible; SemrushBot/7~bl; +http://www.semrush.com/bot.html)" "mantech8.com"
185.191.171.15 - - [15/Oct/2022:13:54:19 -0700] "GET /index.php/camp-fire/28161581.html HTTP/1.1" 500 - "-" "Mozilla/5.0 (compatible; SemrushBot/7~bl; +http://www.semrush.com/bot.html)" "mantech8.com"
185.191.171.20 - - [15/Oct/2022:13:55:09 -0700] "GET /index.php/camp-fire/35728438.html HTTP/1.1" 500 - "-" "Mozilla/5.0 (compatible; SemrushBot/7~bl; +http://www.semrush.com/bot.html)" "mantech8.com"
185.191.171.14 - - [15/Oct/2022:13:55:25 -0700] "GET /index.php/camp-fire/38568164.html HTTP/1.1" 500 - "-" "Mozilla/5.0 (compatible; SemrushBot/7~bl; +http://www.semrush.com/bot.html)" "mantech8.com"
185.191.171.11 - - [15/Oct/2022:13:56:03 -0700] "GET /index.php/camp-fire/6447800.html HTTP/1.1" 500 - "-" "Mozilla/5.0 (compatible; SemrushBot/7~bl; +http://www.semrush.com/bot.html)" "mantech8.com"
185.191.171.37 - - [15/Oct/2022:13:56:08 -0700] "GET /index.php/camp-fire/6436965.html HTTP/1.1" 500 - "-" "Mozilla/5.0 (compatible; SemrushBot/7~bl; +http://www.semrush.com/bot.html)" "mantech8.com"
185.191.171.25 - - [15/Oct/2022:13:56:44 -0700] "GET /index.php/camp-fire/35041625.html HTTP/1.1" 500 - "-" "Mozilla/5.0 (compatible; SemrushBot/7~bl; +http://www.semrush.com/bot.html)" "mantech8.com"
185.191.171.35 - - [15/Oct/2022:13:56:50 -0700] "GET /index.php/camp-fire/521669.html HTTP/1.1" 500 - "-" "Mozilla/5.0 (compatible; SemrushBot/7~bl; +http://www.semrush.com/bot.html)" "mantech8.com"
185.191.171.11 - - [15/Oct/2022:13:58:03 -0700] "GET /index.php/camp-fire/39136317.html HTTP/1.1" 500 - "-" "Mozilla/5.0 (compatible; SemrushBot/7~bl; +http://www.semrush.com/bot.html)" "mantech8.com"
185.191.171.37 - - [15/Oct/2022:13:58:32 -0700] "GET /index.php/camp-fire/26848729.html HTTP/1.1" 500 - "-" "Mozilla/5.0 (compatible; SemrushBot/7~bl; +http://www.semrush.com/bot.html)" "mantech8.com"
185.191.171.41 - - [15/Oct/2022:13:58:43 -0700] "GET /index.php/camp-fire/31938130.html HTTP/1.1" 500 - "-" "Mozilla/5.0 (compatible; SemrushBot/7~bl; +http://www.semrush.com/bot.html)" "mantech8.com"
185.191.171.25 - - [15/Oct/2022:13:58:47 -0700] "GET /index.php/camp-fire/33901708.html HTTP/1.1" 500 - "-" "Mozilla/5.0 (compatible; SemrushBot/7~bl; +http://www.semrush.com/bot.html)" "mantech8.com"
185.191.171.23 - - [15/Oct/2022:13:59:40 -0700] "GET /index.php/camp-fire/35667483.html HTTP/1.1" 500 - "-" "Mozilla/5.0 (compatible; SemrushBot/7~bl; +http://www.semrush.com/bot.html)" "mantech8.com"
185.191.171.10 - - [15/Oct/2022:13:59:47 -0700] "GET /index.php/camp-fire/30382655.html HTTP/1.1" 500 - "-" "Mozilla/5.0 (compatible; SemrushBot/7~bl; +http://www.semrush.com/bot.html)" "mantech8.com"
185.191.171.7 - - [15/Oct/2022:14:00:46 -0700] "GET /robots.txt HTTP/1.1" 200 106 "-" "Mozilla/5.0 (compatible; SemrushBot/7~bl; +http://www.semrush.com/bot.html)" "mantech8.com"
185.191.171.2 - - [15/Oct/2022:14:00:46 -0700] "GET /index.php/camp-fire/28256535.html HTTP/1.1" 500 - "-" "Mozilla/5.0 (compatible; SemrushBot/7~bl; +http://www.semrush.com/bot.html)" "mantech8.com"
185.191.171.38 - - [15/Oct/2022:14:00:48 -0700] "GET /index.php/camp-fire/1905351.html HTTP/1.1" 500 - "-" "Mozilla/5.0 (compatible; SemrushBot/7~bl; +http://www.semrush.com/bot.html)" "mantech8.com"
185.191.171.43 - - [15/Oct/2022:14:01:43 -0700] "GET /index.php/camp-fire/15644456.html HTTP/1.1" 500 - "-" "Mozilla/5.0 (compatible; SemrushBot/7~bl; +http://www.semrush.com/bot.html)" "mantech8.com"
185.191.171.25 - - [15/Oct/2022:14:01:51 -0700] "GET /index.php/camp-fire/45506350.html HTTP/1.1" 500 - "-" "Mozilla/5.0 (compatible; SemrushBot/7~bl; +http://www.semrush.com/bot.html)" "mantech8.com"
185.191.171.40 - - [15/Oct/2022:14:02:05 -0700] "GET /index.php/camp-fire/16555996.html HTTP/1.1" 500 - "-" "Mozilla/5.0 (compatible; SemrushBot/7~bl; +http://www.semrush.com/bot.html)" "mantech8.com"
185.191.171.39 - - [15/Oct/2022:14:02:10 -0700] "GET /index.php/camp-fire/26130482.html HTTP/1.1" 500 - "-" "Mozilla/5.0 (compatible; SemrushBot/7~bl; +http://www.semrush.com/bot.html)" "mantech8.com"
185.191.171.23 - - [15/Oct/2022:14:02:16 -0700] "GET /index.php/camp-fire/25694135.html HTTP/1.1" 500 - "-" "Mozilla/5.0 (compatible; SemrushBot/7~bl; +http://www.semrush.com/bot.html)" "mantech8.com"
185.191.171.14 - - [15/Oct/2022:14:02:26 -0700] "GET /index.php/camp-fire/19512056.html HTTP/1.1" 500 - "-" "Mozilla/5.0 (compatible; SemrushBot/7~bl; +http://www.semrush.com/bot.html)" "mantech8.com"
185.191.171.20 - - [15/Oct/2022:14:02:51 -0700] "GET /index.php/camp-fire/38958492.html HTTP/1.1" 500 - "-" "Mozilla/5.0 (compatible; SemrushBot/7~bl; +http://www.semrush.com/bot.html)" "mantech8.com"
185.191.171.34 - - [15/Oct/2022:14:03:08 -0700] "GET /index.php/camp-fire/34756341.html HTTP/1.1" 500 - "-" "Mozilla/5.0 (compatible; SemrushBot/7~bl; +http://www.semrush.com/bot.html)" "mantech8.com"
185.191.171.10 - - [15/Oct/2022:14:03:29 -0700] "GET /index.php/camp-fire/33867493.html HTTP/1.1" 500 - "-" "Mozilla/5.0 (compatible; SemrushBot/7~bl; +http://www.semrush.com/bot.html)" "mantech8.com"
185.191.171.25 - - [15/Oct/2022:14:04:13 -0700] "GET /index.php/camp-fire/40980150.html HTTP/1.1" 500 - "-" "Mozilla/5.0 (compatible; SemrushBot/7~bl; +http://www.semrush.com/bot.html)" "mantech8.com"
185.191.171.42 - - [15/Oct/2022:14:05:17 -0700] "GET /index.php/camp-fire/4300185.html HTTP/1.1" 500 - "-" "Mozilla/5.0 (compatible; SemrushBot/7~bl; +http://www.semrush.com/bot.html)" "mantech8.com"
185.191.171.36 - - [15/Oct/2022:14:05:29 -0700] "GET /index.php/camp-fire/37396366.html HTTP/1.1" 500 - "-" "Mozilla/5.0 (compatible; SemrushBot/7~bl; +http://www.semrush.com/bot.html)" "mantech8.com"
185.191.171.36 - - [15/Oct/2022:14:05:48 -0700] "GET /index.php/camp-fire/2702290.html HTTP/1.1" 500 - "-" "Mozilla/5.0 (compatible; SemrushBot/7~bl; +http://www.semrush.com/bot.html)" "mantech8.com"
185.191.171.6 - - [15/Oct/2022:14:06:04 -0700] "GET /index.php/camp-fire/7788642.html HTTP/1.1" 500 - "-" "Mozilla/5.0 (compatible; SemrushBot/7~bl; +http://www.semrush.com/bot.html)" "mantech8.com"
185.191.171.10 - - [15/Oct/2022:14:06:11 -0700] "GET /index.php/camp-fire/4578165.html HTTP/1.1" 500 - "-" "Mozilla/5.0 (compatible; SemrushBot/7~bl; +http://www.semrush.com/bot.html)" "mantech8.com"
207.46.13.205 - - [15/Oct/2022:14:06:32 -0700] "GET /bimages/gallery/12.jpg HTTP/1.1" 200 121344 "-" "Mozilla/5.0 (compatible; bingbot/2.0; +http://www.bing.com/bingbot.htm)" "www.mantech8.com"
185.191.171.26 - - [15/Oct/2022:14:06:40 -0700] "GET /index.php/camp-fire/26660247.html HTTP/1.1" 500 - "-" "Mozilla/5.0 (compatible; SemrushBot/7~bl; +http://www.semrush.com/bot.html)" "mantech8.com"
185.191.171.5 - - [15/Oct/2022:14:07:36 -0700] "GET /index.php/camp-fire/28252035.html HTTP/1.1" 500 - "-" "Mozilla/5.0 (compatible; SemrushBot/7~bl; +http://www.semrush.com/bot.html)" "mantech8.com"
185.191.171.43 - - [15/Oct/2022:14:08:04 -0700] "GET /index.php/camp-fire/8208408.html HTTP/1.1" 500 - "-" "Mozilla/5.0 (compatible; SemrushBot/7~bl; +http://www.semrush.com/bot.html)" "mantech8.com"
185.191.171.5 - - [15/Oct/2022:14:08:17 -0700] "GET /index.php/camp-fire/9819083.html HTTP/1.1" 500 - "-" "Mozilla/5.0 (compatible; SemrushBot/7~bl; +http://www.semrush.com/bot.html)" "mantech8.com"
185.191.171.34 - - [15/Oct/2022:14:08:32 -0700] "GET /index.php/camp-fire/3123978.html HTTP/1.1" 500 - "-" "Mozilla/5.0 (compatible; SemrushBot/7~bl; +http://www.semrush.com/bot.html)" "mantech8.com"
185.191.171.3 - - [15/Oct/2022:14:09:06 -0700] "GET /index.php/camp-fire/5368098.html HTTP/1.1" 500 - "-" "Mozilla/5.0 (compatible; SemrushBot/7~bl; +http://www.semrush.com/bot.html)" "mantech8.com"
185.191.171.36 - - [15/Oct/2022:14:09:12 -0700] "GET /index.php/camp-fire/38245703.html HTTP/1.1" 500 - "-" "Mozilla/5.0 (compatible; SemrushBot/7~bl; +http://www.semrush.com/bot.html)" "mantech8.com"
185.191.171.36 - - [15/Oct/2022:14:09:43 -0700] "GET /index.php/camp-fire/57903871.html HTTP/1.1" 500 - "-" "Mozilla/5.0 (compatible; SemrushBot/7~bl; +http://www.semrush.com/bot.html)" "mantech8.com"
185.191.171.45 - - [15/Oct/2022:14:09:44 -0700] "GET /index.php/camp-fire/35904308.html HTTP/1.1" 500 - "-" "Mozilla/5.0 (compatible; SemrushBot/7~bl; +http://www.semrush.com/bot.html)" "mantech8.com"
185.191.171.4 - - [15/Oct/2022:14:10:28 -0700] "GET /index.php/camp-fire/28849066.html HTTP/1.1" 500 - "-" "Mozilla/5.0 (compatible; SemrushBot/7~bl; +http://www.semrush.com/bot.html)" "mantech8.com"
114.119.133.182 - - [15/Oct/2022:14:10:36 -0700] "GET /gelsemic.xml HTTP/1.1" 404 88 "-" "Mozilla/5.0 (compatible;PetalBot;+https://webmaster.petalsearch.com/site/petalbot)" "mantech8.com"
185.191.171.16 - - [15/Oct/2022:14:10:56 -0700] "GET /index.php/camp-fire/573669.html HTTP/1.1" 500 - "-" "Mozilla/5.0 (compatible; SemrushBot/7~bl; +http://www.semrush.com/bot.html)" "mantech8.com"
185.191.171.4 - - [15/Oct/2022:14:11:00 -0700] "GET /index.php/camp-fire/38188572.html HTTP/1.1" 500 - "-" "Mozilla/5.0 (compatible; SemrushBot/7~bl; +http://www.semrush.com/bot.html)" "mantech8.com"
185.191.171.15 - - [15/Oct/2022:14:11:21 -0700] "GET /index.php/camp-fire/39845202.html HTTP/1.1" 500 - "-" "Mozilla/5.0 (compatible; SemrushBot/7~bl; +http://www.semrush.com/bot.html)" "mantech8.com"
185.191.171.6 - - [15/Oct/2022:14:11:37 -0700] "GET /index.php/camp-fire/33448693.html HTTP/1.1" 500 - "-" "Mozilla/5.0 (compatible; SemrushBot/7~bl; +http://www.semrush.com/bot.html)" "mantech8.com"
185.191.171.41 - - [15/Oct/2022:14:12:00 -0700] "GET /index.php/camp-fire/27576171.html HTTP/1.1" 500 - "-" "Mozilla/5.0 (compatible; SemrushBot/7~bl; +http://www.semrush.com/bot.html)" "mantech8.com"
185.191.171.43 - - [15/Oct/2022:14:12:22 -0700] "GET /index.php/camp-fire/19316626.html HTTP/1.1" 500 - "-" "Mozilla/5.0 (compatible; SemrushBot/7~bl; +http://www.semrush.com/bot.html)" "mantech8.com"
185.191.171.15 - - [15/Oct/2022:14:12:31 -0700] "GET /index.php/camp-fire/33452276.html HTTP/1.1" 500 - "-" "Mozilla/5.0 (compatible; SemrushBot/7~bl; +http://www.semrush.com/bot.html)" "mantech8.com"
216.244.66.241 - - [15/Oct/2022:14:13:24 -0700] "GET /robots.txt HTTP/1.1" 200 222 "-" "Mozilla/5.0 (compatible; DotBot/1.2; +https://opensiteexplorer.org/dotbot; help@moz.com)" "www.mantech8.com"
216.244.66.241 - - [15/Oct/2022:14:13:24 -0700] "GET /robots.txt HTTP/1.1" 200 222 "-" "Mozilla/5.0 (compatible; DotBot/1.2; +https://opensiteexplorer.org/dotbot; help@moz.com)" "mantech8.com"
185.191.171.36 - - [15/Oct/2022:14:14:27 -0700] "GET /index.php/camp-fire/48537371.html HTTP/1.1" 500 - "-" "Mozilla/5.0 (compatible; SemrushBot/7~bl; +http://www.semrush.com/bot.html)" "mantech8.com"
185.191.171.21 - - [15/Oct/2022:14:14:38 -0700] "GET /index.php/camp-fire/44818682.html HTTP/1.1" 500 - "-" "Mozilla/5.0 (compatible; SemrushBot/7~bl; +http://www.semrush.com/bot.html)" "mantech8.com"
185.191.171.26 - - [15/Oct/2022:14:15:21 -0700] "GET /index.php/camp-fire/43048838.html HTTP/1.1" 500 - "-" "Mozilla/5.0 (compatible; SemrushBot/7~bl; +http://www.semrush.com/bot.html)" "mantech8.com"
185.191.171.43 - - [15/Oct/2022:14:15:36 -0700] "GET /index.php/camp-fire/8102221.html HTTP/1.1" 500 - "-" "Mozilla/5.0 (compatible; SemrushBot/7~bl; +http://www.semrush.com/bot.html)" "mantech8.com"
185.191.171.9 - - [15/Oct/2022:14:16:33 -0700] "GET /index.php/camp-fire/27691371.html HTTP/1.1" 500 - "-" "Mozilla/5.0 (compatible; SemrushBot/7~bl; +http://www.semrush.com/bot.html)" "mantech8.com"
185.191.171.16 - - [15/Oct/2022:14:16:34 -0700] "GET /index.php/camp-fire/28936766.html HTTP/1.1" 500 - "-" "Mozilla/5.0 (compatible; SemrushBot/7~bl; +http://www.semrush.com/bot.html)" "mantech8.com"
185.191.171.2 - - [15/Oct/2022:14:17:10 -0700] "GET /index.php/camp-fire/28252571.html HTTP/1.1" 500 - "-" "Mozilla/5.0 (compatible; SemrushBot/7~bl; +http://www.semrush.com/bot.html)" "mantech8.com"
185.191.171.5 - - [15/Oct/2022:14:17:14 -0700] "GET /index.php/camp-fire/31065855.html HTTP/1.1" 500 - "-" "Mozilla/5.0 (compatible; SemrushBot/7~bl; +http://www.semrush.com/bot.html)" "mantech8.com"
185.191.171.9 - - [15/Oct/2022:14:17:31 -0700] "GET /index.php/camp-fire/35807250.html HTTP/1.1" 500 - "-" "Mozilla/5.0 (compatible; SemrushBot/7~bl; +http://www.semrush.com/bot.html)" "mantech8.com"
185.191.171.16 - - [15/Oct/2022:14:17:32 -0700] "GET /index.php/camp-fire/31900130.html HTTP/1.1" 500 - "-" "Mozilla/5.0 (compatible; SemrushBot/7~bl; +http://www.semrush.com/bot.html)" "mantech8.com"
40.77.167.68 - - [15/Oct/2022:14:17:39 -0700] "GET /index.php?camp-fire/1648.html HTTP/1.1" 200 64719 "-" "Mozilla/5.0 (compatible; bingbot/2.0; +http://www.bing.com/bingbot.htm)" "www.mantech8.com"
185.191.171.26 - - [15/Oct/2022:14:17:50 -0700] "GET /index.php/camp-fire/41979576.html HTTP/1.1" 500 - "-" "Mozilla/5.0 (compatible; SemrushBot/7~bl; +http://www.semrush.com/bot.html)" "mantech8.com"
114.119.133.165 - - [15/Oct/2022:14:18:12 -0700] "GET /index.php?chuppah.xml HTTP/1.1" 200 289289 "-" "Mozilla/5.0 (compatible;PetalBot;+https://webmaster.petalsearch.com/site/petalbot)" "mantech8.com"
185.191.171.4 - - [15/Oct/2022:14:18:17 -0700] "GET /index.php/camp-fire/17779880.html HTTP/1.1" 500 - "-" "Mozilla/5.0 (compatible; SemrushBot/7~bl; +http://www.semrush.com/bot.html)" "mantech8.com"
40.77.167.68 - - [15/Oct/2022:14:19:29 -0700] "GET /index.php?camp-fire/14.html HTTP/1.1" 200 65297 "-" "Mozilla/5.0 AppleWebKit/537.36 (KHTML, like Gecko; compatible; bingbot/2.0; +http://www.bing.com/bingbot.htm) Chrome/103.0.5060.134 Safari/537.36" "www.mantech8.com"
185.191.171.19 - - [15/Oct/2022:14:19:46 -0700] "GET /index.php/camp-fire/5446278.html HTTP/1.1" 500 - "-" "Mozilla/5.0 (compatible; SemrushBot/7~bl; +http://www.semrush.com/bot.html)" "mantech8.com"
185.191.171.20 - - [15/Oct/2022:14:20:08 -0700] "GET /index.php/camp-fire/38821317.html HTTP/1.1" 500 - "-" "Mozilla/5.0 (compatible; SemrushBot/7~bl; +http://www.semrush.com/bot.html)" "mantech8.com"
185.191.171.45 - - [15/Oct/2022:14:20:17 -0700] "GET /index.php/camp-fire/25039406.html HTTP/1.1" 500 - "-" "Mozilla/5.0 (compatible; SemrushBot/7~bl; +http://www.semrush.com/bot.html)" "mantech8.com"
185.191.171.35 - - [15/Oct/2022:14:20:44 -0700] "GET /index.php/camp-fire/7590900.html HTTP/1.1" 500 - "-" "Mozilla/5.0 (compatible; SemrushBot/7~bl; +http://www.semrush.com/bot.html)" "mantech8.com"
185.191.171.6 - - [15/Oct/2022:14:22:00 -0700] "GET /index.php/camp-fire/9710383.html HTTP/1.1" 500 - "-" "Mozilla/5.0 (compatible; SemrushBot/7~bl; +http://www.semrush.com/bot.html)" "mantech8.com"
185.191.171.13 - - [15/Oct/2022:14:22:18 -0700] "GET /index.php/camp-fire/18069280.html HTTP/1.1" 500 - "-" "Mozilla/5.0 (compatible; SemrushBot/7~bl; +http://www.semrush.com/bot.html)" "mantech8.com"
185.191.171.11 - - [15/Oct/2022:14:22:32 -0700] "GET /index.php/camp-fire/35706390.html HTTP/1.1" 500 - "-" "Mozilla/5.0 (compatible; SemrushBot/7~bl; +http://www.semrush.com/bot.html)" "mantech8.com"
185.191.171.6 - - [15/Oct/2022:14:22:42 -0700] "GET /index.php/camp-fire/4188098.html HTTP/1.1" 500 - "-" "Mozilla/5.0 (compatible; SemrushBot/7~bl; +http://www.semrush.com/bot.html)" "mantech8.com"
