185.191.171.6 - - [15/Oct/2022:02:13:41 -0700] "GET /index.php/camp-fire/39242803.html HTTP/1.1" 500 - "-" "Mozilla/5.0 (compatible; SemrushBot/7~bl; +http://www.semrush.com/bot.html)" "mantech8.com"
185.191.171.34 - - [15/Oct/2022:02:13:50 -0700] "GET /index.php/camp-fire/27605371.html HTTP/1.1" 500 - "-" "Mozilla/5.0 (compatible; SemrushBot/7~bl; +http://www.semrush.com/bot.html)" "mantech8.com"
185.191.171.38 - - [15/Oct/2022:02:14:10 -0700] "GET /index.php/camp-fire/27928870.html HTTP/1.1" 500 - "-" "Mozilla/5.0 (compatible; SemrushBot/7~bl; +http://www.semrush.com/bot.html)" "mantech8.com"
185.191.171.1 - - [15/Oct/2022:02:14:19 -0700] "GET /index.php/camp-fire/25184806.html HTTP/1.1" 500 - "-" "Mozilla/5.0 (compatible; SemrushBot/7~bl; +http://www.semrush.com/bot.html)" "mantech8.com"
114.119.133.165 - - [15/Oct/2022:02:15:01 -0700] "GET /sitemap99.xml HTTP/1.1" 404 88 "-" "Mozilla/5.0 (compatible;PetalBot;+https://webmaster.petalsearch.com/site/petalbot)" "mantech8.com"
185.191.171.26 - - [15/Oct/2022:02:15:14 -0700] "GET /index.php/camp-fire/16386209.html HTTP/1.1" 500 - "-" "Mozilla/5.0 (compatible; SemrushBot/7~bl; +http://www.semrush.com/bot.html)" "mantech8.com"
185.191.171.42 - - [15/Oct/2022:02:15:32 -0700] "GET /index.php/camp-fire/35036825.html HTTP/1.1" 500 - "-" "Mozilla/5.0 (compatible; SemrushBot/7~bl; +http://www.semrush.com/bot.html)" "mantech8.com"
185.191.171.44 - - [15/Oct/2022:02:15:41 -0700] "GET /index.php/camp-fire/52350371.html HTTP/1.1" 500 - "-" "Mozilla/5.0 (compatible; SemrushBot/7~bl; +http://www.semrush.com/bot.html)" "mantech8.com"
188.209.224.113 - - [15/Oct/2022:02:16:48 -0700] "GET /contact.php HTTP/1.1" 200 29238 "http://mantech8.com/contact.php" "Mozilla/5.0 (Windows NT 6.3; Win64; x64) AppleWebKit/537.36 (KHTML, like Gecko) Chrome/90.0.4430.85 Safari/537.36 Edg/90.0.818.49" "mantech8.com"
185.191.171.19 - - [15/Oct/2022:02:17:07 -0700] "GET /index.php/camp-fire/17711380.html HTTP/1.1" 500 - "-" "Mozilla/5.0 (compatible; SemrushBot/7~bl; +http://www.semrush.com/bot.html)" "mantech8.com"
185.191.171.40 - - [15/Oct/2022:02:17:17 -0700] "GET /index.php/camp-fire/27232463.html HTTP/1.1" 500 - "-" "Mozilla/5.0 (compatible; SemrushBot/7~bl; +http://www.semrush.com/bot.html)" "mantech8.com"
188.209.224.113 - - [15/Oct/2022:02:17:22 -0700] "POST /mailer.php HTTP/1.1" 500 - "http://mantech8.com/contact.php" "Mozilla/5.0 (Windows NT 6.3; Win64; x64) AppleWebKit/537.36 (KHTML, like Gecko) Chrome/90.0.4430.85 Safari/537.36 Edg/90.0.818.49" "mantech8.com"
185.191.171.37 - - [15/Oct/2022:02:17:29 -0700] "GET /index.php/camp-fire/17380565.html HTTP/1.1" 500 - "-" "Mozilla/5.0 (compatible; SemrushBot/7~bl; +http://www.semrush.com/bot.html)" "mantech8.com"
157.55.39.216 - - [15/Oct/2022:02:18:20 -0700] "GET /robots.txt HTTP/1.1" 200 106 "-" "Mozilla/5.0 (compatible; bingbot/2.0; +http://www.bing.com/bingbot.htm)" "mantech8.com"
157.55.39.216 - - [15/Oct/2022:02:18:20 -0700] "GET /robots.txt HTTP/1.1" 200 106 "-" "Mozilla/5.0 (compatible; bingbot/2.0; +http://www.bing.com/bingbot.htm)" "mantech8.com"
40.77.167.68 - - [15/Oct/2022:02:18:30 -0700] "GET /images/comingsoon.jpg HTTP/1.1" 200 72363 "-" "Mozilla/5.0 (compatible; bingbot/2.0; +http://www.bing.com/bingbot.htm)" "mantech8.com"
185.191.171.40 - - [15/Oct/2022:02:19:18 -0700] "GET /index.php/camp-fire/50910178.html HTTP/1.1" 500 - "-" "Mozilla/5.0 (compatible; SemrushBot/7~bl; +http://www.semrush.com/bot.html)" "mantech8.com"
185.191.171.19 - - [15/Oct/2022:02:19:22 -0700] "GET /index.php/camp-fire/39137217.html HTTP/1.1" 500 - "-" "Mozilla/5.0 (compatible; SemrushBot/7~bl; +http://www.semrush.com/bot.html)" "mantech8.com"
185.191.171.22 - - [15/Oct/2022:02:19:28 -0700] "GET /index.php/camp-fire/9727983.html HTTP/1.1" 500 - "-" "Mozilla/5.0 (compatible; SemrushBot/7~bl; +http://www.semrush.com/bot.html)" "mantech8.com"
185.191.171.7 - - [15/Oct/2022:02:19:53 -0700] "GET /index.php/camp-fire/40270930.html HTTP/1.1" 500 - "-" "Mozilla/5.0 (compatible; SemrushBot/7~bl; +http://www.semrush.com/bot.html)" "mantech8.com"
185.191.171.18 - - [15/Oct/2022:02:19:58 -0700] "GET /index.php/camp-fire/4098165.html HTTP/1.1" 500 - "-" "Mozilla/5.0 (compatible; SemrushBot/7~bl; +http://www.semrush.com/bot.html)" "mantech8.com"
114.119.133.182 - - [15/Oct/2022:02:20:59 -0700] "GET /?clathrose.xml HTTP/1.1" 200 270627 "-" "Mozilla/5.0 (Linux; Android 7.0;) AppleWebKit/537.36 (KHTML, like Gecko) Mobile Safari/537.36 (compatible; PetalBot;+https://webmaster.petalsearch.com/site/petalbot)" "mantech8.com"
185.191.171.15 - - [15/Oct/2022:02:21:38 -0700] "GET /index.php/camp-fire/9693683.html HTTP/1.1" 500 - "-" "Mozilla/5.0 (compatible; SemrushBot/7~bl; +http://www.semrush.com/bot.html)" "mantech8.com"
185.191.171.7 - - [15/Oct/2022:02:21:41 -0700] "GET /index.php/camp-fire/27591863.html HTTP/1.1" 500 - "-" "Mozilla/5.0 (compatible; SemrushBot/7~bl; +http://www.semrush.com/bot.html)" "mantech8.com"
185.191.171.23 - - [15/Oct/2022:02:21:58 -0700] "GET /index.php/camp-fire/43823806.html HTTP/1.1" 500 - "-" "Mozilla/5.0 (compatible; SemrushBot/7~bl; +http://www.semrush.com/bot.html)" "mantech8.com"
40.77.167.58 - - [15/Oct/2022:02:21:59 -0700] "GET /index.php?c=article&a=type&tid=43 HTTP/1.1" 200 71254 "-" "Mozilla/5.0 (compatible; bingbot/2.0; +http://www.bing.com/bingbot.htm)" "mantech8.com"
185.191.171.5 - - [15/Oct/2022:02:22:29 -0700] "GET /index.php/camp-fire/38821263.html HTTP/1.1" 500 - "-" "Mozilla/5.0 (compatible; SemrushBot/7~bl; +http://www.semrush.com/bot.html)" "mantech8.com"
185.191.171.7 - - [15/Oct/2022:02:22:31 -0700] "GET /index.php/camp-fire/38077672.html HTTP/1.1" 500 - "-" "Mozilla/5.0 (compatible; SemrushBot/7~bl; +http://www.semrush.com/bot.html)" "mantech8.com"
185.191.171.23 - - [15/Oct/2022:02:22:36 -0700] "GET /index.php/camp-fire/19205861.html HTTP/1.1" 500 - "-" "Mozilla/5.0 (compatible; SemrushBot/7~bl; +http://www.semrush.com/bot.html)" "mantech8.com"
185.191.171.5 - - [15/Oct/2022:02:22:51 -0700] "GET /index.php/camp-fire/8952121.html HTTP/1.1" 500 - "-" "Mozilla/5.0 (compatible; SemrushBot/7~bl; +http://www.semrush.com/bot.html)" "mantech8.com"
185.191.171.38 - - [15/Oct/2022:02:23:30 -0700] "GET /index.php/camp-fire/29705470.html HTTP/1.1" 500 - "-" "Mozilla/5.0 (compatible; SemrushBot/7~bl; +http://www.semrush.com/bot.html)" "mantech8.com"
185.191.171.34 - - [15/Oct/2022:02:23:49 -0700] "GET /index.php/camp-fire/47254149.html HTTP/1.1" 500 - "-" "Mozilla/5.0 (compatible; SemrushBot/7~bl; +http://www.semrush.com/bot.html)" "mantech8.com"
185.191.171.17 - - [15/Oct/2022:02:23:58 -0700] "GET /index.php/camp-fire/30501441.html HTTP/1.1" 500 - "-" "Mozilla/5.0 (compatible; SemrushBot/7~bl; +http://www.semrush.com/bot.html)" "mantech8.com"
185.191.171.12 - - [15/Oct/2022:02:24:32 -0700] "GET /index.php/camp-fire/7254180.html HTTP/1.1" 500 - "-" "Mozilla/5.0 (compatible; SemrushBot/7~bl; +http://www.semrush.com/bot.html)" "mantech8.com"
185.191.171.17 - - [15/Oct/2022:02:24:42 -0700] "GET /index.php/camp-fire/3355498.html HTTP/1.1" 500 - "-" "Mozilla/5.0 (compatible; SemrushBot/7~bl; +http://www.semrush.com/bot.html)" "mantech8.com"
185.191.171.23 - - [15/Oct/2022:02:24:50 -0700] "GET /index.php/camp-fire/35291138.html HTTP/1.1" 500 - "-" "Mozilla/5.0 (compatible; SemrushBot/7~bl; +http://www.semrush.com/bot.html)" "mantech8.com"
185.191.171.19 - - [15/Oct/2022:02:25:10 -0700] "GET /index.php/camp-fire/53116871.html HTTP/1.1" 500 - "-" "Mozilla/5.0 (compatible; SemrushBot/7~bl; +http://www.semrush.com/bot.html)" "mantech8.com"
185.191.171.17 - - [15/Oct/2022:02:25:15 -0700] "GET /index.php/camp-fire/39736535.html HTTP/1.1" 500 - "-" "Mozilla/5.0 (compatible; SemrushBot/7~bl; +http://www.semrush.com/bot.html)" "mantech8.com"
185.191.171.38 - - [15/Oct/2022:02:25:20 -0700] "GET /index.php/camp-fire/45871938.html HTTP/1.1" 500 - "-" "Mozilla/5.0 (compatible; SemrushBot/7~bl; +http://www.semrush.com/bot.html)" "mantech8.com"
185.191.171.7 - - [15/Oct/2022:02:25:43 -0700] "GET /index.php/camp-fire/41122970.html HTTP/1.1" 500 - "-" "Mozilla/5.0 (compatible; SemrushBot/7~bl; +http://www.semrush.com/bot.html)" "mantech8.com"
185.191.171.16 - - [15/Oct/2022:02:26:42 -0700] "GET /index.php/camp-fire/25515177.html HTTP/1.1" 500 - "-" "Mozilla/5.0 (compatible; SemrushBot/7~bl; +http://www.semrush.com/bot.html)" "mantech8.com"
114.119.133.190 - - [15/Oct/2022:02:26:48 -0700] "GET /viton.xml HTTP/1.1" 404 88 "-" "Mozilla/5.0 (Linux; Android 7.0;) AppleWebKit/537.36 (KHTML, like Gecko) Mobile Safari/537.36 (compatible; PetalBot;+https://webmaster.petalsearch.com/site/petalbot)" "mantech8.com"
185.191.171.20 - - [15/Oct/2022:02:26:53 -0700] "GET /index.php/camp-fire/25839333.html HTTP/1.1" 500 - "-" "Mozilla/5.0 (compatible; SemrushBot/7~bl; +http://www.semrush.com/bot.html)" "mantech8.com"
185.191.171.40 - - [15/Oct/2022:02:26:54 -0700] "GET /index.php/camp-fire/22571674.html HTTP/1.1" 500 - "-" "Mozilla/5.0 (compatible; SemrushBot/7~bl; +http://www.semrush.com/bot.html)" "mantech8.com"
185.191.171.16 - - [15/Oct/2022:02:26:59 -0700] "GET /index.php/camp-fire/32560625.html HTTP/1.1" 500 - "-" "Mozilla/5.0 (compatible; SemrushBot/7~bl; +http://www.semrush.com/bot.html)" "mantech8.com"
216.244.66.241 - - [15/Oct/2022:02:28:37 -0700] "GET /robots.txt HTTP/1.1" 200 222 "-" "Mozilla/5.0 (compatible; DotBot/1.2; +https://opensiteexplorer.org/dotbot; help@moz.com)" "www.mantech8.com"
216.244.66.241 - - [15/Oct/2022:02:28:37 -0700] "GET /robots.txt HTTP/1.1" 200 222 "-" "Mozilla/5.0 (compatible; DotBot/1.2; +https://opensiteexplorer.org/dotbot; help@moz.com)" "mantech8.com"
185.191.171.21 - - [15/Oct/2022:02:28:54 -0700] "GET /index.php/camp-fire/32509468.html HTTP/1.1" 500 - "-" "Mozilla/5.0 (compatible; SemrushBot/7~bl; +http://www.semrush.com/bot.html)" "mantech8.com"
185.191.171.20 - - [15/Oct/2022:02:29:58 -0700] "GET /index.php/camp-fire/42136934.html HTTP/1.1" 500 - "-" "Mozilla/5.0 (compatible; SemrushBot/7~bl; +http://www.semrush.com/bot.html)" "mantech8.com"
185.191.171.23 - - [15/Oct/2022:02:30:23 -0700] "GET /index.php/camp-fire/38874417.html HTTP/1.1" 500 - "-" "Mozilla/5.0 (compatible; SemrushBot/7~bl; +http://www.semrush.com/bot.html)" "mantech8.com"
185.191.171.11 - - [15/Oct/2022:02:31:01 -0700] "GET /index.php/camp-fire/3383798.html HTTP/1.1" 500 - "-" "Mozilla/5.0 (compatible; SemrushBot/7~bl; +http://www.semrush.com/bot.html)" "mantech8.com"
185.191.171.41 - - [15/Oct/2022:02:31:08 -0700] "GET /index.php/camp-fire/28439863.html HTTP/1.1" 500 - "-" "Mozilla/5.0 (compatible; SemrushBot/7~bl; +http://www.semrush.com/bot.html)" "mantech8.com"
185.191.171.14 - - [15/Oct/2022:02:31:29 -0700] "GET /index.php/camp-fire/28753589.html HTTP/1.1" 500 - "-" "Mozilla/5.0 (compatible; SemrushBot/7~bl; +http://www.semrush.com/bot.html)" "mantech8.com"
185.191.171.20 - - [15/Oct/2022:02:31:52 -0700] "GET /index.php/camp-fire/4261096.html HTTP/1.1" 500 - "-" "Mozilla/5.0 (compatible; SemrushBot/7~bl; +http://www.semrush.com/bot.html)" "mantech8.com"
185.191.171.5 - - [15/Oct/2022:02:31:53 -0700] "GET /index.php/camp-fire/33432593.html HTTP/1.1" 500 - "-" "Mozilla/5.0 (compatible; SemrushBot/7~bl; +http://www.semrush.com/bot.html)" "mantech8.com"
185.191.171.37 - - [15/Oct/2022:02:32:03 -0700] "GET /index.php/camp-fire/35373438.html HTTP/1.1" 500 - "-" "Mozilla/5.0 (compatible; SemrushBot/7~bl; +http://www.semrush.com/bot.html)" "mantech8.com"
185.191.171.24 - - [15/Oct/2022:02:32:17 -0700] "GET /index.php/camp-fire/40923665.html HTTP/1.1" 500 - "-" "Mozilla/5.0 (compatible; SemrushBot/7~bl; +http://www.semrush.com/bot.html)" "mantech8.com"
114.119.133.166 - - [15/Oct/2022:02:32:39 -0700] "GET /?sitemap24613.xml HTTP/1.1" 200 270664 "-" "Mozilla/5.0 (compatible;PetalBot;+https://webmaster.petalsearch.com/site/petalbot)" "mantech8.com"
185.191.171.22 - - [15/Oct/2022:02:33:01 -0700] "GET /index.php/camp-fire/8218278.html HTTP/1.1" 500 - "-" "Mozilla/5.0 (compatible; SemrushBot/7~bl; +http://www.semrush.com/bot.html)" "mantech8.com"
185.8.172.138 - - [15/Oct/2022:02:33:22 -0700] "GET /contact.php HTTP/1.1" 200 29237 "http://mantech8.com/contact.php" "Mozilla/5.0 (Windows NT 6.1; Win64; x64) AppleWebKit/537.36 (KHTML, like Gecko) Chrome/90.0.4430.72 Safari/537.36" "mantech8.com"
185.8.172.138 - - [15/Oct/2022:02:33:23 -0700] "POST /mailer.php HTTP/1.1" 500 - "http://mantech8.com/contact.php" "Mozilla/5.0 (Windows NT 6.1; Win64; x64) AppleWebKit/537.36 (KHTML, like Gecko) Chrome/90.0.4430.72 Safari/537.36" "mantech8.com"
185.191.171.6 - - [15/Oct/2022:02:33:24 -0700] "GET /index.php/camp-fire/47098234.html HTTP/1.1" 500 - "-" "Mozilla/5.0 (compatible; SemrushBot/7~bl; +http://www.semrush.com/bot.html)" "mantech8.com"
185.191.171.44 - - [15/Oct/2022:02:33:56 -0700] "GET /index.php/camp-fire/8271472.html HTTP/1.1" 500 - "-" "Mozilla/5.0 (compatible; SemrushBot/7~bl; +http://www.semrush.com/bot.html)" "mantech8.com"
185.191.171.18 - - [15/Oct/2022:02:34:27 -0700] "GET /index.php/camp-fire/35851138.html HTTP/1.1" 500 - "-" "Mozilla/5.0 (compatible; SemrushBot/7~bl; +http://www.semrush.com/bot.html)" "mantech8.com"
185.191.171.40 - - [15/Oct/2022:02:35:06 -0700] "GET /index.php/camp-fire/25275165.html HTTP/1.1" 500 - "-" "Mozilla/5.0 (compatible; SemrushBot/7~bl; +http://www.semrush.com/bot.html)" "mantech8.com"
185.191.171.2 - - [15/Oct/2022:02:35:18 -0700] "GET /index.php/camp-fire/2369051.html HTTP/1.1" 500 - "-" "Mozilla/5.0 (compatible; SemrushBot/7~bl; +http://www.semrush.com/bot.html)" "mantech8.com"
185.191.171.20 - - [15/Oct/2022:02:35:55 -0700] "GET /index.php/camp-fire/7279880.html HTTP/1.1" 500 - "-" "Mozilla/5.0 (compatible; SemrushBot/7~bl; +http://www.semrush.com/bot.html)" "mantech8.com"
185.191.171.6 - - [15/Oct/2022:02:35:57 -0700] "GET /index.php/camp-fire/84702184.html HTTP/1.1" 500 - "-" "Mozilla/5.0 (compatible; SemrushBot/7~bl; +http://www.semrush.com/bot.html)" "mantech8.com"
185.191.171.5 - - [15/Oct/2022:02:36:18 -0700] "GET /index.php/camp-fire/31776950.html HTTP/1.1" 500 - "-" "Mozilla/5.0 (compatible; SemrushBot/7~bl; +http://www.semrush.com/bot.html)" "mantech8.com"
185.191.171.26 - - [15/Oct/2022:02:36:20 -0700] "GET /index.php/camp-fire/47401192.html HTTP/1.1" 500 - "-" "Mozilla/5.0 (compatible; SemrushBot/7~bl; +http://www.semrush.com/bot.html)" "mantech8.com"
185.191.171.11 - - [15/Oct/2022:02:36:44 -0700] "GET /index.php/camp-fire/30148464.html HTTP/1.1" 500 - "-" "Mozilla/5.0 (compatible; SemrushBot/7~bl; +http://www.semrush.com/bot.html)" "mantech8.com"
185.191.171.40 - - [15/Oct/2022:02:37:22 -0700] "GET /index.php/camp-fire/5360455.html HTTP/1.1" 500 - "-" "Mozilla/5.0 (compatible; SemrushBot/7~bl; +http://www.semrush.com/bot.html)" "mantech8.com"
185.191.171.37 - - [15/Oct/2022:02:37:42 -0700] "GET /index.php/camp-fire/2603659.html HTTP/1.1" 500 - "-" "Mozilla/5.0 (compatible; SemrushBot/7~bl; +http://www.semrush.com/bot.html)" "mantech8.com"
185.191.171.35 - - [15/Oct/2022:02:37:45 -0700] "GET /index.php/camp-fire/30543641.html HTTP/1.1" 500 - "-" "Mozilla/5.0 (compatible; SemrushBot/7~bl; +http://www.semrush.com/bot.html)" "mantech8.com"
185.191.171.37 - - [15/Oct/2022:02:38:27 -0700] "GET /index.php/camp-fire/31445180.html HTTP/1.1" 500 - "-" "Mozilla/5.0 (compatible; SemrushBot/7~bl; +http://www.semrush.com/bot.html)" "mantech8.com"
114.119.133.166 - - [15/Oct/2022:02:38:43 -0700] "GET /megatheroid.xml HTTP/1.1" 404 88 "-" "Mozilla/5.0 (compatible;PetalBot;+https://webmaster.petalsearch.com/site/petalbot)" "mantech8.com"
185.191.171.11 - - [15/Oct/2022:02:39:05 -0700] "GET /index.php/camp-fire/41987371.html HTTP/1.1" 500 - "-" "Mozilla/5.0 (compatible; SemrushBot/7~bl; +http://www.semrush.com/bot.html)" "mantech8.com"
40.77.167.72 - - [15/Oct/2022:02:39:15 -0700] "GET /bimages/client/dd.png HTTP/1.1" 200 35129 "-" "Mozilla/5.0 (compatible; bingbot/2.0; +http://www.bing.com/bingbot.htm)" "www.mantech8.com"
185.191.171.7 - - [15/Oct/2022:02:39:19 -0700] "GET /index.php/camp-fire/25494865.html HTTP/1.1" 500 - "-" "Mozilla/5.0 (compatible; SemrushBot/7~bl; +http://www.semrush.com/bot.html)" "mantech8.com"
185.191.171.35 - - [15/Oct/2022:02:40:08 -0700] "GET /index.php/camp-fire/19131583.html HTTP/1.1" 500 - "-" "Mozilla/5.0 (compatible; SemrushBot/7~bl; +http://www.semrush.com/bot.html)" "mantech8.com"
185.191.171.1 - - [15/Oct/2022:02:40:18 -0700] "GET /index.php/camp-fire/28379035.html HTTP/1.1" 500 - "-" "Mozilla/5.0 (compatible; SemrushBot/7~bl; +http://www.semrush.com/bot.html)" "mantech8.com"
40.77.167.58 - - [15/Oct/2022:02:40:21 -0700] "GET /shopbrand/026/o/ HTTP/1.1" 404 88 "-" "Mozilla/5.0 AppleWebKit/537.36 (KHTML, like Gecko; compatible; bingbot/2.0; +http://www.bing.com/bingbot.htm) Chrome/103.0.5060.134 Safari/537.36" "www.mantech8.com"
185.191.171.16 - - [15/Oct/2022:02:40:57 -0700] "GET /index.php/camp-fire/28828635.html HTTP/1.1" 500 - "-" "Mozilla/5.0 (compatible; SemrushBot/7~bl; +http://www.semrush.com/bot.html)" "mantech8.com"
185.191.171.12 - - [15/Oct/2022:02:41:19 -0700] "GET /index.php/camp-fire/27293197.html HTTP/1.1" 500 - "-" "Mozilla/5.0 (compatible; SemrushBot/7~bl; +http://www.semrush.com/bot.html)" "mantech8.com"
185.191.171.7 - - [15/Oct/2022:02:42:47 -0700] "GET /index.php/camp-fire/9703783.html HTTP/1.1" 500 - "-" "Mozilla/5.0 (compatible; SemrushBot/7~bl; +http://www.semrush.com/bot.html)" "mantech8.com"
185.191.171.21 - - [15/Oct/2022:02:43:13 -0700] "GET /index.php/camp-fire/27197851.html HTTP/1.1" 500 - "-" "Mozilla/5.0 (compatible; SemrushBot/7~bl; +http://www.semrush.com/bot.html)" "mantech8.com"
185.191.171.20 - - [15/Oct/2022:02:43:28 -0700] "GET /index.php/camp-fire/48083303.html HTTP/1.1" 500 - "-" "Mozilla/5.0 (compatible; SemrushBot/7~bl; +http://www.semrush.com/bot.html)" "mantech8.com"
77.75.79.31 - - [15/Oct/2022:02:43:48 -0700] "GET /images/Mantech.pdf HTTP/1.1" 304 - "-" "Mozilla/5.0 (compatible; SeznamBot/4.0-RC1; +http://napoveda.seznam.cz/seznambot-intro/)" "www.mantech8.com"
185.191.171.18 - - [15/Oct/2022:02:43:50 -0700] "GET /index.php/camp-fire/35735738.html HTTP/1.1" 500 - "-" "Mozilla/5.0 (compatible; SemrushBot/7~bl; +http://www.semrush.com/bot.html)" "mantech8.com"
185.191.171.25 - - [15/Oct/2022:02:44:15 -0700] "GET /index.php/camp-fire/6109953.html HTTP/1.1" 500 - "-" "Mozilla/5.0 (compatible; SemrushBot/7~bl; +http://www.semrush.com/bot.html)" "mantech8.com"
185.191.171.38 - - [15/Oct/2022:02:44:29 -0700] "GET /robots.txt HTTP/1.1" 200 106 "-" "Mozilla/5.0 (compatible; SemrushBot/7~bl; +http://www.semrush.com/bot.html)" "mantech8.com"
185.191.171.17 - - [15/Oct/2022:02:44:29 -0700] "GET /index.php/camp-fire/2513093.html HTTP/1.1" 500 - "-" "Mozilla/5.0 (compatible; SemrushBot/7~bl; +http://www.semrush.com/bot.html)" "mantech8.com"
185.191.171.35 - - [15/Oct/2022:02:44:32 -0700] "GET /index.php/camp-fire/41885503.html HTTP/1.1" 500 - "-" "Mozilla/5.0 (compatible; SemrushBot/7~bl; +http://www.semrush.com/bot.html)" "mantech8.com"
185.191.171.36 - - [15/Oct/2022:02:44:38 -0700] "GET /index.php/camp-fire/39623335.html HTTP/1.1" 500 - "-" "Mozilla/5.0 (compatible; SemrushBot/7~bl; +http://www.semrush.com/bot.html)" "mantech8.com"
114.119.133.166 - - [15/Oct/2022:02:44:43 -0700] "GET /index.php/leiye.xml HTTP/1.1" 200 289357 "-" "Mozilla/5.0 (Linux; Android 7.0;) AppleWebKit/537.36 (KHTML, like Gecko) Mobile Safari/537.36 (compatible; PetalBot;+https://webmaster.petalsearch.com/site/petalbot)" "mantech8.com"
185.191.171.5 - - [15/Oct/2022:02:44:56 -0700] "GET /index.php/camp-fire/29968535.html HTTP/1.1" 500 - "-" "Mozilla/5.0 (compatible; SemrushBot/7~bl; +http://www.semrush.com/bot.html)" "mantech8.com"
185.191.171.44 - - [15/Oct/2022:02:45:29 -0700] "GET /index.php/camp-fire/4201885.html HTTP/1.1" 500 - "-" "Mozilla/5.0 (compatible; SemrushBot/7~bl; +http://www.semrush.com/bot.html)" "mantech8.com"
185.191.171.26 - - [15/Oct/2022:02:45:56 -0700] "GET /index.php/camp-fire/36781447.html HTTP/1.1" 500 - "-" "Mozilla/5.0 (compatible; SemrushBot/7~bl; +http://www.semrush.com/bot.html)" "mantech8.com"
113.195.31.1 - - [15/Oct/2022:02:45:58 -0700] "GET /contact.php HTTP/1.1" 200 29237 "http://mantech8.com/contact.php" "Mozilla/5.0 (Windows NT 6.1; Win64; x64) AppleWebKit/537.36 (KHTML, like Gecko) Chrome/90.0.4430.85 Safari/537.36" "mantech8.com"
185.191.171.18 - - [15/Oct/2022:02:46:17 -0700] "GET /index.php/camp-fire/28751182.html HTTP/1.1" 500 - "-" "Mozilla/5.0 (compatible; SemrushBot/7~bl; +http://www.semrush.com/bot.html)" "mantech8.com"
78.31.88.56 - - [15/Oct/2022:02:46:28 -0700] "GET /contact.php HTTP/1.1" 200 29238 "http://mantech8.com/contact.php" "Mozilla/5.0 (Windows NT 6.1; Win64; x64) AppleWebKit/537.36 (KHTML, like Gecko) Chrome/90.0.4430.85 Safari/537.36" "mantech8.com"
78.31.88.56 - - [15/Oct/2022:02:46:29 -0700] "POST /mailer.php HTTP/1.1" 500 - "http://mantech8.com/contact.php" "Mozilla/5.0 (Windows NT 6.1; Win64; x64) AppleWebKit/537.36 (KHTML, like Gecko) Chrome/90.0.4430.85 Safari/537.36" "mantech8.com"
207.46.13.70 - - [15/Oct/2022:02:46:54 -0700] "GET /scaffolding.php/js/core.min.js HTTP/1.1" 200 13407 "-" "Mozilla/5.0 (compatible; MSIE 9.0; Windows NT 6.1; Trident/5.0)" "mantech8.com"
185.191.171.15 - - [15/Oct/2022:02:47:03 -0700] "GET /index.php/camp-fire/29553226.html HTTP/1.1" 500 - "-" "Mozilla/5.0 (compatible; SemrushBot/7~bl; +http://www.semrush.com/bot.html)" "mantech8.com"
207.46.13.184 - - [15/Oct/2022:02:47:15 -0700] "GET /bimages/service/s111.jpg HTTP/1.1" 200 136831 "-" "Mozilla/5.0 AppleWebKit/537.36 (KHTML, like Gecko; compatible; bingbot/2.0; +http://www.bing.com/bingbot.htm) Chrome/103.0.5060.134 Safari/537.36" "www.mantech8.com"
185.191.171.4 - - [15/Oct/2022:02:47:23 -0700] "GET /index.php/camp-fire/33721359.html HTTP/1.1" 500 - "-" "Mozilla/5.0 (compatible; SemrushBot/7~bl; +http://www.semrush.com/bot.html)" "mantech8.com"
185.191.171.39 - - [15/Oct/2022:02:48:16 -0700] "GET /index.php/camp-fire/40725992.html HTTP/1.1" 500 - "-" "Mozilla/5.0 (compatible; SemrushBot/7~bl; +http://www.semrush.com/bot.html)" "mantech8.com"
185.191.171.21 - - [15/Oct/2022:02:48:25 -0700] "GET /index.php/camp-fire/33938208.html HTTP/1.1" 500 - "-" "Mozilla/5.0 (compatible; SemrushBot/7~bl; +http://www.semrush.com/bot.html)" "mantech8.com"
185.191.171.22 - - [15/Oct/2022:02:48:39 -0700] "GET /index.php/camp-fire/42811472.html HTTP/1.1" 500 - "-" "Mozilla/5.0 (compatible; SemrushBot/7~bl; +http://www.semrush.com/bot.html)" "mantech8.com"
185.191.171.43 - - [15/Oct/2022:02:48:45 -0700] "GET /index.php/camp-fire/38156103.html HTTP/1.1" 500 - "-" "Mozilla/5.0 (compatible; SemrushBot/7~bl; +http://www.semrush.com/bot.html)" "mantech8.com"
185.191.171.2 - - [15/Oct/2022:02:49:06 -0700] "GET /index.php/camp-fire/39896376.html HTTP/1.1" 500 - "-" "Mozilla/5.0 (compatible; SemrushBot/7~bl; +http://www.semrush.com/bot.html)" "mantech8.com"
185.191.171.13 - - [15/Oct/2022:02:49:39 -0700] "GET /index.php/camp-fire/39126135.html HTTP/1.1" 500 - "-" "Mozilla/5.0 (compatible; SemrushBot/7~bl; +http://www.semrush.com/bot.html)" "mantech8.com"
185.191.171.26 - - [15/Oct/2022:02:49:45 -0700] "GET /index.php/camp-fire/26685617.html HTTP/1.1" 500 - "-" "Mozilla/5.0 (compatible; SemrushBot/7~bl; +http://www.semrush.com/bot.html)" "mantech8.com"
185.191.171.41 - - [15/Oct/2022:02:50:07 -0700] "GET /index.php/camp-fire/48223366.html HTTP/1.1" 500 - "-" "Mozilla/5.0 (compatible; SemrushBot/7~bl; +http://www.semrush.com/bot.html)" "mantech8.com"
114.119.133.182 - - [15/Oct/2022:02:50:11 -0700] "GET /bimages/paintg/thump/?C=M%3BO%3DA HTTP/1.1" 200 483 "http://www.mantech8.com/bimages/paintg/thump/?C=D%3BO%3DA" "Mozilla/5.0 (Linux; Android 7.0;) AppleWebKit/537.36 (KHTML, like Gecko) Mobile Safari/537.36 (compatible; PetalBot;+https://webmaster.petalsearch.com/site/petalbot)" "www.mantech8.com"
185.191.171.41 - - [15/Oct/2022:02:50:16 -0700] "GET /index.php/camp-fire/36116708.html HTTP/1.1" 500 - "-" "Mozilla/5.0 (compatible; SemrushBot/7~bl; +http://www.semrush.com/bot.html)" "mantech8.com"
185.191.171.15 - - [15/Oct/2022:02:50:56 -0700] "GET /index.php/camp-fire/32675233.html HTTP/1.1" 500 - "-" "Mozilla/5.0 (compatible; SemrushBot/7~bl; +http://www.semrush.com/bot.html)" "mantech8.com"
185.191.171.8 - - [15/Oct/2022:02:50:58 -0700] "GET /index.php/camp-fire/5302777.html HTTP/1.1" 500 - "-" "Mozilla/5.0 (compatible; SemrushBot/7~bl; +http://www.semrush.com/bot.html)" "mantech8.com"
185.191.171.20 - - [15/Oct/2022:02:52:24 -0700] "GET /index.php/camp-fire/5360977.html HTTP/1.1" 500 - "-" "Mozilla/5.0 (compatible; SemrushBot/7~bl; +http://www.semrush.com/bot.html)" "mantech8.com"
185.191.171.22 - - [15/Oct/2022:02:52:31 -0700] "GET /index.php/camp-fire/32621468.html HTTP/1.1" 500 - "-" "Mozilla/5.0 (compatible; SemrushBot/7~bl; +http://www.semrush.com/bot.html)" "mantech8.com"
185.191.171.10 - - [15/Oct/2022:02:52:42 -0700] "GET /index.php/camp-fire/38977092.html HTTP/1.1" 500 - "-" "Mozilla/5.0 (compatible; SemrushBot/7~bl; +http://www.semrush.com/bot.html)" "mantech8.com"
185.191.171.9 - - [15/Oct/2022:02:53:01 -0700] "GET /index.php/camp-fire/40287376.html HTTP/1.1" 500 - "-" "Mozilla/5.0 (compatible; SemrushBot/7~bl; +http://www.semrush.com/bot.html)" "mantech8.com"
185.191.171.41 - - [15/Oct/2022:02:53:32 -0700] "GET /index.php/camp-fire/28826466.html HTTP/1.1" 500 - "-" "Mozilla/5.0 (compatible; SemrushBot/7~bl; +http://www.semrush.com/bot.html)" "mantech8.com"
185.191.171.19 - - [15/Oct/2022:02:54:42 -0700] "GET /index.php/camp-fire/37076878.html HTTP/1.1" 500 - "-" "Mozilla/5.0 (compatible; SemrushBot/7~bl; +http://www.semrush.com/bot.html)" "mantech8.com"
185.191.171.36 - - [15/Oct/2022:02:54:44 -0700] "GET /index.php/camp-fire/90429265.html HTTP/1.1" 500 - "-" "Mozilla/5.0 (compatible; SemrushBot/7~bl; +http://www.semrush.com/bot.html)" "mantech8.com"
185.191.171.19 - - [15/Oct/2022:02:55:09 -0700] "GET /index.php/camp-fire/33679808.html HTTP/1.1" 500 - "-" "Mozilla/5.0 (compatible; SemrushBot/7~bl; +http://www.semrush.com/bot.html)" "mantech8.com"
185.191.171.35 - - [15/Oct/2022:02:55:46 -0700] "GET /index.php/camp-fire/38865617.html HTTP/1.1" 500 - "-" "Mozilla/5.0 (compatible; SemrushBot/7~bl; +http://www.semrush.com/bot.html)" "mantech8.com"
40.77.167.72 - - [15/Oct/2022:02:55:56 -0700] "GET /index.php?/%E5%90%84%E7%A8%AE%E6%A4%9C%E6%9F%BB%E3%81%AB%E3%81%A4%E3%81%84%E3%81%A6 HTTP/1.1" 200 64003 "-" "Mozilla/5.0 AppleWebKit/537.36 (KHTML, like Gecko; compatible; bingbot/2.0; +http://www.bing.com/bingbot.htm) Chrome/103.0.5060.134 Safari/537.36" "www.mantech8.com"
114.119.133.190 - - [15/Oct/2022:02:56:08 -0700] "GET /bimages/service/thump/?C=M%3BO%3DA HTTP/1.1" 200 539 "http://mantech8.com/bimages/service/thump/" "Mozilla/5.0 (Linux; Android 7.0;) AppleWebKit/537.36 (KHTML, like Gecko) Mobile Safari/537.36 (compatible; PetalBot;+https://webmaster.petalsearch.com/site/petalbot)" "mantech8.com"
185.191.171.2 - - [15/Oct/2022:02:56:12 -0700] "GET /index.php/camp-fire/31902830.html HTTP/1.1" 500 - "-" "Mozilla/5.0 (compatible; SemrushBot/7~bl; +http://www.semrush.com/bot.html)" "mantech8.com"
185.191.171.15 - - [15/Oct/2022:02:56:23 -0700] "GET /index.php/camp-fire/8138996.html HTTP/1.1" 500 - "-" "Mozilla/5.0 (compatible; SemrushBot/7~bl; +http://www.semrush.com/bot.html)" "mantech8.com"
185.191.171.6 - - [15/Oct/2022:02:56:43 -0700] "GET /index.php/camp-fire/35653150.html HTTP/1.1" 500 - "-" "Mozilla/5.0 (compatible; SemrushBot/7~bl; +http://www.semrush.com/bot.html)" "mantech8.com"
185.191.171.13 - - [15/Oct/2022:02:57:17 -0700] "GET /index.php/camp-fire/9724783.html HTTP/1.1" 500 - "-" "Mozilla/5.0 (compatible; SemrushBot/7~bl; +http://www.semrush.com/bot.html)" "mantech8.com"
185.191.171.41 - - [15/Oct/2022:02:58:08 -0700] "GET /index.php/camp-fire/37806180.html HTTP/1.1" 500 - "-" "Mozilla/5.0 (compatible; SemrushBot/7~bl; +http://www.semrush.com/bot.html)" "mantech8.com"
185.191.171.9 - - [15/Oct/2022:02:58:36 -0700] "GET /index.php/camp-fire/34364808.html HTTP/1.1" 500 - "-" "Mozilla/5.0 (compatible; SemrushBot/7~bl; +http://www.semrush.com/bot.html)" "mantech8.com"
185.191.171.23 - - [15/Oct/2022:02:58:54 -0700] "GET /index.php/camp-fire/31121651.html HTTP/1.1" 500 - "-" "Mozilla/5.0 (compatible; SemrushBot/7~bl; +http://www.semrush.com/bot.html)" "mantech8.com"
185.191.171.45 - - [15/Oct/2022:02:59:26 -0700] "GET /index.php/camp-fire/39440735.html HTTP/1.1" 500 - "-" "Mozilla/5.0 (compatible; SemrushBot/7~bl; +http://www.semrush.com/bot.html)" "mantech8.com"
185.191.171.45 - - [15/Oct/2022:02:59:42 -0700] "GET /index.php/camp-fire/7643321.html HTTP/1.1" 500 - "-" "Mozilla/5.0 (compatible; SemrushBot/7~bl; +http://www.semrush.com/bot.html)" "mantech8.com"
185.191.171.35 - - [15/Oct/2022:03:00:04 -0700] "GET /index.php/camp-fire/16147124.html HTTP/1.1" 500 - "-" "Mozilla/5.0 (compatible; SemrushBot/7~bl; +http://www.semrush.com/bot.html)" "mantech8.com"
185.191.171.14 - - [15/Oct/2022:03:00:10 -0700] "GET /index.php/camp-fire/28467159.html HTTP/1.1" 500 - "-" "Mozilla/5.0 (compatible; SemrushBot/7~bl; +http://www.semrush.com/bot.html)" "mantech8.com"
185.191.171.7 - - [15/Oct/2022:03:01:07 -0700] "GET /index.php/camp-fire/8500990.html HTTP/1.1" 500 - "-" "Mozilla/5.0 (compatible; SemrushBot/7~bl; +http://www.semrush.com/bot.html)" "mantech8.com"
185.191.171.37 - - [15/Oct/2022:03:01:09 -0700] "GET /index.php/camp-fire/46331076.html HTTP/1.1" 500 - "-" "Mozilla/5.0 (compatible; SemrushBot/7~bl; +http://www.semrush.com/bot.html)" "mantech8.com"
185.191.171.38 - - [15/Oct/2022:03:01:10 -0700] "GET /index.php/camp-fire/7259480.html HTTP/1.1" 500 - "-" "Mozilla/5.0 (compatible; SemrushBot/7~bl; +http://www.semrush.com/bot.html)" "mantech8.com"
52.226.227.211 - - [15/Oct/2022:03:01:23 -0700] "GET /robots.txt HTTP/1.1" 200 106 "-" "python-requests/2.27.1" "mantech8.com"
185.191.171.26 - - [15/Oct/2022:03:01:33 -0700] "GET /index.php/camp-fire/32006830.html HTTP/1.1" 500 - "-" "Mozilla/5.0 (compatible; SemrushBot/7~bl; +http://www.semrush.com/bot.html)" "mantech8.com"
185.191.171.40 - - [15/Oct/2022:03:01:36 -0700] "GET /index.php/camp-fire/9776783.html HTTP/1.1" 500 - "-" "Mozilla/5.0 (compatible; SemrushBot/7~bl; +http://www.semrush.com/bot.html)" "mantech8.com"
52.226.227.211 - - [15/Oct/2022:03:01:40 -0700] "GET /bimages/himage/phone-1.png HTTP/1.1" 200 182767 "-" "Mozilla/5.0 (Windows NT 10.0; Win64; x64) AppleWebKit/537.36 (KHTML, like Gecko) Chrome/76.0.3809.100 Safari/537.36" "mantech8.com"
114.119.133.165 - - [15/Oct/2022:03:02:07 -0700] "GET /?interphalangeal.xml HTTP/1.1" 200 270592 "-" "Mozilla/5.0 (compatible;PetalBot;+https://webmaster.petalsearch.com/site/petalbot)" "mantech8.com"
185.191.171.40 - - [15/Oct/2022:03:02:54 -0700] "GET /index.php/camp-fire/9793383.html HTTP/1.1" 500 - "-" "Mozilla/5.0 (compatible; SemrushBot/7~bl; +http://www.semrush.com/bot.html)" "mantech8.com"
185.191.171.38 - - [15/Oct/2022:03:03:08 -0700] "GET /index.php/camp-fire/37607425.html HTTP/1.1" 500 - "-" "Mozilla/5.0 (compatible; SemrushBot/7~bl; +http://www.semrush.com/bot.html)" "mantech8.com"
185.191.171.1 - - [15/Oct/2022:03:03:19 -0700] "GET /index.php/camp-fire/42220903.html HTTP/1.1" 500 - "-" "Mozilla/5.0 (compatible; SemrushBot/7~bl; +http://www.semrush.com/bot.html)" "mantech8.com"
185.191.171.45 - - [15/Oct/2022:03:03:20 -0700] "GET /index.php/camp-fire/46073303.html HTTP/1.1" 500 - "-" "Mozilla/5.0 (compatible; SemrushBot/7~bl; +http://www.semrush.com/bot.html)" "mantech8.com"
185.191.171.36 - - [15/Oct/2022:03:03:35 -0700] "GET /index.php/camp-fire/35285138.html HTTP/1.1" 500 - "-" "Mozilla/5.0 (compatible; SemrushBot/7~bl; +http://www.semrush.com/bot.html)" "mantech8.com"
185.191.171.4 - - [15/Oct/2022:03:04:45 -0700] "GET /index.php/camp-fire/9674183.html HTTP/1.1" 500 - "-" "Mozilla/5.0 (compatible; SemrushBot/7~bl; +http://www.semrush.com/bot.html)" "mantech8.com"
185.191.171.38 - - [15/Oct/2022:03:04:59 -0700] "GET /index.php/camp-fire/3312100.html HTTP/1.1" 500 - "-" "Mozilla/5.0 (compatible; SemrushBot/7~bl; +http://www.semrush.com/bot.html)" "mantech8.com"
185.191.171.12 - - [15/Oct/2022:03:05:20 -0700] "GET /index.php/camp-fire/42870034.html HTTP/1.1" 500 - "-" "Mozilla/5.0 (compatible; SemrushBot/7~bl; +http://www.semrush.com/bot.html)" "mantech8.com"
185.191.171.19 - - [15/Oct/2022:03:05:26 -0700] "GET /index.php/camp-fire/26687747.html HTTP/1.1" 500 - "-" "Mozilla/5.0 (compatible; SemrushBot/7~bl; +http://www.semrush.com/bot.html)" "mantech8.com"
185.191.171.38 - - [15/Oct/2022:03:06:13 -0700] "GET /index.php/camp-fire/23610606.html HTTP/1.1" 500 - "-" "Mozilla/5.0 (compatible; SemrushBot/7~bl; +http://www.semrush.com/bot.html)" "mantech8.com"
185.191.171.10 - - [15/Oct/2022:03:06:22 -0700] "GET /index.php/camp-fire/43126027.html HTTP/1.1" 500 - "-" "Mozilla/5.0 (compatible; SemrushBot/7~bl; +http://www.semrush.com/bot.html)" "mantech8.com"
185.191.171.1 - - [15/Oct/2022:03:06:52 -0700] "GET /index.php/camp-fire/38127503.html HTTP/1.1" 500 - "-" "Mozilla/5.0 (compatible; SemrushBot/7~bl; +http://www.semrush.com/bot.html)" "mantech8.com"
185.191.171.40 - - [15/Oct/2022:03:07:12 -0700] "GET /index.php/camp-fire/3883974.html HTTP/1.1" 500 - "-" "Mozilla/5.0 (compatible; SemrushBot/7~bl; +http://www.semrush.com/bot.html)" "mantech8.com"
185.191.171.19 - - [15/Oct/2022:03:07:16 -0700] "GET /index.php/camp-fire/30497941.html HTTP/1.1" 500 - "-" "Mozilla/5.0 (compatible; SemrushBot/7~bl; +http://www.semrush.com/bot.html)" "mantech8.com"
185.191.171.7 - - [15/Oct/2022:03:07:25 -0700] "GET /index.php/camp-fire/50851234.html HTTP/1.1" 500 - "-" "Mozilla/5.0 (compatible; SemrushBot/7~bl; +http://www.semrush.com/bot.html)" "mantech8.com"
185.191.171.23 - - [15/Oct/2022:03:07:34 -0700] "GET /index.php/camp-fire/35335493.html HTTP/1.1" 500 - "-" "Mozilla/5.0 (compatible; SemrushBot/7~bl; +http://www.semrush.com/bot.html)" "mantech8.com"
114.119.133.165 - - [15/Oct/2022:03:08:05 -0700] "GET /bimages/gallery/thump/File.php HTTP/1.1" 200 - "http://www.mantech8.com/bimages/gallery/thump/?C=S%3BO%3DA" "Mozilla/5.0 (Linux; Android 7.0;) AppleWebKit/537.36 (KHTML, like Gecko) Mobile Safari/537.36 (compatible; PetalBot;+https://webmaster.petalsearch.com/site/petalbot)" "www.mantech8.com"
185.191.171.22 - - [15/Oct/2022:03:08:37 -0700] "GET /index.php/camp-fire/24667250.html HTTP/1.1" 500 - "-" "Mozilla/5.0 (compatible; SemrushBot/7~bl; +http://www.semrush.com/bot.html)" "mantech8.com"
185.191.171.5 - - [15/Oct/2022:03:08:41 -0700] "GET /index.php/camp-fire/37146578.html HTTP/1.1" 500 - "-" "Mozilla/5.0 (compatible; SemrushBot/7~bl; +http://www.semrush.com/bot.html)" "mantech8.com"
185.191.171.14 - - [15/Oct/2022:03:08:47 -0700] "GET /index.php/camp-fire/6516451.html HTTP/1.1" 500 - "-" "Mozilla/5.0 (compatible; SemrushBot/7~bl; +http://www.semrush.com/bot.html)" "mantech8.com"
185.191.171.2 - - [15/Oct/2022:03:09:47 -0700] "GET /index.php/camp-fire/38691459.html HTTP/1.1" 500 - "-" "Mozilla/5.0 (compatible; SemrushBot/7~bl; +http://www.semrush.com/bot.html)" "mantech8.com"
185.191.171.34 - - [15/Oct/2022:03:10:37 -0700] "GET /index.php/camp-fire/43200538.html HTTP/1.1" 500 - "-" "Mozilla/5.0 (compatible; SemrushBot/7~bl; +http://www.semrush.com/bot.html)" "mantech8.com"
185.191.171.18 - - [15/Oct/2022:03:10:54 -0700] "GET /index.php/camp-fire/37618678.html HTTP/1.1" 500 - "-" "Mozilla/5.0 (compatible; SemrushBot/7~bl; +http://www.semrush.com/bot.html)" "mantech8.com"
185.191.171.13 - - [15/Oct/2022:03:11:48 -0700] "GET /index.php/camp-fire/38576772.html HTTP/1.1" 500 - "-" "Mozilla/5.0 (compatible; SemrushBot/7~bl; +http://www.semrush.com/bot.html)" "mantech8.com"
185.191.171.45 - - [15/Oct/2022:03:11:51 -0700] "GET /index.php/camp-fire/27390697.html HTTP/1.1" 500 - "-" "Mozilla/5.0 (compatible; SemrushBot/7~bl; +http://www.semrush.com/bot.html)" "mantech8.com"
114.119.153.186 - - [15/Oct/2022:03:11:57 -0700] "GET /robots.txt HTTP/1.1" 200 106 "-" "Mozilla/5.0 (compatible;PetalBot;+https://webmaster.petalsearch.com/site/petalbot)" "www.mantech8.com"
185.191.171.8 - - [15/Oct/2022:03:12:17 -0700] "GET /index.php/camp-fire/37280335.html HTTP/1.1" 500 - "-" "Mozilla/5.0 (compatible; SemrushBot/7~bl; +http://www.semrush.com/bot.html)" "mantech8.com"
185.191.171.38 - - [15/Oct/2022:03:12:20 -0700] "GET /index.php/camp-fire/41108425.html HTTP/1.1" 500 - "-" "Mozilla/5.0 (compatible; SemrushBot/7~bl; +http://www.semrush.com/bot.html)" "mantech8.com"
185.191.171.8 - - [15/Oct/2022:03:12:57 -0700] "GET /index.php/camp-fire/27456921.html HTTP/1.1" 500 - "-" "Mozilla/5.0 (compatible; SemrushBot/7~bl; +http://www.semrush.com/bot.html)" "mantech8.com"
185.191.171.35 - - [15/Oct/2022:03:13:00 -0700] "GET /index.php/camp-fire/33483093.html HTTP/1.1" 500 - "-" "Mozilla/5.0 (compatible; SemrushBot/7~bl; +http://www.semrush.com/bot.html)" "mantech8.com"
185.191.171.7 - - [15/Oct/2022:03:13:24 -0700] "GET /index.php/camp-fire/33637559.html HTTP/1.1" 500 - "-" "Mozilla/5.0 (compatible; SemrushBot/7~bl; +http://www.semrush.com/bot.html)" "mantech8.com"
114.119.133.182 - - [15/Oct/2022:03:14:03 -0700] "GET /?inflorescences.xml HTTP/1.1" 200 270554 "-" "Mozilla/5.0 (compatible;PetalBot;+https://webmaster.petalsearch.com/site/petalbot)" "mantech8.com"
185.191.171.36 - - [15/Oct/2022:03:14:20 -0700] "GET /index.php/camp-fire/30651355.html HTTP/1.1" 500 - "-" "Mozilla/5.0 (compatible; SemrushBot/7~bl; +http://www.semrush.com/bot.html)" "mantech8.com"
185.191.171.19 - - [15/Oct/2022:03:15:25 -0700] "GET /index.php/camp-fire/33815308.html HTTP/1.1" 500 - "-" "Mozilla/5.0 (compatible; SemrushBot/7~bl; +http://www.semrush.com/bot.html)" "mantech8.com"
185.191.171.25 - - [15/Oct/2022:03:15:51 -0700] "GET /index.php/camp-fire/15956042.html HTTP/1.1" 500 - "-" "Mozilla/5.0 (compatible; SemrushBot/7~bl; +http://www.semrush.com/bot.html)" "mantech8.com"
185.191.171.3 - - [15/Oct/2022:03:16:01 -0700] "GET /index.php/camp-fire/21705635.html HTTP/1.1" 500 - "-" "Mozilla/5.0 (compatible; SemrushBot/7~bl; +http://www.semrush.com/bot.html)" "mantech8.com"
185.191.171.4 - - [15/Oct/2022:03:16:05 -0700] "GET /index.php/camp-fire/31671255.html HTTP/1.1" 500 - "-" "Mozilla/5.0 (compatible; SemrushBot/7~bl; +http://www.semrush.com/bot.html)" "mantech8.com"
47.242.243.146 - - [15/Oct/2022:03:16:06 -0700] "GET /contact.php HTTP/1.1" 200 29238 "http://mantech8.com/contact.php" "Mozilla/5.0 (Windows NT 10.0; Win64; x64) AppleWebKit/537.36 (KHTML, like Gecko) Chrome/90.0.4430.86 Safari/537.36" "mantech8.com"
185.191.171.42 - - [15/Oct/2022:03:16:11 -0700] "GET /index.php/camp-fire/36245850.html HTTP/1.1" 500 - "-" "Mozilla/5.0 (compatible; SemrushBot/7~bl; +http://www.semrush.com/bot.html)" "mantech8.com"
185.191.171.34 - - [15/Oct/2022:03:16:15 -0700] "GET /index.php/camp-fire/5313277.html HTTP/1.1" 500 - "-" "Mozilla/5.0 (compatible; SemrushBot/7~bl; +http://www.semrush.com/bot.html)" "mantech8.com"
185.191.171.4 - - [15/Oct/2022:03:16:16 -0700] "GET /index.php/camp-fire/4278293.html HTTP/1.1" 500 - "-" "Mozilla/5.0 (compatible; SemrushBot/7~bl; +http://www.semrush.com/bot.html)" "mantech8.com"
185.191.171.24 - - [15/Oct/2022:03:16:24 -0700] "GET /index.php/camp-fire/28282247.html HTTP/1.1" 500 - "-" "Mozilla/5.0 (compatible; SemrushBot/7~bl; +http://www.semrush.com/bot.html)" "mantech8.com"
47.242.243.146 - - [15/Oct/2022:03:16:41 -0700] "GET / HTTP/1.1" 500 - "http://mantech8.com/" "Mozilla/5.0 (Windows NT 10.0; Win64; x64) AppleWebKit/537.36 (KHTML, like Gecko) Chrome/90.0.4430.86 Safari/537.36" "mantech8.com"
159.192.165.239 - - [15/Oct/2022:03:17:05 -0700] "GET /contact.php HTTP/1.1" 200 29238 "http://mantech8.com/contact.php" "Mozilla/5.0 (Windows NT 10.0; Win64; x64) AppleWebKit/537.36 (KHTML, like Gecko) Chrome/90.0.4430.86 Safari/537.36" "mantech8.com"
159.192.165.239 - - [15/Oct/2022:03:17:07 -0700] "POST /mailer.php HTTP/1.1" 500 - "http://mantech8.com/contact.php" "Mozilla/5.0 (Windows NT 10.0; Win64; x64) AppleWebKit/537.36 (KHTML, like Gecko) Chrome/90.0.4430.86 Safari/537.36" "mantech8.com"
185.191.171.25 - - [15/Oct/2022:03:17:19 -0700] "GET /index.php/camp-fire/44081102.html HTTP/1.1" 500 - "-" "Mozilla/5.0 (compatible; SemrushBot/7~bl; +http://www.semrush.com/bot.html)" "mantech8.com"
185.191.171.6 - - [15/Oct/2022:03:18:33 -0700] "GET /index.php/camp-fire/28151435.html HTTP/1.1" 500 - "-" "Mozilla/5.0 (compatible; SemrushBot/7~bl; +http://www.semrush.com/bot.html)" "mantech8.com"
185.191.171.33 - - [15/Oct/2022:03:19:09 -0700] "GET /index.php/camp-fire/3661898.html HTTP/1.1" 500 - "-" "Mozilla/5.0 (compatible; SemrushBot/7~bl; +http://www.semrush.com/bot.html)" "mantech8.com"
185.191.171.23 - - [15/Oct/2022:03:19:16 -0700] "GET /index.php/camp-fire/26834621.html HTTP/1.1" 500 - "-" "Mozilla/5.0 (compatible; SemrushBot/7~bl; +http://www.semrush.com/bot.html)" "mantech8.com"
185.191.171.38 - - [15/Oct/2022:03:19:32 -0700] "GET /index.php/camp-fire/28092471.html HTTP/1.1" 500 - "-" "Mozilla/5.0 (compatible; SemrushBot/7~bl; +http://www.semrush.com/bot.html)" "mantech8.com"
185.191.171.39 - - [15/Oct/2022:03:19:37 -0700] "GET /index.php/camp-fire/35052572.html HTTP/1.1" 500 - "-" "Mozilla/5.0 (compatible; SemrushBot/7~bl; +http://www.semrush.com/bot.html)" "mantech8.com"
185.191.171.15 - - [15/Oct/2022:03:19:40 -0700] "GET /index.php/camp-fire/26137276.html HTTP/1.1" 500 - "-" "Mozilla/5.0 (compatible; SemrushBot/7~bl; +http://www.semrush.com/bot.html)" "mantech8.com"
185.191.171.38 - - [15/Oct/2022:03:19:59 -0700] "GET /index.php/camp-fire/31906230.html HTTP/1.1" 500 - "-" "Mozilla/5.0 (compatible; SemrushBot/7~bl; +http://www.semrush.com/bot.html)" "mantech8.com"
114.119.133.190 - - [15/Oct/2022:03:20:00 -0700] "GET /index.php?kiger.xml HTTP/1.1" 200 289404 "-" "Mozilla/5.0 (compatible;PetalBot;+https://webmaster.petalsearch.com/site/petalbot)" "mantech8.com"
185.191.171.36 - - [15/Oct/2022:03:20:11 -0700] "GET /index.php/camp-fire/45750730.html HTTP/1.1" 500 - "-" "Mozilla/5.0 (compatible; SemrushBot/7~bl; +http://www.semrush.com/bot.html)" "mantech8.com"
207.46.13.205 - - [15/Oct/2022:03:20:22 -0700] "GET /index.php?c=article&a=type&tid=5 HTTP/1.1" 200 64835 "-" "Mozilla/5.0 AppleWebKit/537.36 (KHTML, like Gecko; compatible; bingbot/2.0; +http://www.bing.com/bingbot.htm) Chrome/103.0.5060.134 Safari/537.36" "www.mantech8.com"
185.191.171.40 - - [15/Oct/2022:03:20:35 -0700] "GET /index.php/camp-fire/8950321.html HTTP/1.1" 500 - "-" "Mozilla/5.0 (compatible; SemrushBot/7~bl; +http://www.semrush.com/bot.html)" "mantech8.com"
185.191.171.24 - - [15/Oct/2022:03:21:24 -0700] "GET /index.php/camp-fire/29568864.html HTTP/1.1" 500 - "-" "Mozilla/5.0 (compatible; SemrushBot/7~bl; +http://www.semrush.com/bot.html)" "mantech8.com"
185.191.171.25 - - [15/Oct/2022:03:21:26 -0700] "GET /index.php/camp-fire/490198.html HTTP/1.1" 500 - "-" "Mozilla/5.0 (compatible; SemrushBot/7~bl; +http://www.semrush.com/bot.html)" "mantech8.com"
185.191.171.40 - - [15/Oct/2022:03:21:41 -0700] "GET /index.php/camp-fire/3466859.html HTTP/1.1" 500 - "-" "Mozilla/5.0 (compatible; SemrushBot/7~bl; +http://www.semrush.com/bot.html)" "mantech8.com"
216.244.66.241 - - [15/Oct/2022:03:22:05 -0700] "GET /robots.txt HTTP/1.1" 200 222 "-" "Mozilla/5.0 (compatible; DotBot/1.2; +https://opensiteexplorer.org/dotbot; help@moz.com)" "www.mantech8.com"
216.244.66.241 - - [15/Oct/2022:03:22:05 -0700] "GET /robots.txt HTTP/1.1" 200 222 "-" "Mozilla/5.0 (compatible; DotBot/1.2; +https://opensiteexplorer.org/dotbot; help@moz.com)" "mantech8.com"
185.191.171.13 - - [15/Oct/2022:03:23:37 -0700] "GET /index.php/camp-fire/28825566.html HTTP/1.1" 500 - "-" "Mozilla/5.0 (compatible; SemrushBot/7~bl; +http://www.semrush.com/bot.html)" "mantech8.com"
185.191.171.22 - - [15/Oct/2022:03:25:01 -0700] "GET /index.php/camp-fire/45030950.html HTTP/1.1" 500 - "-" "Mozilla/5.0 (compatible; SemrushBot/7~bl; +http://www.semrush.com/bot.html)" "mantech8.com"
185.191.171.20 - - [15/Oct/2022:03:25:36 -0700] "GET /index.php/camp-fire/32483768.html HTTP/1.1" 500 - "-" "Mozilla/5.0 (compatible; SemrushBot/7~bl; +http://www.semrush.com/bot.html)" "mantech8.com"
185.191.171.19 - - [15/Oct/2022:03:25:38 -0700] "GET /index.php/camp-fire/27651371.html HTTP/1.1" 500 - "-" "Mozilla/5.0 (compatible; SemrushBot/7~bl; +http://www.semrush.com/bot.html)" "mantech8.com"
185.191.171.9 - - [15/Oct/2022:03:25:39 -0700] "GET /index.php/camp-fire/42729349.html HTTP/1.1" 500 - "-" "Mozilla/5.0 (compatible; SemrushBot/7~bl; +http://www.semrush.com/bot.html)" "mantech8.com"
185.191.171.44 - - [15/Oct/2022:03:25:51 -0700] "GET /index.php/camp-fire/40158888.html HTTP/1.1" 500 - "-" "Mozilla/5.0 (compatible; SemrushBot/7~bl; +http://www.semrush.com/bot.html)" "mantech8.com"
185.191.171.6 - - [15/Oct/2022:03:25:57 -0700] "GET /robots.txt HTTP/1.1" 200 106 "-" "Mozilla/5.0 (compatible; SemrushBot/7~bl; +http://www.semrush.com/bot.html)" "mantech8.com"
185.191.171.24 - - [15/Oct/2022:03:25:58 -0700] "GET /index.php/camp-fire/17701080.html HTTP/1.1" 500 - "-" "Mozilla/5.0 (compatible; SemrushBot/7~bl; +http://www.semrush.com/bot.html)" "mantech8.com"
40.77.167.68 - - [15/Oct/2022:03:26:57 -0700] "GET /bimages/gallery/thump/IDN%20B4.jpg HTTP/1.1" 200 464681 "-" "Mozilla/5.0 (compatible; bingbot/2.0; +http://www.bing.com/bingbot.htm)" "www.mantech8.com"
185.191.171.45 - - [15/Oct/2022:03:27:00 -0700] "GET /index.php/camp-fire/48190971.html HTTP/1.1" 500 - "-" "Mozilla/5.0 (compatible; SemrushBot/7~bl; +http://www.semrush.com/bot.html)" "mantech8.com"
185.191.171.21 - - [15/Oct/2022:03:27:05 -0700] "GET /index.php/camp-fire/32424060.html HTTP/1.1" 500 - "-" "Mozilla/5.0 (compatible; SemrushBot/7~bl; +http://www.semrush.com/bot.html)" "mantech8.com"
185.191.171.17 - - [15/Oct/2022:03:27:07 -0700] "GET /index.php/camp-fire/28279871.html HTTP/1.1" 500 - "-" "Mozilla/5.0 (compatible; SemrushBot/7~bl; +http://www.semrush.com/bot.html)" "mantech8.com"
77.75.73.26 - - [15/Oct/2022:03:27:26 -0700] "GET /headdepartment.php HTTP/1.1" 200 14195 "-" "Mozilla/5.0 (compatible; SeznamBot/4.0-RC1; +http://napoveda.seznam.cz/seznambot-intro/)" "www.mantech8.com"
185.191.171.6 - - [15/Oct/2022:03:27:31 -0700] "GET /index.php/camp-fire/36005364.html HTTP/1.1" 500 - "-" "Mozilla/5.0 (compatible; SemrushBot/7~bl; +http://www.semrush.com/bot.html)" "mantech8.com"
185.191.171.5 - - [15/Oct/2022:03:27:48 -0700] "GET /index.php/camp-fire/89039156.html HTTP/1.1" 500 - "-" "Mozilla/5.0 (compatible; SemrushBot/7~bl; +http://www.semrush.com/bot.html)" "mantech8.com"
185.191.171.6 - - [15/Oct/2022:03:27:56 -0700] "GET /index.php/camp-fire/86054865.html HTTP/1.1" 500 - "-" "Mozilla/5.0 (compatible; SemrushBot/7~bl; +http://www.semrush.com/bot.html)" "mantech8.com"
185.191.171.36 - - [15/Oct/2022:03:28:30 -0700] "GET /index.php/camp-fire/58585776.html HTTP/1.1" 500 - "-" "Mozilla/5.0 (compatible; SemrushBot/7~bl; +http://www.semrush.com/bot.html)" "mantech8.com"
185.191.171.1 - - [15/Oct/2022:03:28:37 -0700] "GET /index.php/camp-fire/35392838.html HTTP/1.1" 500 - "-" "Mozilla/5.0 (compatible; SemrushBot/7~bl; +http://www.semrush.com/bot.html)" "mantech8.com"
185.191.171.39 - - [15/Oct/2022:03:29:32 -0700] "GET /index.php/camp-fire/40447733.html HTTP/1.1" 500 - "-" "Mozilla/5.0 (compatible; SemrushBot/7~bl; +http://www.semrush.com/bot.html)" "mantech8.com"
185.191.171.5 - - [15/Oct/2022:03:30:10 -0700] "GET /index.php/camp-fire/38207476.html HTTP/1.1" 500 - "-" "Mozilla/5.0 (compatible; SemrushBot/7~bl; +http://www.semrush.com/bot.html)" "mantech8.com"
185.191.171.1 - - [15/Oct/2022:03:30:21 -0700] "GET /index.php/camp-fire/37207870.html HTTP/1.1" 500 - "-" "Mozilla/5.0 (compatible; SemrushBot/7~bl; +http://www.semrush.com/bot.html)" "mantech8.com"
185.191.171.36 - - [15/Oct/2022:03:31:40 -0700] "GET /index.php/camp-fire/28187271.html HTTP/1.1" 500 - "-" "Mozilla/5.0 (compatible; SemrushBot/7~bl; +http://www.semrush.com/bot.html)" "mantech8.com"
114.119.133.190 - - [15/Oct/2022:03:31:57 -0700] "GET /index.php?benfica.xml HTTP/1.1" 200 289293 "-" "Mozilla/5.0 (compatible;PetalBot;+https://webmaster.petalsearch.com/site/petalbot)" "mantech8.com"
185.191.171.5 - - [15/Oct/2022:03:32:18 -0700] "GET /index.php/camp-fire/28423464.html HTTP/1.1" 500 - "-" "Mozilla/5.0 (compatible; SemrushBot/7~bl; +http://www.semrush.com/bot.html)" "mantech8.com"
185.191.171.42 - - [15/Oct/2022:03:32:33 -0700] "GET /index.php/camp-fire/43615593.html HTTP/1.1" 500 - "-" "Mozilla/5.0 (compatible; SemrushBot/7~bl; +http://www.semrush.com/bot.html)" "mantech8.com"
185.191.171.21 - - [15/Oct/2022:03:32:42 -0700] "GET /index.php/camp-fire/9735283.html HTTP/1.1" 500 - "-" "Mozilla/5.0 (compatible; SemrushBot/7~bl; +http://www.semrush.com/bot.html)" "mantech8.com"
185.191.171.42 - - [15/Oct/2022:03:32:52 -0700] "GET /index.php/camp-fire/21198835.html HTTP/1.1" 500 - "-" "Mozilla/5.0 (compatible; SemrushBot/7~bl; +http://www.semrush.com/bot.html)" "mantech8.com"
207.46.13.205 - - [15/Oct/2022:03:33:03 -0700] "GET /index.php?camp-fire/17586680.html HTTP/1.1" 200 72294 "-" "Mozilla/5.0 AppleWebKit/537.36 (KHTML, like Gecko; compatible; bingbot/2.0; +http://www.bing.com/bingbot.htm) Chrome/103.0.5060.134 Safari/537.36" "www.mantech8.com"
40.77.167.72 - - [15/Oct/2022:03:33:11 -0700] "GET /?/articlecontentitemid78631c5f-818b-4fee-a287-d1a89ac47058.html HTTP/1.1" 200 60276 "-" "Mozilla/5.0 AppleWebKit/537.36 (KHTML, like Gecko; compatible; bingbot/2.0; +http://www.bing.com/bingbot.htm) Chrome/103.0.5060.134 Safari/537.36" "mantech8.com"
185.191.171.8 - - [15/Oct/2022:03:33:17 -0700] "GET /index.php/camp-fire/27258670.html HTTP/1.1" 500 - "-" "Mozilla/5.0 (compatible; SemrushBot/7~bl; +http://www.semrush.com/bot.html)" "mantech8.com"
185.191.171.33 - - [15/Oct/2022:03:33:40 -0700] "GET /index.php/camp-fire/41885103.html HTTP/1.1" 500 - "-" "Mozilla/5.0 (compatible; SemrushBot/7~bl; +http://www.semrush.com/bot.html)" "mantech8.com"
