185.191.171.7 - - [15/Oct/2022:08:55:15 -0700] "GET /index.php/camp-fire/41992776.html HTTP/1.1" 500 - "-" "Mozilla/5.0 (compatible; SemrushBot/7~bl; +http://www.semrush.com/bot.html)" "mantech8.com"
185.191.171.40 - - [15/Oct/2022:08:55:21 -0700] "GET /robots.txt HTTP/1.1" 200 106 "-" "Mozilla/5.0 (compatible; SemrushBot/7~bl; +http://www.semrush.com/bot.html)" "mantech8.com"
185.191.171.20 - - [15/Oct/2022:08:55:21 -0700] "GET /index.php/camp-fire/39377209.html HTTP/1.1" 500 - "-" "Mozilla/5.0 (compatible; SemrushBot/7~bl; +http://www.semrush.com/bot.html)" "mantech8.com"
207.46.13.70 - - [15/Oct/2022:08:55:49 -0700] "GET /bimages/paintg/thump/paint%20b4.jpg HTTP/1.1" 200 142441 "-" "Mozilla/5.0 (compatible; bingbot/2.0; +http://www.bing.com/bingbot.htm)" "www.mantech8.com"
185.191.171.6 - - [15/Oct/2022:08:55:52 -0700] "GET /index.php/camp-fire/32566325.html HTTP/1.1" 500 - "-" "Mozilla/5.0 (compatible; SemrushBot/7~bl; +http://www.semrush.com/bot.html)" "mantech8.com"
185.191.171.11 - - [15/Oct/2022:08:56:16 -0700] "GET /index.php/camp-fire/44275238.html HTTP/1.1" 500 - "-" "Mozilla/5.0 (compatible; SemrushBot/7~bl; +http://www.semrush.com/bot.html)" "mantech8.com"
185.191.171.5 - - [15/Oct/2022:08:56:18 -0700] "GET /index.php/camp-fire/36404889.html HTTP/1.1" 500 - "-" "Mozilla/5.0 (compatible; SemrushBot/7~bl; +http://www.semrush.com/bot.html)" "mantech8.com"
77.75.72.26 - - [15/Oct/2022:08:56:27 -0700] "GET /sitemap37.xml HTTP/1.1" 404 88 "-" "Mozilla/5.0 (compatible; SeznamBot/4.0-RC1; +http://napoveda.seznam.cz/seznambot-intro/)" "mantech8.com"
185.191.171.6 - - [15/Oct/2022:08:56:31 -0700] "GET /index.php/camp-fire/39262092.html HTTP/1.1" 500 - "-" "Mozilla/5.0 (compatible; SemrushBot/7~bl; +http://www.semrush.com/bot.html)" "mantech8.com"
185.191.171.19 - - [15/Oct/2022:08:56:37 -0700] "GET /index.php/camp-fire/28313335.html HTTP/1.1" 500 - "-" "Mozilla/5.0 (compatible; SemrushBot/7~bl; +http://www.semrush.com/bot.html)" "mantech8.com"
185.191.171.6 - - [15/Oct/2022:08:56:42 -0700] "GET /index.php/camp-fire/28241535.html HTTP/1.1" 500 - "-" "Mozilla/5.0 (compatible; SemrushBot/7~bl; +http://www.semrush.com/bot.html)" "mantech8.com"
185.191.171.6 - - [15/Oct/2022:08:56:46 -0700] "GET /index.php/camp-fire/8309078.html HTTP/1.1" 500 - "-" "Mozilla/5.0 (compatible; SemrushBot/7~bl; +http://www.semrush.com/bot.html)" "mantech8.com"
185.191.171.20 - - [15/Oct/2022:08:56:54 -0700] "GET /index.php/camp-fire/42675068.html HTTP/1.1" 500 - "-" "Mozilla/5.0 (compatible; SemrushBot/7~bl; +http://www.semrush.com/bot.html)" "mantech8.com"
185.191.171.23 - - [15/Oct/2022:08:58:13 -0700] "GET /index.php/camp-fire/27058465.html HTTP/1.1" 500 - "-" "Mozilla/5.0 (compatible; SemrushBot/7~bl; +http://www.semrush.com/bot.html)" "mantech8.com"
185.191.171.13 - - [15/Oct/2022:08:58:18 -0700] "GET /index.php/camp-fire/25879417.html HTTP/1.1" 500 - "-" "Mozilla/5.0 (compatible; SemrushBot/7~bl; +http://www.semrush.com/bot.html)" "mantech8.com"
185.191.171.10 - - [15/Oct/2022:08:58:40 -0700] "GET /index.php/camp-fire/51533402.html HTTP/1.1" 500 - "-" "Mozilla/5.0 (compatible; SemrushBot/7~bl; +http://www.semrush.com/bot.html)" "mantech8.com"
40.77.167.58 - - [15/Oct/2022:08:59:48 -0700] "GET /?/articlecontentitemid301835eb-fba3-49bd-9b77-83ea6c135df8.html HTTP/1.1" 200 62935 "-" "Mozilla/5.0 AppleWebKit/537.36 (KHTML, like Gecko; compatible; bingbot/2.0; +http://www.bing.com/bingbot.htm) Chrome/103.0.5060.134 Safari/537.36" "mantech8.com"
114.119.133.190 - - [15/Oct/2022:09:00:03 -0700] "GET /bimages/pipeg/?C=S%3BO%3DA HTTP/1.1" 200 569 "http://mantech8.com/bimages/pipeg/?C=M%3BO%3DA" "Mozilla/5.0 (Linux; Android 7.0;) AppleWebKit/537.36 (KHTML, like Gecko) Mobile Safari/537.36 (compatible; PetalBot;+https://webmaster.petalsearch.com/site/petalbot)" "mantech8.com"
185.191.171.8 - - [15/Oct/2022:09:00:14 -0700] "GET /index.php/camp-fire/17269626.html HTTP/1.1" 500 - "-" "Mozilla/5.0 (compatible; SemrushBot/7~bl; +http://www.semrush.com/bot.html)" "mantech8.com"
185.191.171.41 - - [15/Oct/2022:09:00:18 -0700] "GET /index.php/camp-fire/76273493.html HTTP/1.1" 500 - "-" "Mozilla/5.0 (compatible; SemrushBot/7~bl; +http://www.semrush.com/bot.html)" "mantech8.com"
185.191.171.3 - - [15/Oct/2022:09:00:59 -0700] "GET /index.php/camp-fire/41177092.html HTTP/1.1" 500 - "-" "Mozilla/5.0 (compatible; SemrushBot/7~bl; +http://www.semrush.com/bot.html)" "mantech8.com"
185.191.171.14 - - [15/Oct/2022:09:01:03 -0700] "GET /index.php/camp-fire/28864689.html HTTP/1.1" 500 - "-" "Mozilla/5.0 (compatible; SemrushBot/7~bl; +http://www.semrush.com/bot.html)" "mantech8.com"
185.191.171.25 - - [15/Oct/2022:09:01:37 -0700] "GET /index.php/camp-fire/3771178.html HTTP/1.1" 500 - "-" "Mozilla/5.0 (compatible; SemrushBot/7~bl; +http://www.semrush.com/bot.html)" "mantech8.com"
185.191.171.39 - - [15/Oct/2022:09:01:40 -0700] "GET /index.php/camp-fire/18292280.html HTTP/1.1" 500 - "-" "Mozilla/5.0 (compatible; SemrushBot/7~bl; +http://www.semrush.com/bot.html)" "mantech8.com"
20.233.32.17 - - [15/Oct/2022:09:01:48 -0700] "GET /wp-content/themes/seotheme/db.php?u HTTP/1.1" 404 88 "www.google.com" "Mozlila/5.0 (Linux; Android 7.0; SM-G892A Bulid/NRD90M; wv) AppleWebKit/537.36 (KHTML, like Gecko) Version/4.0 Chrome/60.0.3112.107 Moblie Safari/537.36" "mantech8.com"
185.191.171.11 - - [15/Oct/2022:09:02:05 -0700] "GET /index.php/camp-fire/3502353.html HTTP/1.1" 500 - "-" "Mozilla/5.0 (compatible; SemrushBot/7~bl; +http://www.semrush.com/bot.html)" "mantech8.com"
185.191.171.36 - - [15/Oct/2022:09:02:07 -0700] "GET /index.php/camp-fire/4135165.html HTTP/1.1" 500 - "-" "Mozilla/5.0 (compatible; SemrushBot/7~bl; +http://www.semrush.com/bot.html)" "mantech8.com"
185.191.171.1 - - [15/Oct/2022:09:02:26 -0700] "GET /index.php/camp-fire/37776651.html HTTP/1.1" 500 - "-" "Mozilla/5.0 (compatible; SemrushBot/7~bl; +http://www.semrush.com/bot.html)" "mantech8.com"
20.233.32.17 - - [15/Oct/2022:09:02:27 -0700] "GET /wp-content/themes/seotheme/db.php?u HTTP/1.1" 404 88 "www.google.com" "Mozlila/5.0 (Linux; Android 7.0; SM-G892A Bulid/NRD90M; wv) AppleWebKit/537.36 (KHTML, like Gecko) Version/4.0 Chrome/60.0.3112.107 Moblie Safari/537.36" "mantech8.com"
185.191.171.12 - - [15/Oct/2022:09:02:42 -0700] "GET /index.php/camp-fire/26879221.html HTTP/1.1" 500 - "-" "Mozilla/5.0 (compatible; SemrushBot/7~bl; +http://www.semrush.com/bot.html)" "mantech8.com"
185.191.171.38 - - [15/Oct/2022:09:03:31 -0700] "GET /index.php/camp-fire/25834733.html HTTP/1.1" 500 - "-" "Mozilla/5.0 (compatible; SemrushBot/7~bl; +http://www.semrush.com/bot.html)" "mantech8.com"
185.191.171.17 - - [15/Oct/2022:09:03:44 -0700] "GET /index.php/camp-fire/9057278.html HTTP/1.1" 500 - "-" "Mozilla/5.0 (compatible; SemrushBot/7~bl; +http://www.semrush.com/bot.html)" "mantech8.com"
185.191.171.38 - - [15/Oct/2022:09:04:05 -0700] "GET /index.php/camp-fire/42236134.html HTTP/1.1" 500 - "-" "Mozilla/5.0 (compatible; SemrushBot/7~bl; +http://www.semrush.com/bot.html)" "mantech8.com"
185.191.171.15 - - [15/Oct/2022:09:05:18 -0700] "GET /index.php/camp-fire/33487093.html HTTP/1.1" 500 - "-" "Mozilla/5.0 (compatible; SemrushBot/7~bl; +http://www.semrush.com/bot.html)" "mantech8.com"
185.191.171.9 - - [15/Oct/2022:09:05:22 -0700] "GET /index.php/camp-fire/35037125.html HTTP/1.1" 500 - "-" "Mozilla/5.0 (compatible; SemrushBot/7~bl; +http://www.semrush.com/bot.html)" "mantech8.com"
114.119.133.166 - - [15/Oct/2022:09:06:07 -0700] "GET /index.php/gelsemic.xml HTTP/1.1" 200 289372 "-" "Mozilla/5.0 (compatible;PetalBot;+https://webmaster.petalsearch.com/site/petalbot)" "mantech8.com"
185.191.171.17 - - [15/Oct/2022:09:06:29 -0700] "GET /index.php/camp-fire/30977106.html HTTP/1.1" 500 - "-" "Mozilla/5.0 (compatible; SemrushBot/7~bl; +http://www.semrush.com/bot.html)" "mantech8.com"
185.191.171.9 - - [15/Oct/2022:09:06:45 -0700] "GET /index.php/camp-fire/33571293.html HTTP/1.1" 500 - "-" "Mozilla/5.0 (compatible; SemrushBot/7~bl; +http://www.semrush.com/bot.html)" "mantech8.com"
185.191.171.38 - - [15/Oct/2022:09:07:10 -0700] "GET /index.php/camp-fire/81150280.html HTTP/1.1" 500 - "-" "Mozilla/5.0 (compatible; SemrushBot/7~bl; +http://www.semrush.com/bot.html)" "mantech8.com"
185.191.171.42 - - [15/Oct/2022:09:07:49 -0700] "GET /index.php/camp-fire/30551266.html HTTP/1.1" 500 - "-" "Mozilla/5.0 (compatible; SemrushBot/7~bl; +http://www.semrush.com/bot.html)" "mantech8.com"
185.191.171.33 - - [15/Oct/2022:09:07:56 -0700] "GET /index.php/camp-fire/28937466.html HTTP/1.1" 500 - "-" "Mozilla/5.0 (compatible; SemrushBot/7~bl; +http://www.semrush.com/bot.html)" "mantech8.com"
185.191.171.2 - - [15/Oct/2022:09:08:05 -0700] "GET /index.php/camp-fire/58514202.html HTTP/1.1" 500 - "-" "Mozilla/5.0 (compatible; SemrushBot/7~bl; +http://www.semrush.com/bot.html)" "mantech8.com"
185.191.171.44 - - [15/Oct/2022:09:08:16 -0700] "GET /index.php/camp-fire/29858166.html HTTP/1.1" 500 - "-" "Mozilla/5.0 (compatible; SemrushBot/7~bl; +http://www.semrush.com/bot.html)" "mantech8.com"
185.191.171.19 - - [15/Oct/2022:09:08:46 -0700] "GET /index.php/camp-fire/28324209.html HTTP/1.1" 500 - "-" "Mozilla/5.0 (compatible; SemrushBot/7~bl; +http://www.semrush.com/bot.html)" "mantech8.com"
185.191.171.16 - - [15/Oct/2022:09:08:48 -0700] "GET /index.php/camp-fire/5303477.html HTTP/1.1" 500 - "-" "Mozilla/5.0 (compatible; SemrushBot/7~bl; +http://www.semrush.com/bot.html)" "mantech8.com"
185.191.171.4 - - [15/Oct/2022:09:09:00 -0700] "GET /index.php/camp-fire/29765209.html HTTP/1.1" 500 - "-" "Mozilla/5.0 (compatible; SemrushBot/7~bl; +http://www.semrush.com/bot.html)" "mantech8.com"
185.191.171.25 - - [15/Oct/2022:09:09:35 -0700] "GET /index.php/camp-fire/41403271.html HTTP/1.1" 500 - "-" "Mozilla/5.0 (compatible; SemrushBot/7~bl; +http://www.semrush.com/bot.html)" "mantech8.com"
185.191.171.33 - - [15/Oct/2022:09:10:15 -0700] "GET /index.php/camp-fire/31741647.html HTTP/1.1" 500 - "-" "Mozilla/5.0 (compatible; SemrushBot/7~bl; +http://www.semrush.com/bot.html)" "mantech8.com"
185.191.171.8 - - [15/Oct/2022:09:10:31 -0700] "GET /index.php/camp-fire/46999941.html HTTP/1.1" 500 - "-" "Mozilla/5.0 (compatible; SemrushBot/7~bl; +http://www.semrush.com/bot.html)" "mantech8.com"
185.191.171.38 - - [15/Oct/2022:09:10:49 -0700] "GET /index.php/camp-fire/5601998.html HTTP/1.1" 500 - "-" "Mozilla/5.0 (compatible; SemrushBot/7~bl; +http://www.semrush.com/bot.html)" "mantech8.com"
185.191.171.45 - - [15/Oct/2022:09:10:54 -0700] "GET /index.php/camp-fire/7351980.html HTTP/1.1" 500 - "-" "Mozilla/5.0 (compatible; SemrushBot/7~bl; +http://www.semrush.com/bot.html)" "mantech8.com"
185.191.171.24 - - [15/Oct/2022:09:11:03 -0700] "GET /index.php/camp-fire/6051572.html HTTP/1.1" 500 - "-" "Mozilla/5.0 (compatible; SemrushBot/7~bl; +http://www.semrush.com/bot.html)" "mantech8.com"
185.191.171.34 - - [15/Oct/2022:09:11:07 -0700] "GET /index.php/camp-fire/16692683.html HTTP/1.1" 500 - "-" "Mozilla/5.0 (compatible; SemrushBot/7~bl; +http://www.semrush.com/bot.html)" "mantech8.com"
185.191.171.38 - - [15/Oct/2022:09:11:41 -0700] "GET /index.php/camp-fire/35034825.html HTTP/1.1" 500 - "-" "Mozilla/5.0 (compatible; SemrushBot/7~bl; +http://www.semrush.com/bot.html)" "mantech8.com"
185.191.171.21 - - [15/Oct/2022:09:11:56 -0700] "GET /index.php/camp-fire/8212408.html HTTP/1.1" 500 - "-" "Mozilla/5.0 (compatible; SemrushBot/7~bl; +http://www.semrush.com/bot.html)" "mantech8.com"
185.191.171.9 - - [15/Oct/2022:09:12:03 -0700] "GET /index.php/camp-fire/25644846.html HTTP/1.1" 500 - "-" "Mozilla/5.0 (compatible; SemrushBot/7~bl; +http://www.semrush.com/bot.html)" "mantech8.com"
114.119.133.166 - - [15/Oct/2022:09:12:16 -0700] "GET /index.php?steaded.xml HTTP/1.1" 200 289164 "-" "Mozilla/5.0 (Linux; Android 7.0;) AppleWebKit/537.36 (KHTML, like Gecko) Mobile Safari/537.36 (compatible; PetalBot;+https://webmaster.petalsearch.com/site/petalbot)" "mantech8.com"
185.191.171.14 - - [15/Oct/2022:09:12:26 -0700] "GET /index.php/camp-fire/17802808.html HTTP/1.1" 500 - "-" "Mozilla/5.0 (compatible; SemrushBot/7~bl; +http://www.semrush.com/bot.html)" "mantech8.com"
185.191.171.6 - - [15/Oct/2022:09:14:02 -0700] "GET /index.php/camp-fire/35852838.html HTTP/1.1" 500 - "-" "Mozilla/5.0 (compatible; SemrushBot/7~bl; +http://www.semrush.com/bot.html)" "mantech8.com"
185.191.171.20 - - [15/Oct/2022:09:14:06 -0700] "GET /index.php/camp-fire/27253170.html HTTP/1.1" 500 - "-" "Mozilla/5.0 (compatible; SemrushBot/7~bl; +http://www.semrush.com/bot.html)" "mantech8.com"
185.191.171.25 - - [15/Oct/2022:09:14:36 -0700] "GET /index.php/camp-fire/49989502.html HTTP/1.1" 500 - "-" "Mozilla/5.0 (compatible; SemrushBot/7~bl; +http://www.semrush.com/bot.html)" "mantech8.com"
185.191.171.1 - - [15/Oct/2022:09:15:02 -0700] "GET /index.php/camp-fire/35235297.html HTTP/1.1" 500 - "-" "Mozilla/5.0 (compatible; SemrushBot/7~bl; +http://www.semrush.com/bot.html)" "mantech8.com"
185.191.171.14 - - [15/Oct/2022:09:15:38 -0700] "GET /index.php/camp-fire/42639868.html HTTP/1.1" 500 - "-" "Mozilla/5.0 (compatible; SemrushBot/7~bl; +http://www.semrush.com/bot.html)" "mantech8.com"
185.191.171.18 - - [15/Oct/2022:09:15:41 -0700] "GET /index.php/camp-fire/8115078.html HTTP/1.1" 500 - "-" "Mozilla/5.0 (compatible; SemrushBot/7~bl; +http://www.semrush.com/bot.html)" "mantech8.com"
185.191.171.26 - - [15/Oct/2022:09:15:42 -0700] "GET /index.php/camp-fire/38163903.html HTTP/1.1" 500 - "-" "Mozilla/5.0 (compatible; SemrushBot/7~bl; +http://www.semrush.com/bot.html)" "mantech8.com"
185.191.171.5 - - [15/Oct/2022:09:16:19 -0700] "GET /index.php/camp-fire/39828602.html HTTP/1.1" 500 - "-" "Mozilla/5.0 (compatible; SemrushBot/7~bl; +http://www.semrush.com/bot.html)" "mantech8.com"
185.191.171.13 - - [15/Oct/2022:09:16:33 -0700] "GET /index.php/camp-fire/28238235.html HTTP/1.1" 500 - "-" "Mozilla/5.0 (compatible; SemrushBot/7~bl; +http://www.semrush.com/bot.html)" "mantech8.com"
185.191.171.13 - - [15/Oct/2022:09:17:05 -0700] "GET /index.php/camp-fire/7733608.html HTTP/1.1" 500 - "-" "Mozilla/5.0 (compatible; SemrushBot/7~bl; +http://www.semrush.com/bot.html)" "mantech8.com"
185.191.171.25 - - [15/Oct/2022:09:17:36 -0700] "GET /index.php/camp-fire/35830859.html HTTP/1.1" 500 - "-" "Mozilla/5.0 (compatible; SemrushBot/7~bl; +http://www.semrush.com/bot.html)" "mantech8.com"
114.119.133.165 - - [15/Oct/2022:09:18:17 -0700] "GET /bimages/ework/nwknstkjnx.php HTTP/1.1" 200 32 "http://mantech8.com/bimages/ework/?C=N%3BO%3DD" "Mozilla/5.0 (Linux; Android 7.0;) AppleWebKit/537.36 (KHTML, like Gecko) Mobile Safari/537.36 (compatible; PetalBot;+https://webmaster.petalsearch.com/site/petalbot)" "mantech8.com"
185.191.171.22 - - [15/Oct/2022:09:18:19 -0700] "GET /index.php/camp-fire/33705908.html HTTP/1.1" 500 - "-" "Mozilla/5.0 (compatible; SemrushBot/7~bl; +http://www.semrush.com/bot.html)" "mantech8.com"
185.191.171.43 - - [15/Oct/2022:09:18:45 -0700] "GET /index.php/camp-fire/38899125.html HTTP/1.1" 500 - "-" "Mozilla/5.0 (compatible; SemrushBot/7~bl; +http://www.semrush.com/bot.html)" "mantech8.com"
207.46.13.205 - - [15/Oct/2022:09:19:05 -0700] "GET /bimages/paintg/thump/paint%20b1.jpg HTTP/1.1" 200 132815 "-" "Mozilla/5.0 AppleWebKit/537.36 (KHTML, like Gecko; compatible; bingbot/2.0; +http://www.bing.com/bingbot.htm) Chrome/103.0.5060.134 Safari/537.36" "www.mantech8.com"
185.191.171.43 - - [15/Oct/2022:09:19:18 -0700] "GET /index.php/camp-fire/9296890.html HTTP/1.1" 500 - "-" "Mozilla/5.0 (compatible; SemrushBot/7~bl; +http://www.semrush.com/bot.html)" "mantech8.com"
185.191.171.9 - - [15/Oct/2022:09:19:21 -0700] "GET /index.php/camp-fire/6323077.html HTTP/1.1" 500 - "-" "Mozilla/5.0 (compatible; SemrushBot/7~bl; +http://www.semrush.com/bot.html)" "mantech8.com"
185.191.171.23 - - [15/Oct/2022:09:19:26 -0700] "GET /index.php/camp-fire/30592941.html HTTP/1.1" 500 - "-" "Mozilla/5.0 (compatible; SemrushBot/7~bl; +http://www.semrush.com/bot.html)" "mantech8.com"
185.191.171.3 - - [15/Oct/2022:09:20:06 -0700] "GET /index.php/camp-fire/35208725.html HTTP/1.1" 500 - "-" "Mozilla/5.0 (compatible; SemrushBot/7~bl; +http://www.semrush.com/bot.html)" "mantech8.com"
185.191.171.10 - - [15/Oct/2022:09:20:10 -0700] "GET /index.php/camp-fire/25679861.html HTTP/1.1" 500 - "-" "Mozilla/5.0 (compatible; SemrushBot/7~bl; +http://www.semrush.com/bot.html)" "mantech8.com"
185.191.171.43 - - [15/Oct/2022:09:20:53 -0700] "GET /index.php/camp-fire/37797293.html HTTP/1.1" 500 - "-" "Mozilla/5.0 (compatible; SemrushBot/7~bl; +http://www.semrush.com/bot.html)" "mantech8.com"
40.77.167.95 - - [15/Oct/2022:09:21:35 -0700] "GET /robots.txt HTTP/1.1" 200 106 "-" "Mozilla/5.0 (compatible; bingbot/2.0; +http://www.bing.com/bingbot.htm)" "mantech8.com"
185.191.171.43 - - [15/Oct/2022:09:21:37 -0700] "GET /index.php/camp-fire/1667429.html HTTP/1.1" 500 - "-" "Mozilla/5.0 (compatible; SemrushBot/7~bl; +http://www.semrush.com/bot.html)" "mantech8.com"
185.191.171.3 - - [15/Oct/2022:09:21:52 -0700] "GET /index.php/camp-fire/44696449.html HTTP/1.1" 500 - "-" "Mozilla/5.0 (compatible; SemrushBot/7~bl; +http://www.semrush.com/bot.html)" "mantech8.com"
185.191.171.25 - - [15/Oct/2022:09:22:16 -0700] "GET /index.php/camp-fire/29303006.html HTTP/1.1" 500 - "-" "Mozilla/5.0 (compatible; SemrushBot/7~bl; +http://www.semrush.com/bot.html)" "mantech8.com"
185.191.171.43 - - [15/Oct/2022:09:22:25 -0700] "GET /index.php/camp-fire/9866883.html HTTP/1.1" 500 - "-" "Mozilla/5.0 (compatible; SemrushBot/7~bl; +http://www.semrush.com/bot.html)" "mantech8.com"
185.191.171.7 - - [15/Oct/2022:09:22:38 -0700] "GET /index.php/camp-fire/7363678.html HTTP/1.1" 500 - "-" "Mozilla/5.0 (compatible; SemrushBot/7~bl; +http://www.semrush.com/bot.html)" "mantech8.com"
185.191.171.5 - - [15/Oct/2022:09:22:52 -0700] "GET /index.php/camp-fire/49255534.html HTTP/1.1" 500 - "-" "Mozilla/5.0 (compatible; SemrushBot/7~bl; +http://www.semrush.com/bot.html)" "mantech8.com"
185.191.171.20 - - [15/Oct/2022:09:22:56 -0700] "GET /index.php/camp-fire/8123178.html HTTP/1.1" 500 - "-" "Mozilla/5.0 (compatible; SemrushBot/7~bl; +http://www.semrush.com/bot.html)" "mantech8.com"
185.191.171.25 - - [15/Oct/2022:09:22:58 -0700] "GET /index.php/camp-fire/29493435.html HTTP/1.1" 500 - "-" "Mozilla/5.0 (compatible; SemrushBot/7~bl; +http://www.semrush.com/bot.html)" "mantech8.com"
185.191.171.9 - - [15/Oct/2022:09:23:13 -0700] "GET /index.php/camp-fire/32540968.html HTTP/1.1" 500 - "-" "Mozilla/5.0 (compatible; SemrushBot/7~bl; +http://www.semrush.com/bot.html)" "mantech8.com"
114.119.133.182 - - [15/Oct/2022:09:24:24 -0700] "GET /index.php?sitemap481.xml HTTP/1.1" 200 289339 "-" "Mozilla/5.0 (Linux; Android 7.0;) AppleWebKit/537.36 (KHTML, like Gecko) Mobile Safari/537.36 (compatible; PetalBot;+https://webmaster.petalsearch.com/site/petalbot)" "mantech8.com"
185.191.171.26 - - [15/Oct/2022:09:24:39 -0700] "GET /index.php/camp-fire/27789209.html HTTP/1.1" 500 - "-" "Mozilla/5.0 (compatible; SemrushBot/7~bl; +http://www.semrush.com/bot.html)" "mantech8.com"
185.191.171.8 - - [15/Oct/2022:09:24:54 -0700] "GET /index.php/camp-fire/32392660.html HTTP/1.1" 500 - "-" "Mozilla/5.0 (compatible; SemrushBot/7~bl; +http://www.semrush.com/bot.html)" "mantech8.com"
185.191.171.2 - - [15/Oct/2022:09:26:08 -0700] "GET /index.php/camp-fire/38855792.html HTTP/1.1" 500 - "-" "Mozilla/5.0 (compatible; SemrushBot/7~bl; +http://www.semrush.com/bot.html)" "mantech8.com"
185.191.171.40 - - [15/Oct/2022:09:27:02 -0700] "GET /index.php/camp-fire/29039759.html HTTP/1.1" 500 - "-" "Mozilla/5.0 (compatible; SemrushBot/7~bl; +http://www.semrush.com/bot.html)" "mantech8.com"
185.191.171.12 - - [15/Oct/2022:09:27:03 -0700] "GET /index.php/camp-fire/3310800.html HTTP/1.1" 500 - "-" "Mozilla/5.0 (compatible; SemrushBot/7~bl; +http://www.semrush.com/bot.html)" "mantech8.com"
185.191.171.9 - - [15/Oct/2022:09:27:04 -0700] "GET /index.php/camp-fire/34083933.html HTTP/1.1" 500 - "-" "Mozilla/5.0 (compatible; SemrushBot/7~bl; +http://www.semrush.com/bot.html)" "mantech8.com"
185.191.171.39 - - [15/Oct/2022:09:27:20 -0700] "GET /index.php/camp-fire/18107827.html HTTP/1.1" 500 - "-" "Mozilla/5.0 (compatible; SemrushBot/7~bl; +http://www.semrush.com/bot.html)" "mantech8.com"
207.46.13.70 - - [15/Oct/2022:09:27:22 -0700] "GET /scaffolding.php HTTP/1.1" 200 13407 "-" "Mozilla/5.0 AppleWebKit/537.36 (KHTML, like Gecko; compatible; bingbot/2.0; +http://www.bing.com/bingbot.htm) Chrome/103.0.5060.134 Safari/537.36" "mantech8.com"
185.191.171.40 - - [15/Oct/2022:09:27:33 -0700] "GET /index.php/camp-fire/38774466.html HTTP/1.1" 500 - "-" "Mozilla/5.0 (compatible; SemrushBot/7~bl; +http://www.semrush.com/bot.html)" "mantech8.com"
40.77.167.72 - - [15/Oct/2022:09:27:34 -0700] "GET /css/style2.css HTTP/1.1" 200 8414 "-" "Mozilla/5.0 AppleWebKit/537.36 (KHTML, like Gecko; compatible; bingbot/2.0; +http://www.bing.com/bingbot.htm) Chrome/103.0.5060.134 Safari/537.36" "mantech8.com"
40.77.167.72 - - [15/Oct/2022:09:27:34 -0700] "GET /engine1/jquery.js HTTP/1.1" 200 33282 "-" "Mozilla/5.0 AppleWebKit/537.36 (KHTML, like Gecko; compatible; bingbot/2.0; +http://www.bing.com/bingbot.htm) Chrome/103.0.5060.134 Safari/537.36" "mantech8.com"
207.46.13.205 - - [15/Oct/2022:09:27:35 -0700] "GET /certificate.php HTTP/1.1" 200 23461 "-" "Mozilla/5.0 (compatible; bingbot/2.0; +http://www.bing.com/bingbot.htm)" "mantech8.com"
207.46.13.184 - - [15/Oct/2022:09:27:38 -0700] "GET /css/responsive1.css HTTP/1.1" 200 1710 "-" "Mozilla/5.0 (compatible; bingbot/2.0; +http://www.bing.com/bingbot.htm)" "mantech8.com"
207.46.13.184 - - [15/Oct/2022:09:27:38 -0700] "GET /js/bootstrap.min.js HTTP/1.1" 200 9765 "-" "Mozilla/5.0 AppleWebKit/537.36 (KHTML, like Gecko; compatible; bingbot/2.0; +http://www.bing.com/bingbot.htm) Chrome/103.0.5060.134 Safari/537.36" "mantech8.com"
66.249.64.237 - - [15/Oct/2022:09:27:41 -0700] "GET /images/favicon.ico HTTP/1.1" 200 241886 "-" "Googlebot-Image/1.0" "www.mantech8.com"
40.77.167.68 - - [15/Oct/2022:09:27:44 -0700] "GET /js/script1.js HTTP/1.1" 200 2007 "-" "Mozilla/5.0 AppleWebKit/537.36 (KHTML, like Gecko; compatible; bingbot/2.0; +http://www.bing.com/bingbot.htm) Chrome/103.0.5060.134 Safari/537.36" "mantech8.com"
207.46.13.205 - - [15/Oct/2022:09:27:49 -0700] "GET /js/script.js HTTP/1.1" 200 7687 "-" "Mozilla/5.0 AppleWebKit/537.36 (KHTML, like Gecko; compatible; bingbot/2.0; +http://www.bing.com/bingbot.htm) Chrome/103.0.5060.134 Safari/537.36" "mantech8.com"
185.191.171.40 - - [15/Oct/2022:09:28:00 -0700] "GET /index.php/camp-fire/28230335.html HTTP/1.1" 500 - "-" "Mozilla/5.0 (compatible; SemrushBot/7~bl; +http://www.semrush.com/bot.html)" "mantech8.com"
185.191.171.11 - - [15/Oct/2022:09:28:09 -0700] "GET /index.php/camp-fire/35688341.html HTTP/1.1" 500 - "-" "Mozilla/5.0 (compatible; SemrushBot/7~bl; +http://www.semrush.com/bot.html)" "mantech8.com"
185.191.171.1 - - [15/Oct/2022:09:29:06 -0700] "GET /index.php/camp-fire/270098.html HTTP/1.1" 500 - "-" "Mozilla/5.0 (compatible; SemrushBot/7~bl; +http://www.semrush.com/bot.html)" "mantech8.com"
185.191.171.19 - - [15/Oct/2022:09:29:19 -0700] "GET /index.php/camp-fire/78665155.html HTTP/1.1" 500 - "-" "Mozilla/5.0 (compatible; SemrushBot/7~bl; +http://www.semrush.com/bot.html)" "mantech8.com"
185.191.171.41 - - [15/Oct/2022:09:29:42 -0700] "GET /index.php/camp-fire/38591508.html HTTP/1.1" 500 - "-" "Mozilla/5.0 (compatible; SemrushBot/7~bl; +http://www.semrush.com/bot.html)" "mantech8.com"
185.191.171.15 - - [15/Oct/2022:09:29:55 -0700] "GET /index.php/camp-fire/29537966.html HTTP/1.1" 500 - "-" "Mozilla/5.0 (compatible; SemrushBot/7~bl; +http://www.semrush.com/bot.html)" "mantech8.com"
185.191.171.37 - - [15/Oct/2022:09:30:14 -0700] "GET /index.php/camp-fire/40721988.html HTTP/1.1" 500 - "-" "Mozilla/5.0 (compatible; SemrushBot/7~bl; +http://www.semrush.com/bot.html)" "mantech8.com"
114.119.133.182 - - [15/Oct/2022:09:30:26 -0700] "GET /bimages/tank/director.php HTTP/1.1" 200 32 "http://www.mantech8.com/bimages/tank/?C=N%3BO%3DD" "Mozilla/5.0 (Linux; Android 7.0;) AppleWebKit/537.36 (KHTML, like Gecko) Mobile Safari/537.36 (compatible; PetalBot;+https://webmaster.petalsearch.com/site/petalbot)" "www.mantech8.com"
185.191.171.37 - - [15/Oct/2022:09:31:23 -0700] "GET /index.php/camp-fire/29610171.html HTTP/1.1" 500 - "-" "Mozilla/5.0 (compatible; SemrushBot/7~bl; +http://www.semrush.com/bot.html)" "mantech8.com"
185.191.171.40 - - [15/Oct/2022:09:31:30 -0700] "GET /index.php/camp-fire/26687250.html HTTP/1.1" 500 - "-" "Mozilla/5.0 (compatible; SemrushBot/7~bl; +http://www.semrush.com/bot.html)" "mantech8.com"
185.191.171.24 - - [15/Oct/2022:09:31:47 -0700] "GET /index.php/camp-fire/31046855.html HTTP/1.1" 500 - "-" "Mozilla/5.0 (compatible; SemrushBot/7~bl; +http://www.semrush.com/bot.html)" "mantech8.com"
185.191.171.9 - - [15/Oct/2022:09:32:25 -0700] "GET /index.php/camp-fire/39127589.html HTTP/1.1" 500 - "-" "Mozilla/5.0 (compatible; SemrushBot/7~bl; +http://www.semrush.com/bot.html)" "mantech8.com"
185.191.171.43 - - [15/Oct/2022:09:32:35 -0700] "GET /index.php/camp-fire/40566850.html HTTP/1.1" 500 - "-" "Mozilla/5.0 (compatible; SemrushBot/7~bl; +http://www.semrush.com/bot.html)" "mantech8.com"
185.191.171.13 - - [15/Oct/2022:09:32:37 -0700] "GET /index.php/camp-fire/27304097.html HTTP/1.1" 500 - "-" "Mozilla/5.0 (compatible; SemrushBot/7~bl; +http://www.semrush.com/bot.html)" "mantech8.com"
185.191.171.45 - - [15/Oct/2022:09:34:02 -0700] "GET /index.php/camp-fire/3402198.html HTTP/1.1" 500 - "-" "Mozilla/5.0 (compatible; SemrushBot/7~bl; +http://www.semrush.com/bot.html)" "mantech8.com"
185.191.171.10 - - [15/Oct/2022:09:34:07 -0700] "GET /index.php/camp-fire/36953021.html HTTP/1.1" 500 - "-" "Mozilla/5.0 (compatible; SemrushBot/7~bl; +http://www.semrush.com/bot.html)" "mantech8.com"
216.244.66.241 - - [15/Oct/2022:09:34:18 -0700] "GET /robots.txt HTTP/1.1" 200 222 "-" "Mozilla/5.0 (compatible; DotBot/1.2; +https://opensiteexplorer.org/dotbot; help@moz.com)" "mantech8.com"
216.244.66.241 - - [15/Oct/2022:09:34:18 -0700] "GET /robots.txt HTTP/1.1" 200 222 "-" "Mozilla/5.0 (compatible; DotBot/1.2; +https://opensiteexplorer.org/dotbot; help@moz.com)" "www.mantech8.com"
185.191.171.20 - - [15/Oct/2022:09:34:30 -0700] "GET /index.php/camp-fire/28277561.html HTTP/1.1" 500 - "-" "Mozilla/5.0 (compatible; SemrushBot/7~bl; +http://www.semrush.com/bot.html)" "mantech8.com"
185.191.171.2 - - [15/Oct/2022:09:34:32 -0700] "GET /index.php/camp-fire/547569.html HTTP/1.1" 500 - "-" "Mozilla/5.0 (compatible; SemrushBot/7~bl; +http://www.semrush.com/bot.html)" "mantech8.com"
185.191.171.10 - - [15/Oct/2022:09:35:09 -0700] "GET /index.php/camp-fire/24461750.html HTTP/1.1" 500 - "-" "Mozilla/5.0 (compatible; SemrushBot/7~bl; +http://www.semrush.com/bot.html)" "mantech8.com"
185.191.171.2 - - [15/Oct/2022:09:36:13 -0700] "GET /robots.txt HTTP/1.1" 200 106 "-" "Mozilla/5.0 (compatible; SemrushBot/7~bl; +http://www.semrush.com/bot.html)" "mantech8.com"
185.191.171.35 - - [15/Oct/2022:09:36:13 -0700] "GET /index.php/camp-fire/43056003.html HTTP/1.1" 500 - "-" "Mozilla/5.0 (compatible; SemrushBot/7~bl; +http://www.semrush.com/bot.html)" "mantech8.com"
114.119.133.190 - - [15/Oct/2022:09:36:35 -0700] "GET /index.php?sitemap8.xml HTTP/1.1" 200 289262 "-" "Mozilla/5.0 (Linux; Android 7.0;) AppleWebKit/537.36 (KHTML, like Gecko) Mobile Safari/537.36 (compatible; PetalBot;+https://webmaster.petalsearch.com/site/petalbot)" "mantech8.com"
185.191.171.10 - - [15/Oct/2022:09:37:25 -0700] "GET /index.php/camp-fire/43782949.html HTTP/1.1" 500 - "-" "Mozilla/5.0 (compatible; SemrushBot/7~bl; +http://www.semrush.com/bot.html)" "mantech8.com"
185.191.171.36 - - [15/Oct/2022:09:37:30 -0700] "GET /index.php/camp-fire/45885238.html HTTP/1.1" 500 - "-" "Mozilla/5.0 (compatible; SemrushBot/7~bl; +http://www.semrush.com/bot.html)" "mantech8.com"
185.191.171.2 - - [15/Oct/2022:09:38:03 -0700] "GET /index.php/camp-fire/25086233.html HTTP/1.1" 500 - "-" "Mozilla/5.0 (compatible; SemrushBot/7~bl; +http://www.semrush.com/bot.html)" "mantech8.com"
185.191.171.37 - - [15/Oct/2022:09:38:27 -0700] "GET /index.php/camp-fire/28690826.html HTTP/1.1" 500 - "-" "Mozilla/5.0 (compatible; SemrushBot/7~bl; +http://www.semrush.com/bot.html)" "mantech8.com"
185.191.171.44 - - [15/Oct/2022:09:38:38 -0700] "GET /index.php/camp-fire/2639593.html HTTP/1.1" 500 - "-" "Mozilla/5.0 (compatible; SemrushBot/7~bl; +http://www.semrush.com/bot.html)" "mantech8.com"
185.191.171.16 - - [15/Oct/2022:09:38:40 -0700] "GET /index.php/camp-fire/31900030.html HTTP/1.1" 500 - "-" "Mozilla/5.0 (compatible; SemrushBot/7~bl; +http://www.semrush.com/bot.html)" "mantech8.com"
185.191.171.25 - - [15/Oct/2022:09:38:51 -0700] "GET /index.php/camp-fire/7644508.html HTTP/1.1" 500 - "-" "Mozilla/5.0 (compatible; SemrushBot/7~bl; +http://www.semrush.com/bot.html)" "mantech8.com"
185.191.171.39 - - [15/Oct/2022:09:39:21 -0700] "GET /index.php/camp-fire/40356088.html HTTP/1.1" 500 - "-" "Mozilla/5.0 (compatible; SemrushBot/7~bl; +http://www.semrush.com/bot.html)" "mantech8.com"
185.191.171.15 - - [15/Oct/2022:09:39:50 -0700] "GET /index.php/camp-fire/2966629.html HTTP/1.1" 500 - "-" "Mozilla/5.0 (compatible; SemrushBot/7~bl; +http://www.semrush.com/bot.html)" "mantech8.com"
185.191.171.20 - - [15/Oct/2022:09:39:56 -0700] "GET /index.php/camp-fire/42010403.html HTTP/1.1" 500 - "-" "Mozilla/5.0 (compatible; SemrushBot/7~bl; +http://www.semrush.com/bot.html)" "mantech8.com"
185.191.171.37 - - [15/Oct/2022:09:40:00 -0700] "GET /index.php/camp-fire/32387860.html HTTP/1.1" 500 - "-" "Mozilla/5.0 (compatible; SemrushBot/7~bl; +http://www.semrush.com/bot.html)" "mantech8.com"
185.191.171.1 - - [15/Oct/2022:09:40:03 -0700] "GET /index.php/camp-fire/27450126.html HTTP/1.1" 500 - "-" "Mozilla/5.0 (compatible; SemrushBot/7~bl; +http://www.semrush.com/bot.html)" "mantech8.com"
185.191.171.21 - - [15/Oct/2022:09:40:09 -0700] "GET /index.php/camp-fire/43933834.html HTTP/1.1" 500 - "-" "Mozilla/5.0 (compatible; SemrushBot/7~bl; +http://www.semrush.com/bot.html)" "mantech8.com"
185.191.171.16 - - [15/Oct/2022:09:40:46 -0700] "GET /index.php/camp-fire/33402916.html HTTP/1.1" 500 - "-" "Mozilla/5.0 (compatible; SemrushBot/7~bl; +http://www.semrush.com/bot.html)" "mantech8.com"
185.191.171.9 - - [15/Oct/2022:09:41:22 -0700] "GET /index.php/camp-fire/29949889.html HTTP/1.1" 500 - "-" "Mozilla/5.0 (compatible; SemrushBot/7~bl; +http://www.semrush.com/bot.html)" "mantech8.com"
185.191.171.18 - - [15/Oct/2022:09:41:38 -0700] "GET /index.php/camp-fire/28444397.html HTTP/1.1" 500 - "-" "Mozilla/5.0 (compatible; SemrushBot/7~bl; +http://www.semrush.com/bot.html)" "mantech8.com"
185.191.171.5 - - [15/Oct/2022:09:41:53 -0700] "GET /index.php/camp-fire/42204249.html HTTP/1.1" 500 - "-" "Mozilla/5.0 (compatible; SemrushBot/7~bl; +http://www.semrush.com/bot.html)" "mantech8.com"
20.233.32.17 - - [15/Oct/2022:09:42:01 -0700] "GET / HTTP/1.1" 500 - "-" "Mozilla/5.0 (Macintosh; Intel Mac OS X 10_10_1) AppleWebKit/537.36 (KHTML, like Gecko) Chrome/39.0.2171.95 Safari/537.36" "mantech8.com"
185.191.171.2 - - [15/Oct/2022:09:42:05 -0700] "GET /index.php/camp-fire/42510016.html HTTP/1.1" 500 - "-" "Mozilla/5.0 (compatible; SemrushBot/7~bl; +http://www.semrush.com/bot.html)" "mantech8.com"
185.191.171.40 - - [15/Oct/2022:09:42:31 -0700] "GET /index.php/camp-fire/29237459.html HTTP/1.1" 500 - "-" "Mozilla/5.0 (compatible; SemrushBot/7~bl; +http://www.semrush.com/bot.html)" "mantech8.com"
114.119.133.165 - - [15/Oct/2022:09:42:49 -0700] "GET /index.php/sitemap151.xml HTTP/1.1" 200 289271 "-" "Mozilla/5.0 (Linux; Android 7.0;) AppleWebKit/537.36 (KHTML, like Gecko) Mobile Safari/537.36 (compatible; PetalBot;+https://webmaster.petalsearch.com/site/petalbot)" "mantech8.com"
185.191.171.14 - - [15/Oct/2022:09:42:55 -0700] "GET /index.php/camp-fire/4825455.html HTTP/1.1" 500 - "-" "Mozilla/5.0 (compatible; SemrushBot/7~bl; +http://www.semrush.com/bot.html)" "mantech8.com"
139.162.36.174 - - [15/Oct/2022:09:43:27 -0700] "POST /ALFA_DATA/alfacgiapi/perl.alfa HTTP/1.1" 404 73 "www.google.com" "Mozlila/5.0 (Linux; Android 7.0; SM-G892A Bulid/NRD90M; wv) AppleWebKit/537.36 (KHTML, like Gecko) Version/4.0 Chrome/60.0.3112.107 Moblie Safari/537.36" "www.mantech8.com"
139.162.36.174 - - [15/Oct/2022:09:43:27 -0700] "GET / HTTP/1.1" 500 - "-" "Mozlila/5.0 (Linux; Android 7.0; SM-G892A Bulid/NRD90M; wv) AppleWebKit/537.36 (KHTML, like Gecko) Version/4.0 Chrome/60.0.3112.107 Moblie Safari/537.36" "www.mantech8.com"
139.162.36.174 - - [15/Oct/2022:09:43:27 -0700] "POST /wp-plain.php HTTP/1.1" 404 73 "www.google.com" "Mozilla/5.0 (Linux; Android 7.0; SM-G892A Bulid/NRD90M; wv) AppleWebKit/537.36 (KHTML, like Gecko) Version/4.0 Chrome/60.0.3112.107 Moblie Safari/537.36" "www.mantech8.com"
139.162.36.174 - - [15/Oct/2022:09:43:27 -0700] "POST /alfacgiapi/perl.alfa HTTP/1.1" 404 73 "www.google.com" "Mozlila/5.0 (Linux; Android 7.0; SM-G892A Bulid/NRD90M; wv) AppleWebKit/537.36 (KHTML, like Gecko) Version/4.0 Chrome/60.0.3112.107 Moblie Safari/537.36" "www.mantech8.com"
139.162.36.174 - - [15/Oct/2022:09:43:27 -0700] "GET /shtehwlm.php?Fox=d3wL7 HTTP/1.1" 404 73 "www.google.com" "Mozilla/5.0 (Linux; Android 7.0; SM-G892A Bulid/NRD90M; wv) AppleWebKit/537.36 (KHTML, like Gecko) Version/4.0 Chrome/60.0.3112.107 Moblie Safari/537.36" "www.mantech8.com"
139.162.36.174 - - [15/Oct/2022:09:43:29 -0700] "POST /wp-plain.php HTTP/1.1" 404 73 "www.google.com" "Mozilla/5.0 (Linux; Android 7.0; SM-G892A Bulid/NRD90M; wv) AppleWebKit/537.36 (KHTML, like Gecko) Version/4.0 Chrome/60.0.3112.107 Moblie Safari/537.36" "www.mantech8.com"
139.162.36.174 - - [15/Oct/2022:09:43:29 -0700] "GET /inwveegc.php?Fox=d3wL7 HTTP/1.1" 404 73 "www.google.com" "Mozilla/5.0 (Linux; Android 7.0; SM-G892A Bulid/NRD90M; wv) AppleWebKit/537.36 (KHTML, like Gecko) Version/4.0 Chrome/60.0.3112.107 Moblie Safari/537.36" "www.mantech8.com"
40.77.190.80 - - [15/Oct/2022:09:43:32 -0700] "GET /css/style.css HTTP/1.1" 200 625215 "-" "Mozilla/5.0 (Windows NT 6.1; WOW64) AppleWebKit/534+ (KHTML, like Gecko) BingPreview/1.0b" "mantech8.com"
40.77.188.97 - - [15/Oct/2022:09:43:32 -0700] "GET /css/hover.css HTTP/1.1" 200 125785 "-" "Mozilla/5.0 (Windows NT 6.1; WOW64) AppleWebKit/534+ (KHTML, like Gecko) BingPreview/1.0b" "mantech8.com"
40.77.190.29 - - [15/Oct/2022:09:43:32 -0700] "GET /css/animate.css HTTP/1.1" 200 74614 "-" "Mozilla/5.0 (Windows NT 6.1; WOW64) AppleWebKit/534+ (KHTML, like Gecko) BingPreview/1.0b" "mantech8.com"
40.77.190.238 - - [15/Oct/2022:09:43:32 -0700] "GET /css/flaticon.css HTTP/1.1" 200 829 "-" "Mozilla/5.0 (Windows NT 6.1; WOW64) AppleWebKit/534+ (KHTML, like Gecko) BingPreview/1.0b" "mantech8.com"
40.77.189.11 - - [15/Oct/2022:09:43:32 -0700] "GET /css/font-awesome.css HTTP/1.1" 200 28896 "-" "Mozilla/5.0 (Windows NT 6.1; WOW64) AppleWebKit/534+ (KHTML, like Gecko) BingPreview/1.0b" "mantech8.com"
40.77.190.142 - - [15/Oct/2022:09:43:33 -0700] "GET /js/core.min.js HTTP/1.1" 200 125689 "-" "Mozilla/5.0 (Windows NT 6.1; WOW64) AppleWebKit/534+ (KHTML, like Gecko) BingPreview/1.0b" "mantech8.com"
40.77.190.189 - - [15/Oct/2022:09:43:33 -0700] "GET /js/wow.min.js HTTP/1.1" 200 8458 "-" "Mozilla/5.0 (Windows NT 6.1; WOW64) AppleWebKit/534+ (KHTML, like Gecko) BingPreview/1.0b" "mantech8.com"
40.77.189.11 - - [15/Oct/2022:09:43:34 -0700] "GET /fonts/fontawesome-webfont.woff2?v=4.5.0 HTTP/1.1" 200 66624 "-" "Mozilla/5.0 (Windows NT 6.1; WOW64) AppleWebKit/534+ (KHTML, like Gecko) BingPreview/1.0b" "mantech8.com"
185.191.171.39 - - [15/Oct/2022:09:43:38 -0700] "GET /index.php/camp-fire/22865717.html HTTP/1.1" 500 - "-" "Mozilla/5.0 (compatible; SemrushBot/7~bl; +http://www.semrush.com/bot.html)" "mantech8.com"
185.191.171.4 - - [15/Oct/2022:09:44:11 -0700] "GET /index.php/camp-fire/28997871.html HTTP/1.1" 500 - "-" "Mozilla/5.0 (compatible; SemrushBot/7~bl; +http://www.semrush.com/bot.html)" "mantech8.com"
185.191.171.9 - - [15/Oct/2022:09:44:17 -0700] "GET /index.php/camp-fire/70905953.html HTTP/1.1" 500 - "-" "Mozilla/5.0 (compatible; SemrushBot/7~bl; +http://www.semrush.com/bot.html)" "mantech8.com"
207.46.13.184 - - [15/Oct/2022:09:44:17 -0700] "GET /bimages/gallery/thump/c2.jpg HTTP/1.1" 200 156958 "-" "Mozilla/5.0 (compatible; bingbot/2.0; +http://www.bing.com/bingbot.htm)" "mantech8.com"
185.191.171.37 - - [15/Oct/2022:09:44:36 -0700] "GET /index.php/camp-fire/16481885.html HTTP/1.1" 500 - "-" "Mozilla/5.0 (compatible; SemrushBot/7~bl; +http://www.semrush.com/bot.html)" "mantech8.com"
114.119.153.171 - - [15/Oct/2022:09:44:51 -0700] "GET /robots.txt HTTP/1.1" 200 106 "-" "Mozilla/5.0 (compatible;PetalBot;+https://webmaster.petalsearch.com/site/petalbot)" "mantech8.com"
185.191.171.18 - - [15/Oct/2022:09:45:22 -0700] "GET /index.php/camp-fire/43242350.html HTTP/1.1" 500 - "-" "Mozilla/5.0 (compatible; SemrushBot/7~bl; +http://www.semrush.com/bot.html)" "mantech8.com"
185.191.171.6 - - [15/Oct/2022:09:46:32 -0700] "GET /index.php/camp-fire/4441578.html HTTP/1.1" 500 - "-" "Mozilla/5.0 (compatible; SemrushBot/7~bl; +http://www.semrush.com/bot.html)" "mantech8.com"
185.191.171.40 - - [15/Oct/2022:09:46:50 -0700] "GET /index.php/camp-fire/58218717.html HTTP/1.1" 500 - "-" "Mozilla/5.0 (compatible; SemrushBot/7~bl; +http://www.semrush.com/bot.html)" "mantech8.com"
185.191.171.7 - - [15/Oct/2022:09:47:06 -0700] "GET /index.php/camp-fire/39535938.html HTTP/1.1" 500 - "-" "Mozilla/5.0 (compatible; SemrushBot/7~bl; +http://www.semrush.com/bot.html)" "mantech8.com"
185.191.171.15 - - [15/Oct/2022:09:47:11 -0700] "GET /index.php/camp-fire/26927053.html HTTP/1.1" 500 - "-" "Mozilla/5.0 (compatible; SemrushBot/7~bl; +http://www.semrush.com/bot.html)" "mantech8.com"
185.191.171.13 - - [15/Oct/2022:09:47:12 -0700] "GET /index.php/camp-fire/42163534.html HTTP/1.1" 500 - "-" "Mozilla/5.0 (compatible; SemrushBot/7~bl; +http://www.semrush.com/bot.html)" "mantech8.com"
185.191.171.38 - - [15/Oct/2022:09:47:24 -0700] "GET /index.php/camp-fire/40302350.html HTTP/1.1" 500 - "-" "Mozilla/5.0 (compatible; SemrushBot/7~bl; +http://www.semrush.com/bot.html)" "mantech8.com"
207.46.13.205 - - [15/Oct/2022:09:48:40 -0700] "GET /index.php?camp-fire/178.html HTTP/1.1" 200 74881 "-" "Mozilla/5.0 AppleWebKit/537.36 (KHTML, like Gecko; compatible; bingbot/2.0; +http://www.bing.com/bingbot.htm) Chrome/103.0.5060.134 Safari/537.36" "www.mantech8.com"
103.74.174.67 - - [15/Oct/2022:09:48:44 -0700] "GET /index.php?camp-fire/44962107.html HTTP/1.1" 500 - "-" "Mozilla/5.0 (Windows NT 10.0; WOW64; Rv:50.0) Gecko/20100101 Firefox/50.0" "www.mantech8.com"
185.191.171.35 - - [15/Oct/2022:09:48:48 -0700] "GET /index.php/camp-fire/38823017.html HTTP/1.1" 500 - "-" "Mozilla/5.0 (compatible; SemrushBot/7~bl; +http://www.semrush.com/bot.html)" "mantech8.com"
114.119.133.190 - - [15/Oct/2022:09:48:55 -0700] "GET /contact.php HTTP/1.1" 200 29238 "-" "Mozilla/5.0 (Linux; Android 7.0;) AppleWebKit/537.36 (KHTML, like Gecko) Mobile Safari/537.36 (compatible; PetalBot;+https://webmaster.petalsearch.com/site/petalbot)" "www.mantech8.com"
185.191.171.14 - - [15/Oct/2022:09:48:56 -0700] "GET /index.php/camp-fire/37093226.html HTTP/1.1" 500 - "-" "Mozilla/5.0 (compatible; SemrushBot/7~bl; +http://www.semrush.com/bot.html)" "mantech8.com"
114.119.133.190 - - [15/Oct/2022:09:48:57 -0700] "GET /engine1/style.css HTTP/1.1" 200 2450 "http://www.mantech8.com/contact.php" "Mozilla/5.0 (Linux; Android 7.0;) AppleWebKit/537.36 (KHTML, like Gecko) Mobile Safari/537.36 (compatible; PetalBot;+https://webmaster.petalsearch.com/site/petalbot)" "www.mantech8.com"
114.119.133.190 - - [15/Oct/2022:09:48:57 -0700] "GET /revolution/css/navigation.css HTTP/1.1" 200 8028 "http://www.mantech8.com/contact.php" "Mozilla/5.0 (Linux; Android 7.0;) AppleWebKit/537.36 (KHTML, like Gecko) Mobile Safari/537.36 (compatible; PetalBot;+https://webmaster.petalsearch.com/site/petalbot)" "www.mantech8.com"
114.119.133.190 - - [15/Oct/2022:09:48:57 -0700] "GET /revolution/css/settings.css HTTP/1.1" 200 7703 "http://www.mantech8.com/contact.php" "Mozilla/5.0 (Linux; Android 7.0;) AppleWebKit/537.36 (KHTML, like Gecko) Mobile Safari/537.36 (compatible; PetalBot;+https://webmaster.petalsearch.com/site/petalbot)" "www.mantech8.com"
114.119.133.190 - - [15/Oct/2022:09:48:57 -0700] "GET /revolution/css/layers.css HTTP/1.1" 200 7418 "http://www.mantech8.com/contact.php" "Mozilla/5.0 (Linux; Android 7.0;) AppleWebKit/537.36 (KHTML, like Gecko) Mobile Safari/537.36 (compatible; PetalBot;+https://webmaster.petalsearch.com/site/petalbot)" "www.mantech8.com"
114.119.133.190 - - [15/Oct/2022:09:48:57 -0700] "GET /css/contact-form.css HTTP/1.1" 200 1554 "http://www.mantech8.com/contact.php" "Mozilla/5.0 (Linux; Android 7.0;) AppleWebKit/537.36 (KHTML, like Gecko) Mobile Safari/537.36 (compatible; PetalBot;+https://webmaster.petalsearch.com/site/petalbot)" "www.mantech8.com"
114.119.133.190 - - [15/Oct/2022:09:48:57 -0700] "GET /css/grid.css HTTP/1.1" 200 1400 "http://www.mantech8.com/contact.php" "Mozilla/5.0 (Linux; Android 7.0;) AppleWebKit/537.36 (KHTML, like Gecko) Mobile Safari/537.36 (compatible; PetalBot;+https://webmaster.petalsearch.com/site/petalbot)" "www.mantech8.com"
114.119.133.190 - - [15/Oct/2022:09:48:57 -0700] "GET /css/contactstyle.css HTTP/1.1" 200 2844 "http://www.mantech8.com/contact.php" "Mozilla/5.0 (Linux; Android 7.0;) AppleWebKit/537.36 (KHTML, like Gecko) Mobile Safari/537.36 (compatible; PetalBot;+https://webmaster.petalsearch.com/site/petalbot)" "www.mantech8.com"
114.119.133.190 - - [15/Oct/2022:09:48:57 -0700] "GET /css/animate.css HTTP/1.1" 200 4264 "http://www.mantech8.com/contact.php" "Mozilla/5.0 (Linux; Android 7.0;) AppleWebKit/537.36 (KHTML, like Gecko) Mobile Safari/537.36 (compatible; PetalBot;+https://webmaster.petalsearch.com/site/petalbot)" "www.mantech8.com"
114.119.133.190 - - [15/Oct/2022:09:48:57 -0700] "GET /css/style2.css HTTP/1.1" 200 8414 "http://www.mantech8.com/contact.php" "Mozilla/5.0 (Linux; Android 7.0;) AppleWebKit/537.36 (KHTML, like Gecko) Mobile Safari/537.36 (compatible; PetalBot;+https://webmaster.petalsearch.com/site/petalbot)" "www.mantech8.com"
114.119.133.190 - - [15/Oct/2022:09:48:57 -0700] "GET /css/responsive1.css HTTP/1.1" 200 1710 "http://www.mantech8.com/contact.php" "Mozilla/5.0 (Linux; Android 7.0;) AppleWebKit/537.36 (KHTML, like Gecko) Mobile Safari/537.36 (compatible; PetalBot;+https://webmaster.petalsearch.com/site/petalbot)" "www.mantech8.com"
114.119.133.190 - - [15/Oct/2022:09:48:57 -0700] "GET /css/style.css HTTP/1.1" 200 126990 "http://www.mantech8.com/contact.php" "Mozilla/5.0 (Linux; Android 7.0;) AppleWebKit/537.36 (KHTML, like Gecko) Mobile Safari/537.36 (compatible; PetalBot;+https://webmaster.petalsearch.com/site/petalbot)" "www.mantech8.com"
114.119.133.190 - - [15/Oct/2022:09:48:58 -0700] "GET /css/font-awesome.css HTTP/1.1" 200 5793 "http://www.mantech8.com/css/style2.css" "Mozilla/5.0 (Linux; Android 7.0;) AppleWebKit/537.36 (KHTML, like Gecko) Mobile Safari/537.36 (compatible; PetalBot;+https://webmaster.petalsearch.com/site/petalbot)" "www.mantech8.com"
114.119.133.190 - - [15/Oct/2022:09:48:58 -0700] "GET /css/flaticon.css HTTP/1.1" 200 321 "http://www.mantech8.com/css/style2.css" "Mozilla/5.0 (Linux; Android 7.0;) AppleWebKit/537.36 (KHTML, like Gecko) Mobile Safari/537.36 (compatible; PetalBot;+https://webmaster.petalsearch.com/site/petalbot)" "www.mantech8.com"
114.119.133.190 - - [15/Oct/2022:09:48:58 -0700] "GET /css/hover.css HTTP/1.1" 200 8530 "http://www.mantech8.com/css/style2.css" "Mozilla/5.0 (Linux; Android 7.0;) AppleWebKit/537.36 (KHTML, like Gecko) Mobile Safari/537.36 (compatible; PetalBot;+https://webmaster.petalsearch.com/site/petalbot)" "www.mantech8.com"
114.119.133.190 - - [15/Oct/2022:09:49:00 -0700] "GET /js/jquery.marquee.js?v=3 HTTP/1.1" 404 88 "http://www.mantech8.com/contact.php" "Mozilla/5.0 (Linux; Android 7.0;) AppleWebKit/537.36 (KHTML, like Gecko) Mobile Safari/537.36 (compatible; PetalBot;+https://webmaster.petalsearch.com/site/petalbot)" "www.mantech8.com"
114.119.133.190 - - [15/Oct/2022:09:49:00 -0700] "GET /js/jquery-1.11.3.min.js HTTP/1.1" 200 33279 "http://www.mantech8.com/contact.php" "Mozilla/5.0 (Linux; Android 7.0;) AppleWebKit/537.36 (KHTML, like Gecko) Mobile Safari/537.36 (compatible; PetalBot;+https://webmaster.petalsearch.com/site/petalbot)" "www.mantech8.com"
114.119.133.190 - - [15/Oct/2022:09:49:02 -0700] "GET /js/custom.js HTTP/1.1" 200 1648 "http://www.mantech8.com/contact.php" "Mozilla/5.0 (Linux; Android 7.0;) AppleWebKit/537.36 (KHTML, like Gecko) Mobile Safari/537.36 (compatible; PetalBot;+https://webmaster.petalsearch.com/site/petalbot)" "www.mantech8.com"
114.119.133.190 - - [15/Oct/2022:09:49:02 -0700] "GET /js/bootstrap.min.js HTTP/1.1" 200 9765 "http://www.mantech8.com/contact.php" "Mozilla/5.0 (Linux; Android 7.0;) AppleWebKit/537.36 (KHTML, like Gecko) Mobile Safari/537.36 (compatible; PetalBot;+https://webmaster.petalsearch.com/site/petalbot)" "www.mantech8.com"
114.119.133.190 - - [15/Oct/2022:09:49:02 -0700] "GET /revolution/js/jquery.themepunch.tools.min.js HTTP/1.1" 200 36033 "http://www.mantech8.com/contact.php" "Mozilla/5.0 (Linux; Android 7.0;) AppleWebKit/537.36 (KHTML, like Gecko) Mobile Safari/537.36 (compatible; PetalBot;+https://webmaster.petalsearch.com/site/petalbot)" "www.mantech8.com"
114.119.133.190 - - [15/Oct/2022:09:49:02 -0700] "GET /js/jquery-migrate-1.2.1.min.js HTTP/1.1" 200 3063 "http://www.mantech8.com/contact.php" "Mozilla/5.0 (Linux; Android 7.0;) AppleWebKit/537.36 (KHTML, like Gecko) Mobile Safari/537.36 (compatible; PetalBot;+https://webmaster.petalsearch.com/site/petalbot)" "www.mantech8.com"
114.119.133.190 - - [15/Oct/2022:09:49:02 -0700] "GET /js/plugins.js HTTP/1.1" 200 67071 "http://www.mantech8.com/contact.php" "Mozilla/5.0 (Linux; Android 7.0;) AppleWebKit/537.36 (KHTML, like Gecko) Mobile Safari/537.36 (compatible; PetalBot;+https://webmaster.petalsearch.com/site/petalbot)" "www.mantech8.com"
114.119.133.190 - - [15/Oct/2022:09:49:02 -0700] "GET /revolution/js/jquery.themepunch.revolution.min.js HTTP/1.1" 200 14034 "http://www.mantech8.com/contact.php" "Mozilla/5.0 (Linux; Android 7.0;) AppleWebKit/537.36 (KHTML, like Gecko) Mobile Safari/537.36 (compatible; PetalBot;+https://webmaster.petalsearch.com/site/petalbot)" "www.mantech8.com"
114.119.133.190 - - [15/Oct/2022:09:49:02 -0700] "GET /js/core.min1.js HTTP/1.1" 200 5104 "http://www.mantech8.com/contact.php" "Mozilla/5.0 (Linux; Android 7.0;) AppleWebKit/537.36 (KHTML, like Gecko) Mobile Safari/537.36 (compatible; PetalBot;+https://webmaster.petalsearch.com/site/petalbot)" "www.mantech8.com"
114.119.133.190 - - [15/Oct/2022:09:49:02 -0700] "GET /js/jquery.rd-parallax.js HTTP/1.1" 200 2021 "http://www.mantech8.com/contact.php" "Mozilla/5.0 (Linux; Android 7.0;) AppleWebKit/537.36 (KHTML, like Gecko) Mobile Safari/537.36 (compatible; PetalBot;+https://webmaster.petalsearch.com/site/petalbot)" "www.mantech8.com"
114.119.133.190 - - [15/Oct/2022:09:49:03 -0700] "GET /js/rd-smoothscroll.min1.js HTTP/1.1" 200 1124 "http://www.mantech8.com/contact.php" "Mozilla/5.0 (Linux; Android 7.0;) AppleWebKit/537.36 (KHTML, like Gecko) Mobile Safari/537.36 (compatible; PetalBot;+https://webmaster.petalsearch.com/site/petalbot)" "www.mantech8.com"
114.119.133.190 - - [15/Oct/2022:09:49:03 -0700] "GET /js/script.js HTTP/1.1" 200 7687 "http://www.mantech8.com/contact.php" "Mozilla/5.0 (Linux; Android 7.0;) AppleWebKit/537.36 (KHTML, like Gecko) Mobile Safari/537.36 (compatible; PetalBot;+https://webmaster.petalsearch.com/site/petalbot)" "www.mantech8.com"
114.119.133.190 - - [15/Oct/2022:09:49:03 -0700] "GET /revolution/js/revolution.extension.actions.min.js HTTP/1.1" 200 2110 "http://www.mantech8.com/contact.php" "Mozilla/5.0 (Linux; Android 7.0;) AppleWebKit/537.36 (KHTML, like Gecko) Mobile Safari/537.36 (compatible; PetalBot;+https://webmaster.petalsearch.com/site/petalbot)" "www.mantech8.com"
114.119.133.190 - - [15/Oct/2022:09:49:03 -0700] "GET /revolution/js/revolution.extension.carousel.min.js HTTP/1.1" 200 2465 "http://www.mantech8.com/contact.php" "Mozilla/5.0 (Linux; Android 7.0;) AppleWebKit/537.36 (KHTML, like Gecko) Mobile Safari/537.36 (compatible; PetalBot;+https://webmaster.petalsearch.com/site/petalbot)" "www.mantech8.com"
114.119.133.190 - - [15/Oct/2022:09:49:03 -0700] "GET /revolution/js/revolution.extension.layeranimation.min.js HTTP/1.1" 200 8295 "http://www.mantech8.com/contact.php" "Mozilla/5.0 (Linux; Android 7.0;) AppleWebKit/537.36 (KHTML, like Gecko) Mobile Safari/537.36 (compatible; PetalBot;+https://webmaster.petalsearch.com/site/petalbot)" "www.mantech8.com"
114.119.133.190 - - [15/Oct/2022:09:49:03 -0700] "GET /revolution/js/revolution.extension.kenburn.min.js HTTP/1.1" 200 1285 "http://www.mantech8.com/contact.php" "Mozilla/5.0 (Linux; Android 7.0;) AppleWebKit/537.36 (KHTML, like Gecko) Mobile Safari/537.36 (compatible; PetalBot;+https://webmaster.petalsearch.com/site/petalbot)" "www.mantech8.com"
114.119.133.190 - - [15/Oct/2022:09:49:03 -0700] "GET /revolution/js/revolution.extension.navigation.min.js HTTP/1.1" 200 6533 "http://www.mantech8.com/contact.php" "Mozilla/5.0 (Linux; Android 7.0;) AppleWebKit/537.36 (KHTML, like Gecko) Mobile Safari/537.36 (compatible; PetalBot;+https://webmaster.petalsearch.com/site/petalbot)" "www.mantech8.com"
114.119.133.190 - - [15/Oct/2022:09:49:03 -0700] "GET /revolution/js/revolution.extension.migration.min.js HTTP/1.1" 200 1739 "http://www.mantech8.com/contact.php" "Mozilla/5.0 (Linux; Android 7.0;) AppleWebKit/537.36 (KHTML, like Gecko) Mobile Safari/537.36 (compatible; PetalBot;+https://webmaster.petalsearch.com/site/petalbot)" "www.mantech8.com"
