185.191.171.21 - - [13/Oct/2022:00:40:13 -0700] "GET /index.php/camp-fire/9334496.html HTTP/1.1" 500 - "-" "Mozilla/5.0 (compatible; SemrushBot/7~bl; +http://www.semrush.com/bot.html)" "mantech8.com"
185.191.171.43 - - [13/Oct/2022:00:40:24 -0700] "GET /index.php/camp-fire/41885803.html HTTP/1.1" 500 - "-" "Mozilla/5.0 (compatible; SemrushBot/7~bl; +http://www.semrush.com/bot.html)" "mantech8.com"
185.191.171.11 - - [13/Oct/2022:00:40:26 -0700] "GET /index.php/camp-fire/28608789.html HTTP/1.1" 500 - "-" "Mozilla/5.0 (compatible; SemrushBot/7~bl; +http://www.semrush.com/bot.html)" "mantech8.com"
185.191.171.3 - - [13/Oct/2022:00:41:00 -0700] "GET /index.php/camp-fire/38770178.html HTTP/1.1" 500 - "-" "Mozilla/5.0 (compatible; SemrushBot/7~bl; +http://www.semrush.com/bot.html)" "mantech8.com"
185.191.171.43 - - [13/Oct/2022:00:41:02 -0700] "GET /index.php/camp-fire/36295238.html HTTP/1.1" 500 - "-" "Mozilla/5.0 (compatible; SemrushBot/7~bl; +http://www.semrush.com/bot.html)" "mantech8.com"
185.191.171.4 - - [13/Oct/2022:00:42:03 -0700] "GET /robots.txt HTTP/1.1" 200 106 "-" "Mozilla/5.0 (compatible; SemrushBot/7~bl; +http://www.semrush.com/bot.html)" "mantech8.com"
185.191.171.26 - - [13/Oct/2022:00:42:03 -0700] "GET /index.php/camp-fire/35757338.html HTTP/1.1" 500 - "-" "Mozilla/5.0 (compatible; SemrushBot/7~bl; +http://www.semrush.com/bot.html)" "mantech8.com"
185.191.171.2 - - [13/Oct/2022:00:42:38 -0700] "GET /index.php/camp-fire/40145688.html HTTP/1.1" 500 - "-" "Mozilla/5.0 (compatible; SemrushBot/7~bl; +http://www.semrush.com/bot.html)" "mantech8.com"
185.191.171.15 - - [13/Oct/2022:00:42:40 -0700] "GET /index.php/camp-fire/55249825.html HTTP/1.1" 500 - "-" "Mozilla/5.0 (compatible; SemrushBot/7~bl; +http://www.semrush.com/bot.html)" "mantech8.com"
185.191.171.22 - - [13/Oct/2022:00:43:45 -0700] "GET /index.php/camp-fire/27127463.html HTTP/1.1" 500 - "-" "Mozilla/5.0 (compatible; SemrushBot/7~bl; +http://www.semrush.com/bot.html)" "mantech8.com"
185.191.171.26 - - [13/Oct/2022:00:43:56 -0700] "GET /index.php/camp-fire/22959717.html HTTP/1.1" 500 - "-" "Mozilla/5.0 (compatible; SemrushBot/7~bl; +http://www.semrush.com/bot.html)" "mantech8.com"
185.191.171.19 - - [13/Oct/2022:00:44:02 -0700] "GET /index.php/camp-fire/32631468.html HTTP/1.1" 500 - "-" "Mozilla/5.0 (compatible; SemrushBot/7~bl; +http://www.semrush.com/bot.html)" "mantech8.com"
185.191.171.40 - - [13/Oct/2022:00:44:19 -0700] "GET /index.php/camp-fire/37266878.html HTTP/1.1" 500 - "-" "Mozilla/5.0 (compatible; SemrushBot/7~bl; +http://www.semrush.com/bot.html)" "mantech8.com"
185.191.171.22 - - [13/Oct/2022:00:44:49 -0700] "GET /index.php/camp-fire/32019797.html HTTP/1.1" 500 - "-" "Mozilla/5.0 (compatible; SemrushBot/7~bl; +http://www.semrush.com/bot.html)" "mantech8.com"
185.191.171.10 - - [13/Oct/2022:00:45:34 -0700] "GET /index.php/camp-fire/74368569.html HTTP/1.1" 500 - "-" "Mozilla/5.0 (compatible; SemrushBot/7~bl; +http://www.semrush.com/bot.html)" "mantech8.com"
185.191.171.10 - - [13/Oct/2022:00:46:33 -0700] "GET /index.php/camp-fire/19676965.html HTTP/1.1" 500 - "-" "Mozilla/5.0 (compatible; SemrushBot/7~bl; +http://www.semrush.com/bot.html)" "mantech8.com"
185.191.171.11 - - [13/Oct/2022:00:46:36 -0700] "GET /index.php/camp-fire/27746770.html HTTP/1.1" 500 - "-" "Mozilla/5.0 (compatible; SemrushBot/7~bl; +http://www.semrush.com/bot.html)" "mantech8.com"
185.191.171.43 - - [13/Oct/2022:00:46:48 -0700] "GET /index.php/camp-fire/30492941.html HTTP/1.1" 500 - "-" "Mozilla/5.0 (compatible; SemrushBot/7~bl; +http://www.semrush.com/bot.html)" "mantech8.com"
185.191.171.2 - - [13/Oct/2022:00:46:50 -0700] "GET /index.php/camp-fire/81513208.html HTTP/1.1" 500 - "-" "Mozilla/5.0 (compatible; SemrushBot/7~bl; +http://www.semrush.com/bot.html)" "mantech8.com"
185.191.171.35 - - [13/Oct/2022:00:47:06 -0700] "GET /index.php/camp-fire/33766359.html HTTP/1.1" 500 - "-" "Mozilla/5.0 (compatible; SemrushBot/7~bl; +http://www.semrush.com/bot.html)" "mantech8.com"
185.191.171.18 - - [13/Oct/2022:00:47:13 -0700] "GET /index.php/camp-fire/30414151.html HTTP/1.1" 500 - "-" "Mozilla/5.0 (compatible; SemrushBot/7~bl; +http://www.semrush.com/bot.html)" "mantech8.com"
114.119.133.165 - - [13/Oct/2022:00:47:52 -0700] "GET /index.php?venatically.xml HTTP/1.1" 200 289286 "-" "Mozilla/5.0 (Linux; Android 7.0;) AppleWebKit/537.36 (KHTML, like Gecko) Mobile Safari/537.36 (compatible; PetalBot;+https://webmaster.petalsearch.com/site/petalbot)" "mantech8.com"
185.191.171.18 - - [13/Oct/2022:00:48:07 -0700] "GET /index.php/camp-fire/34158008.html HTTP/1.1" 500 - "-" "Mozilla/5.0 (compatible; SemrushBot/7~bl; +http://www.semrush.com/bot.html)" "mantech8.com"
185.191.171.44 - - [13/Oct/2022:00:48:44 -0700] "GET /index.php/camp-fire/22873835.html HTTP/1.1" 500 - "-" "Mozilla/5.0 (compatible; SemrushBot/7~bl; +http://www.semrush.com/bot.html)" "mantech8.com"
185.191.171.33 - - [13/Oct/2022:00:50:07 -0700] "GET /index.php/camp-fire/27669109.html HTTP/1.1" 500 - "-" "Mozilla/5.0 (compatible; SemrushBot/7~bl; +http://www.semrush.com/bot.html)" "mantech8.com"
125.119.241.1 - - [13/Oct/2022:00:50:49 -0700] "GET /contact.php HTTP/1.1" 200 29238 "http://mantech8.com/contact.php" "Mozilla/5.0 (Windows NT 10.0) AppleWebKit/537.36 (KHTML, like Gecko) Chrome/90.0.4430.93 Safari/537.36" "mantech8.com"
185.191.171.25 - - [13/Oct/2022:00:51:00 -0700] "GET /index.php/camp-fire/36637338.html HTTP/1.1" 500 - "-" "Mozilla/5.0 (compatible; SemrushBot/7~bl; +http://www.semrush.com/bot.html)" "mantech8.com"
51.75.247.54 - - [13/Oct/2022:00:51:20 -0700] "GET /contact.php HTTP/1.1" 200 29238 "http://mantech8.com/contact.php" "Mozilla/5.0 (Windows NT 10.0) AppleWebKit/537.36 (KHTML, like Gecko) Chrome/90.0.4430.93 Safari/537.36" "mantech8.com"
51.75.247.54 - - [13/Oct/2022:00:51:27 -0700] "POST /mailer.php HTTP/1.1" 500 - "http://mantech8.com/contact.php" "Mozilla/5.0 (Windows NT 10.0) AppleWebKit/537.36 (KHTML, like Gecko) Chrome/90.0.4430.93 Safari/537.36" "mantech8.com"
185.191.171.11 - - [13/Oct/2022:00:51:32 -0700] "GET /index.php/camp-fire/34037860.html HTTP/1.1" 500 - "-" "Mozilla/5.0 (compatible; SemrushBot/7~bl; +http://www.semrush.com/bot.html)" "mantech8.com"
185.191.171.15 - - [13/Oct/2022:00:52:03 -0700] "GET /index.php/camp-fire/40221525.html HTTP/1.1" 500 - "-" "Mozilla/5.0 (compatible; SemrushBot/7~bl; +http://www.semrush.com/bot.html)" "mantech8.com"
185.191.171.14 - - [13/Oct/2022:00:52:18 -0700] "GET /index.php/camp-fire/33428068.html HTTP/1.1" 500 - "-" "Mozilla/5.0 (compatible; SemrushBot/7~bl; +http://www.semrush.com/bot.html)" "mantech8.com"
185.191.171.22 - - [13/Oct/2022:00:53:03 -0700] "GET /index.php/camp-fire/36907738.html HTTP/1.1" 500 - "-" "Mozilla/5.0 (compatible; SemrushBot/7~bl; +http://www.semrush.com/bot.html)" "mantech8.com"
185.191.171.24 - - [13/Oct/2022:00:53:13 -0700] "GET /index.php/camp-fire/7659221.html HTTP/1.1" 500 - "-" "Mozilla/5.0 (compatible; SemrushBot/7~bl; +http://www.semrush.com/bot.html)" "mantech8.com"
185.191.171.41 - - [13/Oct/2022:00:53:21 -0700] "GET /index.php/camp-fire/508869.html HTTP/1.1" 500 - "-" "Mozilla/5.0 (compatible; SemrushBot/7~bl; +http://www.semrush.com/bot.html)" "mantech8.com"
185.191.171.24 - - [13/Oct/2022:00:53:26 -0700] "GET /index.php/camp-fire/28225809.html HTTP/1.1" 500 - "-" "Mozilla/5.0 (compatible; SemrushBot/7~bl; +http://www.semrush.com/bot.html)" "mantech8.com"
114.119.133.165 - - [13/Oct/2022:00:53:35 -0700] "GET /bimages/client/tbl_import.php HTTP/1.1" 200 32 "http://mantech8.com/bimages/client/?C=N%3BO%3DD" "Mozilla/5.0 (Linux; Android 7.0;) AppleWebKit/537.36 (KHTML, like Gecko) Mobile Safari/537.36 (compatible; PetalBot;+https://webmaster.petalsearch.com/site/petalbot)" "mantech8.com"
185.191.171.11 - - [13/Oct/2022:00:53:40 -0700] "GET /index.php/camp-fire/35390838.html HTTP/1.1" 500 - "-" "Mozilla/5.0 (compatible; SemrushBot/7~bl; +http://www.semrush.com/bot.html)" "mantech8.com"
185.191.171.14 - - [13/Oct/2022:00:53:44 -0700] "GET /index.php/camp-fire/27673409.html HTTP/1.1" 500 - "-" "Mozilla/5.0 (compatible; SemrushBot/7~bl; +http://www.semrush.com/bot.html)" "mantech8.com"
185.191.171.23 - - [13/Oct/2022:00:54:01 -0700] "GET /index.php/camp-fire/45802563.html HTTP/1.1" 500 - "-" "Mozilla/5.0 (compatible; SemrushBot/7~bl; +http://www.semrush.com/bot.html)" "mantech8.com"
185.191.171.41 - - [13/Oct/2022:00:54:34 -0700] "GET /index.php/camp-fire/28626389.html HTTP/1.1" 500 - "-" "Mozilla/5.0 (compatible; SemrushBot/7~bl; +http://www.semrush.com/bot.html)" "mantech8.com"
185.191.171.18 - - [13/Oct/2022:00:56:15 -0700] "GET /index.php/camp-fire/39878276.html HTTP/1.1" 500 - "-" "Mozilla/5.0 (compatible; SemrushBot/7~bl; +http://www.semrush.com/bot.html)" "mantech8.com"
185.191.171.7 - - [13/Oct/2022:00:56:17 -0700] "GET /index.php/camp-fire/34105233.html HTTP/1.1" 500 - "-" "Mozilla/5.0 (compatible; SemrushBot/7~bl; +http://www.semrush.com/bot.html)" "mantech8.com"
185.191.171.5 - - [13/Oct/2022:00:56:28 -0700] "GET /index.php/camp-fire/3901874.html HTTP/1.1" 500 - "-" "Mozilla/5.0 (compatible; SemrushBot/7~bl; +http://www.semrush.com/bot.html)" "mantech8.com"
185.191.171.37 - - [13/Oct/2022:00:57:09 -0700] "GET /index.php/camp-fire/42647149.html HTTP/1.1" 500 - "-" "Mozilla/5.0 (compatible; SemrushBot/7~bl; +http://www.semrush.com/bot.html)" "mantech8.com"
185.191.171.13 - - [13/Oct/2022:00:58:01 -0700] "GET /index.php/camp-fire/19895781.html HTTP/1.1" 500 - "-" "Mozilla/5.0 (compatible; SemrushBot/7~bl; +http://www.semrush.com/bot.html)" "mantech8.com"
207.46.13.70 - - [13/Oct/2022:00:58:13 -0700] "GET /index.php?camp-fire/43479471.html HTTP/1.1" 200 66059 "-" "Mozilla/5.0 (compatible; bingbot/2.0; +http://www.bing.com/bingbot.htm)" "mantech8.com"
185.191.171.13 - - [13/Oct/2022:00:58:26 -0700] "GET /index.php/camp-fire/9469478.html HTTP/1.1" 500 - "-" "Mozilla/5.0 (compatible; SemrushBot/7~bl; +http://www.semrush.com/bot.html)" "mantech8.com"
185.191.171.12 - - [13/Oct/2022:00:58:27 -0700] "GET /index.php/camp-fire/35667363.html HTTP/1.1" 500 - "-" "Mozilla/5.0 (compatible; SemrushBot/7~bl; +http://www.semrush.com/bot.html)" "mantech8.com"
185.191.171.8 - - [13/Oct/2022:00:59:16 -0700] "GET /index.php/camp-fire/27724497.html HTTP/1.1" 500 - "-" "Mozilla/5.0 (compatible; SemrushBot/7~bl; +http://www.semrush.com/bot.html)" "mantech8.com"
114.119.133.182 - - [13/Oct/2022:00:59:21 -0700] "GET /index.php?camp-fire/88409250.html HTTP/1.1" 500 - "-" "Mozilla/5.0 (Linux; Android 7.0;) AppleWebKit/537.36 (KHTML, like Gecko) Mobile Safari/537.36 (compatible; PetalBot;+https://webmaster.petalsearch.com/site/petalbot)" "www.mantech8.com"
185.191.171.22 - - [13/Oct/2022:01:00:16 -0700] "GET /index.php/camp-fire/37062678.html HTTP/1.1" 500 - "-" "Mozilla/5.0 (compatible; SemrushBot/7~bl; +http://www.semrush.com/bot.html)" "mantech8.com"
185.191.171.45 - - [13/Oct/2022:01:00:27 -0700] "GET /index.php/camp-fire/28957166.html HTTP/1.1" 500 - "-" "Mozilla/5.0 (compatible; SemrushBot/7~bl; +http://www.semrush.com/bot.html)" "mantech8.com"
185.191.171.1 - - [13/Oct/2022:01:00:29 -0700] "GET /index.php/camp-fire/31877133.html HTTP/1.1" 500 - "-" "Mozilla/5.0 (compatible; SemrushBot/7~bl; +http://www.semrush.com/bot.html)" "mantech8.com"
185.191.171.40 - - [13/Oct/2022:01:00:40 -0700] "GET /index.php/camp-fire/7301480.html HTTP/1.1" 500 - "-" "Mozilla/5.0 (compatible; SemrushBot/7~bl; +http://www.semrush.com/bot.html)" "mantech8.com"
185.191.171.23 - - [13/Oct/2022:01:01:30 -0700] "GET /index.php/camp-fire/40923017.html HTTP/1.1" 500 - "-" "Mozilla/5.0 (compatible; SemrushBot/7~bl; +http://www.semrush.com/bot.html)" "mantech8.com"
185.191.171.15 - - [13/Oct/2022:01:01:52 -0700] "GET /index.php/camp-fire/46978771.html HTTP/1.1" 500 - "-" "Mozilla/5.0 (compatible; SemrushBot/7~bl; +http://www.semrush.com/bot.html)" "mantech8.com"
185.191.171.43 - - [13/Oct/2022:01:01:58 -0700] "GET /index.php/camp-fire/34328259.html HTTP/1.1" 500 - "-" "Mozilla/5.0 (compatible; SemrushBot/7~bl; +http://www.semrush.com/bot.html)" "mantech8.com"
185.191.171.24 - - [13/Oct/2022:01:02:25 -0700] "GET /index.php/camp-fire/32871189.html HTTP/1.1" 500 - "-" "Mozilla/5.0 (compatible; SemrushBot/7~bl; +http://www.semrush.com/bot.html)" "mantech8.com"
185.191.171.43 - - [13/Oct/2022:01:02:29 -0700] "GET /index.php/camp-fire/18290880.html HTTP/1.1" 500 - "-" "Mozilla/5.0 (compatible; SemrushBot/7~bl; +http://www.semrush.com/bot.html)" "mantech8.com"
185.191.171.16 - - [13/Oct/2022:01:03:08 -0700] "GET /index.php/camp-fire/27976271.html HTTP/1.1" 500 - "-" "Mozilla/5.0 (compatible; SemrushBot/7~bl; +http://www.semrush.com/bot.html)" "mantech8.com"
40.77.167.58 - - [13/Oct/2022:01:03:47 -0700] "GET /?/index.php?%E7%9B%AE%E6%8C%87%E3%81%9B%EF%BC%81%E7%AC%AC%E4%B8%80%E7%B4%9A%E3%82%A2%E3%83%9E%E3%83%81%E3%83%A5%E3%82%A2%E7%84%A1%E7%B7%9A%E6%8A%80%E5%A3%AB HTTP/1.1" 200 59295 "-" "Mozilla/5.0 (compatible; bingbot/2.0; +http://www.bing.com/bingbot.htm)" "mantech8.com"
185.191.171.18 - - [13/Oct/2022:01:03:56 -0700] "GET /index.php/camp-fire/2886729.html HTTP/1.1" 500 - "-" "Mozilla/5.0 (compatible; SemrushBot/7~bl; +http://www.semrush.com/bot.html)" "mantech8.com"
114.119.133.165 - - [13/Oct/2022:01:05:02 -0700] "GET /bimages/dimage/?C=D%3BO%3DA HTTP/1.1" 200 419 "http://www.mantech8.com/bimages/dimage/" "Mozilla/5.0 (Linux; Android 7.0;) AppleWebKit/537.36 (KHTML, like Gecko) Mobile Safari/537.36 (compatible; PetalBot;+https://webmaster.petalsearch.com/site/petalbot)" "www.mantech8.com"
185.191.171.43 - - [13/Oct/2022:01:05:06 -0700] "GET /index.php/camp-fire/39905576.html HTTP/1.1" 500 - "-" "Mozilla/5.0 (compatible; SemrushBot/7~bl; +http://www.semrush.com/bot.html)" "mantech8.com"
185.191.171.43 - - [13/Oct/2022:01:05:24 -0700] "GET /index.php/camp-fire/2060953.html HTTP/1.1" 500 - "-" "Mozilla/5.0 (compatible; SemrushBot/7~bl; +http://www.semrush.com/bot.html)" "mantech8.com"
185.191.171.18 - - [13/Oct/2022:01:05:42 -0700] "GET /index.php/camp-fire/42234888.html HTTP/1.1" 500 - "-" "Mozilla/5.0 (compatible; SemrushBot/7~bl; +http://www.semrush.com/bot.html)" "mantech8.com"
185.191.171.40 - - [13/Oct/2022:01:05:45 -0700] "GET /index.php/camp-fire/44672250.html HTTP/1.1" 500 - "-" "Mozilla/5.0 (compatible; SemrushBot/7~bl; +http://www.semrush.com/bot.html)" "mantech8.com"
185.191.171.22 - - [13/Oct/2022:01:06:43 -0700] "GET /index.php/camp-fire/8715078.html HTTP/1.1" 500 - "-" "Mozilla/5.0 (compatible; SemrushBot/7~bl; +http://www.semrush.com/bot.html)" "mantech8.com"
185.191.171.13 - - [13/Oct/2022:01:06:56 -0700] "GET /index.php/camp-fire/26951147.html HTTP/1.1" 500 - "-" "Mozilla/5.0 (compatible; SemrushBot/7~bl; +http://www.semrush.com/bot.html)" "mantech8.com"
185.191.171.8 - - [13/Oct/2022:01:07:01 -0700] "GET /index.php/camp-fire/8234978.html HTTP/1.1" 500 - "-" "Mozilla/5.0 (compatible; SemrushBot/7~bl; +http://www.semrush.com/bot.html)" "mantech8.com"
185.191.171.19 - - [13/Oct/2022:01:07:02 -0700] "GET /index.php/camp-fire/33137416.html HTTP/1.1" 500 - "-" "Mozilla/5.0 (compatible; SemrushBot/7~bl; +http://www.semrush.com/bot.html)" "mantech8.com"
66.249.66.66 - - [13/Oct/2022:01:08:34 -0700] "GET /ads.txt HTTP/1.1" 404 88 "-" "Mozilla/5.0 (compatible; Googlebot/2.1; +http://www.google.com/bot.html)" "mantech8.com"
185.191.171.38 - - [13/Oct/2022:01:08:36 -0700] "GET /index.php/camp-fire/42068549.html HTTP/1.1" 500 - "-" "Mozilla/5.0 (compatible; SemrushBot/7~bl; +http://www.semrush.com/bot.html)" "mantech8.com"
185.191.171.21 - - [13/Oct/2022:01:09:13 -0700] "GET /index.php/camp-fire/45191825.html HTTP/1.1" 500 - "-" "Mozilla/5.0 (compatible; SemrushBot/7~bl; +http://www.semrush.com/bot.html)" "mantech8.com"
185.191.171.13 - - [13/Oct/2022:01:09:39 -0700] "GET /index.php/camp-fire/32818060.html HTTP/1.1" 500 - "-" "Mozilla/5.0 (compatible; SemrushBot/7~bl; +http://www.semrush.com/bot.html)" "mantech8.com"
185.191.171.20 - - [13/Oct/2022:01:10:11 -0700] "GET /index.php/camp-fire/26999153.html HTTP/1.1" 500 - "-" "Mozilla/5.0 (compatible; SemrushBot/7~bl; +http://www.semrush.com/bot.html)" "mantech8.com"
185.191.171.39 - - [13/Oct/2022:01:10:30 -0700] "GET /index.php/camp-fire/27426826.html HTTP/1.1" 500 - "-" "Mozilla/5.0 (compatible; SemrushBot/7~bl; +http://www.semrush.com/bot.html)" "mantech8.com"
114.119.133.165 - - [13/Oct/2022:01:10:46 -0700] "GET /bimages/scafg/?C=S%3BO%3DA HTTP/1.1" 200 555 "http://www.mantech8.com/bimages/scafg/?C=D%3BO%3DA" "Mozilla/5.0 (Linux; Android 7.0;) AppleWebKit/537.36 (KHTML, like Gecko) Mobile Safari/537.36 (compatible; PetalBot;+https://webmaster.petalsearch.com/site/petalbot)" "www.mantech8.com"
185.191.171.33 - - [13/Oct/2022:01:11:09 -0700] "GET /index.php/camp-fire/26678747.html HTTP/1.1" 500 - "-" "Mozilla/5.0 (compatible; SemrushBot/7~bl; +http://www.semrush.com/bot.html)" "mantech8.com"
185.191.171.7 - - [13/Oct/2022:01:11:20 -0700] "GET /index.php/camp-fire/36544489.html HTTP/1.1" 500 - "-" "Mozilla/5.0 (compatible; SemrushBot/7~bl; +http://www.semrush.com/bot.html)" "mantech8.com"
46.101.232.34 - - [13/Oct/2022:01:11:27 -0700] "GET /class-wp-widget-archives.php HTTP/1.1" 404 73 "-" "Mozilla/5.0 (iPhone; CPU iPhone OS 14_3 like Mac OS X) AppleWebKit/605.1.15 (KHTML, like Gecko) Version/14.0.2 Mobile/15E148 Safari/604.1" "mantech8.com"
46.101.232.34 - - [13/Oct/2022:01:11:27 -0700] "GET /3index.php?f=/bmLUxZLeaiRIek7s/umvUsXN4HVg3BzRf.txt HTTP/1.1" 404 73 "-" "Mozilla/5.0 (Windows NT 10.0; Win64; x64) AppleWebKit/537.36 (KHTML, like Gecko) Chrome/81.0.4044.138 Safari/537.36" "mantech8.com"
46.101.232.34 - - [13/Oct/2022:01:11:27 -0700] "GET /wikindex.php?f=/bmLUxZLeaiRIek7s/umvUsXN4HVg3BzRf.txt HTTP/1.1" 404 73 "-" "Mozilla/5.0 (Windows NT 10.0; Win64; x64) AppleWebKit/537.36 (KHTML, like Gecko) Chrome/87.0.4280.88 Safari/537.36" "mantech8.com"
46.101.232.34 - - [13/Oct/2022:01:11:27 -0700] "GET /wp-content/mu-plugins-old/index.php?f=/bmLUxZLeaiRIek7s/umvUsXN4HVg3BzRf.txt HTTP/1.1" 500 - "-" "Mozilla/5.0 (iPad; CPU OS 14_2 like Mac OS X) AppleWebKit/605.1.15 (KHTML, like Gecko) CriOS/87.0.4280.77 Mobile/15E148 Safari/604.1" "mantech8.com"
185.191.171.40 - - [13/Oct/2022:01:11:30 -0700] "GET /index.php/camp-fire/32872289.html HTTP/1.1" 500 - "-" "Mozilla/5.0 (compatible; SemrushBot/7~bl; +http://www.semrush.com/bot.html)" "mantech8.com"
46.101.232.34 - - [13/Oct/2022:01:11:27 -0700] "GET /admin.php?f=/bmLUxZLeaiRIek7s/umvUsXN4HVg3BzRf.txt HTTP/1.1" 200 18 "-" "Mozilla/5.0 (Windows NT 6.1; Win64; x64) AppleWebKit/537.36 (KHTML, like Gecko) Chrome/87.0.4280.88 Safari/537.36" "mantech8.com"
185.191.171.10 - - [13/Oct/2022:01:12:00 -0700] "GET /index.php/camp-fire/38522472.html HTTP/1.1" 500 - "-" "Mozilla/5.0 (compatible; SemrushBot/7~bl; +http://www.semrush.com/bot.html)" "mantech8.com"
185.191.171.39 - - [13/Oct/2022:01:12:49 -0700] "GET /index.php/camp-fire/5209774.html HTTP/1.1" 500 - "-" "Mozilla/5.0 (compatible; SemrushBot/7~bl; +http://www.semrush.com/bot.html)" "mantech8.com"
185.191.171.23 - - [13/Oct/2022:01:12:59 -0700] "GET /index.php/camp-fire/40334850.html HTTP/1.1" 500 - "-" "Mozilla/5.0 (compatible; SemrushBot/7~bl; +http://www.semrush.com/bot.html)" "mantech8.com"
185.191.171.4 - - [13/Oct/2022:01:13:31 -0700] "GET /index.php/camp-fire/30634855.html HTTP/1.1" 500 - "-" "Mozilla/5.0 (compatible; SemrushBot/7~bl; +http://www.semrush.com/bot.html)" "mantech8.com"
185.191.171.23 - - [13/Oct/2022:01:13:49 -0700] "GET /index.php/camp-fire/44945930.html HTTP/1.1" 500 - "-" "Mozilla/5.0 (compatible; SemrushBot/7~bl; +http://www.semrush.com/bot.html)" "mantech8.com"
185.191.171.16 - - [13/Oct/2022:01:14:05 -0700] "GET /index.php/camp-fire/29791617.html HTTP/1.1" 500 - "-" "Mozilla/5.0 (compatible; SemrushBot/7~bl; +http://www.semrush.com/bot.html)" "mantech8.com"
185.191.171.6 - - [13/Oct/2022:01:14:49 -0700] "GET /index.php/camp-fire/40427450.html HTTP/1.1" 500 - "-" "Mozilla/5.0 (compatible; SemrushBot/7~bl; +http://www.semrush.com/bot.html)" "mantech8.com"
185.221.172.135 - - [13/Oct/2022:01:15:35 -0700] "GET /contact.php HTTP/1.1" 200 29238 "http://mantech8.com/contact.php" "Mozilla/5.0 (Windows NT 10.0; Win64; x64) AppleWebKit/537.36 (KHTML, like Gecko) Chrome/90.0.4430.85 Safari/537.36 Edg/90.0.818.46" "mantech8.com"
185.221.172.135 - - [13/Oct/2022:01:15:36 -0700] "POST /mailer.php HTTP/1.1" 500 - "http://mantech8.com/contact.php" "Mozilla/5.0 (Windows NT 10.0; Win64; x64) AppleWebKit/537.36 (KHTML, like Gecko) Chrome/90.0.4430.85 Safari/537.36 Edg/90.0.818.46" "mantech8.com"
185.191.171.16 - - [13/Oct/2022:01:15:42 -0700] "GET /index.php/camp-fire/269298.html HTTP/1.1" 500 - "-" "Mozilla/5.0 (compatible; SemrushBot/7~bl; +http://www.semrush.com/bot.html)" "mantech8.com"
185.191.171.36 - - [13/Oct/2022:01:15:57 -0700] "GET /index.php/camp-fire/7970680.html HTTP/1.1" 500 - "-" "Mozilla/5.0 (compatible; SemrushBot/7~bl; +http://www.semrush.com/bot.html)" "mantech8.com"
185.191.171.36 - - [13/Oct/2022:01:16:16 -0700] "GET /index.php/camp-fire/45885972.html HTTP/1.1" 500 - "-" "Mozilla/5.0 (compatible; SemrushBot/7~bl; +http://www.semrush.com/bot.html)" "mantech8.com"
114.119.133.182 - - [13/Oct/2022:01:16:24 -0700] "GET /bimages/certificate/?C=N%3BO%3DD HTTP/1.1" 200 651 "http://mantech8.com/bimages/certificate/" "Mozilla/5.0 (Linux; Android 7.0;) AppleWebKit/537.36 (KHTML, like Gecko) Mobile Safari/537.36 (compatible; PetalBot;+https://webmaster.petalsearch.com/site/petalbot)" "mantech8.com"
185.191.171.19 - - [13/Oct/2022:01:16:39 -0700] "GET /index.php/camp-fire/9706083.html HTTP/1.1" 500 - "-" "Mozilla/5.0 (compatible; SemrushBot/7~bl; +http://www.semrush.com/bot.html)" "mantech8.com"
185.191.171.2 - - [13/Oct/2022:01:16:54 -0700] "GET /index.php/camp-fire/33434493.html HTTP/1.1" 500 - "-" "Mozilla/5.0 (compatible; SemrushBot/7~bl; +http://www.semrush.com/bot.html)" "mantech8.com"
185.191.171.1 - - [13/Oct/2022:01:17:34 -0700] "GET /index.php/camp-fire/38675572.html HTTP/1.1" 500 - "-" "Mozilla/5.0 (compatible; SemrushBot/7~bl; +http://www.semrush.com/bot.html)" "mantech8.com"
157.90.182.28 - - [13/Oct/2022:01:17:52 -0700] "GET /robots.txt HTTP/1.1" 200 106 "-" "Mozilla/5.0 (compatible; BLEXBot/1.0; +http://webmeup-crawler.com/)" "www.mantech8.com"
157.90.182.28 - - [13/Oct/2022:01:17:53 -0700] "GET / HTTP/1.1" 500 - "-" "Mozilla/5.0 (compatible; BLEXBot/1.0; +http://webmeup-crawler.com/)" "www.mantech8.com"
185.191.171.12 - - [13/Oct/2022:01:18:23 -0700] "GET /index.php/camp-fire/59448735.html HTTP/1.1" 500 - "-" "Mozilla/5.0 (compatible; SemrushBot/7~bl; +http://www.semrush.com/bot.html)" "mantech8.com"
216.244.66.241 - - [13/Oct/2022:01:19:08 -0700] "GET /robots.txt HTTP/1.1" 200 222 "-" "Mozilla/5.0 (compatible; DotBot/1.2; +https://opensiteexplorer.org/dotbot; help@moz.com)" "mantech8.com"
216.244.66.241 - - [13/Oct/2022:01:19:08 -0700] "GET /robots.txt HTTP/1.1" 200 222 "-" "Mozilla/5.0 (compatible; DotBot/1.2; +https://opensiteexplorer.org/dotbot; help@moz.com)" "www.mantech8.com"
185.191.171.1 - - [13/Oct/2022:01:20:08 -0700] "GET /index.php/camp-fire/35281338.html HTTP/1.1" 500 - "-" "Mozilla/5.0 (compatible; SemrushBot/7~bl; +http://www.semrush.com/bot.html)" "mantech8.com"
185.191.171.3 - - [13/Oct/2022:01:20:46 -0700] "GET /index.php/camp-fire/7708921.html HTTP/1.1" 500 - "-" "Mozilla/5.0 (compatible; SemrushBot/7~bl; +http://www.semrush.com/bot.html)" "mantech8.com"
185.191.171.22 - - [13/Oct/2022:01:20:51 -0700] "GET /index.php/camp-fire/36914927.html HTTP/1.1" 500 - "-" "Mozilla/5.0 (compatible; SemrushBot/7~bl; +http://www.semrush.com/bot.html)" "mantech8.com"
185.191.171.45 - - [13/Oct/2022:01:21:24 -0700] "GET /index.php/camp-fire/33792908.html HTTP/1.1" 500 - "-" "Mozilla/5.0 (compatible; SemrushBot/7~bl; +http://www.semrush.com/bot.html)" "mantech8.com"
185.191.171.1 - - [13/Oct/2022:01:21:45 -0700] "GET /index.php/camp-fire/38709303.html HTTP/1.1" 500 - "-" "Mozilla/5.0 (compatible; SemrushBot/7~bl; +http://www.semrush.com/bot.html)" "mantech8.com"
185.191.171.8 - - [13/Oct/2022:01:21:47 -0700] "GET /index.php/camp-fire/37313660.html HTTP/1.1" 500 - "-" "Mozilla/5.0 (compatible; SemrushBot/7~bl; +http://www.semrush.com/bot.html)" "mantech8.com"
185.191.171.21 - - [13/Oct/2022:01:21:56 -0700] "GET /index.php/camp-fire/8176678.html HTTP/1.1" 500 - "-" "Mozilla/5.0 (compatible; SemrushBot/7~bl; +http://www.semrush.com/bot.html)" "mantech8.com"
114.119.133.166 - - [13/Oct/2022:01:22:09 -0700] "GET /bimages/headg/?C=D%3BO%3DA HTTP/1.1" 200 491 "http://mantech8.com/bimages/headg/?C=M%3BO%3DA" "Mozilla/5.0 (Linux; Android 7.0;) AppleWebKit/537.36 (KHTML, like Gecko) Mobile Safari/537.36 (compatible; PetalBot;+https://webmaster.petalsearch.com/site/petalbot)" "mantech8.com"
185.191.171.40 - - [13/Oct/2022:01:22:12 -0700] "GET /index.php/camp-fire/5390677.html HTTP/1.1" 500 - "-" "Mozilla/5.0 (compatible; SemrushBot/7~bl; +http://www.semrush.com/bot.html)" "mantech8.com"
185.191.171.25 - - [13/Oct/2022:01:23:04 -0700] "GET /index.php/camp-fire/33248625.html HTTP/1.1" 500 - "-" "Mozilla/5.0 (compatible; SemrushBot/7~bl; +http://www.semrush.com/bot.html)" "mantech8.com"
185.191.171.6 - - [13/Oct/2022:01:23:06 -0700] "GET /index.php/camp-fire/28464364.html HTTP/1.1" 500 - "-" "Mozilla/5.0 (compatible; SemrushBot/7~bl; +http://www.semrush.com/bot.html)" "mantech8.com"
185.191.171.5 - - [13/Oct/2022:01:23:51 -0700] "GET /index.php/camp-fire/27497621.html HTTP/1.1" 500 - "-" "Mozilla/5.0 (compatible; SemrushBot/7~bl; +http://www.semrush.com/bot.html)" "mantech8.com"
185.191.171.25 - - [13/Oct/2022:01:24:00 -0700] "GET /index.php/camp-fire/31693584.html HTTP/1.1" 500 - "-" "Mozilla/5.0 (compatible; SemrushBot/7~bl; +http://www.semrush.com/bot.html)" "mantech8.com"
17.121.114.182 - - [13/Oct/2022:01:24:01 -0700] "GET /robots.txt HTTP/1.1" 200 106 "-" "Mozilla/5.0 (Macintosh; Intel Mac OS X 10_15_5) AppleWebKit/605.1.15 (KHTML, like Gecko) Version/13.1.1 Safari/605.1.15 (Applebot/0.1; +http://www.apple.com/go/applebot)" "mantech8.com"
17.121.114.182 - - [13/Oct/2022:01:24:01 -0700] "GET /qualityandsafety.php HTTP/1.1" 200 14453 "-" "Mozilla/5.0 (Macintosh; Intel Mac OS X 10_15_5) AppleWebKit/605.1.15 (KHTML, like Gecko) Version/13.1.1 Safari/605.1.15 (Applebot/0.1; +http://www.apple.com/go/applebot)" "mantech8.com"
124.161.204.84 - - [13/Oct/2022:01:24:33 -0700] "GET /contact.php HTTP/1.1" 200 29238 "http://mantech8.com/contact.php" "Mozilla/5.0 (Windows NT 10.0; WOW64) AppleWebKit/537.36 (KHTML, like Gecko) Chrome/90.0.4430.72 Safari/537.36" "mantech8.com"
124.161.204.84 - - [13/Oct/2022:01:24:40 -0700] "POST /mailer.php HTTP/1.1" 500 - "http://mantech8.com/contact.php" "Mozilla/5.0 (Windows NT 10.0; WOW64) AppleWebKit/537.36 (KHTML, like Gecko) Chrome/90.0.4430.72 Safari/537.36" "mantech8.com"
185.191.171.43 - - [13/Oct/2022:01:24:50 -0700] "GET /index.php/camp-fire/33648259.html HTTP/1.1" 500 - "-" "Mozilla/5.0 (compatible; SemrushBot/7~bl; +http://www.semrush.com/bot.html)" "mantech8.com"
37.44.252.138 - - [13/Oct/2022:01:26:29 -0700] "GET /index.php?camp-fire/56240723.html HTTP/1.1" 500 - "https://www.mantech8.com/index.php?camp-fire/56240723.html" "Mozilla/5.0 (Windows NT 10.0; WOW64) AppleWebKit/537.36 (KHTML, like Gecko) Chrome/90.0.4430.72 Safari/537.36" "www.mantech8.com"
37.44.252.138 - - [13/Oct/2022:01:26:30 -0700] "GET / HTTP/1.1" 500 - "https://www.mantech8.com/" "Mozilla/5.0 (Windows NT 10.0; WOW64) AppleWebKit/537.36 (KHTML, like Gecko) Chrome/90.0.4430.72 Safari/537.36" "www.mantech8.com"
185.191.171.43 - - [13/Oct/2022:01:26:55 -0700] "GET /index.php/camp-fire/7976398.html HTTP/1.1" 500 - "-" "Mozilla/5.0 (compatible; SemrushBot/7~bl; +http://www.semrush.com/bot.html)" "mantech8.com"
185.191.171.42 - - [13/Oct/2022:01:27:26 -0700] "GET /index.php/camp-fire/4090465.html HTTP/1.1" 500 - "-" "Mozilla/5.0 (compatible; SemrushBot/7~bl; +http://www.semrush.com/bot.html)" "mantech8.com"
114.119.133.166 - - [13/Oct/2022:01:27:47 -0700] "GET /index.php?viton.xml HTTP/1.1" 200 289433 "-" "Mozilla/5.0 (Linux; Android 7.0;) AppleWebKit/537.36 (KHTML, like Gecko) Mobile Safari/537.36 (compatible; PetalBot;+https://webmaster.petalsearch.com/site/petalbot)" "mantech8.com"
185.191.171.8 - - [13/Oct/2022:01:28:23 -0700] "GET /index.php/camp-fire/4226365.html HTTP/1.1" 500 - "-" "Mozilla/5.0 (compatible; SemrushBot/7~bl; +http://www.semrush.com/bot.html)" "mantech8.com"
185.191.171.35 - - [13/Oct/2022:01:28:27 -0700] "GET /index.php/camp-fire/31987530.html HTTP/1.1" 500 - "-" "Mozilla/5.0 (compatible; SemrushBot/7~bl; +http://www.semrush.com/bot.html)" "mantech8.com"
185.191.171.23 - - [13/Oct/2022:01:28:43 -0700] "GET /index.php/camp-fire/35681050.html HTTP/1.1" 500 - "-" "Mozilla/5.0 (compatible; SemrushBot/7~bl; +http://www.semrush.com/bot.html)" "mantech8.com"
185.191.171.37 - - [13/Oct/2022:01:29:30 -0700] "GET /index.php/camp-fire/42955434.html HTTP/1.1" 500 - "-" "Mozilla/5.0 (compatible; SemrushBot/7~bl; +http://www.semrush.com/bot.html)" "mantech8.com"
185.191.171.22 - - [13/Oct/2022:01:29:34 -0700] "GET /index.php/camp-fire/8925953.html HTTP/1.1" 500 - "-" "Mozilla/5.0 (compatible; SemrushBot/7~bl; +http://www.semrush.com/bot.html)" "mantech8.com"
185.191.171.7 - - [13/Oct/2022:01:29:38 -0700] "GET /index.php/camp-fire/29346050.html HTTP/1.1" 500 - "-" "Mozilla/5.0 (compatible; SemrushBot/7~bl; +http://www.semrush.com/bot.html)" "mantech8.com"
185.191.171.25 - - [13/Oct/2022:01:29:42 -0700] "GET /index.php/camp-fire/36278459.html HTTP/1.1" 500 - "-" "Mozilla/5.0 (compatible; SemrushBot/7~bl; +http://www.semrush.com/bot.html)" "mantech8.com"
185.191.171.35 - - [13/Oct/2022:01:29:52 -0700] "GET /index.php/camp-fire/29967935.html HTTP/1.1" 500 - "-" "Mozilla/5.0 (compatible; SemrushBot/7~bl; +http://www.semrush.com/bot.html)" "mantech8.com"
185.191.171.22 - - [13/Oct/2022:01:29:57 -0700] "GET /robots.txt HTTP/1.1" 200 106 "-" "Mozilla/5.0 (compatible; SemrushBot/7~bl; +http://www.semrush.com/bot.html)" "mantech8.com"
185.191.171.45 - - [13/Oct/2022:01:29:57 -0700] "GET /index.php/camp-fire/4362698.html HTTP/1.1" 500 - "-" "Mozilla/5.0 (compatible; SemrushBot/7~bl; +http://www.semrush.com/bot.html)" "mantech8.com"
40.77.167.58 - - [13/Oct/2022:01:30:28 -0700] "GET /bimages/gallery/thump/hb6.jpg HTTP/1.1" 200 113211 "-" "Mozilla/5.0 (compatible; bingbot/2.0; +http://www.bing.com/bingbot.htm)" "mantech8.com"
185.191.171.45 - - [13/Oct/2022:01:31:32 -0700] "GET /index.php/camp-fire/42647649.html HTTP/1.1" 500 - "-" "Mozilla/5.0 (compatible; SemrushBot/7~bl; +http://www.semrush.com/bot.html)" "mantech8.com"
185.191.171.45 - - [13/Oct/2022:01:31:34 -0700] "GET /index.php/camp-fire/36223509.html HTTP/1.1" 500 - "-" "Mozilla/5.0 (compatible; SemrushBot/7~bl; +http://www.semrush.com/bot.html)" "mantech8.com"
185.191.171.22 - - [13/Oct/2022:01:31:41 -0700] "GET /index.php/camp-fire/33796908.html HTTP/1.1" 500 - "-" "Mozilla/5.0 (compatible; SemrushBot/7~bl; +http://www.semrush.com/bot.html)" "mantech8.com"
185.191.171.38 - - [13/Oct/2022:01:31:47 -0700] "GET /index.php/camp-fire/40099876.html HTTP/1.1" 500 - "-" "Mozilla/5.0 (compatible; SemrushBot/7~bl; +http://www.semrush.com/bot.html)" "mantech8.com"
185.191.171.45 - - [13/Oct/2022:01:32:50 -0700] "GET /index.php/camp-fire/40221325.html HTTP/1.1" 500 - "-" "Mozilla/5.0 (compatible; SemrushBot/7~bl; +http://www.semrush.com/bot.html)" "mantech8.com"
185.191.171.7 - - [13/Oct/2022:01:32:57 -0700] "GET /index.php/camp-fire/49133503.html HTTP/1.1" 500 - "-" "Mozilla/5.0 (compatible; SemrushBot/7~bl; +http://www.semrush.com/bot.html)" "mantech8.com"
114.119.133.165 - - [13/Oct/2022:01:33:27 -0700] "GET /index.php?sitemap892.xml HTTP/1.1" 200 289369 "-" "Mozilla/5.0 (Linux; Android 7.0;) AppleWebKit/537.36 (KHTML, like Gecko) Mobile Safari/537.36 (compatible; PetalBot;+https://webmaster.petalsearch.com/site/petalbot)" "mantech8.com"
185.191.171.10 - - [13/Oct/2022:01:34:05 -0700] "GET /index.php/camp-fire/36606138.html HTTP/1.1" 500 - "-" "Mozilla/5.0 (compatible; SemrushBot/7~bl; +http://www.semrush.com/bot.html)" "mantech8.com"
185.191.171.24 - - [13/Oct/2022:01:34:25 -0700] "GET /index.php/camp-fire/47276088.html HTTP/1.1" 500 - "-" "Mozilla/5.0 (compatible; SemrushBot/7~bl; +http://www.semrush.com/bot.html)" "mantech8.com"
185.191.171.42 - - [13/Oct/2022:01:35:03 -0700] "GET /index.php/camp-fire/39416492.html HTTP/1.1" 500 - "-" "Mozilla/5.0 (compatible; SemrushBot/7~bl; +http://www.semrush.com/bot.html)" "mantech8.com"
185.191.171.45 - - [13/Oct/2022:01:35:31 -0700] "GET /index.php/camp-fire/69993669.html HTTP/1.1" 500 - "-" "Mozilla/5.0 (compatible; SemrushBot/7~bl; +http://www.semrush.com/bot.html)" "mantech8.com"
185.191.171.16 - - [13/Oct/2022:01:35:40 -0700] "GET /index.php/camp-fire/35687250.html HTTP/1.1" 500 - "-" "Mozilla/5.0 (compatible; SemrushBot/7~bl; +http://www.semrush.com/bot.html)" "mantech8.com"
185.191.171.5 - - [13/Oct/2022:01:36:02 -0700] "GET /index.php/camp-fire/42204550.html HTTP/1.1" 500 - "-" "Mozilla/5.0 (compatible; SemrushBot/7~bl; +http://www.semrush.com/bot.html)" "mantech8.com"
185.191.171.38 - - [13/Oct/2022:01:36:36 -0700] "GET /index.php/camp-fire/34607868.html HTTP/1.1" 500 - "-" "Mozilla/5.0 (compatible; SemrushBot/7~bl; +http://www.semrush.com/bot.html)" "mantech8.com"
185.191.171.38 - - [13/Oct/2022:01:37:17 -0700] "GET /index.php/camp-fire/3307100.html HTTP/1.1" 500 - "-" "Mozilla/5.0 (compatible; SemrushBot/7~bl; +http://www.semrush.com/bot.html)" "mantech8.com"
185.191.171.16 - - [13/Oct/2022:01:37:55 -0700] "GET /index.php/camp-fire/32684771.html HTTP/1.1" 500 - "-" "Mozilla/5.0 (compatible; SemrushBot/7~bl; +http://www.semrush.com/bot.html)" "mantech8.com"
185.191.171.16 - - [13/Oct/2022:01:38:46 -0700] "GET /index.php/camp-fire/44581950.html HTTP/1.1" 500 - "-" "Mozilla/5.0 (compatible; SemrushBot/7~bl; +http://www.semrush.com/bot.html)" "mantech8.com"
185.191.171.10 - - [13/Oct/2022:01:38:56 -0700] "GET /index.php/camp-fire/33025325.html HTTP/1.1" 500 - "-" "Mozilla/5.0 (compatible; SemrushBot/7~bl; +http://www.semrush.com/bot.html)" "mantech8.com"
185.191.171.36 - - [13/Oct/2022:01:39:06 -0700] "GET /index.php/camp-fire/49989202.html HTTP/1.1" 500 - "-" "Mozilla/5.0 (compatible; SemrushBot/7~bl; +http://www.semrush.com/bot.html)" "mantech8.com"
114.119.133.182 - - [13/Oct/2022:01:39:09 -0700] "GET /bimages/scafg/db_triggers.php HTTP/1.1" 200 32 "http://www.mantech8.com/bimages/scafg/?C=D%3BO%3DA" "Mozilla/5.0 (Linux; Android 7.0;) AppleWebKit/537.36 (KHTML, like Gecko) Mobile Safari/537.36 (compatible; PetalBot;+https://webmaster.petalsearch.com/site/petalbot)" "www.mantech8.com"
185.191.171.44 - - [13/Oct/2022:01:40:24 -0700] "GET /index.php/camp-fire/36247530.html HTTP/1.1" 500 - "-" "Mozilla/5.0 (compatible; SemrushBot/7~bl; +http://www.semrush.com/bot.html)" "mantech8.com"
66.249.66.64 - - [13/Oct/2022:01:40:35 -0700] "GET /prinker.xml HTTP/1.1" 404 88 "-" "Mozilla/5.0 (compatible; Googlebot/2.1; +http://www.google.com/bot.html)" "mantech8.com"
185.191.171.19 - - [13/Oct/2022:01:40:47 -0700] "GET /index.php/camp-fire/1922551.html HTTP/1.1" 500 - "-" "Mozilla/5.0 (compatible; SemrushBot/7~bl; +http://www.semrush.com/bot.html)" "mantech8.com"
34.219.163.255 - - [13/Oct/2022:01:41:02 -0700] "GET /index.php?camp-fire/10281413.html HTTP/1.1" 500 - "-" "Mozilla/5.0 (Windows NT 6.1; Win64; x64) AppleWebKit/537.36 (KHTML, like Gecko) Chrome/72.0.3626.109 Safari/537.36" "www.mantech8.com"
185.191.171.22 - - [13/Oct/2022:01:41:37 -0700] "GET /index.php/camp-fire/28441964.html HTTP/1.1" 500 - "-" "Mozilla/5.0 (compatible; SemrushBot/7~bl; +http://www.semrush.com/bot.html)" "mantech8.com"
185.191.171.3 - - [13/Oct/2022:01:41:59 -0700] "GET /index.php/camp-fire/7642308.html HTTP/1.1" 500 - "-" "Mozilla/5.0 (compatible; SemrushBot/7~bl; +http://www.semrush.com/bot.html)" "mantech8.com"
185.191.171.15 - - [13/Oct/2022:01:43:09 -0700] "GET /index.php/camp-fire/37090978.html HTTP/1.1" 500 - "-" "Mozilla/5.0 (compatible; SemrushBot/7~bl; +http://www.semrush.com/bot.html)" "mantech8.com"
185.191.171.35 - - [13/Oct/2022:01:43:33 -0700] "GET /index.php/camp-fire/33447093.html HTTP/1.1" 500 - "-" "Mozilla/5.0 (compatible; SemrushBot/7~bl; +http://www.semrush.com/bot.html)" "mantech8.com"
185.191.171.35 - - [13/Oct/2022:01:44:06 -0700] "GET /index.php/camp-fire/29305080.html HTTP/1.1" 500 - "-" "Mozilla/5.0 (compatible; SemrushBot/7~bl; +http://www.semrush.com/bot.html)" "mantech8.com"
185.191.171.44 - - [13/Oct/2022:01:44:07 -0700] "GET /index.php/camp-fire/41942868.html HTTP/1.1" 500 - "-" "Mozilla/5.0 (compatible; SemrushBot/7~bl; +http://www.semrush.com/bot.html)" "mantech8.com"
185.191.171.25 - - [13/Oct/2022:01:44:29 -0700] "GET /index.php/camp-fire/30486041.html HTTP/1.1" 500 - "-" "Mozilla/5.0 (compatible; SemrushBot/7~bl; +http://www.semrush.com/bot.html)" "mantech8.com"
194.113.35.159 - - [13/Oct/2022:01:44:50 -0700] "GET /index.php?/product_infoe68f.html?productid=538 HTTP/1.1" 500 - "https://www.mantech8.com/index.php?/product_infoe68f.html?productid=538" "Mozilla/5.0 (Windows NT 10.0; WOW64; Rv:50.0) Gecko/20100101 Firefox/50.0" "www.mantech8.com"
45.143.164.11 - - [13/Oct/2022:01:44:52 -0700] "GET /index.php?/product_infoe68f.html?productid=538'[0] HTTP/1.1" 500 - "https://www.mantech8.com/index.php?/product_infoe68f.html?productid=538'[0]" "Mozilla/5.0 (Windows NT 10.0; WOW64; Rv:50.0) Gecko/20100101 Firefox/50.0" "www.mantech8.com"
114.119.133.182 - - [13/Oct/2022:01:44:52 -0700] "GET /bimages/video/?C=M%3BO%3DA HTTP/1.1" 200 550 "http://mantech8.com/bimages/video/?C=S%3BO%3DA" "Mozilla/5.0 (Linux; Android 7.0;) AppleWebKit/537.36 (KHTML, like Gecko) Mobile Safari/537.36 (compatible; PetalBot;+https://webmaster.petalsearch.com/site/petalbot)" "mantech8.com"
185.191.171.26 - - [13/Oct/2022:01:44:58 -0700] "GET /index.php/camp-fire/3419500.html HTTP/1.1" 500 - "-" "Mozilla/5.0 (compatible; SemrushBot/7~bl; +http://www.semrush.com/bot.html)" "mantech8.com"
185.191.171.39 - - [13/Oct/2022:01:45:31 -0700] "GET /index.php/camp-fire/28551471.html HTTP/1.1" 500 - "-" "Mozilla/5.0 (compatible; SemrushBot/7~bl; +http://www.semrush.com/bot.html)" "mantech8.com"
185.191.171.37 - - [13/Oct/2022:01:45:35 -0700] "GET /index.php/camp-fire/35761650.html HTTP/1.1" 500 - "-" "Mozilla/5.0 (compatible; SemrushBot/7~bl; +http://www.semrush.com/bot.html)" "mantech8.com"
185.191.171.22 - - [13/Oct/2022:01:46:00 -0700] "GET /index.php/camp-fire/18667987.html HTTP/1.1" 500 - "-" "Mozilla/5.0 (compatible; SemrushBot/7~bl; +http://www.semrush.com/bot.html)" "mantech8.com"
185.191.171.42 - - [13/Oct/2022:01:46:32 -0700] "GET /index.php/camp-fire/8714721.html HTTP/1.1" 500 - "-" "Mozilla/5.0 (compatible; SemrushBot/7~bl; +http://www.semrush.com/bot.html)" "mantech8.com"
185.191.171.6 - - [13/Oct/2022:01:46:55 -0700] "GET /index.php/camp-fire/27674271.html HTTP/1.1" 500 - "-" "Mozilla/5.0 (compatible; SemrushBot/7~bl; +http://www.semrush.com/bot.html)" "mantech8.com"
185.191.171.21 - - [13/Oct/2022:01:47:34 -0700] "GET /index.php/camp-fire/34871059.html HTTP/1.1" 500 - "-" "Mozilla/5.0 (compatible; SemrushBot/7~bl; +http://www.semrush.com/bot.html)" "mantech8.com"
185.191.171.8 - - [13/Oct/2022:01:47:44 -0700] "GET /index.php/camp-fire/286798.html HTTP/1.1" 500 - "-" "Mozilla/5.0 (compatible; SemrushBot/7~bl; +http://www.semrush.com/bot.html)" "mantech8.com"
185.191.171.38 - - [13/Oct/2022:01:47:45 -0700] "GET /index.php/camp-fire/42800650.html HTTP/1.1" 500 - "-" "Mozilla/5.0 (compatible; SemrushBot/7~bl; +http://www.semrush.com/bot.html)" "mantech8.com"
64.233.173.13 - - [13/Oct/2022:01:48:07 -0700] "GET /bimages/gallery/thump/bn1.jpg HTTP/1.1" 200 188809 "-" "Mozilla/5.0 (Windows NT 5.1; rv:11.0) Gecko Firefox/11.0 (via ggpht.com GoogleImageProxy)" "www.mantech8.com"
185.191.171.19 - - [13/Oct/2022:01:48:13 -0700] "GET /index.php/camp-fire/45513803.html HTTP/1.1" 500 - "-" "Mozilla/5.0 (compatible; SemrushBot/7~bl; +http://www.semrush.com/bot.html)" "mantech8.com"
185.191.171.25 - - [13/Oct/2022:01:48:47 -0700] "GET /index.php/camp-fire/55117634.html HTTP/1.1" 500 - "-" "Mozilla/5.0 (compatible; SemrushBot/7~bl; +http://www.semrush.com/bot.html)" "mantech8.com"
185.191.171.42 - - [13/Oct/2022:01:49:55 -0700] "GET /index.php/camp-fire/41281288.html HTTP/1.1" 500 - "-" "Mozilla/5.0 (compatible; SemrushBot/7~bl; +http://www.semrush.com/bot.html)" "mantech8.com"
185.191.171.33 - - [13/Oct/2022:01:49:58 -0700] "GET /index.php/camp-fire/3260890.html HTTP/1.1" 500 - "-" "Mozilla/5.0 (compatible; SemrushBot/7~bl; +http://www.semrush.com/bot.html)" "mantech8.com"
185.191.171.5 - - [13/Oct/2022:01:50:14 -0700] "GET /index.php/camp-fire/34675797.html HTTP/1.1" 500 - "-" "Mozilla/5.0 (compatible; SemrushBot/7~bl; +http://www.semrush.com/bot.html)" "mantech8.com"
185.191.171.8 - - [13/Oct/2022:01:50:20 -0700] "GET /index.php/camp-fire/3865974.html HTTP/1.1" 500 - "-" "Mozilla/5.0 (compatible; SemrushBot/7~bl; +http://www.semrush.com/bot.html)" "mantech8.com"
185.191.171.26 - - [13/Oct/2022:01:50:25 -0700] "GET /index.php/camp-fire/47718188.html HTTP/1.1" 500 - "-" "Mozilla/5.0 (compatible; SemrushBot/7~bl; +http://www.semrush.com/bot.html)" "mantech8.com"
114.119.133.166 - - [13/Oct/2022:01:50:26 -0700] "GET /bimages/gallery/s5.jpg HTTP/1.1" 200 121785 "http://mantech8.com/gallery.php" "Mozilla/5.0 (Linux; Android 7.0;) AppleWebKit/537.36 (KHTML, like Gecko) Mobile Safari/537.36 (compatible; PetalBot;+https://webmaster.petalsearch.com/site/petalbot)" "mantech8.com"
185.191.171.25 - - [13/Oct/2022:01:50:30 -0700] "GET /index.php/camp-fire/35590209.html HTTP/1.1" 500 - "-" "Mozilla/5.0 (compatible; SemrushBot/7~bl; +http://www.semrush.com/bot.html)" "mantech8.com"
185.191.171.23 - - [13/Oct/2022:01:50:56 -0700] "GET /index.php/camp-fire/3992574.html HTTP/1.1" 500 - "-" "Mozilla/5.0 (compatible; SemrushBot/7~bl; +http://www.semrush.com/bot.html)" "mantech8.com"
185.191.171.45 - - [13/Oct/2022:01:51:31 -0700] "GET /index.php/camp-fire/39064335.html HTTP/1.1" 500 - "-" "Mozilla/5.0 (compatible; SemrushBot/7~bl; +http://www.semrush.com/bot.html)" "mantech8.com"
185.191.171.18 - - [13/Oct/2022:01:52:31 -0700] "GET /index.php/camp-fire/40554992.html HTTP/1.1" 500 - "-" "Mozilla/5.0 (compatible; SemrushBot/7~bl; +http://www.semrush.com/bot.html)" "mantech8.com"
40.77.167.95 - - [13/Oct/2022:01:52:37 -0700] "GET /robots.txt HTTP/1.1" 200 106 "-" "Mozilla/5.0 AppleWebKit/537.36 (KHTML, like Gecko; compatible; bingbot/2.0; +http://www.bing.com/bingbot.htm) Chrome/103.0.5060.134 Safari/537.36" "mantech8.com"
185.191.171.14 - - [13/Oct/2022:01:52:55 -0700] "GET /index.php/camp-fire/24523230.html HTTP/1.1" 500 - "-" "Mozilla/5.0 (compatible; SemrushBot/7~bl; +http://www.semrush.com/bot.html)" "mantech8.com"
185.191.171.19 - - [13/Oct/2022:01:54:02 -0700] "GET /index.php/camp-fire/4596998.html HTTP/1.1" 500 - "-" "Mozilla/5.0 (compatible; SemrushBot/7~bl; +http://www.semrush.com/bot.html)" "mantech8.com"
185.191.171.23 - - [13/Oct/2022:01:54:07 -0700] "GET /index.php/camp-fire/32752155.html HTTP/1.1" 500 - "-" "Mozilla/5.0 (compatible; SemrushBot/7~bl; +http://www.semrush.com/bot.html)" "mantech8.com"
185.191.171.25 - - [13/Oct/2022:01:54:22 -0700] "GET /index.php/camp-fire/47449550.html HTTP/1.1" 500 - "-" "Mozilla/5.0 (compatible; SemrushBot/7~bl; +http://www.semrush.com/bot.html)" "mantech8.com"
157.55.39.216 - - [13/Oct/2022:01:54:33 -0700] "GET /robots.txt HTTP/1.1" 200 106 "-" "Mozilla/5.0 (compatible; bingbot/2.0; +http://www.bing.com/bingbot.htm)" "mantech8.com"
157.55.39.216 - - [13/Oct/2022:01:54:33 -0700] "GET /robots.txt HTTP/1.1" 200 106 "-" "Mozilla/5.0 (compatible; bingbot/2.0; +http://www.bing.com/bingbot.htm)" "mantech8.com"
185.191.171.22 - - [13/Oct/2022:01:54:53 -0700] "GET /index.php/camp-fire/33230108.html HTTP/1.1" 500 - "-" "Mozilla/5.0 (compatible; SemrushBot/7~bl; +http://www.semrush.com/bot.html)" "mantech8.com"
185.191.171.38 - - [13/Oct/2022:01:55:07 -0700] "GET /index.php/camp-fire/43047134.html HTTP/1.1" 500 - "-" "Mozilla/5.0 (compatible; SemrushBot/7~bl; +http://www.semrush.com/bot.html)" "mantech8.com"
185.191.171.8 - - [13/Oct/2022:01:55:39 -0700] "GET /index.php/camp-fire/8235978.html HTTP/1.1" 500 - "-" "Mozilla/5.0 (compatible; SemrushBot/7~bl; +http://www.semrush.com/bot.html)" "mantech8.com"
114.119.133.166 - - [13/Oct/2022:01:56:06 -0700] "GET /?scillism.xml HTTP/1.1" 200 270451 "-" "Mozilla/5.0 (Linux; Android 7.0;) AppleWebKit/537.36 (KHTML, like Gecko) Mobile Safari/537.36 (compatible; PetalBot;+https://webmaster.petalsearch.com/site/petalbot)" "mantech8.com"
185.191.171.10 - - [13/Oct/2022:01:56:17 -0700] "GET /index.php/camp-fire/38265603.html HTTP/1.1" 500 - "-" "Mozilla/5.0 (compatible; SemrushBot/7~bl; +http://www.semrush.com/bot.html)" "mantech8.com"
185.191.171.13 - - [13/Oct/2022:01:57:20 -0700] "GET /index.php/camp-fire/29301706.html HTTP/1.1" 500 - "-" "Mozilla/5.0 (compatible; SemrushBot/7~bl; +http://www.semrush.com/bot.html)" "mantech8.com"
185.191.171.3 - - [13/Oct/2022:01:57:36 -0700] "GET /index.php/camp-fire/37341559.html HTTP/1.1" 500 - "-" "Mozilla/5.0 (compatible; SemrushBot/7~bl; +http://www.semrush.com/bot.html)" "mantech8.com"
185.191.171.15 - - [13/Oct/2022:01:58:05 -0700] "GET /index.php/camp-fire/50524003.html HTTP/1.1" 500 - "-" "Mozilla/5.0 (compatible; SemrushBot/7~bl; +http://www.semrush.com/bot.html)" "mantech8.com"
185.191.171.38 - - [13/Oct/2022:01:58:29 -0700] "GET /index.php/camp-fire/42006593.html HTTP/1.1" 500 - "-" "Mozilla/5.0 (compatible; SemrushBot/7~bl; +http://www.semrush.com/bot.html)" "mantech8.com"
185.191.171.22 - - [13/Oct/2022:01:58:53 -0700] "GET /index.php/camp-fire/33130916.html HTTP/1.1" 500 - "-" "Mozilla/5.0 (compatible; SemrushBot/7~bl; +http://www.semrush.com/bot.html)" "mantech8.com"
142.44.212.237 - - [13/Oct/2022:01:58:57 -0700] "GET /index.php?camp-fire/56240723.html HTTP/1.1" 500 - "https://www.mantech8.com/index.php?camp-fire/56240723.html" "Mozilla/5.0 (Windows NT 10.0; Win64; x64) AppleWebKit/537.36 (KHTML, like Gecko) Chrome/90.0.4430.86 Safari/537.36" "www.mantech8.com"
142.44.212.237 - - [13/Oct/2022:01:58:58 -0700] "GET / HTTP/1.1" 500 - "https://www.mantech8.com/" "Mozilla/5.0 (Windows NT 10.0; Win64; x64) AppleWebKit/537.36 (KHTML, like Gecko) Chrome/90.0.4430.86 Safari/537.36" "www.mantech8.com"
185.191.171.42 - - [13/Oct/2022:01:59:43 -0700] "GET /index.php/camp-fire/41524971.html HTTP/1.1" 500 - "-" "Mozilla/5.0 (compatible; SemrushBot/7~bl; +http://www.semrush.com/bot.html)" "mantech8.com"
185.191.171.6 - - [13/Oct/2022:02:00:22 -0700] "GET /index.php/camp-fire/4218085.html HTTP/1.1" 500 - "-" "Mozilla/5.0 (compatible; SemrushBot/7~bl; +http://www.semrush.com/bot.html)" "mantech8.com"
185.191.171.37 - - [13/Oct/2022:02:00:34 -0700] "GET /index.php/camp-fire/9681442.html HTTP/1.1" 500 - "-" "Mozilla/5.0 (compatible; SemrushBot/7~bl; +http://www.semrush.com/bot.html)" "mantech8.com"
185.191.171.17 - - [13/Oct/2022:02:01:46 -0700] "GET /index.php/camp-fire/4794955.html HTTP/1.1" 500 - "-" "Mozilla/5.0 (compatible; SemrushBot/7~bl; +http://www.semrush.com/bot.html)" "mantech8.com"
185.191.171.38 - - [13/Oct/2022:02:01:47 -0700] "GET /index.php/camp-fire/35881650.html HTTP/1.1" 500 - "-" "Mozilla/5.0 (compatible; SemrushBot/7~bl; +http://www.semrush.com/bot.html)" "mantech8.com"
114.119.133.182 - - [13/Oct/2022:02:01:47 -0700] "GET /?sitemap6739.xml HTTP/1.1" 200 270545 "-" "Mozilla/5.0 (compatible;PetalBot;+https://webmaster.petalsearch.com/site/petalbot)" "mantech8.com"
185.191.171.2 - - [13/Oct/2022:02:03:02 -0700] "GET /index.php/camp-fire/37385650.html HTTP/1.1" 500 - "-" "Mozilla/5.0 (compatible; SemrushBot/7~bl; +http://www.semrush.com/bot.html)" "mantech8.com"
185.191.171.11 - - [13/Oct/2022:02:03:54 -0700] "GET /index.php/camp-fire/49229502.html HTTP/1.1" 500 - "-" "Mozilla/5.0 (compatible; SemrushBot/7~bl; +http://www.semrush.com/bot.html)" "mantech8.com"
40.77.167.72 - - [13/Oct/2022:02:04:23 -0700] "GET /index.php?/%E8%99%9A%E8%A1%80%E6%80%A7%E5%BF%83%E7%96%BE%E6%82%A3%EF%BC%88%E7%8B%AD%E5%BF%83%E7%97%87%E3%80%81%E5%BF%83%E7%AD%8B%E6%A2%97%E5%A1%9E%EF%BC%89%E3%81%AE%E8%A8%BA%E6%96%AD%E3%83%BB%E6%B2%BB%E7%99%82 HTTP/1.1" 200 69158 "-" "Mozilla/5.0 (compatible; bingbot/2.0; +http://www.bing.com/bingbot.htm)" "www.mantech8.com"
185.191.171.24 - - [13/Oct/2022:02:04:35 -0700] "GET /index.php/camp-fire/31360763.html HTTP/1.1" 500 - "-" "Mozilla/5.0 (compatible; SemrushBot/7~bl; +http://www.semrush.com/bot.html)" "mantech8.com"
185.191.171.23 - - [13/Oct/2022:02:04:36 -0700] "GET /index.php/camp-fire/6023955.html HTTP/1.1" 500 - "-" "Mozilla/5.0 (compatible; SemrushBot/7~bl; +http://www.semrush.com/bot.html)" "mantech8.com"
185.191.171.4 - - [13/Oct/2022:02:04:38 -0700] "GET /index.php/camp-fire/3594278.html HTTP/1.1" 500 - "-" "Mozilla/5.0 (compatible; SemrushBot/7~bl; +http://www.semrush.com/bot.html)" "mantech8.com"
185.191.171.9 - - [13/Oct/2022:02:04:49 -0700] "GET /index.php/camp-fire/18734342.html HTTP/1.1" 500 - "-" "Mozilla/5.0 (compatible; SemrushBot/7~bl; +http://www.semrush.com/bot.html)" "mantech8.com"
185.191.171.44 - - [13/Oct/2022:02:05:02 -0700] "GET /index.php/camp-fire/32927668.html HTTP/1.1" 500 - "-" "Mozilla/5.0 (compatible; SemrushBot/7~bl; +http://www.semrush.com/bot.html)" "mantech8.com"
185.191.171.43 - - [13/Oct/2022:02:05:10 -0700] "GET /index.php/camp-fire/31875230.html HTTP/1.1" 500 - "-" "Mozilla/5.0 (compatible; SemrushBot/7~bl; +http://www.semrush.com/bot.html)" "mantech8.com"
185.191.171.26 - - [13/Oct/2022:02:05:17 -0700] "GET /index.php/camp-fire/4235185.html HTTP/1.1" 500 - "-" "Mozilla/5.0 (compatible; SemrushBot/7~bl; +http://www.semrush.com/bot.html)" "mantech8.com"
185.191.171.22 - - [13/Oct/2022:02:05:43 -0700] "GET /index.php/camp-fire/30543426.html HTTP/1.1" 500 - "-" "Mozilla/5.0 (compatible; SemrushBot/7~bl; +http://www.semrush.com/bot.html)" "mantech8.com"
