185.191.171.13 - - [12/Oct/2022:18:29:32 -0700] "GET /index.php/camp-fire/33140416.html HTTP/1.1" 500 - "-" "Mozilla/5.0 (compatible; SemrushBot/7~bl; +http://www.semrush.com/bot.html)" "mantech8.com"
114.119.133.182 - - [12/Oct/2022:18:31:03 -0700] "GET /sitemap669.xml HTTP/1.1" 404 88 "-" "Mozilla/5.0 (compatible;PetalBot;+https://webmaster.petalsearch.com/site/petalbot)" "mantech8.com"
185.191.171.45 - - [12/Oct/2022:18:31:20 -0700] "GET /index.php/camp-fire/21685017.html HTTP/1.1" 500 - "-" "Mozilla/5.0 (compatible; SemrushBot/7~bl; +http://www.semrush.com/bot.html)" "mantech8.com"
185.191.171.16 - - [12/Oct/2022:18:31:37 -0700] "GET /index.php/camp-fire/37619078.html HTTP/1.1" 500 - "-" "Mozilla/5.0 (compatible; SemrushBot/7~bl; +http://www.semrush.com/bot.html)" "mantech8.com"
185.191.171.14 - - [12/Oct/2022:18:31:40 -0700] "GET /index.php/camp-fire/29604570.html HTTP/1.1" 500 - "-" "Mozilla/5.0 (compatible; SemrushBot/7~bl; +http://www.semrush.com/bot.html)" "mantech8.com"
185.191.171.16 - - [12/Oct/2022:18:31:48 -0700] "GET /index.php/camp-fire/46952716.html HTTP/1.1" 500 - "-" "Mozilla/5.0 (compatible; SemrushBot/7~bl; +http://www.semrush.com/bot.html)" "mantech8.com"
185.191.171.26 - - [12/Oct/2022:18:32:05 -0700] "GET /index.php/camp-fire/64569235.html HTTP/1.1" 500 - "-" "Mozilla/5.0 (compatible; SemrushBot/7~bl; +http://www.semrush.com/bot.html)" "mantech8.com"
185.191.171.41 - - [12/Oct/2022:18:32:37 -0700] "GET /index.php/camp-fire/28280071.html HTTP/1.1" 500 - "-" "Mozilla/5.0 (compatible; SemrushBot/7~bl; +http://www.semrush.com/bot.html)" "mantech8.com"
185.191.171.2 - - [12/Oct/2022:18:32:50 -0700] "GET /robots.txt HTTP/1.1" 200 106 "-" "Mozilla/5.0 (compatible; SemrushBot/7~bl; +http://www.semrush.com/bot.html)" "mantech8.com"
185.191.171.38 - - [12/Oct/2022:18:32:50 -0700] "GET /index.php/camp-fire/40340850.html HTTP/1.1" 500 - "-" "Mozilla/5.0 (compatible; SemrushBot/7~bl; +http://www.semrush.com/bot.html)" "mantech8.com"
185.191.171.22 - - [12/Oct/2022:18:32:51 -0700] "GET /index.php/camp-fire/4208285.html HTTP/1.1" 500 - "-" "Mozilla/5.0 (compatible; SemrushBot/7~bl; +http://www.semrush.com/bot.html)" "mantech8.com"
185.191.171.12 - - [12/Oct/2022:18:33:37 -0700] "GET /index.php/camp-fire/35835855.html HTTP/1.1" 500 - "-" "Mozilla/5.0 (compatible; SemrushBot/7~bl; +http://www.semrush.com/bot.html)" "mantech8.com"
207.46.13.205 - - [12/Oct/2022:18:34:47 -0700] "GET /bimages/client/client7.png HTTP/1.1" 200 34665 "-" "Mozilla/5.0 AppleWebKit/537.36 (KHTML, like Gecko; compatible; bingbot/2.0; +http://www.bing.com/bingbot.htm) Chrome/103.0.5060.134 Safari/537.36" "www.mantech8.com"
185.191.171.2 - - [12/Oct/2022:18:34:49 -0700] "GET /index.php/camp-fire/37804233.html HTTP/1.1" 500 - "-" "Mozilla/5.0 (compatible; SemrushBot/7~bl; +http://www.semrush.com/bot.html)" "mantech8.com"
185.191.171.25 - - [12/Oct/2022:18:35:56 -0700] "GET /index.php/camp-fire/8367480.html HTTP/1.1" 500 - "-" "Mozilla/5.0 (compatible; SemrushBot/7~bl; +http://www.semrush.com/bot.html)" "mantech8.com"
185.191.171.37 - - [12/Oct/2022:18:36:09 -0700] "GET /index.php/camp-fire/35652850.html HTTP/1.1" 500 - "-" "Mozilla/5.0 (compatible; SemrushBot/7~bl; +http://www.semrush.com/bot.html)" "mantech8.com"
114.119.133.182 - - [12/Oct/2022:18:36:34 -0700] "GET /index.php?sitemap95.xml HTTP/1.1" 200 289190 "-" "Mozilla/5.0 (compatible;PetalBot;+https://webmaster.petalsearch.com/site/petalbot)" "mantech8.com"
185.191.171.15 - - [12/Oct/2022:18:36:38 -0700] "GET /index.php/camp-fire/42179049.html HTTP/1.1" 500 - "-" "Mozilla/5.0 (compatible; SemrushBot/7~bl; +http://www.semrush.com/bot.html)" "mantech8.com"
185.191.171.45 - - [12/Oct/2022:18:36:43 -0700] "GET /index.php/camp-fire/27995571.html HTTP/1.1" 500 - "-" "Mozilla/5.0 (compatible; SemrushBot/7~bl; +http://www.semrush.com/bot.html)" "mantech8.com"
185.191.171.13 - - [12/Oct/2022:18:37:06 -0700] "GET /index.php/camp-fire/63051734.html HTTP/1.1" 500 - "-" "Mozilla/5.0 (compatible; SemrushBot/7~bl; +http://www.semrush.com/bot.html)" "mantech8.com"
207.46.13.184 - - [12/Oct/2022:18:37:13 -0700] "GET /camp-fire/99987427.html HTTP/1.1" 404 88 "-" "Mozilla/5.0 (compatible; bingbot/2.0; +http://www.bing.com/bingbot.htm)" "www.mantech8.com"
185.191.171.22 - - [12/Oct/2022:18:37:41 -0700] "GET /index.php/camp-fire/33527893.html HTTP/1.1" 500 - "-" "Mozilla/5.0 (compatible; SemrushBot/7~bl; +http://www.semrush.com/bot.html)" "mantech8.com"
185.191.171.25 - - [12/Oct/2022:18:38:06 -0700] "GET /index.php/camp-fire/3282898.html HTTP/1.1" 500 - "-" "Mozilla/5.0 (compatible; SemrushBot/7~bl; +http://www.semrush.com/bot.html)" "mantech8.com"
185.191.171.10 - - [12/Oct/2022:18:38:11 -0700] "GET /index.php/camp-fire/28601270.html HTTP/1.1" 500 - "-" "Mozilla/5.0 (compatible; SemrushBot/7~bl; +http://www.semrush.com/bot.html)" "mantech8.com"
185.191.171.9 - - [12/Oct/2022:18:38:12 -0700] "GET /index.php/camp-fire/40561088.html HTTP/1.1" 500 - "-" "Mozilla/5.0 (compatible; SemrushBot/7~bl; +http://www.semrush.com/bot.html)" "mantech8.com"
40.77.167.72 - - [12/Oct/2022:18:38:53 -0700] "GET /index.php?/pxlc/list.htm HTTP/1.1" 200 64369 "-" "Mozilla/5.0 (compatible; bingbot/2.0; +http://www.bing.com/bingbot.htm)" "www.mantech8.com"
185.191.171.3 - - [12/Oct/2022:18:40:02 -0700] "GET /index.php/camp-fire/37004350.html HTTP/1.1" 500 - "-" "Mozilla/5.0 (compatible; SemrushBot/7~bl; +http://www.semrush.com/bot.html)" "mantech8.com"
185.191.171.45 - - [12/Oct/2022:18:40:19 -0700] "GET /index.php/camp-fire/30220535.html HTTP/1.1" 500 - "-" "Mozilla/5.0 (compatible; SemrushBot/7~bl; +http://www.semrush.com/bot.html)" "mantech8.com"
185.191.171.1 - - [12/Oct/2022:18:40:58 -0700] "GET /index.php/camp-fire/24924780.html HTTP/1.1" 500 - "-" "Mozilla/5.0 (compatible; SemrushBot/7~bl; +http://www.semrush.com/bot.html)" "mantech8.com"
185.191.171.44 - - [12/Oct/2022:18:41:35 -0700] "GET /index.php/camp-fire/5335985.html HTTP/1.1" 500 - "-" "Mozilla/5.0 (compatible; SemrushBot/7~bl; +http://www.semrush.com/bot.html)" "mantech8.com"
185.191.171.5 - - [12/Oct/2022:18:41:57 -0700] "GET /index.php/camp-fire/37247197.html HTTP/1.1" 500 - "-" "Mozilla/5.0 (compatible; SemrushBot/7~bl; +http://www.semrush.com/bot.html)" "mantech8.com"
114.119.133.182 - - [12/Oct/2022:18:42:06 -0700] "GET /index.php/sitemap-index-5.xml HTTP/1.1" 200 4843 "-" "Mozilla/5.0 (compatible;PetalBot;+https://webmaster.petalsearch.com/site/petalbot)" "mantech8.com"
185.191.171.37 - - [12/Oct/2022:18:42:12 -0700] "GET /index.php/camp-fire/52721068.html HTTP/1.1" 500 - "-" "Mozilla/5.0 (compatible; SemrushBot/7~bl; +http://www.semrush.com/bot.html)" "mantech8.com"
185.191.171.6 - - [12/Oct/2022:18:42:14 -0700] "GET /index.php/camp-fire/24189106.html HTTP/1.1" 500 - "-" "Mozilla/5.0 (compatible; SemrushBot/7~bl; +http://www.semrush.com/bot.html)" "mantech8.com"
185.191.171.36 - - [12/Oct/2022:18:42:38 -0700] "GET /index.php/camp-fire/32986355.html HTTP/1.1" 500 - "-" "Mozilla/5.0 (compatible; SemrushBot/7~bl; +http://www.semrush.com/bot.html)" "mantech8.com"
185.191.171.25 - - [12/Oct/2022:18:43:18 -0700] "GET /index.php/camp-fire/42642949.html HTTP/1.1" 500 - "-" "Mozilla/5.0 (compatible; SemrushBot/7~bl; +http://www.semrush.com/bot.html)" "mantech8.com"
185.191.171.42 - - [12/Oct/2022:18:43:37 -0700] "GET /index.php/camp-fire/28259435.html HTTP/1.1" 500 - "-" "Mozilla/5.0 (compatible; SemrushBot/7~bl; +http://www.semrush.com/bot.html)" "mantech8.com"
185.191.171.15 - - [12/Oct/2022:18:44:02 -0700] "GET /index.php/camp-fire/28784726.html HTTP/1.1" 500 - "-" "Mozilla/5.0 (compatible; SemrushBot/7~bl; +http://www.semrush.com/bot.html)" "mantech8.com"
185.191.171.10 - - [12/Oct/2022:18:44:04 -0700] "GET /index.php/camp-fire/38826692.html HTTP/1.1" 500 - "-" "Mozilla/5.0 (compatible; SemrushBot/7~bl; +http://www.semrush.com/bot.html)" "mantech8.com"
185.191.171.8 - - [12/Oct/2022:18:44:10 -0700] "GET /index.php/camp-fire/7302080.html HTTP/1.1" 500 - "-" "Mozilla/5.0 (compatible; SemrushBot/7~bl; +http://www.semrush.com/bot.html)" "mantech8.com"
185.191.171.8 - - [12/Oct/2022:18:44:17 -0700] "GET /index.php/camp-fire/8483042.html HTTP/1.1" 500 - "-" "Mozilla/5.0 (compatible; SemrushBot/7~bl; +http://www.semrush.com/bot.html)" "mantech8.com"
185.191.171.16 - - [12/Oct/2022:18:44:33 -0700] "GET /index.php/camp-fire/41037046.html HTTP/1.1" 500 - "-" "Mozilla/5.0 (compatible; SemrushBot/7~bl; +http://www.semrush.com/bot.html)" "mantech8.com"
185.191.171.45 - - [12/Oct/2022:18:45:12 -0700] "GET /index.php/camp-fire/42697817.html HTTP/1.1" 500 - "-" "Mozilla/5.0 (compatible; SemrushBot/7~bl; +http://www.semrush.com/bot.html)" "mantech8.com"
185.191.171.34 - - [12/Oct/2022:18:46:11 -0700] "GET /index.php/camp-fire/9188500.html HTTP/1.1" 500 - "-" "Mozilla/5.0 (compatible; SemrushBot/7~bl; +http://www.semrush.com/bot.html)" "mantech8.com"
185.191.171.36 - - [12/Oct/2022:18:46:39 -0700] "GET /index.php/camp-fire/43840934.html HTTP/1.1" 500 - "-" "Mozilla/5.0 (compatible; SemrushBot/7~bl; +http://www.semrush.com/bot.html)" "mantech8.com"
185.191.171.6 - - [12/Oct/2022:18:47:18 -0700] "GET /index.php/camp-fire/28444464.html HTTP/1.1" 500 - "-" "Mozilla/5.0 (compatible; SemrushBot/7~bl; +http://www.semrush.com/bot.html)" "mantech8.com"
114.119.133.166 - - [12/Oct/2022:18:47:38 -0700] "GET /index.php?sitemap3086.xml HTTP/1.1" 200 289442 "-" "Mozilla/5.0 (compatible;PetalBot;+https://webmaster.petalsearch.com/site/petalbot)" "mantech8.com"
185.191.171.23 - - [12/Oct/2022:18:48:00 -0700] "GET /index.php/camp-fire/35767364.html HTTP/1.1" 500 - "-" "Mozilla/5.0 (compatible; SemrushBot/7~bl; +http://www.semrush.com/bot.html)" "mantech8.com"
185.191.171.4 - - [12/Oct/2022:18:48:08 -0700] "GET /index.php/camp-fire/55338992.html HTTP/1.1" 500 - "-" "Mozilla/5.0 (compatible; SemrushBot/7~bl; +http://www.semrush.com/bot.html)" "mantech8.com"
185.191.171.2 - - [12/Oct/2022:18:48:46 -0700] "GET /index.php/camp-fire/289198.html HTTP/1.1" 500 - "-" "Mozilla/5.0 (compatible; SemrushBot/7~bl; +http://www.semrush.com/bot.html)" "mantech8.com"
185.191.171.22 - - [12/Oct/2022:18:48:55 -0700] "GET /index.php/camp-fire/33687808.html HTTP/1.1" 500 - "-" "Mozilla/5.0 (compatible; SemrushBot/7~bl; +http://www.semrush.com/bot.html)" "mantech8.com"
185.191.171.5 - - [12/Oct/2022:18:49:03 -0700] "GET /index.php/camp-fire/3195678.html HTTP/1.1" 500 - "-" "Mozilla/5.0 (compatible; SemrushBot/7~bl; +http://www.semrush.com/bot.html)" "mantech8.com"
185.191.171.6 - - [12/Oct/2022:18:49:36 -0700] "GET /index.php/camp-fire/37561566.html HTTP/1.1" 500 - "-" "Mozilla/5.0 (compatible; SemrushBot/7~bl; +http://www.semrush.com/bot.html)" "mantech8.com"
185.191.171.7 - - [12/Oct/2022:18:50:07 -0700] "GET /index.php/camp-fire/33434193.html HTTP/1.1" 500 - "-" "Mozilla/5.0 (compatible; SemrushBot/7~bl; +http://www.semrush.com/bot.html)" "mantech8.com"
185.191.171.42 - - [12/Oct/2022:18:50:09 -0700] "GET /index.php/camp-fire/33796608.html HTTP/1.1" 500 - "-" "Mozilla/5.0 (compatible; SemrushBot/7~bl; +http://www.semrush.com/bot.html)" "mantech8.com"
185.191.171.24 - - [12/Oct/2022:18:51:04 -0700] "GET /index.php/camp-fire/44170202.html HTTP/1.1" 500 - "-" "Mozilla/5.0 (compatible; SemrushBot/7~bl; +http://www.semrush.com/bot.html)" "mantech8.com"
185.191.171.26 - - [12/Oct/2022:18:51:34 -0700] "GET /index.php/camp-fire/75022072.html HTTP/1.1" 500 - "-" "Mozilla/5.0 (compatible; SemrushBot/7~bl; +http://www.semrush.com/bot.html)" "mantech8.com"
185.191.171.41 - - [12/Oct/2022:18:52:11 -0700] "GET /index.php/camp-fire/38590608.html HTTP/1.1" 500 - "-" "Mozilla/5.0 (compatible; SemrushBot/7~bl; +http://www.semrush.com/bot.html)" "mantech8.com"
185.191.171.24 - - [12/Oct/2022:18:52:37 -0700] "GET /index.php/camp-fire/7704621.html HTTP/1.1" 500 - "-" "Mozilla/5.0 (compatible; SemrushBot/7~bl; +http://www.semrush.com/bot.html)" "mantech8.com"
207.46.13.70 - - [12/Oct/2022:18:52:38 -0700] "GET /?/articlecontentitemid42b0a1a3-4565-475e-ab34-daa4ba7d86ba.html HTTP/1.1" 200 67697 "-" "Mozilla/5.0 (compatible; bingbot/2.0; +http://www.bing.com/bingbot.htm)" "mantech8.com"
185.191.171.5 - - [12/Oct/2022:18:52:42 -0700] "GET /index.php/camp-fire/7596521.html HTTP/1.1" 500 - "-" "Mozilla/5.0 (compatible; SemrushBot/7~bl; +http://www.semrush.com/bot.html)" "mantech8.com"
185.191.171.11 - - [12/Oct/2022:18:53:06 -0700] "GET /index.php/camp-fire/44473371.html HTTP/1.1" 500 - "-" "Mozilla/5.0 (compatible; SemrushBot/7~bl; +http://www.semrush.com/bot.html)" "mantech8.com"
114.119.133.182 - - [12/Oct/2022:18:53:12 -0700] "GET /bimages/pipeg/?C=S%3BO%3DA HTTP/1.1" 200 569 "http://www.mantech8.com/bimages/pipeg/" "Mozilla/5.0 (Linux; Android 7.0;) AppleWebKit/537.36 (KHTML, like Gecko) Mobile Safari/537.36 (compatible; PetalBot;+https://webmaster.petalsearch.com/site/petalbot)" "www.mantech8.com"
185.191.171.5 - - [12/Oct/2022:18:53:16 -0700] "GET /index.php/camp-fire/27281821.html HTTP/1.1" 500 - "-" "Mozilla/5.0 (compatible; SemrushBot/7~bl; +http://www.semrush.com/bot.html)" "mantech8.com"
185.191.171.42 - - [12/Oct/2022:18:53:55 -0700] "GET /index.php/camp-fire/37772350.html HTTP/1.1" 500 - "-" "Mozilla/5.0 (compatible; SemrushBot/7~bl; +http://www.semrush.com/bot.html)" "mantech8.com"
185.191.171.10 - - [12/Oct/2022:18:54:03 -0700] "GET /index.php/camp-fire/38149803.html HTTP/1.1" 500 - "-" "Mozilla/5.0 (compatible; SemrushBot/7~bl; +http://www.semrush.com/bot.html)" "mantech8.com"
185.191.171.4 - - [12/Oct/2022:18:54:30 -0700] "GET /index.php/camp-fire/34813047.html HTTP/1.1" 500 - "-" "Mozilla/5.0 (compatible; SemrushBot/7~bl; +http://www.semrush.com/bot.html)" "mantech8.com"
77.75.73.26 - - [12/Oct/2022:18:55:09 -0700] "GET /?sitemap-index-3.xml HTTP/1.1" 200 4266 "-" "Mozilla/5.0 (compatible; SeznamBot/4.0-RC1; +http://napoveda.seznam.cz/seznambot-intro/)" "mantech8.com"
216.244.66.241 - - [12/Oct/2022:18:55:21 -0700] "GET /robots.txt HTTP/1.1" 200 222 "-" "Mozilla/5.0 (compatible; DotBot/1.2; +https://opensiteexplorer.org/dotbot; help@moz.com)" "mantech8.com"
216.244.66.241 - - [12/Oct/2022:18:55:21 -0700] "GET /robots.txt HTTP/1.1" 200 222 "-" "Mozilla/5.0 (compatible; DotBot/1.2; +https://opensiteexplorer.org/dotbot; help@moz.com)" "www.mantech8.com"
185.191.171.6 - - [12/Oct/2022:18:55:38 -0700] "GET /index.php/camp-fire/40810108.html HTTP/1.1" 500 - "-" "Mozilla/5.0 (compatible; SemrushBot/7~bl; +http://www.semrush.com/bot.html)" "mantech8.com"
185.191.171.16 - - [12/Oct/2022:18:55:42 -0700] "GET /index.php/camp-fire/33086816.html HTTP/1.1" 500 - "-" "Mozilla/5.0 (compatible; SemrushBot/7~bl; +http://www.semrush.com/bot.html)" "mantech8.com"
185.191.171.1 - - [12/Oct/2022:18:56:26 -0700] "GET /index.php/camp-fire/27477526.html HTTP/1.1" 500 - "-" "Mozilla/5.0 (compatible; SemrushBot/7~bl; +http://www.semrush.com/bot.html)" "mantech8.com"
185.191.171.34 - - [12/Oct/2022:18:56:27 -0700] "GET /index.php/camp-fire/32685471.html HTTP/1.1" 500 - "-" "Mozilla/5.0 (compatible; SemrushBot/7~bl; +http://www.semrush.com/bot.html)" "mantech8.com"
185.191.171.36 - - [12/Oct/2022:18:56:54 -0700] "GET /index.php/camp-fire/41232393.html HTTP/1.1" 500 - "-" "Mozilla/5.0 (compatible; SemrushBot/7~bl; +http://www.semrush.com/bot.html)" "mantech8.com"
185.191.171.1 - - [12/Oct/2022:18:57:21 -0700] "GET /index.php/camp-fire/33424006.html HTTP/1.1" 500 - "-" "Mozilla/5.0 (compatible; SemrushBot/7~bl; +http://www.semrush.com/bot.html)" "mantech8.com"
185.191.171.33 - - [12/Oct/2022:18:57:22 -0700] "GET /index.php/camp-fire/20543561.html HTTP/1.1" 500 - "-" "Mozilla/5.0 (compatible; SemrushBot/7~bl; +http://www.semrush.com/bot.html)" "mantech8.com"
185.191.171.39 - - [12/Oct/2022:18:58:12 -0700] "GET /index.php/camp-fire/30291009.html HTTP/1.1" 500 - "-" "Mozilla/5.0 (compatible; SemrushBot/7~bl; +http://www.semrush.com/bot.html)" "mantech8.com"
185.191.171.36 - - [12/Oct/2022:18:58:23 -0700] "GET /index.php/camp-fire/87096680.html HTTP/1.1" 500 - "-" "Mozilla/5.0 (compatible; SemrushBot/7~bl; +http://www.semrush.com/bot.html)" "mantech8.com"
185.191.171.20 - - [12/Oct/2022:18:59:27 -0700] "GET /index.php/camp-fire/33902008.html HTTP/1.1" 500 - "-" "Mozilla/5.0 (compatible; SemrushBot/7~bl; +http://www.semrush.com/bot.html)" "mantech8.com"
185.191.171.38 - - [12/Oct/2022:19:00:03 -0700] "GET /index.php/camp-fire/33764506.html HTTP/1.1" 500 - "-" "Mozilla/5.0 (compatible; SemrushBot/7~bl; +http://www.semrush.com/bot.html)" "mantech8.com"
185.191.171.36 - - [12/Oct/2022:19:00:21 -0700] "GET /index.php/camp-fire/29321566.html HTTP/1.1" 500 - "-" "Mozilla/5.0 (compatible; SemrushBot/7~bl; +http://www.semrush.com/bot.html)" "mantech8.com"
185.191.171.9 - - [12/Oct/2022:19:00:23 -0700] "GET /index.php/camp-fire/8509480.html HTTP/1.1" 500 - "-" "Mozilla/5.0 (compatible; SemrushBot/7~bl; +http://www.semrush.com/bot.html)" "mantech8.com"
185.191.171.4 - - [12/Oct/2022:19:00:33 -0700] "GET /index.php/camp-fire/27674071.html HTTP/1.1" 500 - "-" "Mozilla/5.0 (compatible; SemrushBot/7~bl; +http://www.semrush.com/bot.html)" "mantech8.com"
185.191.171.36 - - [12/Oct/2022:19:01:04 -0700] "GET /index.php/camp-fire/23543200.html HTTP/1.1" 500 - "-" "Mozilla/5.0 (compatible; SemrushBot/7~bl; +http://www.semrush.com/bot.html)" "mantech8.com"
185.191.171.3 - - [12/Oct/2022:19:01:54 -0700] "GET /index.php/camp-fire/4495893.html HTTP/1.1" 500 - "-" "Mozilla/5.0 (compatible; SemrushBot/7~bl; +http://www.semrush.com/bot.html)" "mantech8.com"
185.191.171.34 - - [12/Oct/2022:19:02:04 -0700] "GET /index.php/camp-fire/40143788.html HTTP/1.1" 500 - "-" "Mozilla/5.0 (compatible; SemrushBot/7~bl; +http://www.semrush.com/bot.html)" "mantech8.com"
185.191.171.34 - - [12/Oct/2022:19:02:33 -0700] "GET /index.php/camp-fire/30626055.html HTTP/1.1" 500 - "-" "Mozilla/5.0 (compatible; SemrushBot/7~bl; +http://www.semrush.com/bot.html)" "mantech8.com"
185.191.171.4 - - [12/Oct/2022:19:03:09 -0700] "GET /index.php/camp-fire/41408178.html HTTP/1.1" 500 - "-" "Mozilla/5.0 (compatible; SemrushBot/7~bl; +http://www.semrush.com/bot.html)" "mantech8.com"
185.191.171.9 - - [12/Oct/2022:19:03:18 -0700] "GET /index.php/camp-fire/86195326.html HTTP/1.1" 500 - "-" "Mozilla/5.0 (compatible; SemrushBot/7~bl; +http://www.semrush.com/bot.html)" "mantech8.com"
185.191.171.4 - - [12/Oct/2022:19:03:39 -0700] "GET /index.php/camp-fire/29311650.html HTTP/1.1" 500 - "-" "Mozilla/5.0 (compatible; SemrushBot/7~bl; +http://www.semrush.com/bot.html)" "mantech8.com"
185.191.171.37 - - [12/Oct/2022:19:04:16 -0700] "GET /index.php/camp-fire/97482271.html HTTP/1.1" 500 - "-" "Mozilla/5.0 (compatible; SemrushBot/7~bl; +http://www.semrush.com/bot.html)" "mantech8.com"
114.119.133.166 - - [12/Oct/2022:19:04:18 -0700] "GET /?sitemap4357.xml HTTP/1.1" 200 270321 "-" "Mozilla/5.0 (Linux; Android 7.0;) AppleWebKit/537.36 (KHTML, like Gecko) Mobile Safari/537.36 (compatible; PetalBot;+https://webmaster.petalsearch.com/site/petalbot)" "mantech8.com"
185.191.171.22 - - [12/Oct/2022:19:04:29 -0700] "GET /index.php/camp-fire/48394530.html HTTP/1.1" 500 - "-" "Mozilla/5.0 (compatible; SemrushBot/7~bl; +http://www.semrush.com/bot.html)" "mantech8.com"
185.191.171.11 - - [12/Oct/2022:19:04:35 -0700] "GET /index.php/camp-fire/35034425.html HTTP/1.1" 500 - "-" "Mozilla/5.0 (compatible; SemrushBot/7~bl; +http://www.semrush.com/bot.html)" "mantech8.com"
185.191.171.11 - - [12/Oct/2022:19:05:00 -0700] "GET /index.php/camp-fire/32415606.html HTTP/1.1" 500 - "-" "Mozilla/5.0 (compatible; SemrushBot/7~bl; +http://www.semrush.com/bot.html)" "mantech8.com"
185.191.171.36 - - [12/Oct/2022:19:05:52 -0700] "GET /index.php/camp-fire/40475592.html HTTP/1.1" 500 - "-" "Mozilla/5.0 (compatible; SemrushBot/7~bl; +http://www.semrush.com/bot.html)" "mantech8.com"
185.191.171.37 - - [12/Oct/2022:19:07:48 -0700] "GET /index.php/camp-fire/39478735.html HTTP/1.1" 500 - "-" "Mozilla/5.0 (compatible; SemrushBot/7~bl; +http://www.semrush.com/bot.html)" "mantech8.com"
185.191.171.12 - - [12/Oct/2022:19:08:33 -0700] "GET /index.php/camp-fire/34021493.html HTTP/1.1" 500 - "-" "Mozilla/5.0 (compatible; SemrushBot/7~bl; +http://www.semrush.com/bot.html)" "mantech8.com"
185.191.171.14 - - [12/Oct/2022:19:08:41 -0700] "GET /index.php/camp-fire/28917064.html HTTP/1.1" 500 - "-" "Mozilla/5.0 (compatible; SemrushBot/7~bl; +http://www.semrush.com/bot.html)" "mantech8.com"
185.191.171.36 - - [12/Oct/2022:19:08:42 -0700] "GET /index.php/camp-fire/56074850.html HTTP/1.1" 500 - "-" "Mozilla/5.0 (compatible; SemrushBot/7~bl; +http://www.semrush.com/bot.html)" "mantech8.com"
185.191.171.15 - - [12/Oct/2022:19:09:20 -0700] "GET /index.php/camp-fire/37960126.html HTTP/1.1" 500 - "-" "Mozilla/5.0 (compatible; SemrushBot/7~bl; +http://www.semrush.com/bot.html)" "mantech8.com"
114.119.133.182 - - [12/Oct/2022:19:09:53 -0700] "GET /?procombination.xml HTTP/1.1" 200 270498 "-" "Mozilla/5.0 (Linux; Android 7.0;) AppleWebKit/537.36 (KHTML, like Gecko) Mobile Safari/537.36 (compatible; PetalBot;+https://webmaster.petalsearch.com/site/petalbot)" "mantech8.com"
185.191.171.6 - - [12/Oct/2022:19:10:00 -0700] "GET /index.php/camp-fire/63698872.html HTTP/1.1" 500 - "-" "Mozilla/5.0 (compatible; SemrushBot/7~bl; +http://www.semrush.com/bot.html)" "mantech8.com"
185.191.171.44 - - [12/Oct/2022:19:10:57 -0700] "GET /index.php/camp-fire/28636578.html HTTP/1.1" 500 - "-" "Mozilla/5.0 (compatible; SemrushBot/7~bl; +http://www.semrush.com/bot.html)" "mantech8.com"
185.191.171.22 - - [12/Oct/2022:19:10:59 -0700] "GET /index.php/camp-fire/28287335.html HTTP/1.1" 500 - "-" "Mozilla/5.0 (compatible; SemrushBot/7~bl; +http://www.semrush.com/bot.html)" "mantech8.com"
185.191.171.15 - - [12/Oct/2022:19:11:16 -0700] "GET /index.php/camp-fire/3769972.html HTTP/1.1" 500 - "-" "Mozilla/5.0 (compatible; SemrushBot/7~bl; +http://www.semrush.com/bot.html)" "mantech8.com"
185.191.171.35 - - [12/Oct/2022:19:11:25 -0700] "GET /index.php/camp-fire/42203249.html HTTP/1.1" 500 - "-" "Mozilla/5.0 (compatible; SemrushBot/7~bl; +http://www.semrush.com/bot.html)" "mantech8.com"
185.191.171.44 - - [12/Oct/2022:19:11:27 -0700] "GET /index.php/camp-fire/40330250.html HTTP/1.1" 500 - "-" "Mozilla/5.0 (compatible; SemrushBot/7~bl; +http://www.semrush.com/bot.html)" "mantech8.com"
185.191.171.2 - - [12/Oct/2022:19:11:56 -0700] "GET /index.php/camp-fire/37314859.html HTTP/1.1" 500 - "-" "Mozilla/5.0 (compatible; SemrushBot/7~bl; +http://www.semrush.com/bot.html)" "mantech8.com"
185.191.171.3 - - [12/Oct/2022:19:12:29 -0700] "GET /index.php/camp-fire/38028789.html HTTP/1.1" 500 - "-" "Mozilla/5.0 (compatible; SemrushBot/7~bl; +http://www.semrush.com/bot.html)" "mantech8.com"
185.191.171.26 - - [12/Oct/2022:19:12:50 -0700] "GET /index.php/camp-fire/27469326.html HTTP/1.1" 500 - "-" "Mozilla/5.0 (compatible; SemrushBot/7~bl; +http://www.semrush.com/bot.html)" "mantech8.com"
185.191.171.17 - - [12/Oct/2022:19:13:00 -0700] "GET /index.php/camp-fire/28961832.html HTTP/1.1" 500 - "-" "Mozilla/5.0 (compatible; SemrushBot/7~bl; +http://www.semrush.com/bot.html)" "mantech8.com"
185.191.171.20 - - [12/Oct/2022:19:13:14 -0700] "GET /index.php/camp-fire/34903155.html HTTP/1.1" 500 - "-" "Mozilla/5.0 (compatible; SemrushBot/7~bl; +http://www.semrush.com/bot.html)" "mantech8.com"
185.191.171.37 - - [12/Oct/2022:19:13:25 -0700] "GET /index.php/camp-fire/28439263.html HTTP/1.1" 500 - "-" "Mozilla/5.0 (compatible; SemrushBot/7~bl; +http://www.semrush.com/bot.html)" "mantech8.com"
185.191.171.45 - - [12/Oct/2022:19:13:44 -0700] "GET /index.php/camp-fire/43532481.html HTTP/1.1" 500 - "-" "Mozilla/5.0 (compatible; SemrushBot/7~bl; +http://www.semrush.com/bot.html)" "mantech8.com"
185.191.171.21 - - [12/Oct/2022:19:14:12 -0700] "GET /index.php/camp-fire/26888221.html HTTP/1.1" 500 - "-" "Mozilla/5.0 (compatible; SemrushBot/7~bl; +http://www.semrush.com/bot.html)" "mantech8.com"
185.191.171.40 - - [12/Oct/2022:19:14:26 -0700] "GET /index.php/camp-fire/8737490.html HTTP/1.1" 500 - "-" "Mozilla/5.0 (compatible; SemrushBot/7~bl; +http://www.semrush.com/bot.html)" "mantech8.com"
185.191.171.17 - - [12/Oct/2022:19:14:48 -0700] "GET /index.php/camp-fire/7283080.html HTTP/1.1" 500 - "-" "Mozilla/5.0 (compatible; SemrushBot/7~bl; +http://www.semrush.com/bot.html)" "mantech8.com"
114.119.133.165 - - [12/Oct/2022:19:15:23 -0700] "GET /?kiger.xml HTTP/1.1" 200 270629 "-" "Mozilla/5.0 (Linux; Android 7.0;) AppleWebKit/537.36 (KHTML, like Gecko) Mobile Safari/537.36 (compatible; PetalBot;+https://webmaster.petalsearch.com/site/petalbot)" "mantech8.com"
77.75.73.26 - - [12/Oct/2022:19:15:56 -0700] "GET /bimages/ HTTP/1.1" 200 729 "-" "Mozilla/5.0 (compatible; SeznamBot/4.0-RC1; +http://napoveda.seznam.cz/seznambot-intro/)" "www.mantech8.com"
185.191.171.41 - - [12/Oct/2022:19:16:11 -0700] "GET /index.php/camp-fire/39077535.html HTTP/1.1" 500 - "-" "Mozilla/5.0 (compatible; SemrushBot/7~bl; +http://www.semrush.com/bot.html)" "mantech8.com"
207.46.13.205 - - [12/Oct/2022:19:16:52 -0700] "GET /camp-fire/34758974.html HTTP/1.1" 404 88 "-" "Mozilla/5.0 (compatible; bingbot/2.0; +http://www.bing.com/bingbot.htm)" "www.mantech8.com"
185.191.171.8 - - [12/Oct/2022:19:17:50 -0700] "GET /index.php/camp-fire/40764350.html HTTP/1.1" 500 - "-" "Mozilla/5.0 (compatible; SemrushBot/7~bl; +http://www.semrush.com/bot.html)" "mantech8.com"
185.191.171.7 - - [12/Oct/2022:19:18:09 -0700] "GET /index.php/camp-fire/9719621.html HTTP/1.1" 500 - "-" "Mozilla/5.0 (compatible; SemrushBot/7~bl; +http://www.semrush.com/bot.html)" "mantech8.com"
185.191.171.11 - - [12/Oct/2022:19:18:23 -0700] "GET /index.php/camp-fire/28343035.html HTTP/1.1" 500 - "-" "Mozilla/5.0 (compatible; SemrushBot/7~bl; +http://www.semrush.com/bot.html)" "mantech8.com"
185.191.171.11 - - [12/Oct/2022:19:19:04 -0700] "GET /index.php/camp-fire/33553393.html HTTP/1.1" 500 - "-" "Mozilla/5.0 (compatible; SemrushBot/7~bl; +http://www.semrush.com/bot.html)" "mantech8.com"
185.191.171.9 - - [12/Oct/2022:19:19:34 -0700] "GET /index.php/camp-fire/32512768.html HTTP/1.1" 500 - "-" "Mozilla/5.0 (compatible; SemrushBot/7~bl; +http://www.semrush.com/bot.html)" "mantech8.com"
185.191.171.18 - - [12/Oct/2022:19:19:45 -0700] "GET /robots.txt HTTP/1.1" 200 106 "-" "Mozilla/5.0 (compatible; SemrushBot/7~bl; +http://www.semrush.com/bot.html)" "mantech8.com"
185.191.171.3 - - [12/Oct/2022:19:19:45 -0700] "GET /index.php/camp-fire/4134465.html HTTP/1.1" 500 - "-" "Mozilla/5.0 (compatible; SemrushBot/7~bl; +http://www.semrush.com/bot.html)" "mantech8.com"
185.191.171.39 - - [12/Oct/2022:19:19:48 -0700] "GET /index.php/camp-fire/5235665.html HTTP/1.1" 500 - "-" "Mozilla/5.0 (compatible; SemrushBot/7~bl; +http://www.semrush.com/bot.html)" "mantech8.com"
185.191.171.38 - - [12/Oct/2022:19:20:16 -0700] "GET /index.php/camp-fire/28084509.html HTTP/1.1" 500 - "-" "Mozilla/5.0 (compatible; SemrushBot/7~bl; +http://www.semrush.com/bot.html)" "mantech8.com"
185.191.171.6 - - [12/Oct/2022:19:20:26 -0700] "GET /index.php/camp-fire/32627150.html HTTP/1.1" 500 - "-" "Mozilla/5.0 (compatible; SemrushBot/7~bl; +http://www.semrush.com/bot.html)" "mantech8.com"
114.119.133.190 - - [12/Oct/2022:19:20:58 -0700] "GET /bimages/gallery/alfacgiapi/select_server.lib.php HTTP/1.1" 200 32 "http://mantech8.com/bimages/gallery/alfacgiapi/?C=N%3BO%3DD" "Mozilla/5.0 (Linux; Android 7.0;) AppleWebKit/537.36 (KHTML, like Gecko) Mobile Safari/537.36 (compatible; PetalBot;+https://webmaster.petalsearch.com/site/petalbot)" "mantech8.com"
185.191.171.12 - - [12/Oct/2022:19:21:03 -0700] "GET /index.php/camp-fire/35781793.html HTTP/1.1" 500 - "-" "Mozilla/5.0 (compatible; SemrushBot/7~bl; +http://www.semrush.com/bot.html)" "mantech8.com"
185.191.171.38 - - [12/Oct/2022:19:21:15 -0700] "GET /index.php/camp-fire/7486393.html HTTP/1.1" 500 - "-" "Mozilla/5.0 (compatible; SemrushBot/7~bl; +http://www.semrush.com/bot.html)" "mantech8.com"
40.77.167.72 - - [12/Oct/2022:19:21:26 -0700] "GET /services.php HTTP/1.1" 200 39198 "-" "Mozilla/5.0 AppleWebKit/537.36 (KHTML, like Gecko; compatible; bingbot/2.0; +http://www.bing.com/bingbot.htm) Chrome/103.0.5060.134 Safari/537.36" "mantech8.com"
40.77.167.72 - - [12/Oct/2022:19:21:45 -0700] "GET /js/core.min1.js HTTP/1.1" 200 5104 "-" "Mozilla/5.0 (compatible; bingbot/2.0; +http://www.bing.com/bingbot.htm)" "mantech8.com"
40.77.167.72 - - [12/Oct/2022:19:21:45 -0700] "GET /js/jquery.rd-parallax.js HTTP/1.1" 200 2021 "-" "Mozilla/5.0 (compatible; bingbot/2.0; +http://www.bing.com/bingbot.htm)" "mantech8.com"
40.77.167.72 - - [12/Oct/2022:19:21:45 -0700] "GET /js/plugins.js HTTP/1.1" 200 67071 "-" "Mozilla/5.0 (compatible; bingbot/2.0; +http://www.bing.com/bingbot.htm)" "mantech8.com"
40.77.167.72 - - [12/Oct/2022:19:21:45 -0700] "GET /revolution/js/jquery.themepunch.tools.min.js HTTP/1.1" 200 36033 "-" "Mozilla/5.0 (compatible; bingbot/2.0; +http://www.bing.com/bingbot.htm)" "mantech8.com"
185.191.171.13 - - [12/Oct/2022:19:21:49 -0700] "GET /index.php/camp-fire/43603481.html HTTP/1.1" 500 - "-" "Mozilla/5.0 (compatible; SemrushBot/7~bl; +http://www.semrush.com/bot.html)" "mantech8.com"
207.46.13.184 - - [12/Oct/2022:19:21:50 -0700] "GET /enginenew/jquery.js HTTP/1.1" 200 33282 "-" "Mozilla/5.0 AppleWebKit/537.36 (KHTML, like Gecko; compatible; bingbot/2.0; +http://www.bing.com/bingbot.htm) Chrome/103.0.5060.134 Safari/537.36" "mantech8.com"
207.46.13.184 - - [12/Oct/2022:19:21:50 -0700] "GET /js/jquery-1.11.3.min.js HTTP/1.1" 200 33279 "-" "Mozilla/5.0 (compatible; bingbot/2.0; +http://www.bing.com/bingbot.htm)" "mantech8.com"
207.46.13.184 - - [12/Oct/2022:19:21:50 -0700] "GET /revolution/js/revolution.extension.layeranimation.min.js HTTP/1.1" 200 8295 "-" "Mozilla/5.0 (compatible; bingbot/2.0; +http://www.bing.com/bingbot.htm)" "mantech8.com"
207.46.13.184 - - [12/Oct/2022:19:21:50 -0700] "GET /revolution/js/revolution.extension.slideanims.min.js HTTP/1.1" 200 6622 "-" "Mozilla/5.0 (compatible; bingbot/2.0; +http://www.bing.com/bingbot.htm)" "mantech8.com"
207.46.13.184 - - [12/Oct/2022:19:21:51 -0700] "GET /revolution/js/revolution.extension.video.min.js HTTP/1.1" 200 5233 "-" "Mozilla/5.0 (compatible; bingbot/2.0; +http://www.bing.com/bingbot.htm)" "mantech8.com"
207.46.13.205 - - [12/Oct/2022:19:21:51 -0700] "GET /revolution/js/revolution.extension.kenburn.min.js HTTP/1.1" 200 1285 "-" "Mozilla/5.0 AppleWebKit/537.36 (KHTML, like Gecko; compatible; bingbot/2.0; +http://www.bing.com/bingbot.htm) Chrome/103.0.5060.134 Safari/537.36" "mantech8.com"
40.77.167.68 - - [12/Oct/2022:19:21:54 -0700] "GET /enginenew/script.js HTTP/1.1" 200 2804 "-" "Mozilla/5.0 (compatible; bingbot/2.0; +http://www.bing.com/bingbot.htm)" "mantech8.com"
40.77.167.58 - - [12/Oct/2022:19:21:54 -0700] "GET /enginenew/style.css HTTP/1.1" 200 2803 "-" "Mozilla/5.0 (compatible; bingbot/2.0; +http://www.bing.com/bingbot.htm)" "mantech8.com"
207.46.13.70 - - [12/Oct/2022:19:21:54 -0700] "GET /js/custom.js HTTP/1.1" 200 1648 "-" "Mozilla/5.0 AppleWebKit/537.36 (KHTML, like Gecko; compatible; bingbot/2.0; +http://www.bing.com/bingbot.htm) Chrome/103.0.5060.134 Safari/537.36" "mantech8.com"
207.46.13.70 - - [12/Oct/2022:19:21:54 -0700] "GET /js/jquery-migrate-1.2.1.min.js HTTP/1.1" 200 3063 "-" "Mozilla/5.0 (compatible; bingbot/2.0; +http://www.bing.com/bingbot.htm)" "mantech8.com"
207.46.13.70 - - [12/Oct/2022:19:21:55 -0700] "GET /revolution/js/revolution.extension.carousel.min.js HTTP/1.1" 200 2465 "-" "Mozilla/5.0 AppleWebKit/537.36 (KHTML, like Gecko; compatible; bingbot/2.0; +http://www.bing.com/bingbot.htm) Chrome/103.0.5060.134 Safari/537.36" "mantech8.com"
207.46.13.205 - - [12/Oct/2022:19:22:01 -0700] "GET /revolution/js/revolution.extension.navigation.min.js HTTP/1.1" 200 6533 "-" "Mozilla/5.0 AppleWebKit/537.36 (KHTML, like Gecko; compatible; bingbot/2.0; +http://www.bing.com/bingbot.htm) Chrome/103.0.5060.134 Safari/537.36" "mantech8.com"
185.191.171.26 - - [12/Oct/2022:19:22:05 -0700] "GET /index.php/camp-fire/35055970.html HTTP/1.1" 500 - "-" "Mozilla/5.0 (compatible; SemrushBot/7~bl; +http://www.semrush.com/bot.html)" "mantech8.com"
40.77.167.68 - - [12/Oct/2022:19:22:06 -0700] "GET /js/wow.js HTTP/1.1" 200 2795 "-" "Mozilla/5.0 (compatible; bingbot/2.0; +http://www.bing.com/bingbot.htm)" "mantech8.com"
40.77.167.68 - - [12/Oct/2022:19:22:06 -0700] "GET /revolution/js/jquery.themepunch.revolution.min.js HTTP/1.1" 200 14034 "-" "Mozilla/5.0 (compatible; bingbot/2.0; +http://www.bing.com/bingbot.htm)" "mantech8.com"
40.77.167.68 - - [12/Oct/2022:19:22:06 -0700] "GET /revolution/js/revolution.extension.migration.min.js HTTP/1.1" 200 1739 "-" "Mozilla/5.0 AppleWebKit/537.36 (KHTML, like Gecko; compatible; bingbot/2.0; +http://www.bing.com/bingbot.htm) Chrome/103.0.5060.134 Safari/537.36" "mantech8.com"
40.77.167.68 - - [12/Oct/2022:19:22:06 -0700] "GET /revolution/js/revolution.extension.parallax.min.js HTTP/1.1" 200 2490 "-" "Mozilla/5.0 (compatible; bingbot/2.0; +http://www.bing.com/bingbot.htm)" "mantech8.com"
40.77.167.58 - - [12/Oct/2022:19:22:13 -0700] "GET /enginenew/wowslider.js HTTP/1.1" 200 9696 "-" "Mozilla/5.0 (compatible; bingbot/2.0; +http://www.bing.com/bingbot.htm)" "mantech8.com"
40.77.167.58 - - [12/Oct/2022:19:22:13 -0700] "GET /js/rd-smoothscroll.min1.js HTTP/1.1" 200 1124 "-" "Mozilla/5.0 (compatible; bingbot/2.0; +http://www.bing.com/bingbot.htm)" "mantech8.com"
40.77.167.58 - - [12/Oct/2022:19:22:13 -0700] "GET /revolution/js/revolution.extension.actions.min.js HTTP/1.1" 200 2110 "-" "Mozilla/5.0 (compatible; bingbot/2.0; +http://www.bing.com/bingbot.htm)" "mantech8.com"
185.191.171.4 - - [12/Oct/2022:19:22:14 -0700] "GET /index.php/camp-fire/41813003.html HTTP/1.1" 500 - "-" "Mozilla/5.0 (compatible; SemrushBot/7~bl; +http://www.semrush.com/bot.html)" "mantech8.com"
185.191.171.33 - - [12/Oct/2022:19:22:20 -0700] "GET /index.php/camp-fire/34048508.html HTTP/1.1" 500 - "-" "Mozilla/5.0 (compatible; SemrushBot/7~bl; +http://www.semrush.com/bot.html)" "mantech8.com"
185.191.171.38 - - [12/Oct/2022:19:22:55 -0700] "GET /index.php/camp-fire/28414864.html HTTP/1.1" 500 - "-" "Mozilla/5.0 (compatible; SemrushBot/7~bl; +http://www.semrush.com/bot.html)" "mantech8.com"
185.191.171.17 - - [12/Oct/2022:19:24:08 -0700] "GET /index.php/camp-fire/39062241.html HTTP/1.1" 500 - "-" "Mozilla/5.0 (compatible; SemrushBot/7~bl; +http://www.semrush.com/bot.html)" "mantech8.com"
185.191.171.44 - - [12/Oct/2022:19:24:15 -0700] "GET /index.php/camp-fire/33813508.html HTTP/1.1" 500 - "-" "Mozilla/5.0 (compatible; SemrushBot/7~bl; +http://www.semrush.com/bot.html)" "mantech8.com"
185.191.171.11 - - [12/Oct/2022:19:24:17 -0700] "GET /index.php/camp-fire/38176103.html HTTP/1.1" 500 - "-" "Mozilla/5.0 (compatible; SemrushBot/7~bl; +http://www.semrush.com/bot.html)" "mantech8.com"
185.191.171.26 - - [12/Oct/2022:19:25:59 -0700] "GET /index.php/camp-fire/38838203.html HTTP/1.1" 500 - "-" "Mozilla/5.0 (compatible; SemrushBot/7~bl; +http://www.semrush.com/bot.html)" "mantech8.com"
185.191.171.37 - - [12/Oct/2022:19:26:04 -0700] "GET /index.php/camp-fire/39102935.html HTTP/1.1" 500 - "-" "Mozilla/5.0 (compatible; SemrushBot/7~bl; +http://www.semrush.com/bot.html)" "mantech8.com"
114.119.133.166 - - [12/Oct/2022:19:26:33 -0700] "GET /index.php?camp-fire/514336.html HTTP/1.1" 500 - "-" "Mozilla/5.0 (Linux; Android 7.0;) AppleWebKit/537.36 (KHTML, like Gecko) Mobile Safari/537.36 (compatible; PetalBot;+https://webmaster.petalsearch.com/site/petalbot)" "www.mantech8.com"
185.191.171.10 - - [12/Oct/2022:19:27:00 -0700] "GET /index.php/camp-fire/28474564.html HTTP/1.1" 500 - "-" "Mozilla/5.0 (compatible; SemrushBot/7~bl; +http://www.semrush.com/bot.html)" "mantech8.com"
185.191.171.11 - - [12/Oct/2022:19:27:01 -0700] "GET /index.php/camp-fire/32849109.html HTTP/1.1" 500 - "-" "Mozilla/5.0 (compatible; SemrushBot/7~bl; +http://www.semrush.com/bot.html)" "mantech8.com"
185.191.171.8 - - [12/Oct/2022:19:27:17 -0700] "GET /index.php/camp-fire/41806403.html HTTP/1.1" 500 - "-" "Mozilla/5.0 (compatible; SemrushBot/7~bl; +http://www.semrush.com/bot.html)" "mantech8.com"
185.191.171.8 - - [12/Oct/2022:19:27:41 -0700] "GET /index.php/camp-fire/35669950.html HTTP/1.1" 500 - "-" "Mozilla/5.0 (compatible; SemrushBot/7~bl; +http://www.semrush.com/bot.html)" "mantech8.com"
185.191.171.9 - - [12/Oct/2022:19:28:35 -0700] "GET /index.php/camp-fire/50328902.html HTTP/1.1" 500 - "-" "Mozilla/5.0 (compatible; SemrushBot/7~bl; +http://www.semrush.com/bot.html)" "mantech8.com"
185.191.171.18 - - [12/Oct/2022:19:28:37 -0700] "GET /index.php/camp-fire/39087892.html HTTP/1.1" 500 - "-" "Mozilla/5.0 (compatible; SemrushBot/7~bl; +http://www.semrush.com/bot.html)" "mantech8.com"
185.191.171.4 - - [12/Oct/2022:19:28:39 -0700] "GET /index.php/camp-fire/30180076.html HTTP/1.1" 500 - "-" "Mozilla/5.0 (compatible; SemrushBot/7~bl; +http://www.semrush.com/bot.html)" "mantech8.com"
185.191.171.6 - - [12/Oct/2022:19:29:31 -0700] "GET /index.php/camp-fire/30671055.html HTTP/1.1" 500 - "-" "Mozilla/5.0 (compatible; SemrushBot/7~bl; +http://www.semrush.com/bot.html)" "mantech8.com"
185.191.171.7 - - [12/Oct/2022:19:29:51 -0700] "GET /index.php/camp-fire/23190109.html HTTP/1.1" 500 - "-" "Mozilla/5.0 (compatible; SemrushBot/7~bl; +http://www.semrush.com/bot.html)" "mantech8.com"
20.13.133.129 - - [12/Oct/2022:19:30:07 -0700] "GET / HTTP/1.1" 500 - "-" "Mozilla/5.0 (Windows NT 10.0; Win64; x64) AppleWebKit/537.36 (KHTML, like Gecko) Chrome/78.0.3904.108 Safari/537.36" "mantech8.com"
20.13.133.129 - - [12/Oct/2022:19:30:08 -0700] "GET /wp-includes/wlwmanifest.xml HTTP/1.1" 404 73 "-" "Mozilla/5.0 (Windows NT 10.0; Win64; x64) AppleWebKit/537.36 (KHTML, like Gecko) Chrome/78.0.3904.108 Safari/537.36" "mantech8.com"
20.13.133.129 - - [12/Oct/2022:19:30:08 -0700] "GET /xmlrpc.php?rsd HTTP/1.1" 500 4931 "-" "Mozilla/5.0 (Windows NT 10.0; Win64; x64) AppleWebKit/537.36 (KHTML, like Gecko) Chrome/78.0.3904.108 Safari/537.36" "mantech8.com"
20.13.133.129 - - [12/Oct/2022:19:30:08 -0700] "GET / HTTP/1.1" 500 - "-" "Mozilla/5.0 (Windows NT 10.0; Win64; x64) AppleWebKit/537.36 (KHTML, like Gecko) Chrome/78.0.3904.108 Safari/537.36" "mantech8.com"
20.13.133.129 - - [12/Oct/2022:19:30:08 -0700] "GET /web/wp-includes/wlwmanifest.xml HTTP/1.1" 404 73 "-" "Mozilla/5.0 (Windows NT 10.0; Win64; x64) AppleWebKit/537.36 (KHTML, like Gecko) Chrome/78.0.3904.108 Safari/537.36" "mantech8.com"
20.13.133.129 - - [12/Oct/2022:19:30:08 -0700] "GET /wordpress/wp-includes/wlwmanifest.xml HTTP/1.1" 404 73 "-" "Mozilla/5.0 (Windows NT 10.0; Win64; x64) AppleWebKit/537.36 (KHTML, like Gecko) Chrome/78.0.3904.108 Safari/537.36" "mantech8.com"
65.108.64.210 - - [12/Oct/2022:19:30:11 -0700] "GET /robots.txt HTTP/1.1" 200 222 "-" "Mozilla/5.0 (compatible; MJ12bot/v1.4.8; http://mj12bot.com/)" "www.mantech8.com"
20.13.133.129 - - [12/Oct/2022:19:30:11 -0700] "GET /website/wp-includes/wlwmanifest.xml HTTP/1.1" 404 73 "-" "Mozilla/5.0 (Windows NT 10.0; Win64; x64) AppleWebKit/537.36 (KHTML, like Gecko) Chrome/78.0.3904.108 Safari/537.36" "mantech8.com"
20.13.133.129 - - [12/Oct/2022:19:30:12 -0700] "GET /wp/wp-includes/wlwmanifest.xml HTTP/1.1" 404 73 "-" "Mozilla/5.0 (Windows NT 10.0; Win64; x64) AppleWebKit/537.36 (KHTML, like Gecko) Chrome/78.0.3904.108 Safari/537.36" "mantech8.com"
20.13.133.129 - - [12/Oct/2022:19:30:12 -0700] "GET /news/wp-includes/wlwmanifest.xml HTTP/1.1" 404 73 "-" "Mozilla/5.0 (Windows NT 10.0; Win64; x64) AppleWebKit/537.36 (KHTML, like Gecko) Chrome/78.0.3904.108 Safari/537.36" "mantech8.com"
20.13.133.129 - - [12/Oct/2022:19:30:12 -0700] "GET /2018/wp-includes/wlwmanifest.xml HTTP/1.1" 404 73 "-" "Mozilla/5.0 (Windows NT 10.0; Win64; x64) AppleWebKit/537.36 (KHTML, like Gecko) Chrome/78.0.3904.108 Safari/537.36" "mantech8.com"
20.13.133.129 - - [12/Oct/2022:19:30:12 -0700] "GET /shop/wp-includes/wlwmanifest.xml HTTP/1.1" 404 73 "-" "Mozilla/5.0 (Windows NT 10.0; Win64; x64) AppleWebKit/537.36 (KHTML, like Gecko) Chrome/78.0.3904.108 Safari/537.36" "mantech8.com"
20.13.133.129 - - [12/Oct/2022:19:30:12 -0700] "GET /wp1/wp-includes/wlwmanifest.xml HTTP/1.1" 404 73 "-" "Mozilla/5.0 (Windows NT 10.0; Win64; x64) AppleWebKit/537.36 (KHTML, like Gecko) Chrome/78.0.3904.108 Safari/537.36" "mantech8.com"
20.13.133.129 - - [12/Oct/2022:19:30:13 -0700] "GET /test/wp-includes/wlwmanifest.xml HTTP/1.1" 404 73 "-" "Mozilla/5.0 (Windows NT 10.0; Win64; x64) AppleWebKit/537.36 (KHTML, like Gecko) Chrome/78.0.3904.108 Safari/537.36" "mantech8.com"
207.46.13.70 - - [12/Oct/2022:19:30:12 -0700] "GET /index.php?/specialcolumn/%E9%A0%AD%E7%9A%AE%E3%81%AE%E3%81%B9%E3%81%9F%E3%81%A4%E3%81%8D%E3%82%84%E3%81%AB%E3%81%8A%E3%81%84%E3%81%8C%E6%B0%97%E3%81%AB%E3%81%AA%E3%82%8B%E5%AD%A3%E7%AF%80%E3%81%AB/ HTTP/1.1" 200 61932 "-" "Mozilla/5.0 (compatible; bingbot/2.0; +http://www.bing.com/bingbot.htm)" "mantech8.com"
20.13.133.129 - - [12/Oct/2022:19:30:13 -0700] "GET /media/wp-includes/wlwmanifest.xml HTTP/1.1" 404 73 "-" "Mozilla/5.0 (Windows NT 10.0; Win64; x64) AppleWebKit/537.36 (KHTML, like Gecko) Chrome/78.0.3904.108 Safari/537.36" "mantech8.com"
65.108.64.210 - - [12/Oct/2022:19:30:12 -0700] "GET /cleaning.php HTTP/1.1" 200 15035 "-" "Mozilla/5.0 (compatible; MJ12bot/v1.4.8; http://mj12bot.com/)" "www.mantech8.com"
20.13.133.129 - - [12/Oct/2022:19:30:13 -0700] "GET /wp2/wp-includes/wlwmanifest.xml HTTP/1.1" 404 73 "-" "Mozilla/5.0 (Windows NT 10.0; Win64; x64) AppleWebKit/537.36 (KHTML, like Gecko) Chrome/78.0.3904.108 Safari/537.36" "mantech8.com"
20.13.133.129 - - [12/Oct/2022:19:30:13 -0700] "GET /site/wp-includes/wlwmanifest.xml HTTP/1.1" 404 73 "-" "Mozilla/5.0 (Windows NT 10.0; Win64; x64) AppleWebKit/537.36 (KHTML, like Gecko) Chrome/78.0.3904.108 Safari/537.36" "mantech8.com"
20.13.133.129 - - [12/Oct/2022:19:30:13 -0700] "GET /cms/wp-includes/wlwmanifest.xml HTTP/1.1" 404 73 "-" "Mozilla/5.0 (Windows NT 10.0; Win64; x64) AppleWebKit/537.36 (KHTML, like Gecko) Chrome/78.0.3904.108 Safari/537.36" "mantech8.com"
20.13.133.129 - - [12/Oct/2022:19:30:13 -0700] "GET /sito/wp-includes/wlwmanifest.xml HTTP/1.1" 404 73 "-" "Mozilla/5.0 (Windows NT 10.0; Win64; x64) AppleWebKit/537.36 (KHTML, like Gecko) Chrome/78.0.3904.108 Safari/537.36" "mantech8.com"
65.108.64.210 - - [12/Oct/2022:19:30:15 -0700] "GET /scaffolding.php HTTP/1.1" 200 13407 "-" "Mozilla/5.0 (compatible; MJ12bot/v1.4.8; http://mj12bot.com/)" "www.mantech8.com"
185.191.171.21 - - [12/Oct/2022:19:30:34 -0700] "GET /index.php/camp-fire/53261809.html HTTP/1.1" 500 - "-" "Mozilla/5.0 (compatible; SemrushBot/7~bl; +http://www.semrush.com/bot.html)" "mantech8.com"
185.191.171.18 - - [12/Oct/2022:19:31:28 -0700] "GET /index.php/camp-fire/40735450.html HTTP/1.1" 500 - "-" "Mozilla/5.0 (compatible; SemrushBot/7~bl; +http://www.semrush.com/bot.html)" "mantech8.com"
185.191.171.23 - - [12/Oct/2022:19:31:33 -0700] "GET /index.php/camp-fire/8966008.html HTTP/1.1" 500 - "-" "Mozilla/5.0 (compatible; SemrushBot/7~bl; +http://www.semrush.com/bot.html)" "mantech8.com"
185.191.171.12 - - [12/Oct/2022:19:31:41 -0700] "GET /index.php/camp-fire/35849038.html HTTP/1.1" 500 - "-" "Mozilla/5.0 (compatible; SemrushBot/7~bl; +http://www.semrush.com/bot.html)" "mantech8.com"
185.191.171.21 - - [12/Oct/2022:19:31:42 -0700] "GET /index.php/camp-fire/31996330.html HTTP/1.1" 500 - "-" "Mozilla/5.0 (compatible; SemrushBot/7~bl; +http://www.semrush.com/bot.html)" "mantech8.com"
185.191.171.12 - - [12/Oct/2022:19:31:44 -0700] "GET /index.php/camp-fire/7758908.html HTTP/1.1" 500 - "-" "Mozilla/5.0 (compatible; SemrushBot/7~bl; +http://www.semrush.com/bot.html)" "mantech8.com"
185.191.171.3 - - [12/Oct/2022:19:31:46 -0700] "GET /index.php/camp-fire/41160355.html HTTP/1.1" 500 - "-" "Mozilla/5.0 (compatible; SemrushBot/7~bl; +http://www.semrush.com/bot.html)" "mantech8.com"
185.191.171.21 - - [12/Oct/2022:19:31:57 -0700] "GET /index.php/camp-fire/1673229.html HTTP/1.1" 500 - "-" "Mozilla/5.0 (compatible; SemrushBot/7~bl; +http://www.semrush.com/bot.html)" "mantech8.com"
114.119.133.182 - - [12/Oct/2022:19:32:04 -0700] "GET /index.php/sitemap280.xml HTTP/1.1" 200 289390 "-" "Mozilla/5.0 (Linux; Android 7.0;) AppleWebKit/537.36 (KHTML, like Gecko) Mobile Safari/537.36 (compatible; PetalBot;+https://webmaster.petalsearch.com/site/petalbot)" "mantech8.com"
185.191.171.43 - - [12/Oct/2022:19:32:36 -0700] "GET /index.php/camp-fire/37081778.html HTTP/1.1" 500 - "-" "Mozilla/5.0 (compatible; SemrushBot/7~bl; +http://www.semrush.com/bot.html)" "mantech8.com"
185.191.171.16 - - [12/Oct/2022:19:32:38 -0700] "GET /index.php/camp-fire/30339659.html HTTP/1.1" 500 - "-" "Mozilla/5.0 (compatible; SemrushBot/7~bl; +http://www.semrush.com/bot.html)" "mantech8.com"
185.191.171.16 - - [12/Oct/2022:19:32:50 -0700] "GET /index.php/camp-fire/6290085.html HTTP/1.1" 500 - "-" "Mozilla/5.0 (compatible; SemrushBot/7~bl; +http://www.semrush.com/bot.html)" "mantech8.com"
185.191.171.3 - - [12/Oct/2022:19:33:00 -0700] "GET /index.php/camp-fire/8812942.html HTTP/1.1" 500 - "-" "Mozilla/5.0 (compatible; SemrushBot/7~bl; +http://www.semrush.com/bot.html)" "mantech8.com"
185.191.171.13 - - [12/Oct/2022:19:34:00 -0700] "GET /index.php/camp-fire/27609671.html HTTP/1.1" 500 - "-" "Mozilla/5.0 (compatible; SemrushBot/7~bl; +http://www.semrush.com/bot.html)" "mantech8.com"
207.46.13.70 - - [12/Oct/2022:19:35:22 -0700] "GET /sitemapmobileindex.xml HTTP/1.1" 404 88 "-" "Mozilla/5.0 (compatible; bingbot/2.0; +http://www.bing.com/bingbot.htm)" "mantech8.com"
207.46.13.205 - - [12/Oct/2022:19:35:26 -0700] "GET /sitemapnewindex.xml HTTP/1.1" 404 88 "-" "Mozilla/5.0 (compatible; bingbot/2.0; +http://www.bing.com/bingbot.htm)" "mantech8.com"
40.77.167.72 - - [12/Oct/2022:19:35:27 -0700] "GET /sitemapindex.xml HTTP/1.1" 404 88 "-" "Mozilla/5.0 (compatible; bingbot/2.0; +http://www.bing.com/bingbot.htm)" "mantech8.com"
40.77.167.72 - - [12/Oct/2022:19:35:37 -0700] "GET /sitemapindeximages.xml HTTP/1.1" 404 88 "-" "Mozilla/5.0 (compatible; bingbot/2.0; +http://www.bing.com/bingbot.htm)" "mantech8.com"
185.191.171.10 - - [12/Oct/2022:19:35:59 -0700] "GET /index.php/camp-fire/36233821.html HTTP/1.1" 500 - "-" "Mozilla/5.0 (compatible; SemrushBot/7~bl; +http://www.semrush.com/bot.html)" "mantech8.com"
185.191.171.25 - - [12/Oct/2022:19:36:05 -0700] "GET /index.php/camp-fire/8890059.html HTTP/1.1" 500 - "-" "Mozilla/5.0 (compatible; SemrushBot/7~bl; +http://www.semrush.com/bot.html)" "mantech8.com"
185.191.171.19 - - [12/Oct/2022:19:36:37 -0700] "GET /index.php/camp-fire/51916871.html HTTP/1.1" 500 - "-" "Mozilla/5.0 (compatible; SemrushBot/7~bl; +http://www.semrush.com/bot.html)" "mantech8.com"
185.191.171.5 - - [12/Oct/2022:19:36:39 -0700] "GET /index.php/camp-fire/36813635.html HTTP/1.1" 500 - "-" "Mozilla/5.0 (compatible; SemrushBot/7~bl; +http://www.semrush.com/bot.html)" "mantech8.com"
185.191.171.34 - - [12/Oct/2022:19:37:03 -0700] "GET /index.php/camp-fire/33926921.html HTTP/1.1" 500 - "-" "Mozilla/5.0 (compatible; SemrushBot/7~bl; +http://www.semrush.com/bot.html)" "mantech8.com"
185.191.171.15 - - [12/Oct/2022:19:37:16 -0700] "GET /index.php/camp-fire/49596916.html HTTP/1.1" 500 - "-" "Mozilla/5.0 (compatible; SemrushBot/7~bl; +http://www.semrush.com/bot.html)" "mantech8.com"
114.119.133.166 - - [12/Oct/2022:19:37:39 -0700] "GET /index.php/venatically.xml HTTP/1.1" 200 289289 "-" "Mozilla/5.0 (compatible;PetalBot;+https://webmaster.petalsearch.com/site/petalbot)" "mantech8.com"
185.191.171.15 - - [12/Oct/2022:19:38:34 -0700] "GET /index.php/camp-fire/4899398.html HTTP/1.1" 500 - "-" "Mozilla/5.0 (compatible; SemrushBot/7~bl; +http://www.semrush.com/bot.html)" "mantech8.com"
185.191.171.38 - - [12/Oct/2022:19:38:50 -0700] "GET /index.php/camp-fire/8146378.html HTTP/1.1" 500 - "-" "Mozilla/5.0 (compatible; SemrushBot/7~bl; +http://www.semrush.com/bot.html)" "mantech8.com"
185.191.171.38 - - [12/Oct/2022:19:39:02 -0700] "GET /index.php/camp-fire/57460278.html HTTP/1.1" 500 - "-" "Mozilla/5.0 (compatible; SemrushBot/7~bl; +http://www.semrush.com/bot.html)" "mantech8.com"
185.191.171.16 - - [12/Oct/2022:19:39:19 -0700] "GET /index.php/camp-fire/35433970.html HTTP/1.1" 500 - "-" "Mozilla/5.0 (compatible; SemrushBot/7~bl; +http://www.semrush.com/bot.html)" "mantech8.com"
185.191.171.21 - - [12/Oct/2022:19:39:39 -0700] "GET /index.php/camp-fire/31727235.html HTTP/1.1" 500 - "-" "Mozilla/5.0 (compatible; SemrushBot/7~bl; +http://www.semrush.com/bot.html)" "mantech8.com"
185.191.171.9 - - [12/Oct/2022:19:39:54 -0700] "GET /index.php/camp-fire/42106034.html HTTP/1.1" 500 - "-" "Mozilla/5.0 (compatible; SemrushBot/7~bl; +http://www.semrush.com/bot.html)" "mantech8.com"
185.191.171.42 - - [12/Oct/2022:19:40:44 -0700] "GET /index.php/camp-fire/6668855.html HTTP/1.1" 500 - "-" "Mozilla/5.0 (compatible; SemrushBot/7~bl; +http://www.semrush.com/bot.html)" "mantech8.com"
185.191.171.3 - - [12/Oct/2022:19:41:21 -0700] "GET /index.php/camp-fire/3465959.html HTTP/1.1" 500 - "-" "Mozilla/5.0 (compatible; SemrushBot/7~bl; +http://www.semrush.com/bot.html)" "mantech8.com"
185.191.171.37 - - [12/Oct/2022:19:42:04 -0700] "GET /index.php/camp-fire/28830971.html HTTP/1.1" 500 - "-" "Mozilla/5.0 (compatible; SemrushBot/7~bl; +http://www.semrush.com/bot.html)" "mantech8.com"
185.191.171.34 - - [12/Oct/2022:19:42:15 -0700] "GET /index.php/camp-fire/46167217.html HTTP/1.1" 500 - "-" "Mozilla/5.0 (compatible; SemrushBot/7~bl; +http://www.semrush.com/bot.html)" "mantech8.com"
185.191.171.5 - - [12/Oct/2022:19:42:38 -0700] "GET /index.php/camp-fire/59228459.html HTTP/1.1" 500 - "-" "Mozilla/5.0 (compatible; SemrushBot/7~bl; +http://www.semrush.com/bot.html)" "mantech8.com"
185.191.171.8 - - [12/Oct/2022:19:42:54 -0700] "GET /index.php/camp-fire/39930102.html HTTP/1.1" 500 - "-" "Mozilla/5.0 (compatible; SemrushBot/7~bl; +http://www.semrush.com/bot.html)" "mantech8.com"
185.191.171.13 - - [12/Oct/2022:19:42:56 -0700] "GET /index.php/camp-fire/36512938.html HTTP/1.1" 500 - "-" "Mozilla/5.0 (compatible; SemrushBot/7~bl; +http://www.semrush.com/bot.html)" "mantech8.com"
