185.191.171.12 - - [12/Oct/2022:20:59:46 -0700] "GET /index.php/camp-fire/32008146.html HTTP/1.1" 500 - "-" "Mozilla/5.0 (compatible; SemrushBot/7~bl; +http://www.semrush.com/bot.html)" "mantech8.com"
185.191.171.24 - - [12/Oct/2022:21:00:23 -0700] "GET /index.php/camp-fire/31342155.html HTTP/1.1" 500 - "-" "Mozilla/5.0 (compatible; SemrushBot/7~bl; +http://www.semrush.com/bot.html)" "mantech8.com"
185.191.171.25 - - [12/Oct/2022:21:01:09 -0700] "GET /index.php/camp-fire/52212038.html HTTP/1.1" 500 - "-" "Mozilla/5.0 (compatible; SemrushBot/7~bl; +http://www.semrush.com/bot.html)" "mantech8.com"
114.119.133.190 - - [12/Oct/2022:21:01:23 -0700] "GET /index.php?sitemap12008.xml HTTP/1.1" 200 289332 "-" "Mozilla/5.0 (compatible;PetalBot;+https://webmaster.petalsearch.com/site/petalbot)" "mantech8.com"
158.69.119.16 - - [12/Oct/2022:21:01:27 -0700] "GET /index.php?camp-fire/98409469.html HTTP/1.1" 500 - "https://www.mantech8.com/index.php?camp-fire/98409469.html" "Mozilla/5.0 (Windows NT 6.1; Win64; x64) AppleWebKit/537.36 (KHTML, like Gecko) Chrome/90.0.4430.93 Safari/537.36" "www.mantech8.com"
158.69.119.16 - - [12/Oct/2022:21:01:29 -0700] "GET / HTTP/1.1" 500 - "https://www.mantech8.com/" "Mozilla/5.0 (Windows NT 6.1; Win64; x64) AppleWebKit/537.36 (KHTML, like Gecko) Chrome/90.0.4430.93 Safari/537.36" "www.mantech8.com"
185.191.171.22 - - [12/Oct/2022:21:01:55 -0700] "GET /index.php/camp-fire/1816551.html HTTP/1.1" 500 - "-" "Mozilla/5.0 (compatible; SemrushBot/7~bl; +http://www.semrush.com/bot.html)" "mantech8.com"
185.191.171.38 - - [12/Oct/2022:21:01:58 -0700] "GET /index.php/camp-fire/40470476.html HTTP/1.1" 500 - "-" "Mozilla/5.0 (compatible; SemrushBot/7~bl; +http://www.semrush.com/bot.html)" "mantech8.com"
185.191.171.16 - - [12/Oct/2022:21:02:57 -0700] "GET /index.php/camp-fire/33682825.html HTTP/1.1" 500 - "-" "Mozilla/5.0 (compatible; SemrushBot/7~bl; +http://www.semrush.com/bot.html)" "mantech8.com"
185.191.171.15 - - [12/Oct/2022:21:02:58 -0700] "GET /index.php/camp-fire/91885481.html HTTP/1.1" 500 - "-" "Mozilla/5.0 (compatible; SemrushBot/7~bl; +http://www.semrush.com/bot.html)" "mantech8.com"
185.191.171.26 - - [12/Oct/2022:21:03:15 -0700] "GET /index.php/camp-fire/8382078.html HTTP/1.1" 500 - "-" "Mozilla/5.0 (compatible; SemrushBot/7~bl; +http://www.semrush.com/bot.html)" "mantech8.com"
185.191.171.33 - - [12/Oct/2022:21:03:37 -0700] "GET /index.php/camp-fire/4285796.html HTTP/1.1" 500 - "-" "Mozilla/5.0 (compatible; SemrushBot/7~bl; +http://www.semrush.com/bot.html)" "mantech8.com"
185.191.171.25 - - [12/Oct/2022:21:04:29 -0700] "GET /index.php/camp-fire/7753221.html HTTP/1.1" 500 - "-" "Mozilla/5.0 (compatible; SemrushBot/7~bl; +http://www.semrush.com/bot.html)" "mantech8.com"
185.191.171.25 - - [12/Oct/2022:21:04:54 -0700] "GET /index.php/camp-fire/27639209.html HTTP/1.1" 500 - "-" "Mozilla/5.0 (compatible; SemrushBot/7~bl; +http://www.semrush.com/bot.html)" "mantech8.com"
185.191.171.10 - - [12/Oct/2022:21:05:38 -0700] "GET /index.php/camp-fire/33082268.html HTTP/1.1" 500 - "-" "Mozilla/5.0 (compatible; SemrushBot/7~bl; +http://www.semrush.com/bot.html)" "mantech8.com"
185.191.171.23 - - [12/Oct/2022:21:05:39 -0700] "GET /index.php/camp-fire/43615193.html HTTP/1.1" 500 - "-" "Mozilla/5.0 (compatible; SemrushBot/7~bl; +http://www.semrush.com/bot.html)" "mantech8.com"
185.191.171.1 - - [12/Oct/2022:21:05:40 -0700] "GET /index.php/camp-fire/7880242.html HTTP/1.1" 500 - "-" "Mozilla/5.0 (compatible; SemrushBot/7~bl; +http://www.semrush.com/bot.html)" "mantech8.com"
185.191.171.3 - - [12/Oct/2022:21:06:17 -0700] "GET /index.php/camp-fire/48981735.html HTTP/1.1" 500 - "-" "Mozilla/5.0 (compatible; SemrushBot/7~bl; +http://www.semrush.com/bot.html)" "mantech8.com"
114.119.133.190 - - [12/Oct/2022:21:06:58 -0700] "GET /sitemap45.xml HTTP/1.1" 404 88 "-" "Mozilla/5.0 (compatible;PetalBot;+https://webmaster.petalsearch.com/site/petalbot)" "mantech8.com"
185.191.171.7 - - [12/Oct/2022:21:07:03 -0700] "GET /index.php/camp-fire/32018297.html HTTP/1.1" 500 - "-" "Mozilla/5.0 (compatible; SemrushBot/7~bl; +http://www.semrush.com/bot.html)" "mantech8.com"
185.191.171.11 - - [12/Oct/2022:21:07:16 -0700] "GET /index.php/camp-fire/43398834.html HTTP/1.1" 500 - "-" "Mozilla/5.0 (compatible; SemrushBot/7~bl; +http://www.semrush.com/bot.html)" "mantech8.com"
185.191.171.37 - - [12/Oct/2022:21:07:28 -0700] "GET /index.php/camp-fire/51395734.html HTTP/1.1" 500 - "-" "Mozilla/5.0 (compatible; SemrushBot/7~bl; +http://www.semrush.com/bot.html)" "mantech8.com"
185.191.171.4 - - [12/Oct/2022:21:07:57 -0700] "GET /index.php/camp-fire/8697778.html HTTP/1.1" 500 - "-" "Mozilla/5.0 (compatible; SemrushBot/7~bl; +http://www.semrush.com/bot.html)" "mantech8.com"
185.191.171.3 - - [12/Oct/2022:21:08:14 -0700] "GET /index.php/camp-fire/34727524.html HTTP/1.1" 500 - "-" "Mozilla/5.0 (compatible; SemrushBot/7~bl; +http://www.semrush.com/bot.html)" "mantech8.com"
207.46.13.205 - - [12/Oct/2022:21:08:22 -0700] "GET /bimages/hydrog/IDN%20S3.jpg HTTP/1.1" 200 119804 "-" "Mozilla/5.0 AppleWebKit/537.36 (KHTML, like Gecko; compatible; bingbot/2.0; +http://www.bing.com/bingbot.htm) Chrome/103.0.5060.134 Safari/537.36" "www.mantech8.com"
185.191.171.19 - - [12/Oct/2022:21:08:37 -0700] "GET /index.php/camp-fire/5546378.html HTTP/1.1" 500 - "-" "Mozilla/5.0 (compatible; SemrushBot/7~bl; +http://www.semrush.com/bot.html)" "mantech8.com"
185.191.171.4 - - [12/Oct/2022:21:09:27 -0700] "GET /index.php/camp-fire/7734621.html HTTP/1.1" 500 - "-" "Mozilla/5.0 (compatible; SemrushBot/7~bl; +http://www.semrush.com/bot.html)" "mantech8.com"
185.191.171.3 - - [12/Oct/2022:21:09:48 -0700] "GET /index.php/camp-fire/27684270.html HTTP/1.1" 500 - "-" "Mozilla/5.0 (compatible; SemrushBot/7~bl; +http://www.semrush.com/bot.html)" "mantech8.com"
185.191.171.2 - - [12/Oct/2022:21:10:28 -0700] "GET /index.php/camp-fire/32402097.html HTTP/1.1" 500 - "-" "Mozilla/5.0 (compatible; SemrushBot/7~bl; +http://www.semrush.com/bot.html)" "mantech8.com"
185.191.171.4 - - [12/Oct/2022:21:11:11 -0700] "GET /index.php/camp-fire/61621371.html HTTP/1.1" 500 - "-" "Mozilla/5.0 (compatible; SemrushBot/7~bl; +http://www.semrush.com/bot.html)" "mantech8.com"
185.191.171.18 - - [12/Oct/2022:21:11:15 -0700] "GET /index.php/camp-fire/27673071.html HTTP/1.1" 500 - "-" "Mozilla/5.0 (compatible; SemrushBot/7~bl; +http://www.semrush.com/bot.html)" "mantech8.com"
45.138.74.197 - - [12/Oct/2022:21:11:22 -0700] "GET /contact.php HTTP/1.1" 200 29238 "https://xrabbit.cc/" "Mozilla/5.0 (Windows NT 5.1; U; en) Opera 8.01" "mantech8.com"
45.138.74.197 - - [12/Oct/2022:21:11:23 -0700] "GET /contact.php HTTP/1.1" 200 29238 "https://xrabbit.cc/" "Mozilla/5.0 (Windows NT 5.1; U; en) Opera 8.01" "mantech8.com"
45.138.74.197 - - [12/Oct/2022:21:11:23 -0700] "GET /contact.php HTTP/1.1" 200 29237 "https://xrabbit.cc/" "Mozilla/5.0 (Windows NT 5.1; U; en) Opera 8.01" "mantech8.com"
185.191.171.20 - - [12/Oct/2022:21:11:34 -0700] "GET /index.php/camp-fire/3353498.html HTTP/1.1" 500 - "-" "Mozilla/5.0 (compatible; SemrushBot/7~bl; +http://www.semrush.com/bot.html)" "mantech8.com"
185.191.171.25 - - [12/Oct/2022:21:11:37 -0700] "GET /index.php/camp-fire/41374008.html HTTP/1.1" 500 - "-" "Mozilla/5.0 (compatible; SemrushBot/7~bl; +http://www.semrush.com/bot.html)" "mantech8.com"
114.119.133.182 - - [12/Oct/2022:21:12:36 -0700] "GET /sitemap19609.xml HTTP/1.1" 404 88 "-" "Mozilla/5.0 (compatible;PetalBot;+https://webmaster.petalsearch.com/site/petalbot)" "mantech8.com"
185.191.171.5 - - [12/Oct/2022:21:12:50 -0700] "GET /index.php/camp-fire/48379702.html HTTP/1.1" 500 - "-" "Mozilla/5.0 (compatible; SemrushBot/7~bl; +http://www.semrush.com/bot.html)" "mantech8.com"
185.191.171.1 - - [12/Oct/2022:21:13:34 -0700] "GET /index.php/camp-fire/3335900.html HTTP/1.1" 500 - "-" "Mozilla/5.0 (compatible; SemrushBot/7~bl; +http://www.semrush.com/bot.html)" "mantech8.com"
185.191.171.5 - - [12/Oct/2022:21:13:56 -0700] "GET /index.php/camp-fire/3882374.html HTTP/1.1" 500 - "-" "Mozilla/5.0 (compatible; SemrushBot/7~bl; +http://www.semrush.com/bot.html)" "mantech8.com"
185.191.171.7 - - [12/Oct/2022:21:14:14 -0700] "GET /index.php/camp-fire/4111965.html HTTP/1.1" 500 - "-" "Mozilla/5.0 (compatible; SemrushBot/7~bl; +http://www.semrush.com/bot.html)" "mantech8.com"
185.191.171.44 - - [12/Oct/2022:21:14:48 -0700] "GET /index.php/camp-fire/50427703.html HTTP/1.1" 500 - "-" "Mozilla/5.0 (compatible; SemrushBot/7~bl; +http://www.semrush.com/bot.html)" "mantech8.com"
185.191.171.26 - - [12/Oct/2022:21:14:50 -0700] "GET /index.php/camp-fire/75131929.html HTTP/1.1" 500 - "-" "Mozilla/5.0 (compatible; SemrushBot/7~bl; +http://www.semrush.com/bot.html)" "mantech8.com"
185.191.171.6 - - [12/Oct/2022:21:15:43 -0700] "GET /index.php/camp-fire/46382235.html HTTP/1.1" 500 - "-" "Mozilla/5.0 (compatible; SemrushBot/7~bl; +http://www.semrush.com/bot.html)" "mantech8.com"
185.191.171.7 - - [12/Oct/2022:21:16:10 -0700] "GET /index.php/camp-fire/43457334.html HTTP/1.1" 500 - "-" "Mozilla/5.0 (compatible; SemrushBot/7~bl; +http://www.semrush.com/bot.html)" "mantech8.com"
185.191.171.3 - - [12/Oct/2022:21:16:37 -0700] "GET /index.php/camp-fire/48614976.html HTTP/1.1" 500 - "-" "Mozilla/5.0 (compatible; SemrushBot/7~bl; +http://www.semrush.com/bot.html)" "mantech8.com"
185.191.171.12 - - [12/Oct/2022:21:17:22 -0700] "GET /index.php/camp-fire/32037150.html HTTP/1.1" 500 - "-" "Mozilla/5.0 (compatible; SemrushBot/7~bl; +http://www.semrush.com/bot.html)" "mantech8.com"
185.191.171.15 - - [12/Oct/2022:21:17:28 -0700] "GET /index.php/camp-fire/42499503.html HTTP/1.1" 500 - "-" "Mozilla/5.0 (compatible; SemrushBot/7~bl; +http://www.semrush.com/bot.html)" "mantech8.com"
185.191.171.38 - - [12/Oct/2022:21:17:31 -0700] "GET /index.php/camp-fire/3250198.html HTTP/1.1" 500 - "-" "Mozilla/5.0 (compatible; SemrushBot/7~bl; +http://www.semrush.com/bot.html)" "mantech8.com"
185.191.171.35 - - [12/Oct/2022:21:17:39 -0700] "GET /index.php/camp-fire/28744789.html HTTP/1.1" 500 - "-" "Mozilla/5.0 (compatible; SemrushBot/7~bl; +http://www.semrush.com/bot.html)" "mantech8.com"
185.191.171.14 - - [12/Oct/2022:21:17:45 -0700] "GET /index.php/camp-fire/35383138.html HTTP/1.1" 500 - "-" "Mozilla/5.0 (compatible; SemrushBot/7~bl; +http://www.semrush.com/bot.html)" "mantech8.com"
114.119.133.182 - - [12/Oct/2022:21:18:10 -0700] "GET /index.php?sitemap-index-7.xml HTTP/1.1" 200 4850 "-" "Mozilla/5.0 (compatible;PetalBot;+https://webmaster.petalsearch.com/site/petalbot)" "mantech8.com"
185.191.171.34 - - [12/Oct/2022:21:19:04 -0700] "GET /index.php/camp-fire/40141888.html HTTP/1.1" 500 - "-" "Mozilla/5.0 (compatible; SemrushBot/7~bl; +http://www.semrush.com/bot.html)" "mantech8.com"
185.191.171.8 - - [12/Oct/2022:21:19:06 -0700] "GET /index.php/camp-fire/28945166.html HTTP/1.1" 500 - "-" "Mozilla/5.0 (compatible; SemrushBot/7~bl; +http://www.semrush.com/bot.html)" "mantech8.com"
185.191.171.24 - - [12/Oct/2022:21:19:16 -0700] "GET /index.php/camp-fire/38486071.html HTTP/1.1" 500 - "-" "Mozilla/5.0 (compatible; SemrushBot/7~bl; +http://www.semrush.com/bot.html)" "mantech8.com"
185.191.171.38 - - [12/Oct/2022:21:19:23 -0700] "GET /index.php/camp-fire/27550726.html HTTP/1.1" 500 - "-" "Mozilla/5.0 (compatible; SemrushBot/7~bl; +http://www.semrush.com/bot.html)" "mantech8.com"
185.191.171.13 - - [12/Oct/2022:21:19:49 -0700] "GET /index.php/camp-fire/55329717.html HTTP/1.1" 500 - "-" "Mozilla/5.0 (compatible; SemrushBot/7~bl; +http://www.semrush.com/bot.html)" "mantech8.com"
185.191.171.16 - - [12/Oct/2022:21:20:16 -0700] "GET /index.php/camp-fire/6499555.html HTTP/1.1" 500 - "-" "Mozilla/5.0 (compatible; SemrushBot/7~bl; +http://www.semrush.com/bot.html)" "mantech8.com"
185.191.171.38 - - [12/Oct/2022:21:20:36 -0700] "GET /index.php/camp-fire/36255630.html HTTP/1.1" 500 - "-" "Mozilla/5.0 (compatible; SemrushBot/7~bl; +http://www.semrush.com/bot.html)" "mantech8.com"
185.191.171.25 - - [12/Oct/2022:21:21:22 -0700] "GET /index.php/camp-fire/33293476.html HTTP/1.1" 500 - "-" "Mozilla/5.0 (compatible; SemrushBot/7~bl; +http://www.semrush.com/bot.html)" "mantech8.com"
185.191.171.22 - - [12/Oct/2022:21:22:13 -0700] "GET /index.php/camp-fire/28818266.html HTTP/1.1" 500 - "-" "Mozilla/5.0 (compatible; SemrushBot/7~bl; +http://www.semrush.com/bot.html)" "mantech8.com"
185.191.171.14 - - [12/Oct/2022:21:22:18 -0700] "GET /index.php/camp-fire/58565749.html HTTP/1.1" 500 - "-" "Mozilla/5.0 (compatible; SemrushBot/7~bl; +http://www.semrush.com/bot.html)" "mantech8.com"
185.191.171.16 - - [12/Oct/2022:21:22:42 -0700] "GET /index.php/camp-fire/3136278.html HTTP/1.1" 500 - "-" "Mozilla/5.0 (compatible; SemrushBot/7~bl; +http://www.semrush.com/bot.html)" "mantech8.com"
185.191.171.11 - - [12/Oct/2022:21:23:11 -0700] "GET /index.php/camp-fire/34834097.html HTTP/1.1" 500 - "-" "Mozilla/5.0 (compatible; SemrushBot/7~bl; +http://www.semrush.com/bot.html)" "mantech8.com"
185.191.171.7 - - [12/Oct/2022:21:23:35 -0700] "GET /index.php/camp-fire/4012374.html HTTP/1.1" 500 - "-" "Mozilla/5.0 (compatible; SemrushBot/7~bl; +http://www.semrush.com/bot.html)" "mantech8.com"
114.119.133.190 - - [12/Oct/2022:21:23:45 -0700] "GET /index.php/sitemap827.xml HTTP/1.1" 200 289468 "-" "Mozilla/5.0 (compatible;PetalBot;+https://webmaster.petalsearch.com/site/petalbot)" "mantech8.com"
185.191.171.37 - - [12/Oct/2022:21:24:14 -0700] "GET /index.php/camp-fire/38946478.html HTTP/1.1" 500 - "-" "Mozilla/5.0 (compatible; SemrushBot/7~bl; +http://www.semrush.com/bot.html)" "mantech8.com"
185.191.171.42 - - [12/Oct/2022:21:24:41 -0700] "GET /index.php/camp-fire/33803559.html HTTP/1.1" 500 - "-" "Mozilla/5.0 (compatible; SemrushBot/7~bl; +http://www.semrush.com/bot.html)" "mantech8.com"
185.191.171.37 - - [12/Oct/2022:21:24:54 -0700] "GET /index.php/camp-fire/33453493.html HTTP/1.1" 500 - "-" "Mozilla/5.0 (compatible; SemrushBot/7~bl; +http://www.semrush.com/bot.html)" "mantech8.com"
185.191.171.14 - - [12/Oct/2022:21:25:15 -0700] "GET /index.php/camp-fire/27267970.html HTTP/1.1" 500 - "-" "Mozilla/5.0 (compatible; SemrushBot/7~bl; +http://www.semrush.com/bot.html)" "mantech8.com"
207.46.13.70 - - [12/Oct/2022:21:26:23 -0700] "GET /bimages/gallery/cb3.jpg HTTP/1.1" 200 147153 "-" "Mozilla/5.0 (compatible; bingbot/2.0; +http://www.bing.com/bingbot.htm)" "mantech8.com"
185.191.171.7 - - [12/Oct/2022:21:26:24 -0700] "GET /index.php/camp-fire/27279963.html HTTP/1.1" 500 - "-" "Mozilla/5.0 (compatible; SemrushBot/7~bl; +http://www.semrush.com/bot.html)" "mantech8.com"
185.191.171.35 - - [12/Oct/2022:21:27:16 -0700] "GET /index.php/camp-fire/37566468.html HTTP/1.1" 500 - "-" "Mozilla/5.0 (compatible; SemrushBot/7~bl; +http://www.semrush.com/bot.html)" "mantech8.com"
185.191.171.44 - - [12/Oct/2022:21:27:49 -0700] "GET /index.php/camp-fire/39074235.html HTTP/1.1" 500 - "-" "Mozilla/5.0 (compatible; SemrushBot/7~bl; +http://www.semrush.com/bot.html)" "mantech8.com"
185.191.171.35 - - [12/Oct/2022:21:27:58 -0700] "GET /index.php/camp-fire/27920959.html HTTP/1.1" 500 - "-" "Mozilla/5.0 (compatible; SemrushBot/7~bl; +http://www.semrush.com/bot.html)" "mantech8.com"
185.191.171.45 - - [12/Oct/2022:21:27:59 -0700] "GET /index.php/camp-fire/32381630.html HTTP/1.1" 500 - "-" "Mozilla/5.0 (compatible; SemrushBot/7~bl; +http://www.semrush.com/bot.html)" "mantech8.com"
185.191.171.8 - - [12/Oct/2022:21:28:16 -0700] "GET /index.php/camp-fire/35018487.html HTTP/1.1" 500 - "-" "Mozilla/5.0 (compatible; SemrushBot/7~bl; +http://www.semrush.com/bot.html)" "mantech8.com"
185.191.171.7 - - [12/Oct/2022:21:29:16 -0700] "GET /index.php/camp-fire/28619789.html HTTP/1.1" 500 - "-" "Mozilla/5.0 (compatible; SemrushBot/7~bl; +http://www.semrush.com/bot.html)" "mantech8.com"
114.119.133.165 - - [12/Oct/2022:21:29:20 -0700] "GET /?sitemap-index-9.xml HTTP/1.1" 200 4266 "-" "Mozilla/5.0 (compatible;PetalBot;+https://webmaster.petalsearch.com/site/petalbot)" "mantech8.com"
185.191.171.39 - - [12/Oct/2022:21:29:44 -0700] "GET /index.php/camp-fire/59259235.html HTTP/1.1" 500 - "-" "Mozilla/5.0 (compatible; SemrushBot/7~bl; +http://www.semrush.com/bot.html)" "mantech8.com"
185.191.171.4 - - [12/Oct/2022:21:29:46 -0700] "GET /index.php/camp-fire/43233116.html HTTP/1.1" 500 - "-" "Mozilla/5.0 (compatible; SemrushBot/7~bl; +http://www.semrush.com/bot.html)" "mantech8.com"
40.77.167.58 - - [12/Oct/2022:21:29:46 -0700] "GET /index.php/6-romantic-ways-to-propose-at-home/ HTTP/1.1" 200 67890 "-" "Mozilla/5.0 (compatible; bingbot/2.0; +http://www.bing.com/bingbot.htm)" "mantech8.com"
185.191.171.8 - - [12/Oct/2022:21:29:51 -0700] "GET /index.php/camp-fire/8927442.html HTTP/1.1" 500 - "-" "Mozilla/5.0 (compatible; SemrushBot/7~bl; +http://www.semrush.com/bot.html)" "mantech8.com"
185.191.171.14 - - [12/Oct/2022:21:30:11 -0700] "GET /index.php/camp-fire/41493071.html HTTP/1.1" 500 - "-" "Mozilla/5.0 (compatible; SemrushBot/7~bl; +http://www.semrush.com/bot.html)" "mantech8.com"
185.191.171.3 - - [12/Oct/2022:21:30:28 -0700] "GET /index.php/camp-fire/27707871.html HTTP/1.1" 500 - "-" "Mozilla/5.0 (compatible; SemrushBot/7~bl; +http://www.semrush.com/bot.html)" "mantech8.com"
185.191.171.22 - - [12/Oct/2022:21:30:35 -0700] "GET /index.php/camp-fire/52309703.html HTTP/1.1" 500 - "-" "Mozilla/5.0 (compatible; SemrushBot/7~bl; +http://www.semrush.com/bot.html)" "mantech8.com"
185.191.171.45 - - [12/Oct/2022:21:31:01 -0700] "GET /index.php/camp-fire/4439774.html HTTP/1.1" 500 - "-" "Mozilla/5.0 (compatible; SemrushBot/7~bl; +http://www.semrush.com/bot.html)" "mantech8.com"
185.191.171.11 - - [12/Oct/2022:21:31:09 -0700] "GET /index.php/camp-fire/27686563.html HTTP/1.1" 500 - "-" "Mozilla/5.0 (compatible; SemrushBot/7~bl; +http://www.semrush.com/bot.html)" "mantech8.com"
185.191.171.19 - - [12/Oct/2022:21:32:13 -0700] "GET /index.php/camp-fire/7380780.html HTTP/1.1" 500 - "-" "Mozilla/5.0 (compatible; SemrushBot/7~bl; +http://www.semrush.com/bot.html)" "mantech8.com"
185.191.171.7 - - [12/Oct/2022:21:32:31 -0700] "GET /index.php/camp-fire/38128203.html HTTP/1.1" 500 - "-" "Mozilla/5.0 (compatible; SemrushBot/7~bl; +http://www.semrush.com/bot.html)" "mantech8.com"
185.191.171.9 - - [12/Oct/2022:21:32:52 -0700] "GET /index.php/camp-fire/38188772.html HTTP/1.1" 500 - "-" "Mozilla/5.0 (compatible; SemrushBot/7~bl; +http://www.semrush.com/bot.html)" "mantech8.com"
185.191.171.9 - - [12/Oct/2022:21:32:55 -0700] "GET /robots.txt HTTP/1.1" 200 106 "-" "Mozilla/5.0 (compatible; SemrushBot/7~bl; +http://www.semrush.com/bot.html)" "mantech8.com"
185.191.171.41 - - [12/Oct/2022:21:32:55 -0700] "GET /index.php/camp-fire/406098.html HTTP/1.1" 500 - "-" "Mozilla/5.0 (compatible; SemrushBot/7~bl; +http://www.semrush.com/bot.html)" "mantech8.com"
95.217.9.24 - - [12/Oct/2022:21:33:10 -0700] "GET /bimages/client/icf.png HTTP/1.1" 200 41986 "-" "Mozilla/5.0 (X11; Fedora; Linux x86_64) AppleWebKit/537.36 (KHTML, like Gecko) Chrome/79.0.3945.117 Safari/537.36" "mantech8.com"
185.191.171.19 - - [12/Oct/2022:21:33:36 -0700] "GET /index.php/camp-fire/27450426.html HTTP/1.1" 500 - "-" "Mozilla/5.0 (compatible; SemrushBot/7~bl; +http://www.semrush.com/bot.html)" "mantech8.com"
185.191.171.17 - - [12/Oct/2022:21:33:50 -0700] "GET /index.php/camp-fire/28028076.html HTTP/1.1" 500 - "-" "Mozilla/5.0 (compatible; SemrushBot/7~bl; +http://www.semrush.com/bot.html)" "mantech8.com"
185.191.171.34 - - [12/Oct/2022:21:34:01 -0700] "GET /index.php/camp-fire/38191478.html HTTP/1.1" 500 - "-" "Mozilla/5.0 (compatible; SemrushBot/7~bl; +http://www.semrush.com/bot.html)" "mantech8.com"
51.222.253.11 - - [12/Oct/2022:21:34:01 -0700] "GET /robots.txt HTTP/1.1" 200 106 "-" "Mozilla/5.0 (compatible; AhrefsBot/7.0; +http://ahrefs.com/robot/)" "mantech8.com"
40.77.167.68 - - [12/Oct/2022:21:34:16 -0700] "GET /bimages/service/s777.jpg HTTP/1.1" 200 176536 "-" "Mozilla/5.0 (compatible; bingbot/2.0; +http://www.bing.com/bingbot.htm)" "www.mantech8.com"
185.191.171.42 - - [12/Oct/2022:21:34:25 -0700] "GET /index.php/camp-fire/37352616.html HTTP/1.1" 500 - "-" "Mozilla/5.0 (compatible; SemrushBot/7~bl; +http://www.semrush.com/bot.html)" "mantech8.com"
114.119.133.190 - - [12/Oct/2022:21:34:53 -0700] "GET /?tarandean.xml HTTP/1.1" 200 270558 "-" "Mozilla/5.0 (Linux; Android 7.0;) AppleWebKit/537.36 (KHTML, like Gecko) Mobile Safari/537.36 (compatible; PetalBot;+https://webmaster.petalsearch.com/site/petalbot)" "mantech8.com"
185.191.171.24 - - [12/Oct/2022:21:36:00 -0700] "GET /index.php/camp-fire/6080890.html HTTP/1.1" 500 - "-" "Mozilla/5.0 (compatible; SemrushBot/7~bl; +http://www.semrush.com/bot.html)" "mantech8.com"
185.191.171.24 - - [12/Oct/2022:21:36:03 -0700] "GET /index.php/camp-fire/43618208.html HTTP/1.1" 500 - "-" "Mozilla/5.0 (compatible; SemrushBot/7~bl; +http://www.semrush.com/bot.html)" "mantech8.com"
185.191.171.17 - - [12/Oct/2022:21:36:39 -0700] "GET /index.php/camp-fire/33636159.html HTTP/1.1" 500 - "-" "Mozilla/5.0 (compatible; SemrushBot/7~bl; +http://www.semrush.com/bot.html)" "mantech8.com"
185.191.171.1 - - [12/Oct/2022:21:36:57 -0700] "GET /index.php/camp-fire/37601038.html HTTP/1.1" 500 - "-" "Mozilla/5.0 (compatible; SemrushBot/7~bl; +http://www.semrush.com/bot.html)" "mantech8.com"
185.191.171.25 - - [12/Oct/2022:21:36:59 -0700] "GET /index.php/camp-fire/44135803.html HTTP/1.1" 500 - "-" "Mozilla/5.0 (compatible; SemrushBot/7~bl; +http://www.semrush.com/bot.html)" "mantech8.com"
185.191.171.37 - - [12/Oct/2022:21:37:05 -0700] "GET /index.php/camp-fire/41221676.html HTTP/1.1" 500 - "-" "Mozilla/5.0 (compatible; SemrushBot/7~bl; +http://www.semrush.com/bot.html)" "mantech8.com"
185.191.171.45 - - [12/Oct/2022:21:37:09 -0700] "GET /index.php/camp-fire/28853966.html HTTP/1.1" 500 - "-" "Mozilla/5.0 (compatible; SemrushBot/7~bl; +http://www.semrush.com/bot.html)" "mantech8.com"
185.191.171.5 - - [12/Oct/2022:21:37:44 -0700] "GET /index.php/camp-fire/38118672.html HTTP/1.1" 500 - "-" "Mozilla/5.0 (compatible; SemrushBot/7~bl; +http://www.semrush.com/bot.html)" "mantech8.com"
185.191.171.35 - - [12/Oct/2022:21:39:35 -0700] "GET /index.php/camp-fire/35384938.html HTTP/1.1" 500 - "-" "Mozilla/5.0 (compatible; SemrushBot/7~bl; +http://www.semrush.com/bot.html)" "mantech8.com"
207.46.13.205 - - [12/Oct/2022:21:40:14 -0700] "GET /bimages/hgallery/thump/latest3%20big.jpg HTTP/1.1" 200 65629 "-" "Mozilla/5.0 (compatible; bingbot/2.0; +http://www.bing.com/bingbot.htm)" "mantech8.com"
185.191.171.18 - - [12/Oct/2022:21:40:23 -0700] "GET /index.php/camp-fire/3263998.html HTTP/1.1" 500 - "-" "Mozilla/5.0 (compatible; SemrushBot/7~bl; +http://www.semrush.com/bot.html)" "mantech8.com"
114.119.133.166 - - [12/Oct/2022:21:40:34 -0700] "GET /bimages/SliderImage/?C=S%3BO%3DA HTTP/1.1" 200 566 "http://mantech8.com/bimages/SliderImage/?C=M%3BO%3DA" "Mozilla/5.0 (Linux; Android 7.0;) AppleWebKit/537.36 (KHTML, like Gecko) Mobile Safari/537.36 (compatible; PetalBot;+https://webmaster.petalsearch.com/site/petalbot)" "mantech8.com"
216.244.66.241 - - [12/Oct/2022:21:41:08 -0700] "GET /robots.txt HTTP/1.1" 200 222 "-" "Mozilla/5.0 (compatible; DotBot/1.2; +https://opensiteexplorer.org/dotbot; help@moz.com)" "mantech8.com"
216.244.66.241 - - [12/Oct/2022:21:41:08 -0700] "GET /robots.txt HTTP/1.1" 200 222 "-" "Mozilla/5.0 (compatible; DotBot/1.2; +https://opensiteexplorer.org/dotbot; help@moz.com)" "www.mantech8.com"
185.191.171.39 - - [12/Oct/2022:21:41:27 -0700] "GET /index.php/camp-fire/4200785.html HTTP/1.1" 500 - "-" "Mozilla/5.0 (compatible; SemrushBot/7~bl; +http://www.semrush.com/bot.html)" "mantech8.com"
185.191.171.23 - - [12/Oct/2022:21:41:28 -0700] "GET /index.php/camp-fire/9157390.html HTTP/1.1" 500 - "-" "Mozilla/5.0 (compatible; SemrushBot/7~bl; +http://www.semrush.com/bot.html)" "mantech8.com"
185.191.171.11 - - [12/Oct/2022:21:41:41 -0700] "GET /index.php/camp-fire/43122471.html HTTP/1.1" 500 - "-" "Mozilla/5.0 (compatible; SemrushBot/7~bl; +http://www.semrush.com/bot.html)" "mantech8.com"
185.191.171.11 - - [12/Oct/2022:21:42:07 -0700] "GET /index.php/camp-fire/42873834.html HTTP/1.1" 500 - "-" "Mozilla/5.0 (compatible; SemrushBot/7~bl; +http://www.semrush.com/bot.html)" "mantech8.com"
185.191.171.16 - - [12/Oct/2022:21:42:12 -0700] "GET /index.php/camp-fire/39907902.html HTTP/1.1" 500 - "-" "Mozilla/5.0 (compatible; SemrushBot/7~bl; +http://www.semrush.com/bot.html)" "mantech8.com"
185.191.171.16 - - [12/Oct/2022:21:42:42 -0700] "GET /index.php/camp-fire/9038455.html HTTP/1.1" 500 - "-" "Mozilla/5.0 (compatible; SemrushBot/7~bl; +http://www.semrush.com/bot.html)" "mantech8.com"
185.191.171.20 - - [12/Oct/2022:21:42:44 -0700] "GET /index.php/camp-fire/28410464.html HTTP/1.1" 500 - "-" "Mozilla/5.0 (compatible; SemrushBot/7~bl; +http://www.semrush.com/bot.html)" "mantech8.com"
185.191.171.16 - - [12/Oct/2022:21:43:39 -0700] "GET /index.php/camp-fire/44672350.html HTTP/1.1" 500 - "-" "Mozilla/5.0 (compatible; SemrushBot/7~bl; +http://www.semrush.com/bot.html)" "mantech8.com"
185.191.171.38 - - [12/Oct/2022:21:44:12 -0700] "GET /index.php/camp-fire/42225934.html HTTP/1.1" 500 - "-" "Mozilla/5.0 (compatible; SemrushBot/7~bl; +http://www.semrush.com/bot.html)" "mantech8.com"
185.191.171.24 - - [12/Oct/2022:21:44:15 -0700] "GET /index.php/camp-fire/27436426.html HTTP/1.1" 500 - "-" "Mozilla/5.0 (compatible; SemrushBot/7~bl; +http://www.semrush.com/bot.html)" "mantech8.com"
185.191.171.45 - - [12/Oct/2022:21:44:39 -0700] "GET /index.php/camp-fire/29897470.html HTTP/1.1" 500 - "-" "Mozilla/5.0 (compatible; SemrushBot/7~bl; +http://www.semrush.com/bot.html)" "mantech8.com"
185.191.171.22 - - [12/Oct/2022:21:44:53 -0700] "GET /index.php/camp-fire/9123642.html HTTP/1.1" 500 - "-" "Mozilla/5.0 (compatible; SemrushBot/7~bl; +http://www.semrush.com/bot.html)" "mantech8.com"
185.191.171.15 - - [12/Oct/2022:21:45:02 -0700] "GET /index.php/camp-fire/3726100.html HTTP/1.1" 500 - "-" "Mozilla/5.0 (compatible; SemrushBot/7~bl; +http://www.semrush.com/bot.html)" "mantech8.com"
185.191.171.34 - - [12/Oct/2022:21:45:05 -0700] "GET /index.php/camp-fire/50591730.html HTTP/1.1" 500 - "-" "Mozilla/5.0 (compatible; SemrushBot/7~bl; +http://www.semrush.com/bot.html)" "mantech8.com"
185.191.171.33 - - [12/Oct/2022:21:45:34 -0700] "GET /index.php/camp-fire/40977983.html HTTP/1.1" 500 - "-" "Mozilla/5.0 (compatible; SemrushBot/7~bl; +http://www.semrush.com/bot.html)" "mantech8.com"
20.193.141.185 - - [12/Oct/2022:21:45:50 -0700] "GET /Makhdamxshell.php HTTP/1.1" 404 88 "-" "Mozilla/5.0 (Windows NT 10.0; Win64; x64) AppleWebKit/537.36 (KHTML, like Gecko) Chrome/85.0.4183.102 Safari/537.36" "mantech8.com"
20.193.141.185 - - [12/Oct/2022:21:45:52 -0700] "GET /wp-admin/includes/class-wp-media-list-data.php HTTP/1.1" 404 88 "-" "Mozilla/5.0 (Windows NT 10.0; Win64; x64) AppleWebKit/537.36 (KHTML, like Gecko) Chrome/85.0.4183.102 Safari/537.36" "mantech8.com"
20.193.141.185 - - [12/Oct/2022:21:45:56 -0700] "GET /wp-includes/wp-class.php HTTP/1.1" 404 88 "-" "Mozilla/5.0 (Windows NT 10.0; Win64; x64) AppleWebKit/537.36 (KHTML, like Gecko) Chrome/85.0.4183.102 Safari/537.36" "mantech8.com"
20.193.141.185 - - [12/Oct/2022:21:46:02 -0700] "GET /radio.php HTTP/1.1" 404 88 "-" "Mozilla/5.0 (Windows NT 10.0; Win64; x64) AppleWebKit/537.36 (KHTML, like Gecko) Chrome/85.0.4183.102 Safari/537.36" "mantech8.com"
20.193.141.185 - - [12/Oct/2022:21:46:10 -0700] "GET /fw.php HTTP/1.1" 500 - "-" "Mozilla/5.0 (Windows NT 10.0; Win64; x64) AppleWebKit/537.36 (KHTML, like Gecko) Chrome/85.0.4183.102 Safari/537.36" "mantech8.com"
114.119.133.190 - - [12/Oct/2022:21:46:17 -0700] "GET /?sitemap2998.xml HTTP/1.1" 200 270621 "-" "Mozilla/5.0 (Linux; Android 7.0;) AppleWebKit/537.36 (KHTML, like Gecko) Mobile Safari/537.36 (compatible; PetalBot;+https://webmaster.petalsearch.com/site/petalbot)" "mantech8.com"
20.193.141.185 - - [12/Oct/2022:21:46:17 -0700] "GET /fx.php HTTP/1.1" 404 88 "-" "Mozilla/5.0 (Windows NT 10.0; Win64; x64) AppleWebKit/537.36 (KHTML, like Gecko) Chrome/85.0.4183.102 Safari/537.36" "mantech8.com"
20.193.141.185 - - [12/Oct/2022:21:46:26 -0700] "GET /ups.php HTTP/1.1" 404 88 "-" "Mozilla/5.0 (Windows NT 10.0; Win64; x64) AppleWebKit/537.36 (KHTML, like Gecko) Chrome/85.0.4183.102 Safari/537.36" "mantech8.com"
20.193.141.185 - - [12/Oct/2022:21:46:27 -0700] "GET /wikindex.php HTTP/1.1" 404 88 "-" "Mozilla/5.0 (Windows NT 10.0; Win64; x64) AppleWebKit/537.36 (KHTML, like Gecko) Chrome/85.0.4183.102 Safari/537.36" "mantech8.com"
20.193.141.185 - - [12/Oct/2022:21:46:32 -0700] "GET /1index.php HTTP/1.1" 404 88 "-" "Mozilla/5.0 (Windows NT 10.0; Win64; x64) AppleWebKit/537.36 (KHTML, like Gecko) Chrome/85.0.4183.102 Safari/537.36" "mantech8.com"
185.191.171.26 - - [12/Oct/2022:21:46:33 -0700] "GET /index.php/camp-fire/5426077.html HTTP/1.1" 500 - "-" "Mozilla/5.0 (compatible; SemrushBot/7~bl; +http://www.semrush.com/bot.html)" "mantech8.com"
20.193.141.185 - - [12/Oct/2022:21:46:36 -0700] "GET /0.php HTTP/1.1" 404 88 "-" "Mozilla/5.0 (Windows NT 10.0; Win64; x64) AppleWebKit/537.36 (KHTML, like Gecko) Chrome/85.0.4183.102 Safari/537.36" "mantech8.com"
20.193.141.185 - - [12/Oct/2022:21:46:44 -0700] "GET /01.php HTTP/1.1" 404 88 "-" "Mozilla/5.0 (Windows NT 10.0; Win64; x64) AppleWebKit/537.36 (KHTML, like Gecko) Chrome/85.0.4183.102 Safari/537.36" "mantech8.com"
20.193.141.185 - - [12/Oct/2022:21:46:48 -0700] "GET /0byte HTTP/1.1" 404 88 "-" "Mozilla/5.0 (Windows NT 10.0; Win64; x64) AppleWebKit/537.36 (KHTML, like Gecko) Chrome/85.0.4183.102 Safari/537.36" "mantech8.com"
20.193.141.185 - - [12/Oct/2022:21:46:49 -0700] "GET /0byte.php HTTP/1.1" 404 88 "-" "Mozilla/5.0 (Windows NT 10.0; Win64; x64) AppleWebKit/537.36 (KHTML, like Gecko) Chrome/85.0.4183.102 Safari/537.36" "mantech8.com"
20.193.141.185 - - [12/Oct/2022:21:46:54 -0700] "GET /1.php HTTP/1.1" 500 - "-" "Mozilla/5.0 (Windows NT 10.0; Win64; x64) AppleWebKit/537.36 (KHTML, like Gecko) Chrome/85.0.4183.102 Safari/537.36" "mantech8.com"
20.193.141.185 - - [12/Oct/2022:21:46:56 -0700] "GET /10.php HTTP/1.1" 404 88 "-" "Mozilla/5.0 (Windows NT 10.0; Win64; x64) AppleWebKit/537.36 (KHTML, like Gecko) Chrome/85.0.4183.102 Safari/537.36" "mantech8.com"
20.193.141.185 - - [12/Oct/2022:21:47:07 -0700] "GET /100.php HTTP/1.1" 404 88 "-" "Mozilla/5.0 (Windows NT 10.0; Win64; x64) AppleWebKit/537.36 (KHTML, like Gecko) Chrome/85.0.4183.102 Safari/537.36" "mantech8.com"
20.193.141.185 - - [12/Oct/2022:21:47:09 -0700] "GET /11index.php HTTP/1.1" 404 88 "-" "Mozilla/5.0 (Windows NT 10.0; Win64; x64) AppleWebKit/537.36 (KHTML, like Gecko) Chrome/85.0.4183.102 Safari/537.36" "mantech8.com"
20.193.141.185 - - [12/Oct/2022:21:47:10 -0700] "GET /13.php HTTP/1.1" 404 88 "-" "Mozilla/5.0 (Windows NT 10.0; Win64; x64) AppleWebKit/537.36 (KHTML, like Gecko) Chrome/85.0.4183.102 Safari/537.36" "mantech8.com"
185.191.171.42 - - [12/Oct/2022:21:47:13 -0700] "GET /index.php/camp-fire/18088361.html HTTP/1.1" 500 - "-" "Mozilla/5.0 (compatible; SemrushBot/7~bl; +http://www.semrush.com/bot.html)" "mantech8.com"
20.193.141.185 - - [12/Oct/2022:21:47:17 -0700] "GET /1337.php HTTP/1.1" 404 88 "-" "Mozilla/5.0 (Windows NT 10.0; Win64; x64) AppleWebKit/537.36 (KHTML, like Gecko) Chrome/85.0.4183.102 Safari/537.36" "mantech8.com"
20.193.141.185 - - [12/Oct/2022:21:47:21 -0700] "GET /2.php HTTP/1.1" 404 88 "-" "Mozilla/5.0 (Windows NT 10.0; Win64; x64) AppleWebKit/537.36 (KHTML, like Gecko) Chrome/85.0.4183.102 Safari/537.36" "mantech8.com"
20.193.141.185 - - [12/Oct/2022:21:47:25 -0700] "GET /2index.php HTTP/1.1" 404 88 "-" "Mozilla/5.0 (Windows NT 10.0; Win64; x64) AppleWebKit/537.36 (KHTML, like Gecko) Chrome/85.0.4183.102 Safari/537.36" "mantech8.com"
20.193.141.185 - - [12/Oct/2022:21:47:28 -0700] "GET /3.php HTTP/1.1" 404 88 "-" "Mozilla/5.0 (Windows NT 10.0; Win64; x64) AppleWebKit/537.36 (KHTML, like Gecko) Chrome/85.0.4183.102 Safari/537.36" "mantech8.com"
20.193.141.185 - - [12/Oct/2022:21:47:30 -0700] "GET /4.php HTTP/1.1" 404 88 "-" "Mozilla/5.0 (Windows NT 10.0; Win64; x64) AppleWebKit/537.36 (KHTML, like Gecko) Chrome/85.0.4183.102 Safari/537.36" "mantech8.com"
20.193.141.185 - - [12/Oct/2022:21:47:35 -0700] "GET /403.php HTTP/1.1" 404 88 "-" "Mozilla/5.0 (Windows NT 10.0; Win64; x64) AppleWebKit/537.36 (KHTML, like Gecko) Chrome/85.0.4183.102 Safari/537.36" "mantech8.com"
20.193.141.185 - - [12/Oct/2022:21:47:37 -0700] "GET /404.php HTTP/1.1" 404 88 "-" "Mozilla/5.0 (Windows NT 10.0; Win64; x64) AppleWebKit/537.36 (KHTML, like Gecko) Chrome/85.0.4183.102 Safari/537.36" "mantech8.com"
20.193.141.185 - - [12/Oct/2022:21:47:43 -0700] "GET /5.php HTTP/1.1" 404 88 "-" "Mozilla/5.0 (Windows NT 10.0; Win64; x64) AppleWebKit/537.36 (KHTML, like Gecko) Chrome/85.0.4183.102 Safari/537.36" "mantech8.com"
20.193.141.185 - - [12/Oct/2022:21:47:44 -0700] "GET /9.php HTTP/1.1" 404 88 "-" "Mozilla/5.0 (Windows NT 10.0; Win64; x64) AppleWebKit/537.36 (KHTML, like Gecko) Chrome/85.0.4183.102 Safari/537.36" "mantech8.com"
20.193.141.185 - - [12/Oct/2022:21:47:47 -0700] "GET /Alfa.php HTTP/1.1" 404 88 "-" "Mozilla/5.0 (Windows NT 10.0; Win64; x64) AppleWebKit/537.36 (KHTML, like Gecko) Chrome/85.0.4183.102 Safari/537.36" "mantech8.com"
185.191.171.21 - - [12/Oct/2022:21:47:47 -0700] "GET /index.php/camp-fire/41916768.html HTTP/1.1" 500 - "-" "Mozilla/5.0 (compatible; SemrushBot/7~bl; +http://www.semrush.com/bot.html)" "mantech8.com"
20.193.141.185 - - [12/Oct/2022:21:47:52 -0700] "GET /FoxWSO.php HTTP/1.1" 404 88 "-" "Mozilla/5.0 (Windows NT 10.0; Win64; x64) AppleWebKit/537.36 (KHTML, like Gecko) Chrome/85.0.4183.102 Safari/537.36" "mantech8.com"
20.193.141.185 - - [12/Oct/2022:21:47:55 -0700] "GET /WSO.php HTTP/1.1" 404 88 "-" "Mozilla/5.0 (Windows NT 10.0; Win64; x64) AppleWebKit/537.36 (KHTML, like Gecko) Chrome/85.0.4183.102 Safari/537.36" "mantech8.com"
20.193.141.185 - - [12/Oct/2022:21:48:02 -0700] "GET /a.php HTTP/1.1" 404 88 "-" "Mozilla/5.0 (Windows NT 10.0; Win64; x64) AppleWebKit/537.36 (KHTML, like Gecko) Chrome/85.0.4183.102 Safari/537.36" "mantech8.com"
20.193.141.185 - - [12/Oct/2022:21:48:03 -0700] "GET /about.php HTTP/1.1" 404 88 "-" "Mozilla/5.0 (Windows NT 10.0; Win64; x64) AppleWebKit/537.36 (KHTML, like Gecko) Chrome/85.0.4183.102 Safari/537.36" "mantech8.com"
185.191.171.20 - - [12/Oct/2022:21:48:04 -0700] "GET /index.php/camp-fire/48537471.html HTTP/1.1" 500 - "-" "Mozilla/5.0 (compatible; SemrushBot/7~bl; +http://www.semrush.com/bot.html)" "mantech8.com"
185.191.171.10 - - [12/Oct/2022:21:48:05 -0700] "GET /index.php/camp-fire/8246178.html HTTP/1.1" 500 - "-" "Mozilla/5.0 (compatible; SemrushBot/7~bl; +http://www.semrush.com/bot.html)" "mantech8.com"
20.193.141.185 - - [12/Oct/2022:21:48:06 -0700] "GET /alf.php HTTP/1.1" 404 88 "-" "Mozilla/5.0 (Windows NT 10.0; Win64; x64) AppleWebKit/537.36 (KHTML, like Gecko) Chrome/85.0.4183.102 Safari/537.36" "mantech8.com"
20.193.141.185 - - [12/Oct/2022:21:48:14 -0700] "GET /alfa.php HTTP/1.1" 404 88 "-" "Mozilla/5.0 (Windows NT 10.0; Win64; x64) AppleWebKit/537.36 (KHTML, like Gecko) Chrome/85.0.4183.102 Safari/537.36" "mantech8.com"
20.193.141.185 - - [12/Oct/2022:21:48:17 -0700] "GET /alfashell.php HTTP/1.1" 404 88 "-" "Mozilla/5.0 (Windows NT 10.0; Win64; x64) AppleWebKit/537.36 (KHTML, like Gecko) Chrome/85.0.4183.102 Safari/537.36" "mantech8.com"
185.191.171.39 - - [12/Oct/2022:21:48:19 -0700] "GET /index.php/camp-fire/28060209.html HTTP/1.1" 500 - "-" "Mozilla/5.0 (compatible; SemrushBot/7~bl; +http://www.semrush.com/bot.html)" "mantech8.com"
20.193.141.185 - - [12/Oct/2022:21:48:24 -0700] "GET /alwso.php HTTP/1.1" 404 88 "-" "Mozilla/5.0 (Windows NT 10.0; Win64; x64) AppleWebKit/537.36 (KHTML, like Gecko) Chrome/85.0.4183.102 Safari/537.36" "mantech8.com"
20.193.141.185 - - [12/Oct/2022:21:48:29 -0700] "GET /autoload_classmap.php HTTP/1.1" 404 88 "-" "Mozilla/5.0 (Windows NT 10.0; Win64; x64) AppleWebKit/537.36 (KHTML, like Gecko) Chrome/85.0.4183.102 Safari/537.36" "mantech8.com"
20.193.141.185 - - [12/Oct/2022:21:48:31 -0700] "GET /b.php HTTP/1.1" 404 88 "-" "Mozilla/5.0 (Windows NT 10.0; Win64; x64) AppleWebKit/537.36 (KHTML, like Gecko) Chrome/85.0.4183.102 Safari/537.36" "mantech8.com"
20.193.141.185 - - [12/Oct/2022:21:48:36 -0700] "GET /blog.php HTTP/1.1" 404 88 "-" "Mozilla/5.0 (Windows NT 10.0; Win64; x64) AppleWebKit/537.36 (KHTML, like Gecko) Chrome/85.0.4183.102 Safari/537.36" "mantech8.com"
20.193.141.185 - - [12/Oct/2022:21:48:40 -0700] "GET /blog/fw.php HTTP/1.1" 404 88 "-" "Mozilla/5.0 (Windows NT 10.0; Win64; x64) AppleWebKit/537.36 (KHTML, like Gecko) Chrome/85.0.4183.102 Safari/537.36" "mantech8.com"
20.193.141.185 - - [12/Oct/2022:21:48:47 -0700] "GET /bypass.php HTTP/1.1" 404 88 "-" "Mozilla/5.0 (Windows NT 10.0; Win64; x64) AppleWebKit/537.36 (KHTML, like Gecko) Chrome/85.0.4183.102 Safari/537.36" "mantech8.com"
20.193.141.185 - - [12/Oct/2022:21:48:49 -0700] "GET /c.php HTTP/1.1" 404 88 "-" "Mozilla/5.0 (Windows NT 10.0; Win64; x64) AppleWebKit/537.36 (KHTML, like Gecko) Chrome/85.0.4183.102 Safari/537.36" "mantech8.com"
185.191.171.21 - - [12/Oct/2022:21:48:50 -0700] "GET /index.php/camp-fire/61530634.html HTTP/1.1" 500 - "-" "Mozilla/5.0 (compatible; SemrushBot/7~bl; +http://www.semrush.com/bot.html)" "mantech8.com"
20.193.141.185 - - [12/Oct/2022:21:48:52 -0700] "GET /c99.php HTTP/1.1" 404 88 "-" "Mozilla/5.0 (Windows NT 10.0; Win64; x64) AppleWebKit/537.36 (KHTML, like Gecko) Chrome/85.0.4183.102 Safari/537.36" "mantech8.com"
20.193.141.185 - - [12/Oct/2022:21:48:56 -0700] "GET /content.php HTTP/1.1" 404 88 "-" "Mozilla/5.0 (Windows NT 10.0; Win64; x64) AppleWebKit/537.36 (KHTML, like Gecko) Chrome/85.0.4183.102 Safari/537.36" "mantech8.com"
20.193.141.185 - - [12/Oct/2022:21:48:58 -0700] "GET /date.php HTTP/1.1" 404 88 "-" "Mozilla/5.0 (Windows NT 10.0; Win64; x64) AppleWebKit/537.36 (KHTML, like Gecko) Chrome/85.0.4183.102 Safari/537.36" "mantech8.com"
20.193.141.185 - - [12/Oct/2022:21:49:00 -0700] "GET /doc.php HTTP/1.1" 404 88 "-" "Mozilla/5.0 (Windows NT 10.0; Win64; x64) AppleWebKit/537.36 (KHTML, like Gecko) Chrome/85.0.4183.102 Safari/537.36" "mantech8.com"
20.193.141.185 - - [12/Oct/2022:21:49:02 -0700] "GET /e.php HTTP/1.1" 404 88 "-" "Mozilla/5.0 (Windows NT 10.0; Win64; x64) AppleWebKit/537.36 (KHTML, like Gecko) Chrome/85.0.4183.102 Safari/537.36" "mantech8.com"
20.193.141.185 - - [12/Oct/2022:21:49:08 -0700] "GET /edit-form.php HTTP/1.1" 404 88 "-" "Mozilla/5.0 (Windows NT 10.0; Win64; x64) AppleWebKit/537.36 (KHTML, like Gecko) Chrome/85.0.4183.102 Safari/537.36" "mantech8.com"
20.193.141.185 - - [12/Oct/2022:21:49:13 -0700] "GET /f.php HTTP/1.1" 404 88 "-" "Mozilla/5.0 (Windows NT 10.0; Win64; x64) AppleWebKit/537.36 (KHTML, like Gecko) Chrome/85.0.4183.102 Safari/537.36" "mantech8.com"
20.193.141.185 - - [12/Oct/2022:21:49:16 -0700] "GET /fox.php HTTP/1.1" 404 88 "-" "Mozilla/5.0 (Windows NT 10.0; Win64; x64) AppleWebKit/537.36 (KHTML, like Gecko) Chrome/85.0.4183.102 Safari/537.36" "mantech8.com"
20.193.141.185 - - [12/Oct/2022:21:49:17 -0700] "GET /g.php HTTP/1.1" 404 88 "-" "Mozilla/5.0 (Windows NT 10.0; Win64; x64) AppleWebKit/537.36 (KHTML, like Gecko) Chrome/85.0.4183.102 Safari/537.36" "mantech8.com"
20.193.141.185 - - [12/Oct/2022:21:49:21 -0700] "GET /goods.php HTTP/1.1" 404 88 "-" "Mozilla/5.0 (Windows NT 10.0; Win64; x64) AppleWebKit/537.36 (KHTML, like Gecko) Chrome/85.0.4183.102 Safari/537.36" "mantech8.com"
20.193.141.185 - - [12/Oct/2022:21:49:25 -0700] "GET /h.php HTTP/1.1" 404 88 "-" "Mozilla/5.0 (Windows NT 10.0; Win64; x64) AppleWebKit/537.36 (KHTML, like Gecko) Chrome/85.0.4183.102 Safari/537.36" "mantech8.com"
20.193.141.185 - - [12/Oct/2022:21:49:31 -0700] "GET /haxor.php HTTP/1.1" 404 88 "-" "Mozilla/5.0 (Windows NT 10.0; Win64; x64) AppleWebKit/537.36 (KHTML, like Gecko) Chrome/85.0.4183.102 Safari/537.36" "mantech8.com"
20.193.141.185 - - [12/Oct/2022:21:49:32 -0700] "GET /hello.php HTTP/1.1" 404 88 "-" "Mozilla/5.0 (Windows NT 10.0; Win64; x64) AppleWebKit/537.36 (KHTML, like Gecko) Chrome/85.0.4183.102 Safari/537.36" "mantech8.com"
20.193.141.185 - - [12/Oct/2022:21:49:38 -0700] "GET /i.php HTTP/1.1" 404 88 "-" "Mozilla/5.0 (Windows NT 10.0; Win64; x64) AppleWebKit/537.36 (KHTML, like Gecko) Chrome/85.0.4183.102 Safari/537.36" "mantech8.com"
20.193.141.185 - - [12/Oct/2022:21:49:39 -0700] "GET /images/about.php HTTP/1.1" 404 88 "-" "Mozilla/5.0 (Windows NT 10.0; Win64; x64) AppleWebKit/537.36 (KHTML, like Gecko) Chrome/85.0.4183.102 Safari/537.36" "mantech8.com"
20.193.141.185 - - [12/Oct/2022:21:49:43 -0700] "GET /jindex.php HTTP/1.1" 404 88 "-" "Mozilla/5.0 (Windows NT 10.0; Win64; x64) AppleWebKit/537.36 (KHTML, like Gecko) Chrome/85.0.4183.102 Safari/537.36" "mantech8.com"
20.193.141.185 - - [12/Oct/2022:21:49:47 -0700] "GET /k.php HTTP/1.1" 404 88 "-" "Mozilla/5.0 (Windows NT 10.0; Win64; x64) AppleWebKit/537.36 (KHTML, like Gecko) Chrome/85.0.4183.102 Safari/537.36" "mantech8.com"
20.193.141.185 - - [12/Oct/2022:21:49:50 -0700] "GET /l.php HTTP/1.1" 404 88 "-" "Mozilla/5.0 (Windows NT 10.0; Win64; x64) AppleWebKit/537.36 (KHTML, like Gecko) Chrome/85.0.4183.102 Safari/537.36" "mantech8.com"
20.193.141.185 - - [12/Oct/2022:21:49:54 -0700] "GET /license.php HTTP/1.1" 404 88 "-" "Mozilla/5.0 (Windows NT 10.0; Win64; x64) AppleWebKit/537.36 (KHTML, like Gecko) Chrome/85.0.4183.102 Safari/537.36" "mantech8.com"
20.193.141.185 - - [12/Oct/2022:21:49:59 -0700] "GET /m.php HTTP/1.1" 404 88 "-" "Mozilla/5.0 (Windows NT 10.0; Win64; x64) AppleWebKit/537.36 (KHTML, like Gecko) Chrome/85.0.4183.102 Safari/537.36" "mantech8.com"
185.191.171.11 - - [12/Oct/2022:21:49:59 -0700] "GET /index.php/camp-fire/42972034.html HTTP/1.1" 500 - "-" "Mozilla/5.0 (compatible; SemrushBot/7~bl; +http://www.semrush.com/bot.html)" "mantech8.com"
20.193.141.185 - - [12/Oct/2022:21:50:02 -0700] "GET /mar.php HTTP/1.1" 404 88 "-" "Mozilla/5.0 (Windows NT 10.0; Win64; x64) AppleWebKit/537.36 (KHTML, like Gecko) Chrome/85.0.4183.102 Safari/537.36" "mantech8.com"
20.193.141.185 - - [12/Oct/2022:21:50:06 -0700] "GET /mari.php HTTP/1.1" 404 88 "-" "Mozilla/5.0 (Windows NT 10.0; Win64; x64) AppleWebKit/537.36 (KHTML, like Gecko) Chrome/85.0.4183.102 Safari/537.36" "mantech8.com"
185.191.171.5 - - [12/Oct/2022:21:50:07 -0700] "GET /index.php/camp-fire/61313738.html HTTP/1.1" 500 - "-" "Mozilla/5.0 (compatible; SemrushBot/7~bl; +http://www.semrush.com/bot.html)" "mantech8.com"
20.193.141.185 - - [12/Oct/2022:21:50:11 -0700] "GET /marijuana.php HTTP/1.1" 404 88 "-" "Mozilla/5.0 (Windows NT 10.0; Win64; x64) AppleWebKit/537.36 (KHTML, like Gecko) Chrome/85.0.4183.102 Safari/537.36" "mantech8.com"
20.193.141.185 - - [12/Oct/2022:21:50:17 -0700] "GET /mini.php HTTP/1.1" 404 88 "-" "Mozilla/5.0 (Windows NT 10.0; Win64; x64) AppleWebKit/537.36 (KHTML, like Gecko) Chrome/85.0.4183.102 Safari/537.36" "mantech8.com"
20.193.141.185 - - [12/Oct/2022:21:50:19 -0700] "GET /n.php HTTP/1.1" 404 88 "-" "Mozilla/5.0 (Windows NT 10.0; Win64; x64) AppleWebKit/537.36 (KHTML, like Gecko) Chrome/85.0.4183.102 Safari/537.36" "mantech8.com"
20.193.141.185 - - [12/Oct/2022:21:50:22 -0700] "GET /new.php HTTP/1.1" 404 88 "-" "Mozilla/5.0 (Windows NT 10.0; Win64; x64) AppleWebKit/537.36 (KHTML, like Gecko) Chrome/85.0.4183.102 Safari/537.36" "mantech8.com"
20.193.141.185 - - [12/Oct/2022:21:50:25 -0700] "GET /o.php HTTP/1.1" 404 88 "-" "Mozilla/5.0 (Windows NT 10.0; Win64; x64) AppleWebKit/537.36 (KHTML, like Gecko) Chrome/85.0.4183.102 Safari/537.36" "mantech8.com"
20.193.141.185 - - [12/Oct/2022:21:50:27 -0700] "GET /ok.php HTTP/1.1" 404 88 "-" "Mozilla/5.0 (Windows NT 10.0; Win64; x64) AppleWebKit/537.36 (KHTML, like Gecko) Chrome/85.0.4183.102 Safari/537.36" "mantech8.com"
20.193.141.185 - - [12/Oct/2022:21:50:35 -0700] "GET /old-index.php HTTP/1.1" 404 88 "-" "Mozilla/5.0 (Windows NT 10.0; Win64; x64) AppleWebKit/537.36 (KHTML, like Gecko) Chrome/85.0.4183.102 Safari/537.36" "mantech8.com"
20.193.141.185 - - [12/Oct/2022:21:50:39 -0700] "GET /p.php HTTP/1.1" 404 88 "-" "Mozilla/5.0 (Windows NT 10.0; Win64; x64) AppleWebKit/537.36 (KHTML, like Gecko) Chrome/85.0.4183.102 Safari/537.36" "mantech8.com"
20.193.141.185 - - [12/Oct/2022:21:50:43 -0700] "GET /priv8.php HTTP/1.1" 404 88 "-" "Mozilla/5.0 (Windows NT 10.0; Win64; x64) AppleWebKit/537.36 (KHTML, like Gecko) Chrome/85.0.4183.102 Safari/537.36" "mantech8.com"
185.191.171.43 - - [12/Oct/2022:21:50:43 -0700] "GET /index.php/camp-fire/43189680.html HTTP/1.1" 500 - "-" "Mozilla/5.0 (compatible; SemrushBot/7~bl; +http://www.semrush.com/bot.html)" "mantech8.com"
114.134.90.43 - - [12/Oct/2022:21:50:47 -0700] "GET /contact.php HTTP/1.1" 200 29238 "http://mantech8.com/contact.php" "Mozilla/5.0 (Windows NT 6.3; Win64; x64) AppleWebKit/537.36 (KHTML, like Gecko) Chrome/90.0.4430.85 Safari/537.36 Edg/90.0.818.46" "mantech8.com"
20.193.141.185 - - [12/Oct/2022:21:50:52 -0700] "GET /public/403.php HTTP/1.1" 404 88 "-" "Mozilla/5.0 (Windows NT 10.0; Win64; x64) AppleWebKit/537.36 (KHTML, like Gecko) Chrome/85.0.4183.102 Safari/537.36" "mantech8.com"
114.134.90.43 - - [12/Oct/2022:21:50:54 -0700] "POST /mailer.php HTTP/1.1" 500 - "http://mantech8.com/contact.php" "Mozilla/5.0 (Windows NT 6.3; Win64; x64) AppleWebKit/537.36 (KHTML, like Gecko) Chrome/90.0.4430.85 Safari/537.36 Edg/90.0.818.46" "mantech8.com"
20.193.141.185 - - [12/Oct/2022:21:50:54 -0700] "GET /q.php HTTP/1.1" 404 88 "-" "Mozilla/5.0 (Windows NT 10.0; Win64; x64) AppleWebKit/537.36 (KHTML, like Gecko) Chrome/85.0.4183.102 Safari/537.36" "mantech8.com"
20.193.141.185 - - [12/Oct/2022:21:50:57 -0700] "GET /r.php HTTP/1.1" 404 88 "-" "Mozilla/5.0 (Windows NT 10.0; Win64; x64) AppleWebKit/537.36 (KHTML, like Gecko) Chrome/85.0.4183.102 Safari/537.36" "mantech8.com"
20.193.141.185 - - [12/Oct/2022:21:51:04 -0700] "GET /root.php HTTP/1.1" 404 88 "-" "Mozilla/5.0 (Windows NT 10.0; Win64; x64) AppleWebKit/537.36 (KHTML, like Gecko) Chrome/85.0.4183.102 Safari/537.36" "mantech8.com"
20.193.141.185 - - [12/Oct/2022:21:51:06 -0700] "GET /rss.php HTTP/1.1" 404 88 "-" "Mozilla/5.0 (Windows NT 10.0; Win64; x64) AppleWebKit/537.36 (KHTML, like Gecko) Chrome/85.0.4183.102 Safari/537.36" "mantech8.com"
20.193.141.185 - - [12/Oct/2022:21:51:12 -0700] "GET /s.php HTTP/1.1" 404 88 "-" "Mozilla/5.0 (Windows NT 10.0; Win64; x64) AppleWebKit/537.36 (KHTML, like Gecko) Chrome/85.0.4183.102 Safari/537.36" "mantech8.com"
20.193.141.185 - - [12/Oct/2022:21:51:12 -0700] "GET /sh.php HTTP/1.1" 404 88 "-" "Mozilla/5.0 (Windows NT 10.0; Win64; x64) AppleWebKit/537.36 (KHTML, like Gecko) Chrome/85.0.4183.102 Safari/537.36" "mantech8.com"
20.193.141.185 - - [12/Oct/2022:21:51:13 -0700] "GET /shell.php HTTP/1.1" 404 88 "-" "Mozilla/5.0 (Windows NT 10.0; Win64; x64) AppleWebKit/537.36 (KHTML, like Gecko) Chrome/85.0.4183.102 Safari/537.36" "mantech8.com"
185.191.171.37 - - [12/Oct/2022:21:51:16 -0700] "GET /index.php/camp-fire/39927076.html HTTP/1.1" 500 - "-" "Mozilla/5.0 (compatible; SemrushBot/7~bl; +http://www.semrush.com/bot.html)" "mantech8.com"
20.193.141.185 - - [12/Oct/2022:21:51:18 -0700] "GET /shx.php HTTP/1.1" 404 88 "-" "Mozilla/5.0 (Windows NT 10.0; Win64; x64) AppleWebKit/537.36 (KHTML, like Gecko) Chrome/85.0.4183.102 Safari/537.36" "mantech8.com"
185.191.171.12 - - [12/Oct/2022:21:51:19 -0700] "GET /index.php/camp-fire/36133425.html HTTP/1.1" 500 - "-" "Mozilla/5.0 (compatible; SemrushBot/7~bl; +http://www.semrush.com/bot.html)" "mantech8.com"
20.193.141.185 - - [12/Oct/2022:21:51:21 -0700] "GET /small.php HTTP/1.1" 404 88 "-" "Mozilla/5.0 (Windows NT 10.0; Win64; x64) AppleWebKit/537.36 (KHTML, like Gecko) Chrome/85.0.4183.102 Safari/537.36" "mantech8.com"
20.193.141.185 - - [12/Oct/2022:21:51:23 -0700] "GET /templates/beez5/index.php HTTP/1.1" 404 88 "-" "Mozilla/5.0 (Windows NT 10.0; Win64; x64) AppleWebKit/537.36 (KHTML, like Gecko) Chrome/85.0.4183.102 Safari/537.36" "mantech8.com"
20.193.141.185 - - [12/Oct/2022:21:51:27 -0700] "GET /u.php HTTP/1.1" 404 88 "-" "Mozilla/5.0 (Windows NT 10.0; Win64; x64) AppleWebKit/537.36 (KHTML, like Gecko) Chrome/85.0.4183.102 Safari/537.36" "mantech8.com"
20.193.141.185 - - [12/Oct/2022:21:51:34 -0700] "GET /up.php HTTP/1.1" 404 88 "-" "Mozilla/5.0 (Windows NT 10.0; Win64; x64) AppleWebKit/537.36 (KHTML, like Gecko) Chrome/85.0.4183.102 Safari/537.36" "mantech8.com"
20.193.141.185 - - [12/Oct/2022:21:51:36 -0700] "GET /uploader.php HTTP/1.1" 404 88 "-" "Mozilla/5.0 (Windows NT 10.0; Win64; x64) AppleWebKit/537.36 (KHTML, like Gecko) Chrome/85.0.4183.102 Safari/537.36" "mantech8.com"
20.193.141.185 - - [12/Oct/2022:21:51:46 -0700] "GET /uploads/up.php HTTP/1.1" 404 88 "-" "Mozilla/5.0 (Windows NT 10.0; Win64; x64) AppleWebKit/537.36 (KHTML, like Gecko) Chrome/85.0.4183.102 Safari/537.36" "mantech8.com"
114.119.133.190 - - [12/Oct/2022:21:51:47 -0700] "GET /index.php?camp-fire/54438092.html HTTP/1.1" 500 - "-" "Mozilla/5.0 (Linux; Android 7.0;) AppleWebKit/537.36 (KHTML, like Gecko) Mobile Safari/537.36 (compatible; PetalBot;+https://webmaster.petalsearch.com/site/petalbot)" "www.mantech8.com"
20.193.141.185 - - [12/Oct/2022:21:51:52 -0700] "GET /v.php HTTP/1.1" 404 88 "-" "Mozilla/5.0 (Windows NT 10.0; Win64; x64) AppleWebKit/537.36 (KHTML, like Gecko) Chrome/85.0.4183.102 Safari/537.36" "mantech8.com"
20.193.141.185 - - [12/Oct/2022:21:51:56 -0700] "GET /vuln.php HTTP/1.1" 404 88 "-" "Mozilla/5.0 (Windows NT 10.0; Win64; x64) AppleWebKit/537.36 (KHTML, like Gecko) Chrome/85.0.4183.102 Safari/537.36" "mantech8.com"
20.193.141.185 - - [12/Oct/2022:21:52:04 -0700] "GET /w.php HTTP/1.1" 404 88 "-" "Mozilla/5.0 (Windows NT 10.0; Win64; x64) AppleWebKit/537.36 (KHTML, like Gecko) Chrome/85.0.4183.102 Safari/537.36" "mantech8.com"
20.193.141.185 - - [12/Oct/2022:21:52:07 -0700] "GET /w3llstore.php HTTP/1.1" 404 88 "-" "Mozilla/5.0 (Windows NT 10.0; Win64; x64) AppleWebKit/537.36 (KHTML, like Gecko) Chrome/85.0.4183.102 Safari/537.36" "mantech8.com"
