54.39.18.217 - - [13/Oct/2022:08:03:37 -0700] "GET /index.php?camp-fire/56240723.html HTTP/1.1" 500 - "https://www.mantech8.com/index.php?camp-fire/56240723.html" "Mozilla/5.0 (Windows NT 6.1; WOW64) AppleWebKit/537.36 (KHTML, like Gecko) Chrome/90.0.4430.72 Safari/537.36" "www.mantech8.com"
54.39.18.217 - - [13/Oct/2022:08:03:37 -0700] "GET / HTTP/1.1" 500 - "https://www.mantech8.com/" "Mozilla/5.0 (Windows NT 6.1; WOW64) AppleWebKit/537.36 (KHTML, like Gecko) Chrome/90.0.4430.72 Safari/537.36" "www.mantech8.com"
185.191.171.6 - - [13/Oct/2022:08:03:45 -0700] "GET /index.php/camp-fire/5990265.html HTTP/1.1" 500 - "-" "Mozilla/5.0 (compatible; SemrushBot/7~bl; +http://www.semrush.com/bot.html)" "mantech8.com"
185.191.171.23 - - [13/Oct/2022:08:03:55 -0700] "GET /index.php/camp-fire/39023835.html HTTP/1.1" 500 - "-" "Mozilla/5.0 (compatible; SemrushBot/7~bl; +http://www.semrush.com/bot.html)" "mantech8.com"
185.191.171.19 - - [13/Oct/2022:08:04:33 -0700] "GET /index.php/camp-fire/33887808.html HTTP/1.1" 500 - "-" "Mozilla/5.0 (compatible; SemrushBot/7~bl; +http://www.semrush.com/bot.html)" "mantech8.com"
185.191.171.24 - - [13/Oct/2022:08:05:01 -0700] "GET /index.php/camp-fire/28622589.html HTTP/1.1" 500 - "-" "Mozilla/5.0 (compatible; SemrushBot/7~bl; +http://www.semrush.com/bot.html)" "mantech8.com"
185.191.171.35 - - [13/Oct/2022:08:05:12 -0700] "GET /index.php/camp-fire/57904071.html HTTP/1.1" 500 - "-" "Mozilla/5.0 (compatible; SemrushBot/7~bl; +http://www.semrush.com/bot.html)" "mantech8.com"
185.191.171.8 - - [13/Oct/2022:08:05:26 -0700] "GET /index.php/camp-fire/34787751.html HTTP/1.1" 500 - "-" "Mozilla/5.0 (compatible; SemrushBot/7~bl; +http://www.semrush.com/bot.html)" "mantech8.com"
185.191.171.26 - - [13/Oct/2022:08:05:51 -0700] "GET /index.php/camp-fire/28310135.html HTTP/1.1" 500 - "-" "Mozilla/5.0 (compatible; SemrushBot/7~bl; +http://www.semrush.com/bot.html)" "mantech8.com"
114.119.133.182 - - [13/Oct/2022:08:05:57 -0700] "GET /sitemap-index-10.xml HTTP/1.1" 404 88 "-" "Mozilla/5.0 (compatible;PetalBot;+https://webmaster.petalsearch.com/site/petalbot)" "mantech8.com"
185.191.171.34 - - [13/Oct/2022:08:06:19 -0700] "GET /index.php/camp-fire/33190916.html HTTP/1.1" 500 - "-" "Mozilla/5.0 (compatible; SemrushBot/7~bl; +http://www.semrush.com/bot.html)" "mantech8.com"
185.191.171.15 - - [13/Oct/2022:08:06:21 -0700] "GET /index.php/camp-fire/96813897.html HTTP/1.1" 500 - "-" "Mozilla/5.0 (compatible; SemrushBot/7~bl; +http://www.semrush.com/bot.html)" "mantech8.com"
185.191.171.45 - - [13/Oct/2022:08:06:48 -0700] "GET /index.php/camp-fire/40917502.html HTTP/1.1" 500 - "-" "Mozilla/5.0 (compatible; SemrushBot/7~bl; +http://www.semrush.com/bot.html)" "mantech8.com"
185.191.171.38 - - [13/Oct/2022:08:06:58 -0700] "GET /index.php/camp-fire/27888859.html HTTP/1.1" 500 - "-" "Mozilla/5.0 (compatible; SemrushBot/7~bl; +http://www.semrush.com/bot.html)" "mantech8.com"
185.191.171.19 - - [13/Oct/2022:08:07:04 -0700] "GET /index.php/camp-fire/5222885.html HTTP/1.1" 500 - "-" "Mozilla/5.0 (compatible; SemrushBot/7~bl; +http://www.semrush.com/bot.html)" "mantech8.com"
185.191.171.44 - - [13/Oct/2022:08:07:47 -0700] "GET /index.php/camp-fire/28149871.html HTTP/1.1" 500 - "-" "Mozilla/5.0 (compatible; SemrushBot/7~bl; +http://www.semrush.com/bot.html)" "mantech8.com"
185.191.171.8 - - [13/Oct/2022:08:08:04 -0700] "GET /index.php/camp-fire/30479241.html HTTP/1.1" 500 - "-" "Mozilla/5.0 (compatible; SemrushBot/7~bl; +http://www.semrush.com/bot.html)" "mantech8.com"
185.191.171.35 - - [13/Oct/2022:08:08:20 -0700] "GET /index.php/camp-fire/26631547.html HTTP/1.1" 500 - "-" "Mozilla/5.0 (compatible; SemrushBot/7~bl; +http://www.semrush.com/bot.html)" "mantech8.com"
185.191.171.1 - - [13/Oct/2022:08:08:23 -0700] "GET /index.php/camp-fire/35965850.html HTTP/1.1" 500 - "-" "Mozilla/5.0 (compatible; SemrushBot/7~bl; +http://www.semrush.com/bot.html)" "mantech8.com"
185.191.171.6 - - [13/Oct/2022:08:08:30 -0700] "GET /index.php/camp-fire/21717217.html HTTP/1.1" 500 - "-" "Mozilla/5.0 (compatible; SemrushBot/7~bl; +http://www.semrush.com/bot.html)" "mantech8.com"
185.191.171.3 - - [13/Oct/2022:08:09:05 -0700] "GET /index.php/camp-fire/27061576.html HTTP/1.1" 500 - "-" "Mozilla/5.0 (compatible; SemrushBot/7~bl; +http://www.semrush.com/bot.html)" "mantech8.com"
77.75.79.31 - - [13/Oct/2022:08:10:31 -0700] "GET /robots.txt HTTP/1.1" 200 106 "-" "Mozilla/5.0 (compatible; SeznamBot/4.0-RC1; +http://napoveda.seznam.cz/seznambot-intro/)" "www.mantech8.com"
77.75.72.26 - - [13/Oct/2022:08:10:31 -0700] "GET /mechanical.php HTTP/1.1" 200 13427 "-" "Mozilla/5.0 (compatible; SeznamBot/4.0-RC1; +http://napoveda.seznam.cz/seznambot-intro/)" "www.mantech8.com"
185.191.171.11 - - [13/Oct/2022:08:10:47 -0700] "GET /index.php/camp-fire/35857383.html HTTP/1.1" 500 - "-" "Mozilla/5.0 (compatible; SemrushBot/7~bl; +http://www.semrush.com/bot.html)" "mantech8.com"
185.191.171.39 - - [13/Oct/2022:08:11:14 -0700] "GET /index.php/camp-fire/27977271.html HTTP/1.1" 500 - "-" "Mozilla/5.0 (compatible; SemrushBot/7~bl; +http://www.semrush.com/bot.html)" "mantech8.com"
185.191.171.39 - - [13/Oct/2022:08:11:53 -0700] "GET /index.php/camp-fire/38987608.html HTTP/1.1" 500 - "-" "Mozilla/5.0 (compatible; SemrushBot/7~bl; +http://www.semrush.com/bot.html)" "mantech8.com"
114.119.133.165 - - [13/Oct/2022:08:11:57 -0700] "GET /bimages/vision/sysinfo.lib.php HTTP/1.1" 200 32 "http://mantech8.com/bimages/vision/?C=N%3BO%3DD" "Mozilla/5.0 (Linux; Android 7.0;) AppleWebKit/537.36 (KHTML, like Gecko) Mobile Safari/537.36 (compatible; PetalBot;+https://webmaster.petalsearch.com/site/petalbot)" "mantech8.com"
185.191.171.23 - - [13/Oct/2022:08:12:22 -0700] "GET /index.php/camp-fire/41810403.html HTTP/1.1" 500 - "-" "Mozilla/5.0 (compatible; SemrushBot/7~bl; +http://www.semrush.com/bot.html)" "mantech8.com"
185.191.171.2 - - [13/Oct/2022:08:12:39 -0700] "GET /index.php/camp-fire/6674555.html HTTP/1.1" 500 - "-" "Mozilla/5.0 (compatible; SemrushBot/7~bl; +http://www.semrush.com/bot.html)" "mantech8.com"
34.220.153.146 - - [13/Oct/2022:08:12:57 -0700] "GET / HTTP/1.1" 500 - "-" "Mozilla/5.0 (X11; Linux x86_64) AppleWebKit/537.36 (KHTML, like Gecko) Chrome/83.0.4103.97 Safari/537.36" "mantech8.com"
185.191.171.6 - - [13/Oct/2022:08:13:29 -0700] "GET /index.php/camp-fire/47687650.html HTTP/1.1" 500 - "-" "Mozilla/5.0 (compatible; SemrushBot/7~bl; +http://www.semrush.com/bot.html)" "mantech8.com"
185.191.171.33 - - [13/Oct/2022:08:14:12 -0700] "GET /index.php/camp-fire/27941359.html HTTP/1.1" 500 - "-" "Mozilla/5.0 (compatible; SemrushBot/7~bl; +http://www.semrush.com/bot.html)" "mantech8.com"
185.191.171.26 - - [13/Oct/2022:08:14:18 -0700] "GET /index.php/camp-fire/40167517.html HTTP/1.1" 500 - "-" "Mozilla/5.0 (compatible; SemrushBot/7~bl; +http://www.semrush.com/bot.html)" "mantech8.com"
185.191.171.5 - - [13/Oct/2022:08:14:45 -0700] "GET /index.php/camp-fire/37057078.html HTTP/1.1" 500 - "-" "Mozilla/5.0 (compatible; SemrushBot/7~bl; +http://www.semrush.com/bot.html)" "mantech8.com"
185.191.171.15 - - [13/Oct/2022:08:14:47 -0700] "GET /index.php/camp-fire/19060332.html HTTP/1.1" 500 - "-" "Mozilla/5.0 (compatible; SemrushBot/7~bl; +http://www.semrush.com/bot.html)" "mantech8.com"
185.191.171.1 - - [13/Oct/2022:08:16:16 -0700] "GET /index.php/camp-fire/32179070.html HTTP/1.1" 500 - "-" "Mozilla/5.0 (compatible; SemrushBot/7~bl; +http://www.semrush.com/bot.html)" "mantech8.com"
40.77.167.68 - - [13/Oct/2022:08:16:17 -0700] "GET /camp-fire/84813444.html HTTP/1.1" 404 88 "-" "Mozilla/5.0 (compatible; bingbot/2.0; +http://www.bing.com/bingbot.htm)" "www.mantech8.com"
185.191.171.25 - - [13/Oct/2022:08:16:21 -0700] "GET /index.php/camp-fire/42841334.html HTTP/1.1" 500 - "-" "Mozilla/5.0 (compatible; SemrushBot/7~bl; +http://www.semrush.com/bot.html)" "mantech8.com"
185.191.171.1 - - [13/Oct/2022:08:16:56 -0700] "GET /index.php/camp-fire/2877493.html HTTP/1.1" 500 - "-" "Mozilla/5.0 (compatible; SemrushBot/7~bl; +http://www.semrush.com/bot.html)" "mantech8.com"
185.191.171.3 - - [13/Oct/2022:08:17:11 -0700] "GET /index.php/camp-fire/26856621.html HTTP/1.1" 500 - "-" "Mozilla/5.0 (compatible; SemrushBot/7~bl; +http://www.semrush.com/bot.html)" "mantech8.com"
185.191.171.4 - - [13/Oct/2022:08:17:23 -0700] "GET /index.php/camp-fire/2823669.html HTTP/1.1" 500 - "-" "Mozilla/5.0 (compatible; SemrushBot/7~bl; +http://www.semrush.com/bot.html)" "mantech8.com"
185.191.171.22 - - [13/Oct/2022:08:17:25 -0700] "GET /index.php/camp-fire/33734960.html HTTP/1.1" 500 - "-" "Mozilla/5.0 (compatible; SemrushBot/7~bl; +http://www.semrush.com/bot.html)" "mantech8.com"
114.119.133.165 - - [13/Oct/2022:08:17:55 -0700] "GET /bimages/hgallery/thump/?C=N%3BO%3DD HTTP/1.1" 200 506 "http://www.mantech8.com/bimages/hgallery/thump/?C=M%3BO%3DA" "Mozilla/5.0 (Linux; Android 7.0;) AppleWebKit/537.36 (KHTML, like Gecko) Mobile Safari/537.36 (compatible; PetalBot;+https://webmaster.petalsearch.com/site/petalbot)" "www.mantech8.com"
185.191.171.22 - - [13/Oct/2022:08:18:23 -0700] "GET /index.php/camp-fire/5653353.html HTTP/1.1" 500 - "-" "Mozilla/5.0 (compatible; SemrushBot/7~bl; +http://www.semrush.com/bot.html)" "mantech8.com"
40.77.167.68 - - [13/Oct/2022:08:18:29 -0700] "GET /index.php?/node_324/node_342/node_33158/mazars-expands-team-and-service-offering-in-taiwan HTTP/1.1" 200 65945 "-" "Mozilla/5.0 (compatible; bingbot/2.0; +http://www.bing.com/bingbot.htm)" "www.mantech8.com"
185.191.171.19 - - [13/Oct/2022:08:19:11 -0700] "GET /index.php/camp-fire/48615776.html HTTP/1.1" 500 - "-" "Mozilla/5.0 (compatible; SemrushBot/7~bl; +http://www.semrush.com/bot.html)" "mantech8.com"
54.39.18.217 - - [13/Oct/2022:08:19:21 -0700] "GET /index.php?camp-fire/56240723.html HTTP/1.1" 500 - "https://www.mantech8.com/index.php?camp-fire/56240723.html" "Mozilla/5.0 (Windows NT 10.0; Win64; x64) AppleWebKit/537.36 (KHTML, like Gecko) Chrome/90.0.4430.72 Safari/537.36 Edg/90.0.818.42" "www.mantech8.com"
54.39.18.217 - - [13/Oct/2022:08:19:22 -0700] "GET / HTTP/1.1" 500 - "https://www.mantech8.com/" "Mozilla/5.0 (Windows NT 10.0; Win64; x64) AppleWebKit/537.36 (KHTML, like Gecko) Chrome/90.0.4430.72 Safari/537.36 Edg/90.0.818.42" "www.mantech8.com"
185.191.171.10 - - [13/Oct/2022:08:19:29 -0700] "GET /index.php/camp-fire/31293735.html HTTP/1.1" 500 - "-" "Mozilla/5.0 (compatible; SemrushBot/7~bl; +http://www.semrush.com/bot.html)" "mantech8.com"
103.77.235.35 - - [13/Oct/2022:08:19:50 -0700] "GET / HTTP/1.1" 500 - "-" "Mozilla/5.0 (Windows NT 10.0; Win64; x64) AppleWebKit/537.36 (KHTML, like Gecko) Chrome/103.0.0.0 Safari/537.36 Vivaldi/5.3.2679.68" "www.mantech8.com"
103.77.235.35 - - [13/Oct/2022:08:19:51 -0700] "GET / HTTP/1.1" 500 - "-" "Mozilla/5.0 (Windows NT 10.0; Win64; x64) AppleWebKit/537.36 (KHTML, like Gecko) Chrome/103.0.0.0 Safari/537.36 Vivaldi/5.3.2679.68" "www.mantech8.com"
103.77.235.35 - - [13/Oct/2022:08:19:51 -0700] "GET / HTTP/1.1" 500 - "-" "Mozilla/5.0 (Windows NT 10.0; Win64; x64) AppleWebKit/537.36 (KHTML, like Gecko) Chrome/103.0.0.0 Safari/537.36 Vivaldi/5.3.2679.68" "www.mantech8.com"
185.191.171.38 - - [13/Oct/2022:08:20:31 -0700] "GET /index.php/camp-fire/4664565.html HTTP/1.1" 500 - "-" "Mozilla/5.0 (compatible; SemrushBot/7~bl; +http://www.semrush.com/bot.html)" "mantech8.com"
185.191.171.36 - - [13/Oct/2022:08:20:34 -0700] "GET /index.php/camp-fire/52705263.html HTTP/1.1" 500 - "-" "Mozilla/5.0 (compatible; SemrushBot/7~bl; +http://www.semrush.com/bot.html)" "mantech8.com"
185.191.171.17 - - [13/Oct/2022:08:20:41 -0700] "GET /index.php/camp-fire/41802203.html HTTP/1.1" 500 - "-" "Mozilla/5.0 (compatible; SemrushBot/7~bl; +http://www.semrush.com/bot.html)" "mantech8.com"
185.191.171.21 - - [13/Oct/2022:08:20:50 -0700] "GET /index.php/camp-fire/46151003.html HTTP/1.1" 500 - "-" "Mozilla/5.0 (compatible; SemrushBot/7~bl; +http://www.semrush.com/bot.html)" "mantech8.com"
185.191.171.34 - - [13/Oct/2022:08:20:56 -0700] "GET /index.php/camp-fire/35696438.html HTTP/1.1" 500 - "-" "Mozilla/5.0 (compatible; SemrushBot/7~bl; +http://www.semrush.com/bot.html)" "mantech8.com"
185.191.171.18 - - [13/Oct/2022:08:22:35 -0700] "GET /index.php/camp-fire/28845966.html HTTP/1.1" 500 - "-" "Mozilla/5.0 (compatible; SemrushBot/7~bl; +http://www.semrush.com/bot.html)" "mantech8.com"
185.191.171.10 - - [13/Oct/2022:08:23:06 -0700] "GET /index.php/camp-fire/33457582.html HTTP/1.1" 500 - "-" "Mozilla/5.0 (compatible; SemrushBot/7~bl; +http://www.semrush.com/bot.html)" "mantech8.com"
185.191.171.8 - - [13/Oct/2022:08:23:24 -0700] "GET /index.php/camp-fire/38310572.html HTTP/1.1" 500 - "-" "Mozilla/5.0 (compatible; SemrushBot/7~bl; +http://www.semrush.com/bot.html)" "mantech8.com"
185.191.171.11 - - [13/Oct/2022:08:23:38 -0700] "GET /index.php/camp-fire/37240763.html HTTP/1.1" 500 - "-" "Mozilla/5.0 (compatible; SemrushBot/7~bl; +http://www.semrush.com/bot.html)" "mantech8.com"
185.191.171.5 - - [13/Oct/2022:08:24:02 -0700] "GET /index.php/camp-fire/45932749.html HTTP/1.1" 500 - "-" "Mozilla/5.0 (compatible; SemrushBot/7~bl; +http://www.semrush.com/bot.html)" "mantech8.com"
185.191.171.2 - - [13/Oct/2022:08:24:58 -0700] "GET /index.php/camp-fire/35770008.html HTTP/1.1" 500 - "-" "Mozilla/5.0 (compatible; SemrushBot/7~bl; +http://www.semrush.com/bot.html)" "mantech8.com"
185.191.171.22 - - [13/Oct/2022:08:25:58 -0700] "GET /index.php/camp-fire/46978471.html HTTP/1.1" 500 - "-" "Mozilla/5.0 (compatible; SemrushBot/7~bl; +http://www.semrush.com/bot.html)" "mantech8.com"
185.191.171.34 - - [13/Oct/2022:08:26:40 -0700] "GET /index.php/camp-fire/3325398.html HTTP/1.1" 500 - "-" "Mozilla/5.0 (compatible; SemrushBot/7~bl; +http://www.semrush.com/bot.html)" "mantech8.com"
185.191.171.34 - - [13/Oct/2022:08:26:42 -0700] "GET /index.php/camp-fire/39975676.html HTTP/1.1" 500 - "-" "Mozilla/5.0 (compatible; SemrushBot/7~bl; +http://www.semrush.com/bot.html)" "mantech8.com"
185.191.171.39 - - [13/Oct/2022:08:26:46 -0700] "GET /index.php/camp-fire/36231651.html HTTP/1.1" 500 - "-" "Mozilla/5.0 (compatible; SemrushBot/7~bl; +http://www.semrush.com/bot.html)" "mantech8.com"
185.191.171.10 - - [13/Oct/2022:08:26:56 -0700] "GET /index.php/camp-fire/4190985.html HTTP/1.1" 500 - "-" "Mozilla/5.0 (compatible; SemrushBot/7~bl; +http://www.semrush.com/bot.html)" "mantech8.com"
185.191.171.19 - - [13/Oct/2022:08:27:37 -0700] "GET /index.php/camp-fire/35034025.html HTTP/1.1" 500 - "-" "Mozilla/5.0 (compatible; SemrushBot/7~bl; +http://www.semrush.com/bot.html)" "mantech8.com"
185.191.171.16 - - [13/Oct/2022:08:28:06 -0700] "GET /index.php/camp-fire/19000032.html HTTP/1.1" 500 - "-" "Mozilla/5.0 (compatible; SemrushBot/7~bl; +http://www.semrush.com/bot.html)" "mantech8.com"
185.191.171.23 - - [13/Oct/2022:08:28:18 -0700] "GET /index.php/camp-fire/33665708.html HTTP/1.1" 500 - "-" "Mozilla/5.0 (compatible; SemrushBot/7~bl; +http://www.semrush.com/bot.html)" "mantech8.com"
185.191.171.25 - - [13/Oct/2022:08:29:06 -0700] "GET /index.php/camp-fire/48234372.html HTTP/1.1" 500 - "-" "Mozilla/5.0 (compatible; SemrushBot/7~bl; +http://www.semrush.com/bot.html)" "mantech8.com"
185.191.171.4 - - [13/Oct/2022:08:29:09 -0700] "GET /index.php/camp-fire/31773906.html HTTP/1.1" 500 - "-" "Mozilla/5.0 (compatible; SemrushBot/7~bl; +http://www.semrush.com/bot.html)" "mantech8.com"
185.191.171.38 - - [13/Oct/2022:08:29:42 -0700] "GET /index.php/camp-fire/30507489.html HTTP/1.1" 500 - "-" "Mozilla/5.0 (compatible; SemrushBot/7~bl; +http://www.semrush.com/bot.html)" "mantech8.com"
114.119.133.182 - - [13/Oct/2022:08:29:42 -0700] "GET /index.php?sitemap18.xml HTTP/1.1" 200 289366 "-" "Mozilla/5.0 (compatible;PetalBot;+https://webmaster.petalsearch.com/site/petalbot)" "mantech8.com"
207.46.13.184 - - [13/Oct/2022:08:29:54 -0700] "GET /bimages/gallery/thump/hb9.jpg HTTP/1.1" 200 80062 "-" "Mozilla/5.0 (compatible; bingbot/2.0; +http://www.bing.com/bingbot.htm)" "mantech8.com"
185.191.171.15 - - [13/Oct/2022:08:30:33 -0700] "GET /index.php/camp-fire/28658689.html HTTP/1.1" 500 - "-" "Mozilla/5.0 (compatible; SemrushBot/7~bl; +http://www.semrush.com/bot.html)" "mantech8.com"
185.191.171.35 - - [13/Oct/2022:08:30:42 -0700] "GET /index.php/camp-fire/7254380.html HTTP/1.1" 500 - "-" "Mozilla/5.0 (compatible; SemrushBot/7~bl; +http://www.semrush.com/bot.html)" "mantech8.com"
185.191.171.1 - - [13/Oct/2022:08:30:44 -0700] "GET /index.php/camp-fire/28371035.html HTTP/1.1" 500 - "-" "Mozilla/5.0 (compatible; SemrushBot/7~bl; +http://www.semrush.com/bot.html)" "mantech8.com"
185.191.171.5 - - [13/Oct/2022:08:31:21 -0700] "GET /index.php/camp-fire/40037524.html HTTP/1.1" 500 - "-" "Mozilla/5.0 (compatible; SemrushBot/7~bl; +http://www.semrush.com/bot.html)" "mantech8.com"
185.191.171.5 - - [13/Oct/2022:08:31:22 -0700] "GET /index.php/camp-fire/35916350.html HTTP/1.1" 500 - "-" "Mozilla/5.0 (compatible; SemrushBot/7~bl; +http://www.semrush.com/bot.html)" "mantech8.com"
185.191.171.16 - - [13/Oct/2022:08:31:50 -0700] "GET /index.php/camp-fire/43758534.html HTTP/1.1" 500 - "-" "Mozilla/5.0 (compatible; SemrushBot/7~bl; +http://www.semrush.com/bot.html)" "mantech8.com"
185.191.171.25 - - [13/Oct/2022:08:32:22 -0700] "GET /index.php/camp-fire/46330349.html HTTP/1.1" 500 - "-" "Mozilla/5.0 (compatible; SemrushBot/7~bl; +http://www.semrush.com/bot.html)" "mantech8.com"
185.191.171.24 - - [13/Oct/2022:08:33:47 -0700] "GET /index.php/camp-fire/34595768.html HTTP/1.1" 500 - "-" "Mozilla/5.0 (compatible; SemrushBot/7~bl; +http://www.semrush.com/bot.html)" "mantech8.com"
54.191.80.96 - - [13/Oct/2022:08:34:06 -0700] "GET / HTTP/1.1" 500 - "-" "Mozilla/5.0 (X11; Linux x86_64) AppleWebKit/537.36 (KHTML, like Gecko) Chrome/83.0.4103.97 Safari/537.36" "mantech8.com"
185.191.171.17 - - [13/Oct/2022:08:34:24 -0700] "GET /index.php/camp-fire/38927192.html HTTP/1.1" 500 - "-" "Mozilla/5.0 (compatible; SemrushBot/7~bl; +http://www.semrush.com/bot.html)" "mantech8.com"
66.249.66.50 - - [13/Oct/2022:08:35:05 -0700] "GET /guangheng.xml HTTP/1.1" 404 88 "-" "Mozilla/5.0 (compatible; Googlebot/2.1; +http://www.google.com/bot.html)" "mantech8.com"
185.191.171.26 - - [13/Oct/2022:08:35:19 -0700] "GET /index.php/camp-fire/30709355.html HTTP/1.1" 500 - "-" "Mozilla/5.0 (compatible; SemrushBot/7~bl; +http://www.semrush.com/bot.html)" "mantech8.com"
114.119.133.190 - - [13/Oct/2022:08:35:24 -0700] "GET /?qiaojis.xml HTTP/1.1" 200 270607 "-" "Mozilla/5.0 (compatible;PetalBot;+https://webmaster.petalsearch.com/site/petalbot)" "mantech8.com"
185.191.171.7 - - [13/Oct/2022:08:35:28 -0700] "GET /index.php/camp-fire/34794009.html HTTP/1.1" 500 - "-" "Mozilla/5.0 (compatible; SemrushBot/7~bl; +http://www.semrush.com/bot.html)" "mantech8.com"
185.191.171.39 - - [13/Oct/2022:08:35:33 -0700] "GET /index.php/camp-fire/35287538.html HTTP/1.1" 500 - "-" "Mozilla/5.0 (compatible; SemrushBot/7~bl; +http://www.semrush.com/bot.html)" "mantech8.com"
185.191.171.40 - - [13/Oct/2022:08:35:42 -0700] "GET /index.php/camp-fire/98131650.html HTTP/1.1" 500 - "-" "Mozilla/5.0 (compatible; SemrushBot/7~bl; +http://www.semrush.com/bot.html)" "mantech8.com"
216.244.66.241 - - [13/Oct/2022:08:36:05 -0700] "GET /robots.txt HTTP/1.1" 200 222 "-" "Mozilla/5.0 (compatible; DotBot/1.2; +https://opensiteexplorer.org/dotbot; help@moz.com)" "www.mantech8.com"
216.244.66.241 - - [13/Oct/2022:08:36:05 -0700] "GET /robots.txt HTTP/1.1" 200 222 "-" "Mozilla/5.0 (compatible; DotBot/1.2; +https://opensiteexplorer.org/dotbot; help@moz.com)" "mantech8.com"
185.191.171.16 - - [13/Oct/2022:08:36:18 -0700] "GET /index.php/camp-fire/28719089.html HTTP/1.1" 500 - "-" "Mozilla/5.0 (compatible; SemrushBot/7~bl; +http://www.semrush.com/bot.html)" "mantech8.com"
185.191.171.3 - - [13/Oct/2022:08:36:40 -0700] "GET /index.php/camp-fire/40500347.html HTTP/1.1" 500 - "-" "Mozilla/5.0 (compatible; SemrushBot/7~bl; +http://www.semrush.com/bot.html)" "mantech8.com"
185.191.171.24 - - [13/Oct/2022:08:36:42 -0700] "GET /index.php/camp-fire/39027430.html HTTP/1.1" 500 - "-" "Mozilla/5.0 (compatible; SemrushBot/7~bl; +http://www.semrush.com/bot.html)" "mantech8.com"
194.38.20.161 - - [13/Oct/2022:08:37:13 -0700] "GET /wp-content/themes/theagency/includes/uploadify/uploadify.css HTTP/1.1" 404 73 "-" "ALittle Client" "mantech8.com"
185.191.171.15 - - [13/Oct/2022:08:37:33 -0700] "GET /index.php/camp-fire/35022547.html HTTP/1.1" 500 - "-" "Mozilla/5.0 (compatible; SemrushBot/7~bl; +http://www.semrush.com/bot.html)" "mantech8.com"
185.191.171.26 - - [13/Oct/2022:08:38:25 -0700] "GET /index.php/camp-fire/39901576.html HTTP/1.1" 500 - "-" "Mozilla/5.0 (compatible; SemrushBot/7~bl; +http://www.semrush.com/bot.html)" "mantech8.com"
185.191.171.23 - - [13/Oct/2022:08:38:45 -0700] "GET /index.php/camp-fire/6550059.html HTTP/1.1" 500 - "-" "Mozilla/5.0 (compatible; SemrushBot/7~bl; +http://www.semrush.com/bot.html)" "mantech8.com"
185.191.171.3 - - [13/Oct/2022:08:39:43 -0700] "GET /index.php/camp-fire/42814434.html HTTP/1.1" 500 - "-" "Mozilla/5.0 (compatible; SemrushBot/7~bl; +http://www.semrush.com/bot.html)" "mantech8.com"
185.191.171.10 - - [13/Oct/2022:08:40:19 -0700] "GET /index.php/camp-fire/46388834.html HTTP/1.1" 500 - "-" "Mozilla/5.0 (compatible; SemrushBot/7~bl; +http://www.semrush.com/bot.html)" "mantech8.com"
185.191.171.21 - - [13/Oct/2022:08:40:40 -0700] "GET /index.php/camp-fire/36953565.html HTTP/1.1" 500 - "-" "Mozilla/5.0 (compatible; SemrushBot/7~bl; +http://www.semrush.com/bot.html)" "mantech8.com"
114.119.133.166 - - [13/Oct/2022:08:40:49 -0700] "GET /bimages/gallery/?C=N%3BO%3DD HTTP/1.1" 200 1160 "http://www.mantech8.com/bimages/gallery/?C=S%3BO%3DA" "Mozilla/5.0 (Linux; Android 7.0;) AppleWebKit/537.36 (KHTML, like Gecko) Mobile Safari/537.36 (compatible; PetalBot;+https://webmaster.petalsearch.com/site/petalbot)" "www.mantech8.com"
40.77.167.68 - - [13/Oct/2022:08:40:59 -0700] "GET /bimages/client/en.png HTTP/1.1" 200 23959 "-" "Mozilla/5.0 (compatible; bingbot/2.0; +http://www.bing.com/bingbot.htm)" "mantech8.com"
185.191.171.14 - - [13/Oct/2022:08:41:15 -0700] "GET /index.php/camp-fire/41066068.html HTTP/1.1" 500 - "-" "Mozilla/5.0 (compatible; SemrushBot/7~bl; +http://www.semrush.com/bot.html)" "mantech8.com"
185.191.171.11 - - [13/Oct/2022:08:42:03 -0700] "GET /robots.txt HTTP/1.1" 200 106 "-" "Mozilla/5.0 (compatible; SemrushBot/7~bl; +http://www.semrush.com/bot.html)" "mantech8.com"
185.191.171.38 - - [13/Oct/2022:08:42:14 -0700] "GET /index.php/camp-fire/30610341.html HTTP/1.1" 500 - "-" "Mozilla/5.0 (compatible; SemrushBot/7~bl; +http://www.semrush.com/bot.html)" "mantech8.com"
185.191.171.16 - - [13/Oct/2022:08:42:16 -0700] "GET /index.php/camp-fire/3771578.html HTTP/1.1" 500 - "-" "Mozilla/5.0 (compatible; SemrushBot/7~bl; +http://www.semrush.com/bot.html)" "mantech8.com"
185.191.171.25 - - [13/Oct/2022:08:42:28 -0700] "GET /index.php/camp-fire/33767008.html HTTP/1.1" 500 - "-" "Mozilla/5.0 (compatible; SemrushBot/7~bl; +http://www.semrush.com/bot.html)" "mantech8.com"
185.191.171.39 - - [13/Oct/2022:08:42:59 -0700] "GET /index.php/camp-fire/9964993.html HTTP/1.1" 500 - "-" "Mozilla/5.0 (compatible; SemrushBot/7~bl; +http://www.semrush.com/bot.html)" "mantech8.com"
185.191.171.44 - - [13/Oct/2022:08:43:19 -0700] "GET /index.php/camp-fire/38865817.html HTTP/1.1" 500 - "-" "Mozilla/5.0 (compatible; SemrushBot/7~bl; +http://www.semrush.com/bot.html)" "mantech8.com"
185.191.171.37 - - [13/Oct/2022:08:43:34 -0700] "GET /index.php/camp-fire/3335100.html HTTP/1.1" 500 - "-" "Mozilla/5.0 (compatible; SemrushBot/7~bl; +http://www.semrush.com/bot.html)" "mantech8.com"
185.191.171.18 - - [13/Oct/2022:08:43:56 -0700] "GET /index.php/camp-fire/27802771.html HTTP/1.1" 500 - "-" "Mozilla/5.0 (compatible; SemrushBot/7~bl; +http://www.semrush.com/bot.html)" "mantech8.com"
185.191.171.4 - - [13/Oct/2022:08:44:06 -0700] "GET /index.php/camp-fire/41780688.html HTTP/1.1" 500 - "-" "Mozilla/5.0 (compatible; SemrushBot/7~bl; +http://www.semrush.com/bot.html)" "mantech8.com"
5.45.207.108 - - [13/Oct/2022:08:44:15 -0700] "GET /robots.txt HTTP/1.1" 200 222 "-" "Mozilla/5.0 (compatible; YandexBot/3.0; +http://yandex.com/bots)" "mantech8.com"
95.108.213.7 - - [13/Oct/2022:08:44:19 -0700] "GET /?sitemap594.xml HTTP/1.1" 200 270567 "-" "Mozilla/5.0 (compatible; YandexBot/3.0; +http://yandex.com/bots)" "mantech8.com"
185.191.171.44 - - [13/Oct/2022:08:44:22 -0700] "GET /index.php/camp-fire/27334397.html HTTP/1.1" 500 - "-" "Mozilla/5.0 (compatible; SemrushBot/7~bl; +http://www.semrush.com/bot.html)" "mantech8.com"
185.191.171.1 - - [13/Oct/2022:08:44:41 -0700] "GET /index.php/camp-fire/44161009.html HTTP/1.1" 500 - "-" "Mozilla/5.0 (compatible; SemrushBot/7~bl; +http://www.semrush.com/bot.html)" "mantech8.com"
5.45.207.108 - - [13/Oct/2022:08:44:44 -0700] "GET /?sitemap40.xml HTTP/1.1" 200 270574 "-" "Mozilla/5.0 (compatible; YandexBot/3.0; +http://yandex.com/bots)" "mantech8.com"
87.250.224.101 - - [13/Oct/2022:08:44:47 -0700] "GET /?sitemap7817.xml HTTP/1.1" 200 270503 "-" "Mozilla/5.0 (compatible; YandexBot/3.0; +http://yandex.com/bots)" "mantech8.com"
185.191.171.22 - - [13/Oct/2022:08:44:52 -0700] "GET /index.php/camp-fire/29424721.html HTTP/1.1" 500 - "-" "Mozilla/5.0 (compatible; SemrushBot/7~bl; +http://www.semrush.com/bot.html)" "mantech8.com"
5.255.253.142 - - [13/Oct/2022:08:45:08 -0700] "GET /?sitemap18541.xml HTTP/1.1" 200 270569 "-" "Mozilla/5.0 (compatible; YandexBot/3.0; +http://yandex.com/bots)" "mantech8.com"
185.191.171.8 - - [13/Oct/2022:08:45:10 -0700] "GET /index.php/camp-fire/18054485.html HTTP/1.1" 500 - "-" "Mozilla/5.0 (compatible; SemrushBot/7~bl; +http://www.semrush.com/bot.html)" "mantech8.com"
185.191.171.33 - - [13/Oct/2022:08:46:10 -0700] "GET /index.php/camp-fire/8048208.html HTTP/1.1" 500 - "-" "Mozilla/5.0 (compatible; SemrushBot/7~bl; +http://www.semrush.com/bot.html)" "mantech8.com"
87.250.224.188 - - [13/Oct/2022:08:46:14 -0700] "GET /?sitemap98.xml HTTP/1.1" 200 270644 "-" "Mozilla/5.0 (compatible; YandexBot/3.0; +http://yandex.com/bots)" "mantech8.com"
114.119.133.165 - - [13/Oct/2022:08:46:31 -0700] "GET /bimages/gallery/alfacgiapi/select_server.lib.php HTTP/1.1" 200 32 "http://www.mantech8.com/bimages/gallery/alfacgiapi/?C=S%3BO%3DA" "Mozilla/5.0 (Linux; Android 7.0;) AppleWebKit/537.36 (KHTML, like Gecko) Mobile Safari/537.36 (compatible; PetalBot;+https://webmaster.petalsearch.com/site/petalbot)" "www.mantech8.com"
5.255.253.120 - - [13/Oct/2022:08:46:38 -0700] "GET /?sitemap710.xml HTTP/1.1" 200 270717 "-" "Mozilla/5.0 (compatible; YandexBot/3.0; +http://yandex.com/bots)" "mantech8.com"
185.191.171.7 - - [13/Oct/2022:08:46:45 -0700] "GET /index.php/camp-fire/7614721.html HTTP/1.1" 500 - "-" "Mozilla/5.0 (compatible; SemrushBot/7~bl; +http://www.semrush.com/bot.html)" "mantech8.com"
87.250.224.109 - - [13/Oct/2022:08:47:13 -0700] "GET /?sitemap229.xml HTTP/1.1" 200 270706 "-" "Mozilla/5.0 (compatible; YandexBot/3.0; +http://yandex.com/bots)" "mantech8.com"
185.191.171.9 - - [13/Oct/2022:08:47:17 -0700] "GET /index.php/camp-fire/8970174.html HTTP/1.1" 500 - "-" "Mozilla/5.0 (compatible; SemrushBot/7~bl; +http://www.semrush.com/bot.html)" "mantech8.com"
5.255.253.184 - - [13/Oct/2022:08:47:43 -0700] "GET /?sitemap6379.xml HTTP/1.1" 200 270504 "-" "Mozilla/5.0 (compatible; YandexBot/3.0; +http://yandex.com/bots)" "mantech8.com"
87.250.224.53 - - [13/Oct/2022:08:47:46 -0700] "GET /?sitemap6379.xml HTTP/1.1" 200 270504 "-" "Mozilla/5.0 (compatible; YandexBot/3.0; +http://yandex.com/bots)" "mantech8.com"
185.191.171.25 - - [13/Oct/2022:08:47:51 -0700] "GET /index.php/camp-fire/28283071.html HTTP/1.1" 500 - "-" "Mozilla/5.0 (compatible; SemrushBot/7~bl; +http://www.semrush.com/bot.html)" "mantech8.com"
185.191.171.35 - - [13/Oct/2022:08:48:01 -0700] "GET /index.php/camp-fire/27587971.html HTTP/1.1" 500 - "-" "Mozilla/5.0 (compatible; SemrushBot/7~bl; +http://www.semrush.com/bot.html)" "mantech8.com"
185.191.171.35 - - [13/Oct/2022:08:48:18 -0700] "GET /index.php/camp-fire/22571974.html HTTP/1.1" 500 - "-" "Mozilla/5.0 (compatible; SemrushBot/7~bl; +http://www.semrush.com/bot.html)" "mantech8.com"
5.255.253.172 - - [13/Oct/2022:08:48:19 -0700] "GET /?sitemap8083.xml HTTP/1.1" 200 270602 "-" "Mozilla/5.0 (compatible; YandexBot/3.0; +http://yandex.com/bots)" "mantech8.com"
40.77.167.68 - - [13/Oct/2022:08:48:31 -0700] "GET /clients.php HTTP/1.1" 200 18489 "-" "Mozilla/5.0 (compatible; bingbot/2.0; +http://www.bing.com/bingbot.htm)" "mantech8.com"
185.191.171.38 - - [13/Oct/2022:08:48:59 -0700] "GET /index.php/camp-fire/38513208.html HTTP/1.1" 500 - "-" "Mozilla/5.0 (compatible; SemrushBot/7~bl; +http://www.semrush.com/bot.html)" "mantech8.com"
185.191.171.6 - - [13/Oct/2022:08:49:33 -0700] "GET /index.php/camp-fire/28253935.html HTTP/1.1" 500 - "-" "Mozilla/5.0 (compatible; SemrushBot/7~bl; +http://www.semrush.com/bot.html)" "mantech8.com"
5.255.231.250 - - [13/Oct/2022:08:49:43 -0700] "GET /?sitemap30048.xml HTTP/1.1" 200 270519 "-" "Mozilla/5.0 (compatible; YandexBot/3.0; +http://yandex.com/bots)" "mantech8.com"
95.108.213.38 - - [13/Oct/2022:08:49:45 -0700] "GET /?sitemap1506.xml HTTP/1.1" 200 270544 "-" "Mozilla/5.0 (compatible; YandexBot/3.0; +http://yandex.com/bots)" "mantech8.com"
207.46.13.205 - - [13/Oct/2022:08:49:49 -0700] "GET /?/specialcolumn/%E9%AB%AA%E8%B3%AA%E3%81%8C%E6%82%AA%E3%81%84%EF%BC%9F%E3%81%9D%E3%81%AE%E5%8E%9F%E5%9B%A0%E3%81%A8%E4%BB%8A%E3%81%99%E3%81%90%E3%81%A7%E3%81%8D%E3%82%8B%E3%82%B1%E3%82%A2%E6%96%B9%E6%B3%95/ HTTP/1.1" 200 66632 "-" "Mozilla/5.0 (compatible; bingbot/2.0; +http://www.bing.com/bingbot.htm)" "mantech8.com"
185.191.171.11 - - [13/Oct/2022:08:50:03 -0700] "GET /index.php/camp-fire/18688080.html HTTP/1.1" 500 - "-" "Mozilla/5.0 (compatible; SemrushBot/7~bl; +http://www.semrush.com/bot.html)" "mantech8.com"
87.250.224.172 - - [13/Oct/2022:08:50:04 -0700] "GET /?sitemap606.xml HTTP/1.1" 200 270715 "-" "Mozilla/5.0 (compatible; YandexBot/3.0; +http://yandex.com/bots)" "mantech8.com"
87.250.224.117 - - [13/Oct/2022:08:50:07 -0700] "GET /?sitemap6692.xml HTTP/1.1" 200 270671 "-" "Mozilla/5.0 (compatible; YandexBot/3.0; +http://yandex.com/bots)" "mantech8.com"
185.191.171.19 - - [13/Oct/2022:08:50:15 -0700] "GET /index.php/camp-fire/25475661.html HTTP/1.1" 500 - "-" "Mozilla/5.0 (compatible; SemrushBot/7~bl; +http://www.semrush.com/bot.html)" "mantech8.com"
5.255.253.172 - - [13/Oct/2022:08:51:03 -0700] "GET /?sitemap60.xml HTTP/1.1" 200 270474 "-" "Mozilla/5.0 (compatible; YandexBot/3.0; +http://yandex.com/bots)" "mantech8.com"
185.191.171.37 - - [13/Oct/2022:08:51:21 -0700] "GET /index.php/camp-fire/27469926.html HTTP/1.1" 500 - "-" "Mozilla/5.0 (compatible; SemrushBot/7~bl; +http://www.semrush.com/bot.html)" "mantech8.com"
185.191.171.3 - - [13/Oct/2022:08:51:32 -0700] "GET /index.php/camp-fire/28397851.html HTTP/1.1" 500 - "-" "Mozilla/5.0 (compatible; SemrushBot/7~bl; +http://www.semrush.com/bot.html)" "mantech8.com"
87.250.224.40 - - [13/Oct/2022:08:52:08 -0700] "GET /?sitemap25434.xml HTTP/1.1" 200 270311 "-" "Mozilla/5.0 (compatible; YandexBot/3.0; +http://yandex.com/bots)" "mantech8.com"
185.191.171.38 - - [13/Oct/2022:08:52:09 -0700] "GET /index.php/camp-fire/30500941.html HTTP/1.1" 500 - "-" "Mozilla/5.0 (compatible; SemrushBot/7~bl; +http://www.semrush.com/bot.html)" "mantech8.com"
114.119.133.166 - - [13/Oct/2022:08:52:24 -0700] "GET /bimages/electric/?C=D%3BO%3DA HTTP/1.1" 200 420 "http://mantech8.com/bimages/electric/?C=M%3BO%3DA" "Mozilla/5.0 (Linux; Android 7.0;) AppleWebKit/537.36 (KHTML, like Gecko) Mobile Safari/537.36 (compatible; PetalBot;+https://webmaster.petalsearch.com/site/petalbot)" "mantech8.com"
95.108.213.43 - - [13/Oct/2022:08:52:27 -0700] "GET /?sitemap53649.xml HTTP/1.1" 200 270542 "-" "Mozilla/5.0 (compatible; YandexBot/3.0; +http://yandex.com/bots)" "mantech8.com"
87.250.224.33 - - [13/Oct/2022:08:52:39 -0700] "GET /?sitemap735.xml HTTP/1.1" 200 270452 "-" "Mozilla/5.0 (compatible; YandexBot/3.0; +http://yandex.com/bots)" "mantech8.com"
5.45.207.93 - - [13/Oct/2022:08:52:43 -0700] "GET /?sitemap735.xml HTTP/1.1" 200 270452 "-" "Mozilla/5.0 (compatible; YandexBot/3.0; +http://yandex.com/bots)" "mantech8.com"
5.255.231.120 - - [13/Oct/2022:08:52:53 -0700] "GET /?sitemap6717.xml HTTP/1.1" 200 270563 "-" "Mozilla/5.0 (compatible; YandexBot/3.0; +http://yandex.com/bots)" "mantech8.com"
95.108.213.57 - - [13/Oct/2022:08:52:56 -0700] "GET /?sitemap31.xml HTTP/1.1" 200 270628 "-" "Mozilla/5.0 (compatible; YandexBot/3.0; +http://yandex.com/bots)" "mantech8.com"
66.249.66.196 - - [13/Oct/2022:08:53:06 -0700] "GET /ads.txt HTTP/1.1" 404 88 "-" "Mozilla/5.0 (compatible; Googlebot/2.1; +http://www.google.com/bot.html)" "mantech8.com"
5.255.253.120 - - [13/Oct/2022:08:53:13 -0700] "GET /?sitemap747.xml HTTP/1.1" 200 270451 "-" "Mozilla/5.0 (compatible; YandexBot/3.0; +http://yandex.com/bots)" "mantech8.com"
5.255.231.250 - - [13/Oct/2022:08:53:15 -0700] "GET /?sitemap6982.xml HTTP/1.1" 200 270651 "-" "Mozilla/5.0 (compatible; YandexBot/3.0; +http://yandex.com/bots)" "mantech8.com"
185.191.171.17 - - [13/Oct/2022:08:53:19 -0700] "GET /index.php/camp-fire/22409372.html HTTP/1.1" 500 - "-" "Mozilla/5.0 (compatible; SemrushBot/7~bl; +http://www.semrush.com/bot.html)" "mantech8.com"
87.250.224.22 - - [13/Oct/2022:08:53:24 -0700] "GET /?sitemap99.xml HTTP/1.1" 200 270486 "-" "Mozilla/5.0 (compatible; YandexBot/3.0; +http://yandex.com/bots)" "mantech8.com"
185.191.171.26 - - [13/Oct/2022:08:53:24 -0700] "GET /index.php/camp-fire/29083547.html HTTP/1.1" 500 - "-" "Mozilla/5.0 (compatible; SemrushBot/7~bl; +http://www.semrush.com/bot.html)" "mantech8.com"
95.108.213.43 - - [13/Oct/2022:08:53:27 -0700] "GET /?sitemap20782.xml HTTP/1.1" 200 270531 "-" "Mozilla/5.0 (compatible; YandexBot/3.0; +http://yandex.com/bots)" "mantech8.com"
5.45.207.115 - - [13/Oct/2022:08:53:29 -0700] "GET /?sitemap52125.xml HTTP/1.1" 200 270611 "-" "Mozilla/5.0 (compatible; YandexBot/3.0; +http://yandex.com/bots)" "mantech8.com"
5.45.207.116 - - [13/Oct/2022:08:53:39 -0700] "GET /?sitemap55350.xml HTTP/1.1" 200 270484 "-" "Mozilla/5.0 (compatible; YandexBot/3.0; +http://yandex.com/bots)" "mantech8.com"
185.191.171.26 - - [13/Oct/2022:08:54:09 -0700] "GET /index.php/camp-fire/7706421.html HTTP/1.1" 500 - "-" "Mozilla/5.0 (compatible; SemrushBot/7~bl; +http://www.semrush.com/bot.html)" "mantech8.com"
185.191.171.20 - - [13/Oct/2022:08:54:23 -0700] "GET /index.php/camp-fire/39875076.html HTTP/1.1" 500 - "-" "Mozilla/5.0 (compatible; SemrushBot/7~bl; +http://www.semrush.com/bot.html)" "mantech8.com"
185.191.171.43 - - [13/Oct/2022:08:54:36 -0700] "GET /index.php/camp-fire/26662147.html HTTP/1.1" 500 - "-" "Mozilla/5.0 (compatible; SemrushBot/7~bl; +http://www.semrush.com/bot.html)" "mantech8.com"
185.191.171.4 - - [13/Oct/2022:08:55:29 -0700] "GET /index.php/camp-fire/41546706.html HTTP/1.1" 500 - "-" "Mozilla/5.0 (compatible; SemrushBot/7~bl; +http://www.semrush.com/bot.html)" "mantech8.com"
185.191.171.41 - - [13/Oct/2022:08:55:34 -0700] "GET /index.php/camp-fire/38182572.html HTTP/1.1" 500 - "-" "Mozilla/5.0 (compatible; SemrushBot/7~bl; +http://www.semrush.com/bot.html)" "mantech8.com"
185.191.171.41 - - [13/Oct/2022:08:56:38 -0700] "GET /index.php/camp-fire/6535985.html HTTP/1.1" 500 - "-" "Mozilla/5.0 (compatible; SemrushBot/7~bl; +http://www.semrush.com/bot.html)" "mantech8.com"
185.191.171.21 - - [13/Oct/2022:08:56:45 -0700] "GET /index.php/camp-fire/5418577.html HTTP/1.1" 500 - "-" "Mozilla/5.0 (compatible; SemrushBot/7~bl; +http://www.semrush.com/bot.html)" "mantech8.com"
185.191.171.12 - - [13/Oct/2022:08:57:10 -0700] "GET /index.php/camp-fire/46949402.html HTTP/1.1" 500 - "-" "Mozilla/5.0 (compatible; SemrushBot/7~bl; +http://www.semrush.com/bot.html)" "mantech8.com"
114.119.133.165 - - [13/Oct/2022:08:57:55 -0700] "GET /bimages/cleang/?C=M%3BO%3DA HTTP/1.1" 200 505 "http://www.mantech8.com/bimages/cleang/?C=S%3BO%3DA" "Mozilla/5.0 (Linux; Android 7.0;) AppleWebKit/537.36 (KHTML, like Gecko) Mobile Safari/537.36 (compatible; PetalBot;+https://webmaster.petalsearch.com/site/petalbot)" "www.mantech8.com"
185.191.171.12 - - [13/Oct/2022:08:58:23 -0700] "GET /index.php/camp-fire/29455864.html HTTP/1.1" 500 - "-" "Mozilla/5.0 (compatible; SemrushBot/7~bl; +http://www.semrush.com/bot.html)" "mantech8.com"
185.191.171.21 - - [13/Oct/2022:08:58:30 -0700] "GET /index.php/camp-fire/6081790.html HTTP/1.1" 500 - "-" "Mozilla/5.0 (compatible; SemrushBot/7~bl; +http://www.semrush.com/bot.html)" "mantech8.com"
185.191.171.40 - - [13/Oct/2022:08:58:47 -0700] "GET /index.php/camp-fire/31978930.html HTTP/1.1" 500 - "-" "Mozilla/5.0 (compatible; SemrushBot/7~bl; +http://www.semrush.com/bot.html)" "mantech8.com"
185.191.171.24 - - [13/Oct/2022:09:00:11 -0700] "GET /index.php/camp-fire/34977426.html HTTP/1.1" 500 - "-" "Mozilla/5.0 (compatible; SemrushBot/7~bl; +http://www.semrush.com/bot.html)" "mantech8.com"
185.191.171.36 - - [13/Oct/2022:09:00:26 -0700] "GET /index.php/camp-fire/29859066.html HTTP/1.1" 500 - "-" "Mozilla/5.0 (compatible; SemrushBot/7~bl; +http://www.semrush.com/bot.html)" "mantech8.com"
185.191.171.24 - - [13/Oct/2022:09:00:46 -0700] "GET /index.php/camp-fire/39939302.html HTTP/1.1" 500 - "-" "Mozilla/5.0 (compatible; SemrushBot/7~bl; +http://www.semrush.com/bot.html)" "mantech8.com"
185.191.171.25 - - [13/Oct/2022:09:00:49 -0700] "GET /index.php/camp-fire/27753509.html HTTP/1.1" 500 - "-" "Mozilla/5.0 (compatible; SemrushBot/7~bl; +http://www.semrush.com/bot.html)" "mantech8.com"
185.191.171.19 - - [13/Oct/2022:09:00:50 -0700] "GET /index.php/camp-fire/42401725.html HTTP/1.1" 500 - "-" "Mozilla/5.0 (compatible; SemrushBot/7~bl; +http://www.semrush.com/bot.html)" "mantech8.com"
185.191.171.24 - - [13/Oct/2022:09:02:16 -0700] "GET /index.php/camp-fire/20256784.html HTTP/1.1" 500 - "-" "Mozilla/5.0 (compatible; SemrushBot/7~bl; +http://www.semrush.com/bot.html)" "mantech8.com"
185.191.171.3 - - [13/Oct/2022:09:02:31 -0700] "GET /index.php/camp-fire/9157378.html HTTP/1.1" 500 - "-" "Mozilla/5.0 (compatible; SemrushBot/7~bl; +http://www.semrush.com/bot.html)" "mantech8.com"
185.191.171.15 - - [13/Oct/2022:09:03:26 -0700] "GET /index.php/camp-fire/5228959.html HTTP/1.1" 500 - "-" "Mozilla/5.0 (compatible; SemrushBot/7~bl; +http://www.semrush.com/bot.html)" "mantech8.com"
114.119.133.165 - - [13/Oct/2022:09:03:46 -0700] "GET /?exorcise.xml HTTP/1.1" 200 270592 "-" "Mozilla/5.0 (compatible;PetalBot;+https://webmaster.petalsearch.com/site/petalbot)" "mantech8.com"
185.191.171.21 - - [13/Oct/2022:09:03:53 -0700] "GET /index.php/camp-fire/5431300.html HTTP/1.1" 500 - "-" "Mozilla/5.0 (compatible; SemrushBot/7~bl; +http://www.semrush.com/bot.html)" "mantech8.com"
185.191.171.22 - - [13/Oct/2022:09:04:29 -0700] "GET /index.php/camp-fire/29791417.html HTTP/1.1" 500 - "-" "Mozilla/5.0 (compatible; SemrushBot/7~bl; +http://www.semrush.com/bot.html)" "mantech8.com"
185.191.171.41 - - [13/Oct/2022:09:04:35 -0700] "GET /index.php/camp-fire/32392760.html HTTP/1.1" 500 - "-" "Mozilla/5.0 (compatible; SemrushBot/7~bl; +http://www.semrush.com/bot.html)" "mantech8.com"
185.191.171.18 - - [13/Oct/2022:09:04:52 -0700] "GET /index.php/camp-fire/18984580.html HTTP/1.1" 500 - "-" "Mozilla/5.0 (compatible; SemrushBot/7~bl; +http://www.semrush.com/bot.html)" "mantech8.com"
185.191.171.11 - - [13/Oct/2022:09:05:36 -0700] "GET /index.php/camp-fire/27960570.html HTTP/1.1" 500 - "-" "Mozilla/5.0 (compatible; SemrushBot/7~bl; +http://www.semrush.com/bot.html)" "mantech8.com"
185.191.171.23 - - [13/Oct/2022:09:05:43 -0700] "GET /index.php/camp-fire/27269070.html HTTP/1.1" 500 - "-" "Mozilla/5.0 (compatible; SemrushBot/7~bl; +http://www.semrush.com/bot.html)" "mantech8.com"
185.191.171.21 - - [13/Oct/2022:09:05:48 -0700] "GET /index.php/camp-fire/27891059.html HTTP/1.1" 500 - "-" "Mozilla/5.0 (compatible; SemrushBot/7~bl; +http://www.semrush.com/bot.html)" "mantech8.com"
185.191.171.39 - - [13/Oct/2022:09:05:52 -0700] "GET /index.php/camp-fire/32554225.html HTTP/1.1" 500 - "-" "Mozilla/5.0 (compatible; SemrushBot/7~bl; +http://www.semrush.com/bot.html)" "mantech8.com"
185.191.171.5 - - [13/Oct/2022:09:07:03 -0700] "GET /index.php/camp-fire/27894121.html HTTP/1.1" 500 - "-" "Mozilla/5.0 (compatible; SemrushBot/7~bl; +http://www.semrush.com/bot.html)" "mantech8.com"
185.191.171.23 - - [13/Oct/2022:09:07:08 -0700] "GET /index.php/camp-fire/36250350.html HTTP/1.1" 500 - "-" "Mozilla/5.0 (compatible; SemrushBot/7~bl; +http://www.semrush.com/bot.html)" "mantech8.com"
119.243.84.19 - - [13/Oct/2022:09:07:24 -0700] "GET /index.php?camp-fire/46859188.html HTTP/1.1" 500 - "-" "Mozilla/5.0 (Windows NT 10.0; Win64; x64) AppleWebKit/537.36 (KHTML, like Gecko) Chrome/102.0.0.0 Safari/537.36" "www.mantech8.com"
185.191.171.8 - - [13/Oct/2022:09:08:16 -0700] "GET /index.php/camp-fire/38072959.html HTTP/1.1" 500 - "-" "Mozilla/5.0 (compatible; SemrushBot/7~bl; +http://www.semrush.com/bot.html)" "mantech8.com"
185.191.171.39 - - [13/Oct/2022:09:08:38 -0700] "GET /index.php/camp-fire/39826802.html HTTP/1.1" 500 - "-" "Mozilla/5.0 (compatible; SemrushBot/7~bl; +http://www.semrush.com/bot.html)" "mantech8.com"
185.191.171.4 - - [13/Oct/2022:09:09:08 -0700] "GET /index.php/camp-fire/8275942.html HTTP/1.1" 500 - "-" "Mozilla/5.0 (compatible; SemrushBot/7~bl; +http://www.semrush.com/bot.html)" "mantech8.com"
185.191.171.45 - - [13/Oct/2022:09:09:33 -0700] "GET /index.php/camp-fire/4680265.html HTTP/1.1" 500 - "-" "Mozilla/5.0 (compatible; SemrushBot/7~bl; +http://www.semrush.com/bot.html)" "mantech8.com"
185.191.171.24 - - [13/Oct/2022:09:10:09 -0700] "GET /index.php/camp-fire/2392393.html HTTP/1.1" 500 - "-" "Mozilla/5.0 (compatible; SemrushBot/7~bl; +http://www.semrush.com/bot.html)" "mantech8.com"
185.191.171.34 - - [13/Oct/2022:09:10:27 -0700] "GET /index.php/camp-fire/38216772.html HTTP/1.1" 500 - "-" "Mozilla/5.0 (compatible; SemrushBot/7~bl; +http://www.semrush.com/bot.html)" "mantech8.com"
185.191.171.15 - - [13/Oct/2022:09:10:52 -0700] "GET /index.php/camp-fire/42240708.html HTTP/1.1" 500 - "-" "Mozilla/5.0 (compatible; SemrushBot/7~bl; +http://www.semrush.com/bot.html)" "mantech8.com"
185.191.171.7 - - [13/Oct/2022:09:11:50 -0700] "GET /index.php/camp-fire/5988996.html HTTP/1.1" 500 - "-" "Mozilla/5.0 (compatible; SemrushBot/7~bl; +http://www.semrush.com/bot.html)" "mantech8.com"
185.191.171.38 - - [13/Oct/2022:09:12:36 -0700] "GET /index.php/camp-fire/4763655.html HTTP/1.1" 500 - "-" "Mozilla/5.0 (compatible; SemrushBot/7~bl; +http://www.semrush.com/bot.html)" "mantech8.com"
185.191.171.2 - - [13/Oct/2022:09:13:21 -0700] "GET /index.php/camp-fire/28422464.html HTTP/1.1" 500 - "-" "Mozilla/5.0 (compatible; SemrushBot/7~bl; +http://www.semrush.com/bot.html)" "mantech8.com"
185.191.171.2 - - [13/Oct/2022:09:13:26 -0700] "GET /index.php/camp-fire/3835953.html HTTP/1.1" 500 - "-" "Mozilla/5.0 (compatible; SemrushBot/7~bl; +http://www.semrush.com/bot.html)" "mantech8.com"
185.191.171.23 - - [13/Oct/2022:09:14:09 -0700] "GET /index.php/camp-fire/28603470.html HTTP/1.1" 500 - "-" "Mozilla/5.0 (compatible; SemrushBot/7~bl; +http://www.semrush.com/bot.html)" "mantech8.com"
185.191.171.16 - - [13/Oct/2022:09:14:47 -0700] "GET /index.php/camp-fire/33718508.html HTTP/1.1" 500 - "-" "Mozilla/5.0 (compatible; SemrushBot/7~bl; +http://www.semrush.com/bot.html)" "mantech8.com"
185.191.171.22 - - [13/Oct/2022:09:15:15 -0700] "GET /index.php/camp-fire/33103216.html HTTP/1.1" 500 - "-" "Mozilla/5.0 (compatible; SemrushBot/7~bl; +http://www.semrush.com/bot.html)" "mantech8.com"
114.119.133.165 - - [13/Oct/2022:09:15:23 -0700] "GET /?sitemap14.xml HTTP/1.1" 200 270484 "-" "Mozilla/5.0 (compatible;PetalBot;+https://webmaster.petalsearch.com/site/petalbot)" "mantech8.com"
185.191.171.1 - - [13/Oct/2022:09:15:34 -0700] "GET /index.php/camp-fire/46466571.html HTTP/1.1" 500 - "-" "Mozilla/5.0 (compatible; SemrushBot/7~bl; +http://www.semrush.com/bot.html)" "mantech8.com"
185.191.171.1 - - [13/Oct/2022:09:15:36 -0700] "GET /index.php/camp-fire/27442126.html HTTP/1.1" 500 - "-" "Mozilla/5.0 (compatible; SemrushBot/7~bl; +http://www.semrush.com/bot.html)" "mantech8.com"
185.191.171.42 - - [13/Oct/2022:09:15:49 -0700] "GET /index.php/camp-fire/22887024.html HTTP/1.1" 500 - "-" "Mozilla/5.0 (compatible; SemrushBot/7~bl; +http://www.semrush.com/bot.html)" "mantech8.com"
185.191.171.4 - - [13/Oct/2022:09:16:01 -0700] "GET /index.php/camp-fire/30972751.html HTTP/1.1" 500 - "-" "Mozilla/5.0 (compatible; SemrushBot/7~bl; +http://www.semrush.com/bot.html)" "mantech8.com"
185.191.171.23 - - [13/Oct/2022:09:16:18 -0700] "GET /index.php/camp-fire/27645609.html HTTP/1.1" 500 - "-" "Mozilla/5.0 (compatible; SemrushBot/7~bl; +http://www.semrush.com/bot.html)" "mantech8.com"
185.191.171.21 - - [13/Oct/2022:09:16:47 -0700] "GET /index.php/camp-fire/27301770.html HTTP/1.1" 500 - "-" "Mozilla/5.0 (compatible; SemrushBot/7~bl; +http://www.semrush.com/bot.html)" "mantech8.com"
185.191.171.36 - - [13/Oct/2022:09:16:52 -0700] "GET /index.php/camp-fire/36536971.html HTTP/1.1" 500 - "-" "Mozilla/5.0 (compatible; SemrushBot/7~bl; +http://www.semrush.com/bot.html)" "mantech8.com"
185.191.171.5 - - [13/Oct/2022:09:17:05 -0700] "GET /index.php/camp-fire/20799035.html HTTP/1.1" 500 - "-" "Mozilla/5.0 (compatible; SemrushBot/7~bl; +http://www.semrush.com/bot.html)" "mantech8.com"
185.191.171.40 - - [13/Oct/2022:09:18:12 -0700] "GET /index.php/camp-fire/32542968.html HTTP/1.1" 500 - "-" "Mozilla/5.0 (compatible; SemrushBot/7~bl; +http://www.semrush.com/bot.html)" "mantech8.com"
185.191.171.26 - - [13/Oct/2022:09:19:03 -0700] "GET /index.php/camp-fire/27674171.html HTTP/1.1" 500 - "-" "Mozilla/5.0 (compatible; SemrushBot/7~bl; +http://www.semrush.com/bot.html)" "mantech8.com"
185.191.171.38 - - [13/Oct/2022:09:19:27 -0700] "GET /index.php/camp-fire/29442463.html HTTP/1.1" 500 - "-" "Mozilla/5.0 (compatible; SemrushBot/7~bl; +http://www.semrush.com/bot.html)" "mantech8.com"
185.191.171.24 - - [13/Oct/2022:09:19:29 -0700] "GET /index.php/camp-fire/33833608.html HTTP/1.1" 500 - "-" "Mozilla/5.0 (compatible; SemrushBot/7~bl; +http://www.semrush.com/bot.html)" "mantech8.com"
103.131.71.23 - - [13/Oct/2022:09:19:36 -0700] "GET /robots.txt HTTP/1.1" 200 106 "-" "Mozilla/5.0 (compatible; coccocbot-image/1.0; +http://help.coccoc.com/searchengine)" "mantech8.com"
185.191.171.12 - - [13/Oct/2022:09:20:55 -0700] "GET /index.php/camp-fire/5022965.html HTTP/1.1" 500 - "-" "Mozilla/5.0 (compatible; SemrushBot/7~bl; +http://www.semrush.com/bot.html)" "mantech8.com"
114.119.133.182 - - [13/Oct/2022:09:21:06 -0700] "GET /index.php?sitemap48.xml HTTP/1.1" 200 289409 "-" "Mozilla/5.0 (compatible;PetalBot;+https://webmaster.petalsearch.com/site/petalbot)" "mantech8.com"
185.191.171.41 - - [13/Oct/2022:09:21:11 -0700] "GET /index.php/camp-fire/28414964.html HTTP/1.1" 500 - "-" "Mozilla/5.0 (compatible; SemrushBot/7~bl; +http://www.semrush.com/bot.html)" "mantech8.com"
185.191.171.42 - - [13/Oct/2022:09:21:41 -0700] "GET /index.php/camp-fire/28000497.html HTTP/1.1" 500 - "-" "Mozilla/5.0 (compatible; SemrushBot/7~bl; +http://www.semrush.com/bot.html)" "mantech8.com"
185.191.171.6 - - [13/Oct/2022:09:21:52 -0700] "GET /index.php/camp-fire/45115289.html HTTP/1.1" 500 - "-" "Mozilla/5.0 (compatible; SemrushBot/7~bl; +http://www.semrush.com/bot.html)" "mantech8.com"
185.191.171.9 - - [13/Oct/2022:09:22:02 -0700] "GET /index.php/camp-fire/4824478.html HTTP/1.1" 500 - "-" "Mozilla/5.0 (compatible; SemrushBot/7~bl; +http://www.semrush.com/bot.html)" "mantech8.com"
185.191.171.19 - - [13/Oct/2022:09:23:17 -0700] "GET /index.php/camp-fire/39526938.html HTTP/1.1" 500 - "-" "Mozilla/5.0 (compatible; SemrushBot/7~bl; +http://www.semrush.com/bot.html)" "mantech8.com"
185.191.171.37 - - [13/Oct/2022:09:23:20 -0700] "GET /index.php/camp-fire/39075035.html HTTP/1.1" 500 - "-" "Mozilla/5.0 (compatible; SemrushBot/7~bl; +http://www.semrush.com/bot.html)" "mantech8.com"
185.191.171.9 - - [13/Oct/2022:09:23:54 -0700] "GET /index.php/camp-fire/60820234.html HTTP/1.1" 500 - "-" "Mozilla/5.0 (compatible; SemrushBot/7~bl; +http://www.semrush.com/bot.html)" "mantech8.com"
185.191.171.40 - - [13/Oct/2022:09:24:07 -0700] "GET /index.php/camp-fire/23585806.html HTTP/1.1" 500 - "-" "Mozilla/5.0 (compatible; SemrushBot/7~bl; +http://www.semrush.com/bot.html)" "mantech8.com"
185.191.171.5 - - [13/Oct/2022:09:25:20 -0700] "GET /index.php/camp-fire/31996830.html HTTP/1.1" 500 - "-" "Mozilla/5.0 (compatible; SemrushBot/7~bl; +http://www.semrush.com/bot.html)" "mantech8.com"
185.191.171.4 - - [13/Oct/2022:09:25:29 -0700] "GET /index.php/camp-fire/34140068.html HTTP/1.1" 500 - "-" "Mozilla/5.0 (compatible; SemrushBot/7~bl; +http://www.semrush.com/bot.html)" "mantech8.com"
20.171.54.68 - - [13/Oct/2022:09:26:54 -0700] "GET /wp-admin/css/ HTTP/1.1" 404 88 "binance.com" "Mozilla/5.0 (Windows NT 10.0; Win64; x64) AppleWebKit/537.36 (KHTML, like Gecko) Chrome/90.0.4430.85 Safari/537.36" "www.mantech8.com"
20.171.54.68 - - [13/Oct/2022:09:27:00 -0700] "GET /sites/default/files/ HTTP/1.1" 404 88 "binance.com" "Mozilla/5.0 (Windows NT 10.0; Win64; x64) AppleWebKit/537.36 (KHTML, like Gecko) Chrome/90.0.4430.85 Safari/537.36" "www.mantech8.com"
20.171.54.68 - - [13/Oct/2022:09:27:02 -0700] "GET /admin/controller/extension/extension/ HTTP/1.1" 404 88 "binance.com" "Mozilla/5.0 (Windows NT 10.0; Win64; x64) AppleWebKit/537.36 (KHTML, like Gecko) Chrome/90.0.4430.85 Safari/537.36" "www.mantech8.com"
20.171.54.68 - - [13/Oct/2022:09:27:03 -0700] "GET /uploads/ HTTP/1.1" 404 88 "binance.com" "Mozilla/5.0 (Windows NT 10.0; Win64; x64) AppleWebKit/537.36 (KHTML, like Gecko) Chrome/90.0.4430.85 Safari/537.36" "www.mantech8.com"
20.171.54.68 - - [13/Oct/2022:09:27:04 -0700] "GET /images/ HTTP/1.1" 200 6505 "binance.com" "Mozilla/5.0 (Windows NT 10.0; Win64; x64) AppleWebKit/537.36 (KHTML, like Gecko) Chrome/90.0.4430.85 Safari/537.36" "www.mantech8.com"
