185.191.171.5 - - [13/Oct/2022:15:31:39 -0700] "GET /index.php/camp-fire/29481571.html HTTP/1.1" 500 - "-" "Mozilla/5.0 (compatible; SemrushBot/7~bl; +http://www.semrush.com/bot.html)" "mantech8.com"
114.119.133.190 - - [13/Oct/2022:15:31:58 -0700] "GET /index.php?camp-fire/74882724.html HTTP/1.1" 500 - "-" "Mozilla/5.0 (Linux; Android 7.0;) AppleWebKit/537.36 (KHTML, like Gecko) Mobile Safari/537.36 (compatible; PetalBot;+https://webmaster.petalsearch.com/site/petalbot)" "www.mantech8.com"
185.191.171.25 - - [13/Oct/2022:15:33:14 -0700] "GET /index.php/camp-fire/54421625.html HTTP/1.1" 500 - "-" "Mozilla/5.0 (compatible; SemrushBot/7~bl; +http://www.semrush.com/bot.html)" "mantech8.com"
185.191.171.18 - - [13/Oct/2022:15:33:27 -0700] "GET /index.php/camp-fire/36754260.html HTTP/1.1" 500 - "-" "Mozilla/5.0 (compatible; SemrushBot/7~bl; +http://www.semrush.com/bot.html)" "mantech8.com"
185.191.171.14 - - [13/Oct/2022:15:33:54 -0700] "GET /index.php/camp-fire/27994271.html HTTP/1.1" 500 - "-" "Mozilla/5.0 (compatible; SemrushBot/7~bl; +http://www.semrush.com/bot.html)" "mantech8.com"
185.191.171.13 - - [13/Oct/2022:15:34:48 -0700] "GET /index.php/camp-fire/37616563.html HTTP/1.1" 500 - "-" "Mozilla/5.0 (compatible; SemrushBot/7~bl; +http://www.semrush.com/bot.html)" "mantech8.com"
185.191.171.10 - - [13/Oct/2022:15:35:18 -0700] "GET /index.php/camp-fire/3079359.html HTTP/1.1" 500 - "-" "Mozilla/5.0 (compatible; SemrushBot/7~bl; +http://www.semrush.com/bot.html)" "mantech8.com"
185.191.171.11 - - [13/Oct/2022:15:35:20 -0700] "GET /index.php/camp-fire/48194702.html HTTP/1.1" 500 - "-" "Mozilla/5.0 (compatible; SemrushBot/7~bl; +http://www.semrush.com/bot.html)" "mantech8.com"
185.191.171.44 - - [13/Oct/2022:15:35:49 -0700] "GET /index.php/camp-fire/26970321.html HTTP/1.1" 500 - "-" "Mozilla/5.0 (compatible; SemrushBot/7~bl; +http://www.semrush.com/bot.html)" "mantech8.com"
185.191.171.16 - - [13/Oct/2022:15:36:20 -0700] "GET /index.php/camp-fire/52202049.html HTTP/1.1" 500 - "-" "Mozilla/5.0 (compatible; SemrushBot/7~bl; +http://www.semrush.com/bot.html)" "mantech8.com"
185.191.171.11 - - [13/Oct/2022:15:36:25 -0700] "GET /index.php/camp-fire/3111978.html HTTP/1.1" 500 - "-" "Mozilla/5.0 (compatible; SemrushBot/7~bl; +http://www.semrush.com/bot.html)" "mantech8.com"
185.191.171.40 - - [13/Oct/2022:15:36:45 -0700] "GET /index.php/camp-fire/35727725.html HTTP/1.1" 500 - "-" "Mozilla/5.0 (compatible; SemrushBot/7~bl; +http://www.semrush.com/bot.html)" "mantech8.com"
185.191.171.9 - - [13/Oct/2022:15:36:46 -0700] "GET /index.php/camp-fire/28549364.html HTTP/1.1" 500 - "-" "Mozilla/5.0 (compatible; SemrushBot/7~bl; +http://www.semrush.com/bot.html)" "mantech8.com"
114.119.133.182 - - [13/Oct/2022:15:37:08 -0700] "GET /bimages/elect/?C=N%3BO%3DD HTTP/1.1" 200 417 "http://www.mantech8.com/bimages/elect/?C=D%3BO%3DA" "Mozilla/5.0 (Linux; Android 7.0;) AppleWebKit/537.36 (KHTML, like Gecko) Mobile Safari/537.36 (compatible; PetalBot;+https://webmaster.petalsearch.com/site/petalbot)" "www.mantech8.com"
185.191.171.14 - - [13/Oct/2022:15:37:11 -0700] "GET /index.php/camp-fire/28251971.html HTTP/1.1" 500 - "-" "Mozilla/5.0 (compatible; SemrushBot/7~bl; +http://www.semrush.com/bot.html)" "mantech8.com"
185.191.171.21 - - [13/Oct/2022:15:37:37 -0700] "GET /index.php/camp-fire/27577071.html HTTP/1.1" 500 - "-" "Mozilla/5.0 (compatible; SemrushBot/7~bl; +http://www.semrush.com/bot.html)" "mantech8.com"
185.191.171.22 - - [13/Oct/2022:15:37:42 -0700] "GET /index.php/camp-fire/4781155.html HTTP/1.1" 500 - "-" "Mozilla/5.0 (compatible; SemrushBot/7~bl; +http://www.semrush.com/bot.html)" "mantech8.com"
185.191.171.21 - - [13/Oct/2022:15:37:46 -0700] "GET /index.php/camp-fire/20263732.html HTTP/1.1" 500 - "-" "Mozilla/5.0 (compatible; SemrushBot/7~bl; +http://www.semrush.com/bot.html)" "mantech8.com"
182.43.80.31 - - [13/Oct/2022:15:37:54 -0700] "GET /contact.php HTTP/1.1" 200 29237 "http://mantech8.com/contact.php" "Mozilla/5.0 (Windows NT 10.0; Win64; x64) AppleWebKit/537.36 (KHTML, like Gecko) Chrome/90.0.4430.85 Safari/537.36 Edg/90.0.818.46" "mantech8.com"
182.43.80.31 - - [13/Oct/2022:15:38:04 -0700] "POST /mailer.php HTTP/1.1" 500 - "http://mantech8.com/contact.php" "Mozilla/5.0 (Windows NT 10.0; Win64; x64) AppleWebKit/537.36 (KHTML, like Gecko) Chrome/90.0.4430.85 Safari/537.36 Edg/90.0.818.46" "mantech8.com"
185.191.171.16 - - [13/Oct/2022:15:38:15 -0700] "GET /index.php/camp-fire/27316097.html HTTP/1.1" 500 - "-" "Mozilla/5.0 (compatible; SemrushBot/7~bl; +http://www.semrush.com/bot.html)" "mantech8.com"
185.191.171.22 - - [13/Oct/2022:15:38:42 -0700] "GET /index.php/camp-fire/35171321.html HTTP/1.1" 500 - "-" "Mozilla/5.0 (compatible; SemrushBot/7~bl; +http://www.semrush.com/bot.html)" "mantech8.com"
185.191.171.2 - - [13/Oct/2022:15:39:43 -0700] "GET /index.php/camp-fire/34761650.html HTTP/1.1" 500 - "-" "Mozilla/5.0 (compatible; SemrushBot/7~bl; +http://www.semrush.com/bot.html)" "mantech8.com"
185.191.171.3 - - [13/Oct/2022:15:40:09 -0700] "GET /index.php/camp-fire/33506293.html HTTP/1.1" 500 - "-" "Mozilla/5.0 (compatible; SemrushBot/7~bl; +http://www.semrush.com/bot.html)" "mantech8.com"
185.191.171.20 - - [13/Oct/2022:15:40:15 -0700] "GET /index.php/camp-fire/60534550.html HTTP/1.1" 500 - "-" "Mozilla/5.0 (compatible; SemrushBot/7~bl; +http://www.semrush.com/bot.html)" "mantech8.com"
185.191.171.38 - - [13/Oct/2022:15:40:44 -0700] "GET /index.php/camp-fire/27294670.html HTTP/1.1" 500 - "-" "Mozilla/5.0 (compatible; SemrushBot/7~bl; +http://www.semrush.com/bot.html)" "mantech8.com"
185.191.171.13 - - [13/Oct/2022:15:42:14 -0700] "GET /index.php/camp-fire/26914421.html HTTP/1.1" 500 - "-" "Mozilla/5.0 (compatible; SemrushBot/7~bl; +http://www.semrush.com/bot.html)" "mantech8.com"
114.119.133.190 - - [13/Oct/2022:15:42:16 -0700] "GET /bimages/SliderImage/?C=M%3BO%3DA HTTP/1.1" 200 566 "http://www.mantech8.com/bimages/SliderImage/?C=D%3BO%3DA" "Mozilla/5.0 (Linux; Android 7.0;) AppleWebKit/537.36 (KHTML, like Gecko) Mobile Safari/537.36 (compatible; PetalBot;+https://webmaster.petalsearch.com/site/petalbot)" "www.mantech8.com"
185.191.171.34 - - [13/Oct/2022:15:42:16 -0700] "GET /index.php/camp-fire/39396317.html HTTP/1.1" 500 - "-" "Mozilla/5.0 (compatible; SemrushBot/7~bl; +http://www.semrush.com/bot.html)" "mantech8.com"
216.244.66.241 - - [13/Oct/2022:15:42:19 -0700] "GET /robots.txt HTTP/1.1" 200 222 "-" "Mozilla/5.0 (compatible; DotBot/1.2; +https://opensiteexplorer.org/dotbot; help@moz.com)" "www.mantech8.com"
216.244.66.241 - - [13/Oct/2022:15:42:19 -0700] "GET /robots.txt HTTP/1.1" 200 222 "-" "Mozilla/5.0 (compatible; DotBot/1.2; +https://opensiteexplorer.org/dotbot; help@moz.com)" "mantech8.com"
185.191.171.22 - - [13/Oct/2022:15:42:19 -0700] "GET /index.php/camp-fire/27661026.html HTTP/1.1" 500 - "-" "Mozilla/5.0 (compatible; SemrushBot/7~bl; +http://www.semrush.com/bot.html)" "mantech8.com"
185.191.171.2 - - [13/Oct/2022:15:43:27 -0700] "GET /index.php/camp-fire/3501700.html HTTP/1.1" 500 - "-" "Mozilla/5.0 (compatible; SemrushBot/7~bl; +http://www.semrush.com/bot.html)" "mantech8.com"
185.191.171.2 - - [13/Oct/2022:15:44:36 -0700] "GET /index.php/camp-fire/27292497.html HTTP/1.1" 500 - "-" "Mozilla/5.0 (compatible; SemrushBot/7~bl; +http://www.semrush.com/bot.html)" "mantech8.com"
185.191.171.12 - - [13/Oct/2022:15:44:49 -0700] "GET /index.php/camp-fire/27349597.html HTTP/1.1" 500 - "-" "Mozilla/5.0 (compatible; SemrushBot/7~bl; +http://www.semrush.com/bot.html)" "mantech8.com"
185.191.171.4 - - [13/Oct/2022:15:45:08 -0700] "GET /index.php/camp-fire/28319706.html HTTP/1.1" 500 - "-" "Mozilla/5.0 (compatible; SemrushBot/7~bl; +http://www.semrush.com/bot.html)" "mantech8.com"
185.191.171.34 - - [13/Oct/2022:15:45:24 -0700] "GET /index.php/camp-fire/35520859.html HTTP/1.1" 500 - "-" "Mozilla/5.0 (compatible; SemrushBot/7~bl; +http://www.semrush.com/bot.html)" "mantech8.com"
185.191.171.21 - - [13/Oct/2022:15:45:44 -0700] "GET /index.php/camp-fire/33610730.html HTTP/1.1" 500 - "-" "Mozilla/5.0 (compatible; SemrushBot/7~bl; +http://www.semrush.com/bot.html)" "mantech8.com"
185.191.171.13 - - [13/Oct/2022:15:46:12 -0700] "GET /index.php/camp-fire/40001176.html HTTP/1.1" 500 - "-" "Mozilla/5.0 (compatible; SemrushBot/7~bl; +http://www.semrush.com/bot.html)" "mantech8.com"
185.191.171.17 - - [13/Oct/2022:15:46:17 -0700] "GET /index.php/camp-fire/47845350.html HTTP/1.1" 500 - "-" "Mozilla/5.0 (compatible; SemrushBot/7~bl; +http://www.semrush.com/bot.html)" "mantech8.com"
185.191.171.1 - - [13/Oct/2022:15:46:32 -0700] "GET /index.php/camp-fire/27745109.html HTTP/1.1" 500 - "-" "Mozilla/5.0 (compatible; SemrushBot/7~bl; +http://www.semrush.com/bot.html)" "mantech8.com"
185.191.171.36 - - [13/Oct/2022:15:46:47 -0700] "GET /index.php/camp-fire/3241398.html HTTP/1.1" 500 - "-" "Mozilla/5.0 (compatible; SemrushBot/7~bl; +http://www.semrush.com/bot.html)" "mantech8.com"
185.191.171.3 - - [13/Oct/2022:15:46:49 -0700] "GET /index.php/camp-fire/46474972.html HTTP/1.1" 500 - "-" "Mozilla/5.0 (compatible; SemrushBot/7~bl; +http://www.semrush.com/bot.html)" "mantech8.com"
185.191.171.7 - - [13/Oct/2022:15:46:53 -0700] "GET /index.php/camp-fire/32135941.html HTTP/1.1" 500 - "-" "Mozilla/5.0 (compatible; SemrushBot/7~bl; +http://www.semrush.com/bot.html)" "mantech8.com"
114.119.133.165 - - [13/Oct/2022:15:47:22 -0700] "GET /bimages/himage/para.php HTTP/1.1" 200 32 "http://www.mantech8.com/bimages/himage/" "Mozilla/5.0 (Linux; Android 7.0;) AppleWebKit/537.36 (KHTML, like Gecko) Mobile Safari/537.36 (compatible; PetalBot;+https://webmaster.petalsearch.com/site/petalbot)" "www.mantech8.com"
185.191.171.42 - - [13/Oct/2022:15:47:52 -0700] "GET /index.php/camp-fire/3383398.html HTTP/1.1" 500 - "-" "Mozilla/5.0 (compatible; SemrushBot/7~bl; +http://www.semrush.com/bot.html)" "mantech8.com"
185.191.171.2 - - [13/Oct/2022:15:48:08 -0700] "GET /index.php/camp-fire/27280070.html HTTP/1.1" 500 - "-" "Mozilla/5.0 (compatible; SemrushBot/7~bl; +http://www.semrush.com/bot.html)" "mantech8.com"
185.191.171.19 - - [13/Oct/2022:15:50:07 -0700] "GET /index.php/camp-fire/27744909.html HTTP/1.1" 500 - "-" "Mozilla/5.0 (compatible; SemrushBot/7~bl; +http://www.semrush.com/bot.html)" "mantech8.com"
185.191.171.16 - - [13/Oct/2022:15:50:12 -0700] "GET /index.php/camp-fire/29584735.html HTTP/1.1" 500 - "-" "Mozilla/5.0 (compatible; SemrushBot/7~bl; +http://www.semrush.com/bot.html)" "mantech8.com"
185.191.171.21 - - [13/Oct/2022:15:50:37 -0700] "GET /index.php/camp-fire/40402250.html HTTP/1.1" 500 - "-" "Mozilla/5.0 (compatible; SemrushBot/7~bl; +http://www.semrush.com/bot.html)" "mantech8.com"
185.191.171.3 - - [13/Oct/2022:15:50:47 -0700] "GET /index.php/camp-fire/291398.html HTTP/1.1" 500 - "-" "Mozilla/5.0 (compatible; SemrushBot/7~bl; +http://www.semrush.com/bot.html)" "mantech8.com"
185.191.171.38 - - [13/Oct/2022:15:51:13 -0700] "GET /index.php/camp-fire/42190159.html HTTP/1.1" 500 - "-" "Mozilla/5.0 (compatible; SemrushBot/7~bl; +http://www.semrush.com/bot.html)" "mantech8.com"
185.191.171.17 - - [13/Oct/2022:15:52:14 -0700] "GET /index.php/camp-fire/9333596.html HTTP/1.1" 500 - "-" "Mozilla/5.0 (compatible; SemrushBot/7~bl; +http://www.semrush.com/bot.html)" "mantech8.com"
185.191.171.25 - - [13/Oct/2022:15:52:16 -0700] "GET /index.php/camp-fire/7692680.html HTTP/1.1" 500 - "-" "Mozilla/5.0 (compatible; SemrushBot/7~bl; +http://www.semrush.com/bot.html)" "mantech8.com"
185.191.171.41 - - [13/Oct/2022:15:52:26 -0700] "GET /index.php/camp-fire/30619941.html HTTP/1.1" 500 - "-" "Mozilla/5.0 (compatible; SemrushBot/7~bl; +http://www.semrush.com/bot.html)" "mantech8.com"
114.119.133.165 - - [13/Oct/2022:15:52:29 -0700] "GET /dehydrochlorinases.xml HTTP/1.1" 404 88 "-" "Mozilla/5.0 (compatible;PetalBot;+https://webmaster.petalsearch.com/site/petalbot)" "mantech8.com"
185.191.171.20 - - [13/Oct/2022:15:53:11 -0700] "GET /index.php/camp-fire/21636017.html HTTP/1.1" 500 - "-" "Mozilla/5.0 (compatible; SemrushBot/7~bl; +http://www.semrush.com/bot.html)" "mantech8.com"
185.191.171.14 - - [13/Oct/2022:15:53:57 -0700] "GET /index.php/camp-fire/27467326.html HTTP/1.1" 500 - "-" "Mozilla/5.0 (compatible; SemrushBot/7~bl; +http://www.semrush.com/bot.html)" "mantech8.com"
185.191.171.1 - - [13/Oct/2022:15:54:30 -0700] "GET /index.php/camp-fire/27628771.html HTTP/1.1" 500 - "-" "Mozilla/5.0 (compatible; SemrushBot/7~bl; +http://www.semrush.com/bot.html)" "mantech8.com"
185.191.171.22 - - [13/Oct/2022:15:56:03 -0700] "GET /index.php/camp-fire/34582784.html HTTP/1.1" 500 - "-" "Mozilla/5.0 (compatible; SemrushBot/7~bl; +http://www.semrush.com/bot.html)" "mantech8.com"
185.191.171.3 - - [13/Oct/2022:15:56:06 -0700] "GET /index.php/camp-fire/27991093.html HTTP/1.1" 500 - "-" "Mozilla/5.0 (compatible; SemrushBot/7~bl; +http://www.semrush.com/bot.html)" "mantech8.com"
185.191.171.42 - - [13/Oct/2022:15:56:15 -0700] "GET /index.php/camp-fire/40025776.html HTTP/1.1" 500 - "-" "Mozilla/5.0 (compatible; SemrushBot/7~bl; +http://www.semrush.com/bot.html)" "mantech8.com"
185.191.171.6 - - [13/Oct/2022:15:56:19 -0700] "GET /index.php/camp-fire/37843264.html HTTP/1.1" 500 - "-" "Mozilla/5.0 (compatible; SemrushBot/7~bl; +http://www.semrush.com/bot.html)" "mantech8.com"
185.191.171.4 - - [13/Oct/2022:15:56:24 -0700] "GET /index.php/camp-fire/33476493.html HTTP/1.1" 500 - "-" "Mozilla/5.0 (compatible; SemrushBot/7~bl; +http://www.semrush.com/bot.html)" "mantech8.com"
185.191.171.45 - - [13/Oct/2022:15:57:23 -0700] "GET /index.php/camp-fire/54085208.html HTTP/1.1" 500 - "-" "Mozilla/5.0 (compatible; SemrushBot/7~bl; +http://www.semrush.com/bot.html)" "mantech8.com"
114.119.133.165 - - [13/Oct/2022:15:57:33 -0700] "GET /bimages/gallery/IDN%20S4.jpg HTTP/1.1" 200 162587 "http://www.mantech8.com/gallery.php" "Mozilla/5.0 (Linux; Android 7.0;) AppleWebKit/537.36 (KHTML, like Gecko) Mobile Safari/537.36 (compatible; PetalBot;+https://webmaster.petalsearch.com/site/petalbot)" "www.mantech8.com"
207.46.13.184 - - [13/Oct/2022:15:58:07 -0700] "GET /camp-fire/92550482.html HTTP/1.1" 404 88 "-" "Mozilla/5.0 (compatible; bingbot/2.0; +http://www.bing.com/bingbot.htm)" "www.mantech8.com"
158.69.119.16 - - [13/Oct/2022:15:58:29 -0700] "GET /index.php?camp-fire/20307834.html HTTP/1.1" 500 - "https://www.mantech8.com/index.php?camp-fire/20307834.html" "Mozilla/5.0 (Windows NT 10.0; Win64; x64) AppleWebKit/537.36 (KHTML, like Gecko) Chrome/90.0.4430.85 Safari/537.36" "www.mantech8.com"
158.69.119.16 - - [13/Oct/2022:15:58:31 -0700] "GET / HTTP/1.1" 500 - "https://www.mantech8.com/" "Mozilla/5.0 (Windows NT 10.0; Win64; x64) AppleWebKit/537.36 (KHTML, like Gecko) Chrome/90.0.4430.85 Safari/537.36" "www.mantech8.com"
185.191.171.22 - - [13/Oct/2022:15:58:58 -0700] "GET /index.php/camp-fire/35133368.html HTTP/1.1" 500 - "-" "Mozilla/5.0 (compatible; SemrushBot/7~bl; +http://www.semrush.com/bot.html)" "mantech8.com"
185.191.171.11 - - [13/Oct/2022:15:59:00 -0700] "GET /index.php/camp-fire/4241285.html HTTP/1.1" 500 - "-" "Mozilla/5.0 (compatible; SemrushBot/7~bl; +http://www.semrush.com/bot.html)" "mantech8.com"
185.191.171.15 - - [13/Oct/2022:15:59:15 -0700] "GET /index.php/camp-fire/7363178.html HTTP/1.1" 500 - "-" "Mozilla/5.0 (compatible; SemrushBot/7~bl; +http://www.semrush.com/bot.html)" "mantech8.com"
185.191.171.40 - - [13/Oct/2022:15:59:46 -0700] "GET /index.php/camp-fire/39845802.html HTTP/1.1" 500 - "-" "Mozilla/5.0 (compatible; SemrushBot/7~bl; +http://www.semrush.com/bot.html)" "mantech8.com"
185.191.171.2 - - [13/Oct/2022:15:59:48 -0700] "GET /index.php/camp-fire/33423393.html HTTP/1.1" 500 - "-" "Mozilla/5.0 (compatible; SemrushBot/7~bl; +http://www.semrush.com/bot.html)" "mantech8.com"
185.191.171.18 - - [13/Oct/2022:16:00:07 -0700] "GET /index.php/camp-fire/20690090.html HTTP/1.1" 500 - "-" "Mozilla/5.0 (compatible; SemrushBot/7~bl; +http://www.semrush.com/bot.html)" "mantech8.com"
185.191.171.6 - - [13/Oct/2022:16:00:11 -0700] "GET /index.php/camp-fire/39938641.html HTTP/1.1" 500 - "-" "Mozilla/5.0 (compatible; SemrushBot/7~bl; +http://www.semrush.com/bot.html)" "mantech8.com"
66.249.66.66 - - [13/Oct/2022:16:00:51 -0700] "GET /sitemap51.xml HTTP/1.1" 404 88 "-" "Mozilla/5.0 (compatible; Googlebot/2.1; +http://www.google.com/bot.html)" "mantech8.com"
185.191.171.44 - - [13/Oct/2022:16:01:03 -0700] "GET /index.php/camp-fire/40407650.html HTTP/1.1" 500 - "-" "Mozilla/5.0 (compatible; SemrushBot/7~bl; +http://www.semrush.com/bot.html)" "mantech8.com"
185.191.171.37 - - [13/Oct/2022:16:01:42 -0700] "GET /index.php/camp-fire/42946150.html HTTP/1.1" 500 - "-" "Mozilla/5.0 (compatible; SemrushBot/7~bl; +http://www.semrush.com/bot.html)" "mantech8.com"
185.191.171.25 - - [13/Oct/2022:16:02:24 -0700] "GET /index.php/camp-fire/36120057.html HTTP/1.1" 500 - "-" "Mozilla/5.0 (compatible; SemrushBot/7~bl; +http://www.semrush.com/bot.html)" "mantech8.com"
185.191.171.3 - - [13/Oct/2022:16:02:26 -0700] "GET /index.php/camp-fire/28844466.html HTTP/1.1" 500 - "-" "Mozilla/5.0 (compatible; SemrushBot/7~bl; +http://www.semrush.com/bot.html)" "mantech8.com"
114.119.133.165 - - [13/Oct/2022:16:02:37 -0700] "GET /bimages/himage/?C=M%3BO%3DA HTTP/1.1" 200 443 "http://www.mantech8.com/bimages/himage/" "Mozilla/5.0 (Linux; Android 7.0;) AppleWebKit/537.36 (KHTML, like Gecko) Mobile Safari/537.36 (compatible; PetalBot;+https://webmaster.petalsearch.com/site/petalbot)" "www.mantech8.com"
185.191.171.5 - - [13/Oct/2022:16:03:48 -0700] "GET /index.php/camp-fire/40576093.html HTTP/1.1" 500 - "-" "Mozilla/5.0 (compatible; SemrushBot/7~bl; +http://www.semrush.com/bot.html)" "mantech8.com"
185.191.171.10 - - [13/Oct/2022:16:03:59 -0700] "GET /index.php/camp-fire/3770678.html HTTP/1.1" 500 - "-" "Mozilla/5.0 (compatible; SemrushBot/7~bl; +http://www.semrush.com/bot.html)" "mantech8.com"
185.191.171.41 - - [13/Oct/2022:16:04:39 -0700] "GET /index.php/camp-fire/45979125.html HTTP/1.1" 500 - "-" "Mozilla/5.0 (compatible; SemrushBot/7~bl; +http://www.semrush.com/bot.html)" "mantech8.com"
185.191.171.25 - - [13/Oct/2022:16:04:41 -0700] "GET /index.php/camp-fire/4122174.html HTTP/1.1" 500 - "-" "Mozilla/5.0 (compatible; SemrushBot/7~bl; +http://www.semrush.com/bot.html)" "mantech8.com"
185.191.171.35 - - [13/Oct/2022:16:04:46 -0700] "GET /index.php/camp-fire/37689835.html HTTP/1.1" 500 - "-" "Mozilla/5.0 (compatible; SemrushBot/7~bl; +http://www.semrush.com/bot.html)" "mantech8.com"
185.191.171.42 - - [13/Oct/2022:16:05:02 -0700] "GET /index.php/camp-fire/89039356.html HTTP/1.1" 500 - "-" "Mozilla/5.0 (compatible; SemrushBot/7~bl; +http://www.semrush.com/bot.html)" "mantech8.com"
185.191.171.11 - - [13/Oct/2022:16:05:29 -0700] "GET /index.php/camp-fire/7611608.html HTTP/1.1" 500 - "-" "Mozilla/5.0 (compatible; SemrushBot/7~bl; +http://www.semrush.com/bot.html)" "mantech8.com"
185.191.171.17 - - [13/Oct/2022:16:06:10 -0700] "GET /index.php/camp-fire/884369.html HTTP/1.1" 500 - "-" "Mozilla/5.0 (compatible; SemrushBot/7~bl; +http://www.semrush.com/bot.html)" "mantech8.com"
66.249.66.64 - - [13/Oct/2022:16:06:25 -0700] "GET /unpower.xml HTTP/1.1" 404 88 "-" "Mozilla/5.0 (compatible; Googlebot/2.1; +http://www.google.com/bot.html)" "mantech8.com"
114.119.133.190 - - [13/Oct/2022:16:07:41 -0700] "GET /sitemap20195.xml HTTP/1.1" 404 88 "-" "Mozilla/5.0 (compatible;PetalBot;+https://webmaster.petalsearch.com/site/petalbot)" "mantech8.com"
185.191.171.3 - - [13/Oct/2022:16:07:45 -0700] "GET /index.php/camp-fire/46659872.html HTTP/1.1" 500 - "-" "Mozilla/5.0 (compatible; SemrushBot/7~bl; +http://www.semrush.com/bot.html)" "mantech8.com"
185.191.171.38 - - [13/Oct/2022:16:07:58 -0700] "GET /index.php/camp-fire/39903176.html HTTP/1.1" 500 - "-" "Mozilla/5.0 (compatible; SemrushBot/7~bl; +http://www.semrush.com/bot.html)" "mantech8.com"
40.77.167.68 - - [13/Oct/2022:16:08:19 -0700] "GET /bimages/client/stc.png HTTP/1.1" 200 33531 "-" "Mozilla/5.0 (compatible; bingbot/2.0; +http://www.bing.com/bingbot.htm)" "www.mantech8.com"
185.191.171.12 - - [13/Oct/2022:16:08:28 -0700] "GET /index.php/camp-fire/35685850.html HTTP/1.1" 500 - "-" "Mozilla/5.0 (compatible; SemrushBot/7~bl; +http://www.semrush.com/bot.html)" "mantech8.com"
185.191.171.14 - - [13/Oct/2022:16:08:41 -0700] "GET /index.php/camp-fire/30638441.html HTTP/1.1" 500 - "-" "Mozilla/5.0 (compatible; SemrushBot/7~bl; +http://www.semrush.com/bot.html)" "mantech8.com"
185.191.171.10 - - [13/Oct/2022:16:09:15 -0700] "GET /index.php/camp-fire/41479335.html HTTP/1.1" 500 - "-" "Mozilla/5.0 (compatible; SemrushBot/7~bl; +http://www.semrush.com/bot.html)" "mantech8.com"
185.191.171.8 - - [13/Oct/2022:16:09:20 -0700] "GET /index.php/camp-fire/32402660.html HTTP/1.1" 500 - "-" "Mozilla/5.0 (compatible; SemrushBot/7~bl; +http://www.semrush.com/bot.html)" "mantech8.com"
185.191.171.39 - - [13/Oct/2022:16:10:14 -0700] "GET /index.php/camp-fire/18324326.html HTTP/1.1" 500 - "-" "Mozilla/5.0 (compatible; SemrushBot/7~bl; +http://www.semrush.com/bot.html)" "mantech8.com"
185.191.171.18 - - [13/Oct/2022:16:10:42 -0700] "GET /index.php/camp-fire/41780188.html HTTP/1.1" 500 - "-" "Mozilla/5.0 (compatible; SemrushBot/7~bl; +http://www.semrush.com/bot.html)" "mantech8.com"
185.191.171.11 - - [13/Oct/2022:16:10:57 -0700] "GET /index.php/camp-fire/28388635.html HTTP/1.1" 500 - "-" "Mozilla/5.0 (compatible; SemrushBot/7~bl; +http://www.semrush.com/bot.html)" "mantech8.com"
185.191.171.8 - - [13/Oct/2022:16:11:10 -0700] "GET /index.php/camp-fire/36255330.html HTTP/1.1" 500 - "-" "Mozilla/5.0 (compatible; SemrushBot/7~bl; +http://www.semrush.com/bot.html)" "mantech8.com"
185.191.171.10 - - [13/Oct/2022:16:11:13 -0700] "GET /index.php/camp-fire/36593250.html HTTP/1.1" 500 - "-" "Mozilla/5.0 (compatible; SemrushBot/7~bl; +http://www.semrush.com/bot.html)" "mantech8.com"
185.191.171.26 - - [13/Oct/2022:16:11:14 -0700] "GET /index.php/camp-fire/34206146.html HTTP/1.1" 500 - "-" "Mozilla/5.0 (compatible; SemrushBot/7~bl; +http://www.semrush.com/bot.html)" "mantech8.com"
185.191.171.40 - - [13/Oct/2022:16:11:28 -0700] "GET /robots.txt HTTP/1.1" 200 106 "-" "Mozilla/5.0 (compatible; SemrushBot/7~bl; +http://www.semrush.com/bot.html)" "mantech8.com"
185.191.171.2 - - [13/Oct/2022:16:11:28 -0700] "GET /index.php/camp-fire/7616921.html HTTP/1.1" 500 - "-" "Mozilla/5.0 (compatible; SemrushBot/7~bl; +http://www.semrush.com/bot.html)" "mantech8.com"
185.191.171.13 - - [13/Oct/2022:16:11:52 -0700] "GET /index.php/camp-fire/28896766.html HTTP/1.1" 500 - "-" "Mozilla/5.0 (compatible; SemrushBot/7~bl; +http://www.semrush.com/bot.html)" "mantech8.com"
114.119.133.166 - - [13/Oct/2022:16:12:45 -0700] "GET /bimages/hgallery/thump/?C=N%3BO%3DD HTTP/1.1" 200 506 "http://www.mantech8.com/bimages/hgallery/thump/?C=M%3BO%3DA" "Mozilla/5.0 (Linux; Android 7.0;) AppleWebKit/537.36 (KHTML, like Gecko) Mobile Safari/537.36 (compatible; PetalBot;+https://webmaster.petalsearch.com/site/petalbot)" "www.mantech8.com"
185.191.171.15 - - [13/Oct/2022:16:13:23 -0700] "GET /index.php/camp-fire/31979130.html HTTP/1.1" 500 - "-" "Mozilla/5.0 (compatible; SemrushBot/7~bl; +http://www.semrush.com/bot.html)" "mantech8.com"
118.184.177.105 - - [13/Oct/2022:16:13:29 -0700] "GET / HTTP/1.1" 500 - "-" "Sogou web spider/4.0(+http://www.sogou.com/docs/help/webmasters.htm#07)" "mantech8.com"
199.188.201.202 - - [13/Oct/2022:16:13:31 -0700] "GET /style.php?sig=rename HTTP/1.1" 404 73 "-" "Mozilla/5.0 (Linux; Android 8.0.0; PRA-TL10) AppleWebKit/537.36 (KHTML, like Gecko) Chrome/79.0.3945.116 Mobile Safari/537.36" "mantech8.com"
185.191.171.10 - - [13/Oct/2022:16:14:14 -0700] "GET /index.php/camp-fire/29051284.html HTTP/1.1" 500 - "-" "Mozilla/5.0 (compatible; SemrushBot/7~bl; +http://www.semrush.com/bot.html)" "mantech8.com"
185.191.171.39 - - [13/Oct/2022:16:15:14 -0700] "GET /index.php/camp-fire/35034563.html HTTP/1.1" 500 - "-" "Mozilla/5.0 (compatible; SemrushBot/7~bl; +http://www.semrush.com/bot.html)" "mantech8.com"
185.191.171.42 - - [13/Oct/2022:16:15:48 -0700] "GET /index.php/camp-fire/44015934.html HTTP/1.1" 500 - "-" "Mozilla/5.0 (compatible; SemrushBot/7~bl; +http://www.semrush.com/bot.html)" "mantech8.com"
185.191.171.14 - - [13/Oct/2022:16:16:21 -0700] "GET /index.php/camp-fire/35033763.html HTTP/1.1" 500 - "-" "Mozilla/5.0 (compatible; SemrushBot/7~bl; +http://www.semrush.com/bot.html)" "mantech8.com"
185.191.171.39 - - [13/Oct/2022:16:16:37 -0700] "GET /index.php/camp-fire/43758634.html HTTP/1.1" 500 - "-" "Mozilla/5.0 (compatible; SemrushBot/7~bl; +http://www.semrush.com/bot.html)" "mantech8.com"
185.191.171.7 - - [13/Oct/2022:16:16:41 -0700] "GET /index.php/camp-fire/26637547.html HTTP/1.1" 500 - "-" "Mozilla/5.0 (compatible; SemrushBot/7~bl; +http://www.semrush.com/bot.html)" "mantech8.com"
185.191.171.18 - - [13/Oct/2022:16:17:45 -0700] "GET /index.php/camp-fire/35757538.html HTTP/1.1" 500 - "-" "Mozilla/5.0 (compatible; SemrushBot/7~bl; +http://www.semrush.com/bot.html)" "mantech8.com"
114.119.133.190 - - [13/Oct/2022:16:17:55 -0700] "GET /index.php?sitemap892.xml HTTP/1.1" 200 289369 "-" "Mozilla/5.0 (compatible;PetalBot;+https://webmaster.petalsearch.com/site/petalbot)" "mantech8.com"
185.191.171.9 - - [13/Oct/2022:16:18:23 -0700] "GET /index.php/camp-fire/8206142.html HTTP/1.1" 500 - "-" "Mozilla/5.0 (compatible; SemrushBot/7~bl; +http://www.semrush.com/bot.html)" "mantech8.com"
185.191.171.45 - - [13/Oct/2022:16:18:37 -0700] "GET /index.php/camp-fire/35274638.html HTTP/1.1" 500 - "-" "Mozilla/5.0 (compatible; SemrushBot/7~bl; +http://www.semrush.com/bot.html)" "mantech8.com"
185.191.171.40 - - [13/Oct/2022:16:19:09 -0700] "GET /index.php/camp-fire/46660572.html HTTP/1.1" 500 - "-" "Mozilla/5.0 (compatible; SemrushBot/7~bl; +http://www.semrush.com/bot.html)" "mantech8.com"
185.191.171.38 - - [13/Oct/2022:16:19:39 -0700] "GET /index.php/camp-fire/30609041.html HTTP/1.1" 500 - "-" "Mozilla/5.0 (compatible; SemrushBot/7~bl; +http://www.semrush.com/bot.html)" "mantech8.com"
185.191.171.45 - - [13/Oct/2022:16:19:45 -0700] "GET /index.php/camp-fire/41109046.html HTTP/1.1" 500 - "-" "Mozilla/5.0 (compatible; SemrushBot/7~bl; +http://www.semrush.com/bot.html)" "mantech8.com"
185.191.171.38 - - [13/Oct/2022:16:20:16 -0700] "GET /index.php/camp-fire/35202116.html HTTP/1.1" 500 - "-" "Mozilla/5.0 (compatible; SemrushBot/7~bl; +http://www.semrush.com/bot.html)" "mantech8.com"
185.191.171.10 - - [13/Oct/2022:16:20:37 -0700] "GET /index.php/camp-fire/47202021.html HTTP/1.1" 500 - "-" "Mozilla/5.0 (compatible; SemrushBot/7~bl; +http://www.semrush.com/bot.html)" "mantech8.com"
66.249.66.64 - - [13/Oct/2022:16:21:04 -0700] "GET /nobeliums.xml HTTP/1.1" 404 88 "-" "Mozilla/5.0 (compatible; Googlebot/2.1; +http://www.google.com/bot.html)" "mantech8.com"
185.191.171.8 - - [13/Oct/2022:16:21:26 -0700] "GET /index.php/camp-fire/15809665.html HTTP/1.1" 500 - "-" "Mozilla/5.0 (compatible; SemrushBot/7~bl; +http://www.semrush.com/bot.html)" "mantech8.com"
185.191.171.24 - - [13/Oct/2022:16:21:38 -0700] "GET /index.php/camp-fire/36701971.html HTTP/1.1" 500 - "-" "Mozilla/5.0 (compatible; SemrushBot/7~bl; +http://www.semrush.com/bot.html)" "mantech8.com"
185.191.171.24 - - [13/Oct/2022:16:21:39 -0700] "GET /index.php/camp-fire/20757090.html HTTP/1.1" 500 - "-" "Mozilla/5.0 (compatible; SemrushBot/7~bl; +http://www.semrush.com/bot.html)" "mantech8.com"
185.191.171.6 - - [13/Oct/2022:16:22:06 -0700] "GET /index.php/camp-fire/27225663.html HTTP/1.1" 500 - "-" "Mozilla/5.0 (compatible; SemrushBot/7~bl; +http://www.semrush.com/bot.html)" "mantech8.com"
158.69.119.16 - - [13/Oct/2022:16:22:30 -0700] "GET /index.php?camp-fire/20307834.html HTTP/1.1" 500 - "https://www.mantech8.com/index.php?camp-fire/20307834.html" "Mozilla/5.0 (Windows NT 10.0) AppleWebKit/537.36 (KHTML, like Gecko) Chrome/90.0.4430.85 Safari/537.36" "www.mantech8.com"
158.69.119.16 - - [13/Oct/2022:16:22:30 -0700] "GET / HTTP/1.1" 500 - "https://www.mantech8.com/" "Mozilla/5.0 (Windows NT 10.0) AppleWebKit/537.36 (KHTML, like Gecko) Chrome/90.0.4430.85 Safari/537.36" "www.mantech8.com"
185.191.171.44 - - [13/Oct/2022:16:22:41 -0700] "GET /index.php/camp-fire/3726893.html HTTP/1.1" 500 - "-" "Mozilla/5.0 (compatible; SemrushBot/7~bl; +http://www.semrush.com/bot.html)" "mantech8.com"
114.119.133.165 - - [13/Oct/2022:16:23:03 -0700] "GET /index.php?sitemap6.xml HTTP/1.1" 200 289311 "-" "Mozilla/5.0 (compatible;PetalBot;+https://webmaster.petalsearch.com/site/petalbot)" "mantech8.com"
185.191.171.8 - - [13/Oct/2022:16:23:14 -0700] "GET /index.php/camp-fire/35106671.html HTTP/1.1" 500 - "-" "Mozilla/5.0 (compatible; SemrushBot/7~bl; +http://www.semrush.com/bot.html)" "mantech8.com"
185.191.171.14 - - [13/Oct/2022:16:24:08 -0700] "GET /index.php/camp-fire/4400598.html HTTP/1.1" 500 - "-" "Mozilla/5.0 (compatible; SemrushBot/7~bl; +http://www.semrush.com/bot.html)" "mantech8.com"
185.191.171.9 - - [13/Oct/2022:16:24:32 -0700] "GET /index.php/camp-fire/33608559.html HTTP/1.1" 500 - "-" "Mozilla/5.0 (compatible; SemrushBot/7~bl; +http://www.semrush.com/bot.html)" "mantech8.com"
185.191.171.40 - - [13/Oct/2022:16:24:51 -0700] "GET /index.php/camp-fire/7736077.html HTTP/1.1" 500 - "-" "Mozilla/5.0 (compatible; SemrushBot/7~bl; +http://www.semrush.com/bot.html)" "mantech8.com"
185.191.171.1 - - [13/Oct/2022:16:26:16 -0700] "GET /index.php/camp-fire/37619778.html HTTP/1.1" 500 - "-" "Mozilla/5.0 (compatible; SemrushBot/7~bl; +http://www.semrush.com/bot.html)" "mantech8.com"
185.191.171.18 - - [13/Oct/2022:16:26:53 -0700] "GET /index.php/camp-fire/38877541.html HTTP/1.1" 500 - "-" "Mozilla/5.0 (compatible; SemrushBot/7~bl; +http://www.semrush.com/bot.html)" "mantech8.com"
185.191.171.19 - - [13/Oct/2022:16:26:55 -0700] "GET /index.php/camp-fire/44399488.html HTTP/1.1" 500 - "-" "Mozilla/5.0 (compatible; SemrushBot/7~bl; +http://www.semrush.com/bot.html)" "mantech8.com"
185.191.171.10 - - [13/Oct/2022:16:27:01 -0700] "GET /index.php/camp-fire/43957549.html HTTP/1.1" 500 - "-" "Mozilla/5.0 (compatible; SemrushBot/7~bl; +http://www.semrush.com/bot.html)" "mantech8.com"
185.191.171.35 - - [13/Oct/2022:16:27:17 -0700] "GET /index.php/camp-fire/6322477.html HTTP/1.1" 500 - "-" "Mozilla/5.0 (compatible; SemrushBot/7~bl; +http://www.semrush.com/bot.html)" "mantech8.com"
185.191.171.45 - - [13/Oct/2022:16:27:46 -0700] "GET /index.php/camp-fire/39023235.html HTTP/1.1" 500 - "-" "Mozilla/5.0 (compatible; SemrushBot/7~bl; +http://www.semrush.com/bot.html)" "mantech8.com"
185.191.171.45 - - [13/Oct/2022:16:27:54 -0700] "GET /index.php/camp-fire/29040159.html HTTP/1.1" 500 - "-" "Mozilla/5.0 (compatible; SemrushBot/7~bl; +http://www.semrush.com/bot.html)" "mantech8.com"
114.119.133.190 - - [13/Oct/2022:16:28:10 -0700] "GET /bimages/paintg/sidebar.php HTTP/1.1" 200 32 "http://www.mantech8.com/bimages/paintg/?C=D%3BO%3DA" "Mozilla/5.0 (Linux; Android 7.0;) AppleWebKit/537.36 (KHTML, like Gecko) Mobile Safari/537.36 (compatible; PetalBot;+https://webmaster.petalsearch.com/site/petalbot)" "www.mantech8.com"
185.191.171.26 - - [13/Oct/2022:16:29:03 -0700] "GET /index.php/camp-fire/25097756.html HTTP/1.1" 500 - "-" "Mozilla/5.0 (compatible; SemrushBot/7~bl; +http://www.semrush.com/bot.html)" "mantech8.com"
185.191.171.1 - - [13/Oct/2022:16:29:16 -0700] "GET /index.php/camp-fire/6356200.html HTTP/1.1" 500 - "-" "Mozilla/5.0 (compatible; SemrushBot/7~bl; +http://www.semrush.com/bot.html)" "mantech8.com"
185.191.171.45 - - [13/Oct/2022:16:29:21 -0700] "GET /index.php/camp-fire/30485741.html HTTP/1.1" 500 - "-" "Mozilla/5.0 (compatible; SemrushBot/7~bl; +http://www.semrush.com/bot.html)" "mantech8.com"
103.131.71.104 - - [13/Oct/2022:16:29:30 -0700] "GET /robots.txt HTTP/1.1" 200 106 "-" "Mozilla/5.0 (compatible; coccocbot-web/1.0; +http://help.coccoc.com/searchengine)" "mantech8.com"
185.191.171.3 - - [13/Oct/2022:16:29:32 -0700] "GET /index.php/camp-fire/33646025.html HTTP/1.1" 500 - "-" "Mozilla/5.0 (compatible; SemrushBot/7~bl; +http://www.semrush.com/bot.html)" "mantech8.com"
185.191.171.43 - - [13/Oct/2022:16:30:11 -0700] "GET /index.php/camp-fire/8140678.html HTTP/1.1" 500 - "-" "Mozilla/5.0 (compatible; SemrushBot/7~bl; +http://www.semrush.com/bot.html)" "mantech8.com"
185.191.171.18 - - [13/Oct/2022:16:31:21 -0700] "GET /index.php/camp-fire/27648409.html HTTP/1.1" 500 - "-" "Mozilla/5.0 (compatible; SemrushBot/7~bl; +http://www.semrush.com/bot.html)" "mantech8.com"
185.191.171.8 - - [13/Oct/2022:16:31:24 -0700] "GET /index.php/camp-fire/41841117.html HTTP/1.1" 500 - "-" "Mozilla/5.0 (compatible; SemrushBot/7~bl; +http://www.semrush.com/bot.html)" "mantech8.com"
185.191.171.17 - - [13/Oct/2022:16:32:03 -0700] "GET /index.php/camp-fire/43532081.html HTTP/1.1" 500 - "-" "Mozilla/5.0 (compatible; SemrushBot/7~bl; +http://www.semrush.com/bot.html)" "mantech8.com"
185.191.171.26 - - [13/Oct/2022:16:32:46 -0700] "GET /index.php/camp-fire/23699565.html HTTP/1.1" 500 - "-" "Mozilla/5.0 (compatible; SemrushBot/7~bl; +http://www.semrush.com/bot.html)" "mantech8.com"
185.191.171.16 - - [13/Oct/2022:16:33:02 -0700] "GET /index.php/camp-fire/42547834.html HTTP/1.1" 500 - "-" "Mozilla/5.0 (compatible; SemrushBot/7~bl; +http://www.semrush.com/bot.html)" "mantech8.com"
185.191.171.21 - - [13/Oct/2022:16:33:05 -0700] "GET /index.php/camp-fire/36195451.html HTTP/1.1" 500 - "-" "Mozilla/5.0 (compatible; SemrushBot/7~bl; +http://www.semrush.com/bot.html)" "mantech8.com"
185.191.171.6 - - [13/Oct/2022:16:33:11 -0700] "GET /index.php/camp-fire/27633126.html HTTP/1.1" 500 - "-" "Mozilla/5.0 (compatible; SemrushBot/7~bl; +http://www.semrush.com/bot.html)" "mantech8.com"
114.119.133.182 - - [13/Oct/2022:16:33:17 -0700] "GET /bimages/ework/?C=S%3BO%3DA HTTP/1.1" 200 419 "http://www.mantech8.com/bimages/ework/" "Mozilla/5.0 (Linux; Android 7.0;) AppleWebKit/537.36 (KHTML, like Gecko) Mobile Safari/537.36 (compatible; PetalBot;+https://webmaster.petalsearch.com/site/petalbot)" "www.mantech8.com"
185.191.171.35 - - [13/Oct/2022:16:33:40 -0700] "GET /index.php/camp-fire/39907176.html HTTP/1.1" 500 - "-" "Mozilla/5.0 (compatible; SemrushBot/7~bl; +http://www.semrush.com/bot.html)" "mantech8.com"
185.191.171.37 - - [13/Oct/2022:16:33:47 -0700] "GET /index.php/camp-fire/35718938.html HTTP/1.1" 500 - "-" "Mozilla/5.0 (compatible; SemrushBot/7~bl; +http://www.semrush.com/bot.html)" "mantech8.com"
185.191.171.22 - - [13/Oct/2022:16:34:36 -0700] "GET /index.php/camp-fire/34896346.html HTTP/1.1" 500 - "-" "Mozilla/5.0 (compatible; SemrushBot/7~bl; +http://www.semrush.com/bot.html)" "mantech8.com"
185.191.171.16 - - [13/Oct/2022:16:34:54 -0700] "GET /index.php/camp-fire/40166317.html HTTP/1.1" 500 - "-" "Mozilla/5.0 (compatible; SemrushBot/7~bl; +http://www.semrush.com/bot.html)" "mantech8.com"
216.244.66.241 - - [13/Oct/2022:16:35:07 -0700] "GET /robots.txt HTTP/1.1" 200 222 "-" "Mozilla/5.0 (compatible; DotBot/1.2; +https://opensiteexplorer.org/dotbot; help@moz.com)" "mantech8.com"
216.244.66.241 - - [13/Oct/2022:16:35:07 -0700] "GET /robots.txt HTTP/1.1" 200 222 "-" "Mozilla/5.0 (compatible; DotBot/1.2; +https://opensiteexplorer.org/dotbot; help@moz.com)" "www.mantech8.com"
185.191.171.35 - - [13/Oct/2022:16:35:46 -0700] "GET /index.php/camp-fire/30350817.html HTTP/1.1" 500 - "-" "Mozilla/5.0 (compatible; SemrushBot/7~bl; +http://www.semrush.com/bot.html)" "mantech8.com"
185.191.171.33 - - [13/Oct/2022:16:37:44 -0700] "GET /index.php/camp-fire/38866917.html HTTP/1.1" 500 - "-" "Mozilla/5.0 (compatible; SemrushBot/7~bl; +http://www.semrush.com/bot.html)" "mantech8.com"
185.191.171.16 - - [13/Oct/2022:16:38:08 -0700] "GET /index.php/camp-fire/31823550.html HTTP/1.1" 500 - "-" "Mozilla/5.0 (compatible; SemrushBot/7~bl; +http://www.semrush.com/bot.html)" "mantech8.com"
185.191.171.36 - - [13/Oct/2022:16:38:15 -0700] "GET /index.php/camp-fire/40310950.html HTTP/1.1" 500 - "-" "Mozilla/5.0 (compatible; SemrushBot/7~bl; +http://www.semrush.com/bot.html)" "mantech8.com"
114.119.133.190 - - [13/Oct/2022:16:38:26 -0700] "GET /sitemap5807.xml HTTP/1.1" 404 88 "-" "Mozilla/5.0 (compatible;PetalBot;+https://webmaster.petalsearch.com/site/petalbot)" "mantech8.com"
157.55.39.216 - - [13/Oct/2022:16:38:50 -0700] "GET /robots.txt HTTP/1.1" 200 106 "-" "Mozilla/5.0 (compatible; bingbot/2.0; +http://www.bing.com/bingbot.htm)" "www.mantech8.com"
157.55.39.216 - - [13/Oct/2022:16:38:50 -0700] "GET /robots.txt HTTP/1.1" 200 106 "-" "Mozilla/5.0 (compatible; bingbot/2.0; +http://www.bing.com/bingbot.htm)" "www.mantech8.com"
40.77.167.68 - - [13/Oct/2022:16:38:52 -0700] "GET /bimages/gallery/s10.jpg HTTP/1.1" 200 161684 "-" "Mozilla/5.0 (compatible; bingbot/2.0; +http://www.bing.com/bingbot.htm)" "www.mantech8.com"
185.191.171.5 - - [13/Oct/2022:16:38:57 -0700] "GET /index.php/camp-fire/50645806.html HTTP/1.1" 500 - "-" "Mozilla/5.0 (compatible; SemrushBot/7~bl; +http://www.semrush.com/bot.html)" "mantech8.com"
185.191.171.4 - - [13/Oct/2022:16:40:36 -0700] "GET /index.php/camp-fire/35711738.html HTTP/1.1" 500 - "-" "Mozilla/5.0 (compatible; SemrushBot/7~bl; +http://www.semrush.com/bot.html)" "mantech8.com"
185.191.171.10 - - [13/Oct/2022:16:40:44 -0700] "GET /index.php/camp-fire/34604861.html HTTP/1.1" 500 - "-" "Mozilla/5.0 (compatible; SemrushBot/7~bl; +http://www.semrush.com/bot.html)" "mantech8.com"
185.191.171.23 - - [13/Oct/2022:16:41:19 -0700] "GET /index.php/camp-fire/39853002.html HTTP/1.1" 500 - "-" "Mozilla/5.0 (compatible; SemrushBot/7~bl; +http://www.semrush.com/bot.html)" "mantech8.com"
185.191.171.40 - - [13/Oct/2022:16:41:23 -0700] "GET /index.php/camp-fire/27333897.html HTTP/1.1" 500 - "-" "Mozilla/5.0 (compatible; SemrushBot/7~bl; +http://www.semrush.com/bot.html)" "mantech8.com"
185.191.171.23 - - [13/Oct/2022:16:41:47 -0700] "GET /index.php/camp-fire/9290359.html HTTP/1.1" 500 - "-" "Mozilla/5.0 (compatible; SemrushBot/7~bl; +http://www.semrush.com/bot.html)" "mantech8.com"
185.191.171.9 - - [13/Oct/2022:16:41:50 -0700] "GET /index.php/camp-fire/32411660.html HTTP/1.1" 500 - "-" "Mozilla/5.0 (compatible; SemrushBot/7~bl; +http://www.semrush.com/bot.html)" "mantech8.com"
185.191.171.12 - - [13/Oct/2022:16:41:52 -0700] "GET /index.php/camp-fire/4226485.html HTTP/1.1" 500 - "-" "Mozilla/5.0 (compatible; SemrushBot/7~bl; +http://www.semrush.com/bot.html)" "mantech8.com"
185.191.171.40 - - [13/Oct/2022:16:42:39 -0700] "GET /index.php/camp-fire/6222977.html HTTP/1.1" 500 - "-" "Mozilla/5.0 (compatible; SemrushBot/7~bl; +http://www.semrush.com/bot.html)" "mantech8.com"
185.191.171.33 - - [13/Oct/2022:16:42:52 -0700] "GET /index.php/camp-fire/27103263.html HTTP/1.1" 500 - "-" "Mozilla/5.0 (compatible; SemrushBot/7~bl; +http://www.semrush.com/bot.html)" "mantech8.com"
185.191.171.36 - - [13/Oct/2022:16:43:00 -0700] "GET /index.php/camp-fire/29046966.html HTTP/1.1" 500 - "-" "Mozilla/5.0 (compatible; SemrushBot/7~bl; +http://www.semrush.com/bot.html)" "mantech8.com"
66.249.66.95 - - [13/Oct/2022:16:43:29 -0700] "GET /sitemap9.xml HTTP/1.1" 404 88 "-" "Mozilla/5.0 (compatible; Googlebot/2.1; +http://www.google.com/bot.html)" "mantech8.com"
185.191.171.22 - - [13/Oct/2022:16:43:35 -0700] "GET /index.php/camp-fire/38151538.html HTTP/1.1" 500 - "-" "Mozilla/5.0 (compatible; SemrushBot/7~bl; +http://www.semrush.com/bot.html)" "mantech8.com"
114.119.133.182 - - [13/Oct/2022:16:43:38 -0700] "GET /bimages/pipeg/?C=M%3BO%3DA HTTP/1.1" 200 569 "http://mantech8.com/bimages/pipeg/?C=S%3BO%3DA" "Mozilla/5.0 (Linux; Android 7.0;) AppleWebKit/537.36 (KHTML, like Gecko) Mobile Safari/537.36 (compatible; PetalBot;+https://webmaster.petalsearch.com/site/petalbot)" "mantech8.com"
185.191.171.20 - - [13/Oct/2022:16:44:04 -0700] "GET /index.php/camp-fire/25055606.html HTTP/1.1" 500 - "-" "Mozilla/5.0 (compatible; SemrushBot/7~bl; +http://www.semrush.com/bot.html)" "mantech8.com"
185.191.171.11 - - [13/Oct/2022:16:44:14 -0700] "GET /index.php/camp-fire/42490049.html HTTP/1.1" 500 - "-" "Mozilla/5.0 (compatible; SemrushBot/7~bl; +http://www.semrush.com/bot.html)" "mantech8.com"
185.191.171.12 - - [13/Oct/2022:16:45:09 -0700] "GET /index.php/camp-fire/32517268.html HTTP/1.1" 500 - "-" "Mozilla/5.0 (compatible; SemrushBot/7~bl; +http://www.semrush.com/bot.html)" "mantech8.com"
185.191.171.37 - - [13/Oct/2022:16:45:11 -0700] "GET /index.php/camp-fire/28690472.html HTTP/1.1" 500 - "-" "Mozilla/5.0 (compatible; SemrushBot/7~bl; +http://www.semrush.com/bot.html)" "mantech8.com"
185.191.171.12 - - [13/Oct/2022:16:45:16 -0700] "GET /index.php/camp-fire/19423056.html HTTP/1.1" 500 - "-" "Mozilla/5.0 (compatible; SemrushBot/7~bl; +http://www.semrush.com/bot.html)" "mantech8.com"
185.191.171.2 - - [13/Oct/2022:16:45:22 -0700] "GET /index.php/camp-fire/37061278.html HTTP/1.1" 500 - "-" "Mozilla/5.0 (compatible; SemrushBot/7~bl; +http://www.semrush.com/bot.html)" "mantech8.com"
185.191.171.4 - - [13/Oct/2022:16:45:47 -0700] "GET /index.php/camp-fire/33736560.html HTTP/1.1" 500 - "-" "Mozilla/5.0 (compatible; SemrushBot/7~bl; +http://www.semrush.com/bot.html)" "mantech8.com"
185.191.171.34 - - [13/Oct/2022:16:46:42 -0700] "GET /index.php/camp-fire/33426293.html HTTP/1.1" 500 - "-" "Mozilla/5.0 (compatible; SemrushBot/7~bl; +http://www.semrush.com/bot.html)" "mantech8.com"
185.191.171.14 - - [13/Oct/2022:16:46:49 -0700] "GET /index.php/camp-fire/5484555.html HTTP/1.1" 500 - "-" "Mozilla/5.0 (compatible; SemrushBot/7~bl; +http://www.semrush.com/bot.html)" "mantech8.com"
185.191.171.3 - - [13/Oct/2022:16:47:18 -0700] "GET /index.php/camp-fire/28961332.html HTTP/1.1" 500 - "-" "Mozilla/5.0 (compatible; SemrushBot/7~bl; +http://www.semrush.com/bot.html)" "mantech8.com"
185.191.171.18 - - [13/Oct/2022:16:48:05 -0700] "GET /index.php/camp-fire/35723038.html HTTP/1.1" 500 - "-" "Mozilla/5.0 (compatible; SemrushBot/7~bl; +http://www.semrush.com/bot.html)" "mantech8.com"
185.191.171.15 - - [13/Oct/2022:16:48:37 -0700] "GET /index.php/camp-fire/42443668.html HTTP/1.1" 500 - "-" "Mozilla/5.0 (compatible; SemrushBot/7~bl; +http://www.semrush.com/bot.html)" "mantech8.com"
114.119.133.190 - - [13/Oct/2022:16:48:50 -0700] "GET /index.php?qiaojis.xml HTTP/1.1" 200 289438 "-" "Mozilla/5.0 (compatible;PetalBot;+https://webmaster.petalsearch.com/site/petalbot)" "mantech8.com"
185.191.171.20 - - [13/Oct/2022:16:50:08 -0700] "GET /index.php/camp-fire/40382402.html HTTP/1.1" 500 - "-" "Mozilla/5.0 (compatible; SemrushBot/7~bl; +http://www.semrush.com/bot.html)" "mantech8.com"
185.191.171.4 - - [13/Oct/2022:16:50:23 -0700] "GET /index.php/camp-fire/35447038.html HTTP/1.1" 500 - "-" "Mozilla/5.0 (compatible; SemrushBot/7~bl; +http://www.semrush.com/bot.html)" "mantech8.com"
185.191.171.1 - - [13/Oct/2022:16:50:39 -0700] "GET /index.php/camp-fire/5359677.html HTTP/1.1" 500 - "-" "Mozilla/5.0 (compatible; SemrushBot/7~bl; +http://www.semrush.com/bot.html)" "mantech8.com"
185.191.171.13 - - [13/Oct/2022:16:50:42 -0700] "GET /index.php/camp-fire/38951617.html HTTP/1.1" 500 - "-" "Mozilla/5.0 (compatible; SemrushBot/7~bl; +http://www.semrush.com/bot.html)" "mantech8.com"
185.191.171.35 - - [13/Oct/2022:16:51:43 -0700] "GET /index.php/camp-fire/51560534.html HTTP/1.1" 500 - "-" "Mozilla/5.0 (compatible; SemrushBot/7~bl; +http://www.semrush.com/bot.html)" "mantech8.com"
185.191.171.20 - - [13/Oct/2022:16:52:23 -0700] "GET /index.php/camp-fire/41281588.html HTTP/1.1" 500 - "-" "Mozilla/5.0 (compatible; SemrushBot/7~bl; +http://www.semrush.com/bot.html)" "mantech8.com"
185.191.171.40 - - [13/Oct/2022:16:53:05 -0700] "GET /index.php/camp-fire/34766259.html HTTP/1.1" 500 - "-" "Mozilla/5.0 (compatible; SemrushBot/7~bl; +http://www.semrush.com/bot.html)" "mantech8.com"
185.191.171.26 - - [13/Oct/2022:16:53:40 -0700] "GET /index.php/camp-fire/7930380.html HTTP/1.1" 500 - "-" "Mozilla/5.0 (compatible; SemrushBot/7~bl; +http://www.semrush.com/bot.html)" "mantech8.com"
185.191.171.8 - - [13/Oct/2022:16:53:51 -0700] "GET /index.php/camp-fire/37463206.html HTTP/1.1" 500 - "-" "Mozilla/5.0 (compatible; SemrushBot/7~bl; +http://www.semrush.com/bot.html)" "mantech8.com"
66.249.66.25 - - [13/Oct/2022:16:53:59 -0700] "GET /802911lp_12.jpg HTTP/1.1" 404 88 "-" "Googlebot-Image/1.0" "www.mantech8.com"
185.191.171.10 - - [13/Oct/2022:16:54:04 -0700] "GET /index.php/camp-fire/33852776.html HTTP/1.1" 500 - "-" "Mozilla/5.0 (compatible; SemrushBot/7~bl; +http://www.semrush.com/bot.html)" "mantech8.com"
114.119.133.165 - - [13/Oct/2022:16:54:04 -0700] "GET /index.php/sitemap23.xml HTTP/1.1" 200 289193 "-" "Mozilla/5.0 (compatible;PetalBot;+https://webmaster.petalsearch.com/site/petalbot)" "mantech8.com"
185.191.171.5 - - [13/Oct/2022:16:54:07 -0700] "GET /index.php/camp-fire/27606171.html HTTP/1.1" 500 - "-" "Mozilla/5.0 (compatible; SemrushBot/7~bl; +http://www.semrush.com/bot.html)" "mantech8.com"
185.191.171.11 - - [13/Oct/2022:16:54:53 -0700] "GET /index.php/camp-fire/40303350.html HTTP/1.1" 500 - "-" "Mozilla/5.0 (compatible; SemrushBot/7~bl; +http://www.semrush.com/bot.html)" "mantech8.com"
185.191.171.13 - - [13/Oct/2022:16:54:59 -0700] "GET /index.php/camp-fire/28677889.html HTTP/1.1" 500 - "-" "Mozilla/5.0 (compatible; SemrushBot/7~bl; +http://www.semrush.com/bot.html)" "mantech8.com"
185.191.171.45 - - [13/Oct/2022:16:55:01 -0700] "GET /index.php/camp-fire/28341235.html HTTP/1.1" 500 - "-" "Mozilla/5.0 (compatible; SemrushBot/7~bl; +http://www.semrush.com/bot.html)" "mantech8.com"
185.191.171.9 - - [13/Oct/2022:16:55:51 -0700] "GET /index.php/camp-fire/28948335.html HTTP/1.1" 500 - "-" "Mozilla/5.0 (compatible; SemrushBot/7~bl; +http://www.semrush.com/bot.html)" "mantech8.com"
185.191.171.35 - - [13/Oct/2022:16:56:30 -0700] "GET /index.php/camp-fire/41829571.html HTTP/1.1" 500 - "-" "Mozilla/5.0 (compatible; SemrushBot/7~bl; +http://www.semrush.com/bot.html)" "mantech8.com"
185.191.171.21 - - [13/Oct/2022:16:57:14 -0700] "GET /index.php/camp-fire/9160865.html HTTP/1.1" 500 - "-" "Mozilla/5.0 (compatible; SemrushBot/7~bl; +http://www.semrush.com/bot.html)" "mantech8.com"
185.191.171.35 - - [13/Oct/2022:16:57:32 -0700] "GET /index.php/camp-fire/49974302.html HTTP/1.1" 500 - "-" "Mozilla/5.0 (compatible; SemrushBot/7~bl; +http://www.semrush.com/bot.html)" "mantech8.com"
185.191.171.42 - - [13/Oct/2022:16:57:41 -0700] "GET /index.php/camp-fire/90430365.html HTTP/1.1" 500 - "-" "Mozilla/5.0 (compatible; SemrushBot/7~bl; +http://www.semrush.com/bot.html)" "mantech8.com"
185.191.171.33 - - [13/Oct/2022:16:57:59 -0700] "GET /index.php/camp-fire/35049425.html HTTP/1.1" 500 - "-" "Mozilla/5.0 (compatible; SemrushBot/7~bl; +http://www.semrush.com/bot.html)" "mantech8.com"
185.191.171.33 - - [13/Oct/2022:16:58:00 -0700] "GET /index.php/camp-fire/21625365.html HTTP/1.1" 500 - "-" "Mozilla/5.0 (compatible; SemrushBot/7~bl; +http://www.semrush.com/bot.html)" "mantech8.com"
185.191.171.22 - - [13/Oct/2022:16:58:42 -0700] "GET /index.php/camp-fire/29180889.html HTTP/1.1" 500 - "-" "Mozilla/5.0 (compatible; SemrushBot/7~bl; +http://www.semrush.com/bot.html)" "mantech8.com"
114.119.133.182 - - [13/Oct/2022:16:59:12 -0700] "GET /bimages/paintg/thump/ HTTP/1.1" 200 483 "http://www.mantech8.com/bimages/paintg/?C=D%3BO%3DA" "Mozilla/5.0 (Linux; Android 7.0;) AppleWebKit/537.36 (KHTML, like Gecko) Mobile Safari/537.36 (compatible; PetalBot;+https://webmaster.petalsearch.com/site/petalbot)" "www.mantech8.com"
185.191.171.24 - - [13/Oct/2022:16:59:47 -0700] "GET /index.php/camp-fire/3346400.html HTTP/1.1" 500 - "-" "Mozilla/5.0 (compatible; SemrushBot/7~bl; +http://www.semrush.com/bot.html)" "mantech8.com"
