82.165.115.89 - - [12/Oct/2022:10:31:52 -0700] "GET /mailer.php?name=Sean+Brigthman&email=theotest037%40gmail.com&phone=Cd+Zov&message=Hi%2C%0D%0A%0D%0AIt%27s+no+secret+that+high-quality+content+is+key+to+a+successful+online+presence.+But+creating+great+content+takes+a+lot+of+time+and+effort+-+time+that+you+might+not+have.%0D%0AThat%27s+where+jasperbot.de+comes+in.+Jasper+is+artificial+intelligence+software+that+writes+better+content+for+your+website%2C+emails+and+social+media.+It%27s+free+to+use%2C+so+why+not+give+it+a+try%3F%0D%0AYou+are+not+interested+in+%22text+content%22%3F+Well%3A+Jasper+can+also+generate+images+for+you%21%0D%0AI+think+you%27ll+be+impressed+with+the+quality+of+the+content+jasper+produces+-+take+a+look+at+the+demo+and+try+out+the+demo.+%0D%0AIt%27s+free%21+Check+it+out+at+http%3A%2F%2Faddon-coders.de%2F%0D%0A%0D%0ASincerely%2C%0D%0ASean&verif_box=3763 HTTP/1.1" 500 - "http://www.mantech8.com/contact.php" "Mozilla/5.0 (Windows NT 10.0; Win64; x64) AppleWebKit/537.36 (KHTML, like Gecko) Chrome/103.0.0.0 Safari/537.36 OPR/89.0.4447.51" "www.mantech8.com"
185.191.171.18 - - [12/Oct/2022:10:31:59 -0700] "GET /index.php/camp-fire/5304177.html HTTP/1.1" 500 - "-" "Mozilla/5.0 (compatible; SemrushBot/7~bl; +http://www.semrush.com/bot.html)" "mantech8.com"
185.191.171.14 - - [12/Oct/2022:10:32:05 -0700] "GET /index.php/camp-fire/27252270.html HTTP/1.1" 500 - "-" "Mozilla/5.0 (compatible; SemrushBot/7~bl; +http://www.semrush.com/bot.html)" "mantech8.com"
185.191.171.22 - - [12/Oct/2022:10:33:28 -0700] "GET /index.php/camp-fire/44710538.html HTTP/1.1" 500 - "-" "Mozilla/5.0 (compatible; SemrushBot/7~bl; +http://www.semrush.com/bot.html)" "mantech8.com"
185.191.171.42 - - [12/Oct/2022:10:33:45 -0700] "GET /index.php/camp-fire/32494468.html HTTP/1.1" 500 - "-" "Mozilla/5.0 (compatible; SemrushBot/7~bl; +http://www.semrush.com/bot.html)" "mantech8.com"
185.191.171.10 - - [12/Oct/2022:10:33:48 -0700] "GET /index.php/camp-fire/4809655.html HTTP/1.1" 500 - "-" "Mozilla/5.0 (compatible; SemrushBot/7~bl; +http://www.semrush.com/bot.html)" "mantech8.com"
185.191.171.7 - - [12/Oct/2022:10:33:51 -0700] "GET /index.php/camp-fire/33451676.html HTTP/1.1" 500 - "-" "Mozilla/5.0 (compatible; SemrushBot/7~bl; +http://www.semrush.com/bot.html)" "mantech8.com"
185.191.171.3 - - [12/Oct/2022:10:33:53 -0700] "GET /index.php/camp-fire/46475372.html HTTP/1.1" 500 - "-" "Mozilla/5.0 (compatible; SemrushBot/7~bl; +http://www.semrush.com/bot.html)" "mantech8.com"
185.191.171.16 - - [12/Oct/2022:10:34:13 -0700] "GET /index.php/camp-fire/95431476.html HTTP/1.1" 500 - "-" "Mozilla/5.0 (compatible; SemrushBot/7~bl; +http://www.semrush.com/bot.html)" "mantech8.com"
185.191.171.6 - - [12/Oct/2022:10:34:33 -0700] "GET /index.php/camp-fire/34196116.html HTTP/1.1" 500 - "-" "Mozilla/5.0 (compatible; SemrushBot/7~bl; +http://www.semrush.com/bot.html)" "mantech8.com"
114.119.133.166 - - [12/Oct/2022:10:34:50 -0700] "GET /index.php/sitemap1421.xml HTTP/1.1" 200 289281 "-" "Mozilla/5.0 (Linux; Android 7.0;) AppleWebKit/537.36 (KHTML, like Gecko) Mobile Safari/537.36 (compatible; PetalBot;+https://webmaster.petalsearch.com/site/petalbot)" "mantech8.com"
185.191.171.34 - - [12/Oct/2022:10:35:34 -0700] "GET /index.php/camp-fire/503069.html HTTP/1.1" 500 - "-" "Mozilla/5.0 (compatible; SemrushBot/7~bl; +http://www.semrush.com/bot.html)" "mantech8.com"
45.171.181.66 - - [12/Oct/2022:10:35:39 -0700] "GET /contact.php HTTP/1.1" 200 29238 "http://mantech8.com/contact.php" "Mozilla/5.0 (Windows NT 10.0; Win64; x64) AppleWebKit/537.36 (KHTML, like Gecko) Chrome/90.0.4430.72 Safari/537.36" "mantech8.com"
185.191.171.34 - - [12/Oct/2022:10:35:44 -0700] "GET /index.php/camp-fire/41533271.html HTTP/1.1" 500 - "-" "Mozilla/5.0 (compatible; SemrushBot/7~bl; +http://www.semrush.com/bot.html)" "mantech8.com"
185.191.171.16 - - [12/Oct/2022:10:35:49 -0700] "GET /index.php/camp-fire/35206947.html HTTP/1.1" 500 - "-" "Mozilla/5.0 (compatible; SemrushBot/7~bl; +http://www.semrush.com/bot.html)" "mantech8.com"
185.191.171.45 - - [12/Oct/2022:10:37:05 -0700] "GET /index.php/camp-fire/30318164.html HTTP/1.1" 500 - "-" "Mozilla/5.0 (compatible; SemrushBot/7~bl; +http://www.semrush.com/bot.html)" "mantech8.com"
216.244.66.241 - - [12/Oct/2022:10:37:49 -0700] "GET /robots.txt HTTP/1.1" 200 222 "-" "Mozilla/5.0 (compatible; DotBot/1.2; +https://opensiteexplorer.org/dotbot; help@moz.com)" "mantech8.com"
216.244.66.241 - - [12/Oct/2022:10:37:49 -0700] "GET /robots.txt HTTP/1.1" 200 222 "-" "Mozilla/5.0 (compatible; DotBot/1.2; +https://opensiteexplorer.org/dotbot; help@moz.com)" "www.mantech8.com"
185.191.171.41 - - [12/Oct/2022:10:38:17 -0700] "GET /index.php/camp-fire/41012650.html HTTP/1.1" 500 - "-" "Mozilla/5.0 (compatible; SemrushBot/7~bl; +http://www.semrush.com/bot.html)" "mantech8.com"
185.191.171.40 - - [12/Oct/2022:10:38:33 -0700] "GET /index.php/camp-fire/33075416.html HTTP/1.1" 500 - "-" "Mozilla/5.0 (compatible; SemrushBot/7~bl; +http://www.semrush.com/bot.html)" "mantech8.com"
185.191.171.11 - - [12/Oct/2022:10:38:36 -0700] "GET /index.php/camp-fire/41492671.html HTTP/1.1" 500 - "-" "Mozilla/5.0 (compatible; SemrushBot/7~bl; +http://www.semrush.com/bot.html)" "mantech8.com"
185.191.171.7 - - [12/Oct/2022:10:38:44 -0700] "GET /index.php/camp-fire/24895427.html HTTP/1.1" 500 - "-" "Mozilla/5.0 (compatible; SemrushBot/7~bl; +http://www.semrush.com/bot.html)" "mantech8.com"
185.191.171.41 - - [12/Oct/2022:10:39:22 -0700] "GET /index.php/camp-fire/43740308.html HTTP/1.1" 500 - "-" "Mozilla/5.0 (compatible; SemrushBot/7~bl; +http://www.semrush.com/bot.html)" "mantech8.com"
185.191.171.6 - - [12/Oct/2022:10:40:16 -0700] "GET /index.php/camp-fire/47322263.html HTTP/1.1" 500 - "-" "Mozilla/5.0 (compatible; SemrushBot/7~bl; +http://www.semrush.com/bot.html)" "mantech8.com"
114.119.133.190 - - [12/Oct/2022:10:40:46 -0700] "GET /bimages/elect/?C=M%3BO%3DA HTTP/1.1" 200 417 "http://mantech8.com/bimages/elect/?C=N%3BO%3DD" "Mozilla/5.0 (Linux; Android 7.0;) AppleWebKit/537.36 (KHTML, like Gecko) Mobile Safari/537.36 (compatible; PetalBot;+https://webmaster.petalsearch.com/site/petalbot)" "mantech8.com"
185.191.171.11 - - [12/Oct/2022:10:41:59 -0700] "GET /index.php/camp-fire/6458059.html HTTP/1.1" 500 - "-" "Mozilla/5.0 (compatible; SemrushBot/7~bl; +http://www.semrush.com/bot.html)" "mantech8.com"
185.191.171.42 - - [12/Oct/2022:10:42:07 -0700] "GET /index.php/camp-fire/5012474.html HTTP/1.1" 500 - "-" "Mozilla/5.0 (compatible; SemrushBot/7~bl; +http://www.semrush.com/bot.html)" "mantech8.com"
207.46.13.184 - - [12/Oct/2022:10:42:50 -0700] "GET / HTTP/1.1" 200 64336 "-" "Mozilla/5.0 (compatible; bingbot/2.0; +http://www.bing.com/bingbot.htm)" "www.mantech8.com"
185.191.171.15 - - [12/Oct/2022:10:42:52 -0700] "GET /index.php/camp-fire/27768063.html HTTP/1.1" 500 - "-" "Mozilla/5.0 (compatible; SemrushBot/7~bl; +http://www.semrush.com/bot.html)" "mantech8.com"
185.191.171.3 - - [12/Oct/2022:10:43:16 -0700] "GET /index.php/camp-fire/42820603.html HTTP/1.1" 500 - "-" "Mozilla/5.0 (compatible; SemrushBot/7~bl; +http://www.semrush.com/bot.html)" "mantech8.com"
185.191.171.42 - - [12/Oct/2022:10:43:34 -0700] "GET /index.php/camp-fire/61530534.html HTTP/1.1" 500 - "-" "Mozilla/5.0 (compatible; SemrushBot/7~bl; +http://www.semrush.com/bot.html)" "mantech8.com"
185.191.171.8 - - [12/Oct/2022:10:44:22 -0700] "GET /index.php/camp-fire/10483890.html HTTP/1.1" 500 - "-" "Mozilla/5.0 (compatible; SemrushBot/7~bl; +http://www.semrush.com/bot.html)" "mantech8.com"
185.191.171.15 - - [12/Oct/2022:10:44:24 -0700] "GET /index.php/camp-fire/38873292.html HTTP/1.1" 500 - "-" "Mozilla/5.0 (compatible; SemrushBot/7~bl; +http://www.semrush.com/bot.html)" "mantech8.com"
185.191.171.3 - - [12/Oct/2022:10:44:26 -0700] "GET /index.php/camp-fire/5043400.html HTTP/1.1" 500 - "-" "Mozilla/5.0 (compatible; SemrushBot/7~bl; +http://www.semrush.com/bot.html)" "mantech8.com"
185.191.171.36 - - [12/Oct/2022:10:44:47 -0700] "GET /index.php/camp-fire/35499051.html HTTP/1.1" 500 - "-" "Mozilla/5.0 (compatible; SemrushBot/7~bl; +http://www.semrush.com/bot.html)" "mantech8.com"
185.191.171.1 - - [12/Oct/2022:10:45:03 -0700] "GET /index.php/camp-fire/44786868.html HTTP/1.1" 500 - "-" "Mozilla/5.0 (compatible; SemrushBot/7~bl; +http://www.semrush.com/bot.html)" "mantech8.com"
185.191.171.3 - - [12/Oct/2022:10:45:21 -0700] "GET /index.php/camp-fire/33778047.html HTTP/1.1" 500 - "-" "Mozilla/5.0 (compatible; SemrushBot/7~bl; +http://www.semrush.com/bot.html)" "mantech8.com"
185.191.171.7 - - [12/Oct/2022:10:45:30 -0700] "GET /index.php/camp-fire/42846234.html HTTP/1.1" 500 - "-" "Mozilla/5.0 (compatible; SemrushBot/7~bl; +http://www.semrush.com/bot.html)" "mantech8.com"
185.191.171.1 - - [12/Oct/2022:10:45:31 -0700] "GET /index.php/camp-fire/42540234.html HTTP/1.1" 500 - "-" "Mozilla/5.0 (compatible; SemrushBot/7~bl; +http://www.semrush.com/bot.html)" "mantech8.com"
185.191.171.6 - - [12/Oct/2022:10:45:40 -0700] "GET /index.php/camp-fire/47129064.html HTTP/1.1" 500 - "-" "Mozilla/5.0 (compatible; SemrushBot/7~bl; +http://www.semrush.com/bot.html)" "mantech8.com"
114.119.133.165 - - [12/Oct/2022:10:46:45 -0700] "GET /tetrathionates.xml HTTP/1.1" 404 88 "-" "Mozilla/5.0 (compatible;PetalBot;+https://webmaster.petalsearch.com/site/petalbot)" "mantech8.com"
185.191.171.2 - - [12/Oct/2022:10:46:53 -0700] "GET /index.php/camp-fire/3412978.html HTTP/1.1" 500 - "-" "Mozilla/5.0 (compatible; SemrushBot/7~bl; +http://www.semrush.com/bot.html)" "mantech8.com"
185.191.171.23 - - [12/Oct/2022:10:47:53 -0700] "GET /index.php/camp-fire/27707771.html HTTP/1.1" 500 - "-" "Mozilla/5.0 (compatible; SemrushBot/7~bl; +http://www.semrush.com/bot.html)" "mantech8.com"
185.191.171.21 - - [12/Oct/2022:10:48:02 -0700] "GET /index.php/camp-fire/28678589.html HTTP/1.1" 500 - "-" "Mozilla/5.0 (compatible; SemrushBot/7~bl; +http://www.semrush.com/bot.html)" "mantech8.com"
185.191.171.13 - - [12/Oct/2022:10:48:38 -0700] "GET /index.php/camp-fire/6729165.html HTTP/1.1" 500 - "-" "Mozilla/5.0 (compatible; SemrushBot/7~bl; +http://www.semrush.com/bot.html)" "mantech8.com"
185.191.171.37 - - [12/Oct/2022:10:48:41 -0700] "GET /robots.txt HTTP/1.1" 200 106 "-" "Mozilla/5.0 (compatible; SemrushBot/7~bl; +http://www.semrush.com/bot.html)" "mantech8.com"
185.191.171.18 - - [12/Oct/2022:10:48:41 -0700] "GET /index.php/camp-fire/32018697.html HTTP/1.1" 500 - "-" "Mozilla/5.0 (compatible; SemrushBot/7~bl; +http://www.semrush.com/bot.html)" "mantech8.com"
185.191.171.22 - - [12/Oct/2022:10:49:08 -0700] "GET /index.php/camp-fire/3253198.html HTTP/1.1" 500 - "-" "Mozilla/5.0 (compatible; SemrushBot/7~bl; +http://www.semrush.com/bot.html)" "mantech8.com"
185.191.171.44 - - [12/Oct/2022:10:49:45 -0700] "GET /index.php/camp-fire/400798.html HTTP/1.1" 500 - "-" "Mozilla/5.0 (compatible; SemrushBot/7~bl; +http://www.semrush.com/bot.html)" "mantech8.com"
185.191.171.4 - - [12/Oct/2022:10:50:48 -0700] "GET /index.php/camp-fire/35790750.html HTTP/1.1" 500 - "-" "Mozilla/5.0 (compatible; SemrushBot/7~bl; +http://www.semrush.com/bot.html)" "mantech8.com"
103.131.71.183 - - [12/Oct/2022:10:50:52 -0700] "GET /robots.txt HTTP/1.1" 200 106 "-" "Mozilla/5.0 (compatible; coccocbot-web/1.0; +http://help.coccoc.com/searchengine)" "mantech8.com"
185.191.171.17 - - [12/Oct/2022:10:51:08 -0700] "GET /index.php/camp-fire/38131971.html HTTP/1.1" 500 - "-" "Mozilla/5.0 (compatible; SemrushBot/7~bl; +http://www.semrush.com/bot.html)" "mantech8.com"
114.119.133.182 - - [12/Oct/2022:10:52:39 -0700] "GET /?sitemap59.xml HTTP/1.1" 200 270655 "-" "Mozilla/5.0 (Linux; Android 7.0;) AppleWebKit/537.36 (KHTML, like Gecko) Mobile Safari/537.36 (compatible; PetalBot;+https://webmaster.petalsearch.com/site/petalbot)" "mantech8.com"
185.191.171.42 - - [12/Oct/2022:10:53:04 -0700] "GET /index.php/camp-fire/32373130.html HTTP/1.1" 500 - "-" "Mozilla/5.0 (compatible; SemrushBot/7~bl; +http://www.semrush.com/bot.html)" "mantech8.com"
185.191.171.7 - - [12/Oct/2022:10:53:07 -0700] "GET /index.php/camp-fire/27592071.html HTTP/1.1" 500 - "-" "Mozilla/5.0 (compatible; SemrushBot/7~bl; +http://www.semrush.com/bot.html)" "mantech8.com"
185.191.171.11 - - [12/Oct/2022:10:53:18 -0700] "GET /index.php/camp-fire/7771842.html HTTP/1.1" 500 - "-" "Mozilla/5.0 (compatible; SemrushBot/7~bl; +http://www.semrush.com/bot.html)" "mantech8.com"
185.191.171.24 - - [12/Oct/2022:10:53:24 -0700] "GET /index.php/camp-fire/36195238.html HTTP/1.1" 500 - "-" "Mozilla/5.0 (compatible; SemrushBot/7~bl; +http://www.semrush.com/bot.html)" "mantech8.com"
185.191.171.12 - - [12/Oct/2022:10:54:16 -0700] "GET /index.php/camp-fire/42825134.html HTTP/1.1" 500 - "-" "Mozilla/5.0 (compatible; SemrushBot/7~bl; +http://www.semrush.com/bot.html)" "mantech8.com"
185.191.171.8 - - [12/Oct/2022:10:54:32 -0700] "GET /index.php/camp-fire/24432859.html HTTP/1.1" 500 - "-" "Mozilla/5.0 (compatible; SemrushBot/7~bl; +http://www.semrush.com/bot.html)" "mantech8.com"
185.191.171.12 - - [12/Oct/2022:10:54:34 -0700] "GET /index.php/camp-fire/38097672.html HTTP/1.1" 500 - "-" "Mozilla/5.0 (compatible; SemrushBot/7~bl; +http://www.semrush.com/bot.html)" "mantech8.com"
185.191.171.18 - - [12/Oct/2022:10:55:00 -0700] "GET /index.php/camp-fire/36977935.html HTTP/1.1" 500 - "-" "Mozilla/5.0 (compatible; SemrushBot/7~bl; +http://www.semrush.com/bot.html)" "mantech8.com"
207.46.13.70 - - [12/Oct/2022:10:55:22 -0700] "GET /camp-fire/17877113.html HTTP/1.1" 404 88 "-" "Mozilla/5.0 (compatible; bingbot/2.0; +http://www.bing.com/bingbot.htm)" "mantech8.com"
185.191.171.41 - - [12/Oct/2022:10:55:26 -0700] "GET /index.php/camp-fire/28617661.html HTTP/1.1" 500 - "-" "Mozilla/5.0 (compatible; SemrushBot/7~bl; +http://www.semrush.com/bot.html)" "mantech8.com"
185.191.171.20 - - [12/Oct/2022:10:55:27 -0700] "GET /index.php/camp-fire/9801483.html HTTP/1.1" 500 - "-" "Mozilla/5.0 (compatible; SemrushBot/7~bl; +http://www.semrush.com/bot.html)" "mantech8.com"
185.191.171.23 - - [12/Oct/2022:10:55:55 -0700] "GET /index.php/camp-fire/32776871.html HTTP/1.1" 500 - "-" "Mozilla/5.0 (compatible; SemrushBot/7~bl; +http://www.semrush.com/bot.html)" "mantech8.com"
185.191.171.25 - - [12/Oct/2022:10:56:02 -0700] "GET /index.php/camp-fire/44801076.html HTTP/1.1" 500 - "-" "Mozilla/5.0 (compatible; SemrushBot/7~bl; +http://www.semrush.com/bot.html)" "mantech8.com"
185.191.171.20 - - [12/Oct/2022:10:56:09 -0700] "GET /index.php/camp-fire/4196985.html HTTP/1.1" 500 - "-" "Mozilla/5.0 (compatible; SemrushBot/7~bl; +http://www.semrush.com/bot.html)" "mantech8.com"
185.191.171.25 - - [12/Oct/2022:10:56:23 -0700] "GET /index.php/camp-fire/45718403.html HTTP/1.1" 500 - "-" "Mozilla/5.0 (compatible; SemrushBot/7~bl; +http://www.semrush.com/bot.html)" "mantech8.com"
185.191.171.43 - - [12/Oct/2022:10:57:13 -0700] "GET /index.php/camp-fire/28859833.html HTTP/1.1" 500 - "-" "Mozilla/5.0 (compatible; SemrushBot/7~bl; +http://www.semrush.com/bot.html)" "mantech8.com"
185.191.171.25 - - [12/Oct/2022:10:58:15 -0700] "GET /index.php/camp-fire/4176885.html HTTP/1.1" 500 - "-" "Mozilla/5.0 (compatible; SemrushBot/7~bl; +http://www.semrush.com/bot.html)" "mantech8.com"
114.119.133.182 - - [12/Oct/2022:10:58:36 -0700] "GET /index.php/sitemap14278.xml HTTP/1.1" 200 289350 "-" "Mozilla/5.0 (compatible;PetalBot;+https://webmaster.petalsearch.com/site/petalbot)" "mantech8.com"
185.191.171.10 - - [12/Oct/2022:11:00:19 -0700] "GET /index.php/camp-fire/54216989.html HTTP/1.1" 500 - "-" "Mozilla/5.0 (compatible; SemrushBot/7~bl; +http://www.semrush.com/bot.html)" "mantech8.com"
185.191.171.39 - - [12/Oct/2022:11:00:22 -0700] "GET /index.php/camp-fire/36858368.html HTTP/1.1" 500 - "-" "Mozilla/5.0 (compatible; SemrushBot/7~bl; +http://www.semrush.com/bot.html)" "mantech8.com"
40.77.167.68 - - [12/Oct/2022:11:00:45 -0700] "GET /camp-fire/94142799.html HTTP/1.1" 404 88 "-" "Mozilla/5.0 (compatible; bingbot/2.0; +http://www.bing.com/bingbot.htm)" "www.mantech8.com"
185.191.171.12 - - [12/Oct/2022:11:00:46 -0700] "GET /index.php/camp-fire/4957555.html HTTP/1.1" 500 - "-" "Mozilla/5.0 (compatible; SemrushBot/7~bl; +http://www.semrush.com/bot.html)" "mantech8.com"
185.191.171.39 - - [12/Oct/2022:11:00:53 -0700] "GET /index.php/camp-fire/20118290.html HTTP/1.1" 500 - "-" "Mozilla/5.0 (compatible; SemrushBot/7~bl; +http://www.semrush.com/bot.html)" "mantech8.com"
185.191.171.14 - - [12/Oct/2022:11:01:06 -0700] "GET /index.php/camp-fire/47415476.html HTTP/1.1" 500 - "-" "Mozilla/5.0 (compatible; SemrushBot/7~bl; +http://www.semrush.com/bot.html)" "mantech8.com"
185.191.171.43 - - [12/Oct/2022:11:01:08 -0700] "GET /index.php/camp-fire/29858666.html HTTP/1.1" 500 - "-" "Mozilla/5.0 (compatible; SemrushBot/7~bl; +http://www.semrush.com/bot.html)" "mantech8.com"
185.191.171.10 - - [12/Oct/2022:11:01:40 -0700] "GET /index.php/camp-fire/38690859.html HTTP/1.1" 500 - "-" "Mozilla/5.0 (compatible; SemrushBot/7~bl; +http://www.semrush.com/bot.html)" "mantech8.com"
185.191.171.43 - - [12/Oct/2022:11:03:12 -0700] "GET /index.php/camp-fire/2716198.html HTTP/1.1" 500 - "-" "Mozilla/5.0 (compatible; SemrushBot/7~bl; +http://www.semrush.com/bot.html)" "mantech8.com"
185.191.171.20 - - [12/Oct/2022:11:03:35 -0700] "GET /index.php/camp-fire/548369.html HTTP/1.1" 500 - "-" "Mozilla/5.0 (compatible; SemrushBot/7~bl; +http://www.semrush.com/bot.html)" "mantech8.com"
185.191.171.9 - - [12/Oct/2022:11:04:20 -0700] "GET /index.php/camp-fire/35073025.html HTTP/1.1" 500 - "-" "Mozilla/5.0 (compatible; SemrushBot/7~bl; +http://www.semrush.com/bot.html)" "mantech8.com"
185.191.171.38 - - [12/Oct/2022:11:04:31 -0700] "GET /index.php/camp-fire/32014209.html HTTP/1.1" 500 - "-" "Mozilla/5.0 (compatible; SemrushBot/7~bl; +http://www.semrush.com/bot.html)" "mantech8.com"
114.119.133.190 - - [12/Oct/2022:11:04:36 -0700] "GET /?prinker.xml HTTP/1.1" 200 270596 "-" "Mozilla/5.0 (compatible;PetalBot;+https://webmaster.petalsearch.com/site/petalbot)" "mantech8.com"
185.191.171.35 - - [12/Oct/2022:11:04:40 -0700] "GET /index.php/camp-fire/7649608.html HTTP/1.1" 500 - "-" "Mozilla/5.0 (compatible; SemrushBot/7~bl; +http://www.semrush.com/bot.html)" "mantech8.com"
185.191.171.15 - - [12/Oct/2022:11:05:01 -0700] "GET /index.php/camp-fire/4873255.html HTTP/1.1" 500 - "-" "Mozilla/5.0 (compatible; SemrushBot/7~bl; +http://www.semrush.com/bot.html)" "mantech8.com"
185.191.171.9 - - [12/Oct/2022:11:05:27 -0700] "GET /index.php/camp-fire/587969.html HTTP/1.1" 500 - "-" "Mozilla/5.0 (compatible; SemrushBot/7~bl; +http://www.semrush.com/bot.html)" "mantech8.com"
185.191.171.36 - - [12/Oct/2022:11:05:49 -0700] "GET /index.php/camp-fire/8731659.html HTTP/1.1" 500 - "-" "Mozilla/5.0 (compatible; SemrushBot/7~bl; +http://www.semrush.com/bot.html)" "mantech8.com"
185.191.171.11 - - [12/Oct/2022:11:06:10 -0700] "GET /index.php/camp-fire/35449825.html HTTP/1.1" 500 - "-" "Mozilla/5.0 (compatible; SemrushBot/7~bl; +http://www.semrush.com/bot.html)" "mantech8.com"
185.191.171.18 - - [12/Oct/2022:11:06:42 -0700] "GET /index.php/camp-fire/27961070.html HTTP/1.1" 500 - "-" "Mozilla/5.0 (compatible; SemrushBot/7~bl; +http://www.semrush.com/bot.html)" "mantech8.com"
185.191.171.22 - - [12/Oct/2022:11:06:58 -0700] "GET /index.php/camp-fire/29242927.html HTTP/1.1" 500 - "-" "Mozilla/5.0 (compatible; SemrushBot/7~bl; +http://www.semrush.com/bot.html)" "mantech8.com"
185.191.171.37 - - [12/Oct/2022:11:07:09 -0700] "GET /index.php/camp-fire/58000360.html HTTP/1.1" 500 - "-" "Mozilla/5.0 (compatible; SemrushBot/7~bl; +http://www.semrush.com/bot.html)" "mantech8.com"
185.191.171.3 - - [12/Oct/2022:11:07:43 -0700] "GET /index.php/camp-fire/43536134.html HTTP/1.1" 500 - "-" "Mozilla/5.0 (compatible; SemrushBot/7~bl; +http://www.semrush.com/bot.html)" "mantech8.com"
185.191.171.23 - - [12/Oct/2022:11:08:04 -0700] "GET /index.php/camp-fire/2870793.html HTTP/1.1" 500 - "-" "Mozilla/5.0 (compatible; SemrushBot/7~bl; +http://www.semrush.com/bot.html)" "mantech8.com"
185.191.171.26 - - [12/Oct/2022:11:08:57 -0700] "GET /index.php/camp-fire/27318497.html HTTP/1.1" 500 - "-" "Mozilla/5.0 (compatible; SemrushBot/7~bl; +http://www.semrush.com/bot.html)" "mantech8.com"
185.191.171.4 - - [12/Oct/2022:11:09:07 -0700] "GET /index.php/camp-fire/33089916.html HTTP/1.1" 500 - "-" "Mozilla/5.0 (compatible; SemrushBot/7~bl; +http://www.semrush.com/bot.html)" "mantech8.com"
185.191.171.13 - - [12/Oct/2022:11:09:14 -0700] "GET /index.php/camp-fire/39532760.html HTTP/1.1" 500 - "-" "Mozilla/5.0 (compatible; SemrushBot/7~bl; +http://www.semrush.com/bot.html)" "mantech8.com"
185.191.171.39 - - [12/Oct/2022:11:10:14 -0700] "GET /index.php/camp-fire/27676406.html HTTP/1.1" 500 - "-" "Mozilla/5.0 (compatible; SemrushBot/7~bl; +http://www.semrush.com/bot.html)" "mantech8.com"
114.119.133.182 - - [12/Oct/2022:11:10:31 -0700] "GET /bimages/tank/?C=N%3BO%3DD HTTP/1.1" 200 411 "http://www.mantech8.com/bimages/tank/?C=M%3BO%3DA" "Mozilla/5.0 (Linux; Android 7.0;) AppleWebKit/537.36 (KHTML, like Gecko) Mobile Safari/537.36 (compatible; PetalBot;+https://webmaster.petalsearch.com/site/petalbot)" "www.mantech8.com"
185.191.171.11 - - [12/Oct/2022:11:10:35 -0700] "GET /index.php/camp-fire/63240934.html HTTP/1.1" 500 - "-" "Mozilla/5.0 (compatible; SemrushBot/7~bl; +http://www.semrush.com/bot.html)" "mantech8.com"
185.191.171.38 - - [12/Oct/2022:11:12:00 -0700] "GET /index.php/camp-fire/2776372.html HTTP/1.1" 500 - "-" "Mozilla/5.0 (compatible; SemrushBot/7~bl; +http://www.semrush.com/bot.html)" "mantech8.com"
185.191.171.20 - - [12/Oct/2022:11:12:40 -0700] "GET /index.php/camp-fire/24058359.html HTTP/1.1" 500 - "-" "Mozilla/5.0 (compatible; SemrushBot/7~bl; +http://www.semrush.com/bot.html)" "mantech8.com"
185.191.171.44 - - [12/Oct/2022:11:13:20 -0700] "GET /index.php/camp-fire/40325250.html HTTP/1.1" 500 - "-" "Mozilla/5.0 (compatible; SemrushBot/7~bl; +http://www.semrush.com/bot.html)" "mantech8.com"
185.191.171.19 - - [12/Oct/2022:11:13:53 -0700] "GET /index.php/camp-fire/47673970.html HTTP/1.1" 500 - "-" "Mozilla/5.0 (compatible; SemrushBot/7~bl; +http://www.semrush.com/bot.html)" "mantech8.com"
185.191.171.34 - - [12/Oct/2022:11:13:58 -0700] "GET /index.php/camp-fire/31213955.html HTTP/1.1" 500 - "-" "Mozilla/5.0 (compatible; SemrushBot/7~bl; +http://www.semrush.com/bot.html)" "mantech8.com"
185.191.171.44 - - [12/Oct/2022:11:14:12 -0700] "GET /index.php/camp-fire/33832808.html HTTP/1.1" 500 - "-" "Mozilla/5.0 (compatible; SemrushBot/7~bl; +http://www.semrush.com/bot.html)" "mantech8.com"
185.191.171.13 - - [12/Oct/2022:11:14:40 -0700] "GET /index.php/camp-fire/24601130.html HTTP/1.1" 500 - "-" "Mozilla/5.0 (compatible; SemrushBot/7~bl; +http://www.semrush.com/bot.html)" "mantech8.com"
185.191.171.43 - - [12/Oct/2022:11:14:57 -0700] "GET /index.php/camp-fire/44445925.html HTTP/1.1" 500 - "-" "Mozilla/5.0 (compatible; SemrushBot/7~bl; +http://www.semrush.com/bot.html)" "mantech8.com"
185.191.171.18 - - [12/Oct/2022:11:15:18 -0700] "GET /index.php/camp-fire/27692271.html HTTP/1.1" 500 - "-" "Mozilla/5.0 (compatible; SemrushBot/7~bl; +http://www.semrush.com/bot.html)" "mantech8.com"
185.191.171.3 - - [12/Oct/2022:11:16:27 -0700] "GET /index.php/camp-fire/36360964.html HTTP/1.1" 500 - "-" "Mozilla/5.0 (compatible; SemrushBot/7~bl; +http://www.semrush.com/bot.html)" "mantech8.com"
114.119.133.190 - - [12/Oct/2022:11:16:34 -0700] "GET /unpower.xml HTTP/1.1" 404 88 "-" "Mozilla/5.0 (compatible;PetalBot;+https://webmaster.petalsearch.com/site/petalbot)" "mantech8.com"
185.191.171.23 - - [12/Oct/2022:11:16:49 -0700] "GET /index.php/camp-fire/7573380.html HTTP/1.1" 500 - "-" "Mozilla/5.0 (compatible; SemrushBot/7~bl; +http://www.semrush.com/bot.html)" "mantech8.com"
185.191.171.19 - - [12/Oct/2022:11:16:51 -0700] "GET /index.php/camp-fire/53958864.html HTTP/1.1" 500 - "-" "Mozilla/5.0 (compatible; SemrushBot/7~bl; +http://www.semrush.com/bot.html)" "mantech8.com"
185.191.171.13 - - [12/Oct/2022:11:16:57 -0700] "GET /index.php/camp-fire/35904708.html HTTP/1.1" 500 - "-" "Mozilla/5.0 (compatible; SemrushBot/7~bl; +http://www.semrush.com/bot.html)" "mantech8.com"
185.191.171.39 - - [12/Oct/2022:11:17:03 -0700] "GET /index.php/camp-fire/88717772.html HTTP/1.1" 500 - "-" "Mozilla/5.0 (compatible; SemrushBot/7~bl; +http://www.semrush.com/bot.html)" "mantech8.com"
185.191.171.21 - - [12/Oct/2022:11:18:15 -0700] "GET /index.php/camp-fire/21471121.html HTTP/1.1" 500 - "-" "Mozilla/5.0 (compatible; SemrushBot/7~bl; +http://www.semrush.com/bot.html)" "mantech8.com"
185.191.171.9 - - [12/Oct/2022:11:18:21 -0700] "GET /index.php/camp-fire/40332938.html HTTP/1.1" 500 - "-" "Mozilla/5.0 (compatible; SemrushBot/7~bl; +http://www.semrush.com/bot.html)" "mantech8.com"
185.191.171.18 - - [12/Oct/2022:11:18:28 -0700] "GET /index.php/camp-fire/40623250.html HTTP/1.1" 500 - "-" "Mozilla/5.0 (compatible; SemrushBot/7~bl; +http://www.semrush.com/bot.html)" "mantech8.com"
185.191.171.3 - - [12/Oct/2022:11:18:37 -0700] "GET /index.php/camp-fire/27681709.html HTTP/1.1" 500 - "-" "Mozilla/5.0 (compatible; SemrushBot/7~bl; +http://www.semrush.com/bot.html)" "mantech8.com"
185.191.171.20 - - [12/Oct/2022:11:18:53 -0700] "GET /index.php/camp-fire/4451574.html HTTP/1.1" 500 - "-" "Mozilla/5.0 (compatible; SemrushBot/7~bl; +http://www.semrush.com/bot.html)" "mantech8.com"
185.191.171.16 - - [12/Oct/2022:11:19:36 -0700] "GET /index.php/camp-fire/34542793.html HTTP/1.1" 500 - "-" "Mozilla/5.0 (compatible; SemrushBot/7~bl; +http://www.semrush.com/bot.html)" "mantech8.com"
185.191.171.36 - - [12/Oct/2022:11:20:17 -0700] "GET /index.php/camp-fire/41546006.html HTTP/1.1" 500 - "-" "Mozilla/5.0 (compatible; SemrushBot/7~bl; +http://www.semrush.com/bot.html)" "mantech8.com"
185.191.171.5 - - [12/Oct/2022:11:21:43 -0700] "GET /index.php/camp-fire/19103383.html HTTP/1.1" 500 - "-" "Mozilla/5.0 (compatible; SemrushBot/7~bl; +http://www.semrush.com/bot.html)" "mantech8.com"
185.191.171.8 - - [12/Oct/2022:11:21:48 -0700] "GET /index.php/camp-fire/5978974.html HTTP/1.1" 500 - "-" "Mozilla/5.0 (compatible; SemrushBot/7~bl; +http://www.semrush.com/bot.html)" "mantech8.com"
185.191.171.17 - - [12/Oct/2022:11:21:52 -0700] "GET /index.php/camp-fire/39158178.html HTTP/1.1" 500 - "-" "Mozilla/5.0 (compatible; SemrushBot/7~bl; +http://www.semrush.com/bot.html)" "mantech8.com"
114.119.133.158 - - [12/Oct/2022:11:22:28 -0700] "GET /bimages/scafg/thump/tdzkwgpdvx.php HTTP/1.1" 200 32 "http://www.mantech8.com/bimages/scafg/thump/?C=S%3BO%3DA" "Mozilla/5.0 (Linux; Android 7.0;) AppleWebKit/537.36 (KHTML, like Gecko) Mobile Safari/537.36 (compatible; PetalBot;+https://webmaster.petalsearch.com/site/petalbot)" "www.mantech8.com"
185.191.171.33 - - [12/Oct/2022:11:23:13 -0700] "GET /index.php/camp-fire/36755560.html HTTP/1.1" 500 - "-" "Mozilla/5.0 (compatible; SemrushBot/7~bl; +http://www.semrush.com/bot.html)" "mantech8.com"
185.191.171.25 - - [12/Oct/2022:11:23:38 -0700] "GET /index.php/camp-fire/42675768.html HTTP/1.1" 500 - "-" "Mozilla/5.0 (compatible; SemrushBot/7~bl; +http://www.semrush.com/bot.html)" "mantech8.com"
185.191.171.35 - - [12/Oct/2022:11:23:40 -0700] "GET /index.php/camp-fire/47151817.html HTTP/1.1" 500 - "-" "Mozilla/5.0 (compatible; SemrushBot/7~bl; +http://www.semrush.com/bot.html)" "mantech8.com"
185.191.171.3 - - [12/Oct/2022:11:23:53 -0700] "GET /index.php/camp-fire/38874492.html HTTP/1.1" 500 - "-" "Mozilla/5.0 (compatible; SemrushBot/7~bl; +http://www.semrush.com/bot.html)" "mantech8.com"
185.191.171.6 - - [12/Oct/2022:11:24:19 -0700] "GET /index.php/camp-fire/4901555.html HTTP/1.1" 500 - "-" "Mozilla/5.0 (compatible; SemrushBot/7~bl; +http://www.semrush.com/bot.html)" "mantech8.com"
185.191.171.6 - - [12/Oct/2022:11:25:15 -0700] "GET /index.php/camp-fire/27676706.html HTTP/1.1" 500 - "-" "Mozilla/5.0 (compatible; SemrushBot/7~bl; +http://www.semrush.com/bot.html)" "mantech8.com"
185.191.171.34 - - [12/Oct/2022:11:25:36 -0700] "GET /index.php/camp-fire/28315065.html HTTP/1.1" 500 - "-" "Mozilla/5.0 (compatible; SemrushBot/7~bl; +http://www.semrush.com/bot.html)" "mantech8.com"
185.191.171.39 - - [12/Oct/2022:11:25:52 -0700] "GET /index.php/camp-fire/4291096.html HTTP/1.1" 500 - "-" "Mozilla/5.0 (compatible; SemrushBot/7~bl; +http://www.semrush.com/bot.html)" "mantech8.com"
185.191.171.43 - - [12/Oct/2022:11:26:24 -0700] "GET /index.php/camp-fire/33640859.html HTTP/1.1" 500 - "-" "Mozilla/5.0 (compatible; SemrushBot/7~bl; +http://www.semrush.com/bot.html)" "mantech8.com"
185.191.171.42 - - [12/Oct/2022:11:27:06 -0700] "GET /index.php/camp-fire/30880635.html HTTP/1.1" 500 - "-" "Mozilla/5.0 (compatible; SemrushBot/7~bl; +http://www.semrush.com/bot.html)" "mantech8.com"
185.191.171.15 - - [12/Oct/2022:11:27:27 -0700] "GET /index.php/camp-fire/85355009.html HTTP/1.1" 500 - "-" "Mozilla/5.0 (compatible; SemrushBot/7~bl; +http://www.semrush.com/bot.html)" "mantech8.com"
185.191.171.1 - - [12/Oct/2022:11:27:36 -0700] "GET /index.php/camp-fire/4078565.html HTTP/1.1" 500 - "-" "Mozilla/5.0 (compatible; SemrushBot/7~bl; +http://www.semrush.com/bot.html)" "mantech8.com"
185.191.171.39 - - [12/Oct/2022:11:27:57 -0700] "GET /index.php/camp-fire/43580393.html HTTP/1.1" 500 - "-" "Mozilla/5.0 (compatible; SemrushBot/7~bl; +http://www.semrush.com/bot.html)" "mantech8.com"
114.119.133.190 - - [12/Oct/2022:11:28:02 -0700] "GET /index.php?sitemap1.xml HTTP/1.1" 200 289369 "-" "Mozilla/5.0 (compatible;PetalBot;+https://webmaster.petalsearch.com/site/petalbot)" "mantech8.com"
185.191.171.22 - - [12/Oct/2022:11:28:11 -0700] "GET /index.php/camp-fire/27287297.html HTTP/1.1" 500 - "-" "Mozilla/5.0 (compatible; SemrushBot/7~bl; +http://www.semrush.com/bot.html)" "mantech8.com"
185.191.171.38 - - [12/Oct/2022:11:28:12 -0700] "GET /index.php/camp-fire/31857421.html HTTP/1.1" 500 - "-" "Mozilla/5.0 (compatible; SemrushBot/7~bl; +http://www.semrush.com/bot.html)" "mantech8.com"
185.191.171.15 - - [12/Oct/2022:11:29:13 -0700] "GET /index.php/camp-fire/30977306.html HTTP/1.1" 500 - "-" "Mozilla/5.0 (compatible; SemrushBot/7~bl; +http://www.semrush.com/bot.html)" "mantech8.com"
66.249.66.66 - - [12/Oct/2022:11:29:18 -0700] "GET /sitemap17.xml HTTP/1.1" 404 88 "-" "Mozilla/5.0 (compatible; Googlebot/2.1; +http://www.google.com/bot.html)" "mantech8.com"
185.191.171.18 - - [12/Oct/2022:11:29:18 -0700] "GET /index.php/camp-fire/40184438.html HTTP/1.1" 500 - "-" "Mozilla/5.0 (compatible; SemrushBot/7~bl; +http://www.semrush.com/bot.html)" "mantech8.com"
185.191.171.7 - - [12/Oct/2022:11:29:23 -0700] "GET /index.php/camp-fire/41589008.html HTTP/1.1" 500 - "-" "Mozilla/5.0 (compatible; SemrushBot/7~bl; +http://www.semrush.com/bot.html)" "mantech8.com"
185.191.171.12 - - [12/Oct/2022:11:29:33 -0700] "GET /index.php/camp-fire/34777908.html HTTP/1.1" 500 - "-" "Mozilla/5.0 (compatible; SemrushBot/7~bl; +http://www.semrush.com/bot.html)" "mantech8.com"
185.191.171.43 - - [12/Oct/2022:11:29:42 -0700] "GET /index.php/camp-fire/5715177.html HTTP/1.1" 500 - "-" "Mozilla/5.0 (compatible; SemrushBot/7~bl; +http://www.semrush.com/bot.html)" "mantech8.com"
185.191.171.19 - - [12/Oct/2022:11:32:58 -0700] "GET /index.php/camp-fire/40141688.html HTTP/1.1" 500 - "-" "Mozilla/5.0 (compatible; SemrushBot/7~bl; +http://www.semrush.com/bot.html)" "mantech8.com"
216.244.66.241 - - [12/Oct/2022:11:33:10 -0700] "GET /robots.txt HTTP/1.1" 200 222 "-" "Mozilla/5.0 (compatible; DotBot/1.2; +https://opensiteexplorer.org/dotbot; help@moz.com)" "www.mantech8.com"
216.244.66.241 - - [12/Oct/2022:11:33:10 -0700] "GET /robots.txt HTTP/1.1" 200 222 "-" "Mozilla/5.0 (compatible; DotBot/1.2; +https://opensiteexplorer.org/dotbot; help@moz.com)" "mantech8.com"
185.191.171.33 - - [12/Oct/2022:11:33:13 -0700] "GET /index.php/camp-fire/28003359.html HTTP/1.1" 500 - "-" "Mozilla/5.0 (compatible; SemrushBot/7~bl; +http://www.semrush.com/bot.html)" "mantech8.com"
114.119.133.190 - - [12/Oct/2022:11:33:13 -0700] "GET /?sitemap40698.xml HTTP/1.1" 200 270588 "-" "Mozilla/5.0 (Linux; Android 7.0;) AppleWebKit/537.36 (KHTML, like Gecko) Mobile Safari/537.36 (compatible; PetalBot;+https://webmaster.petalsearch.com/site/petalbot)" "mantech8.com"
185.191.171.15 - - [12/Oct/2022:11:33:46 -0700] "GET /index.php/camp-fire/40964459.html HTTP/1.1" 500 - "-" "Mozilla/5.0 (compatible; SemrushBot/7~bl; +http://www.semrush.com/bot.html)" "mantech8.com"
185.191.171.12 - - [12/Oct/2022:11:34:10 -0700] "GET /index.php/camp-fire/49994949.html HTTP/1.1" 500 - "-" "Mozilla/5.0 (compatible; SemrushBot/7~bl; +http://www.semrush.com/bot.html)" "mantech8.com"
185.191.171.42 - - [12/Oct/2022:11:34:15 -0700] "GET /index.php/camp-fire/41020150.html HTTP/1.1" 500 - "-" "Mozilla/5.0 (compatible; SemrushBot/7~bl; +http://www.semrush.com/bot.html)" "mantech8.com"
185.191.171.8 - - [12/Oct/2022:11:34:17 -0700] "GET /index.php/camp-fire/67005671.html HTTP/1.1" 500 - "-" "Mozilla/5.0 (compatible; SemrushBot/7~bl; +http://www.semrush.com/bot.html)" "mantech8.com"
185.191.171.10 - - [12/Oct/2022:11:34:24 -0700] "GET /index.php/camp-fire/9123142.html HTTP/1.1" 500 - "-" "Mozilla/5.0 (compatible; SemrushBot/7~bl; +http://www.semrush.com/bot.html)" "mantech8.com"
185.191.171.21 - - [12/Oct/2022:11:35:26 -0700] "GET /index.php/camp-fire/44010588.html HTTP/1.1" 500 - "-" "Mozilla/5.0 (compatible; SemrushBot/7~bl; +http://www.semrush.com/bot.html)" "mantech8.com"
185.191.171.37 - - [12/Oct/2022:11:35:31 -0700] "GET /index.php/camp-fire/35704550.html HTTP/1.1" 500 - "-" "Mozilla/5.0 (compatible; SemrushBot/7~bl; +http://www.semrush.com/bot.html)" "mantech8.com"
185.191.171.35 - - [12/Oct/2022:11:35:35 -0700] "GET /index.php/camp-fire/41817003.html HTTP/1.1" 500 - "-" "Mozilla/5.0 (compatible; SemrushBot/7~bl; +http://www.semrush.com/bot.html)" "mantech8.com"
185.191.171.8 - - [12/Oct/2022:11:36:09 -0700] "GET /index.php/camp-fire/39022835.html HTTP/1.1" 500 - "-" "Mozilla/5.0 (compatible; SemrushBot/7~bl; +http://www.semrush.com/bot.html)" "mantech8.com"
185.191.171.3 - - [12/Oct/2022:11:36:13 -0700] "GET /robots.txt HTTP/1.1" 200 106 "-" "Mozilla/5.0 (compatible; SemrushBot/7~bl; +http://www.semrush.com/bot.html)" "mantech8.com"
185.191.171.33 - - [12/Oct/2022:11:36:14 -0700] "GET /index.php/camp-fire/37772550.html HTTP/1.1" 500 - "-" "Mozilla/5.0 (compatible; SemrushBot/7~bl; +http://www.semrush.com/bot.html)" "mantech8.com"
185.191.171.2 - - [12/Oct/2022:11:37:26 -0700] "GET /index.php/camp-fire/37760150.html HTTP/1.1" 500 - "-" "Mozilla/5.0 (compatible; SemrushBot/7~bl; +http://www.semrush.com/bot.html)" "mantech8.com"
40.77.167.72 - - [12/Oct/2022:11:37:41 -0700] "GET /clients.php/engine1/jquery.js HTTP/1.1" 200 18489 "-" "Mozilla/5.0 (compatible; MSIE 9.0; Windows NT 6.1; Trident/5.0)" "mantech8.com"
185.191.171.35 - - [12/Oct/2022:11:38:09 -0700] "GET /index.php/camp-fire/28618589.html HTTP/1.1" 500 - "-" "Mozilla/5.0 (compatible; SemrushBot/7~bl; +http://www.semrush.com/bot.html)" "mantech8.com"
185.191.171.8 - - [12/Oct/2022:11:38:16 -0700] "GET /index.php/camp-fire/5297685.html HTTP/1.1" 500 - "-" "Mozilla/5.0 (compatible; SemrushBot/7~bl; +http://www.semrush.com/bot.html)" "mantech8.com"
114.119.133.182 - - [12/Oct/2022:11:38:17 -0700] "GET /bimages/safety/?C=N%3BO%3DD HTTP/1.1" 200 465 "http://mantech8.com/bimages/safety/?C=D%3BO%3DA" "Mozilla/5.0 (Linux; Android 7.0;) AppleWebKit/537.36 (KHTML, like Gecko) Mobile Safari/537.36 (compatible; PetalBot;+https://webmaster.petalsearch.com/site/petalbot)" "mantech8.com"
185.191.171.20 - - [12/Oct/2022:11:38:19 -0700] "GET /index.php/camp-fire/36371350.html HTTP/1.1" 500 - "-" "Mozilla/5.0 (compatible; SemrushBot/7~bl; +http://www.semrush.com/bot.html)" "mantech8.com"
51.132.231.206 - - [12/Oct/2022:11:38:46 -0700] "GET /Makhdamxshell.php HTTP/1.1" 404 88 "-" "Mozilla/5.0 (Windows NT 10.0; Win64; x64) AppleWebKit/537.36 (KHTML, like Gecko) Chrome/85.0.4183.102 Safari/537.36" "mantech8.com"
51.132.231.206 - - [12/Oct/2022:11:38:47 -0700] "GET /wp-admin/includes/class-wp-media-list-data.php HTTP/1.1" 404 88 "-" "Mozilla/5.0 (Windows NT 10.0; Win64; x64) AppleWebKit/537.36 (KHTML, like Gecko) Chrome/85.0.4183.102 Safari/537.36" "mantech8.com"
51.132.231.206 - - [12/Oct/2022:11:38:49 -0700] "GET /wp-includes/wp-class.php HTTP/1.1" 404 88 "-" "Mozilla/5.0 (Windows NT 10.0; Win64; x64) AppleWebKit/537.36 (KHTML, like Gecko) Chrome/85.0.4183.102 Safari/537.36" "mantech8.com"
51.132.231.206 - - [12/Oct/2022:11:38:49 -0700] "GET /radio.php HTTP/1.1" 404 88 "-" "Mozilla/5.0 (Windows NT 10.0; Win64; x64) AppleWebKit/537.36 (KHTML, like Gecko) Chrome/85.0.4183.102 Safari/537.36" "mantech8.com"
185.191.171.12 - - [12/Oct/2022:11:38:51 -0700] "GET /index.php/camp-fire/3998490.html HTTP/1.1" 500 - "-" "Mozilla/5.0 (compatible; SemrushBot/7~bl; +http://www.semrush.com/bot.html)" "mantech8.com"
51.132.231.206 - - [12/Oct/2022:11:38:53 -0700] "GET /fw.php HTTP/1.1" 500 - "-" "Mozilla/5.0 (Windows NT 10.0; Win64; x64) AppleWebKit/537.36 (KHTML, like Gecko) Chrome/85.0.4183.102 Safari/537.36" "mantech8.com"
51.132.231.206 - - [12/Oct/2022:11:38:56 -0700] "GET /fx.php HTTP/1.1" 404 88 "-" "Mozilla/5.0 (Windows NT 10.0; Win64; x64) AppleWebKit/537.36 (KHTML, like Gecko) Chrome/85.0.4183.102 Safari/537.36" "mantech8.com"
51.132.231.206 - - [12/Oct/2022:11:38:58 -0700] "GET /ups.php HTTP/1.1" 404 88 "-" "Mozilla/5.0 (Windows NT 10.0; Win64; x64) AppleWebKit/537.36 (KHTML, like Gecko) Chrome/85.0.4183.102 Safari/537.36" "mantech8.com"
51.132.231.206 - - [12/Oct/2022:11:39:01 -0700] "GET /wikindex.php HTTP/1.1" 404 88 "-" "Mozilla/5.0 (Windows NT 10.0; Win64; x64) AppleWebKit/537.36 (KHTML, like Gecko) Chrome/85.0.4183.102 Safari/537.36" "mantech8.com"
51.132.231.206 - - [12/Oct/2022:11:39:04 -0700] "GET /1index.php HTTP/1.1" 404 88 "-" "Mozilla/5.0 (Windows NT 10.0; Win64; x64) AppleWebKit/537.36 (KHTML, like Gecko) Chrome/85.0.4183.102 Safari/537.36" "mantech8.com"
51.132.231.206 - - [12/Oct/2022:11:39:07 -0700] "GET /0.php HTTP/1.1" 404 88 "-" "Mozilla/5.0 (Windows NT 10.0; Win64; x64) AppleWebKit/537.36 (KHTML, like Gecko) Chrome/85.0.4183.102 Safari/537.36" "mantech8.com"
185.191.171.44 - - [12/Oct/2022:11:39:08 -0700] "GET /index.php/camp-fire/28261535.html HTTP/1.1" 500 - "-" "Mozilla/5.0 (compatible; SemrushBot/7~bl; +http://www.semrush.com/bot.html)" "mantech8.com"
51.132.231.206 - - [12/Oct/2022:11:39:10 -0700] "GET /01.php HTTP/1.1" 404 88 "-" "Mozilla/5.0 (Windows NT 10.0; Win64; x64) AppleWebKit/537.36 (KHTML, like Gecko) Chrome/85.0.4183.102 Safari/537.36" "mantech8.com"
51.132.231.206 - - [12/Oct/2022:11:39:12 -0700] "GET /0byte HTTP/1.1" 404 88 "-" "Mozilla/5.0 (Windows NT 10.0; Win64; x64) AppleWebKit/537.36 (KHTML, like Gecko) Chrome/85.0.4183.102 Safari/537.36" "mantech8.com"
51.132.231.206 - - [12/Oct/2022:11:39:12 -0700] "GET /0byte.php HTTP/1.1" 404 88 "-" "Mozilla/5.0 (Windows NT 10.0; Win64; x64) AppleWebKit/537.36 (KHTML, like Gecko) Chrome/85.0.4183.102 Safari/537.36" "mantech8.com"
51.132.231.206 - - [12/Oct/2022:11:39:14 -0700] "GET /1.php HTTP/1.1" 500 - "-" "Mozilla/5.0 (Windows NT 10.0; Win64; x64) AppleWebKit/537.36 (KHTML, like Gecko) Chrome/85.0.4183.102 Safari/537.36" "mantech8.com"
51.132.231.206 - - [12/Oct/2022:11:39:14 -0700] "GET /10.php HTTP/1.1" 404 88 "-" "Mozilla/5.0 (Windows NT 10.0; Win64; x64) AppleWebKit/537.36 (KHTML, like Gecko) Chrome/85.0.4183.102 Safari/537.36" "mantech8.com"
51.132.231.206 - - [12/Oct/2022:11:39:18 -0700] "GET /100.php HTTP/1.1" 404 88 "-" "Mozilla/5.0 (Windows NT 10.0; Win64; x64) AppleWebKit/537.36 (KHTML, like Gecko) Chrome/85.0.4183.102 Safari/537.36" "mantech8.com"
51.132.231.206 - - [12/Oct/2022:11:39:19 -0700] "GET /11index.php HTTP/1.1" 404 88 "-" "Mozilla/5.0 (Windows NT 10.0; Win64; x64) AppleWebKit/537.36 (KHTML, like Gecko) Chrome/85.0.4183.102 Safari/537.36" "mantech8.com"
51.132.231.206 - - [12/Oct/2022:11:39:21 -0700] "GET /13.php HTTP/1.1" 404 88 "-" "Mozilla/5.0 (Windows NT 10.0; Win64; x64) AppleWebKit/537.36 (KHTML, like Gecko) Chrome/85.0.4183.102 Safari/537.36" "mantech8.com"
51.132.231.206 - - [12/Oct/2022:11:39:24 -0700] "GET /1337.php HTTP/1.1" 404 88 "-" "Mozilla/5.0 (Windows NT 10.0; Win64; x64) AppleWebKit/537.36 (KHTML, like Gecko) Chrome/85.0.4183.102 Safari/537.36" "mantech8.com"
51.132.231.206 - - [12/Oct/2022:11:39:28 -0700] "GET /2.php HTTP/1.1" 404 88 "-" "Mozilla/5.0 (Windows NT 10.0; Win64; x64) AppleWebKit/537.36 (KHTML, like Gecko) Chrome/85.0.4183.102 Safari/537.36" "mantech8.com"
51.132.231.206 - - [12/Oct/2022:11:39:30 -0700] "GET /2index.php HTTP/1.1" 404 88 "-" "Mozilla/5.0 (Windows NT 10.0; Win64; x64) AppleWebKit/537.36 (KHTML, like Gecko) Chrome/85.0.4183.102 Safari/537.36" "mantech8.com"
51.132.231.206 - - [12/Oct/2022:11:39:31 -0700] "GET /3.php HTTP/1.1" 404 88 "-" "Mozilla/5.0 (Windows NT 10.0; Win64; x64) AppleWebKit/537.36 (KHTML, like Gecko) Chrome/85.0.4183.102 Safari/537.36" "mantech8.com"
51.132.231.206 - - [12/Oct/2022:11:39:32 -0700] "GET /4.php HTTP/1.1" 404 88 "-" "Mozilla/5.0 (Windows NT 10.0; Win64; x64) AppleWebKit/537.36 (KHTML, like Gecko) Chrome/85.0.4183.102 Safari/537.36" "mantech8.com"
51.132.231.206 - - [12/Oct/2022:11:39:36 -0700] "GET /403.php HTTP/1.1" 404 88 "-" "Mozilla/5.0 (Windows NT 10.0; Win64; x64) AppleWebKit/537.36 (KHTML, like Gecko) Chrome/85.0.4183.102 Safari/537.36" "mantech8.com"
51.132.231.206 - - [12/Oct/2022:11:39:37 -0700] "GET /404.php HTTP/1.1" 404 88 "-" "Mozilla/5.0 (Windows NT 10.0; Win64; x64) AppleWebKit/537.36 (KHTML, like Gecko) Chrome/85.0.4183.102 Safari/537.36" "mantech8.com"
51.132.231.206 - - [12/Oct/2022:11:39:38 -0700] "GET /5.php HTTP/1.1" 404 88 "-" "Mozilla/5.0 (Windows NT 10.0; Win64; x64) AppleWebKit/537.36 (KHTML, like Gecko) Chrome/85.0.4183.102 Safari/537.36" "mantech8.com"
51.132.231.206 - - [12/Oct/2022:11:39:40 -0700] "GET /9.php HTTP/1.1" 404 88 "-" "Mozilla/5.0 (Windows NT 10.0; Win64; x64) AppleWebKit/537.36 (KHTML, like Gecko) Chrome/85.0.4183.102 Safari/537.36" "mantech8.com"
51.132.231.206 - - [12/Oct/2022:11:39:43 -0700] "GET /Alfa.php HTTP/1.1" 404 88 "-" "Mozilla/5.0 (Windows NT 10.0; Win64; x64) AppleWebKit/537.36 (KHTML, like Gecko) Chrome/85.0.4183.102 Safari/537.36" "mantech8.com"
51.132.231.206 - - [12/Oct/2022:11:39:46 -0700] "GET /FoxWSO.php HTTP/1.1" 404 88 "-" "Mozilla/5.0 (Windows NT 10.0; Win64; x64) AppleWebKit/537.36 (KHTML, like Gecko) Chrome/85.0.4183.102 Safari/537.36" "mantech8.com"
185.191.171.26 - - [12/Oct/2022:11:39:49 -0700] "GET /index.php/camp-fire/33661350.html HTTP/1.1" 500 - "-" "Mozilla/5.0 (compatible; SemrushBot/7~bl; +http://www.semrush.com/bot.html)" "mantech8.com"
51.132.231.206 - - [12/Oct/2022:11:39:49 -0700] "GET /WSO.php HTTP/1.1" 404 88 "-" "Mozilla/5.0 (Windows NT 10.0; Win64; x64) AppleWebKit/537.36 (KHTML, like Gecko) Chrome/85.0.4183.102 Safari/537.36" "mantech8.com"
51.132.231.206 - - [12/Oct/2022:11:39:51 -0700] "GET /a.php HTTP/1.1" 404 88 "-" "Mozilla/5.0 (Windows NT 10.0; Win64; x64) AppleWebKit/537.36 (KHTML, like Gecko) Chrome/85.0.4183.102 Safari/537.36" "mantech8.com"
51.132.231.206 - - [12/Oct/2022:11:39:53 -0700] "GET /about.php HTTP/1.1" 404 88 "-" "Mozilla/5.0 (Windows NT 10.0; Win64; x64) AppleWebKit/537.36 (KHTML, like Gecko) Chrome/85.0.4183.102 Safari/537.36" "mantech8.com"
51.132.231.206 - - [12/Oct/2022:11:39:55 -0700] "GET /alf.php HTTP/1.1" 404 88 "-" "Mozilla/5.0 (Windows NT 10.0; Win64; x64) AppleWebKit/537.36 (KHTML, like Gecko) Chrome/85.0.4183.102 Safari/537.36" "mantech8.com"
51.132.231.206 - - [12/Oct/2022:11:39:59 -0700] "GET /alfa.php HTTP/1.1" 404 88 "-" "Mozilla/5.0 (Windows NT 10.0; Win64; x64) AppleWebKit/537.36 (KHTML, like Gecko) Chrome/85.0.4183.102 Safari/537.36" "mantech8.com"
51.132.231.206 - - [12/Oct/2022:11:40:01 -0700] "GET /alfashell.php HTTP/1.1" 404 88 "-" "Mozilla/5.0 (Windows NT 10.0; Win64; x64) AppleWebKit/537.36 (KHTML, like Gecko) Chrome/85.0.4183.102 Safari/537.36" "mantech8.com"
51.132.231.206 - - [12/Oct/2022:11:40:04 -0700] "GET /alwso.php HTTP/1.1" 404 88 "-" "Mozilla/5.0 (Windows NT 10.0; Win64; x64) AppleWebKit/537.36 (KHTML, like Gecko) Chrome/85.0.4183.102 Safari/537.36" "mantech8.com"
51.132.231.206 - - [12/Oct/2022:11:40:05 -0700] "GET /autoload_classmap.php HTTP/1.1" 404 88 "-" "Mozilla/5.0 (Windows NT 10.0; Win64; x64) AppleWebKit/537.36 (KHTML, like Gecko) Chrome/85.0.4183.102 Safari/537.36" "mantech8.com"
51.132.231.206 - - [12/Oct/2022:11:40:07 -0700] "GET /b.php HTTP/1.1" 404 88 "-" "Mozilla/5.0 (Windows NT 10.0; Win64; x64) AppleWebKit/537.36 (KHTML, like Gecko) Chrome/85.0.4183.102 Safari/537.36" "mantech8.com"
51.132.231.206 - - [12/Oct/2022:11:40:09 -0700] "GET /blog.php HTTP/1.1" 404 88 "-" "Mozilla/5.0 (Windows NT 10.0; Win64; x64) AppleWebKit/537.36 (KHTML, like Gecko) Chrome/85.0.4183.102 Safari/537.36" "mantech8.com"
51.132.231.206 - - [12/Oct/2022:11:40:11 -0700] "GET /blog/fw.php HTTP/1.1" 404 88 "-" "Mozilla/5.0 (Windows NT 10.0; Win64; x64) AppleWebKit/537.36 (KHTML, like Gecko) Chrome/85.0.4183.102 Safari/537.36" "mantech8.com"
51.132.231.206 - - [12/Oct/2022:11:40:13 -0700] "GET /bypass.php HTTP/1.1" 404 88 "-" "Mozilla/5.0 (Windows NT 10.0; Win64; x64) AppleWebKit/537.36 (KHTML, like Gecko) Chrome/85.0.4183.102 Safari/537.36" "mantech8.com"
51.132.231.206 - - [12/Oct/2022:11:40:15 -0700] "GET /c.php HTTP/1.1" 404 88 "-" "Mozilla/5.0 (Windows NT 10.0; Win64; x64) AppleWebKit/537.36 (KHTML, like Gecko) Chrome/85.0.4183.102 Safari/537.36" "mantech8.com"
51.132.231.206 - - [12/Oct/2022:11:40:16 -0700] "GET /c99.php HTTP/1.1" 404 88 "-" "Mozilla/5.0 (Windows NT 10.0; Win64; x64) AppleWebKit/537.36 (KHTML, like Gecko) Chrome/85.0.4183.102 Safari/537.36" "mantech8.com"
51.132.231.206 - - [12/Oct/2022:11:40:19 -0700] "GET /content.php HTTP/1.1" 404 88 "-" "Mozilla/5.0 (Windows NT 10.0; Win64; x64) AppleWebKit/537.36 (KHTML, like Gecko) Chrome/85.0.4183.102 Safari/537.36" "mantech8.com"
51.132.231.206 - - [12/Oct/2022:11:40:21 -0700] "GET /date.php HTTP/1.1" 404 88 "-" "Mozilla/5.0 (Windows NT 10.0; Win64; x64) AppleWebKit/537.36 (KHTML, like Gecko) Chrome/85.0.4183.102 Safari/537.36" "mantech8.com"
51.132.231.206 - - [12/Oct/2022:11:40:22 -0700] "GET /doc.php HTTP/1.1" 404 88 "-" "Mozilla/5.0 (Windows NT 10.0; Win64; x64) AppleWebKit/537.36 (KHTML, like Gecko) Chrome/85.0.4183.102 Safari/537.36" "mantech8.com"
51.132.231.206 - - [12/Oct/2022:11:40:27 -0700] "GET /e.php HTTP/1.1" 404 88 "-" "Mozilla/5.0 (Windows NT 10.0; Win64; x64) AppleWebKit/537.36 (KHTML, like Gecko) Chrome/85.0.4183.102 Safari/537.36" "mantech8.com"
51.132.231.206 - - [12/Oct/2022:11:40:30 -0700] "GET /edit-form.php HTTP/1.1" 404 88 "-" "Mozilla/5.0 (Windows NT 10.0; Win64; x64) AppleWebKit/537.36 (KHTML, like Gecko) Chrome/85.0.4183.102 Safari/537.36" "mantech8.com"
51.132.231.206 - - [12/Oct/2022:11:40:32 -0700] "GET /f.php HTTP/1.1" 404 88 "-" "Mozilla/5.0 (Windows NT 10.0; Win64; x64) AppleWebKit/537.36 (KHTML, like Gecko) Chrome/85.0.4183.102 Safari/537.36" "mantech8.com"
51.132.231.206 - - [12/Oct/2022:11:40:32 -0700] "GET /fox.php HTTP/1.1" 404 88 "-" "Mozilla/5.0 (Windows NT 10.0; Win64; x64) AppleWebKit/537.36 (KHTML, like Gecko) Chrome/85.0.4183.102 Safari/537.36" "mantech8.com"
51.132.231.206 - - [12/Oct/2022:11:40:35 -0700] "GET /g.php HTTP/1.1" 404 88 "-" "Mozilla/5.0 (Windows NT 10.0; Win64; x64) AppleWebKit/537.36 (KHTML, like Gecko) Chrome/85.0.4183.102 Safari/537.36" "mantech8.com"
51.132.231.206 - - [12/Oct/2022:11:40:37 -0700] "GET /goods.php HTTP/1.1" 404 88 "-" "Mozilla/5.0 (Windows NT 10.0; Win64; x64) AppleWebKit/537.36 (KHTML, like Gecko) Chrome/85.0.4183.102 Safari/537.36" "mantech8.com"
51.132.231.206 - - [12/Oct/2022:11:40:41 -0700] "GET /h.php HTTP/1.1" 404 88 "-" "Mozilla/5.0 (Windows NT 10.0; Win64; x64) AppleWebKit/537.36 (KHTML, like Gecko) Chrome/85.0.4183.102 Safari/537.36" "mantech8.com"
51.132.231.206 - - [12/Oct/2022:11:40:45 -0700] "GET /haxor.php HTTP/1.1" 404 88 "-" "Mozilla/5.0 (Windows NT 10.0; Win64; x64) AppleWebKit/537.36 (KHTML, like Gecko) Chrome/85.0.4183.102 Safari/537.36" "mantech8.com"
51.132.231.206 - - [12/Oct/2022:11:40:46 -0700] "GET /hello.php HTTP/1.1" 404 88 "-" "Mozilla/5.0 (Windows NT 10.0; Win64; x64) AppleWebKit/537.36 (KHTML, like Gecko) Chrome/85.0.4183.102 Safari/537.36" "mantech8.com"
51.132.231.206 - - [12/Oct/2022:11:40:50 -0700] "GET /i.php HTTP/1.1" 404 88 "-" "Mozilla/5.0 (Windows NT 10.0; Win64; x64) AppleWebKit/537.36 (KHTML, like Gecko) Chrome/85.0.4183.102 Safari/537.36" "mantech8.com"
51.132.231.206 - - [12/Oct/2022:11:40:51 -0700] "GET /images/about.php HTTP/1.1" 404 88 "-" "Mozilla/5.0 (Windows NT 10.0; Win64; x64) AppleWebKit/537.36 (KHTML, like Gecko) Chrome/85.0.4183.102 Safari/537.36" "mantech8.com"
51.132.231.206 - - [12/Oct/2022:11:40:51 -0700] "GET /jindex.php HTTP/1.1" 404 88 "-" "Mozilla/5.0 (Windows NT 10.0; Win64; x64) AppleWebKit/537.36 (KHTML, like Gecko) Chrome/85.0.4183.102 Safari/537.36" "mantech8.com"
51.132.231.206 - - [12/Oct/2022:11:40:52 -0700] "GET /k.php HTTP/1.1" 404 88 "-" "Mozilla/5.0 (Windows NT 10.0; Win64; x64) AppleWebKit/537.36 (KHTML, like Gecko) Chrome/85.0.4183.102 Safari/537.36" "mantech8.com"
51.132.231.206 - - [12/Oct/2022:11:40:55 -0700] "GET /l.php HTTP/1.1" 404 88 "-" "Mozilla/5.0 (Windows NT 10.0; Win64; x64) AppleWebKit/537.36 (KHTML, like Gecko) Chrome/85.0.4183.102 Safari/537.36" "mantech8.com"
51.132.231.206 - - [12/Oct/2022:11:40:57 -0700] "GET /license.php HTTP/1.1" 404 88 "-" "Mozilla/5.0 (Windows NT 10.0; Win64; x64) AppleWebKit/537.36 (KHTML, like Gecko) Chrome/85.0.4183.102 Safari/537.36" "mantech8.com"
51.132.231.206 - - [12/Oct/2022:11:40:59 -0700] "GET /m.php HTTP/1.1" 404 88 "-" "Mozilla/5.0 (Windows NT 10.0; Win64; x64) AppleWebKit/537.36 (KHTML, like Gecko) Chrome/85.0.4183.102 Safari/537.36" "mantech8.com"
51.132.231.206 - - [12/Oct/2022:11:41:01 -0700] "GET /mar.php HTTP/1.1" 404 88 "-" "Mozilla/5.0 (Windows NT 10.0; Win64; x64) AppleWebKit/537.36 (KHTML, like Gecko) Chrome/85.0.4183.102 Safari/537.36" "mantech8.com"
