185.191.171.19 - - [12/Oct/2022:12:40:29 -0700] "GET /index.php/camp-fire/42558751.html HTTP/1.1" 500 - "-" "Mozilla/5.0 (compatible; SemrushBot/7~bl; +http://www.semrush.com/bot.html)" "mantech8.com"
158.69.119.16 - - [12/Oct/2022:12:40:33 -0700] "GET /index.php?camp-fire/98409469.html HTTP/1.1" 500 - "https://www.mantech8.com/index.php?camp-fire/98409469.html" "Mozilla/5.0 (Windows NT 6.1) AppleWebKit/537.36 (KHTML, like Gecko) Chrome/90.0.4430.85 Safari/537.36" "www.mantech8.com"
158.69.119.16 - - [12/Oct/2022:12:40:33 -0700] "GET / HTTP/1.1" 500 - "https://www.mantech8.com/" "Mozilla/5.0 (Windows NT 6.1) AppleWebKit/537.36 (KHTML, like Gecko) Chrome/90.0.4430.85 Safari/537.36" "www.mantech8.com"
185.191.171.35 - - [12/Oct/2022:12:41:00 -0700] "GET /index.php/camp-fire/44725834.html HTTP/1.1" 500 - "-" "Mozilla/5.0 (compatible; SemrushBot/7~bl; +http://www.semrush.com/bot.html)" "mantech8.com"
185.191.171.7 - - [12/Oct/2022:12:41:04 -0700] "GET /index.php/camp-fire/43196250.html HTTP/1.1" 500 - "-" "Mozilla/5.0 (compatible; SemrushBot/7~bl; +http://www.semrush.com/bot.html)" "mantech8.com"
185.191.171.38 - - [12/Oct/2022:12:41:14 -0700] "GET /index.php/camp-fire/28077159.html HTTP/1.1" 500 - "-" "Mozilla/5.0 (compatible; SemrushBot/7~bl; +http://www.semrush.com/bot.html)" "mantech8.com"
185.191.171.19 - - [12/Oct/2022:12:41:31 -0700] "GET /index.php/camp-fire/1619172.html HTTP/1.1" 500 - "-" "Mozilla/5.0 (compatible; SemrushBot/7~bl; +http://www.semrush.com/bot.html)" "mantech8.com"
182.43.0.94 - - [12/Oct/2022:12:42:34 -0700] "GET /contact.php HTTP/1.1" 200 29238 "http://mantech8.com/contact.php" "Mozilla/5.0 (Windows NT 10.0; Win64; x64) AppleWebKit/537.36 (KHTML, like Gecko) Chrome/90.0.4430.86 Safari/537.36" "mantech8.com"
185.191.171.5 - - [12/Oct/2022:12:42:48 -0700] "GET /index.php/camp-fire/32880360.html HTTP/1.1" 500 - "-" "Mozilla/5.0 (compatible; SemrushBot/7~bl; +http://www.semrush.com/bot.html)" "mantech8.com"
185.191.171.5 - - [12/Oct/2022:12:43:27 -0700] "GET /index.php/camp-fire/58584776.html HTTP/1.1" 500 - "-" "Mozilla/5.0 (compatible; SemrushBot/7~bl; +http://www.semrush.com/bot.html)" "mantech8.com"
185.191.171.33 - - [12/Oct/2022:12:43:33 -0700] "GET /index.php/camp-fire/8245278.html HTTP/1.1" 500 - "-" "Mozilla/5.0 (compatible; SemrushBot/7~bl; +http://www.semrush.com/bot.html)" "mantech8.com"
185.191.171.10 - - [12/Oct/2022:12:43:39 -0700] "GET /index.php/camp-fire/33631459.html HTTP/1.1" 500 - "-" "Mozilla/5.0 (compatible; SemrushBot/7~bl; +http://www.semrush.com/bot.html)" "mantech8.com"
185.191.171.9 - - [12/Oct/2022:12:44:49 -0700] "GET /index.php/camp-fire/30377582.html HTTP/1.1" 500 - "-" "Mozilla/5.0 (compatible; SemrushBot/7~bl; +http://www.semrush.com/bot.html)" "mantech8.com"
185.191.171.24 - - [12/Oct/2022:12:44:57 -0700] "GET /index.php/camp-fire/38245003.html HTTP/1.1" 500 - "-" "Mozilla/5.0 (compatible; SemrushBot/7~bl; +http://www.semrush.com/bot.html)" "mantech8.com"
207.46.13.184 - - [12/Oct/2022:12:45:19 -0700] "GET /bimages/gallery/s3.jpg HTTP/1.1" 200 170464 "-" "Mozilla/5.0 (compatible; bingbot/2.0; +http://www.bing.com/bingbot.htm)" "mantech8.com"
185.191.171.40 - - [12/Oct/2022:12:45:24 -0700] "GET /index.php/camp-fire/4403965.html HTTP/1.1" 500 - "-" "Mozilla/5.0 (compatible; SemrushBot/7~bl; +http://www.semrush.com/bot.html)" "mantech8.com"
185.191.171.2 - - [12/Oct/2022:12:46:10 -0700] "GET /index.php/camp-fire/9696483.html HTTP/1.1" 500 - "-" "Mozilla/5.0 (compatible; SemrushBot/7~bl; +http://www.semrush.com/bot.html)" "mantech8.com"
185.191.171.42 - - [12/Oct/2022:12:46:31 -0700] "GET /index.php/camp-fire/42216534.html HTTP/1.1" 500 - "-" "Mozilla/5.0 (compatible; SemrushBot/7~bl; +http://www.semrush.com/bot.html)" "mantech8.com"
185.191.171.37 - - [12/Oct/2022:12:46:33 -0700] "GET /index.php/camp-fire/20120532.html HTTP/1.1" 500 - "-" "Mozilla/5.0 (compatible; SemrushBot/7~bl; +http://www.semrush.com/bot.html)" "mantech8.com"
185.191.171.45 - - [12/Oct/2022:12:47:14 -0700] "GET /index.php/camp-fire/32985555.html HTTP/1.1" 500 - "-" "Mozilla/5.0 (compatible; SemrushBot/7~bl; +http://www.semrush.com/bot.html)" "mantech8.com"
185.191.171.35 - - [12/Oct/2022:12:47:18 -0700] "GET /index.php/camp-fire/39836002.html HTTP/1.1" 500 - "-" "Mozilla/5.0 (compatible; SemrushBot/7~bl; +http://www.semrush.com/bot.html)" "mantech8.com"
185.191.171.11 - - [12/Oct/2022:12:47:33 -0700] "GET /index.php/camp-fire/4400498.html HTTP/1.1" 500 - "-" "Mozilla/5.0 (compatible; SemrushBot/7~bl; +http://www.semrush.com/bot.html)" "mantech8.com"
105.213.112.153 - - [12/Oct/2022:12:47:49 -0700] "GET /contact.php HTTP/1.1" 200 29238 "http://mantech8.com/contact.php" "Mozilla/5.0 (Windows NT 10.0; Win64; x64) AppleWebKit/537.36 (KHTML, like Gecko) Chrome/90.0.4430.72 Safari/537.36 Edg/90.0.818.42" "mantech8.com"
105.213.112.153 - - [12/Oct/2022:12:47:51 -0700] "POST /mailer.php HTTP/1.1" 500 - "http://mantech8.com/contact.php" "Mozilla/5.0 (Windows NT 10.0; Win64; x64) AppleWebKit/537.36 (KHTML, like Gecko) Chrome/90.0.4430.72 Safari/537.36 Edg/90.0.818.42" "mantech8.com"
185.191.171.38 - - [12/Oct/2022:12:48:30 -0700] "GET /index.php/camp-fire/31844771.html HTTP/1.1" 500 - "-" "Mozilla/5.0 (compatible; SemrushBot/7~bl; +http://www.semrush.com/bot.html)" "mantech8.com"
185.191.171.25 - - [12/Oct/2022:12:49:36 -0700] "GET /index.php/camp-fire/50758235.html HTTP/1.1" 500 - "-" "Mozilla/5.0 (compatible; SemrushBot/7~bl; +http://www.semrush.com/bot.html)" "mantech8.com"
185.191.171.11 - - [12/Oct/2022:12:50:14 -0700] "GET /index.php/camp-fire/44262325.html HTTP/1.1" 500 - "-" "Mozilla/5.0 (compatible; SemrushBot/7~bl; +http://www.semrush.com/bot.html)" "mantech8.com"
158.69.119.16 - - [12/Oct/2022:12:50:19 -0700] "GET /index.php?camp-fire/98409469.html HTTP/1.1" 500 - "https://www.mantech8.com/index.php?camp-fire/98409469.html" "Mozilla/5.0 (Windows NT 6.1; Win64; x64) AppleWebKit/537.36 (KHTML, like Gecko) Chrome/90.0.4430.93 Safari/537.36" "www.mantech8.com"
158.69.119.16 - - [12/Oct/2022:12:50:19 -0700] "GET / HTTP/1.1" 500 - "https://www.mantech8.com/" "Mozilla/5.0 (Windows NT 6.1; Win64; x64) AppleWebKit/537.36 (KHTML, like Gecko) Chrome/90.0.4430.93 Safari/537.36" "www.mantech8.com"
185.191.171.11 - - [12/Oct/2022:12:51:14 -0700] "GET /index.php/camp-fire/39912641.html HTTP/1.1" 500 - "-" "Mozilla/5.0 (compatible; SemrushBot/7~bl; +http://www.semrush.com/bot.html)" "mantech8.com"
185.191.171.26 - - [12/Oct/2022:12:51:31 -0700] "GET /index.php/camp-fire/4577996.html HTTP/1.1" 500 - "-" "Mozilla/5.0 (compatible; SemrushBot/7~bl; +http://www.semrush.com/bot.html)" "mantech8.com"
185.191.171.44 - - [12/Oct/2022:12:51:36 -0700] "GET /index.php/camp-fire/44446125.html HTTP/1.1" 500 - "-" "Mozilla/5.0 (compatible; SemrushBot/7~bl; +http://www.semrush.com/bot.html)" "mantech8.com"
185.191.171.39 - - [12/Oct/2022:12:51:38 -0700] "GET /index.php/camp-fire/9267108.html HTTP/1.1" 500 - "-" "Mozilla/5.0 (compatible; SemrushBot/7~bl; +http://www.semrush.com/bot.html)" "mantech8.com"
185.191.171.14 - - [12/Oct/2022:12:51:46 -0700] "GET /index.php/camp-fire/27062247.html HTTP/1.1" 500 - "-" "Mozilla/5.0 (compatible; SemrushBot/7~bl; +http://www.semrush.com/bot.html)" "mantech8.com"
185.191.171.35 - - [12/Oct/2022:12:51:47 -0700] "GET /index.php/camp-fire/35375356.html HTTP/1.1" 500 - "-" "Mozilla/5.0 (compatible; SemrushBot/7~bl; +http://www.semrush.com/bot.html)" "mantech8.com"
185.191.171.33 - - [12/Oct/2022:12:51:50 -0700] "GET /index.php/camp-fire/7631521.html HTTP/1.1" 500 - "-" "Mozilla/5.0 (compatible; SemrushBot/7~bl; +http://www.semrush.com/bot.html)" "mantech8.com"
185.191.171.18 - - [12/Oct/2022:12:52:05 -0700] "GET /index.php/camp-fire/38081572.html HTTP/1.1" 500 - "-" "Mozilla/5.0 (compatible; SemrushBot/7~bl; +http://www.semrush.com/bot.html)" "mantech8.com"
185.191.171.17 - - [12/Oct/2022:12:52:10 -0700] "GET /index.php/camp-fire/33159308.html HTTP/1.1" 500 - "-" "Mozilla/5.0 (compatible; SemrushBot/7~bl; +http://www.semrush.com/bot.html)" "mantech8.com"
185.191.171.24 - - [12/Oct/2022:12:52:43 -0700] "GET /index.php/camp-fire/31112376.html HTTP/1.1" 500 - "-" "Mozilla/5.0 (compatible; SemrushBot/7~bl; +http://www.semrush.com/bot.html)" "mantech8.com"
185.191.171.11 - - [12/Oct/2022:12:54:31 -0700] "GET /index.php/camp-fire/45221878.html HTTP/1.1" 500 - "-" "Mozilla/5.0 (compatible; SemrushBot/7~bl; +http://www.semrush.com/bot.html)" "mantech8.com"
185.191.171.18 - - [12/Oct/2022:12:54:39 -0700] "GET /index.php/camp-fire/33800408.html HTTP/1.1" 500 - "-" "Mozilla/5.0 (compatible; SemrushBot/7~bl; +http://www.semrush.com/bot.html)" "mantech8.com"
185.191.171.44 - - [12/Oct/2022:12:55:00 -0700] "GET /index.php/camp-fire/32637526.html HTTP/1.1" 500 - "-" "Mozilla/5.0 (compatible; SemrushBot/7~bl; +http://www.semrush.com/bot.html)" "mantech8.com"
40.77.167.72 - - [12/Oct/2022:12:55:39 -0700] "GET /index.php?camp-fire/38250125.html HTTP/1.1" 200 68586 "-" "Mozilla/5.0 (compatible; bingbot/2.0; +http://www.bing.com/bingbot.htm)" "mantech8.com"
185.191.171.33 - - [12/Oct/2022:12:56:27 -0700] "GET /index.php/camp-fire/30834182.html HTTP/1.1" 500 - "-" "Mozilla/5.0 (compatible; SemrushBot/7~bl; +http://www.semrush.com/bot.html)" "mantech8.com"
185.191.171.26 - - [12/Oct/2022:12:56:32 -0700] "GET /index.php/camp-fire/3428800.html HTTP/1.1" 500 - "-" "Mozilla/5.0 (compatible; SemrushBot/7~bl; +http://www.semrush.com/bot.html)" "mantech8.com"
185.191.171.23 - - [12/Oct/2022:12:56:59 -0700] "GET /index.php/camp-fire/8731459.html HTTP/1.1" 500 - "-" "Mozilla/5.0 (compatible; SemrushBot/7~bl; +http://www.semrush.com/bot.html)" "mantech8.com"
185.191.171.38 - - [12/Oct/2022:12:57:03 -0700] "GET /index.php/camp-fire/18149661.html HTTP/1.1" 500 - "-" "Mozilla/5.0 (compatible; SemrushBot/7~bl; +http://www.semrush.com/bot.html)" "mantech8.com"
185.191.171.24 - - [12/Oct/2022:12:57:06 -0700] "GET /index.php/camp-fire/5196796.html HTTP/1.1" 500 - "-" "Mozilla/5.0 (compatible; SemrushBot/7~bl; +http://www.semrush.com/bot.html)" "mantech8.com"
185.191.171.15 - - [12/Oct/2022:12:57:59 -0700] "GET /index.php/camp-fire/33346216.html HTTP/1.1" 500 - "-" "Mozilla/5.0 (compatible; SemrushBot/7~bl; +http://www.semrush.com/bot.html)" "mantech8.com"
185.191.171.33 - - [12/Oct/2022:12:58:01 -0700] "GET /index.php/camp-fire/36095376.html HTTP/1.1" 500 - "-" "Mozilla/5.0 (compatible; SemrushBot/7~bl; +http://www.semrush.com/bot.html)" "mantech8.com"
185.191.171.11 - - [12/Oct/2022:12:59:15 -0700] "GET /index.php/camp-fire/41908903.html HTTP/1.1" 500 - "-" "Mozilla/5.0 (compatible; SemrushBot/7~bl; +http://www.semrush.com/bot.html)" "mantech8.com"
185.191.171.10 - - [12/Oct/2022:12:59:21 -0700] "GET /index.php/camp-fire/27748332.html HTTP/1.1" 500 - "-" "Mozilla/5.0 (compatible; SemrushBot/7~bl; +http://www.semrush.com/bot.html)" "mantech8.com"
185.191.171.17 - - [12/Oct/2022:12:59:28 -0700] "GET /index.php/camp-fire/7591000.html HTTP/1.1" 500 - "-" "Mozilla/5.0 (compatible; SemrushBot/7~bl; +http://www.semrush.com/bot.html)" "mantech8.com"
185.191.171.4 - - [12/Oct/2022:12:59:35 -0700] "GET /index.php/camp-fire/42102149.html HTTP/1.1" 500 - "-" "Mozilla/5.0 (compatible; SemrushBot/7~bl; +http://www.semrush.com/bot.html)" "mantech8.com"
185.191.171.1 - - [12/Oct/2022:12:59:41 -0700] "GET /index.php/camp-fire/73780196.html HTTP/1.1" 500 - "-" "Mozilla/5.0 (compatible; SemrushBot/7~bl; +http://www.semrush.com/bot.html)" "mantech8.com"
178.130.110.215 - - [12/Oct/2022:13:00:08 -0700] "GET /contact.php HTTP/1.1" 200 29238 "http://mantech8.com/contact.php" "Mozilla/5.0 (Windows NT 6.3; Win64; x64) AppleWebKit/537.36 (KHTML, like Gecko) Chrome/90.0.4430.85 Safari/537.36 Edg/90.0.818.46" "mantech8.com"
185.191.171.19 - - [12/Oct/2022:13:00:12 -0700] "GET /index.php/camp-fire/8438478.html HTTP/1.1" 500 - "-" "Mozilla/5.0 (compatible; SemrushBot/7~bl; +http://www.semrush.com/bot.html)" "mantech8.com"
178.130.110.215 - - [12/Oct/2022:13:00:20 -0700] "POST /mailer.php HTTP/1.1" 500 - "http://mantech8.com/contact.php" "Mozilla/5.0 (Windows NT 6.3; Win64; x64) AppleWebKit/537.36 (KHTML, like Gecko) Chrome/90.0.4430.85 Safari/537.36 Edg/90.0.818.46" "mantech8.com"
185.191.171.10 - - [12/Oct/2022:13:01:22 -0700] "GET /index.php/camp-fire/3266498.html HTTP/1.1" 500 - "-" "Mozilla/5.0 (compatible; SemrushBot/7~bl; +http://www.semrush.com/bot.html)" "mantech8.com"
185.191.171.4 - - [12/Oct/2022:13:02:11 -0700] "GET /index.php/camp-fire/41710971.html HTTP/1.1" 500 - "-" "Mozilla/5.0 (compatible; SemrushBot/7~bl; +http://www.semrush.com/bot.html)" "mantech8.com"
185.191.171.43 - - [12/Oct/2022:13:02:37 -0700] "GET /index.php/camp-fire/4447485.html HTTP/1.1" 500 - "-" "Mozilla/5.0 (compatible; SemrushBot/7~bl; +http://www.semrush.com/bot.html)" "mantech8.com"
185.191.171.33 - - [12/Oct/2022:13:02:39 -0700] "GET /index.php/camp-fire/5852272.html HTTP/1.1" 500 - "-" "Mozilla/5.0 (compatible; SemrushBot/7~bl; +http://www.semrush.com/bot.html)" "mantech8.com"
185.191.171.16 - - [12/Oct/2022:13:02:57 -0700] "GET /index.php/camp-fire/35519425.html HTTP/1.1" 500 - "-" "Mozilla/5.0 (compatible; SemrushBot/7~bl; +http://www.semrush.com/bot.html)" "mantech8.com"
185.191.171.26 - - [12/Oct/2022:13:03:06 -0700] "GET /index.php/camp-fire/5484255.html HTTP/1.1" 500 - "-" "Mozilla/5.0 (compatible; SemrushBot/7~bl; +http://www.semrush.com/bot.html)" "mantech8.com"
185.191.171.1 - - [12/Oct/2022:13:03:20 -0700] "GET /index.php/camp-fire/35271563.html HTTP/1.1" 500 - "-" "Mozilla/5.0 (compatible; SemrushBot/7~bl; +http://www.semrush.com/bot.html)" "mantech8.com"
185.191.171.13 - - [12/Oct/2022:13:03:23 -0700] "GET /index.php/camp-fire/37279935.html HTTP/1.1" 500 - "-" "Mozilla/5.0 (compatible; SemrushBot/7~bl; +http://www.semrush.com/bot.html)" "mantech8.com"
158.69.119.16 - - [12/Oct/2022:13:03:56 -0700] "GET /index.php?camp-fire/98409469.html HTTP/1.1" 500 - "https://www.mantech8.com/index.php?camp-fire/98409469.html" "Mozilla/5.0 (Windows NT 10.0; Win64; x64) AppleWebKit/537.36 (KHTML, like Gecko) Chrome/90.0.4430.72 Safari/537.36 Edg/90.0.818.42" "www.mantech8.com"
158.69.119.16 - - [12/Oct/2022:13:03:57 -0700] "GET / HTTP/1.1" 500 - "https://www.mantech8.com/" "Mozilla/5.0 (Windows NT 10.0; Win64; x64) AppleWebKit/537.36 (KHTML, like Gecko) Chrome/90.0.4430.72 Safari/537.36 Edg/90.0.818.42" "www.mantech8.com"
185.191.171.7 - - [12/Oct/2022:13:04:11 -0700] "GET /index.php/camp-fire/41409671.html HTTP/1.1" 500 - "-" "Mozilla/5.0 (compatible; SemrushBot/7~bl; +http://www.semrush.com/bot.html)" "mantech8.com"
185.191.171.23 - - [12/Oct/2022:13:04:15 -0700] "GET /index.php/camp-fire/40165488.html HTTP/1.1" 500 - "-" "Mozilla/5.0 (compatible; SemrushBot/7~bl; +http://www.semrush.com/bot.html)" "mantech8.com"
185.191.171.9 - - [12/Oct/2022:13:05:55 -0700] "GET /index.php/camp-fire/27476926.html HTTP/1.1" 500 - "-" "Mozilla/5.0 (compatible; SemrushBot/7~bl; +http://www.semrush.com/bot.html)" "mantech8.com"
194.110.203.46 - - [12/Oct/2022:13:06:05 -0700] "GET /site.tar HTTP/1.1" 404 73 "-" "Firefox" "mantech8.com"
185.191.171.11 - - [12/Oct/2022:13:06:22 -0700] "GET /index.php/camp-fire/43254416.html HTTP/1.1" 500 - "-" "Mozilla/5.0 (compatible; SemrushBot/7~bl; +http://www.semrush.com/bot.html)" "mantech8.com"
185.191.171.1 - - [12/Oct/2022:13:06:57 -0700] "GET /index.php/camp-fire/30639155.html HTTP/1.1" 500 - "-" "Mozilla/5.0 (compatible; SemrushBot/7~bl; +http://www.semrush.com/bot.html)" "mantech8.com"
185.191.171.38 - - [12/Oct/2022:13:07:29 -0700] "GET /index.php/camp-fire/36598864.html HTTP/1.1" 500 - "-" "Mozilla/5.0 (compatible; SemrushBot/7~bl; +http://www.semrush.com/bot.html)" "mantech8.com"
185.191.171.33 - - [12/Oct/2022:13:07:57 -0700] "GET /robots.txt HTTP/1.1" 200 106 "-" "Mozilla/5.0 (compatible; SemrushBot/7~bl; +http://www.semrush.com/bot.html)" "mantech8.com"
185.191.171.25 - - [12/Oct/2022:13:07:58 -0700] "GET /index.php/camp-fire/25104230.html HTTP/1.1" 500 - "-" "Mozilla/5.0 (compatible; SemrushBot/7~bl; +http://www.semrush.com/bot.html)" "mantech8.com"
185.191.171.37 - - [12/Oct/2022:13:08:45 -0700] "GET /index.php/camp-fire/39936602.html HTTP/1.1" 500 - "-" "Mozilla/5.0 (compatible; SemrushBot/7~bl; +http://www.semrush.com/bot.html)" "mantech8.com"
185.191.171.37 - - [12/Oct/2022:13:09:29 -0700] "GET /index.php/camp-fire/48694450.html HTTP/1.1" 500 - "-" "Mozilla/5.0 (compatible; SemrushBot/7~bl; +http://www.semrush.com/bot.html)" "mantech8.com"
185.191.171.9 - - [12/Oct/2022:13:09:39 -0700] "GET /index.php/camp-fire/28839666.html HTTP/1.1" 500 - "-" "Mozilla/5.0 (compatible; SemrushBot/7~bl; +http://www.semrush.com/bot.html)" "mantech8.com"
185.191.171.23 - - [12/Oct/2022:13:09:43 -0700] "GET /index.php/camp-fire/4290974.html HTTP/1.1" 500 - "-" "Mozilla/5.0 (compatible; SemrushBot/7~bl; +http://www.semrush.com/bot.html)" "mantech8.com"
185.191.171.9 - - [12/Oct/2022:13:09:46 -0700] "GET /index.php/camp-fire/31558547.html HTTP/1.1" 500 - "-" "Mozilla/5.0 (compatible; SemrushBot/7~bl; +http://www.semrush.com/bot.html)" "mantech8.com"
185.191.171.12 - - [12/Oct/2022:13:10:27 -0700] "GET /index.php/camp-fire/4091565.html HTTP/1.1" 500 - "-" "Mozilla/5.0 (compatible; SemrushBot/7~bl; +http://www.semrush.com/bot.html)" "mantech8.com"
207.46.13.184 - - [12/Oct/2022:13:10:31 -0700] "GET /bimages/gallery/thump/pb11.jpg HTTP/1.1" 200 405405 "-" "Mozilla/5.0 AppleWebKit/537.36 (KHTML, like Gecko; compatible; bingbot/2.0; +http://www.bing.com/bingbot.htm) Chrome/103.0.5060.134 Safari/537.36" "mantech8.com"
185.191.171.25 - - [12/Oct/2022:13:10:47 -0700] "GET /index.php/camp-fire/41318978.html HTTP/1.1" 500 - "-" "Mozilla/5.0 (compatible; SemrushBot/7~bl; +http://www.semrush.com/bot.html)" "mantech8.com"
185.191.171.39 - - [12/Oct/2022:13:11:36 -0700] "GET /index.php/camp-fire/3138151.html HTTP/1.1" 500 - "-" "Mozilla/5.0 (compatible; SemrushBot/7~bl; +http://www.semrush.com/bot.html)" "mantech8.com"
185.191.171.8 - - [12/Oct/2022:13:12:02 -0700] "GET /index.php/camp-fire/9150059.html HTTP/1.1" 500 - "-" "Mozilla/5.0 (compatible; SemrushBot/7~bl; +http://www.semrush.com/bot.html)" "mantech8.com"
185.191.171.14 - - [12/Oct/2022:13:12:26 -0700] "GET /index.php/camp-fire/5784377.html HTTP/1.1" 500 - "-" "Mozilla/5.0 (compatible; SemrushBot/7~bl; +http://www.semrush.com/bot.html)" "mantech8.com"
185.191.171.11 - - [12/Oct/2022:13:12:42 -0700] "GET /index.php/camp-fire/35735225.html HTTP/1.1" 500 - "-" "Mozilla/5.0 (compatible; SemrushBot/7~bl; +http://www.semrush.com/bot.html)" "mantech8.com"
185.191.171.22 - - [12/Oct/2022:13:12:52 -0700] "GET /index.php/camp-fire/48119459.html HTTP/1.1" 500 - "-" "Mozilla/5.0 (compatible; SemrushBot/7~bl; +http://www.semrush.com/bot.html)" "mantech8.com"
185.191.171.24 - - [12/Oct/2022:13:12:57 -0700] "GET /index.php/camp-fire/64358617.html HTTP/1.1" 500 - "-" "Mozilla/5.0 (compatible; SemrushBot/7~bl; +http://www.semrush.com/bot.html)" "mantech8.com"
185.191.171.13 - - [12/Oct/2022:13:13:08 -0700] "GET /index.php/camp-fire/33608906.html HTTP/1.1" 500 - "-" "Mozilla/5.0 (compatible; SemrushBot/7~bl; +http://www.semrush.com/bot.html)" "mantech8.com"
185.191.171.26 - - [12/Oct/2022:13:13:46 -0700] "GET /index.php/camp-fire/46570335.html HTTP/1.1" 500 - "-" "Mozilla/5.0 (compatible; SemrushBot/7~bl; +http://www.semrush.com/bot.html)" "mantech8.com"
66.249.66.16 - - [12/Oct/2022:13:14:42 -0700] "GET /images/favicon.ico HTTP/1.1" 200 241886 "-" "Googlebot-Image/1.0" "www.mantech8.com"
185.191.171.26 - - [12/Oct/2022:13:14:49 -0700] "GET /index.php/camp-fire/42165525.html HTTP/1.1" 500 - "-" "Mozilla/5.0 (compatible; SemrushBot/7~bl; +http://www.semrush.com/bot.html)" "mantech8.com"
185.191.171.4 - - [12/Oct/2022:13:14:54 -0700] "GET /index.php/camp-fire/27094063.html HTTP/1.1" 500 - "-" "Mozilla/5.0 (compatible; SemrushBot/7~bl; +http://www.semrush.com/bot.html)" "mantech8.com"
185.191.171.8 - - [12/Oct/2022:13:16:24 -0700] "GET /index.php/camp-fire/30652455.html HTTP/1.1" 500 - "-" "Mozilla/5.0 (compatible; SemrushBot/7~bl; +http://www.semrush.com/bot.html)" "mantech8.com"
185.191.171.8 - - [12/Oct/2022:13:16:43 -0700] "GET /index.php/camp-fire/40136788.html HTTP/1.1" 500 - "-" "Mozilla/5.0 (compatible; SemrushBot/7~bl; +http://www.semrush.com/bot.html)" "mantech8.com"
185.191.171.44 - - [12/Oct/2022:13:17:04 -0700] "GET /index.php/camp-fire/7607621.html HTTP/1.1" 500 - "-" "Mozilla/5.0 (compatible; SemrushBot/7~bl; +http://www.semrush.com/bot.html)" "mantech8.com"
42.193.221.45 - - [12/Oct/2022:13:17:55 -0700] "HEAD / HTTP/1.1" 500 - "-" "Mozilla/5.0 (Windows NT 10.0; Win64; x64) AppleWebKit/537.36 (KHTML, like Gecko) Chrome/80.0.3987.149 Safari/537.36" "mantech8.com"
42.193.221.45 - - [12/Oct/2022:13:17:55 -0700] "HEAD / HTTP/1.1" 500 - "-" "Mozilla/5.0 (Windows NT 10.0; Win64; x64) AppleWebKit/537.36 (KHTML, like Gecko) Chrome/80.0.3987.149 Safari/537.36" "mantech8.com"
42.193.221.45 - - [12/Oct/2022:13:17:56 -0700] "GET / HTTP/1.1" 500 - "-" "Mozilla/5.0 (Windows NT 10.0; Win64; x64) AppleWebKit/537.36 (KHTML, like Gecko) Chrome/80.0.3987.149 Safari/537.36" "mantech8.com"
185.191.171.19 - - [12/Oct/2022:13:18:03 -0700] "GET /index.php/camp-fire/4287898.html HTTP/1.1" 500 - "-" "Mozilla/5.0 (compatible; SemrushBot/7~bl; +http://www.semrush.com/bot.html)" "mantech8.com"
185.191.171.4 - - [12/Oct/2022:13:18:15 -0700] "GET /index.php/camp-fire/48234572.html HTTP/1.1" 500 - "-" "Mozilla/5.0 (compatible; SemrushBot/7~bl; +http://www.semrush.com/bot.html)" "mantech8.com"
185.191.171.45 - - [12/Oct/2022:13:19:20 -0700] "GET /index.php/camp-fire/35727416.html HTTP/1.1" 500 - "-" "Mozilla/5.0 (compatible; SemrushBot/7~bl; +http://www.semrush.com/bot.html)" "mantech8.com"
185.191.171.13 - - [12/Oct/2022:13:19:56 -0700] "GET /index.php/camp-fire/36075226.html HTTP/1.1" 500 - "-" "Mozilla/5.0 (compatible; SemrushBot/7~bl; +http://www.semrush.com/bot.html)" "mantech8.com"
185.191.171.44 - - [12/Oct/2022:13:20:01 -0700] "GET /index.php/camp-fire/42497503.html HTTP/1.1" 500 - "-" "Mozilla/5.0 (compatible; SemrushBot/7~bl; +http://www.semrush.com/bot.html)" "mantech8.com"
185.191.171.44 - - [12/Oct/2022:13:20:18 -0700] "GET /index.php/camp-fire/41525071.html HTTP/1.1" 500 - "-" "Mozilla/5.0 (compatible; SemrushBot/7~bl; +http://www.semrush.com/bot.html)" "mantech8.com"
185.191.171.39 - - [12/Oct/2022:13:20:21 -0700] "GET /index.php/camp-fire/27275070.html HTTP/1.1" 500 - "-" "Mozilla/5.0 (compatible; SemrushBot/7~bl; +http://www.semrush.com/bot.html)" "mantech8.com"
185.191.171.40 - - [12/Oct/2022:13:20:30 -0700] "GET /index.php/camp-fire/32834206.html HTTP/1.1" 500 - "-" "Mozilla/5.0 (compatible; SemrushBot/7~bl; +http://www.semrush.com/bot.html)" "mantech8.com"
185.191.171.44 - - [12/Oct/2022:13:20:40 -0700] "GET /index.php/camp-fire/20107284.html HTTP/1.1" 500 - "-" "Mozilla/5.0 (compatible; SemrushBot/7~bl; +http://www.semrush.com/bot.html)" "mantech8.com"
185.191.171.11 - - [12/Oct/2022:13:20:48 -0700] "GET /index.php/camp-fire/4261496.html HTTP/1.1" 500 - "-" "Mozilla/5.0 (compatible; SemrushBot/7~bl; +http://www.semrush.com/bot.html)" "mantech8.com"
185.191.171.17 - - [12/Oct/2022:13:20:49 -0700] "GET /index.php/camp-fire/42109249.html HTTP/1.1" 500 - "-" "Mozilla/5.0 (compatible; SemrushBot/7~bl; +http://www.semrush.com/bot.html)" "mantech8.com"
216.244.66.241 - - [12/Oct/2022:13:21:04 -0700] "GET /robots.txt HTTP/1.1" 200 222 "-" "Mozilla/5.0 (compatible; DotBot/1.2; +https://opensiteexplorer.org/dotbot; help@moz.com)" "www.mantech8.com"
216.244.66.241 - - [12/Oct/2022:13:21:04 -0700] "GET /robots.txt HTTP/1.1" 200 222 "-" "Mozilla/5.0 (compatible; DotBot/1.2; +https://opensiteexplorer.org/dotbot; help@moz.com)" "mantech8.com"
185.191.171.22 - - [12/Oct/2022:13:23:26 -0700] "GET /index.php/camp-fire/3265698.html HTTP/1.1" 500 - "-" "Mozilla/5.0 (compatible; SemrushBot/7~bl; +http://www.semrush.com/bot.html)" "mantech8.com"
185.191.171.14 - - [12/Oct/2022:13:23:59 -0700] "GET /index.php/camp-fire/7832880.html HTTP/1.1" 500 - "-" "Mozilla/5.0 (compatible; SemrushBot/7~bl; +http://www.semrush.com/bot.html)" "mantech8.com"
185.191.171.20 - - [12/Oct/2022:13:24:07 -0700] "GET /index.php/camp-fire/5590974.html HTTP/1.1" 500 - "-" "Mozilla/5.0 (compatible; SemrushBot/7~bl; +http://www.semrush.com/bot.html)" "mantech8.com"
114.119.133.158 - - [12/Oct/2022:13:24:10 -0700] "GET /index.php?ambrilidine.xml HTTP/1.1" 200 289343 "-" "Mozilla/5.0 (compatible;PetalBot;+https://webmaster.petalsearch.com/site/petalbot)" "mantech8.com"
185.191.171.17 - - [12/Oct/2022:13:24:31 -0700] "GET /index.php/camp-fire/27652071.html HTTP/1.1" 500 - "-" "Mozilla/5.0 (compatible; SemrushBot/7~bl; +http://www.semrush.com/bot.html)" "mantech8.com"
185.191.171.16 - - [12/Oct/2022:13:24:41 -0700] "GET /index.php/camp-fire/41507371.html HTTP/1.1" 500 - "-" "Mozilla/5.0 (compatible; SemrushBot/7~bl; +http://www.semrush.com/bot.html)" "mantech8.com"
185.191.171.13 - - [12/Oct/2022:13:24:48 -0700] "GET /index.php/camp-fire/5115929.html HTTP/1.1" 500 - "-" "Mozilla/5.0 (compatible; SemrushBot/7~bl; +http://www.semrush.com/bot.html)" "mantech8.com"
185.191.171.5 - - [12/Oct/2022:13:25:02 -0700] "GET /index.php/camp-fire/27584563.html HTTP/1.1" 500 - "-" "Mozilla/5.0 (compatible; SemrushBot/7~bl; +http://www.semrush.com/bot.html)" "mantech8.com"
185.191.171.21 - - [12/Oct/2022:13:25:23 -0700] "GET /index.php/camp-fire/55678938.html HTTP/1.1" 500 - "-" "Mozilla/5.0 (compatible; SemrushBot/7~bl; +http://www.semrush.com/bot.html)" "mantech8.com"
185.191.171.8 - - [12/Oct/2022:13:25:44 -0700] "GET /index.php/camp-fire/32238771.html HTTP/1.1" 500 - "-" "Mozilla/5.0 (compatible; SemrushBot/7~bl; +http://www.semrush.com/bot.html)" "mantech8.com"
185.191.171.3 - - [12/Oct/2022:13:26:21 -0700] "GET /index.php/camp-fire/27918993.html HTTP/1.1" 500 - "-" "Mozilla/5.0 (compatible; SemrushBot/7~bl; +http://www.semrush.com/bot.html)" "mantech8.com"
185.191.171.18 - - [12/Oct/2022:13:27:08 -0700] "GET /index.php/camp-fire/44152476.html HTTP/1.1" 500 - "-" "Mozilla/5.0 (compatible; SemrushBot/7~bl; +http://www.semrush.com/bot.html)" "mantech8.com"
185.191.171.3 - - [12/Oct/2022:13:27:14 -0700] "GET /index.php/camp-fire/27894021.html HTTP/1.1" 500 - "-" "Mozilla/5.0 (compatible; SemrushBot/7~bl; +http://www.semrush.com/bot.html)" "mantech8.com"
185.191.171.16 - - [12/Oct/2022:13:27:56 -0700] "GET /index.php/camp-fire/44103335.html HTTP/1.1" 500 - "-" "Mozilla/5.0 (compatible; SemrushBot/7~bl; +http://www.semrush.com/bot.html)" "mantech8.com"
185.191.171.41 - - [12/Oct/2022:13:28:07 -0700] "GET /index.php/camp-fire/23622706.html HTTP/1.1" 500 - "-" "Mozilla/5.0 (compatible; SemrushBot/7~bl; +http://www.semrush.com/bot.html)" "mantech8.com"
185.191.171.1 - - [12/Oct/2022:13:28:19 -0700] "GET /index.php/camp-fire/8344778.html HTTP/1.1" 500 - "-" "Mozilla/5.0 (compatible; SemrushBot/7~bl; +http://www.semrush.com/bot.html)" "mantech8.com"
185.191.171.45 - - [12/Oct/2022:13:29:19 -0700] "GET /index.php/camp-fire/19225680.html HTTP/1.1" 500 - "-" "Mozilla/5.0 (compatible; SemrushBot/7~bl; +http://www.semrush.com/bot.html)" "mantech8.com"
66.249.66.64 - - [12/Oct/2022:13:30:04 -0700] "GET /unpower.xml HTTP/1.1" 404 88 "-" "Mozilla/5.0 (compatible; Googlebot/2.1; +http://www.google.com/bot.html)" "mantech8.com"
185.191.171.38 - - [12/Oct/2022:13:30:27 -0700] "GET /index.php/camp-fire/33718608.html HTTP/1.1" 500 - "-" "Mozilla/5.0 (compatible; SemrushBot/7~bl; +http://www.semrush.com/bot.html)" "mantech8.com"
185.191.171.12 - - [12/Oct/2022:13:30:39 -0700] "GET /index.php/camp-fire/36274925.html HTTP/1.1" 500 - "-" "Mozilla/5.0 (compatible; SemrushBot/7~bl; +http://www.semrush.com/bot.html)" "mantech8.com"
185.191.171.3 - - [12/Oct/2022:13:31:00 -0700] "GET /index.php/camp-fire/33032330.html HTTP/1.1" 500 - "-" "Mozilla/5.0 (compatible; SemrushBot/7~bl; +http://www.semrush.com/bot.html)" "mantech8.com"
185.191.171.39 - - [12/Oct/2022:13:31:19 -0700] "GET /index.php/camp-fire/39236472.html HTTP/1.1" 500 - "-" "Mozilla/5.0 (compatible; SemrushBot/7~bl; +http://www.semrush.com/bot.html)" "mantech8.com"
185.191.171.1 - - [12/Oct/2022:13:31:23 -0700] "GET /index.php/camp-fire/33087316.html HTTP/1.1" 500 - "-" "Mozilla/5.0 (compatible; SemrushBot/7~bl; +http://www.semrush.com/bot.html)" "mantech8.com"
114.119.133.190 - - [12/Oct/2022:13:31:53 -0700] "GET /infuriates.xml HTTP/1.1" 404 88 "-" "Mozilla/5.0 (compatible;PetalBot;+https://webmaster.petalsearch.com/site/petalbot)" "mantech8.com"
185.191.171.22 - - [12/Oct/2022:13:32:21 -0700] "GET /index.php/camp-fire/43067559.html HTTP/1.1" 500 - "-" "Mozilla/5.0 (compatible; SemrushBot/7~bl; +http://www.semrush.com/bot.html)" "mantech8.com"
185.191.171.25 - - [12/Oct/2022:13:33:00 -0700] "GET /index.php/camp-fire/36258582.html HTTP/1.1" 500 - "-" "Mozilla/5.0 (compatible; SemrushBot/7~bl; +http://www.semrush.com/bot.html)" "mantech8.com"
185.191.171.40 - - [12/Oct/2022:13:34:10 -0700] "GET /index.php/camp-fire/4384096.html HTTP/1.1" 500 - "-" "Mozilla/5.0 (compatible; SemrushBot/7~bl; +http://www.semrush.com/bot.html)" "mantech8.com"
185.191.171.22 - - [12/Oct/2022:13:34:22 -0700] "GET /index.php/camp-fire/43754135.html HTTP/1.1" 500 - "-" "Mozilla/5.0 (compatible; SemrushBot/7~bl; +http://www.semrush.com/bot.html)" "mantech8.com"
185.191.171.16 - - [12/Oct/2022:13:35:19 -0700] "GET /index.php/camp-fire/39819302.html HTTP/1.1" 500 - "-" "Mozilla/5.0 (compatible; SemrushBot/7~bl; +http://www.semrush.com/bot.html)" "mantech8.com"
185.191.171.10 - - [12/Oct/2022:13:35:43 -0700] "GET /index.php/camp-fire/22669035.html HTTP/1.1" 500 - "-" "Mozilla/5.0 (compatible; SemrushBot/7~bl; +http://www.semrush.com/bot.html)" "mantech8.com"
185.191.171.34 - - [12/Oct/2022:13:36:01 -0700] "GET /index.php/camp-fire/40440450.html HTTP/1.1" 500 - "-" "Mozilla/5.0 (compatible; SemrushBot/7~bl; +http://www.semrush.com/bot.html)" "mantech8.com"
185.191.171.38 - - [12/Oct/2022:13:36:39 -0700] "GET /index.php/camp-fire/38123917.html HTTP/1.1" 500 - "-" "Mozilla/5.0 (compatible; SemrushBot/7~bl; +http://www.semrush.com/bot.html)" "mantech8.com"
51.89.255.212 - - [12/Oct/2022:13:36:48 -0700] "GET /wp-content/themes/seotheme/db.php?u HTTP/1.1" 404 88 "www.google.com" "Mozlila/5.0 (Linux; Android 7.0; SM-G892A Bulid/NRD90M; wv) AppleWebKit/537.36 (KHTML, like Gecko) Version/4.0 Chrome/60.0.3112.107 Moblie Safari/537.36" "mantech8.com"
51.89.255.212 - - [12/Oct/2022:13:36:50 -0700] "GET /wp-content/themes/seotheme/db.php?u HTTP/1.1" 404 88 "www.google.com" "Mozlila/5.0 (Linux; Android 7.0; SM-G892A Bulid/NRD90M; wv) AppleWebKit/537.36 (KHTML, like Gecko) Version/4.0 Chrome/60.0.3112.107 Moblie Safari/537.36" "mantech8.com"
185.191.171.23 - - [12/Oct/2022:13:36:55 -0700] "GET /index.php/camp-fire/39136417.html HTTP/1.1" 500 - "-" "Mozilla/5.0 (compatible; SemrushBot/7~bl; +http://www.semrush.com/bot.html)" "mantech8.com"
185.191.171.40 - - [12/Oct/2022:13:37:13 -0700] "GET /index.php/camp-fire/39780066.html HTTP/1.1" 500 - "-" "Mozilla/5.0 (compatible; SemrushBot/7~bl; +http://www.semrush.com/bot.html)" "mantech8.com"
185.191.171.12 - - [12/Oct/2022:13:37:48 -0700] "GET /index.php/camp-fire/8138578.html HTTP/1.1" 500 - "-" "Mozilla/5.0 (compatible; SemrushBot/7~bl; +http://www.semrush.com/bot.html)" "mantech8.com"
185.191.171.25 - - [12/Oct/2022:13:38:02 -0700] "GET /index.php/camp-fire/48837864.html HTTP/1.1" 500 - "-" "Mozilla/5.0 (compatible; SemrushBot/7~bl; +http://www.semrush.com/bot.html)" "mantech8.com"
185.191.171.2 - - [12/Oct/2022:13:38:12 -0700] "GET /index.php/camp-fire/42193549.html HTTP/1.1" 500 - "-" "Mozilla/5.0 (compatible; SemrushBot/7~bl; +http://www.semrush.com/bot.html)" "mantech8.com"
185.191.171.24 - - [12/Oct/2022:13:38:27 -0700] "GET /index.php/camp-fire/26780321.html HTTP/1.1" 500 - "-" "Mozilla/5.0 (compatible; SemrushBot/7~bl; +http://www.semrush.com/bot.html)" "mantech8.com"
185.191.171.36 - - [12/Oct/2022:13:38:28 -0700] "GET /index.php/camp-fire/37181478.html HTTP/1.1" 500 - "-" "Mozilla/5.0 (compatible; SemrushBot/7~bl; +http://www.semrush.com/bot.html)" "mantech8.com"
185.191.171.45 - - [12/Oct/2022:13:38:31 -0700] "GET /index.php/camp-fire/43394935.html HTTP/1.1" 500 - "-" "Mozilla/5.0 (compatible; SemrushBot/7~bl; +http://www.semrush.com/bot.html)" "mantech8.com"
185.191.171.1 - - [12/Oct/2022:13:39:25 -0700] "GET /index.php/camp-fire/93115306.html HTTP/1.1" 500 - "-" "Mozilla/5.0 (compatible; SemrushBot/7~bl; +http://www.semrush.com/bot.html)" "mantech8.com"
185.191.171.33 - - [12/Oct/2022:13:39:37 -0700] "GET /index.php/camp-fire/3695851.html HTTP/1.1" 500 - "-" "Mozilla/5.0 (compatible; SemrushBot/7~bl; +http://www.semrush.com/bot.html)" "mantech8.com"
185.191.171.24 - - [12/Oct/2022:13:39:56 -0700] "GET /index.php/camp-fire/4999778.html HTTP/1.1" 500 - "-" "Mozilla/5.0 (compatible; SemrushBot/7~bl; +http://www.semrush.com/bot.html)" "mantech8.com"
185.191.171.6 - - [12/Oct/2022:13:40:28 -0700] "GET /index.php/camp-fire/24555350.html HTTP/1.1" 500 - "-" "Mozilla/5.0 (compatible; SemrushBot/7~bl; +http://www.semrush.com/bot.html)" "mantech8.com"
87.250.224.110 - - [12/Oct/2022:13:40:36 -0700] "GET /robots.txt HTTP/1.1" 200 222 "-" "Mozilla/5.0 (compatible; YandexBot/3.0; +http://yandex.com/bots)" "mantech8.com"
213.180.203.88 - - [12/Oct/2022:13:40:40 -0700] "GET /index.php?sitemap32.xml HTTP/1.1" 200 289258 "-" "Mozilla/5.0 (compatible; YandexBot/3.0; +http://yandex.com/bots)" "mantech8.com"
87.250.224.196 - - [12/Oct/2022:13:40:44 -0700] "GET /?sitemap4708.xml HTTP/1.1" 200 270391 "-" "Mozilla/5.0 (compatible; YandexBot/3.0; +http://yandex.com/bots)" "mantech8.com"
87.250.224.110 - - [12/Oct/2022:13:40:47 -0700] "GET /sitemap17.xml HTTP/1.1" 404 88 "-" "Mozilla/5.0 (compatible; YandexBot/3.0; +http://yandex.com/bots)" "mantech8.com"
87.250.224.196 - - [12/Oct/2022:13:40:50 -0700] "GET /sitemap-index-7.xml HTTP/1.1" 404 88 "-" "Mozilla/5.0 (compatible; YandexBot/3.0; +http://yandex.com/bots)" "mantech8.com"
185.191.171.35 - - [12/Oct/2022:13:40:52 -0700] "GET /index.php/camp-fire/42176049.html HTTP/1.1" 500 - "-" "Mozilla/5.0 (compatible; SemrushBot/7~bl; +http://www.semrush.com/bot.html)" "mantech8.com"
213.180.203.88 - - [12/Oct/2022:13:41:24 -0700] "GET /?sitemap4274.xml HTTP/1.1" 200 270543 "-" "Mozilla/5.0 (compatible; YandexBot/3.0; +http://yandex.com/bots)" "mantech8.com"
87.250.224.196 - - [12/Oct/2022:13:41:27 -0700] "GET /index.php?sitemap667.xml HTTP/1.1" 200 289269 "-" "Mozilla/5.0 (compatible; YandexBot/3.0; +http://yandex.com/bots)" "mantech8.com"
213.180.203.88 - - [12/Oct/2022:13:41:30 -0700] "GET /index.php?sitemap699.xml HTTP/1.1" 200 289508 "-" "Mozilla/5.0 (compatible; YandexBot/3.0; +http://yandex.com/bots)" "mantech8.com"
87.250.224.196 - - [12/Oct/2022:13:41:32 -0700] "GET /index.php/sitemap8822.xml HTTP/1.1" 200 289349 "-" "Mozilla/5.0 (compatible; YandexBot/3.0; +http://yandex.com/bots)" "mantech8.com"
185.191.171.18 - - [12/Oct/2022:13:41:34 -0700] "GET /index.php/camp-fire/39440635.html HTTP/1.1" 500 - "-" "Mozilla/5.0 (compatible; SemrushBot/7~bl; +http://www.semrush.com/bot.html)" "mantech8.com"
87.250.224.196 - - [12/Oct/2022:13:41:35 -0700] "GET /index.php/sitemap1208.xml HTTP/1.1" 200 289320 "-" "Mozilla/5.0 (compatible; YandexBot/3.0; +http://yandex.com/bots)" "mantech8.com"
185.191.171.37 - - [12/Oct/2022:13:41:36 -0700] "GET /index.php/camp-fire/28301833.html HTTP/1.1" 500 - "-" "Mozilla/5.0 (compatible; SemrushBot/7~bl; +http://www.semrush.com/bot.html)" "mantech8.com"
213.180.203.88 - - [12/Oct/2022:13:41:37 -0700] "GET /index.php/sitemap6568.xml HTTP/1.1" 200 289226 "-" "Mozilla/5.0 (compatible; YandexBot/3.0; +http://yandex.com/bots)" "mantech8.com"
87.250.224.110 - - [12/Oct/2022:13:41:40 -0700] "GET /index.php?sitemap939.xml HTTP/1.1" 200 289288 "-" "Mozilla/5.0 (compatible; YandexBot/3.0; +http://yandex.com/bots)" "mantech8.com"
213.180.203.88 - - [12/Oct/2022:13:41:42 -0700] "GET /index.php/sitemap880.xml HTTP/1.1" 200 289331 "-" "Mozilla/5.0 (compatible; YandexBot/3.0; +http://yandex.com/bots)" "mantech8.com"
213.180.203.88 - - [12/Oct/2022:13:41:45 -0700] "GET /index.php/sitemap39650.xml HTTP/1.1" 200 289406 "-" "Mozilla/5.0 (compatible; YandexBot/3.0; +http://yandex.com/bots)" "mantech8.com"
87.250.224.110 - - [12/Oct/2022:13:41:47 -0700] "GET /index.php/sitemap7806.xml HTTP/1.1" 200 289384 "-" "Mozilla/5.0 (compatible; YandexBot/3.0; +http://yandex.com/bots)" "mantech8.com"
87.250.224.196 - - [12/Oct/2022:13:41:50 -0700] "GET /index.php/sitemap9196.xml HTTP/1.1" 200 289396 "-" "Mozilla/5.0 (compatible; YandexBot/3.0; +http://yandex.com/bots)" "mantech8.com"
87.250.224.196 - - [12/Oct/2022:13:42:02 -0700] "GET /index.php/sitemap761.xml HTTP/1.1" 200 289254 "-" "Mozilla/5.0 (compatible; YandexBot/3.0; +http://yandex.com/bots)" "mantech8.com"
87.250.224.196 - - [12/Oct/2022:13:42:04 -0700] "GET /index.php/sitemap9312.xml HTTP/1.1" 200 289334 "-" "Mozilla/5.0 (compatible; YandexBot/3.0; +http://yandex.com/bots)" "mantech8.com"
87.250.224.110 - - [12/Oct/2022:13:42:06 -0700] "GET /index.php/sitemap15.xml HTTP/1.1" 200 289455 "-" "Mozilla/5.0 (compatible; YandexBot/3.0; +http://yandex.com/bots)" "mantech8.com"
87.250.224.196 - - [12/Oct/2022:13:42:08 -0700] "GET /index.php?sitemap784.xml HTTP/1.1" 200 289306 "-" "Mozilla/5.0 (compatible; YandexBot/3.0; +http://yandex.com/bots)" "mantech8.com"
87.250.224.196 - - [12/Oct/2022:13:42:10 -0700] "GET /index.php/sitemap3117.xml HTTP/1.1" 200 289192 "-" "Mozilla/5.0 (compatible; YandexBot/3.0; +http://yandex.com/bots)" "mantech8.com"
213.180.203.88 - - [12/Oct/2022:13:42:12 -0700] "GET /?sitemap38304.xml HTTP/1.1" 200 270538 "-" "Mozilla/5.0 (compatible; YandexBot/3.0; +http://yandex.com/bots)" "mantech8.com"
87.250.224.196 - - [12/Oct/2022:13:42:13 -0700] "GET /index.php/sitemap712.xml HTTP/1.1" 200 289160 "-" "Mozilla/5.0 (compatible; YandexBot/3.0; +http://yandex.com/bots)" "mantech8.com"
87.250.224.196 - - [12/Oct/2022:13:42:16 -0700] "GET /index.php?sitemap7297.xml HTTP/1.1" 200 289213 "-" "Mozilla/5.0 (compatible; YandexBot/3.0; +http://yandex.com/bots)" "mantech8.com"
87.250.224.122 - - [12/Oct/2022:13:42:18 -0700] "GET /index.php/sitemap85.xml HTTP/1.1" 200 289449 "-" "Mozilla/5.0 (compatible; YandexBot/3.0; +http://yandex.com/bots)" "mantech8.com"
95.108.213.7 - - [12/Oct/2022:13:42:20 -0700] "GET /index.php/sitemap925.xml HTTP/1.1" 200 289362 "-" "Mozilla/5.0 (compatible; YandexBot/3.0; +http://yandex.com/bots)" "mantech8.com"
5.45.207.94 - - [12/Oct/2022:13:42:21 -0700] "GET /index.php?sitemap9587.xml HTTP/1.1" 200 289303 "-" "Mozilla/5.0 (compatible; YandexBot/3.0; +http://yandex.com/bots)" "mantech8.com"
87.250.224.127 - - [12/Oct/2022:13:42:23 -0700] "GET /index.php?sitemap9587.xml HTTP/1.1" 200 289303 "-" "Mozilla/5.0 (compatible; YandexBot/3.0; +http://yandex.com/bots)" "mantech8.com"
213.180.203.89 - - [12/Oct/2022:13:42:32 -0700] "GET /index.php/sitemap3102.xml HTTP/1.1" 200 289390 "-" "Mozilla/5.0 (compatible; YandexBot/3.0; +http://yandex.com/bots)" "mantech8.com"
95.108.213.49 - - [12/Oct/2022:13:42:33 -0700] "GET /sitemap9088.xml HTTP/1.1" 404 88 "-" "Mozilla/5.0 (compatible; YandexBot/3.0; +http://yandex.com/bots)" "mantech8.com"
87.250.224.122 - - [12/Oct/2022:13:42:35 -0700] "GET /index.php/sitemap593.xml HTTP/1.1" 200 289322 "-" "Mozilla/5.0 (compatible; YandexBot/3.0; +http://yandex.com/bots)" "mantech8.com"
5.45.207.94 - - [12/Oct/2022:13:42:37 -0700] "GET /index.php?sitemap1050.xml HTTP/1.1" 200 289190 "-" "Mozilla/5.0 (compatible; YandexBot/3.0; +http://yandex.com/bots)" "mantech8.com"
213.180.203.88 - - [12/Oct/2022:13:42:39 -0700] "GET /index.php/sitemap61.xml HTTP/1.1" 200 289371 "-" "Mozilla/5.0 (compatible; YandexBot/3.0; +http://yandex.com/bots)" "mantech8.com"
87.250.224.40 - - [12/Oct/2022:13:42:41 -0700] "GET /?sitemap787.xml HTTP/1.1" 200 270537 "-" "Mozilla/5.0 (compatible; YandexBot/3.0; +http://yandex.com/bots)" "mantech8.com"
185.191.171.44 - - [12/Oct/2022:13:42:44 -0700] "GET /index.php/camp-fire/28833135.html HTTP/1.1" 500 - "-" "Mozilla/5.0 (compatible; SemrushBot/7~bl; +http://www.semrush.com/bot.html)" "mantech8.com"
95.108.213.43 - - [12/Oct/2022:13:42:44 -0700] "GET /index.php?sitemap432.xml HTTP/1.1" 200 289071 "-" "Mozilla/5.0 (compatible; YandexBot/3.0; +http://yandex.com/bots)" "mantech8.com"
87.250.224.63 - - [12/Oct/2022:13:42:46 -0700] "GET /index.php/sitemap16551.xml HTTP/1.1" 200 289467 "-" "Mozilla/5.0 (compatible; YandexBot/3.0; +http://yandex.com/bots)" "mantech8.com"
5.45.207.94 - - [12/Oct/2022:13:42:47 -0700] "GET /index.php/sitemap11227.xml HTTP/1.1" 200 289377 "-" "Mozilla/5.0 (compatible; YandexBot/3.0; +http://yandex.com/bots)" "mantech8.com"
87.250.224.110 - - [12/Oct/2022:13:42:49 -0700] "GET /index.php?sitemap39698.xml HTTP/1.1" 200 289389 "-" "Mozilla/5.0 (compatible; YandexBot/3.0; +http://yandex.com/bots)" "mantech8.com"
185.191.171.6 - - [12/Oct/2022:13:42:49 -0700] "GET /index.php/camp-fire/35171621.html HTTP/1.1" 500 - "-" "Mozilla/5.0 (compatible; SemrushBot/7~bl; +http://www.semrush.com/bot.html)" "mantech8.com"
213.180.203.88 - - [12/Oct/2022:13:42:51 -0700] "GET /index.php/sitemap298.xml HTTP/1.1" 200 289503 "-" "Mozilla/5.0 (compatible; YandexBot/3.0; +http://yandex.com/bots)" "mantech8.com"
185.191.171.11 - - [12/Oct/2022:13:42:54 -0700] "GET /index.php/camp-fire/37125425.html HTTP/1.1" 500 - "-" "Mozilla/5.0 (compatible; SemrushBot/7~bl; +http://www.semrush.com/bot.html)" "mantech8.com"
87.250.224.196 - - [12/Oct/2022:13:42:53 -0700] "GET /index.php/sitemap438.xml HTTP/1.1" 200 289333 "-" "Mozilla/5.0 (compatible; YandexBot/3.0; +http://yandex.com/bots)" "mantech8.com"
213.180.203.88 - - [12/Oct/2022:13:42:56 -0700] "GET /index.php/sitemap60.xml HTTP/1.1" 200 289480 "-" "Mozilla/5.0 (compatible; YandexBot/3.0; +http://yandex.com/bots)" "mantech8.com"
87.250.224.110 - - [12/Oct/2022:13:42:57 -0700] "GET /index.php?sitemap179.xml HTTP/1.1" 200 289304 "-" "Mozilla/5.0 (compatible; YandexBot/3.0; +http://yandex.com/bots)" "mantech8.com"
87.250.224.110 - - [12/Oct/2022:13:42:59 -0700] "GET /index.php/sitemap799.xml HTTP/1.1" 200 289379 "-" "Mozilla/5.0 (compatible; YandexBot/3.0; +http://yandex.com/bots)" "mantech8.com"
87.250.224.196 - - [12/Oct/2022:13:43:01 -0700] "GET /index.php?sitemap6678.xml HTTP/1.1" 200 289416 "-" "Mozilla/5.0 (compatible; YandexBot/3.0; +http://yandex.com/bots)" "mantech8.com"
87.250.224.196 - - [12/Oct/2022:13:43:03 -0700] "GET /index.php?sitemap20662.xml HTTP/1.1" 200 289391 "-" "Mozilla/5.0 (compatible; YandexBot/3.0; +http://yandex.com/bots)" "mantech8.com"
87.250.224.110 - - [12/Oct/2022:13:43:04 -0700] "GET /index.php/sitemap5389.xml HTTP/1.1" 200 289377 "-" "Mozilla/5.0 (compatible; YandexBot/3.0; +http://yandex.com/bots)" "mantech8.com"
87.250.224.196 - - [12/Oct/2022:13:43:06 -0700] "GET /index.php/sitemap782.xml HTTP/1.1" 200 289263 "-" "Mozilla/5.0 (compatible; YandexBot/3.0; +http://yandex.com/bots)" "mantech8.com"
213.180.203.88 - - [12/Oct/2022:13:43:07 -0700] "GET /index.php?sitemap52056.xml HTTP/1.1" 200 289380 "-" "Mozilla/5.0 (compatible; YandexBot/3.0; +http://yandex.com/bots)" "mantech8.com"
87.250.224.110 - - [12/Oct/2022:13:43:09 -0700] "GET /index.php/sitemap656.xml HTTP/1.1" 200 289360 "-" "Mozilla/5.0 (compatible; YandexBot/3.0; +http://yandex.com/bots)" "mantech8.com"
95.108.213.57 - - [12/Oct/2022:13:43:11 -0700] "GET /index.php?sitemap113.xml HTTP/1.1" 200 289317 "-" "Mozilla/5.0 (compatible; YandexBot/3.0; +http://yandex.com/bots)" "mantech8.com"
185.191.171.17 - - [12/Oct/2022:13:43:12 -0700] "GET /index.php/camp-fire/30953735.html HTTP/1.1" 500 - "-" "Mozilla/5.0 (compatible; SemrushBot/7~bl; +http://www.semrush.com/bot.html)" "mantech8.com"
5.45.207.116 - - [12/Oct/2022:13:43:19 -0700] "GET /index.php?sitemap4320.xml HTTP/1.1" 200 289467 "-" "Mozilla/5.0 (compatible; YandexBot/3.0; +http://yandex.com/bots)" "mantech8.com"
87.250.224.53 - - [12/Oct/2022:13:43:22 -0700] "GET /index.php?sitemap910.xml HTTP/1.1" 200 289193 "-" "Mozilla/5.0 (compatible; YandexBot/3.0; +http://yandex.com/bots)" "mantech8.com"
5.255.231.246 - - [12/Oct/2022:13:43:24 -0700] "GET /index.php?sitemap910.xml HTTP/1.1" 200 289193 "-" "Mozilla/5.0 (compatible; YandexBot/3.0; +http://yandex.com/bots)" "mantech8.com"
213.180.203.88 - - [12/Oct/2022:13:43:27 -0700] "GET /index.php/sitemap2912.xml HTTP/1.1" 200 289341 "-" "Mozilla/5.0 (compatible; YandexBot/3.0; +http://yandex.com/bots)" "mantech8.com"
95.108.213.57 - - [12/Oct/2022:13:43:29 -0700] "GET /index.php/sitemap8997.xml HTTP/1.1" 200 289426 "-" "Mozilla/5.0 (compatible; YandexBot/3.0; +http://yandex.com/bots)" "mantech8.com"
87.250.224.21 - - [12/Oct/2022:13:43:32 -0700] "GET /index.php/sitemap110.xml HTTP/1.1" 200 289115 "-" "Mozilla/5.0 (compatible; YandexBot/3.0; +http://yandex.com/bots)" "mantech8.com"
87.250.224.188 - - [12/Oct/2022:13:43:33 -0700] "GET /index.php/sitemap2191.xml HTTP/1.1" 200 289337 "-" "Mozilla/5.0 (compatible; YandexBot/3.0; +http://yandex.com/bots)" "mantech8.com"
5.255.253.172 - - [12/Oct/2022:13:43:35 -0700] "GET /index.php/sitemap3662.xml HTTP/1.1" 200 289209 "-" "Mozilla/5.0 (compatible; YandexBot/3.0; +http://yandex.com/bots)" "mantech8.com"
95.108.213.43 - - [12/Oct/2022:13:43:36 -0700] "GET /index.php/sitemap219.xml HTTP/1.1" 200 289161 "-" "Mozilla/5.0 (compatible; YandexBot/3.0; +http://yandex.com/bots)" "mantech8.com"
213.180.203.89 - - [12/Oct/2022:13:43:39 -0700] "GET /index.php/sitemap90.xml HTTP/1.1" 200 289248 "-" "Mozilla/5.0 (compatible; YandexBot/3.0; +http://yandex.com/bots)" "mantech8.com"
185.191.171.37 - - [12/Oct/2022:13:43:40 -0700] "GET /index.php/camp-fire/33683425.html HTTP/1.1" 500 - "-" "Mozilla/5.0 (compatible; SemrushBot/7~bl; +http://www.semrush.com/bot.html)" "mantech8.com"
87.250.224.72 - - [12/Oct/2022:13:43:40 -0700] "GET /index.php?sitemap37412.xml HTTP/1.1" 200 289458 "-" "Mozilla/5.0 (compatible; YandexBot/3.0; +http://yandex.com/bots)" "mantech8.com"
87.250.224.196 - - [12/Oct/2022:13:43:43 -0700] "GET /index.php/sitemap434.xml HTTP/1.1" 200 289386 "-" "Mozilla/5.0 (compatible; YandexBot/3.0; +http://yandex.com/bots)" "mantech8.com"
87.250.224.196 - - [12/Oct/2022:13:43:45 -0700] "GET /index.php/sitemap20.xml HTTP/1.1" 200 289350 "-" "Mozilla/5.0 (compatible; YandexBot/3.0; +http://yandex.com/bots)" "mantech8.com"
213.180.203.88 - - [12/Oct/2022:13:43:47 -0700] "GET /index.php/sitemap587.xml HTTP/1.1" 200 289300 "-" "Mozilla/5.0 (compatible; YandexBot/3.0; +http://yandex.com/bots)" "mantech8.com"
87.250.224.196 - - [12/Oct/2022:13:43:49 -0700] "GET /index.php/sitemap6185.xml HTTP/1.1" 200 289201 "-" "Mozilla/5.0 (compatible; YandexBot/3.0; +http://yandex.com/bots)" "mantech8.com"
87.250.224.196 - - [12/Oct/2022:13:43:51 -0700] "GET /index.php?sitemap8457.xml HTTP/1.1" 200 289423 "-" "Mozilla/5.0 (compatible; YandexBot/3.0; +http://yandex.com/bots)" "mantech8.com"
87.250.224.196 - - [12/Oct/2022:13:43:53 -0700] "GET /index.php?sitemap9773.xml HTTP/1.1" 200 289403 "-" "Mozilla/5.0 (compatible; YandexBot/3.0; +http://yandex.com/bots)" "mantech8.com"
87.250.224.196 - - [12/Oct/2022:13:43:55 -0700] "GET /?sitemap711.xml HTTP/1.1" 200 270647 "-" "Mozilla/5.0 (compatible; YandexBot/3.0; +http://yandex.com/bots)" "mantech8.com"
87.250.224.196 - - [12/Oct/2022:13:43:57 -0700] "GET /index.php/sitemap582.xml HTTP/1.1" 200 289324 "-" "Mozilla/5.0 (compatible; YandexBot/3.0; +http://yandex.com/bots)" "mantech8.com"
213.180.203.88 - - [12/Oct/2022:13:43:59 -0700] "GET /?sitemap8037.xml HTTP/1.1" 200 270511 "-" "Mozilla/5.0 (compatible; YandexBot/3.0; +http://yandex.com/bots)" "mantech8.com"
185.191.171.6 - - [12/Oct/2022:13:44:02 -0700] "GET /index.php/camp-fire/40784355.html HTTP/1.1" 500 - "-" "Mozilla/5.0 (compatible; SemrushBot/7~bl; +http://www.semrush.com/bot.html)" "mantech8.com"
5.45.207.94 - - [12/Oct/2022:13:44:02 -0700] "GET /index.php/sitemap501.xml HTTP/1.1" 200 289254 "-" "Mozilla/5.0 (compatible; YandexBot/3.0; +http://yandex.com/bots)" "mantech8.com"
87.250.224.196 - - [12/Oct/2022:13:44:04 -0700] "GET /index.php/sitemap608.xml HTTP/1.1" 200 289221 "-" "Mozilla/5.0 (compatible; YandexBot/3.0; +http://yandex.com/bots)" "mantech8.com"
87.250.224.110 - - [12/Oct/2022:13:44:06 -0700] "GET /index.php/sitemap4439.xml HTTP/1.1" 200 289323 "-" "Mozilla/5.0 (compatible; YandexBot/3.0; +http://yandex.com/bots)" "mantech8.com"
87.250.224.127 - - [12/Oct/2022:13:44:09 -0700] "GET /index.php/sitemap4439.xml HTTP/1.1" 200 289323 "-" "Mozilla/5.0 (compatible; YandexBot/3.0; +http://yandex.com/bots)" "mantech8.com"
95.108.213.43 - - [12/Oct/2022:13:44:12 -0700] "GET /index.php/sitemap5772.xml HTTP/1.1" 200 289183 "-" "Mozilla/5.0 (compatible; YandexBot/3.0; +http://yandex.com/bots)" "mantech8.com"
95.108.213.49 - - [12/Oct/2022:13:44:13 -0700] "GET /index.php/sitemap20857.xml HTTP/1.1" 200 289393 "-" "Mozilla/5.0 (compatible; YandexBot/3.0; +http://yandex.com/bots)" "mantech8.com"
5.255.231.120 - - [12/Oct/2022:13:44:15 -0700] "GET /index.php?sitemap380.xml HTTP/1.1" 200 289352 "-" "Mozilla/5.0 (compatible; YandexBot/3.0; +http://yandex.com/bots)" "mantech8.com"
87.250.224.196 - - [12/Oct/2022:13:44:17 -0700] "GET /index.php/sitemap54980.xml HTTP/1.1" 200 289518 "-" "Mozilla/5.0 (compatible; YandexBot/3.0; +http://yandex.com/bots)" "mantech8.com"
213.180.203.73 - - [12/Oct/2022:13:44:18 -0700] "GET /?sitemap142.xml HTTP/1.1" 200 270331 "-" "Mozilla/5.0 (compatible; YandexBot/3.0; +http://yandex.com/bots)" "mantech8.com"
95.108.213.43 - - [12/Oct/2022:13:44:21 -0700] "GET /index.php?sitemap5199.xml HTTP/1.1" 200 289319 "-" "Mozilla/5.0 (compatible; YandexBot/3.0; +http://yandex.com/bots)" "mantech8.com"
5.45.207.116 - - [12/Oct/2022:13:44:23 -0700] "GET /index.php?sitemap885.xml HTTP/1.1" 200 289361 "-" "Mozilla/5.0 (compatible; YandexBot/3.0; +http://yandex.com/bots)" "mantech8.com"
87.250.224.72 - - [12/Oct/2022:13:44:24 -0700] "GET /index.php/sitemap367.xml HTTP/1.1" 200 289280 "-" "Mozilla/5.0 (compatible; YandexBot/3.0; +http://yandex.com/bots)" "mantech8.com"
