52.253.106.128 - - [12/Oct/2022:06:27:33 -0700] "GET /website/wp-includes/wlwmanifest.xml HTTP/1.1" 404 73 "-" "Mozilla/5.0 (Windows NT 10.0; Win64; x64) AppleWebKit/537.36 (KHTML, like Gecko) Chrome/80.0.3987.149 Safari/537.36" "mantech8.com"
52.253.106.128 - - [12/Oct/2022:06:27:33 -0700] "GET /wp/wp-includes/wlwmanifest.xml HTTP/1.1" 404 73 "-" "Mozilla/5.0 (Windows NT 10.0; Win64; x64) AppleWebKit/537.36 (KHTML, like Gecko) Chrome/80.0.3987.149 Safari/537.36" "mantech8.com"
52.253.106.128 - - [12/Oct/2022:06:27:34 -0700] "GET /news/wp-includes/wlwmanifest.xml HTTP/1.1" 404 73 "-" "Mozilla/5.0 (Windows NT 10.0; Win64; x64) AppleWebKit/537.36 (KHTML, like Gecko) Chrome/80.0.3987.149 Safari/537.36" "mantech8.com"
52.253.106.128 - - [12/Oct/2022:06:27:34 -0700] "GET /2018/wp-includes/wlwmanifest.xml HTTP/1.1" 404 73 "-" "Mozilla/5.0 (Windows NT 10.0; Win64; x64) AppleWebKit/537.36 (KHTML, like Gecko) Chrome/80.0.3987.149 Safari/537.36" "mantech8.com"
52.253.106.128 - - [12/Oct/2022:06:27:34 -0700] "GET /2019/wp-includes/wlwmanifest.xml HTTP/1.1" 404 73 "-" "Mozilla/5.0 (Windows NT 10.0; Win64; x64) AppleWebKit/537.36 (KHTML, like Gecko) Chrome/80.0.3987.149 Safari/537.36" "mantech8.com"
52.253.106.128 - - [12/Oct/2022:06:27:35 -0700] "GET /shop/wp-includes/wlwmanifest.xml HTTP/1.1" 404 73 "-" "Mozilla/5.0 (Windows NT 10.0; Win64; x64) AppleWebKit/537.36 (KHTML, like Gecko) Chrome/80.0.3987.149 Safari/537.36" "mantech8.com"
52.253.106.128 - - [12/Oct/2022:06:27:35 -0700] "GET /wp1/wp-includes/wlwmanifest.xml HTTP/1.1" 404 73 "-" "Mozilla/5.0 (Windows NT 10.0; Win64; x64) AppleWebKit/537.36 (KHTML, like Gecko) Chrome/80.0.3987.149 Safari/537.36" "mantech8.com"
52.253.106.128 - - [12/Oct/2022:06:27:35 -0700] "GET /test/wp-includes/wlwmanifest.xml HTTP/1.1" 404 73 "-" "Mozilla/5.0 (Windows NT 10.0; Win64; x64) AppleWebKit/537.36 (KHTML, like Gecko) Chrome/80.0.3987.149 Safari/537.36" "mantech8.com"
52.253.106.128 - - [12/Oct/2022:06:27:36 -0700] "GET /media/wp-includes/wlwmanifest.xml HTTP/1.1" 404 73 "-" "Mozilla/5.0 (Windows NT 10.0; Win64; x64) AppleWebKit/537.36 (KHTML, like Gecko) Chrome/80.0.3987.149 Safari/537.36" "mantech8.com"
52.253.106.128 - - [12/Oct/2022:06:27:36 -0700] "GET /wp2/wp-includes/wlwmanifest.xml HTTP/1.1" 404 73 "-" "Mozilla/5.0 (Windows NT 10.0; Win64; x64) AppleWebKit/537.36 (KHTML, like Gecko) Chrome/80.0.3987.149 Safari/537.36" "mantech8.com"
52.253.106.128 - - [12/Oct/2022:06:27:37 -0700] "GET /site/wp-includes/wlwmanifest.xml HTTP/1.1" 404 73 "-" "Mozilla/5.0 (Windows NT 10.0; Win64; x64) AppleWebKit/537.36 (KHTML, like Gecko) Chrome/80.0.3987.149 Safari/537.36" "mantech8.com"
52.253.106.128 - - [12/Oct/2022:06:27:37 -0700] "GET /cms/wp-includes/wlwmanifest.xml HTTP/1.1" 404 73 "-" "Mozilla/5.0 (Windows NT 10.0; Win64; x64) AppleWebKit/537.36 (KHTML, like Gecko) Chrome/80.0.3987.149 Safari/537.36" "mantech8.com"
52.253.106.128 - - [12/Oct/2022:06:27:37 -0700] "GET /sito/wp-includes/wlwmanifest.xml HTTP/1.1" 404 73 "-" "Mozilla/5.0 (Windows NT 10.0; Win64; x64) AppleWebKit/537.36 (KHTML, like Gecko) Chrome/80.0.3987.149 Safari/537.36" "mantech8.com"
185.191.171.39 - - [12/Oct/2022:06:28:26 -0700] "GET /index.php/camp-fire/35660050.html HTTP/1.1" 500 - "-" "Mozilla/5.0 (compatible; SemrushBot/7~bl; +http://www.semrush.com/bot.html)" "mantech8.com"
114.119.133.182 - - [12/Oct/2022:06:28:41 -0700] "GET /index.php?leiye.xml HTTP/1.1" 200 289235 "-" "Mozilla/5.0 (Linux; Android 7.0;) AppleWebKit/537.36 (KHTML, like Gecko) Mobile Safari/537.36 (compatible; PetalBot;+https://webmaster.petalsearch.com/site/petalbot)" "mantech8.com"
185.191.171.35 - - [12/Oct/2022:06:28:45 -0700] "GET /index.php/camp-fire/30402265.html HTTP/1.1" 500 - "-" "Mozilla/5.0 (compatible; SemrushBot/7~bl; +http://www.semrush.com/bot.html)" "mantech8.com"
185.191.171.34 - - [12/Oct/2022:06:29:14 -0700] "GET /index.php/camp-fire/41017493.html HTTP/1.1" 500 - "-" "Mozilla/5.0 (compatible; SemrushBot/7~bl; +http://www.semrush.com/bot.html)" "mantech8.com"
185.191.171.8 - - [12/Oct/2022:06:29:15 -0700] "GET /index.php/camp-fire/32524868.html HTTP/1.1" 500 - "-" "Mozilla/5.0 (compatible; SemrushBot/7~bl; +http://www.semrush.com/bot.html)" "mantech8.com"
185.191.171.14 - - [12/Oct/2022:06:29:17 -0700] "GET /index.php/camp-fire/35019687.html HTTP/1.1" 500 - "-" "Mozilla/5.0 (compatible; SemrushBot/7~bl; +http://www.semrush.com/bot.html)" "mantech8.com"
185.191.171.19 - - [12/Oct/2022:06:29:19 -0700] "GET /index.php/camp-fire/33695008.html HTTP/1.1" 500 - "-" "Mozilla/5.0 (compatible; SemrushBot/7~bl; +http://www.semrush.com/bot.html)" "mantech8.com"
185.191.171.19 - - [12/Oct/2022:06:29:51 -0700] "GET /index.php/camp-fire/42705492.html HTTP/1.1" 500 - "-" "Mozilla/5.0 (compatible; SemrushBot/7~bl; +http://www.semrush.com/bot.html)" "mantech8.com"
185.191.171.38 - - [12/Oct/2022:06:30:11 -0700] "GET /index.php/camp-fire/5815065.html HTTP/1.1" 500 - "-" "Mozilla/5.0 (compatible; SemrushBot/7~bl; +http://www.semrush.com/bot.html)" "mantech8.com"
185.191.171.21 - - [12/Oct/2022:06:30:32 -0700] "GET /index.php/camp-fire/38154803.html HTTP/1.1" 500 - "-" "Mozilla/5.0 (compatible; SemrushBot/7~bl; +http://www.semrush.com/bot.html)" "mantech8.com"
185.191.171.44 - - [12/Oct/2022:06:30:55 -0700] "GET /index.php/camp-fire/41781603.html HTTP/1.1" 500 - "-" "Mozilla/5.0 (compatible; SemrushBot/7~bl; +http://www.semrush.com/bot.html)" "mantech8.com"
185.191.171.11 - - [12/Oct/2022:06:31:14 -0700] "GET /index.php/camp-fire/3106978.html HTTP/1.1" 500 - "-" "Mozilla/5.0 (compatible; SemrushBot/7~bl; +http://www.semrush.com/bot.html)" "mantech8.com"
185.191.171.36 - - [12/Oct/2022:06:31:35 -0700] "GET /index.php/camp-fire/27770509.html HTTP/1.1" 500 - "-" "Mozilla/5.0 (compatible; SemrushBot/7~bl; +http://www.semrush.com/bot.html)" "mantech8.com"
185.191.171.13 - - [12/Oct/2022:06:32:07 -0700] "GET /index.php/camp-fire/41419071.html HTTP/1.1" 500 - "-" "Mozilla/5.0 (compatible; SemrushBot/7~bl; +http://www.semrush.com/bot.html)" "mantech8.com"
185.191.171.1 - - [12/Oct/2022:06:32:38 -0700] "GET /index.php/camp-fire/31704726.html HTTP/1.1" 500 - "-" "Mozilla/5.0 (compatible; SemrushBot/7~bl; +http://www.semrush.com/bot.html)" "mantech8.com"
185.191.171.37 - - [12/Oct/2022:06:32:54 -0700] "GET /index.php/camp-fire/39129335.html HTTP/1.1" 500 - "-" "Mozilla/5.0 (compatible; SemrushBot/7~bl; +http://www.semrush.com/bot.html)" "mantech8.com"
185.191.171.13 - - [12/Oct/2022:06:32:58 -0700] "GET /index.php/camp-fire/35853538.html HTTP/1.1" 500 - "-" "Mozilla/5.0 (compatible; SemrushBot/7~bl; +http://www.semrush.com/bot.html)" "mantech8.com"
185.191.171.4 - - [12/Oct/2022:06:33:23 -0700] "GET /index.php/camp-fire/3807290.html HTTP/1.1" 500 - "-" "Mozilla/5.0 (compatible; SemrushBot/7~bl; +http://www.semrush.com/bot.html)" "mantech8.com"
185.191.171.19 - - [12/Oct/2022:06:34:05 -0700] "GET /index.php/camp-fire/7879342.html HTTP/1.1" 500 - "-" "Mozilla/5.0 (compatible; SemrushBot/7~bl; +http://www.semrush.com/bot.html)" "mantech8.com"
114.119.133.182 - - [12/Oct/2022:06:34:27 -0700] "GET /?sitemap70.xml HTTP/1.1" 200 270653 "-" "Mozilla/5.0 (compatible;PetalBot;+https://webmaster.petalsearch.com/site/petalbot)" "mantech8.com"
185.191.171.19 - - [12/Oct/2022:06:35:03 -0700] "GET /index.php/camp-fire/53998488.html HTTP/1.1" 500 - "-" "Mozilla/5.0 (compatible; SemrushBot/7~bl; +http://www.semrush.com/bot.html)" "mantech8.com"
185.191.171.5 - - [12/Oct/2022:06:35:31 -0700] "GET /index.php/camp-fire/31293135.html HTTP/1.1" 500 - "-" "Mozilla/5.0 (compatible; SemrushBot/7~bl; +http://www.semrush.com/bot.html)" "mantech8.com"
185.191.171.23 - - [12/Oct/2022:06:35:37 -0700] "GET /index.php/camp-fire/9233478.html HTTP/1.1" 500 - "-" "Mozilla/5.0 (compatible; SemrushBot/7~bl; +http://www.semrush.com/bot.html)" "mantech8.com"
185.191.171.24 - - [12/Oct/2022:06:36:37 -0700] "GET /index.php/camp-fire/46182521.html HTTP/1.1" 500 - "-" "Mozilla/5.0 (compatible; SemrushBot/7~bl; +http://www.semrush.com/bot.html)" "mantech8.com"
185.191.171.24 - - [12/Oct/2022:06:37:06 -0700] "GET /index.php/camp-fire/37640676.html HTTP/1.1" 500 - "-" "Mozilla/5.0 (compatible; SemrushBot/7~bl; +http://www.semrush.com/bot.html)" "mantech8.com"
207.46.13.70 - - [12/Oct/2022:06:37:07 -0700] "GET /bimages/gallery/p7.jpg HTTP/1.1" 200 64854 "-" "Mozilla/5.0 (compatible; bingbot/2.0; +http://www.bing.com/bingbot.htm)" "mantech8.com"
185.191.171.13 - - [12/Oct/2022:06:37:37 -0700] "GET /index.php/camp-fire/32615868.html HTTP/1.1" 500 - "-" "Mozilla/5.0 (compatible; SemrushBot/7~bl; +http://www.semrush.com/bot.html)" "mantech8.com"
185.191.171.18 - - [12/Oct/2022:06:37:46 -0700] "GET /index.php/camp-fire/32592341.html HTTP/1.1" 500 - "-" "Mozilla/5.0 (compatible; SemrushBot/7~bl; +http://www.semrush.com/bot.html)" "mantech8.com"
185.191.171.33 - - [12/Oct/2022:06:38:17 -0700] "GET /index.php/camp-fire/9135555.html HTTP/1.1" 500 - "-" "Mozilla/5.0 (compatible; SemrushBot/7~bl; +http://www.semrush.com/bot.html)" "mantech8.com"
185.191.171.7 - - [12/Oct/2022:06:38:56 -0700] "GET /index.php/camp-fire/35047125.html HTTP/1.1" 500 - "-" "Mozilla/5.0 (compatible; SemrushBot/7~bl; +http://www.semrush.com/bot.html)" "mantech8.com"
185.191.171.10 - - [12/Oct/2022:06:39:07 -0700] "GET /index.php/camp-fire/5511274.html HTTP/1.1" 500 - "-" "Mozilla/5.0 (compatible; SemrushBot/7~bl; +http://www.semrush.com/bot.html)" "mantech8.com"
185.191.171.15 - - [12/Oct/2022:06:39:08 -0700] "GET /index.php/camp-fire/35235309.html HTTP/1.1" 500 - "-" "Mozilla/5.0 (compatible; SemrushBot/7~bl; +http://www.semrush.com/bot.html)" "mantech8.com"
77.75.79.31 - - [12/Oct/2022:06:39:23 -0700] "GET /sitemap2.xml HTTP/1.1" 404 88 "-" "Mozilla/5.0 (compatible; SeznamBot/4.0-RC1; +http://napoveda.seznam.cz/seznambot-intro/)" "mantech8.com"
185.191.171.34 - - [12/Oct/2022:06:39:25 -0700] "GET /index.php/camp-fire/8246078.html HTTP/1.1" 500 - "-" "Mozilla/5.0 (compatible; SemrushBot/7~bl; +http://www.semrush.com/bot.html)" "mantech8.com"
114.119.133.158 - - [12/Oct/2022:06:40:13 -0700] "GET /bimages/gallery/thump/?C=S%3BO%3DA HTTP/1.1" 200 1142 "http://mantech8.com/bimages/gallery/thump/?C=N%3BO%3DD" "Mozilla/5.0 (Linux; Android 7.0;) AppleWebKit/537.36 (KHTML, like Gecko) Mobile Safari/537.36 (compatible; PetalBot;+https://webmaster.petalsearch.com/site/petalbot)" "mantech8.com"
185.191.171.40 - - [12/Oct/2022:06:40:31 -0700] "GET /index.php/camp-fire/32553925.html HTTP/1.1" 500 - "-" "Mozilla/5.0 (compatible; SemrushBot/7~bl; +http://www.semrush.com/bot.html)" "mantech8.com"
185.191.171.17 - - [12/Oct/2022:06:41:12 -0700] "GET /index.php/camp-fire/6828885.html HTTP/1.1" 500 - "-" "Mozilla/5.0 (compatible; SemrushBot/7~bl; +http://www.semrush.com/bot.html)" "mantech8.com"
185.191.171.38 - - [12/Oct/2022:06:41:14 -0700] "GET /index.php/camp-fire/35803138.html HTTP/1.1" 500 - "-" "Mozilla/5.0 (compatible; SemrushBot/7~bl; +http://www.semrush.com/bot.html)" "mantech8.com"
185.191.171.24 - - [12/Oct/2022:06:41:30 -0700] "GET /index.php/camp-fire/38110471.html HTTP/1.1" 500 - "-" "Mozilla/5.0 (compatible; SemrushBot/7~bl; +http://www.semrush.com/bot.html)" "mantech8.com"
185.191.171.20 - - [12/Oct/2022:06:42:48 -0700] "GET /index.php/camp-fire/52259834.html HTTP/1.1" 500 - "-" "Mozilla/5.0 (compatible; SemrushBot/7~bl; +http://www.semrush.com/bot.html)" "mantech8.com"
66.249.66.27 - - [12/Oct/2022:06:42:51 -0700] "GET /jcfc/202112/w020211203601168304949.jpg HTTP/1.1" 404 88 "-" "Googlebot-Image/1.0" "www.mantech8.com"
185.191.171.16 - - [12/Oct/2022:06:43:38 -0700] "GET /index.php/camp-fire/33499387.html HTTP/1.1" 500 - "-" "Mozilla/5.0 (compatible; SemrushBot/7~bl; +http://www.semrush.com/bot.html)" "mantech8.com"
185.191.171.13 - - [12/Oct/2022:06:44:04 -0700] "GET /index.php/camp-fire/75684751.html HTTP/1.1" 500 - "-" "Mozilla/5.0 (compatible; SemrushBot/7~bl; +http://www.semrush.com/bot.html)" "mantech8.com"
66.249.66.27 - - [12/Oct/2022:06:44:05 -0700] "GET /uploads/200729/1-200h9204052433.jpg HTTP/1.1" 404 88 "-" "Googlebot-Image/1.0" "www.mantech8.com"
185.191.171.10 - - [12/Oct/2022:06:44:26 -0700] "GET /index.php/camp-fire/51721382.html HTTP/1.1" 500 - "-" "Mozilla/5.0 (compatible; SemrushBot/7~bl; +http://www.semrush.com/bot.html)" "mantech8.com"
185.191.171.15 - - [12/Oct/2022:06:44:31 -0700] "GET /index.php/camp-fire/33529089.html HTTP/1.1" 500 - "-" "Mozilla/5.0 (compatible; SemrushBot/7~bl; +http://www.semrush.com/bot.html)" "mantech8.com"
185.191.171.6 - - [12/Oct/2022:06:45:07 -0700] "GET /index.php/camp-fire/50844771.html HTTP/1.1" 500 - "-" "Mozilla/5.0 (compatible; SemrushBot/7~bl; +http://www.semrush.com/bot.html)" "mantech8.com"
185.191.171.39 - - [12/Oct/2022:06:45:12 -0700] "GET /index.php/camp-fire/38080272.html HTTP/1.1" 500 - "-" "Mozilla/5.0 (compatible; SemrushBot/7~bl; +http://www.semrush.com/bot.html)" "mantech8.com"
185.191.171.14 - - [12/Oct/2022:06:45:15 -0700] "GET /index.php/camp-fire/27814833.html HTTP/1.1" 500 - "-" "Mozilla/5.0 (compatible; SemrushBot/7~bl; +http://www.semrush.com/bot.html)" "mantech8.com"
185.191.171.6 - - [12/Oct/2022:06:45:33 -0700] "GET /index.php/camp-fire/39937692.html HTTP/1.1" 500 - "-" "Mozilla/5.0 (compatible; SemrushBot/7~bl; +http://www.semrush.com/bot.html)" "mantech8.com"
185.191.171.24 - - [12/Oct/2022:06:45:55 -0700] "GET /index.php/camp-fire/28064271.html HTTP/1.1" 500 - "-" "Mozilla/5.0 (compatible; SemrushBot/7~bl; +http://www.semrush.com/bot.html)" "mantech8.com"
207.46.13.205 - - [12/Oct/2022:06:45:55 -0700] "GET /camp-fire/55120626.html HTTP/1.1" 404 88 "-" "Mozilla/5.0 AppleWebKit/537.36 (KHTML, like Gecko; compatible; bingbot/2.0; +http://www.bing.com/bingbot.htm) Chrome/103.0.5060.134 Safari/537.36" "www.mantech8.com"
114.119.133.182 - - [12/Oct/2022:06:46:01 -0700] "GET /index.php/murium.xml HTTP/1.1" 200 289374 "-" "Mozilla/5.0 (compatible;PetalBot;+https://webmaster.petalsearch.com/site/petalbot)" "mantech8.com"
185.191.171.36 - - [12/Oct/2022:06:46:28 -0700] "GET /index.php/camp-fire/37341659.html HTTP/1.1" 500 - "-" "Mozilla/5.0 (compatible; SemrushBot/7~bl; +http://www.semrush.com/bot.html)" "mantech8.com"
185.191.171.26 - - [12/Oct/2022:06:48:53 -0700] "GET /index.php/camp-fire/36000751.html HTTP/1.1" 500 - "-" "Mozilla/5.0 (compatible; SemrushBot/7~bl; +http://www.semrush.com/bot.html)" "mantech8.com"
185.191.171.26 - - [12/Oct/2022:06:49:17 -0700] "GET /index.php/camp-fire/33729959.html HTTP/1.1" 500 - "-" "Mozilla/5.0 (compatible; SemrushBot/7~bl; +http://www.semrush.com/bot.html)" "mantech8.com"
185.191.171.25 - - [12/Oct/2022:06:49:53 -0700] "GET /index.php/camp-fire/27449226.html HTTP/1.1" 500 - "-" "Mozilla/5.0 (compatible; SemrushBot/7~bl; +http://www.semrush.com/bot.html)" "mantech8.com"
185.191.171.17 - - [12/Oct/2022:06:50:07 -0700] "GET /index.php/camp-fire/33921208.html HTTP/1.1" 500 - "-" "Mozilla/5.0 (compatible; SemrushBot/7~bl; +http://www.semrush.com/bot.html)" "mantech8.com"
185.191.171.10 - - [12/Oct/2022:06:50:29 -0700] "GET /index.php/camp-fire/9252521.html HTTP/1.1" 500 - "-" "Mozilla/5.0 (compatible; SemrushBot/7~bl; +http://www.semrush.com/bot.html)" "mantech8.com"
185.191.171.4 - - [12/Oct/2022:06:50:31 -0700] "GET /index.php/camp-fire/42661868.html HTTP/1.1" 500 - "-" "Mozilla/5.0 (compatible; SemrushBot/7~bl; +http://www.semrush.com/bot.html)" "mantech8.com"
185.191.171.14 - - [12/Oct/2022:06:50:50 -0700] "GET /index.php/camp-fire/30508241.html HTTP/1.1" 500 - "-" "Mozilla/5.0 (compatible; SemrushBot/7~bl; +http://www.semrush.com/bot.html)" "mantech8.com"
185.191.171.15 - - [12/Oct/2022:06:51:01 -0700] "GET /index.php/camp-fire/35952189.html HTTP/1.1" 500 - "-" "Mozilla/5.0 (compatible; SemrushBot/7~bl; +http://www.semrush.com/bot.html)" "mantech8.com"
185.191.171.23 - - [12/Oct/2022:06:51:04 -0700] "GET /index.php/camp-fire/32460430.html HTTP/1.1" 500 - "-" "Mozilla/5.0 (compatible; SemrushBot/7~bl; +http://www.semrush.com/bot.html)" "mantech8.com"
185.191.171.4 - - [12/Oct/2022:06:51:24 -0700] "GET /index.php/camp-fire/7635408.html HTTP/1.1" 500 - "-" "Mozilla/5.0 (compatible; SemrushBot/7~bl; +http://www.semrush.com/bot.html)" "mantech8.com"
185.191.171.41 - - [12/Oct/2022:06:51:39 -0700] "GET /index.php/camp-fire/4843655.html HTTP/1.1" 500 - "-" "Mozilla/5.0 (compatible; SemrushBot/7~bl; +http://www.semrush.com/bot.html)" "mantech8.com"
114.119.133.190 - - [12/Oct/2022:06:51:48 -0700] "GET /index.php?sitemap11.xml HTTP/1.1" 200 289362 "-" "Mozilla/5.0 (compatible;PetalBot;+https://webmaster.petalsearch.com/site/petalbot)" "mantech8.com"
185.191.171.16 - - [12/Oct/2022:06:52:53 -0700] "GET /index.php/camp-fire/3800259.html HTTP/1.1" 500 - "-" "Mozilla/5.0 (compatible; SemrushBot/7~bl; +http://www.semrush.com/bot.html)" "mantech8.com"
185.191.171.45 - - [12/Oct/2022:06:53:45 -0700] "GET /index.php/camp-fire/40431150.html HTTP/1.1" 500 - "-" "Mozilla/5.0 (compatible; SemrushBot/7~bl; +http://www.semrush.com/bot.html)" "mantech8.com"
185.191.171.9 - - [12/Oct/2022:06:53:49 -0700] "GET /index.php/camp-fire/8123078.html HTTP/1.1" 500 - "-" "Mozilla/5.0 (compatible; SemrushBot/7~bl; +http://www.semrush.com/bot.html)" "mantech8.com"
185.191.171.43 - - [12/Oct/2022:06:53:51 -0700] "GET /index.php/camp-fire/30512041.html HTTP/1.1" 500 - "-" "Mozilla/5.0 (compatible; SemrushBot/7~bl; +http://www.semrush.com/bot.html)" "mantech8.com"
185.191.171.15 - - [12/Oct/2022:06:53:54 -0700] "GET /index.php/camp-fire/30881535.html HTTP/1.1" 500 - "-" "Mozilla/5.0 (compatible; SemrushBot/7~bl; +http://www.semrush.com/bot.html)" "mantech8.com"
185.191.171.17 - - [12/Oct/2022:06:54:24 -0700] "GET /index.php/camp-fire/39907102.html HTTP/1.1" 500 - "-" "Mozilla/5.0 (compatible; SemrushBot/7~bl; +http://www.semrush.com/bot.html)" "mantech8.com"
185.191.171.45 - - [12/Oct/2022:06:54:31 -0700] "GET /index.php/camp-fire/37281335.html HTTP/1.1" 500 - "-" "Mozilla/5.0 (compatible; SemrushBot/7~bl; +http://www.semrush.com/bot.html)" "mantech8.com"
185.191.171.18 - - [12/Oct/2022:06:55:00 -0700] "GET /index.php/camp-fire/27881965.html HTTP/1.1" 500 - "-" "Mozilla/5.0 (compatible; SemrushBot/7~bl; +http://www.semrush.com/bot.html)" "mantech8.com"
185.191.171.18 - - [12/Oct/2022:06:55:07 -0700] "GET /index.php/camp-fire/30534041.html HTTP/1.1" 500 - "-" "Mozilla/5.0 (compatible; SemrushBot/7~bl; +http://www.semrush.com/bot.html)" "mantech8.com"
185.191.171.34 - - [12/Oct/2022:06:55:10 -0700] "GET /index.php/camp-fire/301298.html HTTP/1.1" 500 - "-" "Mozilla/5.0 (compatible; SemrushBot/7~bl; +http://www.semrush.com/bot.html)" "mantech8.com"
185.191.171.45 - - [12/Oct/2022:06:55:33 -0700] "GET /index.php/camp-fire/41654071.html HTTP/1.1" 500 - "-" "Mozilla/5.0 (compatible; SemrushBot/7~bl; +http://www.semrush.com/bot.html)" "mantech8.com"
185.191.171.26 - - [12/Oct/2022:06:55:45 -0700] "GET /index.php/camp-fire/4308285.html HTTP/1.1" 500 - "-" "Mozilla/5.0 (compatible; SemrushBot/7~bl; +http://www.semrush.com/bot.html)" "mantech8.com"
185.191.171.4 - - [12/Oct/2022:06:56:09 -0700] "GET /index.php/camp-fire/48379002.html HTTP/1.1" 500 - "-" "Mozilla/5.0 (compatible; SemrushBot/7~bl; +http://www.semrush.com/bot.html)" "mantech8.com"
185.191.171.17 - - [12/Oct/2022:06:56:43 -0700] "GET /index.php/camp-fire/97168309.html HTTP/1.1" 500 - "-" "Mozilla/5.0 (compatible; SemrushBot/7~bl; +http://www.semrush.com/bot.html)" "mantech8.com"
114.119.133.165 - - [12/Oct/2022:06:57:37 -0700] "GET /bimages/electric/?C=S%3BO%3DA HTTP/1.1" 200 420 "http://mantech8.com/bimages/electric/?C=M%3BO%3DA" "Mozilla/5.0 (Linux; Android 7.0;) AppleWebKit/537.36 (KHTML, like Gecko) Mobile Safari/537.36 (compatible; PetalBot;+https://webmaster.petalsearch.com/site/petalbot)" "mantech8.com"
185.191.171.43 - - [12/Oct/2022:06:57:51 -0700] "GET /index.php/camp-fire/43689303.html HTTP/1.1" 500 - "-" "Mozilla/5.0 (compatible; SemrushBot/7~bl; +http://www.semrush.com/bot.html)" "mantech8.com"
20.231.69.89 - - [12/Oct/2022:06:58:00 -0700] "GET / HTTP/1.1" 500 - "-" "Mozilla/5.0 (Windows NT 10.0; Win64; x64) AppleWebKit/537.36 (KHTML, like Gecko) Chrome/95.0.4638.69 Safari/537.36" "mantech8.com"
185.191.171.10 - - [12/Oct/2022:06:58:47 -0700] "GET /index.php/camp-fire/44469934.html HTTP/1.1" 500 - "-" "Mozilla/5.0 (compatible; SemrushBot/7~bl; +http://www.semrush.com/bot.html)" "mantech8.com"
185.191.171.19 - - [12/Oct/2022:06:59:46 -0700] "GET /index.php/camp-fire/21733617.html HTTP/1.1" 500 - "-" "Mozilla/5.0 (compatible; SemrushBot/7~bl; +http://www.semrush.com/bot.html)" "mantech8.com"
185.191.171.5 - - [12/Oct/2022:07:00:20 -0700] "GET /index.php/camp-fire/28472526.html HTTP/1.1" 500 - "-" "Mozilla/5.0 (compatible; SemrushBot/7~bl; +http://www.semrush.com/bot.html)" "mantech8.com"
185.191.171.1 - - [12/Oct/2022:07:01:12 -0700] "GET /robots.txt HTTP/1.1" 200 106 "-" "Mozilla/5.0 (compatible; SemrushBot/7~bl; +http://www.semrush.com/bot.html)" "mantech8.com"
185.191.171.44 - - [12/Oct/2022:07:01:12 -0700] "GET /index.php/camp-fire/34545456.html HTTP/1.1" 500 - "-" "Mozilla/5.0 (compatible; SemrushBot/7~bl; +http://www.semrush.com/bot.html)" "mantech8.com"
185.191.171.12 - - [12/Oct/2022:07:01:14 -0700] "GET /index.php/camp-fire/37425270.html HTTP/1.1" 500 - "-" "Mozilla/5.0 (compatible; SemrushBot/7~bl; +http://www.semrush.com/bot.html)" "mantech8.com"
185.191.171.9 - - [12/Oct/2022:07:01:20 -0700] "GET /index.php/camp-fire/39169335.html HTTP/1.1" 500 - "-" "Mozilla/5.0 (compatible; SemrushBot/7~bl; +http://www.semrush.com/bot.html)" "mantech8.com"
185.191.171.4 - - [12/Oct/2022:07:01:55 -0700] "GET /index.php/camp-fire/29455464.html HTTP/1.1" 500 - "-" "Mozilla/5.0 (compatible; SemrushBot/7~bl; +http://www.semrush.com/bot.html)" "mantech8.com"
185.191.171.12 - - [12/Oct/2022:07:02:22 -0700] "GET /index.php/camp-fire/35960164.html HTTP/1.1" 500 - "-" "Mozilla/5.0 (compatible; SemrushBot/7~bl; +http://www.semrush.com/bot.html)" "mantech8.com"
185.191.171.41 - - [12/Oct/2022:07:02:39 -0700] "GET /index.php/camp-fire/8602680.html HTTP/1.1" 500 - "-" "Mozilla/5.0 (compatible; SemrushBot/7~bl; +http://www.semrush.com/bot.html)" "mantech8.com"
185.191.171.17 - - [12/Oct/2022:07:02:50 -0700] "GET /index.php/camp-fire/42191059.html HTTP/1.1" 500 - "-" "Mozilla/5.0 (compatible; SemrushBot/7~bl; +http://www.semrush.com/bot.html)" "mantech8.com"
185.191.171.17 - - [12/Oct/2022:07:02:59 -0700] "GET /index.php/camp-fire/41489271.html HTTP/1.1" 500 - "-" "Mozilla/5.0 (compatible; SemrushBot/7~bl; +http://www.semrush.com/bot.html)" "mantech8.com"
185.191.171.33 - - [12/Oct/2022:07:03:00 -0700] "GET /index.php/camp-fire/4177685.html HTTP/1.1" 500 - "-" "Mozilla/5.0 (compatible; SemrushBot/7~bl; +http://www.semrush.com/bot.html)" "mantech8.com"
185.191.171.10 - - [12/Oct/2022:07:03:10 -0700] "GET /index.php/camp-fire/28553864.html HTTP/1.1" 500 - "-" "Mozilla/5.0 (compatible; SemrushBot/7~bl; +http://www.semrush.com/bot.html)" "mantech8.com"
114.119.133.165 - - [12/Oct/2022:07:03:26 -0700] "GET /index.php?camp-fire/61264207.html HTTP/1.1" 500 - "-" "Mozilla/5.0 (Linux; Android 7.0;) AppleWebKit/537.36 (KHTML, like Gecko) Mobile Safari/537.36 (compatible; PetalBot;+https://webmaster.petalsearch.com/site/petalbot)" "www.mantech8.com"
185.191.171.23 - - [12/Oct/2022:07:03:41 -0700] "GET /index.php/camp-fire/25025630.html HTTP/1.1" 500 - "-" "Mozilla/5.0 (compatible; SemrushBot/7~bl; +http://www.semrush.com/bot.html)" "mantech8.com"
185.191.171.39 - - [12/Oct/2022:07:04:19 -0700] "GET /index.php/camp-fire/49582788.html HTTP/1.1" 500 - "-" "Mozilla/5.0 (compatible; SemrushBot/7~bl; +http://www.semrush.com/bot.html)" "mantech8.com"
185.191.171.3 - - [12/Oct/2022:07:04:43 -0700] "GET /index.php/camp-fire/35355938.html HTTP/1.1" 500 - "-" "Mozilla/5.0 (compatible; SemrushBot/7~bl; +http://www.semrush.com/bot.html)" "mantech8.com"
216.244.66.241 - - [12/Oct/2022:07:05:23 -0700] "GET /robots.txt HTTP/1.1" 200 222 "-" "Mozilla/5.0 (compatible; DotBot/1.2; +https://opensiteexplorer.org/dotbot; help@moz.com)" "www.mantech8.com"
216.244.66.241 - - [12/Oct/2022:07:05:23 -0700] "GET /robots.txt HTTP/1.1" 200 222 "-" "Mozilla/5.0 (compatible; DotBot/1.2; +https://opensiteexplorer.org/dotbot; help@moz.com)" "mantech8.com"
185.191.171.25 - - [12/Oct/2022:07:05:40 -0700] "GET /index.php/camp-fire/33055876.html HTTP/1.1" 500 - "-" "Mozilla/5.0 (compatible; SemrushBot/7~bl; +http://www.semrush.com/bot.html)" "mantech8.com"
185.191.171.9 - - [12/Oct/2022:07:06:21 -0700] "GET /index.php/camp-fire/32498535.html HTTP/1.1" 500 - "-" "Mozilla/5.0 (compatible; SemrushBot/7~bl; +http://www.semrush.com/bot.html)" "mantech8.com"
185.191.171.22 - - [12/Oct/2022:07:06:39 -0700] "GET /index.php/camp-fire/35373038.html HTTP/1.1" 500 - "-" "Mozilla/5.0 (compatible; SemrushBot/7~bl; +http://www.semrush.com/bot.html)" "mantech8.com"
185.191.171.44 - - [12/Oct/2022:07:07:30 -0700] "GET /index.php/camp-fire/5632590.html HTTP/1.1" 500 - "-" "Mozilla/5.0 (compatible; SemrushBot/7~bl; +http://www.semrush.com/bot.html)" "mantech8.com"
185.191.171.5 - - [12/Oct/2022:07:08:45 -0700] "GET /index.php/camp-fire/35693738.html HTTP/1.1" 500 - "-" "Mozilla/5.0 (compatible; SemrushBot/7~bl; +http://www.semrush.com/bot.html)" "mantech8.com"
185.191.171.25 - - [12/Oct/2022:07:09:06 -0700] "GET /index.php/camp-fire/40511402.html HTTP/1.1" 500 - "-" "Mozilla/5.0 (compatible; SemrushBot/7~bl; +http://www.semrush.com/bot.html)" "mantech8.com"
114.119.133.158 - - [12/Oct/2022:07:09:12 -0700] "GET /bimages/paintg/thump/?C=M%3BO%3DA HTTP/1.1" 200 483 "http://mantech8.com/bimages/paintg/thump/?C=D%3BO%3DA" "Mozilla/5.0 (Linux; Android 7.0;) AppleWebKit/537.36 (KHTML, like Gecko) Mobile Safari/537.36 (compatible; PetalBot;+https://webmaster.petalsearch.com/site/petalbot)" "mantech8.com"
185.191.171.17 - - [12/Oct/2022:07:09:24 -0700] "GET /index.php/camp-fire/40812076.html HTTP/1.1" 500 - "-" "Mozilla/5.0 (compatible; SemrushBot/7~bl; +http://www.semrush.com/bot.html)" "mantech8.com"
185.191.171.5 - - [12/Oct/2022:07:09:47 -0700] "GET /index.php/camp-fire/48039172.html HTTP/1.1" 500 - "-" "Mozilla/5.0 (compatible; SemrushBot/7~bl; +http://www.semrush.com/bot.html)" "mantech8.com"
185.191.171.33 - - [12/Oct/2022:07:09:58 -0700] "GET /index.php/camp-fire/42050349.html HTTP/1.1" 500 - "-" "Mozilla/5.0 (compatible; SemrushBot/7~bl; +http://www.semrush.com/bot.html)" "mantech8.com"
185.191.171.6 - - [12/Oct/2022:07:10:16 -0700] "GET /index.php/camp-fire/33127025.html HTTP/1.1" 500 - "-" "Mozilla/5.0 (compatible; SemrushBot/7~bl; +http://www.semrush.com/bot.html)" "mantech8.com"
185.191.171.39 - - [12/Oct/2022:07:10:17 -0700] "GET /index.php/camp-fire/34340808.html HTTP/1.1" 500 - "-" "Mozilla/5.0 (compatible; SemrushBot/7~bl; +http://www.semrush.com/bot.html)" "mantech8.com"
185.191.171.14 - - [12/Oct/2022:07:10:51 -0700] "GET /index.php/camp-fire/39916151.html HTTP/1.1" 500 - "-" "Mozilla/5.0 (compatible; SemrushBot/7~bl; +http://www.semrush.com/bot.html)" "mantech8.com"
185.191.171.45 - - [12/Oct/2022:07:11:15 -0700] "GET /index.php/camp-fire/38774366.html HTTP/1.1" 500 - "-" "Mozilla/5.0 (compatible; SemrushBot/7~bl; +http://www.semrush.com/bot.html)" "mantech8.com"
185.191.171.15 - - [12/Oct/2022:07:11:31 -0700] "GET /index.php/camp-fire/49987235.html HTTP/1.1" 500 - "-" "Mozilla/5.0 (compatible; SemrushBot/7~bl; +http://www.semrush.com/bot.html)" "mantech8.com"
185.191.171.37 - - [12/Oct/2022:07:11:36 -0700] "GET /index.php/camp-fire/31874530.html HTTP/1.1" 500 - "-" "Mozilla/5.0 (compatible; SemrushBot/7~bl; +http://www.semrush.com/bot.html)" "mantech8.com"
185.191.171.21 - - [12/Oct/2022:07:11:49 -0700] "GET /index.php/camp-fire/28445664.html HTTP/1.1" 500 - "-" "Mozilla/5.0 (compatible; SemrushBot/7~bl; +http://www.semrush.com/bot.html)" "mantech8.com"
185.191.171.7 - - [12/Oct/2022:07:12:26 -0700] "GET /index.php/camp-fire/32199530.html HTTP/1.1" 500 - "-" "Mozilla/5.0 (compatible; SemrushBot/7~bl; +http://www.semrush.com/bot.html)" "mantech8.com"
185.191.171.21 - - [12/Oct/2022:07:12:31 -0700] "GET /index.php/camp-fire/7581700.html HTTP/1.1" 500 - "-" "Mozilla/5.0 (compatible; SemrushBot/7~bl; +http://www.semrush.com/bot.html)" "mantech8.com"
185.191.171.25 - - [12/Oct/2022:07:13:38 -0700] "GET /index.php/camp-fire/56441578.html HTTP/1.1" 500 - "-" "Mozilla/5.0 (compatible; SemrushBot/7~bl; +http://www.semrush.com/bot.html)" "mantech8.com"
185.191.171.24 - - [12/Oct/2022:07:14:12 -0700] "GET /index.php/camp-fire/3520551.html HTTP/1.1" 500 - "-" "Mozilla/5.0 (compatible; SemrushBot/7~bl; +http://www.semrush.com/bot.html)" "mantech8.com"
207.46.13.205 - - [12/Oct/2022:07:14:36 -0700] "GET /bimages/gallery/thump/pb10.jpg HTTP/1.1" 200 461657 "-" "Mozilla/5.0 (compatible; bingbot/2.0; +http://www.bing.com/bingbot.htm)" "mantech8.com"
185.191.171.4 - - [12/Oct/2022:07:14:50 -0700] "GET /index.php/camp-fire/39918702.html HTTP/1.1" 500 - "-" "Mozilla/5.0 (compatible; SemrushBot/7~bl; +http://www.semrush.com/bot.html)" "mantech8.com"
114.119.133.165 - - [12/Oct/2022:07:15:01 -0700] "GET /bimages/hydrog/thump/?C=M%3BO%3DA HTTP/1.1" 200 468 "http://www.mantech8.com/bimages/hydrog/thump/?C=S%3BO%3DA" "Mozilla/5.0 (Linux; Android 7.0;) AppleWebKit/537.36 (KHTML, like Gecko) Mobile Safari/537.36 (compatible; PetalBot;+https://webmaster.petalsearch.com/site/petalbot)" "www.mantech8.com"
185.191.171.38 - - [12/Oct/2022:07:15:35 -0700] "GET /index.php/camp-fire/856398.html HTTP/1.1" 500 - "-" "Mozilla/5.0 (compatible; SemrushBot/7~bl; +http://www.semrush.com/bot.html)" "mantech8.com"
185.191.171.8 - - [12/Oct/2022:07:15:57 -0700] "GET /index.php/camp-fire/29358070.html HTTP/1.1" 500 - "-" "Mozilla/5.0 (compatible; SemrushBot/7~bl; +http://www.semrush.com/bot.html)" "mantech8.com"
185.191.171.6 - - [12/Oct/2022:07:15:59 -0700] "GET /index.php/camp-fire/7631708.html HTTP/1.1" 500 - "-" "Mozilla/5.0 (compatible; SemrushBot/7~bl; +http://www.semrush.com/bot.html)" "mantech8.com"
185.191.171.39 - - [12/Oct/2022:07:16:44 -0700] "GET /index.php/camp-fire/370998.html HTTP/1.1" 500 - "-" "Mozilla/5.0 (compatible; SemrushBot/7~bl; +http://www.semrush.com/bot.html)" "mantech8.com"
185.191.171.15 - - [12/Oct/2022:07:17:04 -0700] "GET /index.php/camp-fire/24786830.html HTTP/1.1" 500 - "-" "Mozilla/5.0 (compatible; SemrushBot/7~bl; +http://www.semrush.com/bot.html)" "mantech8.com"
185.191.171.38 - - [12/Oct/2022:07:17:12 -0700] "GET /index.php/camp-fire/52101502.html HTTP/1.1" 500 - "-" "Mozilla/5.0 (compatible; SemrushBot/7~bl; +http://www.semrush.com/bot.html)" "mantech8.com"
185.191.171.18 - - [12/Oct/2022:07:17:24 -0700] "GET /index.php/camp-fire/34256708.html HTTP/1.1" 500 - "-" "Mozilla/5.0 (compatible; SemrushBot/7~bl; +http://www.semrush.com/bot.html)" "mantech8.com"
185.191.171.7 - - [12/Oct/2022:07:17:47 -0700] "GET /index.php/camp-fire/43233234.html HTTP/1.1" 500 - "-" "Mozilla/5.0 (compatible; SemrushBot/7~bl; +http://www.semrush.com/bot.html)" "mantech8.com"
185.191.171.22 - - [12/Oct/2022:07:18:03 -0700] "GET /index.php/camp-fire/47224217.html HTTP/1.1" 500 - "-" "Mozilla/5.0 (compatible; SemrushBot/7~bl; +http://www.semrush.com/bot.html)" "mantech8.com"
185.191.171.39 - - [12/Oct/2022:07:19:05 -0700] "GET /index.php/camp-fire/41341950.html HTTP/1.1" 500 - "-" "Mozilla/5.0 (compatible; SemrushBot/7~bl; +http://www.semrush.com/bot.html)" "mantech8.com"
185.191.171.18 - - [12/Oct/2022:07:19:12 -0700] "GET /index.php/camp-fire/28791589.html HTTP/1.1" 500 - "-" "Mozilla/5.0 (compatible; SemrushBot/7~bl; +http://www.semrush.com/bot.html)" "mantech8.com"
185.191.171.38 - - [12/Oct/2022:07:19:36 -0700] "GET /index.php/camp-fire/38231503.html HTTP/1.1" 500 - "-" "Mozilla/5.0 (compatible; SemrushBot/7~bl; +http://www.semrush.com/bot.html)" "mantech8.com"
185.191.171.6 - - [12/Oct/2022:07:19:50 -0700] "GET /index.php/camp-fire/44548832.html HTTP/1.1" 500 - "-" "Mozilla/5.0 (compatible; SemrushBot/7~bl; +http://www.semrush.com/bot.html)" "mantech8.com"
185.243.218.32 - - [12/Oct/2022:07:20:15 -0700] "GET /contact.php HTTP/1.1" 200 29238 "http://mantech8.com/contact.php" "Mozilla/5.0 (Windows NT 6.1; WOW64) AppleWebKit/537.36 (KHTML, like Gecko) Chrome/90.0.4430.85 Safari/537.36" "mantech8.com"
185.243.218.32 - - [12/Oct/2022:07:20:17 -0700] "GET /verificationimage.php?2731 HTTP/1.1" 200 1278 "http://mantech8.com/contact.php" "Mozilla/5.0 (Windows NT 6.1; WOW64) AppleWebKit/537.36 (KHTML, like Gecko) Chrome/90.0.4430.85 Safari/537.36" "mantech8.com"
185.243.218.32 - - [12/Oct/2022:07:20:18 -0700] "POST /mailer.php HTTP/1.1" 500 - "http://mantech8.com/contact.php" "Mozilla/5.0 (Windows NT 6.1; WOW64) AppleWebKit/537.36 (KHTML, like Gecko) Chrome/90.0.4430.85 Safari/537.36" "mantech8.com"
193.142.146.213 - - [12/Oct/2022:07:20:20 -0700] "GET /contact.php HTTP/1.1" 200 29238 "http://mantech8.com/contact.php" "Mozilla/5.0 (Windows NT 6.1; WOW64) AppleWebKit/537.36 (KHTML, like Gecko) Chrome/90.0.4430.85 Safari/537.36" "mantech8.com"
185.191.171.11 - - [12/Oct/2022:07:20:41 -0700] "GET /index.php/camp-fire/19641181.html HTTP/1.1" 500 - "-" "Mozilla/5.0 (compatible; SemrushBot/7~bl; +http://www.semrush.com/bot.html)" "mantech8.com"
114.119.133.182 - - [12/Oct/2022:07:20:48 -0700] "GET /index.php/sitemap6.xml HTTP/1.1" 200 289286 "-" "Mozilla/5.0 (Linux; Android 7.0;) AppleWebKit/537.36 (KHTML, like Gecko) Mobile Safari/537.36 (compatible; PetalBot;+https://webmaster.petalsearch.com/site/petalbot)" "mantech8.com"
185.191.171.23 - - [12/Oct/2022:07:21:09 -0700] "GET /index.php/camp-fire/33547706.html HTTP/1.1" 500 - "-" "Mozilla/5.0 (compatible; SemrushBot/7~bl; +http://www.semrush.com/bot.html)" "mantech8.com"
185.191.171.38 - - [12/Oct/2022:07:22:07 -0700] "GET /index.php/camp-fire/34637935.html HTTP/1.1" 500 - "-" "Mozilla/5.0 (compatible; SemrushBot/7~bl; +http://www.semrush.com/bot.html)" "mantech8.com"
185.191.171.25 - - [12/Oct/2022:07:22:11 -0700] "GET /index.php/camp-fire/34580326.html HTTP/1.1" 500 - "-" "Mozilla/5.0 (compatible; SemrushBot/7~bl; +http://www.semrush.com/bot.html)" "mantech8.com"
185.191.171.45 - - [12/Oct/2022:07:22:25 -0700] "GET /index.php/camp-fire/38848259.html HTTP/1.1" 500 - "-" "Mozilla/5.0 (compatible; SemrushBot/7~bl; +http://www.semrush.com/bot.html)" "mantech8.com"
185.191.171.4 - - [12/Oct/2022:07:23:18 -0700] "GET /index.php/camp-fire/40551276.html HTTP/1.1" 500 - "-" "Mozilla/5.0 (compatible; SemrushBot/7~bl; +http://www.semrush.com/bot.html)" "mantech8.com"
185.191.171.16 - - [12/Oct/2022:07:23:20 -0700] "GET /index.php/camp-fire/32200163.html HTTP/1.1" 500 - "-" "Mozilla/5.0 (compatible; SemrushBot/7~bl; +http://www.semrush.com/bot.html)" "mantech8.com"
194.110.203.46 - - [12/Oct/2022:07:23:33 -0700] "GET /public_html.bck HTTP/1.1" 404 73 "-" "Firefox" "mantech8.com"
185.191.171.38 - - [12/Oct/2022:07:24:10 -0700] "GET /index.php/camp-fire/60633325.html HTTP/1.1" 500 - "-" "Mozilla/5.0 (compatible; SemrushBot/7~bl; +http://www.semrush.com/bot.html)" "mantech8.com"
185.191.171.23 - - [12/Oct/2022:07:25:02 -0700] "GET /index.php/camp-fire/34678663.html HTTP/1.1" 500 - "-" "Mozilla/5.0 (compatible; SemrushBot/7~bl; +http://www.semrush.com/bot.html)" "mantech8.com"
185.191.171.38 - - [12/Oct/2022:07:25:29 -0700] "GET /index.php/camp-fire/35293138.html HTTP/1.1" 500 - "-" "Mozilla/5.0 (compatible; SemrushBot/7~bl; +http://www.semrush.com/bot.html)" "mantech8.com"
66.249.66.66 - - [12/Oct/2022:07:25:34 -0700] "GET /ads.txt HTTP/1.1" 404 88 "-" "Mozilla/5.0 (compatible; Googlebot/2.1; +http://www.google.com/bot.html)" "mantech8.com"
77.75.79.31 - - [12/Oct/2022:07:26:19 -0700] "GET /?sitemap-index-4.xml HTTP/1.1" 200 4265 "-" "Mozilla/5.0 (compatible; SeznamBot/4.0-RC1; +http://napoveda.seznam.cz/seznambot-intro/)" "mantech8.com"
185.191.171.37 - - [12/Oct/2022:07:26:29 -0700] "GET /index.php/camp-fire/40321150.html HTTP/1.1" 500 - "-" "Mozilla/5.0 (compatible; SemrushBot/7~bl; +http://www.semrush.com/bot.html)" "mantech8.com"
114.119.133.165 - - [12/Oct/2022:07:26:34 -0700] "GET /bimages/cleang/display_select_lang.lib.php HTTP/1.1" 200 32 "http://www.mantech8.com/bimages/cleang/" "Mozilla/5.0 (Linux; Android 7.0;) AppleWebKit/537.36 (KHTML, like Gecko) Mobile Safari/537.36 (compatible; PetalBot;+https://webmaster.petalsearch.com/site/petalbot)" "www.mantech8.com"
185.191.171.36 - - [12/Oct/2022:07:26:42 -0700] "GET /index.php/camp-fire/31840071.html HTTP/1.1" 500 - "-" "Mozilla/5.0 (compatible; SemrushBot/7~bl; +http://www.semrush.com/bot.html)" "mantech8.com"
185.191.171.13 - - [12/Oct/2022:07:26:53 -0700] "GET /index.php/camp-fire/9969008.html HTTP/1.1" 500 - "-" "Mozilla/5.0 (compatible; SemrushBot/7~bl; +http://www.semrush.com/bot.html)" "mantech8.com"
185.191.171.17 - - [12/Oct/2022:07:27:02 -0700] "GET /index.php/camp-fire/24335665.html HTTP/1.1" 500 - "-" "Mozilla/5.0 (compatible; SemrushBot/7~bl; +http://www.semrush.com/bot.html)" "mantech8.com"
185.191.171.16 - - [12/Oct/2022:07:27:14 -0700] "GET /index.php/camp-fire/35023525.html HTTP/1.1" 500 - "-" "Mozilla/5.0 (compatible; SemrushBot/7~bl; +http://www.semrush.com/bot.html)" "mantech8.com"
185.191.171.37 - - [12/Oct/2022:07:28:18 -0700] "GET /index.php/camp-fire/7743521.html HTTP/1.1" 500 - "-" "Mozilla/5.0 (compatible; SemrushBot/7~bl; +http://www.semrush.com/bot.html)" "mantech8.com"
185.191.171.3 - - [12/Oct/2022:07:28:25 -0700] "GET /index.php/camp-fire/52977526.html HTTP/1.1" 500 - "-" "Mozilla/5.0 (compatible; SemrushBot/7~bl; +http://www.semrush.com/bot.html)" "mantech8.com"
185.191.171.22 - - [12/Oct/2022:07:28:50 -0700] "GET /index.php/camp-fire/30512841.html HTTP/1.1" 500 - "-" "Mozilla/5.0 (compatible; SemrushBot/7~bl; +http://www.semrush.com/bot.html)" "mantech8.com"
185.191.171.23 - - [12/Oct/2022:07:29:05 -0700] "GET /index.php/camp-fire/21879224.html HTTP/1.1" 500 - "-" "Mozilla/5.0 (compatible; SemrushBot/7~bl; +http://www.semrush.com/bot.html)" "mantech8.com"
185.191.171.33 - - [12/Oct/2022:07:29:43 -0700] "GET /index.php/camp-fire/32574209.html HTTP/1.1" 500 - "-" "Mozilla/5.0 (compatible; SemrushBot/7~bl; +http://www.semrush.com/bot.html)" "mantech8.com"
185.191.171.23 - - [12/Oct/2022:07:29:46 -0700] "GET /index.php/camp-fire/75131129.html HTTP/1.1" 500 - "-" "Mozilla/5.0 (compatible; SemrushBot/7~bl; +http://www.semrush.com/bot.html)" "mantech8.com"
185.191.171.43 - - [12/Oct/2022:07:30:14 -0700] "GET /index.php/camp-fire/32430060.html HTTP/1.1" 500 - "-" "Mozilla/5.0 (compatible; SemrushBot/7~bl; +http://www.semrush.com/bot.html)" "mantech8.com"
185.191.171.37 - - [12/Oct/2022:07:30:18 -0700] "GET /index.php/camp-fire/42559851.html HTTP/1.1" 500 - "-" "Mozilla/5.0 (compatible; SemrushBot/7~bl; +http://www.semrush.com/bot.html)" "mantech8.com"
185.191.171.45 - - [12/Oct/2022:07:30:22 -0700] "GET /index.php/camp-fire/32620306.html HTTP/1.1" 500 - "-" "Mozilla/5.0 (compatible; SemrushBot/7~bl; +http://www.semrush.com/bot.html)" "mantech8.com"
185.191.171.10 - - [12/Oct/2022:07:30:49 -0700] "GET /index.php/camp-fire/38800672.html HTTP/1.1" 500 - "-" "Mozilla/5.0 (compatible; SemrushBot/7~bl; +http://www.semrush.com/bot.html)" "mantech8.com"
185.191.171.17 - - [12/Oct/2022:07:31:15 -0700] "GET /index.php/camp-fire/43615793.html HTTP/1.1" 500 - "-" "Mozilla/5.0 (compatible; SemrushBot/7~bl; +http://www.semrush.com/bot.html)" "mantech8.com"
185.191.171.38 - - [12/Oct/2022:07:31:19 -0700] "GET /index.php/camp-fire/24335565.html HTTP/1.1" 500 - "-" "Mozilla/5.0 (compatible; SemrushBot/7~bl; +http://www.semrush.com/bot.html)" "mantech8.com"
185.191.171.13 - - [12/Oct/2022:07:31:48 -0700] "GET /index.php/camp-fire/35706038.html HTTP/1.1" 500 - "-" "Mozilla/5.0 (compatible; SemrushBot/7~bl; +http://www.semrush.com/bot.html)" "mantech8.com"
185.191.171.12 - - [12/Oct/2022:07:32:20 -0700] "GET /index.php/camp-fire/33927621.html HTTP/1.1" 500 - "-" "Mozilla/5.0 (compatible; SemrushBot/7~bl; +http://www.semrush.com/bot.html)" "mantech8.com"
114.119.133.158 - - [12/Oct/2022:07:32:21 -0700] "GET /sitemap122.xml HTTP/1.1" 404 88 "-" "Mozilla/5.0 (compatible;PetalBot;+https://webmaster.petalsearch.com/site/petalbot)" "mantech8.com"
185.191.171.16 - - [12/Oct/2022:07:33:47 -0700] "GET /index.php/camp-fire/43257434.html HTTP/1.1" 500 - "-" "Mozilla/5.0 (compatible; SemrushBot/7~bl; +http://www.semrush.com/bot.html)" "mantech8.com"
185.191.171.41 - - [12/Oct/2022:07:34:25 -0700] "GET /index.php/camp-fire/38606509.html HTTP/1.1" 500 - "-" "Mozilla/5.0 (compatible; SemrushBot/7~bl; +http://www.semrush.com/bot.html)" "mantech8.com"
185.191.171.42 - - [12/Oct/2022:07:34:26 -0700] "GET /index.php/camp-fire/37442297.html HTTP/1.1" 500 - "-" "Mozilla/5.0 (compatible; SemrushBot/7~bl; +http://www.semrush.com/bot.html)" "mantech8.com"
185.191.171.15 - - [12/Oct/2022:07:34:40 -0700] "GET /index.php/camp-fire/35644070.html HTTP/1.1" 500 - "-" "Mozilla/5.0 (compatible; SemrushBot/7~bl; +http://www.semrush.com/bot.html)" "mantech8.com"
185.191.171.24 - - [12/Oct/2022:07:35:09 -0700] "GET /index.php/camp-fire/3362300.html HTTP/1.1" 500 - "-" "Mozilla/5.0 (compatible; SemrushBot/7~bl; +http://www.semrush.com/bot.html)" "mantech8.com"
185.191.171.38 - - [12/Oct/2022:07:35:13 -0700] "GET /index.php/camp-fire/41117666.html HTTP/1.1" 500 - "-" "Mozilla/5.0 (compatible; SemrushBot/7~bl; +http://www.semrush.com/bot.html)" "mantech8.com"
185.191.171.36 - - [12/Oct/2022:07:35:27 -0700] "GET /index.php/camp-fire/39169235.html HTTP/1.1" 500 - "-" "Mozilla/5.0 (compatible; SemrushBot/7~bl; +http://www.semrush.com/bot.html)" "mantech8.com"
185.191.171.38 - - [12/Oct/2022:07:35:48 -0700] "GET /index.php/camp-fire/8095542.html HTTP/1.1" 500 - "-" "Mozilla/5.0 (compatible; SemrushBot/7~bl; +http://www.semrush.com/bot.html)" "mantech8.com"
185.191.171.42 - - [12/Oct/2022:07:37:04 -0700] "GET /index.php/camp-fire/42178449.html HTTP/1.1" 500 - "-" "Mozilla/5.0 (compatible; SemrushBot/7~bl; +http://www.semrush.com/bot.html)" "mantech8.com"
185.191.171.37 - - [12/Oct/2022:07:37:06 -0700] "GET /index.php/camp-fire/43297071.html HTTP/1.1" 500 - "-" "Mozilla/5.0 (compatible; SemrushBot/7~bl; +http://www.semrush.com/bot.html)" "mantech8.com"
185.191.171.7 - - [12/Oct/2022:07:37:50 -0700] "GET /index.php/camp-fire/41966378.html HTTP/1.1" 500 - "-" "Mozilla/5.0 (compatible; SemrushBot/7~bl; +http://www.semrush.com/bot.html)" "mantech8.com"
114.119.133.165 - - [12/Oct/2022:07:38:08 -0700] "GET /sitemap-index-7.xml HTTP/1.1" 404 88 "-" "Mozilla/5.0 (compatible;PetalBot;+https://webmaster.petalsearch.com/site/petalbot)" "mantech8.com"
185.191.171.36 - - [12/Oct/2022:07:38:25 -0700] "GET /index.php/camp-fire/91408627.html HTTP/1.1" 500 - "-" "Mozilla/5.0 (compatible; SemrushBot/7~bl; +http://www.semrush.com/bot.html)" "mantech8.com"
185.191.171.6 - - [12/Oct/2022:07:39:13 -0700] "GET /index.php/camp-fire/57493530.html HTTP/1.1" 500 - "-" "Mozilla/5.0 (compatible; SemrushBot/7~bl; +http://www.semrush.com/bot.html)" "mantech8.com"
185.191.171.26 - - [12/Oct/2022:07:39:37 -0700] "GET /index.php/camp-fire/8648555.html HTTP/1.1" 500 - "-" "Mozilla/5.0 (compatible; SemrushBot/7~bl; +http://www.semrush.com/bot.html)" "mantech8.com"
185.191.171.25 - - [12/Oct/2022:07:40:12 -0700] "GET /index.php/camp-fire/27683770.html HTTP/1.1" 500 - "-" "Mozilla/5.0 (compatible; SemrushBot/7~bl; +http://www.semrush.com/bot.html)" "mantech8.com"
185.191.171.21 - - [12/Oct/2022:07:40:43 -0700] "GET /index.php/camp-fire/36963316.html HTTP/1.1" 500 - "-" "Mozilla/5.0 (compatible; SemrushBot/7~bl; +http://www.semrush.com/bot.html)" "mantech8.com"
185.191.171.37 - - [12/Oct/2022:07:41:02 -0700] "GET /index.php/camp-fire/32524468.html HTTP/1.1" 500 - "-" "Mozilla/5.0 (compatible; SemrushBot/7~bl; +http://www.semrush.com/bot.html)" "mantech8.com"
185.191.171.19 - - [12/Oct/2022:07:41:28 -0700] "GET /index.php/camp-fire/22959817.html HTTP/1.1" 500 - "-" "Mozilla/5.0 (compatible; SemrushBot/7~bl; +http://www.semrush.com/bot.html)" "mantech8.com"
185.191.171.39 - - [12/Oct/2022:07:42:05 -0700] "GET /index.php/camp-fire/39798102.html HTTP/1.1" 500 - "-" "Mozilla/5.0 (compatible; SemrushBot/7~bl; +http://www.semrush.com/bot.html)" "mantech8.com"
185.191.171.37 - - [12/Oct/2022:07:42:37 -0700] "GET /index.php/camp-fire/51242525.html HTTP/1.1" 500 - "-" "Mozilla/5.0 (compatible; SemrushBot/7~bl; +http://www.semrush.com/bot.html)" "mantech8.com"
185.191.171.33 - - [12/Oct/2022:07:43:04 -0700] "GET /index.php/camp-fire/39879776.html HTTP/1.1" 500 - "-" "Mozilla/5.0 (compatible; SemrushBot/7~bl; +http://www.semrush.com/bot.html)" "mantech8.com"
185.191.171.19 - - [12/Oct/2022:07:43:34 -0700] "GET /index.php/camp-fire/6729365.html HTTP/1.1" 500 - "-" "Mozilla/5.0 (compatible; SemrushBot/7~bl; +http://www.semrush.com/bot.html)" "mantech8.com"
185.191.171.37 - - [12/Oct/2022:07:43:48 -0700] "GET /index.php/camp-fire/32604135.html HTTP/1.1" 500 - "-" "Mozilla/5.0 (compatible; SemrushBot/7~bl; +http://www.semrush.com/bot.html)" "mantech8.com"
45.138.16.246 - - [12/Oct/2022:07:43:52 -0700] "GET /index.php?/s?__biz=mzixmze2nty3mq==&mid=2652092388&idx=1&sn=1f715ac5b6a973d68f449478f4f89f64&chksm=8c5de4ecbb2a6dfa4a20590b64b0fe2563226ba5c79b661c07e413fb1373a2079056ec207f9f&token=1747919704&lang=zh_cn HTTP/1.1" 500 - "-" "Mozilla/5.0 (Macintosh; Intel Mac OS X 9.0; rv:48.43.2) Gecko/20100101 Firefox/48.43.2" "www.mantech8.com"
45.138.16.246 - - [12/Oct/2022:07:43:52 -0700] "GET /index.php?/s?__biz=mzixmze2nty3mq==%27nvOpzp;%20AND%201=1%20OR%20(%3C%27%22%3EiKO)),&mid=2652092388%27nvOpzp;%20AND%201=1%20OR%20(%3C%27%22%3EiKO)),&idx=1%27nvOpzp;%20AND%201=1%20OR%20(%3C%27%22%3EiKO)),&sn=1f715ac5b6a973d68f449478f4f89f64%27nvOpzp;%20AND%201=1%20OR%20(%3C%27%22%3EiKO)),&chksm=8c5de4ecbb2a6dfa4a20590b64b0fe2563226ba5c79b661c07e413fb1373a2079056ec207f9f%27nvOpzp;%20AND%201=1%20OR%20(%3C%27%22%3EiKO)),&token=1747919704%27nvOpzp;%20AND%201=1%20OR%20(%3C%27%22%3EiKO)),&lang=zh_cn%27nvOpzp;%20AND%201=1%20OR%20(%3C%27%22%3EiKO)), HTTP/1.1" 500 - "-" "Mozilla/5.0 (X11; Linux x86_64; rv:89.0) Gecko/20100101 Firefox/89.0" "www.mantech8.com"
185.191.171.18 - - [12/Oct/2022:07:43:58 -0700] "GET /index.php/camp-fire/36409538.html HTTP/1.1" 500 - "-" "Mozilla/5.0 (compatible; SemrushBot/7~bl; +http://www.semrush.com/bot.html)" "mantech8.com"
185.191.171.4 - - [12/Oct/2022:07:44:03 -0700] "GET /index.php/camp-fire/40078168.html HTTP/1.1" 500 - "-" "Mozilla/5.0 (compatible; SemrushBot/7~bl; +http://www.semrush.com/bot.html)" "mantech8.com"
114.119.133.166 - - [12/Oct/2022:07:44:05 -0700] "GET /bimages/mission/?C=S%3BO%3DA HTTP/1.1" 200 416 "http://mantech8.com/bimages/mission/?C=D%3BO%3DA" "Mozilla/5.0 (Linux; Android 7.0;) AppleWebKit/537.36 (KHTML, like Gecko) Mobile Safari/537.36 (compatible; PetalBot;+https://webmaster.petalsearch.com/site/petalbot)" "mantech8.com"
185.191.171.12 - - [12/Oct/2022:07:44:27 -0700] "GET /index.php/camp-fire/50762334.html HTTP/1.1" 500 - "-" "Mozilla/5.0 (compatible; SemrushBot/7~bl; +http://www.semrush.com/bot.html)" "mantech8.com"
185.191.171.39 - - [12/Oct/2022:07:44:31 -0700] "GET /robots.txt HTTP/1.1" 200 106 "-" "Mozilla/5.0 (compatible; SemrushBot/7~bl; +http://www.semrush.com/bot.html)" "mantech8.com"
185.191.171.19 - - [12/Oct/2022:07:44:31 -0700] "GET /index.php/camp-fire/9690098.html HTTP/1.1" 500 - "-" "Mozilla/5.0 (compatible; SemrushBot/7~bl; +http://www.semrush.com/bot.html)" "mantech8.com"
185.191.171.22 - - [12/Oct/2022:07:44:38 -0700] "GET /index.php/camp-fire/36295738.html HTTP/1.1" 500 - "-" "Mozilla/5.0 (compatible; SemrushBot/7~bl; +http://www.semrush.com/bot.html)" "mantech8.com"
185.191.171.20 - - [12/Oct/2022:07:44:57 -0700] "GET /index.php/camp-fire/36038309.html HTTP/1.1" 500 - "-" "Mozilla/5.0 (compatible; SemrushBot/7~bl; +http://www.semrush.com/bot.html)" "mantech8.com"
40.77.167.58 - - [12/Oct/2022:07:45:07 -0700] "GET /camp-fire/32541856.html HTTP/1.1" 404 88 "-" "Mozilla/5.0 (compatible; bingbot/2.0; +http://www.bing.com/bingbot.htm)" "www.mantech8.com"
185.191.171.36 - - [12/Oct/2022:07:45:15 -0700] "GET /index.php/camp-fire/30630655.html HTTP/1.1" 500 - "-" "Mozilla/5.0 (compatible; SemrushBot/7~bl; +http://www.semrush.com/bot.html)" "mantech8.com"
185.191.171.8 - - [12/Oct/2022:07:46:58 -0700] "GET /index.php/camp-fire/28834166.html HTTP/1.1" 500 - "-" "Mozilla/5.0 (compatible; SemrushBot/7~bl; +http://www.semrush.com/bot.html)" "mantech8.com"
185.191.171.9 - - [12/Oct/2022:07:47:17 -0700] "GET /index.php/camp-fire/40333638.html HTTP/1.1" 500 - "-" "Mozilla/5.0 (compatible; SemrushBot/7~bl; +http://www.semrush.com/bot.html)" "mantech8.com"
185.191.171.15 - - [12/Oct/2022:07:47:35 -0700] "GET /index.php/camp-fire/4804155.html HTTP/1.1" 500 - "-" "Mozilla/5.0 (compatible; SemrushBot/7~bl; +http://www.semrush.com/bot.html)" "mantech8.com"
185.191.171.15 - - [12/Oct/2022:07:48:10 -0700] "GET /index.php/camp-fire/30522341.html HTTP/1.1" 500 - "-" "Mozilla/5.0 (compatible; SemrushBot/7~bl; +http://www.semrush.com/bot.html)" "mantech8.com"
185.191.171.44 - - [12/Oct/2022:07:49:32 -0700] "GET /index.php/camp-fire/39887376.html HTTP/1.1" 500 - "-" "Mozilla/5.0 (compatible; SemrushBot/7~bl; +http://www.semrush.com/bot.html)" "mantech8.com"
185.191.171.38 - - [12/Oct/2022:07:49:33 -0700] "GET /index.php/camp-fire/42701234.html HTTP/1.1" 500 - "-" "Mozilla/5.0 (compatible; SemrushBot/7~bl; +http://www.semrush.com/bot.html)" "mantech8.com"
185.191.171.15 - - [12/Oct/2022:07:49:43 -0700] "GET /index.php/camp-fire/9898669.html HTTP/1.1" 500 - "-" "Mozilla/5.0 (compatible; SemrushBot/7~bl; +http://www.semrush.com/bot.html)" "mantech8.com"
114.119.133.165 - - [12/Oct/2022:07:49:57 -0700] "GET /bimages/tank/?C=S%3BO%3DA HTTP/1.1" 200 411 "http://mantech8.com/bimages/tank/?C=N%3BO%3DD" "Mozilla/5.0 (Linux; Android 7.0;) AppleWebKit/537.36 (KHTML, like Gecko) Mobile Safari/537.36 (compatible; PetalBot;+https://webmaster.petalsearch.com/site/petalbot)" "mantech8.com"
185.191.171.9 - - [12/Oct/2022:07:50:14 -0700] "GET /index.php/camp-fire/29734463.html HTTP/1.1" 500 - "-" "Mozilla/5.0 (compatible; SemrushBot/7~bl; +http://www.semrush.com/bot.html)" "mantech8.com"
