136.243.220.213 - - [06/Oct/2022:23:30:33 -0700] "GET /?camp-fire/33258368.html HTTP/1.1" 500 - "-" "Mozilla/5.0 (compatible; DataForSeoBot/1.0; +https://dataforseo.com/dataforseo-bot)" "mantech8.com"
207.46.13.184 - - [06/Oct/2022:23:30:33 -0700] "GET /sitemap17217.xml HTTP/1.1" 404 88 "-" "Mozilla/5.0 (compatible; bingbot/2.0; +http://www.bing.com/bingbot.htm)" "mantech8.com"
207.46.13.184 - - [06/Oct/2022:23:30:34 -0700] "GET /sitemap3207.xml HTTP/1.1" 404 88 "-" "Mozilla/5.0 AppleWebKit/537.36 (KHTML, like Gecko; compatible; bingbot/2.0; +http://www.bing.com/bingbot.htm) Chrome/103.0.5060.134 Safari/537.36" "mantech8.com"
136.243.220.213 - - [06/Oct/2022:23:30:36 -0700] "GET /?camp-fire/27399647.html HTTP/1.1" 500 - "-" "Mozilla/5.0 (compatible; DataForSeoBot/1.0; +https://dataforseo.com/dataforseo-bot)" "mantech8.com"
40.77.167.68 - - [06/Oct/2022:23:30:39 -0700] "GET /index.php/sitemap16165.xml HTTP/1.1" 200 289485 "-" "Mozilla/5.0 (compatible; bingbot/2.0; +http://www.bing.com/bingbot.htm)" "mantech8.com"
136.243.220.213 - - [06/Oct/2022:23:30:40 -0700] "GET /?camp-fire/35787425.html HTTP/1.1" 500 - "-" "Mozilla/5.0 (compatible; DataForSeoBot/1.0; +https://dataforseo.com/dataforseo-bot)" "mantech8.com"
136.243.220.213 - - [06/Oct/2022:23:30:41 -0700] "GET /?camp-fire/42820949.html HTTP/1.1" 500 - "-" "Mozilla/5.0 (compatible; DataForSeoBot/1.0; +https://dataforseo.com/dataforseo-bot)" "mantech8.com"
136.243.220.213 - - [06/Oct/2022:23:30:44 -0700] "GET /?camp-fire/24361806.html HTTP/1.1" 500 - "-" "Mozilla/5.0 (compatible; DataForSeoBot/1.0; +https://dataforseo.com/dataforseo-bot)" "mantech8.com"
136.243.220.213 - - [06/Oct/2022:23:30:45 -0700] "GET /?camp-fire/18281027.html HTTP/1.1" 500 - "-" "Mozilla/5.0 (compatible; DataForSeoBot/1.0; +https://dataforseo.com/dataforseo-bot)" "mantech8.com"
136.243.220.213 - - [06/Oct/2022:23:30:47 -0700] "GET /?camp-fire/18758481.html HTTP/1.1" 500 - "-" "Mozilla/5.0 (compatible; DataForSeoBot/1.0; +https://dataforseo.com/dataforseo-bot)" "mantech8.com"
136.243.220.213 - - [06/Oct/2022:23:30:51 -0700] "GET /?camp-fire/2005029.html HTTP/1.1" 500 - "-" "Mozilla/5.0 (compatible; DataForSeoBot/1.0; +https://dataforseo.com/dataforseo-bot)" "mantech8.com"
207.46.13.184 - - [06/Oct/2022:23:30:54 -0700] "GET /index.php/sitemap11513.xml HTTP/1.1" 200 289367 "-" "Mozilla/5.0 (compatible; bingbot/2.0; +http://www.bing.com/bingbot.htm)" "mantech8.com"
136.243.220.213 - - [06/Oct/2022:23:30:56 -0700] "GET /?camp-fire/34434108.html HTTP/1.1" 500 - "-" "Mozilla/5.0 (compatible; DataForSeoBot/1.0; +https://dataforseo.com/dataforseo-bot)" "mantech8.com"
136.243.220.213 - - [06/Oct/2022:23:30:56 -0700] "GET /?camp-fire/27399847.html HTTP/1.1" 500 - "-" "Mozilla/5.0 (compatible; DataForSeoBot/1.0; +https://dataforseo.com/dataforseo-bot)" "mantech8.com"
136.243.220.213 - - [06/Oct/2022:23:31:00 -0700] "GET /?camp-fire/38853472.html HTTP/1.1" 500 - "-" "Mozilla/5.0 (compatible; DataForSeoBot/1.0; +https://dataforseo.com/dataforseo-bot)" "mantech8.com"
40.77.167.72 - - [06/Oct/2022:23:31:03 -0700] "GET /sitemap4326.xml HTTP/1.1" 404 88 "-" "Mozilla/5.0 AppleWebKit/537.36 (KHTML, like Gecko; compatible; bingbot/2.0; +http://www.bing.com/bingbot.htm) Chrome/103.0.5060.134 Safari/537.36" "mantech8.com"
136.243.220.213 - - [06/Oct/2022:23:31:04 -0700] "GET /?camp-fire/18281627.html HTTP/1.1" 500 - "-" "Mozilla/5.0 (compatible; DataForSeoBot/1.0; +https://dataforseo.com/dataforseo-bot)" "mantech8.com"
185.191.171.2 - - [06/Oct/2022:23:31:05 -0700] "GET /index.php/camp-fire/941698.html HTTP/1.1" 500 - "-" "Mozilla/5.0 (compatible; SemrushBot/7~bl; +http://www.semrush.com/bot.html)" "mantech8.com"
207.46.13.63 - - [06/Oct/2022:23:31:07 -0700] "GET /sitemap13215.xml HTTP/1.1" 404 88 "-" "Mozilla/5.0 AppleWebKit/537.36 (KHTML, like Gecko; compatible; bingbot/2.0; +http://www.bing.com/bingbot.htm) Chrome/103.0.5060.134 Safari/537.36" "mantech8.com"
207.46.13.63 - - [06/Oct/2022:23:31:07 -0700] "GET /sitemap4424.xml HTTP/1.1" 404 88 "-" "Mozilla/5.0 (compatible; bingbot/2.0; +http://www.bing.com/bingbot.htm)" "mantech8.com"
136.243.220.213 - - [06/Oct/2022:23:31:08 -0700] "GET /?camp-fire/11275057.html HTTP/1.1" 500 - "-" "Mozilla/5.0 (compatible; DataForSeoBot/1.0; +https://dataforseo.com/dataforseo-bot)" "mantech8.com"
207.46.13.63 - - [06/Oct/2022:23:31:08 -0700] "GET /sitemap19656.xml HTTP/1.1" 404 88 "-" "Mozilla/5.0 (compatible; bingbot/2.0; +http://www.bing.com/bingbot.htm)" "mantech8.com"
185.191.171.39 - - [06/Oct/2022:23:31:08 -0700] "GET /index.php/camp-fire/25315756.html HTTP/1.1" 500 - "-" "Mozilla/5.0 (compatible; SemrushBot/7~bl; +http://www.semrush.com/bot.html)" "mantech8.com"
185.191.171.5 - - [06/Oct/2022:23:31:12 -0700] "GET /index.php/camp-fire/46381835.html HTTP/1.1" 500 - "-" "Mozilla/5.0 (compatible; SemrushBot/7~bl; +http://www.semrush.com/bot.html)" "mantech8.com"
136.243.220.213 - - [06/Oct/2022:23:31:12 -0700] "GET /?camp-fire/42878534.html HTTP/1.1" 500 - "-" "Mozilla/5.0 (compatible; DataForSeoBot/1.0; +https://dataforseo.com/dataforseo-bot)" "mantech8.com"
40.77.167.72 - - [06/Oct/2022:23:31:13 -0700] "GET /sitemap18969.xml HTTP/1.1" 404 88 "-" "Mozilla/5.0 (compatible; bingbot/2.0; +http://www.bing.com/bingbot.htm)" "mantech8.com"
136.243.220.213 - - [06/Oct/2022:23:31:14 -0700] "GET /?camp-fire/15264624.html HTTP/1.1" 500 - "-" "Mozilla/5.0 (compatible; DataForSeoBot/1.0; +https://dataforseo.com/dataforseo-bot)" "mantech8.com"
207.46.13.70 - - [06/Oct/2022:23:31:18 -0700] "GET /sitemap12456.xml HTTP/1.1" 404 88 "-" "Mozilla/5.0 AppleWebKit/537.36 (KHTML, like Gecko; compatible; bingbot/2.0; +http://www.bing.com/bingbot.htm) Chrome/103.0.5060.134 Safari/537.36" "mantech8.com"
136.243.220.213 - - [06/Oct/2022:23:31:18 -0700] "GET /?camp-fire/34433608.html HTTP/1.1" 500 - "-" "Mozilla/5.0 (compatible; DataForSeoBot/1.0; +https://dataforseo.com/dataforseo-bot)" "mantech8.com"
207.46.13.70 - - [06/Oct/2022:23:31:19 -0700] "GET /sitemap13486.xml HTTP/1.1" 404 88 "-" "Mozilla/5.0 (compatible; bingbot/2.0; +http://www.bing.com/bingbot.htm)" "mantech8.com"
136.243.220.213 - - [06/Oct/2022:23:31:22 -0700] "GET /?camp-fire/42551603.html HTTP/1.1" 500 - "-" "Mozilla/5.0 (compatible; DataForSeoBot/1.0; +https://dataforseo.com/dataforseo-bot)" "mantech8.com"
40.77.167.58 - - [06/Oct/2022:23:31:22 -0700] "GET /index.php/sitemap10048.xml HTTP/1.1" 200 289321 "-" "Mozilla/5.0 (compatible; bingbot/2.0; +http://www.bing.com/bingbot.htm)" "mantech8.com"
40.77.167.58 - - [06/Oct/2022:23:31:23 -0700] "GET /sitemap5001.xml HTTP/1.1" 404 88 "-" "Mozilla/5.0 (compatible; bingbot/2.0; +http://www.bing.com/bingbot.htm)" "mantech8.com"
207.46.13.184 - - [06/Oct/2022:23:31:24 -0700] "GET /sitemap11885.xml HTTP/1.1" 404 88 "-" "Mozilla/5.0 (compatible; bingbot/2.0; +http://www.bing.com/bingbot.htm)" "mantech8.com"
136.243.220.213 - - [06/Oct/2022:23:31:27 -0700] "GET /?camp-fire/4953585.html HTTP/1.1" 500 - "-" "Mozilla/5.0 (compatible; DataForSeoBot/1.0; +https://dataforseo.com/dataforseo-bot)" "mantech8.com"
207.46.13.63 - - [06/Oct/2022:23:31:27 -0700] "GET /sitemap1368.xml HTTP/1.1" 404 88 "-" "Mozilla/5.0 (compatible; bingbot/2.0; +http://www.bing.com/bingbot.htm)" "mantech8.com"
136.243.220.213 - - [06/Oct/2022:23:31:28 -0700] "GET /?camp-fire/34382659.html HTTP/1.1" 500 - "-" "Mozilla/5.0 (compatible; DataForSeoBot/1.0; +https://dataforseo.com/dataforseo-bot)" "mantech8.com"
136.243.220.213 - - [06/Oct/2022:23:31:31 -0700] "GET /?camp-fire/3146393.html HTTP/1.1" 500 - "-" "Mozilla/5.0 (compatible; DataForSeoBot/1.0; +https://dataforseo.com/dataforseo-bot)" "mantech8.com"
136.243.220.213 - - [06/Oct/2022:23:31:35 -0700] "GET /?camp-fire/4017698.html HTTP/1.1" 500 - "-" "Mozilla/5.0 (compatible; DataForSeoBot/1.0; +https://dataforseo.com/dataforseo-bot)" "mantech8.com"
207.46.13.70 - - [06/Oct/2022:23:31:37 -0700] "GET /sitemap21300.xml HTTP/1.1" 404 88 "-" "Mozilla/5.0 (compatible; bingbot/2.0; +http://www.bing.com/bingbot.htm)" "mantech8.com"
207.46.13.70 - - [06/Oct/2022:23:31:37 -0700] "GET /sitemap793.xml HTTP/1.1" 404 88 "-" "Mozilla/5.0 (compatible; bingbot/2.0; +http://www.bing.com/bingbot.htm)" "mantech8.com"
136.243.220.213 - - [06/Oct/2022:23:31:40 -0700] "GET /?camp-fire/36026538.html HTTP/1.1" 500 - "-" "Mozilla/5.0 (compatible; DataForSeoBot/1.0; +https://dataforseo.com/dataforseo-bot)" "mantech8.com"
136.243.220.213 - - [06/Oct/2022:23:31:41 -0700] "GET /?camp-fire/10446883.html HTTP/1.1" 500 - "-" "Mozilla/5.0 (compatible; DataForSeoBot/1.0; +https://dataforseo.com/dataforseo-bot)" "mantech8.com"
40.77.167.72 - - [06/Oct/2022:23:31:42 -0700] "GET /sitemap17473.xml HTTP/1.1" 404 88 "-" "Mozilla/5.0 (compatible; bingbot/2.0; +http://www.bing.com/bingbot.htm)" "mantech8.com"
40.77.167.72 - - [06/Oct/2022:23:31:42 -0700] "GET /sitemap12857.xml HTTP/1.1" 404 88 "-" "Mozilla/5.0 (compatible; bingbot/2.0; +http://www.bing.com/bingbot.htm)" "mantech8.com"
136.243.220.213 - - [06/Oct/2022:23:31:45 -0700] "GET /?camp-fire/29589866.html HTTP/1.1" 500 - "-" "Mozilla/5.0 (compatible; DataForSeoBot/1.0; +https://dataforseo.com/dataforseo-bot)" "mantech8.com"
136.243.220.213 - - [06/Oct/2022:23:31:49 -0700] "GET /?camp-fire/40642276.html HTTP/1.1" 500 - "-" "Mozilla/5.0 (compatible; DataForSeoBot/1.0; +https://dataforseo.com/dataforseo-bot)" "mantech8.com"
136.243.220.213 - - [06/Oct/2022:23:31:53 -0700] "GET /?camp-fire/18860261.html HTTP/1.1" 500 - "-" "Mozilla/5.0 (compatible; DataForSeoBot/1.0; +https://dataforseo.com/dataforseo-bot)" "mantech8.com"
136.243.220.213 - - [06/Oct/2022:23:31:57 -0700] "GET /?camp-fire/18343680.html HTTP/1.1" 500 - "-" "Mozilla/5.0 (compatible; DataForSeoBot/1.0; +https://dataforseo.com/dataforseo-bot)" "mantech8.com"
40.77.167.68 - - [06/Oct/2022:23:31:59 -0700] "GET /sitemap8751.xml HTTP/1.1" 404 88 "-" "Mozilla/5.0 (compatible; bingbot/2.0; +http://www.bing.com/bingbot.htm)" "mantech8.com"
136.243.220.213 - - [06/Oct/2022:23:32:01 -0700] "GET /?camp-fire/16204883.html HTTP/1.1" 500 - "-" "Mozilla/5.0 (compatible; DataForSeoBot/1.0; +https://dataforseo.com/dataforseo-bot)" "mantech8.com"
136.243.220.213 - - [06/Oct/2022:23:32:05 -0700] "GET /?camp-fire/31402655.html HTTP/1.1" 500 - "-" "Mozilla/5.0 (compatible; DataForSeoBot/1.0; +https://dataforseo.com/dataforseo-bot)" "mantech8.com"
136.243.220.213 - - [06/Oct/2022:23:32:09 -0700] "GET /?camp-fire/8386208.html HTTP/1.1" 500 - "-" "Mozilla/5.0 (compatible; DataForSeoBot/1.0; +https://dataforseo.com/dataforseo-bot)" "mantech8.com"
185.191.171.9 - - [06/Oct/2022:23:32:10 -0700] "GET /index.php/camp-fire/61512134.html HTTP/1.1" 500 - "-" "Mozilla/5.0 (compatible; SemrushBot/7~bl; +http://www.semrush.com/bot.html)" "mantech8.com"
207.46.13.63 - - [06/Oct/2022:23:32:13 -0700] "GET /index.php/sitemap20031.xml HTTP/1.1" 200 289329 "-" "Mozilla/5.0 AppleWebKit/537.36 (KHTML, like Gecko; compatible; bingbot/2.0; +http://www.bing.com/bingbot.htm) Chrome/103.0.5060.134 Safari/537.36" "mantech8.com"
136.243.220.213 - - [06/Oct/2022:23:32:14 -0700] "GET /?camp-fire/33852616.html HTTP/1.1" 500 - "-" "Mozilla/5.0 (compatible; DataForSeoBot/1.0; +https://dataforseo.com/dataforseo-bot)" "mantech8.com"
207.46.13.70 - - [06/Oct/2022:23:32:17 -0700] "GET /index.php/sitemap11060.xml HTTP/1.1" 200 289320 "-" "Mozilla/5.0 AppleWebKit/537.36 (KHTML, like Gecko; compatible; bingbot/2.0; +http://www.bing.com/bingbot.htm) Chrome/103.0.5060.134 Safari/537.36" "mantech8.com"
136.243.220.213 - - [06/Oct/2022:23:32:17 -0700] "GET /?camp-fire/2116359.html HTTP/1.1" 500 - "-" "Mozilla/5.0 (compatible; DataForSeoBot/1.0; +https://dataforseo.com/dataforseo-bot)" "mantech8.com"
136.243.220.213 - - [06/Oct/2022:23:32:21 -0700] "GET /?camp-fire/14675959.html HTTP/1.1" 500 - "-" "Mozilla/5.0 (compatible; DataForSeoBot/1.0; +https://dataforseo.com/dataforseo-bot)" "mantech8.com"
136.243.220.213 - - [06/Oct/2022:23:32:25 -0700] "GET /?camp-fire/1240369.html HTTP/1.1" 500 - "-" "Mozilla/5.0 (compatible; DataForSeoBot/1.0; +https://dataforseo.com/dataforseo-bot)" "mantech8.com"
136.243.220.213 - - [06/Oct/2022:23:32:29 -0700] "GET /?camp-fire/31402955.html HTTP/1.1" 500 - "-" "Mozilla/5.0 (compatible; DataForSeoBot/1.0; +https://dataforseo.com/dataforseo-bot)" "mantech8.com"
136.243.220.213 - - [06/Oct/2022:23:32:33 -0700] "GET /?camp-fire/3862678.html HTTP/1.1" 500 - "-" "Mozilla/5.0 (compatible; DataForSeoBot/1.0; +https://dataforseo.com/dataforseo-bot)" "mantech8.com"
207.46.13.63 - - [06/Oct/2022:23:32:34 -0700] "GET /index.php?sitemap8996.xml HTTP/1.1" 200 289439 "-" "Mozilla/5.0 AppleWebKit/537.36 (KHTML, like Gecko; compatible; bingbot/2.0; +http://www.bing.com/bingbot.htm) Chrome/103.0.5060.134 Safari/537.36" "mantech8.com"
136.243.220.213 - - [06/Oct/2022:23:32:38 -0700] "GET /?camp-fire/40897988.html HTTP/1.1" 500 - "-" "Mozilla/5.0 (compatible; DataForSeoBot/1.0; +https://dataforseo.com/dataforseo-bot)" "mantech8.com"
207.46.13.63 - - [06/Oct/2022:23:32:35 -0700] "GET /index.php/sitemap21280.xml HTTP/1.1" 200 289341 "-" "Mozilla/5.0 (compatible; bingbot/2.0; +http://www.bing.com/bingbot.htm)" "mantech8.com"
136.243.220.213 - - [06/Oct/2022:23:32:42 -0700] "GET /?camp-fire/40572402.html HTTP/1.1" 500 - "-" "Mozilla/5.0 (compatible; DataForSeoBot/1.0; +https://dataforseo.com/dataforseo-bot)" "mantech8.com"
185.191.171.16 - - [06/Oct/2022:23:32:45 -0700] "GET /index.php/camp-fire/40933535.html HTTP/1.1" 500 - "-" "Mozilla/5.0 (compatible; SemrushBot/7~bl; +http://www.semrush.com/bot.html)" "mantech8.com"
136.243.220.213 - - [06/Oct/2022:23:32:46 -0700] "GET /?camp-fire/5537155.html HTTP/1.1" 500 - "-" "Mozilla/5.0 (compatible; DataForSeoBot/1.0; +https://dataforseo.com/dataforseo-bot)" "mantech8.com"
136.243.220.213 - - [06/Oct/2022:23:32:50 -0700] "GET /?camp-fire/34383659.html HTTP/1.1" 500 - "-" "Mozilla/5.0 (compatible; DataForSeoBot/1.0; +https://dataforseo.com/dataforseo-bot)" "mantech8.com"
185.191.171.8 - - [06/Oct/2022:23:32:50 -0700] "GET /index.php/camp-fire/91471180.html HTTP/1.1" 500 - "-" "Mozilla/5.0 (compatible; SemrushBot/7~bl; +http://www.semrush.com/bot.html)" "mantech8.com"
114.119.133.182 - - [06/Oct/2022:23:32:50 -0700] "GET /bimages/cleang/thump/ HTTP/1.1" 200 462 "http://mantech8.com/bimages/cleang/?C=D%3BO%3DA" "Mozilla/5.0 (Linux; Android 7.0;) AppleWebKit/537.36 (KHTML, like Gecko) Mobile Safari/537.36 (compatible; PetalBot;+https://webmaster.petalsearch.com/site/petalbot)" "mantech8.com"
207.46.13.63 - - [06/Oct/2022:23:32:54 -0700] "GET /index.php/sitemap2231.xml HTTP/1.1" 200 289358 "-" "Mozilla/5.0 (compatible; bingbot/2.0; +http://www.bing.com/bingbot.htm)" "mantech8.com"
136.243.220.213 - - [06/Oct/2022:23:32:54 -0700] "GET /?camp-fire/39586417.html HTTP/1.1" 500 - "-" "Mozilla/5.0 (compatible; DataForSeoBot/1.0; +https://dataforseo.com/dataforseo-bot)" "mantech8.com"
136.243.220.213 - - [06/Oct/2022:23:32:58 -0700] "GET /?camp-fire/12675876.html HTTP/1.1" 500 - "-" "Mozilla/5.0 (compatible; DataForSeoBot/1.0; +https://dataforseo.com/dataforseo-bot)" "mantech8.com"
136.243.220.213 - - [06/Oct/2022:23:33:02 -0700] "GET /?camp-fire/34432908.html HTTP/1.1" 500 - "-" "Mozilla/5.0 (compatible; DataForSeoBot/1.0; +https://dataforseo.com/dataforseo-bot)" "mantech8.com"
136.243.220.213 - - [06/Oct/2022:23:33:07 -0700] "GET /?camp-fire/18758781.html HTTP/1.1" 500 - "-" "Mozilla/5.0 (compatible; DataForSeoBot/1.0; +https://dataforseo.com/dataforseo-bot)" "mantech8.com"
136.243.220.213 - - [06/Oct/2022:23:33:07 -0700] "GET /?camp-fire/27860263.html HTTP/1.1" 500 - "-" "Mozilla/5.0 (compatible; DataForSeoBot/1.0; +https://dataforseo.com/dataforseo-bot)" "mantech8.com"
136.243.220.213 - - [06/Oct/2022:23:33:11 -0700] "GET /?camp-fire/25294330.html HTTP/1.1" 500 - "-" "Mozilla/5.0 (compatible; DataForSeoBot/1.0; +https://dataforseo.com/dataforseo-bot)" "mantech8.com"
136.243.220.213 - - [06/Oct/2022:23:33:15 -0700] "GET /?camp-fire/37808178.html HTTP/1.1" 500 - "-" "Mozilla/5.0 (compatible; DataForSeoBot/1.0; +https://dataforseo.com/dataforseo-bot)" "mantech8.com"
136.243.220.213 - - [06/Oct/2022:23:33:19 -0700] "GET /?camp-fire/34555008.html HTTP/1.1" 500 - "-" "Mozilla/5.0 (compatible; DataForSeoBot/1.0; +https://dataforseo.com/dataforseo-bot)" "mantech8.com"
40.77.167.68 - - [06/Oct/2022:23:33:20 -0700] "GET /index.php/sitemap20927.xml HTTP/1.1" 200 289213 "-" "Mozilla/5.0 (compatible; bingbot/2.0; +http://www.bing.com/bingbot.htm)" "mantech8.com"
136.243.220.213 - - [06/Oct/2022:23:33:23 -0700] "GET /?camp-fire/2004929.html HTTP/1.1" 500 - "-" "Mozilla/5.0 (compatible; DataForSeoBot/1.0; +https://dataforseo.com/dataforseo-bot)" "mantech8.com"
136.243.220.213 - - [06/Oct/2022:23:33:27 -0700] "GET /?camp-fire/18280927.html HTTP/1.1" 500 - "-" "Mozilla/5.0 (compatible; DataForSeoBot/1.0; +https://dataforseo.com/dataforseo-bot)" "mantech8.com"
136.243.220.213 - - [06/Oct/2022:23:33:31 -0700] "GET /?camp-fire/25004750.html HTTP/1.1" 500 - "-" "Mozilla/5.0 (compatible; DataForSeoBot/1.0; +https://dataforseo.com/dataforseo-bot)" "mantech8.com"
101.43.14.47 - - [06/Oct/2022:23:33:32 -0700] "HEAD / HTTP/1.1" 500 - "http://mantech8.com" "Mozilla/5.0 (compatible; MSIE 9.0; Windows NT 6.1; Trident/5.0); 360Spider" "mantech8.com"
101.43.14.47 - - [06/Oct/2022:23:33:32 -0700] "HEAD /diguo/index.php HTTP/1.1" 404 - "http://mantech8.com/diguo/index.php" "Mozilla/5.0 (compatible; MSIE 9.0; Windows NT 6.1; Trident/5.0); 360Spider" "mantech8.com"
101.43.14.47 - - [06/Oct/2022:23:33:33 -0700] "HEAD /DScms/login.php?gotopage=%2FDScms%2Findex.php HTTP/1.1" 404 - "http://mantech8.com/DScms/login.php?gotopage=%2FDScms%2Findex.php" "Mozilla/5.0 (compatible; MSIE 9.0; Windows NT 6.1; Trident/5.0); 360Spider" "mantech8.com"
101.43.14.47 - - [06/Oct/2022:23:33:33 -0700] "HEAD /~admin/index.php HTTP/1.1" 404 - "http://mantech8.com/~admin/index.php" "Mozilla/5.0 (compatible; MSIE 9.0; Windows NT 6.1; Trident/5.0); 360Spider" "mantech8.com"
101.43.14.47 - - [06/Oct/2022:23:33:33 -0700] "HEAD /admin/index.php HTTP/1.1" 200 - "http://mantech8.com/admin/index.php" "Mozilla/5.0 (compatible; MSIE 9.0; Windows NT 6.1; Trident/5.0); 360Spider" "mantech8.com"
101.43.14.47 - - [06/Oct/2022:23:33:34 -0700] "GET /admin/index.php HTTP/1.1" 200 2940 "http://mantech8.com/admin/index.php" "Mozilla/5.0 (compatible; MSIE 9.0; Windows NT 6.1; Trident/5.0); 360Spider" "mantech8.com"
136.243.220.213 - - [06/Oct/2022:23:33:35 -0700] "GET /?camp-fire/32649230.html HTTP/1.1" 500 - "-" "Mozilla/5.0 (compatible; DataForSeoBot/1.0; +https://dataforseo.com/dataforseo-bot)" "mantech8.com"
101.43.14.47 - - [06/Oct/2022:23:33:35 -0700] "HEAD /admin/index.php HTTP/1.1" 200 - "http://mantech8.com/admin/index.php" "Mozilla/5.0 (compatible; MSIE 9.0; Windows NT 6.1; Trident/5.0); 360Spider" "mantech8.com"
101.43.14.47 - - [06/Oct/2022:23:33:36 -0700] "POST /admin/index.php HTTP/1.1" 200 2940 "http://mantech8.com/admin/index.php" "Mozilla/5.0 (compatible; MSIE 9.0; Windows NT 6.1; Trident/5.0); 360Spider" "mantech8.com"
101.43.14.47 - - [06/Oct/2022:23:33:36 -0700] "HEAD /admin/index.php HTTP/1.1" 200 - "http://mantech8.com/admin/index.php" "Mozilla/5.0 (compatible; MSIE 9.0; Windows NT 6.1; Trident/5.0); 360Spider" "mantech8.com"
101.43.14.47 - - [06/Oct/2022:23:33:36 -0700] "POST /admin/index.php HTTP/1.1" 200 2940 "http://mantech8.com/admin/index.php" "Mozilla/5.0 (compatible; MSIE 9.0; Windows NT 6.1; Trident/5.0); 360Spider" "mantech8.com"
101.43.14.47 - - [06/Oct/2022:23:33:37 -0700] "HEAD /admin/index.php HTTP/1.1" 200 - "http://mantech8.com/admin/index.php" "Mozilla/5.0 (compatible; MSIE 9.0; Windows NT 6.1; Trident/5.0); 360Spider" "mantech8.com"
101.43.14.47 - - [06/Oct/2022:23:33:37 -0700] "POST /admin/index.php HTTP/1.1" 200 2940 "http://mantech8.com/admin/index.php" "Mozilla/5.0 (compatible; MSIE 9.0; Windows NT 6.1; Trident/5.0); 360Spider" "mantech8.com"
207.46.13.70 - - [06/Oct/2022:23:33:37 -0700] "GET /index.php/sitemap7903.xml HTTP/1.1" 200 289351 "-" "Mozilla/5.0 AppleWebKit/537.36 (KHTML, like Gecko; compatible; bingbot/2.0; +http://www.bing.com/bingbot.htm) Chrome/103.0.5060.134 Safari/537.36" "mantech8.com"
101.43.14.47 - - [06/Oct/2022:23:33:38 -0700] "HEAD /admin/index.php HTTP/1.1" 200 - "http://mantech8.com/admin/index.php" "Mozilla/5.0 (compatible; MSIE 9.0; Windows NT 6.1; Trident/5.0); 360Spider" "mantech8.com"
101.43.14.47 - - [06/Oct/2022:23:33:38 -0700] "POST /admin/index.php HTTP/1.1" 200 2940 "http://mantech8.com/admin/index.php" "Mozilla/5.0 (compatible; MSIE 9.0; Windows NT 6.1; Trident/5.0); 360Spider" "mantech8.com"
136.243.220.213 - - [06/Oct/2022:23:33:39 -0700] "GET /?camp-fire/11274457.html HTTP/1.1" 500 - "-" "Mozilla/5.0 (compatible; DataForSeoBot/1.0; +https://dataforseo.com/dataforseo-bot)" "mantech8.com"
136.243.220.213 - - [06/Oct/2022:23:33:39 -0700] "GET /?camp-fire/1895072.html HTTP/1.1" 500 - "-" "Mozilla/5.0 (compatible; DataForSeoBot/1.0; +https://dataforseo.com/dataforseo-bot)" "mantech8.com"
101.43.14.47 - - [06/Oct/2022:23:33:40 -0700] "HEAD /upload123/index.php HTTP/1.1" 404 - "http://mantech8.com/upload123/index.php" "Mozilla/5.0 (compatible; MSIE 9.0; Windows NT 6.1; Trident/5.0); 360Spider" "mantech8.com"
185.191.171.41 - - [06/Oct/2022:23:33:40 -0700] "GET /index.php/camp-fire/39852102.html HTTP/1.1" 500 - "-" "Mozilla/5.0 (compatible; SemrushBot/7~bl; +http://www.semrush.com/bot.html)" "mantech8.com"
101.43.14.47 - - [06/Oct/2022:23:33:40 -0700] "HEAD /admin/upload.php HTTP/1.1" 404 - "http://mantech8.com/admin/upload.php" "Mozilla/5.0 (compatible; MSIE 9.0; Windows NT 6.1; Trident/5.0); 360Spider" "mantech8.com"
101.43.14.47 - - [06/Oct/2022:23:33:40 -0700] "HEAD /viki/login.php HTTP/1.1" 404 - "http://mantech8.com/viki/login.php" "Mozilla/5.0 (compatible; MSIE 9.0; Windows NT 6.1; Trident/5.0); 360Spider" "mantech8.com"
101.43.14.47 - - [06/Oct/2022:23:33:40 -0700] "HEAD /admin/login.php HTTP/1.1" 404 - "http://mantech8.com/admin/login.php" "Mozilla/5.0 (compatible; MSIE 9.0; Windows NT 6.1; Trident/5.0); 360Spider" "mantech8.com"
101.43.14.47 - - [06/Oct/2022:23:33:41 -0700] "HEAD /wanhu/login.php HTTP/1.1" 404 - "http://mantech8.com/wanhu/login.php" "Mozilla/5.0 (compatible; MSIE 9.0; Windows NT 6.1; Trident/5.0); 360Spider" "mantech8.com"
101.43.14.47 - - [06/Oct/2022:23:33:41 -0700] "HEAD /admin/login.php HTTP/1.1" 404 - "http://mantech8.com/admin/login.php" "Mozilla/5.0 (compatible; MSIE 9.0; Windows NT 6.1; Trident/5.0); 360Spider" "mantech8.com"
101.43.14.47 - - [06/Oct/2022:23:33:41 -0700] "HEAD /admin/login.php HTTP/1.1" 404 - "http://mantech8.com/admin/login.php" "Mozilla/5.0 (compatible; MSIE 9.0; Windows NT 6.1; Trident/5.0); 360Spider" "mantech8.com"
101.43.14.47 - - [06/Oct/2022:23:33:41 -0700] "HEAD /admin/login.php HTTP/1.1" 404 - "http://mantech8.com/admin/login.php" "Mozilla/5.0 (compatible; MSIE 9.0; Windows NT 6.1; Trident/5.0); 360Spider" "mantech8.com"
101.43.14.47 - - [06/Oct/2022:23:33:42 -0700] "HEAD /admin/login.php HTTP/1.1" 404 - "http://mantech8.com/admin/login.php" "Mozilla/5.0 (compatible; MSIE 9.0; Windows NT 6.1; Trident/5.0); 360Spider" "mantech8.com"
101.43.14.47 - - [06/Oct/2022:23:33:42 -0700] "HEAD /adminys.php?app=admin&c=login HTTP/1.1" 404 - "http://mantech8.com/adminys.php?app=admin&c=login" "Mozilla/5.0 (compatible; MSIE 9.0; Windows NT 6.1; Trident/5.0); 360Spider" "mantech8.com"
101.43.14.47 - - [06/Oct/2022:23:33:42 -0700] "HEAD /index.php?s=/Manage/Login/login HTTP/1.1" 500 - "http://mantech8.com/index.php?s=/Manage/Login/login" "Mozilla/5.0 (compatible; MSIE 9.0; Windows NT 6.1; Trident/5.0); 360Spider" "mantech8.com"
101.43.14.47 - - [06/Oct/2022:23:33:42 -0700] "HEAD /bsadmin.php HTTP/1.1" 404 - "http://mantech8.com/bsadmin.php" "Mozilla/5.0 (compatible; MSIE 9.0; Windows NT 6.1; Trident/5.0); 360Spider" "mantech8.com"
101.43.14.47 - - [06/Oct/2022:23:33:43 -0700] "HEAD /stage/login.php HTTP/1.1" 404 - "http://mantech8.com/stage/login.php" "Mozilla/5.0 (compatible; MSIE 9.0; Windows NT 6.1; Trident/5.0); 360Spider" "mantech8.com"
101.43.14.47 - - [06/Oct/2022:23:33:43 -0700] "HEAD /templates/default/about.htm HTTP/1.1" 404 - "http://mantech8.com/templates/default/about.htm" "Mozilla/5.0 (compatible; MSIE 9.0; Windows NT 6.1; Trident/5.0); 360Spider" "mantech8.com"
101.43.14.47 - - [06/Oct/2022:23:33:43 -0700] "HEAD /templates/web/about.htm HTTP/1.1" 404 - "http://mantech8.com/templates/web/about.htm" "Mozilla/5.0 (compatible; MSIE 9.0; Windows NT 6.1; Trident/5.0); 360Spider" "mantech8.com"
136.243.220.213 - - [06/Oct/2022:23:33:43 -0700] "GET /?camp-fire/4629874.html HTTP/1.1" 500 - "-" "Mozilla/5.0 (compatible; DataForSeoBot/1.0; +https://dataforseo.com/dataforseo-bot)" "mantech8.com"
101.43.14.47 - - [06/Oct/2022:23:33:43 -0700] "HEAD /templates/pc/about.htm HTTP/1.1" 404 - "http://mantech8.com/templates/pc/about.htm" "Mozilla/5.0 (compatible; MSIE 9.0; Windows NT 6.1; Trident/5.0); 360Spider" "mantech8.com"
136.243.220.213 - - [06/Oct/2022:23:33:47 -0700] "GET /?camp-fire/15264724.html HTTP/1.1" 500 - "-" "Mozilla/5.0 (compatible; DataForSeoBot/1.0; +https://dataforseo.com/dataforseo-bot)" "mantech8.com"
136.243.220.213 - - [06/Oct/2022:23:33:48 -0700] "GET /?camp-fire/16264146.html HTTP/1.1" 500 - "-" "Mozilla/5.0 (compatible; DataForSeoBot/1.0; +https://dataforseo.com/dataforseo-bot)" "mantech8.com"
136.243.220.213 - - [06/Oct/2022:23:33:52 -0700] "GET /?camp-fire/4081100.html HTTP/1.1" 500 - "-" "Mozilla/5.0 (compatible; DataForSeoBot/1.0; +https://dataforseo.com/dataforseo-bot)" "mantech8.com"
136.243.220.213 - - [06/Oct/2022:23:33:56 -0700] "GET /?camp-fire/33299925.html HTTP/1.1" 500 - "-" "Mozilla/5.0 (compatible; DataForSeoBot/1.0; +https://dataforseo.com/dataforseo-bot)" "mantech8.com"
207.46.13.70 - - [06/Oct/2022:23:33:56 -0700] "GET /index.php/sitemap18347.xml HTTP/1.1" 200 289369 "-" "Mozilla/5.0 (compatible; bingbot/2.0; +http://www.bing.com/bingbot.htm)" "mantech8.com"
185.191.171.5 - - [06/Oct/2022:23:33:57 -0700] "GET /index.php/camp-fire/4132865.html HTTP/1.1" 500 - "-" "Mozilla/5.0 (compatible; SemrushBot/7~bl; +http://www.semrush.com/bot.html)" "mantech8.com"
136.243.220.213 - - [06/Oct/2022:23:33:57 -0700] "GET /?camp-fire/4018398.html HTTP/1.1" 500 - "-" "Mozilla/5.0 (compatible; DataForSeoBot/1.0; +https://dataforseo.com/dataforseo-bot)" "mantech8.com"
136.243.220.213 - - [06/Oct/2022:23:34:02 -0700] "GET /?camp-fire/19776732.html HTTP/1.1" 500 - "-" "Mozilla/5.0 (compatible; DataForSeoBot/1.0; +https://dataforseo.com/dataforseo-bot)" "mantech8.com"
207.46.13.63 - - [06/Oct/2022:23:34:04 -0700] "GET /sitemap19354.xml HTTP/1.1" 404 88 "-" "Mozilla/5.0 (compatible; bingbot/2.0; +http://www.bing.com/bingbot.htm)" "mantech8.com"
136.243.220.213 - - [06/Oct/2022:23:34:05 -0700] "GET /?camp-fire/15590972.html HTTP/1.1" 500 - "-" "Mozilla/5.0 (compatible; DataForSeoBot/1.0; +https://dataforseo.com/dataforseo-bot)" "mantech8.com"
136.243.220.213 - - [06/Oct/2022:23:34:06 -0700] "GET /?camp-fire/15265224.html HTTP/1.1" 500 - "-" "Mozilla/5.0 (compatible; DataForSeoBot/1.0; +https://dataforseo.com/dataforseo-bot)" "mantech8.com"
136.243.220.213 - - [06/Oct/2022:23:34:10 -0700] "GET /?camp-fire/2122790.html HTTP/1.1" 500 - "-" "Mozilla/5.0 (compatible; DataForSeoBot/1.0; +https://dataforseo.com/dataforseo-bot)" "mantech8.com"
136.243.220.213 - - [06/Oct/2022:23:34:14 -0700] "GET /?camp-fire/8385308.html HTTP/1.1" 500 - "-" "Mozilla/5.0 (compatible; DataForSeoBot/1.0; +https://dataforseo.com/dataforseo-bot)" "mantech8.com"
185.191.171.18 - - [06/Oct/2022:23:34:16 -0700] "GET /index.php/camp-fire/38849317.html HTTP/1.1" 500 - "-" "Mozilla/5.0 (compatible; SemrushBot/7~bl; +http://www.semrush.com/bot.html)" "mantech8.com"
207.46.13.70 - - [06/Oct/2022:23:34:17 -0700] "GET /sitemap3851.xml HTTP/1.1" 404 88 "-" "Mozilla/5.0 AppleWebKit/537.36 (KHTML, like Gecko; compatible; bingbot/2.0; +http://www.bing.com/bingbot.htm) Chrome/103.0.5060.134 Safari/537.36" "mantech8.com"
136.243.220.213 - - [06/Oct/2022:23:34:18 -0700] "GET /?camp-fire/36025738.html HTTP/1.1" 500 - "-" "Mozilla/5.0 (compatible; DataForSeoBot/1.0; +https://dataforseo.com/dataforseo-bot)" "mantech8.com"
136.243.220.213 - - [06/Oct/2022:23:34:22 -0700] "GET /?camp-fire/40642676.html HTTP/1.1" 500 - "-" "Mozilla/5.0 (compatible; DataForSeoBot/1.0; +https://dataforseo.com/dataforseo-bot)" "mantech8.com"
136.243.220.213 - - [06/Oct/2022:23:34:26 -0700] "GET /?camp-fire/16204983.html HTTP/1.1" 500 - "-" "Mozilla/5.0 (compatible; DataForSeoBot/1.0; +https://dataforseo.com/dataforseo-bot)" "mantech8.com"
136.243.220.213 - - [06/Oct/2022:23:34:27 -0700] "GET /?camp-fire/11274157.html HTTP/1.1" 500 - "-" "Mozilla/5.0 (compatible; DataForSeoBot/1.0; +https://dataforseo.com/dataforseo-bot)" "mantech8.com"
136.243.220.213 - - [06/Oct/2022:23:34:30 -0700] "GET /?camp-fire/11274557.html HTTP/1.1" 500 - "-" "Mozilla/5.0 (compatible; DataForSeoBot/1.0; +https://dataforseo.com/dataforseo-bot)" "mantech8.com"
136.243.220.213 - - [06/Oct/2022:23:34:34 -0700] "GET /?camp-fire/31254741.html HTTP/1.1" 500 - "-" "Mozilla/5.0 (compatible; DataForSeoBot/1.0; +https://dataforseo.com/dataforseo-bot)" "mantech8.com"
207.46.13.70 - - [06/Oct/2022:23:34:37 -0700] "GET /index.php?sitemap768.xml HTTP/1.1" 200 289512 "-" "Mozilla/5.0 (compatible; bingbot/2.0; +http://www.bing.com/bingbot.htm)" "mantech8.com"
136.243.220.213 - - [06/Oct/2022:23:34:39 -0700] "GET /?camp-fire/12675476.html HTTP/1.1" 500 - "-" "Mozilla/5.0 (compatible; DataForSeoBot/1.0; +https://dataforseo.com/dataforseo-bot)" "mantech8.com"
136.243.220.213 - - [06/Oct/2022:23:34:42 -0700] "GET /?camp-fire/39586017.html HTTP/1.1" 500 - "-" "Mozilla/5.0 (compatible; DataForSeoBot/1.0; +https://dataforseo.com/dataforseo-bot)" "mantech8.com"
136.243.220.213 - - [06/Oct/2022:23:34:46 -0700] "GET /?camp-fire/3145593.html HTTP/1.1" 500 - "-" "Mozilla/5.0 (compatible; DataForSeoBot/1.0; +https://dataforseo.com/dataforseo-bot)" "mantech8.com"
136.243.220.213 - - [06/Oct/2022:23:34:50 -0700] "GET /?camp-fire/21536235.html HTTP/1.1" 500 - "-" "Mozilla/5.0 (compatible; DataForSeoBot/1.0; +https://dataforseo.com/dataforseo-bot)" "mantech8.com"
54.188.191.212 - - [06/Oct/2022:23:34:54 -0700] "POST / HTTP/1.1" 500 - "-" "Mozilla/5.0 (X11; Linux x86_64) AppleWebKit/537.36 (KHTML, like Gecko) Chrome/81.0.4044.129 Safari/537.36" "mantech8.com"
136.243.220.213 - - [06/Oct/2022:23:34:54 -0700] "GET /?camp-fire/28344671.html HTTP/1.1" 500 - "-" "Mozilla/5.0 (compatible; DataForSeoBot/1.0; +https://dataforseo.com/dataforseo-bot)" "mantech8.com"
54.188.191.212 - - [06/Oct/2022:23:34:56 -0700] "GET /vendor/phpunit/phpunit/src/Util/PHP/eval-stdin.php HTTP/1.1" 404 88 "-" "python-requests/2.26.0" "mantech8.com"
136.243.220.213 - - [06/Oct/2022:23:34:58 -0700] "GET /?camp-fire/15590372.html HTTP/1.1" 500 - "-" "Mozilla/5.0 (compatible; DataForSeoBot/1.0; +https://dataforseo.com/dataforseo-bot)" "mantech8.com"
136.243.220.213 - - [06/Oct/2022:23:35:02 -0700] "GET /?camp-fire/39593392.html HTTP/1.1" 500 - "-" "Mozilla/5.0 (compatible; DataForSeoBot/1.0; +https://dataforseo.com/dataforseo-bot)" "mantech8.com"
136.243.220.213 - - [06/Oct/2022:23:35:06 -0700] "GET /?camp-fire/34198393.html HTTP/1.1" 500 - "-" "Mozilla/5.0 (compatible; DataForSeoBot/1.0; +https://dataforseo.com/dataforseo-bot)" "mantech8.com"
136.243.220.213 - - [06/Oct/2022:23:35:10 -0700] "GET /?camp-fire/2123290.html HTTP/1.1" 500 - "-" "Mozilla/5.0 (compatible; DataForSeoBot/1.0; +https://dataforseo.com/dataforseo-bot)" "mantech8.com"
136.243.220.213 - - [06/Oct/2022:23:35:12 -0700] "GET /?camp-fire/25293730.html HTTP/1.1" 500 - "-" "Mozilla/5.0 (compatible; DataForSeoBot/1.0; +https://dataforseo.com/dataforseo-bot)" "mantech8.com"
207.46.13.63 - - [06/Oct/2022:23:35:14 -0700] "GET /sitemap20536.xml HTTP/1.1" 404 88 "-" "Mozilla/5.0 (compatible; bingbot/2.0; +http://www.bing.com/bingbot.htm)" "mantech8.com"
136.243.220.213 - - [06/Oct/2022:23:35:17 -0700] "GET /?camp-fire/14676759.html HTTP/1.1" 500 - "-" "Mozilla/5.0 (compatible; DataForSeoBot/1.0; +https://dataforseo.com/dataforseo-bot)" "mantech8.com"
185.191.171.22 - - [06/Oct/2022:23:35:19 -0700] "GET /index.php/camp-fire/42917434.html HTTP/1.1" 500 - "-" "Mozilla/5.0 (compatible; SemrushBot/7~bl; +http://www.semrush.com/bot.html)" "mantech8.com"
136.243.220.213 - - [06/Oct/2022:23:35:20 -0700] "GET /?camp-fire/8385208.html HTTP/1.1" 500 - "-" "Mozilla/5.0 (compatible; DataForSeoBot/1.0; +https://dataforseo.com/dataforseo-bot)" "mantech8.com"
185.191.171.38 - - [06/Oct/2022:23:35:21 -0700] "GET /index.php/camp-fire/41493171.html HTTP/1.1" 500 - "-" "Mozilla/5.0 (compatible; SemrushBot/7~bl; +http://www.semrush.com/bot.html)" "mantech8.com"
136.243.220.213 - - [06/Oct/2022:23:35:24 -0700] "GET /?camp-fire/35788425.html HTTP/1.1" 500 - "-" "Mozilla/5.0 (compatible; DataForSeoBot/1.0; +https://dataforseo.com/dataforseo-bot)" "mantech8.com"
136.243.220.213 - - [06/Oct/2022:23:35:28 -0700] "GET /?camp-fire/22378217.html HTTP/1.1" 500 - "-" "Mozilla/5.0 (compatible; DataForSeoBot/1.0; +https://dataforseo.com/dataforseo-bot)" "mantech8.com"
136.243.220.213 - - [06/Oct/2022:23:35:32 -0700] "GET /?camp-fire/40572302.html HTTP/1.1" 500 - "-" "Mozilla/5.0 (compatible; DataForSeoBot/1.0; +https://dataforseo.com/dataforseo-bot)" "mantech8.com"
136.243.220.213 - - [06/Oct/2022:23:35:36 -0700] "GET /?camp-fire/4080600.html HTTP/1.1" 500 - "-" "Mozilla/5.0 (compatible; DataForSeoBot/1.0; +https://dataforseo.com/dataforseo-bot)" "mantech8.com"
40.77.167.68 - - [06/Oct/2022:23:35:40 -0700] "GET /sitemap424.xml HTTP/1.1" 404 88 "-" "Mozilla/5.0 (compatible; bingbot/2.0; +http://www.bing.com/bingbot.htm)" "mantech8.com"
136.243.220.213 - - [06/Oct/2022:23:35:41 -0700] "GET /?camp-fire/2003729.html HTTP/1.1" 500 - "-" "Mozilla/5.0 (compatible; DataForSeoBot/1.0; +https://dataforseo.com/dataforseo-bot)" "mantech8.com"
136.243.220.213 - - [06/Oct/2022:23:35:45 -0700] "GET /?camp-fire/42877834.html HTTP/1.1" 500 - "-" "Mozilla/5.0 (compatible; DataForSeoBot/1.0; +https://dataforseo.com/dataforseo-bot)" "mantech8.com"
136.243.220.213 - - [06/Oct/2022:23:35:47 -0700] "GET /?camp-fire/36424050.html HTTP/1.1" 500 - "-" "Mozilla/5.0 (compatible; DataForSeoBot/1.0; +https://dataforseo.com/dataforseo-bot)" "mantech8.com"
136.243.220.213 - - [06/Oct/2022:23:35:50 -0700] "GET /?camp-fire/26877282.html HTTP/1.1" 500 - "-" "Mozilla/5.0 (compatible; DataForSeoBot/1.0; +https://dataforseo.com/dataforseo-bot)" "mantech8.com"
136.243.220.213 - - [06/Oct/2022:23:35:54 -0700] "GET /?camp-fire/8385708.html HTTP/1.1" 500 - "-" "Mozilla/5.0 (compatible; DataForSeoBot/1.0; +https://dataforseo.com/dataforseo-bot)" "mantech8.com"
136.243.220.213 - - [06/Oct/2022:23:35:58 -0700] "GET /?camp-fire/17442026.html HTTP/1.1" 500 - "-" "Mozilla/5.0 (compatible; DataForSeoBot/1.0; +https://dataforseo.com/dataforseo-bot)" "mantech8.com"
136.243.220.213 - - [06/Oct/2022:23:36:02 -0700] "GET /?camp-fire/4629274.html HTTP/1.1" 500 - "-" "Mozilla/5.0 (compatible; DataForSeoBot/1.0; +https://dataforseo.com/dataforseo-bot)" "mantech8.com"
136.243.220.213 - - [06/Oct/2022:23:36:07 -0700] "GET /?camp-fire/33852116.html HTTP/1.1" 500 - "-" "Mozilla/5.0 (compatible; DataForSeoBot/1.0; +https://dataforseo.com/dataforseo-bot)" "mantech8.com"
136.243.220.213 - - [06/Oct/2022:23:36:11 -0700] "GET /?camp-fire/34433308.html HTTP/1.1" 500 - "-" "Mozilla/5.0 (compatible; DataForSeoBot/1.0; +https://dataforseo.com/dataforseo-bot)" "mantech8.com"
136.243.220.213 - - [06/Oct/2022:23:36:15 -0700] "GET /?camp-fire/39585517.html HTTP/1.1" 500 - "-" "Mozilla/5.0 (compatible; DataForSeoBot/1.0; +https://dataforseo.com/dataforseo-bot)" "mantech8.com"
136.243.220.213 - - [06/Oct/2022:23:36:19 -0700] "GET /?camp-fire/27399947.html HTTP/1.1" 500 - "-" "Mozilla/5.0 (compatible; DataForSeoBot/1.0; +https://dataforseo.com/dataforseo-bot)" "mantech8.com"
136.243.220.213 - - [06/Oct/2022:23:36:23 -0700] "GET /?camp-fire/15556587.html HTTP/1.1" 500 - "-" "Mozilla/5.0 (compatible; DataForSeoBot/1.0; +https://dataforseo.com/dataforseo-bot)" "mantech8.com"
136.243.220.213 - - [06/Oct/2022:23:36:27 -0700] "GET /?camp-fire/25293130.html HTTP/1.1" 500 - "-" "Mozilla/5.0 (compatible; DataForSeoBot/1.0; +https://dataforseo.com/dataforseo-bot)" "mantech8.com"
136.243.220.213 - - [06/Oct/2022:23:36:31 -0700] "GET /?camp-fire/2153253.html HTTP/1.1" 500 - "-" "Mozilla/5.0 (compatible; DataForSeoBot/1.0; +https://dataforseo.com/dataforseo-bot)" "mantech8.com"
136.243.220.213 - - [06/Oct/2022:23:36:35 -0700] "GET /?camp-fire/18860061.html HTTP/1.1" 500 - "-" "Mozilla/5.0 (compatible; DataForSeoBot/1.0; +https://dataforseo.com/dataforseo-bot)" "mantech8.com"
136.243.220.213 - - [06/Oct/2022:23:36:39 -0700] "GET /?camp-fire/8887778.html HTTP/1.1" 500 - "-" "Mozilla/5.0 (compatible; DataForSeoBot/1.0; +https://dataforseo.com/dataforseo-bot)" "mantech8.com"
136.243.220.213 - - [06/Oct/2022:23:36:44 -0700] "GET /?camp-fire/24362406.html HTTP/1.1" 500 - "-" "Mozilla/5.0 (compatible; DataForSeoBot/1.0; +https://dataforseo.com/dataforseo-bot)" "mantech8.com"
185.191.171.35 - - [06/Oct/2022:23:36:44 -0700] "GET /index.php/camp-fire/8172178.html HTTP/1.1" 500 - "-" "Mozilla/5.0 (compatible; SemrushBot/7~bl; +http://www.semrush.com/bot.html)" "mantech8.com"
136.243.220.213 - - [06/Oct/2022:23:36:47 -0700] "GET /?camp-fire/28415109.html HTTP/1.1" 500 - "-" "Mozilla/5.0 (compatible; DataForSeoBot/1.0; +https://dataforseo.com/dataforseo-bot)" "mantech8.com"
136.243.220.213 - - [06/Oct/2022:23:36:52 -0700] "GET /?camp-fire/33300025.html HTTP/1.1" 500 - "-" "Mozilla/5.0 (compatible; DataForSeoBot/1.0; +https://dataforseo.com/dataforseo-bot)" "mantech8.com"
40.77.167.68 - - [06/Oct/2022:23:36:50 -0700] "GET /?sitemap70.xml HTTP/1.1" 200 270653 "-" "Mozilla/5.0 (compatible; bingbot/2.0; +http://www.bing.com/bingbot.htm)" "mantech8.com"
136.243.220.213 - - [06/Oct/2022:23:36:55 -0700] "GET /?camp-fire/36468638.html HTTP/1.1" 500 - "-" "Mozilla/5.0 (compatible; DataForSeoBot/1.0; +https://dataforseo.com/dataforseo-bot)" "mantech8.com"
136.243.220.213 - - [06/Oct/2022:23:36:59 -0700] "GET /?camp-fire/26876182.html HTTP/1.1" 500 - "-" "Mozilla/5.0 (compatible; DataForSeoBot/1.0; +https://dataforseo.com/dataforseo-bot)" "mantech8.com"
136.243.220.213 - - [06/Oct/2022:23:37:03 -0700] "GET /?camp-fire/28656059.html HTTP/1.1" 500 - "-" "Mozilla/5.0 (compatible; DataForSeoBot/1.0; +https://dataforseo.com/dataforseo-bot)" "mantech8.com"
136.243.220.213 - - [06/Oct/2022:23:37:07 -0700] "GET /?camp-fire/15589872.html HTTP/1.1" 500 - "-" "Mozilla/5.0 (compatible; DataForSeoBot/1.0; +https://dataforseo.com/dataforseo-bot)" "mantech8.com"
136.243.220.213 - - [06/Oct/2022:23:37:11 -0700] "GET /?camp-fire/27859163.html HTTP/1.1" 500 - "-" "Mozilla/5.0 (compatible; DataForSeoBot/1.0; +https://dataforseo.com/dataforseo-bot)" "mantech8.com"
136.243.220.213 - - [06/Oct/2022:23:37:12 -0700] "GET /?camp-fire/26814751.html HTTP/1.1" 500 - "-" "Mozilla/5.0 (compatible; DataForSeoBot/1.0; +https://dataforseo.com/dataforseo-bot)" "mantech8.com"
136.243.220.213 - - [06/Oct/2022:23:37:16 -0700] "GET /?camp-fire/19775632.html HTTP/1.1" 500 - "-" "Mozilla/5.0 (compatible; DataForSeoBot/1.0; +https://dataforseo.com/dataforseo-bot)" "mantech8.com"
136.243.220.213 - - [06/Oct/2022:23:37:20 -0700] "GET /?camp-fire/15556787.html HTTP/1.1" 500 - "-" "Mozilla/5.0 (compatible; DataForSeoBot/1.0; +https://dataforseo.com/dataforseo-bot)" "mantech8.com"
40.77.167.58 - - [06/Oct/2022:23:37:20 -0700] "GET /index.php/sitemap13154.xml HTTP/1.1" 200 289386 "-" "Mozilla/5.0 (compatible; bingbot/2.0; +http://www.bing.com/bingbot.htm)" "mantech8.com"
136.243.220.213 - - [06/Oct/2022:23:37:24 -0700] "GET /?camp-fire/28344971.html HTTP/1.1" 500 - "-" "Mozilla/5.0 (compatible; DataForSeoBot/1.0; +https://dataforseo.com/dataforseo-bot)" "mantech8.com"
136.243.220.213 - - [06/Oct/2022:23:37:28 -0700] "GET /?camp-fire/12228709.html HTTP/1.1" 500 - "-" "Mozilla/5.0 (compatible; DataForSeoBot/1.0; +https://dataforseo.com/dataforseo-bot)" "mantech8.com"
136.243.220.213 - - [06/Oct/2022:23:37:30 -0700] "GET /?camp-fire/42552603.html HTTP/1.1" 500 - "-" "Mozilla/5.0 (compatible; DataForSeoBot/1.0; +https://dataforseo.com/dataforseo-bot)" "mantech8.com"
136.243.220.213 - - [06/Oct/2022:23:37:34 -0700] "GET /?camp-fire/40898988.html HTTP/1.1" 500 - "-" "Mozilla/5.0 (compatible; DataForSeoBot/1.0; +https://dataforseo.com/dataforseo-bot)" "mantech8.com"
136.243.220.213 - - [06/Oct/2022:23:37:38 -0700] "GET /?camp-fire/2557951.html HTTP/1.1" 500 - "-" "Mozilla/5.0 (compatible; DataForSeoBot/1.0; +https://dataforseo.com/dataforseo-bot)" "mantech8.com"
136.243.220.213 - - [06/Oct/2022:23:37:42 -0700] "GET /?camp-fire/36423950.html HTTP/1.1" 500 - "-" "Mozilla/5.0 (compatible; DataForSeoBot/1.0; +https://dataforseo.com/dataforseo-bot)" "mantech8.com"
136.243.220.213 - - [06/Oct/2022:23:37:46 -0700] "GET /?camp-fire/28729671.html HTTP/1.1" 500 - "-" "Mozilla/5.0 (compatible; DataForSeoBot/1.0; +https://dataforseo.com/dataforseo-bot)" "mantech8.com"
136.243.220.213 - - [06/Oct/2022:23:37:47 -0700] "GET /?camp-fire/5537255.html HTTP/1.1" 500 - "-" "Mozilla/5.0 (compatible; DataForSeoBot/1.0; +https://dataforseo.com/dataforseo-bot)" "mantech8.com"
136.243.220.213 - - [06/Oct/2022:23:37:48 -0700] "GET /?camp-fire/10934090.html HTTP/1.1" 500 - "-" "Mozilla/5.0 (compatible; DataForSeoBot/1.0; +https://dataforseo.com/dataforseo-bot)" "mantech8.com"
136.243.220.213 - - [06/Oct/2022:23:37:53 -0700] "GET /?camp-fire/42159671.html HTTP/1.1" 500 - "-" "Mozilla/5.0 (compatible; DataForSeoBot/1.0; +https://dataforseo.com/dataforseo-bot)" "mantech8.com"
207.46.13.63 - - [06/Oct/2022:23:37:54 -0700] "GET /sitemap6640.xml HTTP/1.1" 404 88 "-" "Mozilla/5.0 AppleWebKit/537.36 (KHTML, like Gecko; compatible; bingbot/2.0; +http://www.bing.com/bingbot.htm) Chrome/103.0.5060.134 Safari/537.36" "mantech8.com"
136.243.220.213 - - [06/Oct/2022:23:37:56 -0700] "GET /?camp-fire/41072550.html HTTP/1.1" 500 - "-" "Mozilla/5.0 (compatible; DataForSeoBot/1.0; +https://dataforseo.com/dataforseo-bot)" "mantech8.com"
136.243.220.213 - - [06/Oct/2022:23:38:00 -0700] "GET /?camp-fire/31402855.html HTTP/1.1" 500 - "-" "Mozilla/5.0 (compatible; DataForSeoBot/1.0; +https://dataforseo.com/dataforseo-bot)" "mantech8.com"
136.243.220.213 - - [06/Oct/2022:23:38:04 -0700] "GET /?camp-fire/4953985.html HTTP/1.1" 500 - "-" "Mozilla/5.0 (compatible; DataForSeoBot/1.0; +https://dataforseo.com/dataforseo-bot)" "mantech8.com"
136.243.220.213 - - [06/Oct/2022:23:38:08 -0700] "GET /?camp-fire/8544142.html HTTP/1.1" 500 - "-" "Mozilla/5.0 (compatible; DataForSeoBot/1.0; +https://dataforseo.com/dataforseo-bot)" "mantech8.com"
136.243.220.213 - - [06/Oct/2022:23:38:12 -0700] "GET /?camp-fire/24703533.html HTTP/1.1" 500 - "-" "Mozilla/5.0 (compatible; DataForSeoBot/1.0; +https://dataforseo.com/dataforseo-bot)" "mantech8.com"
136.243.220.213 - - [06/Oct/2022:23:38:16 -0700] "GET /?camp-fire/8888078.html HTTP/1.1" 500 - "-" "Mozilla/5.0 (compatible; DataForSeoBot/1.0; +https://dataforseo.com/dataforseo-bot)" "mantech8.com"
136.243.220.213 - - [06/Oct/2022:23:38:17 -0700] "GET /?camp-fire/36423650.html HTTP/1.1" 500 - "-" "Mozilla/5.0 (compatible; DataForSeoBot/1.0; +https://dataforseo.com/dataforseo-bot)" "mantech8.com"
136.243.220.213 - - [06/Oct/2022:23:38:21 -0700] "GET /?camp-fire/28656659.html HTTP/1.1" 500 - "-" "Mozilla/5.0 (compatible; DataForSeoBot/1.0; +https://dataforseo.com/dataforseo-bot)" "mantech8.com"
136.243.220.213 - - [06/Oct/2022:23:38:25 -0700] "GET /?camp-fire/38852972.html HTTP/1.1" 500 - "-" "Mozilla/5.0 (compatible; DataForSeoBot/1.0; +https://dataforseo.com/dataforseo-bot)" "mantech8.com"
136.243.220.213 - - [06/Oct/2022:23:38:29 -0700] "GET /?camp-fire/1894172.html HTTP/1.1" 500 - "-" "Mozilla/5.0 (compatible; DataForSeoBot/1.0; +https://dataforseo.com/dataforseo-bot)" "mantech8.com"
185.191.171.1 - - [06/Oct/2022:23:38:31 -0700] "GET /index.php/camp-fire/33576016.html HTTP/1.1" 500 - "-" "Mozilla/5.0 (compatible; SemrushBot/7~bl; +http://www.semrush.com/bot.html)" "mantech8.com"
185.191.171.16 - - [06/Oct/2022:23:38:33 -0700] "GET /index.php/camp-fire/36801725.html HTTP/1.1" 500 - "-" "Mozilla/5.0 (compatible; SemrushBot/7~bl; +http://www.semrush.com/bot.html)" "mantech8.com"
136.243.220.213 - - [06/Oct/2022:23:38:33 -0700] "GET /?camp-fire/28415209.html HTTP/1.1" 500 - "-" "Mozilla/5.0 (compatible; DataForSeoBot/1.0; +https://dataforseo.com/dataforseo-bot)" "mantech8.com"
136.243.220.213 - - [06/Oct/2022:23:38:37 -0700] "GET /?camp-fire/42159371.html HTTP/1.1" 500 - "-" "Mozilla/5.0 (compatible; DataForSeoBot/1.0; +https://dataforseo.com/dataforseo-bot)" "mantech8.com"
136.243.220.213 - - [06/Oct/2022:23:38:41 -0700] "GET /?camp-fire/42552803.html HTTP/1.1" 500 - "-" "Mozilla/5.0 (compatible; DataForSeoBot/1.0; +https://dataforseo.com/dataforseo-bot)" "mantech8.com"
185.191.171.21 - - [06/Oct/2022:23:38:42 -0700] "GET /index.php/camp-fire/3276798.html HTTP/1.1" 500 - "-" "Mozilla/5.0 (compatible; SemrushBot/7~bl; +http://www.semrush.com/bot.html)" "mantech8.com"
114.119.133.158 - - [06/Oct/2022:23:38:44 -0700] "GET /bimages/gallery/bxrgzztdpj.php HTTP/1.1" 200 32 "http://mantech8.com/bimages/gallery/?C=D%3BO%3DA" "Mozilla/5.0 (Linux; Android 7.0;) AppleWebKit/537.36 (KHTML, like Gecko) Mobile Safari/537.36 (compatible; PetalBot;+https://webmaster.petalsearch.com/site/petalbot)" "mantech8.com"
136.243.220.213 - - [06/Oct/2022:23:38:45 -0700] "GET /?camp-fire/41072850.html HTTP/1.1" 500 - "-" "Mozilla/5.0 (compatible; DataForSeoBot/1.0; +https://dataforseo.com/dataforseo-bot)" "mantech8.com"
136.243.220.213 - - [06/Oct/2022:23:38:49 -0700] "GET /?camp-fire/29005835.html HTTP/1.1" 500 - "-" "Mozilla/5.0 (compatible; DataForSeoBot/1.0; +https://dataforseo.com/dataforseo-bot)" "mantech8.com"
136.243.220.213 - - [06/Oct/2022:23:38:53 -0700] "GET /?camp-fire/29005435.html HTTP/1.1" 500 - "-" "Mozilla/5.0 (compatible; DataForSeoBot/1.0; +https://dataforseo.com/dataforseo-bot)" "mantech8.com"
136.243.220.213 - - [06/Oct/2022:23:38:57 -0700] "GET /?camp-fire/16077965.html HTTP/1.1" 500 - "-" "Mozilla/5.0 (compatible; DataForSeoBot/1.0; +https://dataforseo.com/dataforseo-bot)" "mantech8.com"
40.77.167.58 - - [06/Oct/2022:23:39:00 -0700] "GET /index.php/tetrathionates.xml HTTP/1.1" 200 289359 "-" "Mozilla/5.0 AppleWebKit/537.36 (KHTML, like Gecko; compatible; bingbot/2.0; +http://www.bing.com/bingbot.htm) Chrome/103.0.5060.134 Safari/537.36" "mantech8.com"
136.243.220.213 - - [06/Oct/2022:23:39:01 -0700] "GET /?camp-fire/10447083.html HTTP/1.1" 500 - "-" "Mozilla/5.0 (compatible; DataForSeoBot/1.0; +https://dataforseo.com/dataforseo-bot)" "mantech8.com"
136.243.220.213 - - [06/Oct/2022:23:39:05 -0700] "GET /?camp-fire/18124865.html HTTP/1.1" 500 - "-" "Mozilla/5.0 (compatible; DataForSeoBot/1.0; +https://dataforseo.com/dataforseo-bot)" "mantech8.com"
136.243.220.213 - - [06/Oct/2022:23:39:09 -0700] "GET /?camp-fire/26678676.html HTTP/1.1" 500 - "-" "Mozilla/5.0 (compatible; DataForSeoBot/1.0; +https://dataforseo.com/dataforseo-bot)" "mantech8.com"
136.243.220.213 - - [06/Oct/2022:23:39:13 -0700] "GET /?camp-fire/29370289.html HTTP/1.1" 500 - "-" "Mozilla/5.0 (compatible; DataForSeoBot/1.0; +https://dataforseo.com/dataforseo-bot)" "mantech8.com"
136.243.220.213 - - [06/Oct/2022:23:39:17 -0700] "GET /?camp-fire/3145693.html HTTP/1.1" 500 - "-" "Mozilla/5.0 (compatible; DataForSeoBot/1.0; +https://dataforseo.com/dataforseo-bot)" "mantech8.com"
136.243.220.213 - - [06/Oct/2022:23:39:18 -0700] "GET /?camp-fire/2015100.html HTTP/1.1" 500 - "-" "Mozilla/5.0 (compatible; DataForSeoBot/1.0; +https://dataforseo.com/dataforseo-bot)" "mantech8.com"
185.191.171.23 - - [06/Oct/2022:23:39:18 -0700] "GET /index.php/camp-fire/44842478.html HTTP/1.1" 500 - "-" "Mozilla/5.0 (compatible; SemrushBot/7~bl; +http://www.semrush.com/bot.html)" "mantech8.com"
136.243.220.213 - - [06/Oct/2022:23:39:22 -0700] "GET /?camp-fire/25003750.html HTTP/1.1" 500 - "-" "Mozilla/5.0 (compatible; DataForSeoBot/1.0; +https://dataforseo.com/dataforseo-bot)" "mantech8.com"
185.191.171.22 - - [06/Oct/2022:23:39:22 -0700] "GET /index.php/camp-fire/39045935.html HTTP/1.1" 500 - "-" "Mozilla/5.0 (compatible; SemrushBot/7~bl; +http://www.semrush.com/bot.html)" "mantech8.com"
136.243.220.213 - - [06/Oct/2022:23:39:26 -0700] "GET /?camp-fire/36468338.html HTTP/1.1" 500 - "-" "Mozilla/5.0 (compatible; DataForSeoBot/1.0; +https://dataforseo.com/dataforseo-bot)" "mantech8.com"
136.243.220.213 - - [06/Oct/2022:23:39:30 -0700] "GET /?camp-fire/4080400.html HTTP/1.1" 500 - "-" "Mozilla/5.0 (compatible; DataForSeoBot/1.0; +https://dataforseo.com/dataforseo-bot)" "mantech8.com"
136.243.220.213 - - [06/Oct/2022:23:39:34 -0700] "GET /?camp-fire/4952785.html HTTP/1.1" 500 - "-" "Mozilla/5.0 (compatible; DataForSeoBot/1.0; +https://dataforseo.com/dataforseo-bot)" "mantech8.com"
40.77.167.72 - - [06/Oct/2022:23:39:34 -0700] "GET /index.php/sitemap20421.xml HTTP/1.1" 200 289358 "-" "Mozilla/5.0 (compatible; bingbot/2.0; +http://www.bing.com/bingbot.htm)" "mantech8.com"
207.46.13.70 - - [06/Oct/2022:23:39:38 -0700] "GET /bimages/gallery/thump/IDN%20B.jpg HTTP/1.1" 200 562003 "-" "Mozilla/5.0 (compatible; bingbot/2.0; +http://www.bing.com/bingbot.htm)" "mantech8.com"
136.243.220.213 - - [06/Oct/2022:23:39:38 -0700] "GET /?camp-fire/32648630.html HTTP/1.1" 500 - "-" "Mozilla/5.0 (compatible; DataForSeoBot/1.0; +https://dataforseo.com/dataforseo-bot)" "mantech8.com"
207.46.13.184 - - [06/Oct/2022:23:39:38 -0700] "GET /index.php?venatically.xml HTTP/1.1" 200 289286 "-" "Mozilla/5.0 (compatible; bingbot/2.0; +http://www.bing.com/bingbot.htm)" "mantech8.com"
136.243.220.213 - - [06/Oct/2022:23:39:42 -0700] "GET /?camp-fire/5026796.html HTTP/1.1" 500 - "-" "Mozilla/5.0 (compatible; DataForSeoBot/1.0; +https://dataforseo.com/dataforseo-bot)" "mantech8.com"
