136.243.220.213 - - [06/Oct/2022:18:41:37 -0700] "GET /?camp-fire/15812256.html HTTP/1.1" 500 - "-" "Mozilla/5.0 (compatible; DataForSeoBot/1.0; +https://dataforseo.com/dataforseo-bot)" "mantech8.com"
136.243.220.213 - - [06/Oct/2022:18:41:39 -0700] "GET /?camp-fire/4529074.html HTTP/1.1" 500 - "-" "Mozilla/5.0 (compatible; DataForSeoBot/1.0; +https://dataforseo.com/dataforseo-bot)" "mantech8.com"
136.243.220.213 - - [06/Oct/2022:18:41:42 -0700] "GET /?camp-fire/5436955.html HTTP/1.1" 500 - "-" "Mozilla/5.0 (compatible; DataForSeoBot/1.0; +https://dataforseo.com/dataforseo-bot)" "mantech8.com"
136.243.220.213 - - [06/Oct/2022:18:41:47 -0700] "GET /?camp-fire/25193430.html HTTP/1.1" 500 - "-" "Mozilla/5.0 (compatible; DataForSeoBot/1.0; +https://dataforseo.com/dataforseo-bot)" "mantech8.com"
136.243.220.213 - - [06/Oct/2022:18:41:50 -0700] "GET /?camp-fire/25701206.html HTTP/1.1" 500 - "-" "Mozilla/5.0 (compatible; DataForSeoBot/1.0; +https://dataforseo.com/dataforseo-bot)" "mantech8.com"
136.243.220.213 - - [06/Oct/2022:18:41:51 -0700] "GET /?camp-fire/40542876.html HTTP/1.1" 500 - "-" "Mozilla/5.0 (compatible; DataForSeoBot/1.0; +https://dataforseo.com/dataforseo-bot)" "mantech8.com"
136.243.220.213 - - [06/Oct/2022:18:41:55 -0700] "GET /?camp-fire/15812056.html HTTP/1.1" 500 - "-" "Mozilla/5.0 (compatible; DataForSeoBot/1.0; +https://dataforseo.com/dataforseo-bot)" "mantech8.com"
136.243.220.213 - - [06/Oct/2022:18:42:00 -0700] "GET /?camp-fire/21435935.html HTTP/1.1" 500 - "-" "Mozilla/5.0 (compatible; DataForSeoBot/1.0; +https://dataforseo.com/dataforseo-bot)" "mantech8.com"
136.243.220.213 - - [06/Oct/2022:18:42:00 -0700] "GET /?camp-fire/1140169.html HTTP/1.1" 500 - "-" "Mozilla/5.0 (compatible; DataForSeoBot/1.0; +https://dataforseo.com/dataforseo-bot)" "mantech8.com"
185.191.171.6 - - [06/Oct/2022:18:42:02 -0700] "GET /index.php/camp-fire/39975260.html HTTP/1.1" 500 - "-" "Mozilla/5.0 (compatible; SemrushBot/7~bl; +http://www.semrush.com/bot.html)" "mantech8.com"
136.243.220.213 - - [06/Oct/2022:18:42:04 -0700] "GET /?camp-fire/16104883.html HTTP/1.1" 500 - "-" "Mozilla/5.0 (compatible; DataForSeoBot/1.0; +https://dataforseo.com/dataforseo-bot)" "mantech8.com"
136.243.220.213 - - [06/Oct/2022:18:42:06 -0700] "GET /?camp-fire/28244471.html HTTP/1.1" 500 - "-" "Mozilla/5.0 (compatible; DataForSeoBot/1.0; +https://dataforseo.com/dataforseo-bot)" "mantech8.com"
136.243.220.213 - - [06/Oct/2022:18:42:08 -0700] "GET /?camp-fire/29270589.html HTTP/1.1" 500 - "-" "Mozilla/5.0 (compatible; DataForSeoBot/1.0; +https://dataforseo.com/dataforseo-bot)" "mantech8.com"
136.243.220.213 - - [06/Oct/2022:18:42:11 -0700] "GET /?camp-fire/24904250.html HTTP/1.1" 500 - "-" "Mozilla/5.0 (compatible; DataForSeoBot/1.0; +https://dataforseo.com/dataforseo-bot)" "mantech8.com"
136.243.220.213 - - [06/Oct/2022:18:42:12 -0700] "GET /?camp-fire/27449321.html HTTP/1.1" 500 - "-" "Mozilla/5.0 (compatible; DataForSeoBot/1.0; +https://dataforseo.com/dataforseo-bot)" "mantech8.com"
185.191.171.11 - - [06/Oct/2022:18:42:12 -0700] "GET /index.php/camp-fire/38161803.html HTTP/1.1" 500 - "-" "Mozilla/5.0 (compatible; SemrushBot/7~bl; +http://www.semrush.com/bot.html)" "mantech8.com"
40.77.167.58 - - [06/Oct/2022:18:42:12 -0700] "GET /Ruin1-1e648ecc-eaYH.Ii HTTP/1.1" 404 88 "-" "Mozilla/5.0 (compatible; bingbot/2.0; +http://www.bing.com/bingbot.htm)" "mantech8.com"
136.243.220.213 - - [06/Oct/2022:18:42:16 -0700] "GET /?camp-fire/43488634.html HTTP/1.1" 500 - "-" "Mozilla/5.0 (compatible; DataForSeoBot/1.0; +https://dataforseo.com/dataforseo-bot)" "mantech8.com"
207.46.13.184 - - [06/Oct/2022:18:42:16 -0700] "GET /sitemap18666.xml HTTP/1.1" 404 88 "-" "Mozilla/5.0 (compatible; bingbot/2.0; +http://www.bing.com/bingbot.htm)" "mantech8.com"
136.243.220.213 - - [06/Oct/2022:18:42:21 -0700] "GET /?camp-fire/15164824.html HTTP/1.1" 500 - "-" "Mozilla/5.0 (compatible; DataForSeoBot/1.0; +https://dataforseo.com/dataforseo-bot)" "mantech8.com"
51.254.154.148 - - [06/Oct/2022:18:42:24 -0700] "GET /index.php?/hnvirtualhall/serviceguide/jsp/hnserviceapprovegr.jsp?type=xndtfr&typeid=005&typename=%25u8bbe%25u7acb%25u53d8%25u66f4&areacode=431321999000&main=1 HTTP/1.1" 500 - "-" "Mozilla/5.0 (X11; Linux x86_64) WebKit/556.19.9 (KHTML, like Gecko) Safari/8.1.5" "www.mantech8.com"
136.243.220.213 - - [06/Oct/2022:18:42:24 -0700] "GET /?camp-fire/42778134.html HTTP/1.1" 500 - "-" "Mozilla/5.0 (compatible; DataForSeoBot/1.0; +https://dataforseo.com/dataforseo-bot)" "mantech8.com"
51.254.154.148 - - [06/Oct/2022:18:42:24 -0700] "GET /index.php?/hnvirtualhall/serviceguide/jsp/hnserviceapprovegr.jsp?type=xndtfr%27nvOpzp;%20AND%201=1%20OR%20(%3C%27%22%3EiKO)),&typeid=005&typename=%u8bbe%u7acb%u53d8%u66f4&areacode=431321999000&main=1 HTTP/1.1" 500 - "-" "Mozilla/5.0 (Macintosh; Intel Mac OS X 8.0.1; rv:45.43) Gecko/20100101 Firefox/45.43" "www.mantech8.com"
51.254.154.148 - - [06/Oct/2022:18:42:24 -0700] "GET /index.php?/hnvirtualhall/serviceguide/jsp/hnserviceapprovegr.jsp?type=xndtfr&typeid=005%27nvOpzp;%20AND%201=1%20OR%20(%3C%27%22%3EiKO)),&typename=%u8bbe%u7acb%u53d8%u66f4&areacode=431321999000&main=1 HTTP/1.1" 500 - "-" "Mozilla/5.0 (Macintosh; Intel Mac OS X 9_1) AppleWebKit/576.44 (KHTML, like Gecko) Chrome/61.0.1707 Safari/537.36" "www.mantech8.com"
136.243.220.213 - - [06/Oct/2022:18:42:24 -0700] "GET /?camp-fire/12575176.html HTTP/1.1" 500 - "-" "Mozilla/5.0 (compatible; DataForSeoBot/1.0; +https://dataforseo.com/dataforseo-bot)" "mantech8.com"
51.254.154.148 - - [06/Oct/2022:18:42:24 -0700] "GET /index.php?/hnvirtualhall/serviceguide/jsp/hnserviceapprovegr.jsp?type=xndtfr&typeid=005&typename=%u8bbe%u7acb%u53d8%u66f4%27nvOpzp;%20AND%201=1%20OR%20(%3C%27%22%3EiKO)),&areacode=431321999000&main=1 HTTP/1.1" 500 - "-" "Mozilla/5.0 (Windows NT 9_2_2; Win64; x64) WebKit/557.12.3 (KHTML, like Gecko) Safari/6.0.9" "www.mantech8.com"
51.254.154.148 - - [06/Oct/2022:18:42:25 -0700] "GET /index.php?/hnvirtualhall/serviceguide/jsp/hnserviceapprovegr.jsp?type=xndtfr&typeid=005&typename=%u8bbe%u7acb%u53d8%u66f4&areacode=431321999000%27nvOpzp;%20AND%201=1%20OR%20(%3C%27%22%3EiKO)),&main=1 HTTP/1.1" 500 - "-" "Mozilla/5.0 (X11; Linux x86.64; rv:41.55.1) Gecko/20100101 Firefox/41.55.1" "www.mantech8.com"
51.254.154.148 - - [06/Oct/2022:18:42:26 -0700] "GET /index.php?/hnvirtualhall/serviceguide/jsp/hnserviceapprovegr.jsp?type=xndtfr&typeid=005&typename=%u8bbe%u7acb%u53d8%u66f4&areacode=431321999000&main=1%27nvOpzp;%20AND%201=1%20OR%20(%3C%27%22%3EiKO)), HTTP/1.1" 500 - "-" "Mozilla/5.0 (Windows NT 8.0.2; Win64; x64; rv:36.37.2) Gecko/20100101 Firefox/36.37.2" "www.mantech8.com"
136.243.220.213 - - [06/Oct/2022:18:42:28 -0700] "GET /?camp-fire/29086164.html HTTP/1.1" 500 - "-" "Mozilla/5.0 (compatible; DataForSeoBot/1.0; +https://dataforseo.com/dataforseo-bot)" "mantech8.com"
136.243.220.213 - - [06/Oct/2022:18:42:30 -0700] "GET /?camp-fire/35688125.html HTTP/1.1" 500 - "-" "Mozilla/5.0 (compatible; DataForSeoBot/1.0; +https://dataforseo.com/dataforseo-bot)" "mantech8.com"
185.191.171.26 - - [06/Oct/2022:18:42:32 -0700] "GET /index.php/camp-fire/3235878.html HTTP/1.1" 500 - "-" "Mozilla/5.0 (compatible; SemrushBot/7~bl; +http://www.semrush.com/bot.html)" "mantech8.com"
136.243.220.213 - - [06/Oct/2022:18:42:34 -0700] "GET /?camp-fire/43489034.html HTTP/1.1" 500 - "-" "Mozilla/5.0 (compatible; DataForSeoBot/1.0; +https://dataforseo.com/dataforseo-bot)" "mantech8.com"
207.46.13.63 - - [06/Oct/2022:18:42:35 -0700] "GET /sitemap15056.xml HTTP/1.1" 404 88 "-" "Mozilla/5.0 (compatible; bingbot/2.0; +http://www.bing.com/bingbot.htm)" "mantech8.com"
185.191.171.24 - - [06/Oct/2022:18:42:38 -0700] "GET /index.php/camp-fire/51533902.html HTTP/1.1" 500 - "-" "Mozilla/5.0 (compatible; SemrushBot/7~bl; +http://www.semrush.com/bot.html)" "mantech8.com"
136.243.220.213 - - [06/Oct/2022:18:42:38 -0700] "GET /?camp-fire/24903650.html HTTP/1.1" 500 - "-" "Mozilla/5.0 (compatible; DataForSeoBot/1.0; +https://dataforseo.com/dataforseo-bot)" "mantech8.com"
185.191.171.11 - - [06/Oct/2022:18:42:40 -0700] "GET /index.php/camp-fire/38038259.html HTTP/1.1" 500 - "-" "Mozilla/5.0 (compatible; SemrushBot/7~bl; +http://www.semrush.com/bot.html)" "mantech8.com"
136.243.220.213 - - [06/Oct/2022:18:42:42 -0700] "GET /?camp-fire/932998.html HTTP/1.1" 500 - "-" "Mozilla/5.0 (compatible; DataForSeoBot/1.0; +https://dataforseo.com/dataforseo-bot)" "mantech8.com"
136.243.220.213 - - [06/Oct/2022:18:42:46 -0700] "GET /?camp-fire/2052853.html HTTP/1.1" 500 - "-" "Mozilla/5.0 (compatible; DataForSeoBot/1.0; +https://dataforseo.com/dataforseo-bot)" "mantech8.com"
136.243.220.213 - - [06/Oct/2022:18:42:51 -0700] "GET /?camp-fire/35687325.html HTTP/1.1" 500 - "-" "Mozilla/5.0 (compatible; DataForSeoBot/1.0; +https://dataforseo.com/dataforseo-bot)" "mantech8.com"
136.243.220.213 - - [06/Oct/2022:18:42:54 -0700] "GET /?camp-fire/1140669.html HTTP/1.1" 500 - "-" "Mozilla/5.0 (compatible; DataForSeoBot/1.0; +https://dataforseo.com/dataforseo-bot)" "mantech8.com"
136.243.220.213 - - [06/Oct/2022:18:42:55 -0700] "GET /?camp-fire/27759563.html HTTP/1.1" 500 - "-" "Mozilla/5.0 (compatible; DataForSeoBot/1.0; +https://dataforseo.com/dataforseo-bot)" "mantech8.com"
136.243.220.213 - - [06/Oct/2022:18:42:59 -0700] "GET /?camp-fire/18243680.html HTTP/1.1" 500 - "-" "Mozilla/5.0 (compatible; DataForSeoBot/1.0; +https://dataforseo.com/dataforseo-bot)" "mantech8.com"
136.243.220.213 - - [06/Oct/2022:18:43:03 -0700] "GET /?camp-fire/25193130.html HTTP/1.1" 500 - "-" "Mozilla/5.0 (compatible; DataForSeoBot/1.0; +https://dataforseo.com/dataforseo-bot)" "mantech8.com"
136.243.220.213 - - [06/Oct/2022:18:43:07 -0700] "GET /?camp-fire/26714951.html HTTP/1.1" 500 - "-" "Mozilla/5.0 (compatible; DataForSeoBot/1.0; +https://dataforseo.com/dataforseo-bot)" "mantech8.com"
136.243.220.213 - - [06/Oct/2022:18:43:11 -0700] "GET /?camp-fire/3918098.html HTTP/1.1" 500 - "-" "Mozilla/5.0 (compatible; DataForSeoBot/1.0; +https://dataforseo.com/dataforseo-bot)" "mantech8.com"
40.77.167.68 - - [06/Oct/2022:18:43:12 -0700] "GET /index.php/sitemap20720.xml HTTP/1.1" 200 289476 "-" "Mozilla/5.0 (compatible; bingbot/2.0; +http://www.bing.com/bingbot.htm)" "mantech8.com"
136.243.220.213 - - [06/Oct/2022:18:43:15 -0700] "GET /?camp-fire/14575959.html HTTP/1.1" 500 - "-" "Mozilla/5.0 (compatible; DataForSeoBot/1.0; +https://dataforseo.com/dataforseo-bot)" "mantech8.com"
185.191.171.39 - - [06/Oct/2022:18:43:18 -0700] "GET /index.php/camp-fire/38009616.html HTTP/1.1" 500 - "-" "Mozilla/5.0 (compatible; SemrushBot/7~bl; +http://www.semrush.com/bot.html)" "mantech8.com"
136.243.220.213 - - [06/Oct/2022:18:43:19 -0700] "GET /?camp-fire/7922880.html HTTP/1.1" 500 - "-" "Mozilla/5.0 (compatible; DataForSeoBot/1.0; +https://dataforseo.com/dataforseo-bot)" "mantech8.com"
136.243.220.213 - - [06/Oct/2022:18:43:20 -0700] "GET /?camp-fire/10833390.html HTTP/1.1" 500 - "-" "Mozilla/5.0 (compatible; DataForSeoBot/1.0; +https://dataforseo.com/dataforseo-bot)" "mantech8.com"
185.191.171.14 - - [06/Oct/2022:18:43:21 -0700] "GET /index.php/camp-fire/43194872.html HTTP/1.1" 500 - "-" "Mozilla/5.0 (compatible; SemrushBot/7~bl; +http://www.semrush.com/bot.html)" "mantech8.com"
136.243.220.213 - - [06/Oct/2022:18:43:25 -0700] "GET /?camp-fire/28556859.html HTTP/1.1" 500 - "-" "Mozilla/5.0 (compatible; DataForSeoBot/1.0; +https://dataforseo.com/dataforseo-bot)" "mantech8.com"
136.243.220.213 - - [06/Oct/2022:18:43:28 -0700] "GET /?camp-fire/5437255.html HTTP/1.1" 500 - "-" "Mozilla/5.0 (compatible; DataForSeoBot/1.0; +https://dataforseo.com/dataforseo-bot)" "mantech8.com"
136.243.220.213 - - [06/Oct/2022:18:43:32 -0700] "GET /?camp-fire/18181327.html HTTP/1.1" 500 - "-" "Mozilla/5.0 (compatible; DataForSeoBot/1.0; +https://dataforseo.com/dataforseo-bot)" "mantech8.com"
40.77.167.72 - - [06/Oct/2022:18:43:35 -0700] "GET /index.php/sitemap1504.xml HTTP/1.1" 200 289461 "-" "Mozilla/5.0 (compatible; bingbot/2.0; +http://www.bing.com/bingbot.htm)" "mantech8.com"
136.243.220.213 - - [06/Oct/2022:18:43:36 -0700] "GET /?camp-fire/31302855.html HTTP/1.1" 500 - "-" "Mozilla/5.0 (compatible; DataForSeoBot/1.0; +https://dataforseo.com/dataforseo-bot)" "mantech8.com"
136.243.220.213 - - [06/Oct/2022:18:43:38 -0700] "GET /?camp-fire/28629171.html HTTP/1.1" 500 - "-" "Mozilla/5.0 (compatible; DataForSeoBot/1.0; +https://dataforseo.com/dataforseo-bot)" "mantech8.com"
207.46.13.70 - - [06/Oct/2022:18:43:38 -0700] "GET /sitemap16653.xml HTTP/1.1" 404 88 "-" "Mozilla/5.0 AppleWebKit/537.36 (KHTML, like Gecko; compatible; bingbot/2.0; +http://www.bing.com/bingbot.htm) Chrome/103.0.5060.134 Safari/537.36" "mantech8.com"
207.46.13.184 - - [06/Oct/2022:18:43:39 -0700] "GET /index.php/sitemap10020.xml HTTP/1.1" 200 289404 "-" "Mozilla/5.0 (compatible; bingbot/2.0; +http://www.bing.com/bingbot.htm)" "mantech8.com"
136.243.220.213 - - [06/Oct/2022:18:43:41 -0700] "GET /?camp-fire/1914400.html HTTP/1.1" 500 - "-" "Mozilla/5.0 (compatible; DataForSeoBot/1.0; +https://dataforseo.com/dataforseo-bot)" "mantech8.com"
136.243.220.213 - - [06/Oct/2022:18:43:45 -0700] "GET /?camp-fire/16104583.html HTTP/1.1" 500 - "-" "Mozilla/5.0 (compatible; DataForSeoBot/1.0; +https://dataforseo.com/dataforseo-bot)" "mantech8.com"
136.243.220.213 - - [06/Oct/2022:18:43:49 -0700] "GET /?camp-fire/38753372.html HTTP/1.1" 500 - "-" "Mozilla/5.0 (compatible; DataForSeoBot/1.0; +https://dataforseo.com/dataforseo-bot)" "mantech8.com"
185.191.171.43 - - [06/Oct/2022:18:43:51 -0700] "GET /index.php/camp-fire/41146435.html HTTP/1.1" 500 - "-" "Mozilla/5.0 (compatible; SemrushBot/7~bl; +http://www.semrush.com/bot.html)" "mantech8.com"
136.243.220.213 - - [06/Oct/2022:18:43:53 -0700] "GET /?camp-fire/38752572.html HTTP/1.1" 500 - "-" "Mozilla/5.0 (compatible; DataForSeoBot/1.0; +https://dataforseo.com/dataforseo-bot)" "mantech8.com"
136.243.220.213 - - [06/Oct/2022:18:43:54 -0700] "GET /?camp-fire/10833790.html HTTP/1.1" 500 - "-" "Mozilla/5.0 (compatible; DataForSeoBot/1.0; +https://dataforseo.com/dataforseo-bot)" "mantech8.com"
40.77.167.72 - - [06/Oct/2022:18:43:55 -0700] "GET /sitemap183.xml HTTP/1.1" 404 88 "-" "Mozilla/5.0 (compatible; bingbot/2.0; +http://www.bing.com/bingbot.htm)" "mantech8.com"
136.243.220.213 - - [06/Oct/2022:18:43:57 -0700] "GET /?camp-fire/4753565.html HTTP/1.1" 500 - "-" "Mozilla/5.0 (compatible; DataForSeoBot/1.0; +https://dataforseo.com/dataforseo-bot)" "mantech8.com"
207.46.13.63 - - [06/Oct/2022:18:44:00 -0700] "GET /sitemap8339.xml HTTP/1.1" 404 88 "-" "Mozilla/5.0 (compatible; bingbot/2.0; +http://www.bing.com/bingbot.htm)" "mantech8.com"
207.46.13.63 - - [06/Oct/2022:18:44:00 -0700] "GET /sitemap7322.xml HTTP/1.1" 404 88 "-" "Mozilla/5.0 (compatible; bingbot/2.0; +http://www.bing.com/bingbot.htm)" "mantech8.com"
136.243.220.213 - - [06/Oct/2022:18:44:01 -0700] "GET /?camp-fire/2016359.html HTTP/1.1" 500 - "-" "Mozilla/5.0 (compatible; DataForSeoBot/1.0; +https://dataforseo.com/dataforseo-bot)" "mantech8.com"
185.191.171.35 - - [06/Oct/2022:18:44:02 -0700] "GET /index.php/camp-fire/47746234.html HTTP/1.1" 500 - "-" "Mozilla/5.0 (compatible; SemrushBot/7~bl; +http://www.semrush.com/bot.html)" "mantech8.com"
136.243.220.213 - - [06/Oct/2022:18:44:06 -0700] "GET /?camp-fire/36323650.html HTTP/1.1" 500 - "-" "Mozilla/5.0 (compatible; DataForSeoBot/1.0; +https://dataforseo.com/dataforseo-bot)" "mantech8.com"
136.243.220.213 - - [06/Oct/2022:18:44:09 -0700] "GET /?camp-fire/16163146.html HTTP/1.1" 500 - "-" "Mozilla/5.0 (compatible; DataForSeoBot/1.0; +https://dataforseo.com/dataforseo-bot)" "mantech8.com"
40.77.167.58 - - [06/Oct/2022:18:44:12 -0700] "GET /sitemap13924.xml HTTP/1.1" 404 88 "-" "Mozilla/5.0 (compatible; bingbot/2.0; +http://www.bing.com/bingbot.htm)" "mantech8.com"
136.243.220.213 - - [06/Oct/2022:18:44:13 -0700] "GET /?camp-fire/35926438.html HTTP/1.1" 500 - "-" "Mozilla/5.0 (compatible; DataForSeoBot/1.0; +https://dataforseo.com/dataforseo-bot)" "mantech8.com"
136.243.220.213 - - [06/Oct/2022:18:44:17 -0700] "GET /?camp-fire/15164724.html HTTP/1.1" 500 - "-" "Mozilla/5.0 (compatible; DataForSeoBot/1.0; +https://dataforseo.com/dataforseo-bot)" "mantech8.com"
136.243.220.213 - - [06/Oct/2022:18:44:18 -0700] "GET /?camp-fire/31303055.html HTTP/1.1" 500 - "-" "Mozilla/5.0 (compatible; DataForSeoBot/1.0; +https://dataforseo.com/dataforseo-bot)" "mantech8.com"
136.243.220.213 - - [06/Oct/2022:18:44:23 -0700] "GET /?camp-fire/29489266.html HTTP/1.1" 500 - "-" "Mozilla/5.0 (compatible; DataForSeoBot/1.0; +https://dataforseo.com/dataforseo-bot)" "mantech8.com"
40.77.167.68 - - [06/Oct/2022:18:44:22 -0700] "GET /index.php/sitemap11949.xml HTTP/1.1" 200 289250 "-" "Mozilla/5.0 (compatible; bingbot/2.0; +http://www.bing.com/bingbot.htm)" "mantech8.com"
136.243.220.213 - - [06/Oct/2022:18:44:24 -0700] "GET /?camp-fire/35926538.html HTTP/1.1" 500 - "-" "Mozilla/5.0 (compatible; DataForSeoBot/1.0; +https://dataforseo.com/dataforseo-bot)" "mantech8.com"
114.119.133.190 - - [06/Oct/2022:18:44:27 -0700] "GET /chuppah.xml HTTP/1.1" 404 88 "-" "Mozilla/5.0 (compatible;PetalBot;+https://webmaster.petalsearch.com/site/petalbot)" "mantech8.com"
136.243.220.213 - - [06/Oct/2022:18:44:28 -0700] "GET /?camp-fire/2053353.html HTTP/1.1" 500 - "-" "Mozilla/5.0 (compatible; DataForSeoBot/1.0; +https://dataforseo.com/dataforseo-bot)" "mantech8.com"
207.46.13.63 - - [06/Oct/2022:18:44:27 -0700] "GET /index.php/sitemap11256.xml HTTP/1.1" 200 289315 "-" "Mozilla/5.0 (compatible; bingbot/2.0; +http://www.bing.com/bingbot.htm)" "mantech8.com"
136.243.220.213 - - [06/Oct/2022:18:44:32 -0700] "GET /?camp-fire/31302155.html HTTP/1.1" 500 - "-" "Mozilla/5.0 (compatible; DataForSeoBot/1.0; +https://dataforseo.com/dataforseo-bot)" "mantech8.com"
40.77.167.72 - - [06/Oct/2022:18:44:36 -0700] "GET /camp-fire/73497067.html HTTP/1.1" 404 88 "-" "Mozilla/5.0 AppleWebKit/537.36 (KHTML, like Gecko; compatible; bingbot/2.0; +http://www.bing.com/bingbot.htm) Chrome/103.0.5060.134 Safari/537.36" "mantech8.com"
136.243.220.213 - - [06/Oct/2022:18:44:36 -0700] "GET /?camp-fire/26776582.html HTTP/1.1" 500 - "-" "Mozilla/5.0 (compatible; DataForSeoBot/1.0; +https://dataforseo.com/dataforseo-bot)" "mantech8.com"
185.191.171.9 - - [06/Oct/2022:18:44:37 -0700] "GET /index.php/camp-fire/5467098.html HTTP/1.1" 500 - "-" "Mozilla/5.0 (compatible; SemrushBot/7~bl; +http://www.semrush.com/bot.html)" "mantech8.com"
136.243.220.213 - - [06/Oct/2022:18:44:40 -0700] "GET /?camp-fire/2016959.html HTTP/1.1" 500 - "-" "Mozilla/5.0 (compatible; DataForSeoBot/1.0; +https://dataforseo.com/dataforseo-bot)" "mantech8.com"
136.243.220.213 - - [06/Oct/2022:18:44:44 -0700] "GET /?camp-fire/15456587.html HTTP/1.1" 500 - "-" "Mozilla/5.0 (compatible; DataForSeoBot/1.0; +https://dataforseo.com/dataforseo-bot)" "mantech8.com"
185.191.171.10 - - [06/Oct/2022:18:44:45 -0700] "GET /index.php/camp-fire/5305377.html HTTP/1.1" 500 - "-" "Mozilla/5.0 (compatible; SemrushBot/7~bl; +http://www.semrush.com/bot.html)" "mantech8.com"
136.243.220.213 - - [06/Oct/2022:18:44:48 -0700] "GET /?camp-fire/27921470.html HTTP/1.1" 500 - "-" "Mozilla/5.0 (compatible; DataForSeoBot/1.0; +https://dataforseo.com/dataforseo-bot)" "mantech8.com"
136.243.220.213 - - [06/Oct/2022:18:44:50 -0700] "GET /?camp-fire/38752672.html HTTP/1.1" 500 - "-" "Mozilla/5.0 (compatible; DataForSeoBot/1.0; +https://dataforseo.com/dataforseo-bot)" "mantech8.com"
136.243.220.213 - - [06/Oct/2022:18:44:54 -0700] "GET /?camp-fire/4926796.html HTTP/1.1" 500 - "-" "Mozilla/5.0 (compatible; DataForSeoBot/1.0; +https://dataforseo.com/dataforseo-bot)" "mantech8.com"
207.46.13.184 - - [06/Oct/2022:18:44:57 -0700] "GET /index.php/sitemap13812.xml HTTP/1.1" 200 289297 "-" "Mozilla/5.0 (compatible; bingbot/2.0; +http://www.bing.com/bingbot.htm)" "mantech8.com"
136.243.220.213 - - [06/Oct/2022:18:44:58 -0700] "GET /?camp-fire/34282859.html HTTP/1.1" 500 - "-" "Mozilla/5.0 (compatible; DataForSeoBot/1.0; +https://dataforseo.com/dataforseo-bot)" "mantech8.com"
136.243.220.213 - - [06/Oct/2022:18:45:03 -0700] "GET /?camp-fire/34283059.html HTTP/1.1" 500 - "-" "Mozilla/5.0 (compatible; DataForSeoBot/1.0; +https://dataforseo.com/dataforseo-bot)" "mantech8.com"
136.243.220.213 - - [06/Oct/2022:18:45:04 -0700] "GET /?camp-fire/42451803.html HTTP/1.1" 500 - "-" "Mozilla/5.0 (compatible; DataForSeoBot/1.0; +https://dataforseo.com/dataforseo-bot)" "mantech8.com"
136.243.220.213 - - [06/Oct/2022:18:45:08 -0700] "GET /?camp-fire/8443942.html HTTP/1.1" 500 - "-" "Mozilla/5.0 (compatible; DataForSeoBot/1.0; +https://dataforseo.com/dataforseo-bot)" "mantech8.com"
136.243.220.213 - - [06/Oct/2022:18:45:12 -0700] "GET /?camp-fire/15849184.html HTTP/1.1" 500 - "-" "Mozilla/5.0 (compatible; DataForSeoBot/1.0; +https://dataforseo.com/dataforseo-bot)" "mantech8.com"
136.243.220.213 - - [06/Oct/2022:18:45:16 -0700] "GET /?camp-fire/39493492.html HTTP/1.1" 500 - "-" "Mozilla/5.0 (compatible; DataForSeoBot/1.0; +https://dataforseo.com/dataforseo-bot)" "mantech8.com"
136.243.220.213 - - [06/Oct/2022:18:45:20 -0700] "GET /?camp-fire/29085964.html HTTP/1.1" 500 - "-" "Mozilla/5.0 (compatible; DataForSeoBot/1.0; +https://dataforseo.com/dataforseo-bot)" "mantech8.com"
136.243.220.213 - - [06/Oct/2022:18:45:24 -0700] "GET /?camp-fire/33056060.html HTTP/1.1" 500 - "-" "Mozilla/5.0 (compatible; DataForSeoBot/1.0; +https://dataforseo.com/dataforseo-bot)" "mantech8.com"
136.243.220.213 - - [06/Oct/2022:18:45:28 -0700] "GET /?camp-fire/37708078.html HTTP/1.1" 500 - "-" "Mozilla/5.0 (compatible; DataForSeoBot/1.0; +https://dataforseo.com/dataforseo-bot)" "mantech8.com"
136.243.220.213 - - [06/Oct/2022:18:45:33 -0700] "GET /?camp-fire/16104983.html HTTP/1.1" 500 - "-" "Mozilla/5.0 (compatible; DataForSeoBot/1.0; +https://dataforseo.com/dataforseo-bot)" "mantech8.com"
136.243.220.213 - - [06/Oct/2022:18:45:36 -0700] "GET /?camp-fire/27449921.html HTTP/1.1" 500 - "-" "Mozilla/5.0 (compatible; DataForSeoBot/1.0; +https://dataforseo.com/dataforseo-bot)" "mantech8.com"
207.46.13.70 - - [06/Oct/2022:18:45:38 -0700] "GET /index.php/sitemap13603.xml HTTP/1.1" 200 289257 "-" "Mozilla/5.0 (compatible; bingbot/2.0; +http://www.bing.com/bingbot.htm)" "mantech8.com"
207.46.13.70 - - [06/Oct/2022:18:45:40 -0700] "GET /index.php/sitemap12822.xml HTTP/1.1" 200 289364 "-" "Mozilla/5.0 (compatible; bingbot/2.0; +http://www.bing.com/bingbot.htm)" "mantech8.com"
136.243.220.213 - - [06/Oct/2022:18:45:41 -0700] "GET /?camp-fire/42059771.html HTTP/1.1" 500 - "-" "Mozilla/5.0 (compatible; DataForSeoBot/1.0; +https://dataforseo.com/dataforseo-bot)" "mantech8.com"
136.243.220.213 - - [06/Oct/2022:18:45:42 -0700] "GET /?camp-fire/12127909.html HTTP/1.1" 500 - "-" "Mozilla/5.0 (compatible; DataForSeoBot/1.0; +https://dataforseo.com/dataforseo-bot)" "mantech8.com"
136.243.220.213 - - [06/Oct/2022:18:45:43 -0700] "GET /?camp-fire/10346083.html HTTP/1.1" 500 - "-" "Mozilla/5.0 (compatible; DataForSeoBot/1.0; +https://dataforseo.com/dataforseo-bot)" "mantech8.com"
136.243.220.213 - - [06/Oct/2022:18:45:48 -0700] "GET /?camp-fire/28244571.html HTTP/1.1" 500 - "-" "Mozilla/5.0 (compatible; DataForSeoBot/1.0; +https://dataforseo.com/dataforseo-bot)" "mantech8.com"
136.243.220.213 - - [06/Oct/2022:18:45:51 -0700] "GET /?camp-fire/4753265.html HTTP/1.1" 500 - "-" "Mozilla/5.0 (compatible; DataForSeoBot/1.0; +https://dataforseo.com/dataforseo-bot)" "mantech8.com"
136.243.220.213 - - [06/Oct/2022:18:45:55 -0700] "GET /?camp-fire/3762278.html HTTP/1.1" 500 - "-" "Mozilla/5.0 (compatible; DataForSeoBot/1.0; +https://dataforseo.com/dataforseo-bot)" "mantech8.com"
136.243.220.213 - - [06/Oct/2022:18:45:59 -0700] "GET /?camp-fire/17341526.html HTTP/1.1" 500 - "-" "Mozilla/5.0 (compatible; DataForSeoBot/1.0; +https://dataforseo.com/dataforseo-bot)" "mantech8.com"
40.77.167.58 - - [06/Oct/2022:18:46:03 -0700] "GET /index.php/sitemap1031.xml HTTP/1.1" 200 289497 "-" "Mozilla/5.0 (compatible; bingbot/2.0; +http://www.bing.com/bingbot.htm)" "mantech8.com"
136.243.220.213 - - [06/Oct/2022:18:46:07 -0700] "GET /?camp-fire/24602933.html HTTP/1.1" 500 - "-" "Mozilla/5.0 (compatible; DataForSeoBot/1.0; +https://dataforseo.com/dataforseo-bot)" "mantech8.com"
136.243.220.213 - - [06/Oct/2022:18:46:10 -0700] "GET /?camp-fire/1904129.html HTTP/1.1" 500 - "-" "Mozilla/5.0 (compatible; DataForSeoBot/1.0; +https://dataforseo.com/dataforseo-bot)" "mantech8.com"
136.243.220.213 - - [06/Oct/2022:18:46:14 -0700] "GET /?camp-fire/12575376.html HTTP/1.1" 500 - "-" "Mozilla/5.0 (compatible; DataForSeoBot/1.0; +https://dataforseo.com/dataforseo-bot)" "mantech8.com"
207.46.13.184 - - [06/Oct/2022:18:46:17 -0700] "GET /index.php/sitemap7773.xml HTTP/1.1" 200 289354 "-" "Mozilla/5.0 (compatible; bingbot/2.0; +http://www.bing.com/bingbot.htm)" "mantech8.com"
136.243.220.213 - - [06/Oct/2022:18:46:18 -0700] "GET /?camp-fire/39696135.html HTTP/1.1" 500 - "-" "Mozilla/5.0 (compatible; DataForSeoBot/1.0; +https://dataforseo.com/dataforseo-bot)" "mantech8.com"
136.243.220.213 - - [06/Oct/2022:18:46:19 -0700] "GET /?camp-fire/27961397.html HTTP/1.1" 500 - "-" "Mozilla/5.0 (compatible; DataForSeoBot/1.0; +https://dataforseo.com/dataforseo-bot)" "mantech8.com"
136.243.220.213 - - [06/Oct/2022:18:46:23 -0700] "GET /?camp-fire/28905335.html HTTP/1.1" 500 - "-" "Mozilla/5.0 (compatible; DataForSeoBot/1.0; +https://dataforseo.com/dataforseo-bot)" "mantech8.com"
40.77.167.72 - - [06/Oct/2022:18:46:26 -0700] "GET /index.php/archives/category/%E4%B8%AD%E5%8F%A4%E5%8C%BA%E5%88%86%E3%83%9E%E3%83%B3%E3%82%B7%E3%83%A7%E3%83%B3%E6%8A%95%E8%B3%87 HTTP/1.1" 200 70460 "-" "Mozilla/5.0 (compatible; bingbot/2.0; +http://www.bing.com/bingbot.htm)" "mantech8.com"
136.243.220.213 - - [06/Oct/2022:18:46:27 -0700] "GET /?camp-fire/40472002.html HTTP/1.1" 500 - "-" "Mozilla/5.0 (compatible; DataForSeoBot/1.0; +https://dataforseo.com/dataforseo-bot)" "mantech8.com"
136.243.220.213 - - [06/Oct/2022:18:46:31 -0700] "GET /?camp-fire/15849784.html HTTP/1.1" 500 - "-" "Mozilla/5.0 (compatible; DataForSeoBot/1.0; +https://dataforseo.com/dataforseo-bot)" "mantech8.com"
136.243.220.213 - - [06/Oct/2022:18:46:35 -0700] "GET /?camp-fire/28905735.html HTTP/1.1" 500 - "-" "Mozilla/5.0 (compatible; DataForSeoBot/1.0; +https://dataforseo.com/dataforseo-bot)" "mantech8.com"
136.243.220.213 - - [06/Oct/2022:18:46:39 -0700] "GET /?camp-fire/31154241.html HTTP/1.1" 500 - "-" "Mozilla/5.0 (compatible; DataForSeoBot/1.0; +https://dataforseo.com/dataforseo-bot)" "mantech8.com"
207.46.13.70 - - [06/Oct/2022:18:46:39 -0700] "GET /index.php/sitemap6841.xml HTTP/1.1" 200 289112 "-" "Mozilla/5.0 AppleWebKit/537.36 (KHTML, like Gecko; compatible; bingbot/2.0; +http://www.bing.com/bingbot.htm) Chrome/103.0.5060.134 Safari/537.36" "mantech8.com"
136.243.220.213 - - [06/Oct/2022:18:46:43 -0700] "GET /?camp-fire/8285308.html HTTP/1.1" 500 - "-" "Mozilla/5.0 (compatible; DataForSeoBot/1.0; +https://dataforseo.com/dataforseo-bot)" "mantech8.com"
136.243.220.213 - - [06/Oct/2022:18:46:47 -0700] "GET /?camp-fire/24262006.html HTTP/1.1" 500 - "-" "Mozilla/5.0 (compatible; DataForSeoBot/1.0; +https://dataforseo.com/dataforseo-bot)" "mantech8.com"
136.243.220.213 - - [06/Oct/2022:18:46:51 -0700] "GET /?camp-fire/933098.html HTTP/1.1" 500 - "-" "Mozilla/5.0 (compatible; DataForSeoBot/1.0; +https://dataforseo.com/dataforseo-bot)" "mantech8.com"
136.243.220.213 - - [06/Oct/2022:18:46:57 -0700] "GET /?camp-fire/8285108.html HTTP/1.1" 500 - "-" "Mozilla/5.0 (compatible; DataForSeoBot/1.0; +https://dataforseo.com/dataforseo-bot)" "mantech8.com"
185.191.171.23 - - [06/Oct/2022:18:46:59 -0700] "GET /index.php/camp-fire/38038759.html HTTP/1.1" 500 - "-" "Mozilla/5.0 (compatible; SemrushBot/7~bl; +http://www.semrush.com/bot.html)" "mantech8.com"
136.243.220.213 - - [06/Oct/2022:18:47:01 -0700] "GET /?camp-fire/39486117.html HTTP/1.1" 500 - "-" "Mozilla/5.0 (compatible; DataForSeoBot/1.0; +https://dataforseo.com/dataforseo-bot)" "mantech8.com"
136.243.220.213 - - [06/Oct/2022:18:47:04 -0700] "GET /?camp-fire/38798603.html HTTP/1.1" 500 - "-" "Mozilla/5.0 (compatible; DataForSeoBot/1.0; +https://dataforseo.com/dataforseo-bot)" "mantech8.com"
136.243.220.213 - - [06/Oct/2022:18:47:08 -0700] "GET /?camp-fire/8788178.html HTTP/1.1" 500 - "-" "Mozilla/5.0 (compatible; DataForSeoBot/1.0; +https://dataforseo.com/dataforseo-bot)" "mantech8.com"
136.243.220.213 - - [06/Oct/2022:18:47:10 -0700] "GET /?camp-fire/7922380.html HTTP/1.1" 500 - "-" "Mozilla/5.0 (compatible; DataForSeoBot/1.0; +https://dataforseo.com/dataforseo-bot)" "mantech8.com"
136.243.220.213 - - [06/Oct/2022:18:47:14 -0700] "GET /?camp-fire/38798403.html HTTP/1.1" 500 - "-" "Mozilla/5.0 (compatible; DataForSeoBot/1.0; +https://dataforseo.com/dataforseo-bot)" "mantech8.com"
136.243.220.213 - - [06/Oct/2022:18:47:19 -0700] "GET /?camp-fire/40972250.html HTTP/1.1" 500 - "-" "Mozilla/5.0 (compatible; DataForSeoBot/1.0; +https://dataforseo.com/dataforseo-bot)" "mantech8.com"
136.243.220.213 - - [06/Oct/2022:18:47:23 -0700] "GET /?camp-fire/3980900.html HTTP/1.1" 500 - "-" "Mozilla/5.0 (compatible; DataForSeoBot/1.0; +https://dataforseo.com/dataforseo-bot)" "mantech8.com"
136.243.220.213 - - [06/Oct/2022:18:47:26 -0700] "GET /?camp-fire/18658481.html HTTP/1.1" 500 - "-" "Mozilla/5.0 (compatible; DataForSeoBot/1.0; +https://dataforseo.com/dataforseo-bot)" "mantech8.com"
136.243.220.213 - - [06/Oct/2022:18:47:27 -0700] "GET /?camp-fire/1913900.html HTTP/1.1" 500 - "-" "Mozilla/5.0 (compatible; DataForSeoBot/1.0; +https://dataforseo.com/dataforseo-bot)" "mantech8.com"
207.46.13.184 - - [06/Oct/2022:18:47:28 -0700] "GET /sitemap16084.xml HTTP/1.1" 404 88 "-" "Mozilla/5.0 AppleWebKit/537.36 (KHTML, like Gecko; compatible; bingbot/2.0; +http://www.bing.com/bingbot.htm) Chrome/103.0.5060.134 Safari/537.36" "mantech8.com"
136.243.220.213 - - [06/Oct/2022:18:47:31 -0700] "GET /?camp-fire/33055660.html HTTP/1.1" 500 - "-" "Mozilla/5.0 (compatible; DataForSeoBot/1.0; +https://dataforseo.com/dataforseo-bot)" "mantech8.com"
136.243.220.213 - - [06/Oct/2022:18:47:35 -0700] "GET /?camp-fire/24903950.html HTTP/1.1" 500 - "-" "Mozilla/5.0 (compatible; DataForSeoBot/1.0; +https://dataforseo.com/dataforseo-bot)" "mantech8.com"
40.77.167.72 - - [06/Oct/2022:18:47:36 -0700] "GET /sitemap14402.xml HTTP/1.1" 404 88 "-" "Mozilla/5.0 (compatible; bingbot/2.0; +http://www.bing.com/bingbot.htm)" "mantech8.com"
136.243.220.213 - - [06/Oct/2022:18:47:39 -0700] "GET /?camp-fire/933198.html HTTP/1.1" 500 - "-" "Mozilla/5.0 (compatible; DataForSeoBot/1.0; +https://dataforseo.com/dataforseo-bot)" "mantech8.com"
136.243.220.213 - - [06/Oct/2022:18:47:43 -0700] "GET /?camp-fire/2458351.html HTTP/1.1" 500 - "-" "Mozilla/5.0 (compatible; DataForSeoBot/1.0; +https://dataforseo.com/dataforseo-bot)" "mantech8.com"
136.243.220.213 - - [06/Oct/2022:18:47:47 -0700] "GET /?camp-fire/34333508.html HTTP/1.1" 500 - "-" "Mozilla/5.0 (compatible; DataForSeoBot/1.0; +https://dataforseo.com/dataforseo-bot)" "mantech8.com"
136.243.220.213 - - [06/Oct/2022:18:47:51 -0700] "GET /?camp-fire/8270421.html HTTP/1.1" 500 - "-" "Mozilla/5.0 (compatible; DataForSeoBot/1.0; +https://dataforseo.com/dataforseo-bot)" "mantech8.com"
136.243.220.213 - - [06/Oct/2022:18:47:52 -0700] "GET /?camp-fire/34454508.html HTTP/1.1" 500 - "-" "Mozilla/5.0 (compatible; DataForSeoBot/1.0; +https://dataforseo.com/dataforseo-bot)" "mantech8.com"
136.243.220.213 - - [06/Oct/2022:18:47:56 -0700] "GET /?camp-fire/18023965.html HTTP/1.1" 500 - "-" "Mozilla/5.0 (compatible; DataForSeoBot/1.0; +https://dataforseo.com/dataforseo-bot)" "mantech8.com"
136.243.220.213 - - [06/Oct/2022:18:48:00 -0700] "GET /?camp-fire/39485717.html HTTP/1.1" 500 - "-" "Mozilla/5.0 (compatible; DataForSeoBot/1.0; +https://dataforseo.com/dataforseo-bot)" "mantech8.com"
40.77.167.58 - - [06/Oct/2022:18:48:03 -0700] "GET /index.php/sitemap4681.xml HTTP/1.1" 200 289458 "-" "Mozilla/5.0 (compatible; bingbot/2.0; +http://www.bing.com/bingbot.htm)" "mantech8.com"
136.243.220.213 - - [06/Oct/2022:18:48:04 -0700] "GET /?camp-fire/16104383.html HTTP/1.1" 500 - "-" "Mozilla/5.0 (compatible; DataForSeoBot/1.0; +https://dataforseo.com/dataforseo-bot)" "mantech8.com"
136.243.220.213 - - [06/Oct/2022:18:48:08 -0700] "GET /?camp-fire/42451903.html HTTP/1.1" 500 - "-" "Mozilla/5.0 (compatible; DataForSeoBot/1.0; +https://dataforseo.com/dataforseo-bot)" "mantech8.com"
136.243.220.213 - - [06/Oct/2022:18:48:12 -0700] "GET /?camp-fire/8788078.html HTTP/1.1" 500 - "-" "Mozilla/5.0 (compatible; DataForSeoBot/1.0; +https://dataforseo.com/dataforseo-bot)" "mantech8.com"
40.77.167.58 - - [06/Oct/2022:18:48:13 -0700] "GET /index.php/sitemap9408.xml HTTP/1.1" 200 289284 "-" "Mozilla/5.0 (compatible; bingbot/2.0; +http://www.bing.com/bingbot.htm)" "mantech8.com"
40.77.167.58 - - [06/Oct/2022:18:48:14 -0700] "GET /index.php/impenetration.xml HTTP/1.1" 200 289390 "-" "Mozilla/5.0 (compatible; bingbot/2.0; +http://www.bing.com/bingbot.htm)" "mantech8.com"
136.243.220.213 - - [06/Oct/2022:18:48:16 -0700] "GET /?camp-fire/33055460.html HTTP/1.1" 500 - "-" "Mozilla/5.0 (compatible; DataForSeoBot/1.0; +https://dataforseo.com/dataforseo-bot)" "mantech8.com"
207.46.13.63 - - [06/Oct/2022:18:48:17 -0700] "GET /sitemap3958.xml HTTP/1.1" 404 88 "-" "Mozilla/5.0 AppleWebKit/537.36 (KHTML, like Gecko; compatible; bingbot/2.0; +http://www.bing.com/bingbot.htm) Chrome/103.0.5060.134 Safari/537.36" "mantech8.com"
136.243.220.213 - - [06/Oct/2022:18:48:20 -0700] "GET /?camp-fire/15849884.html HTTP/1.1" 500 - "-" "Mozilla/5.0 (compatible; DataForSeoBot/1.0; +https://dataforseo.com/dataforseo-bot)" "mantech8.com"
136.243.220.213 - - [06/Oct/2022:18:48:24 -0700] "GET /?camp-fire/29085564.html HTTP/1.1" 500 - "-" "Mozilla/5.0 (compatible; DataForSeoBot/1.0; +https://dataforseo.com/dataforseo-bot)" "mantech8.com"
136.243.220.213 - - [06/Oct/2022:18:48:28 -0700] "GET /?camp-fire/40798588.html HTTP/1.1" 500 - "-" "Mozilla/5.0 (compatible; DataForSeoBot/1.0; +https://dataforseo.com/dataforseo-bot)" "mantech8.com"
136.243.220.213 - - [06/Oct/2022:18:48:29 -0700] "GET /?camp-fire/39485317.html HTTP/1.1" 500 - "-" "Mozilla/5.0 (compatible; DataForSeoBot/1.0; +https://dataforseo.com/dataforseo-bot)" "mantech8.com"
136.243.220.213 - - [06/Oct/2022:18:48:33 -0700] "GET /?camp-fire/12128709.html HTTP/1.1" 500 - "-" "Mozilla/5.0 (compatible; DataForSeoBot/1.0; +https://dataforseo.com/dataforseo-bot)" "mantech8.com"
40.77.167.72 - - [06/Oct/2022:18:48:36 -0700] "GET /sitemap15996.xml HTTP/1.1" 404 88 "-" "Mozilla/5.0 (compatible; bingbot/2.0; +http://www.bing.com/bingbot.htm)" "mantech8.com"
136.243.220.213 - - [06/Oct/2022:18:48:38 -0700] "GET /?camp-fire/40472102.html HTTP/1.1" 500 - "-" "Mozilla/5.0 (compatible; DataForSeoBot/1.0; +https://dataforseo.com/dataforseo-bot)" "mantech8.com"
207.46.13.184 - - [06/Oct/2022:18:48:40 -0700] "GET /index.php/sitemap5384.xml HTTP/1.1" 200 289496 "-" "Mozilla/5.0 (compatible; bingbot/2.0; +http://www.bing.com/bingbot.htm)" "mantech8.com"
136.243.220.213 - - [06/Oct/2022:18:48:41 -0700] "GET /?camp-fire/5437155.html HTTP/1.1" 500 - "-" "Mozilla/5.0 (compatible; DataForSeoBot/1.0; +https://dataforseo.com/dataforseo-bot)" "mantech8.com"
136.243.220.213 - - [06/Oct/2022:18:48:43 -0700] "GET /?camp-fire/25701306.html HTTP/1.1" 500 - "-" "Mozilla/5.0 (compatible; DataForSeoBot/1.0; +https://dataforseo.com/dataforseo-bot)" "mantech8.com"
136.243.220.213 - - [06/Oct/2022:18:48:46 -0700] "GET /?camp-fire/25193830.html HTTP/1.1" 500 - "-" "Mozilla/5.0 (compatible; DataForSeoBot/1.0; +https://dataforseo.com/dataforseo-bot)" "mantech8.com"
136.243.220.213 - - [06/Oct/2022:18:48:47 -0700] "GET /?camp-fire/17341426.html HTTP/1.1" 500 - "-" "Mozilla/5.0 (compatible; DataForSeoBot/1.0; +https://dataforseo.com/dataforseo-bot)" "mantech8.com"
136.243.220.213 - - [06/Oct/2022:18:48:51 -0700] "GET /?camp-fire/3918198.html HTTP/1.1" 500 - "-" "Mozilla/5.0 (compatible; DataForSeoBot/1.0; +https://dataforseo.com/dataforseo-bot)" "mantech8.com"
34.216.121.146 - - [06/Oct/2022:18:48:53 -0700] "GET /index.php?camp-fire/71324480.html HTTP/1.1" 500 - "-" "Mozilla/5.0 (Windows NT 6.1; Win64; x64) AppleWebKit/537.36 (KHTML, like Gecko) Chrome/72.0.3626.109 Safari/537.36" "www.mantech8.com"
136.243.220.213 - - [06/Oct/2022:18:48:55 -0700] "GET /?camp-fire/26776382.html HTTP/1.1" 500 - "-" "Mozilla/5.0 (compatible; DataForSeoBot/1.0; +https://dataforseo.com/dataforseo-bot)" "mantech8.com"
40.77.167.72 - - [06/Oct/2022:18:48:56 -0700] "GET /index.php/sitemap16631.xml HTTP/1.1" 200 289446 "-" "Mozilla/5.0 (compatible; bingbot/2.0; +http://www.bing.com/bingbot.htm)" "mantech8.com"
136.243.220.213 - - [06/Oct/2022:18:48:59 -0700] "GET /?camp-fire/24261706.html HTTP/1.1" 500 - "-" "Mozilla/5.0 (compatible; DataForSeoBot/1.0; +https://dataforseo.com/dataforseo-bot)" "mantech8.com"
207.46.13.63 - - [06/Oct/2022:18:49:01 -0700] "GET /?sitemap7884.xml HTTP/1.1" 200 270572 "-" "Mozilla/5.0 (compatible; bingbot/2.0; +http://www.bing.com/bingbot.htm)" "mantech8.com"
207.46.13.63 - - [06/Oct/2022:18:49:02 -0700] "GET /index.php/sitemap2355.xml HTTP/1.1" 200 289256 "-" "Mozilla/5.0 (compatible; bingbot/2.0; +http://www.bing.com/bingbot.htm)" "mantech8.com"
136.243.220.213 - - [06/Oct/2022:18:49:04 -0700] "GET /?camp-fire/40972850.html HTTP/1.1" 500 - "-" "Mozilla/5.0 (compatible; DataForSeoBot/1.0; +https://dataforseo.com/dataforseo-bot)" "mantech8.com"
136.243.220.213 - - [06/Oct/2022:18:49:07 -0700] "GET /?camp-fire/11174557.html HTTP/1.1" 500 - "-" "Mozilla/5.0 (compatible; DataForSeoBot/1.0; +https://dataforseo.com/dataforseo-bot)" "mantech8.com"
136.243.220.213 - - [06/Oct/2022:18:49:11 -0700] "GET /?camp-fire/40472202.html HTTP/1.1" 500 - "-" "Mozilla/5.0 (compatible; DataForSeoBot/1.0; +https://dataforseo.com/dataforseo-bot)" "mantech8.com"
136.243.220.213 - - [06/Oct/2022:18:49:15 -0700] "GET /?camp-fire/36367538.html HTTP/1.1" 500 - "-" "Mozilla/5.0 (compatible; DataForSeoBot/1.0; +https://dataforseo.com/dataforseo-bot)" "mantech8.com"
207.46.13.70 - - [06/Oct/2022:18:49:19 -0700] "GET /index.php/sitemap5437.xml HTTP/1.1" 200 289278 "-" "Mozilla/5.0 (compatible; bingbot/2.0; +http://www.bing.com/bingbot.htm)" "mantech8.com"
136.243.220.213 - - [06/Oct/2022:18:49:19 -0700] "GET /?camp-fire/29270689.html HTTP/1.1" 500 - "-" "Mozilla/5.0 (compatible; DataForSeoBot/1.0; +https://dataforseo.com/dataforseo-bot)" "mantech8.com"
136.243.220.213 - - [06/Oct/2022:18:49:21 -0700] "GET /?camp-fire/27921270.html HTTP/1.1" 500 - "-" "Mozilla/5.0 (compatible; DataForSeoBot/1.0; +https://dataforseo.com/dataforseo-bot)" "mantech8.com"
40.77.167.68 - - [06/Oct/2022:18:49:23 -0700] "GET /index.php?qiaojis.xml HTTP/1.1" 200 289438 "-" "Mozilla/5.0 AppleWebKit/537.36 (KHTML, like Gecko; compatible; bingbot/2.0; +http://www.bing.com/bingbot.htm) Chrome/103.0.5060.134 Safari/537.36" "mantech8.com"
136.243.220.213 - - [06/Oct/2022:18:49:26 -0700] "GET /?camp-fire/2053053.html HTTP/1.1" 500 - "-" "Mozilla/5.0 (compatible; DataForSeoBot/1.0; +https://dataforseo.com/dataforseo-bot)" "mantech8.com"
185.191.171.11 - - [06/Oct/2022:18:49:28 -0700] "GET /index.php/camp-fire/29810227.html HTTP/1.1" 500 - "-" "Mozilla/5.0 (compatible; SemrushBot/7~bl; +http://www.semrush.com/bot.html)" "mantech8.com"
207.46.13.70 - - [06/Oct/2022:18:49:29 -0700] "GET /index.php?sitemap46291.xml HTTP/1.1" 200 289554 "-" "Mozilla/5.0 (compatible; bingbot/2.0; +http://www.bing.com/bingbot.htm)" "mantech8.com"
136.243.220.213 - - [06/Oct/2022:18:49:30 -0700] "GET /?camp-fire/34454908.html HTTP/1.1" 500 - "-" "Mozilla/5.0 (compatible; DataForSeoBot/1.0; +https://dataforseo.com/dataforseo-bot)" "mantech8.com"
136.243.220.213 - - [06/Oct/2022:18:49:33 -0700] "GET /?camp-fire/37708978.html HTTP/1.1" 500 - "-" "Mozilla/5.0 (compatible; DataForSeoBot/1.0; +https://dataforseo.com/dataforseo-bot)" "mantech8.com"
185.191.171.25 - - [06/Oct/2022:18:49:34 -0700] "GET /index.php/camp-fire/42862034.html HTTP/1.1" 500 - "-" "Mozilla/5.0 (compatible; SemrushBot/7~bl; +http://www.semrush.com/bot.html)" "mantech8.com"
136.243.220.213 - - [06/Oct/2022:18:49:38 -0700] "GET /?camp-fire/15977165.html HTTP/1.1" 500 - "-" "Mozilla/5.0 (compatible; DataForSeoBot/1.0; +https://dataforseo.com/dataforseo-bot)" "mantech8.com"
207.46.13.184 - - [06/Oct/2022:18:49:38 -0700] "GET /?sitemap4689.xml HTTP/1.1" 200 270496 "-" "Mozilla/5.0 (compatible; bingbot/2.0; +http://www.bing.com/bingbot.htm)" "mantech8.com"
136.243.220.213 - - [06/Oct/2022:18:49:41 -0700] "GET /?camp-fire/39485217.html HTTP/1.1" 500 - "-" "Mozilla/5.0 (compatible; DataForSeoBot/1.0; +https://dataforseo.com/dataforseo-bot)" "mantech8.com"
136.243.220.213 - - [06/Oct/2022:18:49:42 -0700] "GET /?camp-fire/8270121.html HTTP/1.1" 500 - "-" "Mozilla/5.0 (compatible; DataForSeoBot/1.0; +https://dataforseo.com/dataforseo-bot)" "mantech8.com"
136.243.220.213 - - [06/Oct/2022:18:49:42 -0700] "GET /?camp-fire/40972450.html HTTP/1.1" 500 - "-" "Mozilla/5.0 (compatible; DataForSeoBot/1.0; +https://dataforseo.com/dataforseo-bot)" "mantech8.com"
136.243.220.213 - - [06/Oct/2022:18:49:46 -0700] "GET /?camp-fire/19675532.html HTTP/1.1" 500 - "-" "Mozilla/5.0 (compatible; DataForSeoBot/1.0; +https://dataforseo.com/dataforseo-bot)" "mantech8.com"
207.46.13.70 - - [06/Oct/2022:18:49:49 -0700] "GET /index.php/sitemap7833.xml HTTP/1.1" 200 289260 "-" "Mozilla/5.0 (compatible; bingbot/2.0; +http://www.bing.com/bingbot.htm)" "mantech8.com"
136.243.220.213 - - [06/Oct/2022:18:49:50 -0700] "GET /?camp-fire/42451703.html HTTP/1.1" 500 - "-" "Mozilla/5.0 (compatible; DataForSeoBot/1.0; +https://dataforseo.com/dataforseo-bot)" "mantech8.com"
136.243.220.213 - - [06/Oct/2022:18:49:54 -0700] "GET /?camp-fire/42452003.html HTTP/1.1" 500 - "-" "Mozilla/5.0 (compatible; DataForSeoBot/1.0; +https://dataforseo.com/dataforseo-bot)" "mantech8.com"
136.243.220.213 - - [06/Oct/2022:18:49:58 -0700] "GET /?camp-fire/31966933.html HTTP/1.1" 500 - "-" "Mozilla/5.0 (compatible; DataForSeoBot/1.0; +https://dataforseo.com/dataforseo-bot)" "mantech8.com"
136.243.220.213 - - [06/Oct/2022:18:50:02 -0700] "GET /?camp-fire/39493092.html HTTP/1.1" 500 - "-" "Mozilla/5.0 (compatible; DataForSeoBot/1.0; +https://dataforseo.com/dataforseo-bot)" "mantech8.com"
136.243.220.213 - - [06/Oct/2022:18:50:07 -0700] "GET /?camp-fire/10833590.html HTTP/1.1" 500 - "-" "Mozilla/5.0 (compatible; DataForSeoBot/1.0; +https://dataforseo.com/dataforseo-bot)" "mantech8.com"
136.243.220.213 - - [06/Oct/2022:18:50:08 -0700] "GET /?camp-fire/2457651.html HTTP/1.1" 500 - "-" "Mozilla/5.0 (compatible; DataForSeoBot/1.0; +https://dataforseo.com/dataforseo-bot)" "mantech8.com"
136.243.220.213 - - [06/Oct/2022:18:50:11 -0700] "GET /?camp-fire/15490572.html HTTP/1.1" 500 - "-" "Mozilla/5.0 (compatible; DataForSeoBot/1.0; +https://dataforseo.com/dataforseo-bot)" "mantech8.com"
136.243.220.213 - - [06/Oct/2022:18:50:15 -0700] "GET /?camp-fire/31302755.html HTTP/1.1" 500 - "-" "Mozilla/5.0 (compatible; DataForSeoBot/1.0; +https://dataforseo.com/dataforseo-bot)" "mantech8.com"
136.243.220.213 - - [06/Oct/2022:18:50:16 -0700] "GET /?camp-fire/28103426.html HTTP/1.1" 500 - "-" "Mozilla/5.0 (compatible; DataForSeoBot/1.0; +https://dataforseo.com/dataforseo-bot)" "mantech8.com"
207.46.13.70 - - [06/Oct/2022:18:50:20 -0700] "GET /sitemap17302.xml HTTP/1.1" 404 88 "-" "Mozilla/5.0 (compatible; bingbot/2.0; +http://www.bing.com/bingbot.htm)" "mantech8.com"
136.243.220.213 - - [06/Oct/2022:18:50:20 -0700] "GET /?camp-fire/27921370.html HTTP/1.1" 500 - "-" "Mozilla/5.0 (compatible; DataForSeoBot/1.0; +https://dataforseo.com/dataforseo-bot)" "mantech8.com"
136.243.220.213 - - [06/Oct/2022:18:50:24 -0700] "GET /?camp-fire/15490072.html HTTP/1.1" 500 - "-" "Mozilla/5.0 (compatible; DataForSeoBot/1.0; +https://dataforseo.com/dataforseo-bot)" "mantech8.com"
136.243.220.213 - - [06/Oct/2022:18:50:28 -0700] "GET /?camp-fire/27921970.html HTTP/1.1" 500 - "-" "Mozilla/5.0 (compatible; DataForSeoBot/1.0; +https://dataforseo.com/dataforseo-bot)" "mantech8.com"
136.243.220.213 - - [06/Oct/2022:18:50:32 -0700] "GET /?camp-fire/37709078.html HTTP/1.1" 500 - "-" "Mozilla/5.0 (compatible; DataForSeoBot/1.0; +https://dataforseo.com/dataforseo-bot)" "mantech8.com"
136.243.220.213 - - [06/Oct/2022:18:50:36 -0700] "GET /?camp-fire/28315709.html HTTP/1.1" 500 - "-" "Mozilla/5.0 (compatible; DataForSeoBot/1.0; +https://dataforseo.com/dataforseo-bot)" "mantech8.com"
136.243.220.213 - - [06/Oct/2022:18:50:40 -0700] "GET /?camp-fire/31967233.html HTTP/1.1" 500 - "-" "Mozilla/5.0 (compatible; DataForSeoBot/1.0; +https://dataforseo.com/dataforseo-bot)" "mantech8.com"
136.243.220.213 - - [06/Oct/2022:18:50:44 -0700] "GET /?camp-fire/38752972.html HTTP/1.1" 500 - "-" "Mozilla/5.0 (compatible; DataForSeoBot/1.0; +https://dataforseo.com/dataforseo-bot)" "mantech8.com"
136.243.220.213 - - [06/Oct/2022:18:50:48 -0700] "GET /?camp-fire/2022790.html HTTP/1.1" 500 - "-" "Mozilla/5.0 (compatible; DataForSeoBot/1.0; +https://dataforseo.com/dataforseo-bot)" "mantech8.com"
136.243.220.213 - - [06/Oct/2022:18:50:52 -0700] "GET /?camp-fire/17201665.html HTTP/1.1" 500 - "-" "Mozilla/5.0 (compatible; DataForSeoBot/1.0; +https://dataforseo.com/dataforseo-bot)" "mantech8.com"
136.243.220.213 - - [06/Oct/2022:18:50:56 -0700] "GET /?camp-fire/35922259.html HTTP/1.1" 500 - "-" "Mozilla/5.0 (compatible; DataForSeoBot/1.0; +https://dataforseo.com/dataforseo-bot)" "mantech8.com"
136.243.220.213 - - [06/Oct/2022:18:50:57 -0700] "GET /?camp-fire/21436535.html HTTP/1.1" 500 - "-" "Mozilla/5.0 (compatible; DataForSeoBot/1.0; +https://dataforseo.com/dataforseo-bot)" "mantech8.com"
207.46.13.70 - - [06/Oct/2022:18:50:59 -0700] "GET /index.php/sitemap21214.xml HTTP/1.1" 200 289431 "-" "Mozilla/5.0 AppleWebKit/537.36 (KHTML, like Gecko; compatible; bingbot/2.0; +http://www.bing.com/bingbot.htm) Chrome/103.0.5060.134 Safari/537.36" "mantech8.com"
136.243.220.213 - - [06/Oct/2022:18:51:01 -0700] "GET /?camp-fire/1140569.html HTTP/1.1" 500 - "-" "Mozilla/5.0 (compatible; DataForSeoBot/1.0; +https://dataforseo.com/dataforseo-bot)" "mantech8.com"
136.243.220.213 - - [06/Oct/2022:18:51:05 -0700] "GET /?camp-fire/17202365.html HTTP/1.1" 500 - "-" "Mozilla/5.0 (compatible; DataForSeoBot/1.0; +https://dataforseo.com/dataforseo-bot)" "mantech8.com"
207.46.13.63 - - [06/Oct/2022:18:51:06 -0700] "GET /index.php/sitemap8766.xml HTTP/1.1" 200 289330 "-" "Mozilla/5.0 AppleWebKit/537.36 (KHTML, like Gecko; compatible; bingbot/2.0; +http://www.bing.com/bingbot.htm) Chrome/103.0.5060.134 Safari/537.36" "mantech8.com"
136.243.220.213 - - [06/Oct/2022:18:51:09 -0700] "GET /?camp-fire/37708278.html HTTP/1.1" 500 - "-" "Mozilla/5.0 (compatible; DataForSeoBot/1.0; +https://dataforseo.com/dataforseo-bot)" "mantech8.com"
136.243.220.213 - - [06/Oct/2022:18:51:13 -0700] "GET /?camp-fire/2016759.html HTTP/1.1" 500 - "-" "Mozilla/5.0 (compatible; DataForSeoBot/1.0; +https://dataforseo.com/dataforseo-bot)" "mantech8.com"
136.243.220.213 - - [06/Oct/2022:18:51:14 -0700] "GET /?camp-fire/2052453.html HTTP/1.1" 500 - "-" "Mozilla/5.0 (compatible; DataForSeoBot/1.0; +https://dataforseo.com/dataforseo-bot)" "mantech8.com"
185.191.171.13 - - [06/Oct/2022:18:51:16 -0700] "GET /index.php/camp-fire/40144088.html HTTP/1.1" 500 - "-" "Mozilla/5.0 (compatible; SemrushBot/7~bl; +http://www.semrush.com/bot.html)" "mantech8.com"
136.243.220.213 - - [06/Oct/2022:18:51:18 -0700] "GET /?camp-fire/38753472.html HTTP/1.1" 500 - "-" "Mozilla/5.0 (compatible; DataForSeoBot/1.0; +https://dataforseo.com/dataforseo-bot)" "mantech8.com"
185.191.171.44 - - [06/Oct/2022:18:51:18 -0700] "GET /index.php/camp-fire/4191385.html HTTP/1.1" 500 - "-" "Mozilla/5.0 (compatible; SemrushBot/7~bl; +http://www.semrush.com/bot.html)" "mantech8.com"
136.243.220.213 - - [06/Oct/2022:18:51:22 -0700] "GET /?camp-fire/11173657.html HTTP/1.1" 500 - "-" "Mozilla/5.0 (compatible; DataForSeoBot/1.0; +https://dataforseo.com/dataforseo-bot)" "mantech8.com"
40.77.167.68 - - [06/Oct/2022:18:51:23 -0700] "GET /index.php/sitemap19137.xml HTTP/1.1" 200 289405 "-" "Mozilla/5.0 (compatible; bingbot/2.0; +http://www.bing.com/bingbot.htm)" "mantech8.com"
136.243.220.213 - - [06/Oct/2022:18:51:26 -0700] "GET /?camp-fire/3762878.html HTTP/1.1" 500 - "-" "Mozilla/5.0 (compatible; DataForSeoBot/1.0; +https://dataforseo.com/dataforseo-bot)" "mantech8.com"
185.191.171.9 - - [06/Oct/2022:18:51:30 -0700] "GET /index.php/camp-fire/5721790.html HTTP/1.1" 500 - "-" "Mozilla/5.0 (compatible; SemrushBot/7~bl; +http://www.semrush.com/bot.html)" "mantech8.com"
136.243.220.213 - - [06/Oct/2022:18:51:30 -0700] "GET /?camp-fire/8297798.html HTTP/1.1" 500 - "-" "Mozilla/5.0 (compatible; DataForSeoBot/1.0; +https://dataforseo.com/dataforseo-bot)" "mantech8.com"
136.243.220.213 - - [06/Oct/2022:18:51:34 -0700] "GET /?camp-fire/29086364.html HTTP/1.1" 500 - "-" "Mozilla/5.0 (compatible; DataForSeoBot/1.0; +https://dataforseo.com/dataforseo-bot)" "mantech8.com"
207.46.13.63 - - [06/Oct/2022:18:51:37 -0700] "GET /index.php?sitemap6.xml HTTP/1.1" 200 289311 "-" "Mozilla/5.0 (compatible; bingbot/2.0; +http://www.bing.com/bingbot.htm)" "mantech8.com"
136.243.220.213 - - [06/Oct/2022:18:51:38 -0700] "GET /?camp-fire/932698.html HTTP/1.1" 500 - "-" "Mozilla/5.0 (compatible; DataForSeoBot/1.0; +https://dataforseo.com/dataforseo-bot)" "mantech8.com"
136.243.220.213 - - [06/Oct/2022:18:51:42 -0700] "GET /?camp-fire/27449021.html HTTP/1.1" 500 - "-" "Mozilla/5.0 (compatible; DataForSeoBot/1.0; +https://dataforseo.com/dataforseo-bot)" "mantech8.com"
136.243.220.213 - - [06/Oct/2022:18:51:46 -0700] "GET /?camp-fire/42452303.html HTTP/1.1" 500 - "-" "Mozilla/5.0 (compatible; DataForSeoBot/1.0; +https://dataforseo.com/dataforseo-bot)" "mantech8.com"
