136.243.220.213 - - [06/Oct/2022:23:07:53 -0700] "GET /?camp-fire/3369529.html HTTP/1.1" 500 - "-" "Mozilla/5.0 (compatible; DataForSeoBot/1.0; +https://dataforseo.com/dataforseo-bot)" "mantech8.com"
136.243.220.213 - - [06/Oct/2022:23:07:57 -0700] "GET /?camp-fire/27166306.html HTTP/1.1" 500 - "-" "Mozilla/5.0 (compatible; DataForSeoBot/1.0; +https://dataforseo.com/dataforseo-bot)" "mantech8.com"
136.243.220.213 - - [06/Oct/2022:23:07:59 -0700] "GET /?camp-fire/44243534.html HTTP/1.1" 500 - "-" "Mozilla/5.0 (compatible; DataForSeoBot/1.0; +https://dataforseo.com/dataforseo-bot)" "mantech8.com"
136.243.220.213 - - [06/Oct/2022:23:08:03 -0700] "GET /?camp-fire/41936902.html HTTP/1.1" 500 - "-" "Mozilla/5.0 (compatible; DataForSeoBot/1.0; +https://dataforseo.com/dataforseo-bot)" "mantech8.com"
136.243.220.213 - - [06/Oct/2022:23:08:07 -0700] "GET /?camp-fire/26658430.html HTTP/1.1" 500 - "-" "Mozilla/5.0 (compatible; DataForSeoBot/1.0; +https://dataforseo.com/dataforseo-bot)" "mantech8.com"
136.243.220.213 - - [06/Oct/2022:23:08:11 -0700] "GET /?camp-fire/17315184.html HTTP/1.1" 500 - "-" "Mozilla/5.0 (compatible; DataForSeoBot/1.0; +https://dataforseo.com/dataforseo-bot)" "mantech8.com"
136.243.220.213 - - [06/Oct/2022:23:08:15 -0700] "GET /?camp-fire/26370350.html HTTP/1.1" 500 - "-" "Mozilla/5.0 (compatible; DataForSeoBot/1.0; +https://dataforseo.com/dataforseo-bot)" "mantech8.com"
136.243.220.213 - - [06/Oct/2022:23:08:16 -0700] "GET /?camp-fire/17443765.html HTTP/1.1" 500 - "-" "Mozilla/5.0 (compatible; DataForSeoBot/1.0; +https://dataforseo.com/dataforseo-bot)" "mantech8.com"
40.77.167.68 - - [06/Oct/2022:23:08:17 -0700] "GET /sitemap8232.xml HTTP/1.1" 404 88 "-" "Mozilla/5.0 (compatible; bingbot/2.0; +http://www.bing.com/bingbot.htm)" "mantech8.com"
40.77.167.68 - - [06/Oct/2022:23:08:18 -0700] "GET /sitemap4897.xml HTTP/1.1" 404 88 "-" "Mozilla/5.0 (compatible; bingbot/2.0; +http://www.bing.com/bingbot.htm)" "mantech8.com"
185.191.171.16 - - [06/Oct/2022:23:08:19 -0700] "GET /index.php/camp-fire/38080972.html HTTP/1.1" 500 - "-" "Mozilla/5.0 (compatible; SemrushBot/7~bl; +http://www.semrush.com/bot.html)" "mantech8.com"
136.243.220.213 - - [06/Oct/2022:23:08:21 -0700] "GET /?camp-fire/20225961.html HTTP/1.1" 500 - "-" "Mozilla/5.0 (compatible; DataForSeoBot/1.0; +https://dataforseo.com/dataforseo-bot)" "mantech8.com"
136.243.220.213 - - [06/Oct/2022:23:08:25 -0700] "GET /?camp-fire/16041759.html HTTP/1.1" 500 - "-" "Mozilla/5.0 (compatible; DataForSeoBot/1.0; +https://dataforseo.com/dataforseo-bot)" "mantech8.com"
207.46.13.184 - - [06/Oct/2022:23:08:28 -0700] "GET /index.php/sitemap1633.xml HTTP/1.1" 200 289295 "-" "Mozilla/5.0 AppleWebKit/537.36 (KHTML, like Gecko; compatible; bingbot/2.0; +http://www.bing.com/bingbot.htm) Chrome/103.0.5060.134 Safari/537.36" "mantech8.com"
136.243.220.213 - - [06/Oct/2022:23:08:29 -0700] "GET /?camp-fire/34522060.html HTTP/1.1" 500 - "-" "Mozilla/5.0 (compatible; DataForSeoBot/1.0; +https://dataforseo.com/dataforseo-bot)" "mantech8.com"
136.243.220.213 - - [06/Oct/2022:23:08:30 -0700] "GET /?camp-fire/18668465.html HTTP/1.1" 500 - "-" "Mozilla/5.0 (compatible; DataForSeoBot/1.0; +https://dataforseo.com/dataforseo-bot)" "mantech8.com"
207.46.13.63 - - [06/Oct/2022:23:08:32 -0700] "GET /index.php/sitemap3833.xml HTTP/1.1" 200 289322 "-" "Mozilla/5.0 (compatible; bingbot/2.0; +http://www.bing.com/bingbot.htm)" "mantech8.com"
207.46.13.63 - - [06/Oct/2022:23:08:34 -0700] "GET /sitemap3563.xml HTTP/1.1" 404 88 "-" "Mozilla/5.0 AppleWebKit/537.36 (KHTML, like Gecko; compatible; bingbot/2.0; +http://www.bing.com/bingbot.htm) Chrome/103.0.5060.134 Safari/537.36" "mantech8.com"
136.243.220.213 - - [06/Oct/2022:23:08:34 -0700] "GET /?camp-fire/2399198.html HTTP/1.1" 500 - "-" "Mozilla/5.0 (compatible; DataForSeoBot/1.0; +https://dataforseo.com/dataforseo-bot)" "mantech8.com"
185.191.171.12 - - [06/Oct/2022:23:08:36 -0700] "GET /index.php/camp-fire/33692493.html HTTP/1.1" 500 - "-" "Mozilla/5.0 (compatible; SemrushBot/7~bl; +http://www.semrush.com/bot.html)" "mantech8.com"
185.191.171.34 - - [06/Oct/2022:23:08:38 -0700] "GET /index.php/camp-fire/29949789.html HTTP/1.1" 500 - "-" "Mozilla/5.0 (compatible; SemrushBot/7~bl; +http://www.semrush.com/bot.html)" "mantech8.com"
136.243.220.213 - - [06/Oct/2022:23:08:38 -0700] "GET /?camp-fire/34015130.html HTTP/1.1" 500 - "-" "Mozilla/5.0 (compatible; DataForSeoBot/1.0; +https://dataforseo.com/dataforseo-bot)" "mantech8.com"
136.243.220.213 - - [06/Oct/2022:23:08:42 -0700] "GET /?camp-fire/9910042.html HTTP/1.1" 500 - "-" "Mozilla/5.0 (compatible; DataForSeoBot/1.0; +https://dataforseo.com/dataforseo-bot)" "mantech8.com"
136.243.220.213 - - [06/Oct/2022:23:08:43 -0700] "GET /?camp-fire/11812083.html HTTP/1.1" 500 - "-" "Mozilla/5.0 (compatible; DataForSeoBot/1.0; +https://dataforseo.com/dataforseo-bot)" "mantech8.com"
136.243.220.213 - - [06/Oct/2022:23:08:47 -0700] "GET /?camp-fire/25727106.html HTTP/1.1" 500 - "-" "Mozilla/5.0 (compatible; DataForSeoBot/1.0; +https://dataforseo.com/dataforseo-bot)" "mantech8.com"
136.243.220.213 - - [06/Oct/2022:23:08:49 -0700] "GET /?camp-fire/30737089.html HTTP/1.1" 500 - "-" "Mozilla/5.0 (compatible; DataForSeoBot/1.0; +https://dataforseo.com/dataforseo-bot)" "mantech8.com"
185.191.171.40 - - [06/Oct/2022:23:08:52 -0700] "GET /index.php/camp-fire/39972776.html HTTP/1.1" 500 - "-" "Mozilla/5.0 (compatible; SemrushBot/7~bl; +http://www.semrush.com/bot.html)" "mantech8.com"
136.243.220.213 - - [06/Oct/2022:23:08:53 -0700] "GET /?camp-fire/28915721.html HTTP/1.1" 500 - "-" "Mozilla/5.0 (compatible; DataForSeoBot/1.0; +https://dataforseo.com/dataforseo-bot)" "mantech8.com"
136.243.220.213 - - [06/Oct/2022:23:08:57 -0700] "GET /?camp-fire/6219665.html HTTP/1.1" 500 - "-" "Mozilla/5.0 (compatible; DataForSeoBot/1.0; +https://dataforseo.com/dataforseo-bot)" "mantech8.com"
136.243.220.213 - - [06/Oct/2022:23:09:01 -0700] "GET /?camp-fire/32768255.html HTTP/1.1" 500 - "-" "Mozilla/5.0 (compatible; DataForSeoBot/1.0; +https://dataforseo.com/dataforseo-bot)" "mantech8.com"
136.243.220.213 - - [06/Oct/2022:23:09:05 -0700] "GET /?camp-fire/13593509.html HTTP/1.1" 500 - "-" "Mozilla/5.0 (compatible; DataForSeoBot/1.0; +https://dataforseo.com/dataforseo-bot)" "mantech8.com"
136.243.220.213 - - [06/Oct/2022:23:09:10 -0700] "GET /?camp-fire/28765447.html HTTP/1.1" 500 - "-" "Mozilla/5.0 (compatible; DataForSeoBot/1.0; +https://dataforseo.com/dataforseo-bot)" "mantech8.com"
136.243.220.213 - - [06/Oct/2022:23:09:13 -0700] "GET /?camp-fire/42263688.html HTTP/1.1" 500 - "-" "Mozilla/5.0 (compatible; DataForSeoBot/1.0; +https://dataforseo.com/dataforseo-bot)" "mantech8.com"
207.46.13.70 - - [06/Oct/2022:23:09:14 -0700] "GET /index.php/sitemap10868.xml HTTP/1.1" 200 289420 "-" "Mozilla/5.0 (compatible; bingbot/2.0; +http://www.bing.com/bingbot.htm)" "mantech8.com"
136.243.220.213 - - [06/Oct/2022:23:09:17 -0700] "GET /?camp-fire/29710271.html HTTP/1.1" 500 - "-" "Mozilla/5.0 (compatible; DataForSeoBot/1.0; +https://dataforseo.com/dataforseo-bot)" "mantech8.com"
136.243.220.213 - - [06/Oct/2022:23:09:18 -0700] "GET /?camp-fire/28766247.html HTTP/1.1" 500 - "-" "Mozilla/5.0 (compatible; DataForSeoBot/1.0; +https://dataforseo.com/dataforseo-bot)" "mantech8.com"
136.243.220.213 - - [06/Oct/2022:23:09:22 -0700] "GET /?camp-fire/39173478.html HTTP/1.1" 500 - "-" "Mozilla/5.0 (compatible; DataForSeoBot/1.0; +https://dataforseo.com/dataforseo-bot)" "mantech8.com"
114.119.133.190 - - [06/Oct/2022:23:09:23 -0700] "GET /bimages/gallery/alfacgiapi/?C=M%3BO%3DA HTTP/1.1" 200 472 "http://www.mantech8.com/bimages/gallery/alfacgiapi/?C=N%3BO%3DD" "Mozilla/5.0 (Linux; Android 7.0;) AppleWebKit/537.36 (KHTML, like Gecko) Mobile Safari/537.36 (compatible; PetalBot;+https://webmaster.petalsearch.com/site/petalbot)" "www.mantech8.com"
136.243.220.213 - - [06/Oct/2022:23:09:27 -0700] "GET /?camp-fire/42264888.html HTTP/1.1" 500 - "-" "Mozilla/5.0 (compatible; DataForSeoBot/1.0; +https://dataforseo.com/dataforseo-bot)" "mantech8.com"
136.243.220.213 - - [06/Oct/2022:23:09:30 -0700] "GET /?camp-fire/18668565.html HTTP/1.1" 500 - "-" "Mozilla/5.0 (compatible; DataForSeoBot/1.0; +https://dataforseo.com/dataforseo-bot)" "mantech8.com"
136.243.220.213 - - [06/Oct/2022:23:09:34 -0700] "GET /?camp-fire/12298890.html HTTP/1.1" 500 - "-" "Mozilla/5.0 (compatible; DataForSeoBot/1.0; +https://dataforseo.com/dataforseo-bot)" "mantech8.com"
136.243.220.213 - - [06/Oct/2022:23:09:38 -0700] "GET /?camp-fire/12639157.html HTTP/1.1" 500 - "-" "Mozilla/5.0 (compatible; DataForSeoBot/1.0; +https://dataforseo.com/dataforseo-bot)" "mantech8.com"
136.243.220.213 - - [06/Oct/2022:23:09:43 -0700] "GET /?camp-fire/11811483.html HTTP/1.1" 500 - "-" "Mozilla/5.0 (compatible; DataForSeoBot/1.0; +https://dataforseo.com/dataforseo-bot)" "mantech8.com"
207.46.13.70 - - [06/Oct/2022:23:09:44 -0700] "GET /sitemap20974.xml HTTP/1.1" 404 88 "-" "Mozilla/5.0 AppleWebKit/537.36 (KHTML, like Gecko; compatible; bingbot/2.0; +http://www.bing.com/bingbot.htm) Chrome/103.0.5060.134 Safari/537.36" "mantech8.com"
136.243.220.213 - - [06/Oct/2022:23:09:46 -0700] "GET /?camp-fire/9388180.html HTTP/1.1" 500 - "-" "Mozilla/5.0 (compatible; DataForSeoBot/1.0; +https://dataforseo.com/dataforseo-bot)" "mantech8.com"
136.243.220.213 - - [06/Oct/2022:23:09:50 -0700] "GET /?camp-fire/9388280.html HTTP/1.1" 500 - "-" "Mozilla/5.0 (compatible; DataForSeoBot/1.0; +https://dataforseo.com/dataforseo-bot)" "mantech8.com"
136.243.220.213 - - [06/Oct/2022:23:09:51 -0700] "GET /?camp-fire/10252778.html HTTP/1.1" 500 - "-" "Mozilla/5.0 (compatible; DataForSeoBot/1.0; +https://dataforseo.com/dataforseo-bot)" "mantech8.com"
136.243.220.213 - - [06/Oct/2022:23:09:55 -0700] "GET /?camp-fire/11811383.html HTTP/1.1" 500 - "-" "Mozilla/5.0 (compatible; DataForSeoBot/1.0; +https://dataforseo.com/dataforseo-bot)" "mantech8.com"
136.243.220.213 - - [06/Oct/2022:23:09:59 -0700] "GET /?camp-fire/3259072.html HTTP/1.1" 500 - "-" "Mozilla/5.0 (compatible; DataForSeoBot/1.0; +https://dataforseo.com/dataforseo-bot)" "mantech8.com"
136.243.220.213 - - [06/Oct/2022:23:10:03 -0700] "GET /?camp-fire/35218316.html HTTP/1.1" 500 - "-" "Mozilla/5.0 (compatible; DataForSeoBot/1.0; +https://dataforseo.com/dataforseo-bot)" "mantech8.com"
136.243.220.213 - - [06/Oct/2022:23:10:07 -0700] "GET /?camp-fire/25727806.html HTTP/1.1" 500 - "-" "Mozilla/5.0 (compatible; DataForSeoBot/1.0; +https://dataforseo.com/dataforseo-bot)" "mantech8.com"
136.243.220.213 - - [06/Oct/2022:23:10:08 -0700] "GET /?camp-fire/40218372.html HTTP/1.1" 500 - "-" "Mozilla/5.0 (compatible; DataForSeoBot/1.0; +https://dataforseo.com/dataforseo-bot)" "mantech8.com"
207.46.13.63 - - [06/Oct/2022:23:10:11 -0700] "GET /index.php/sitemap19656.xml HTTP/1.1" 200 289410 "-" "Mozilla/5.0 (compatible; bingbot/2.0; +http://www.bing.com/bingbot.htm)" "mantech8.com"
136.243.220.213 - - [06/Oct/2022:23:10:12 -0700] "GET /?camp-fire/40952017.html HTTP/1.1" 500 - "-" "Mozilla/5.0 (compatible; DataForSeoBot/1.0; +https://dataforseo.com/dataforseo-bot)" "mantech8.com"
185.191.171.23 - - [06/Oct/2022:23:10:15 -0700] "GET /index.php/camp-fire/490469.html HTTP/1.1" 500 - "-" "Mozilla/5.0 (compatible; SemrushBot/7~bl; +http://www.semrush.com/bot.html)" "mantech8.com"
136.243.220.213 - - [06/Oct/2022:23:10:16 -0700] "GET /?camp-fire/37153925.html HTTP/1.1" 500 - "-" "Mozilla/5.0 (compatible; DataForSeoBot/1.0; +https://dataforseo.com/dataforseo-bot)" "mantech8.com"
136.243.220.213 - - [06/Oct/2022:23:10:20 -0700] "GET /?camp-fire/30021859.html HTTP/1.1" 500 - "-" "Mozilla/5.0 (compatible; DataForSeoBot/1.0; +https://dataforseo.com/dataforseo-bot)" "mantech8.com"
136.243.220.213 - - [06/Oct/2022:23:10:24 -0700] "GET /?camp-fire/17277756.html HTTP/1.1" 500 - "-" "Mozilla/5.0 (compatible; DataForSeoBot/1.0; +https://dataforseo.com/dataforseo-bot)" "mantech8.com"
136.243.220.213 - - [06/Oct/2022:23:10:28 -0700] "GET /?camp-fire/22901335.html HTTP/1.1" 500 - "-" "Mozilla/5.0 (compatible; DataForSeoBot/1.0; +https://dataforseo.com/dataforseo-bot)" "mantech8.com"
136.243.220.213 - - [06/Oct/2022:23:10:32 -0700] "GET /?camp-fire/35564493.html HTTP/1.1" 500 - "-" "Mozilla/5.0 (compatible; DataForSeoBot/1.0; +https://dataforseo.com/dataforseo-bot)" "mantech8.com"
136.243.220.213 - - [06/Oct/2022:23:10:34 -0700] "GET /?camp-fire/37391138.html HTTP/1.1" 500 - "-" "Mozilla/5.0 (compatible; DataForSeoBot/1.0; +https://dataforseo.com/dataforseo-bot)" "mantech8.com"
136.243.220.213 - - [06/Oct/2022:23:10:38 -0700] "GET /?camp-fire/9751808.html HTTP/1.1" 500 - "-" "Mozilla/5.0 (compatible; DataForSeoBot/1.0; +https://dataforseo.com/dataforseo-bot)" "mantech8.com"
40.77.167.72 - - [06/Oct/2022:23:10:41 -0700] "GET /sitemap2661.xml HTTP/1.1" 404 88 "-" "Mozilla/5.0 (compatible; bingbot/2.0; +http://www.bing.com/bingbot.htm)" "mantech8.com"
136.243.220.213 - - [06/Oct/2022:23:10:42 -0700] "GET /?camp-fire/7419377.html HTTP/1.1" 500 - "-" "Mozilla/5.0 (compatible; DataForSeoBot/1.0; +https://dataforseo.com/dataforseo-bot)" "mantech8.com"
136.243.220.213 - - [06/Oct/2022:23:10:46 -0700] "GET /?camp-fire/9736921.html HTTP/1.1" 500 - "-" "Mozilla/5.0 (compatible; DataForSeoBot/1.0; +https://dataforseo.com/dataforseo-bot)" "mantech8.com"
136.243.220.213 - - [06/Oct/2022:23:10:51 -0700] "GET /?camp-fire/29569126.html HTTP/1.1" 500 - "-" "Mozilla/5.0 (compatible; DataForSeoBot/1.0; +https://dataforseo.com/dataforseo-bot)" "mantech8.com"
136.243.220.213 - - [06/Oct/2022:23:10:54 -0700] "GET /?camp-fire/13594409.html HTTP/1.1" 500 - "-" "Mozilla/5.0 (compatible; DataForSeoBot/1.0; +https://dataforseo.com/dataforseo-bot)" "mantech8.com"
136.243.220.213 - - [06/Oct/2022:23:10:58 -0700] "GET /?camp-fire/41161535.html HTTP/1.1" 500 - "-" "Mozilla/5.0 (compatible; DataForSeoBot/1.0; +https://dataforseo.com/dataforseo-bot)" "mantech8.com"
136.243.220.213 - - [06/Oct/2022:23:11:02 -0700] "GET /?camp-fire/16921287.html HTTP/1.1" 500 - "-" "Mozilla/5.0 (compatible; DataForSeoBot/1.0; +https://dataforseo.com/dataforseo-bot)" "mantech8.com"
136.243.220.213 - - [06/Oct/2022:23:11:06 -0700] "GET /?camp-fire/29225863.html HTTP/1.1" 500 - "-" "Mozilla/5.0 (compatible; DataForSeoBot/1.0; +https://dataforseo.com/dataforseo-bot)" "mantech8.com"
136.243.220.213 - - [06/Oct/2022:23:11:10 -0700] "GET /?camp-fire/37392038.html HTTP/1.1" 500 - "-" "Mozilla/5.0 (compatible; DataForSeoBot/1.0; +https://dataforseo.com/dataforseo-bot)" "mantech8.com"
136.243.220.213 - - [06/Oct/2022:23:11:14 -0700] "GET /?camp-fire/29426097.html HTTP/1.1" 500 - "-" "Mozilla/5.0 (compatible; DataForSeoBot/1.0; +https://dataforseo.com/dataforseo-bot)" "mantech8.com"
136.243.220.213 - - [06/Oct/2022:23:11:18 -0700] "GET /?camp-fire/37153025.html HTTP/1.1" 500 - "-" "Mozilla/5.0 (compatible; DataForSeoBot/1.0; +https://dataforseo.com/dataforseo-bot)" "mantech8.com"
136.243.220.213 - - [06/Oct/2022:23:11:22 -0700] "GET /?camp-fire/41162835.html HTTP/1.1" 500 - "-" "Mozilla/5.0 (compatible; DataForSeoBot/1.0; +https://dataforseo.com/dataforseo-bot)" "mantech8.com"
136.243.220.213 - - [06/Oct/2022:23:11:26 -0700] "GET /?camp-fire/44243434.html HTTP/1.1" 500 - "-" "Mozilla/5.0 (compatible; DataForSeoBot/1.0; +https://dataforseo.com/dataforseo-bot)" "mantech8.com"
136.243.220.213 - - [06/Oct/2022:23:11:30 -0700] "GET /?camp-fire/44186049.html HTTP/1.1" 500 - "-" "Mozilla/5.0 (compatible; DataForSeoBot/1.0; +https://dataforseo.com/dataforseo-bot)" "mantech8.com"
185.191.171.33 - - [06/Oct/2022:23:11:32 -0700] "GET /index.php/camp-fire/30068464.html HTTP/1.1" 500 - "-" "Mozilla/5.0 (compatible; SemrushBot/7~bl; +http://www.semrush.com/bot.html)" "mantech8.com"
136.243.220.213 - - [06/Oct/2022:23:11:34 -0700] "GET /?camp-fire/37391238.html HTTP/1.1" 500 - "-" "Mozilla/5.0 (compatible; DataForSeoBot/1.0; +https://dataforseo.com/dataforseo-bot)" "mantech8.com"
207.46.13.70 - - [06/Oct/2022:23:11:34 -0700] "GET /index.php/sitemap15899.xml HTTP/1.1" 200 289220 "-" "Mozilla/5.0 (compatible; bingbot/2.0; +http://www.bing.com/bingbot.htm)" "mantech8.com"
136.243.220.213 - - [06/Oct/2022:23:11:35 -0700] "GET /?camp-fire/9736821.html HTTP/1.1" 500 - "-" "Mozilla/5.0 (compatible; DataForSeoBot/1.0; +https://dataforseo.com/dataforseo-bot)" "mantech8.com"
136.243.220.213 - - [06/Oct/2022:23:11:39 -0700] "GET /?camp-fire/19489765.html HTTP/1.1" 500 - "-" "Mozilla/5.0 (compatible; DataForSeoBot/1.0; +https://dataforseo.com/dataforseo-bot)" "mantech8.com"
185.191.171.14 - - [06/Oct/2022:23:11:42 -0700] "GET /index.php/camp-fire/7917642.html HTTP/1.1" 500 - "-" "Mozilla/5.0 (compatible; SemrushBot/7~bl; +http://www.semrush.com/bot.html)" "mantech8.com"
136.243.220.213 - - [06/Oct/2022:23:11:43 -0700] "GET /?camp-fire/25728306.html HTTP/1.1" 500 - "-" "Mozilla/5.0 (compatible; DataForSeoBot/1.0; +https://dataforseo.com/dataforseo-bot)" "mantech8.com"
136.243.220.213 - - [06/Oct/2022:23:11:47 -0700] "GET /?camp-fire/42007976.html HTTP/1.1" 500 - "-" "Mozilla/5.0 (compatible; DataForSeoBot/1.0; +https://dataforseo.com/dataforseo-bot)" "mantech8.com"
136.243.220.213 - - [06/Oct/2022:23:11:47 -0700] "GET /?camp-fire/9910342.html HTTP/1.1" 500 - "-" "Mozilla/5.0 (compatible; DataForSeoBot/1.0; +https://dataforseo.com/dataforseo-bot)" "mantech8.com"
136.243.220.213 - - [06/Oct/2022:23:11:51 -0700] "GET /?camp-fire/18807726.html HTTP/1.1" 500 - "-" "Mozilla/5.0 (compatible; DataForSeoBot/1.0; +https://dataforseo.com/dataforseo-bot)" "mantech8.com"
136.243.220.213 - - [06/Oct/2022:23:11:55 -0700] "GET /?camp-fire/9909442.html HTTP/1.1" 500 - "-" "Mozilla/5.0 (compatible; DataForSeoBot/1.0; +https://dataforseo.com/dataforseo-bot)" "mantech8.com"
40.77.167.68 - - [06/Oct/2022:23:11:58 -0700] "GET /index.php/sitemap7213.xml HTTP/1.1" 200 289372 "-" "Mozilla/5.0 (compatible; bingbot/2.0; +http://www.bing.com/bingbot.htm)" "mantech8.com"
136.243.220.213 - - [06/Oct/2022:23:11:59 -0700] "GET /?camp-fire/34520760.html HTTP/1.1" 500 - "-" "Mozilla/5.0 (compatible; DataForSeoBot/1.0; +https://dataforseo.com/dataforseo-bot)" "mantech8.com"
207.46.13.184 - - [06/Oct/2022:23:12:02 -0700] "GET /?infuriates.xml HTTP/1.1" 200 270520 "-" "Mozilla/5.0 AppleWebKit/537.36 (KHTML, like Gecko; compatible; bingbot/2.0; +http://www.bing.com/bingbot.htm) Chrome/103.0.5060.134 Safari/537.36" "mantech8.com"
136.243.220.213 - - [06/Oct/2022:23:12:03 -0700] "GET /?camp-fire/35749359.html HTTP/1.1" 500 - "-" "Mozilla/5.0 (compatible; DataForSeoBot/1.0; +https://dataforseo.com/dataforseo-bot)" "mantech8.com"
207.46.13.184 - - [06/Oct/2022:23:12:03 -0700] "GET /index.php/megatheroid.xml HTTP/1.1" 200 289431 "-" "Mozilla/5.0 (compatible; bingbot/2.0; +http://www.bing.com/bingbot.htm)" "mantech8.com"
185.191.171.23 - - [06/Oct/2022:23:12:05 -0700] "GET /index.php/camp-fire/5432865.html HTTP/1.1" 500 - "-" "Mozilla/5.0 (compatible; SemrushBot/7~bl; +http://www.semrush.com/bot.html)" "mantech8.com"
136.243.220.213 - - [06/Oct/2022:23:12:07 -0700] "GET /?camp-fire/44243834.html HTTP/1.1" 500 - "-" "Mozilla/5.0 (compatible; DataForSeoBot/1.0; +https://dataforseo.com/dataforseo-bot)" "mantech8.com"
136.243.220.213 - - [06/Oct/2022:23:12:12 -0700] "GET /?camp-fire/6218665.html HTTP/1.1" 500 - "-" "Mozilla/5.0 (compatible; DataForSeoBot/1.0; +https://dataforseo.com/dataforseo-bot)" "mantech8.com"
136.243.220.213 - - [06/Oct/2022:23:12:15 -0700] "GET /?camp-fire/30551064.html HTTP/1.1" 500 - "-" "Mozilla/5.0 (compatible; DataForSeoBot/1.0; +https://dataforseo.com/dataforseo-bot)" "mantech8.com"
40.77.167.68 - - [06/Oct/2022:23:12:17 -0700] "GET /index.php/sitemap7163.xml HTTP/1.1" 200 289315 "-" "Mozilla/5.0 (compatible; bingbot/2.0; +http://www.bing.com/bingbot.htm)" "mantech8.com"
136.243.220.213 - - [06/Oct/2022:23:12:19 -0700] "GET /?camp-fire/18668165.html HTTP/1.1" 500 - "-" "Mozilla/5.0 (compatible; DataForSeoBot/1.0; +https://dataforseo.com/dataforseo-bot)" "mantech8.com"
40.77.167.58 - - [06/Oct/2022:23:12:21 -0700] "GET /sitemap2322.xml HTTP/1.1" 404 88 "-" "Mozilla/5.0 (compatible; bingbot/2.0; +http://www.bing.com/bingbot.htm)" "mantech8.com"
136.243.220.213 - - [06/Oct/2022:23:12:23 -0700] "GET /?camp-fire/12639257.html HTTP/1.1" 500 - "-" "Mozilla/5.0 (compatible; DataForSeoBot/1.0; +https://dataforseo.com/dataforseo-bot)" "mantech8.com"
136.243.220.213 - - [06/Oct/2022:23:12:28 -0700] "GET /?camp-fire/37152725.html HTTP/1.1" 500 - "-" "Mozilla/5.0 (compatible; DataForSeoBot/1.0; +https://dataforseo.com/dataforseo-bot)" "mantech8.com"
40.77.167.68 - - [06/Oct/2022:23:12:27 -0700] "GET /index.php/sitemap8144.xml HTTP/1.1" 200 289223 "-" "Mozilla/5.0 (compatible; bingbot/2.0; +http://www.bing.com/bingbot.htm)" "mantech8.com"
20.223.140.8 - - [06/Oct/2022:23:12:30 -0700] "GET / HTTP/1.1" 500 - "-" "Go-http-client/1.1" "mantech8.com"
20.223.140.8 - - [06/Oct/2022:23:12:30 -0700] "GET /wp-includes/css/buttons.css HTTP/1.1" 404 88 "-" "Go-http-client/1.1" "mantech8.com"
20.223.140.8 - - [06/Oct/2022:23:12:31 -0700] "GET /admin HTTP/1.1" 301 1403 "-" "Go-http-client/1.1" "mantech8.com"
136.243.220.213 - - [06/Oct/2022:23:12:31 -0700] "GET /?camp-fire/17278456.html HTTP/1.1" 500 - "-" "Mozilla/5.0 (compatible; DataForSeoBot/1.0; +https://dataforseo.com/dataforseo-bot)" "mantech8.com"
20.223.140.8 - - [06/Oct/2022:23:12:31 -0700] "GET /admin/ HTTP/1.1" 200 2940 "http://mantech8.com/admin" "Go-http-client/1.1" "mantech8.com"
207.46.13.63 - - [06/Oct/2022:23:12:32 -0700] "GET /index.php/sitemap11078.xml HTTP/1.1" 200 289183 "-" "Mozilla/5.0 (compatible; bingbot/2.0; +http://www.bing.com/bingbot.htm)" "mantech8.com"
185.191.171.26 - - [06/Oct/2022:23:12:33 -0700] "GET /index.php/camp-fire/37699493.html HTTP/1.1" 500 - "-" "Mozilla/5.0 (compatible; SemrushBot/7~bl; +http://www.semrush.com/bot.html)" "mantech8.com"
207.46.13.63 - - [06/Oct/2022:23:12:33 -0700] "GET /index.php/sitemap9219.xml HTTP/1.1" 200 289349 "-" "Mozilla/5.0 (compatible; bingbot/2.0; +http://www.bing.com/bingbot.htm)" "mantech8.com"
136.243.220.213 - - [06/Oct/2022:23:12:35 -0700] "GET /?camp-fire/37392738.html HTTP/1.1" 500 - "-" "Mozilla/5.0 (compatible; DataForSeoBot/1.0; +https://dataforseo.com/dataforseo-bot)" "mantech8.com"
185.191.171.13 - - [06/Oct/2022:23:12:35 -0700] "GET /index.php/camp-fire/31134755.html HTTP/1.1" 500 - "-" "Mozilla/5.0 (compatible; SemrushBot/7~bl; +http://www.semrush.com/bot.html)" "mantech8.com"
136.243.220.213 - - [06/Oct/2022:23:12:39 -0700] "GET /?camp-fire/19489565.html HTTP/1.1" 500 - "-" "Mozilla/5.0 (compatible; DataForSeoBot/1.0; +https://dataforseo.com/dataforseo-bot)" "mantech8.com"
136.243.220.213 - - [06/Oct/2022:23:12:43 -0700] "GET /?camp-fire/27166606.html HTTP/1.1" 500 - "-" "Mozilla/5.0 (compatible; DataForSeoBot/1.0; +https://dataforseo.com/dataforseo-bot)" "mantech8.com"
136.243.220.213 - - [06/Oct/2022:23:12:44 -0700] "GET /?camp-fire/14041476.html HTTP/1.1" 500 - "-" "Mozilla/5.0 (compatible; DataForSeoBot/1.0; +https://dataforseo.com/dataforseo-bot)" "mantech8.com"
136.243.220.213 - - [06/Oct/2022:23:12:45 -0700] "GET /?camp-fire/6903255.html HTTP/1.1" 500 - "-" "Mozilla/5.0 (compatible; DataForSeoBot/1.0; +https://dataforseo.com/dataforseo-bot)" "mantech8.com"
136.243.220.213 - - [06/Oct/2022:23:12:49 -0700] "GET /?camp-fire/6219465.html HTTP/1.1" 500 - "-" "Mozilla/5.0 (compatible; DataForSeoBot/1.0; +https://dataforseo.com/dataforseo-bot)" "mantech8.com"
136.243.220.213 - - [06/Oct/2022:23:12:51 -0700] "GET /?camp-fire/9751708.html HTTP/1.1" 500 - "-" "Mozilla/5.0 (compatible; DataForSeoBot/1.0; +https://dataforseo.com/dataforseo-bot)" "mantech8.com"
136.243.220.213 - - [06/Oct/2022:23:12:55 -0700] "GET /?camp-fire/17443465.html HTTP/1.1" 500 - "-" "Mozilla/5.0 (compatible; DataForSeoBot/1.0; +https://dataforseo.com/dataforseo-bot)" "mantech8.com"
136.243.220.213 - - [06/Oct/2022:23:12:59 -0700] "GET /?camp-fire/20124181.html HTTP/1.1" 500 - "-" "Mozilla/5.0 (compatible; DataForSeoBot/1.0; +https://dataforseo.com/dataforseo-bot)" "mantech8.com"
136.243.220.213 - - [06/Oct/2022:23:13:03 -0700] "GET /?camp-fire/37153325.html HTTP/1.1" 500 - "-" "Mozilla/5.0 (compatible; DataForSeoBot/1.0; +https://dataforseo.com/dataforseo-bot)" "mantech8.com"
136.243.220.213 - - [06/Oct/2022:23:13:07 -0700] "GET /?camp-fire/3369129.html HTTP/1.1" 500 - "-" "Mozilla/5.0 (compatible; DataForSeoBot/1.0; +https://dataforseo.com/dataforseo-bot)" "mantech8.com"
136.243.220.213 - - [06/Oct/2022:23:13:11 -0700] "GET /?camp-fire/28765247.html HTTP/1.1" 500 - "-" "Mozilla/5.0 (compatible; DataForSeoBot/1.0; +https://dataforseo.com/dataforseo-bot)" "mantech8.com"
136.243.220.213 - - [06/Oct/2022:23:13:15 -0700] "GET /?camp-fire/30093671.html HTTP/1.1" 500 - "-" "Mozilla/5.0 (compatible; DataForSeoBot/1.0; +https://dataforseo.com/dataforseo-bot)" "mantech8.com"
185.191.171.9 - - [06/Oct/2022:23:13:18 -0700] "GET /index.php/camp-fire/29112371.html HTTP/1.1" 500 - "-" "Mozilla/5.0 (compatible; SemrushBot/7~bl; +http://www.semrush.com/bot.html)" "mantech8.com"
40.77.167.68 - - [06/Oct/2022:23:13:18 -0700] "GET /index.php/sitemap410.xml HTTP/1.1" 200 289380 "-" "Mozilla/5.0 AppleWebKit/537.36 (KHTML, like Gecko; compatible; bingbot/2.0; +http://www.bing.com/bingbot.htm) Chrome/103.0.5060.134 Safari/537.36" "mantech8.com"
216.244.66.241 - - [06/Oct/2022:23:13:19 -0700] "GET /robots.txt HTTP/1.1" 200 222 "-" "Mozilla/5.0 (compatible; DotBot/1.2; +https://opensiteexplorer.org/dotbot; help@moz.com)" "mantech8.com"
216.244.66.241 - - [06/Oct/2022:23:13:19 -0700] "GET /robots.txt HTTP/1.1" 200 222 "-" "Mozilla/5.0 (compatible; DotBot/1.2; +https://opensiteexplorer.org/dotbot; help@moz.com)" "www.mantech8.com"
136.243.220.213 - - [06/Oct/2022:23:13:19 -0700] "GET /?camp-fire/23744817.html HTTP/1.1" 500 - "-" "Mozilla/5.0 (compatible; DataForSeoBot/1.0; +https://dataforseo.com/dataforseo-bot)" "mantech8.com"
136.243.220.213 - - [06/Oct/2022:23:13:20 -0700] "GET /?camp-fire/26659230.html HTTP/1.1" 500 - "-" "Mozilla/5.0 (compatible; DataForSeoBot/1.0; +https://dataforseo.com/dataforseo-bot)" "mantech8.com"
136.243.220.213 - - [06/Oct/2022:23:13:21 -0700] "GET /?camp-fire/28241782.html HTTP/1.1" 500 - "-" "Mozilla/5.0 (compatible; DataForSeoBot/1.0; +https://dataforseo.com/dataforseo-bot)" "mantech8.com"
136.243.220.213 - - [06/Oct/2022:23:13:25 -0700] "GET /?camp-fire/12640657.html HTTP/1.1" 500 - "-" "Mozilla/5.0 (compatible; DataForSeoBot/1.0; +https://dataforseo.com/dataforseo-bot)" "mantech8.com"
136.243.220.213 - - [06/Oct/2022:23:13:26 -0700] "GET /?camp-fire/42438650.html HTTP/1.1" 500 - "-" "Mozilla/5.0 (compatible; DataForSeoBot/1.0; +https://dataforseo.com/dataforseo-bot)" "mantech8.com"
136.243.220.213 - - [06/Oct/2022:23:13:30 -0700] "GET /?camp-fire/34665425.html HTTP/1.1" 500 - "-" "Mozilla/5.0 (compatible; DataForSeoBot/1.0; +https://dataforseo.com/dataforseo-bot)" "mantech8.com"
136.243.220.213 - - [06/Oct/2022:23:13:49 -0700] "GET /?camp-fire/21141532.html HTTP/1.1" 500 - "-" "Mozilla/5.0 (compatible; DataForSeoBot/1.0; +https://dataforseo.com/dataforseo-bot)" "mantech8.com"
136.243.220.213 - - [06/Oct/2022:23:13:54 -0700] "GET /?camp-fire/30093971.html HTTP/1.1" 500 - "-" "Mozilla/5.0 (compatible; DataForSeoBot/1.0; +https://dataforseo.com/dataforseo-bot)" "mantech8.com"
185.191.171.39 - - [06/Oct/2022:23:13:57 -0700] "GET /index.php/camp-fire/81149180.html HTTP/1.1" 500 - "-" "Mozilla/5.0 (compatible; SemrushBot/7~bl; +http://www.semrush.com/bot.html)" "mantech8.com"
136.243.220.213 - - [06/Oct/2022:23:13:57 -0700] "GET /?camp-fire/40951517.html HTTP/1.1" 500 - "-" "Mozilla/5.0 (compatible; DataForSeoBot/1.0; +https://dataforseo.com/dataforseo-bot)" "mantech8.com"
136.243.220.213 - - [06/Oct/2022:23:14:01 -0700] "GET /?camp-fire/39174678.html HTTP/1.1" 500 - "-" "Mozilla/5.0 (compatible; DataForSeoBot/1.0; +https://dataforseo.com/dataforseo-bot)" "mantech8.com"
136.243.220.213 - - [06/Oct/2022:23:14:05 -0700] "GET /?camp-fire/28242282.html HTTP/1.1" 500 - "-" "Mozilla/5.0 (compatible; DataForSeoBot/1.0; +https://dataforseo.com/dataforseo-bot)" "mantech8.com"
136.243.220.213 - - [06/Oct/2022:23:14:10 -0700] "GET /?camp-fire/28915021.html HTTP/1.1" 500 - "-" "Mozilla/5.0 (compatible; DataForSeoBot/1.0; +https://dataforseo.com/dataforseo-bot)" "mantech8.com"
136.243.220.213 - - [06/Oct/2022:23:14:13 -0700] "GET /?camp-fire/17571083.html HTTP/1.1" 500 - "-" "Mozilla/5.0 (compatible; DataForSeoBot/1.0; +https://dataforseo.com/dataforseo-bot)" "mantech8.com"
136.243.220.213 - - [06/Oct/2022:23:14:17 -0700] "GET /?camp-fire/5446200.html HTTP/1.1" 500 - "-" "Mozilla/5.0 (compatible; DataForSeoBot/1.0; +https://dataforseo.com/dataforseo-bot)" "mantech8.com"
136.243.220.213 - - [06/Oct/2022:23:14:21 -0700] "GET /?camp-fire/26068433.html HTTP/1.1" 500 - "-" "Mozilla/5.0 (compatible; DataForSeoBot/1.0; +https://dataforseo.com/dataforseo-bot)" "mantech8.com"
136.243.220.213 - - [06/Oct/2022:23:14:25 -0700] "GET /?camp-fire/19710280.html HTTP/1.1" 500 - "-" "Mozilla/5.0 (compatible; DataForSeoBot/1.0; +https://dataforseo.com/dataforseo-bot)" "mantech8.com"
136.243.220.213 - - [06/Oct/2022:23:14:29 -0700] "GET /?camp-fire/5382998.html HTTP/1.1" 500 - "-" "Mozilla/5.0 (compatible; DataForSeoBot/1.0; +https://dataforseo.com/dataforseo-bot)" "mantech8.com"
136.243.220.213 - - [06/Oct/2022:23:14:33 -0700] "GET /?camp-fire/29225763.html HTTP/1.1" 500 - "-" "Mozilla/5.0 (compatible; DataForSeoBot/1.0; +https://dataforseo.com/dataforseo-bot)" "mantech8.com"
136.243.220.213 - - [06/Oct/2022:23:14:38 -0700] "GET /?camp-fire/5994174.html HTTP/1.1" 500 - "-" "Mozilla/5.0 (compatible; DataForSeoBot/1.0; +https://dataforseo.com/dataforseo-bot)" "mantech8.com"
207.46.13.184 - - [06/Oct/2022:23:14:39 -0700] "GET /index.php/sitemap4595.xml HTTP/1.1" 200 289441 "-" "Mozilla/5.0 (compatible; bingbot/2.0; +http://www.bing.com/bingbot.htm)" "mantech8.com"
136.243.220.213 - - [06/Oct/2022:23:14:41 -0700] "GET /?camp-fire/30737289.html HTTP/1.1" 500 - "-" "Mozilla/5.0 (compatible; DataForSeoBot/1.0; +https://dataforseo.com/dataforseo-bot)" "mantech8.com"
136.243.220.213 - - [06/Oct/2022:23:14:46 -0700] "GET /?camp-fire/35748859.html HTTP/1.1" 500 - "-" "Mozilla/5.0 (compatible; DataForSeoBot/1.0; +https://dataforseo.com/dataforseo-bot)" "mantech8.com"
136.243.220.213 - - [06/Oct/2022:23:14:50 -0700] "GET /?camp-fire/5383798.html HTTP/1.1" 500 - "-" "Mozilla/5.0 (compatible; DataForSeoBot/1.0; +https://dataforseo.com/dataforseo-bot)" "mantech8.com"
136.243.220.213 - - [06/Oct/2022:23:14:55 -0700] "GET /?camp-fire/23744617.html HTTP/1.1" 500 - "-" "Mozilla/5.0 (compatible; DataForSeoBot/1.0; +https://dataforseo.com/dataforseo-bot)" "mantech8.com"
40.77.167.68 - - [06/Oct/2022:23:14:58 -0700] "GET /sitemap9173.xml HTTP/1.1" 404 88 "-" "Mozilla/5.0 AppleWebKit/537.36 (KHTML, like Gecko; compatible; bingbot/2.0; +http://www.bing.com/bingbot.htm) Chrome/103.0.5060.134 Safari/537.36" "mantech8.com"
136.243.220.213 - - [06/Oct/2022:23:14:58 -0700] "GET /?camp-fire/35798108.html HTTP/1.1" 500 - "-" "Mozilla/5.0 (compatible; DataForSeoBot/1.0; +https://dataforseo.com/dataforseo-bot)" "mantech8.com"
40.77.167.72 - - [06/Oct/2022:23:15:02 -0700] "GET /sitemap16852.xml HTTP/1.1" 404 88 "-" "Mozilla/5.0 (compatible; bingbot/2.0; +http://www.bing.com/bingbot.htm)" "mantech8.com"
136.243.220.213 - - [06/Oct/2022:23:15:02 -0700] "GET /?camp-fire/7419277.html HTTP/1.1" 500 - "-" "Mozilla/5.0 (compatible; DataForSeoBot/1.0; +https://dataforseo.com/dataforseo-bot)" "mantech8.com"
136.243.220.213 - - [06/Oct/2022:23:15:06 -0700] "GET /?camp-fire/26369250.html HTTP/1.1" 500 - "-" "Mozilla/5.0 (compatible; DataForSeoBot/1.0; +https://dataforseo.com/dataforseo-bot)" "mantech8.com"
136.243.220.213 - - [06/Oct/2022:23:15:11 -0700] "GET /?camp-fire/30954966.html HTTP/1.1" 500 - "-" "Mozilla/5.0 (compatible; DataForSeoBot/1.0; +https://dataforseo.com/dataforseo-bot)" "mantech8.com"
114.119.133.190 - - [06/Oct/2022:23:15:13 -0700] "GET /?sitemap4.xml HTTP/1.1" 200 270580 "-" "Mozilla/5.0 (compatible;PetalBot;+https://webmaster.petalsearch.com/site/petalbot)" "mantech8.com"
136.243.220.213 - - [06/Oct/2022:23:15:14 -0700] "GET /?camp-fire/28180651.html HTTP/1.1" 500 - "-" "Mozilla/5.0 (compatible; DataForSeoBot/1.0; +https://dataforseo.com/dataforseo-bot)" "mantech8.com"
136.243.220.213 - - [06/Oct/2022:23:15:18 -0700] "GET /?camp-fire/9387780.html HTTP/1.1" 500 - "-" "Mozilla/5.0 (compatible; DataForSeoBot/1.0; +https://dataforseo.com/dataforseo-bot)" "mantech8.com"
136.243.220.213 - - [06/Oct/2022:23:15:19 -0700] "GET /?camp-fire/30954366.html HTTP/1.1" 500 - "-" "Mozilla/5.0 (compatible; DataForSeoBot/1.0; +https://dataforseo.com/dataforseo-bot)" "mantech8.com"
136.243.220.213 - - [06/Oct/2022:23:15:23 -0700] "GET /?camp-fire/17628946.html HTTP/1.1" 500 - "-" "Mozilla/5.0 (compatible; DataForSeoBot/1.0; +https://dataforseo.com/dataforseo-bot)" "mantech8.com"
136.243.220.213 - - [06/Oct/2022:23:15:27 -0700] "GET /?camp-fire/26370450.html HTTP/1.1" 500 - "-" "Mozilla/5.0 (compatible; DataForSeoBot/1.0; +https://dataforseo.com/dataforseo-bot)" "mantech8.com"
40.77.167.68 - - [06/Oct/2022:23:15:28 -0700] "GET /index.php/sitemap10059.xml HTTP/1.1" 200 289426 "-" "Mozilla/5.0 (compatible; bingbot/2.0; +http://www.bing.com/bingbot.htm)" "mantech8.com"
136.243.220.213 - - [06/Oct/2022:23:15:29 -0700] "GET /?camp-fire/34623768.html HTTP/1.1" 500 - "-" "Mozilla/5.0 (compatible; DataForSeoBot/1.0; +https://dataforseo.com/dataforseo-bot)" "mantech8.com"
136.243.220.213 - - [06/Oct/2022:23:15:33 -0700] "GET /?camp-fire/9388080.html HTTP/1.1" 500 - "-" "Mozilla/5.0 (compatible; DataForSeoBot/1.0; +https://dataforseo.com/dataforseo-bot)" "mantech8.com"
136.243.220.213 - - [06/Oct/2022:23:15:37 -0700] "GET /?camp-fire/20123381.html HTTP/1.1" 500 - "-" "Mozilla/5.0 (compatible; DataForSeoBot/1.0; +https://dataforseo.com/dataforseo-bot)" "mantech8.com"
136.243.220.213 - - [06/Oct/2022:23:15:38 -0700] "GET /?camp-fire/40217872.html HTTP/1.1" 500 - "-" "Mozilla/5.0 (compatible; DataForSeoBot/1.0; +https://dataforseo.com/dataforseo-bot)" "mantech8.com"
40.77.167.68 - - [06/Oct/2022:23:15:39 -0700] "GET /sitemap20005.xml HTTP/1.1" 404 88 "-" "Mozilla/5.0 (compatible; bingbot/2.0; +http://www.bing.com/bingbot.htm)" "mantech8.com"
185.191.171.9 - - [06/Oct/2022:23:15:41 -0700] "GET /index.php/camp-fire/49585103.html HTTP/1.1" 500 - "-" "Mozilla/5.0 (compatible; SemrushBot/7~bl; +http://www.semrush.com/bot.html)" "mantech8.com"
136.243.220.213 - - [06/Oct/2022:23:15:42 -0700] "GET /?camp-fire/35749559.html HTTP/1.1" 500 - "-" "Mozilla/5.0 (compatible; DataForSeoBot/1.0; +https://dataforseo.com/dataforseo-bot)" "mantech8.com"
40.77.167.68 - - [06/Oct/2022:23:15:58 -0700] "GET /index.php/sitemap18553.xml HTTP/1.1" 200 289333 "-" "Mozilla/5.0 (compatible; bingbot/2.0; +http://www.bing.com/bingbot.htm)" "mantech8.com"
185.191.171.7 - - [06/Oct/2022:23:16:02 -0700] "GET /index.php/camp-fire/5978874.html HTTP/1.1" 500 - "-" "Mozilla/5.0 (compatible; SemrushBot/7~bl; +http://www.semrush.com/bot.html)" "mantech8.com"
207.46.13.63 - - [06/Oct/2022:23:16:02 -0700] "GET /index.php/sitemap5080.xml HTTP/1.1" 200 289282 "-" "Mozilla/5.0 AppleWebKit/537.36 (KHTML, like Gecko; compatible; bingbot/2.0; +http://www.bing.com/bingbot.htm) Chrome/103.0.5060.134 Safari/537.36" "mantech8.com"
136.243.220.213 - - [06/Oct/2022:23:16:17 -0700] "GET /?camp-fire/6319385.html HTTP/1.1" 500 - "-" "Mozilla/5.0 (compatible; DataForSeoBot/1.0; +https://dataforseo.com/dataforseo-bot)" "mantech8.com"
136.243.220.213 - - [06/Oct/2022:23:16:21 -0700] "GET /?camp-fire/30551164.html HTTP/1.1" 500 - "-" "Mozilla/5.0 (compatible; DataForSeoBot/1.0; +https://dataforseo.com/dataforseo-bot)" "mantech8.com"
136.243.220.213 - - [06/Oct/2022:23:16:25 -0700] "GET /?camp-fire/30094771.html HTTP/1.1" 500 - "-" "Mozilla/5.0 (compatible; DataForSeoBot/1.0; +https://dataforseo.com/dataforseo-bot)" "mantech8.com"
136.243.220.213 - - [06/Oct/2022:23:16:26 -0700] "GET /?camp-fire/44954834.html HTTP/1.1" 500 - "-" "Mozilla/5.0 (compatible; DataForSeoBot/1.0; +https://dataforseo.com/dataforseo-bot)" "mantech8.com"
185.191.171.3 - - [06/Oct/2022:23:16:30 -0700] "GET /index.php/camp-fire/40933835.html HTTP/1.1" 500 - "-" "Mozilla/5.0 (compatible; SemrushBot/7~bl; +http://www.semrush.com/bot.html)" "mantech8.com"
136.243.220.213 - - [06/Oct/2022:23:16:30 -0700] "GET /?camp-fire/39173778.html HTTP/1.1" 500 - "-" "Mozilla/5.0 (compatible; DataForSeoBot/1.0; +https://dataforseo.com/dataforseo-bot)" "mantech8.com"
40.77.167.72 - - [06/Oct/2022:23:16:31 -0700] "GET /index.php/sitemap2325.xml HTTP/1.1" 200 289271 "-" "Mozilla/5.0 (compatible; bingbot/2.0; +http://www.bing.com/bingbot.htm)" "mantech8.com"
136.243.220.213 - - [06/Oct/2022:23:16:34 -0700] "GET /?camp-fire/7418177.html HTTP/1.1" 500 - "-" "Mozilla/5.0 (compatible; DataForSeoBot/1.0; +https://dataforseo.com/dataforseo-bot)" "mantech8.com"
136.243.220.213 - - [06/Oct/2022:23:16:38 -0700] "GET /?camp-fire/28180851.html HTTP/1.1" 500 - "-" "Mozilla/5.0 (compatible; DataForSeoBot/1.0; +https://dataforseo.com/dataforseo-bot)" "mantech8.com"
136.243.220.213 - - [06/Oct/2022:23:16:42 -0700] "GET /?camp-fire/40959392.html HTTP/1.1" 500 - "-" "Mozilla/5.0 (compatible; DataForSeoBot/1.0; +https://dataforseo.com/dataforseo-bot)" "mantech8.com"
136.243.220.213 - - [06/Oct/2022:23:16:47 -0700] "GET /?camp-fire/16955772.html HTTP/1.1" 500 - "-" "Mozilla/5.0 (compatible; DataForSeoBot/1.0; +https://dataforseo.com/dataforseo-bot)" "mantech8.com"
136.243.220.213 - - [06/Oct/2022:23:16:50 -0700] "GET /?camp-fire/16631024.html HTTP/1.1" 500 - "-" "Mozilla/5.0 (compatible; DataForSeoBot/1.0; +https://dataforseo.com/dataforseo-bot)" "mantech8.com"
185.191.171.24 - - [06/Oct/2022:23:16:51 -0700] "GET /index.php/camp-fire/30315451.html HTTP/1.1" 500 - "-" "Mozilla/5.0 (compatible; SemrushBot/7~bl; +http://www.semrush.com/bot.html)" "mantech8.com"
207.46.13.63 - - [06/Oct/2022:23:16:52 -0700] "GET /index.php/sitemap17498.xml HTTP/1.1" 200 289133 "-" "Mozilla/5.0 AppleWebKit/537.36 (KHTML, like Gecko; compatible; bingbot/2.0; +http://www.bing.com/bingbot.htm) Chrome/103.0.5060.134 Safari/537.36" "mantech8.com"
136.243.220.213 - - [06/Oct/2022:23:16:54 -0700] "GET /?camp-fire/37834238.html HTTP/1.1" 500 - "-" "Mozilla/5.0 (compatible; DataForSeoBot/1.0; +https://dataforseo.com/dataforseo-bot)" "mantech8.com"
185.191.171.23 - - [06/Oct/2022:23:16:55 -0700] "GET /index.php/camp-fire/48770178.html HTTP/1.1" 500 - "-" "Mozilla/5.0 (compatible; SemrushBot/7~bl; +http://www.semrush.com/bot.html)" "mantech8.com"
136.243.220.213 - - [06/Oct/2022:23:16:58 -0700] "GET /?camp-fire/28765347.html HTTP/1.1" 500 - "-" "Mozilla/5.0 (compatible; DataForSeoBot/1.0; +https://dataforseo.com/dataforseo-bot)" "mantech8.com"
136.243.220.213 - - [06/Oct/2022:23:16:59 -0700] "GET /?camp-fire/34013930.html HTTP/1.1" 500 - "-" "Mozilla/5.0 (compatible; DataForSeoBot/1.0; +https://dataforseo.com/dataforseo-bot)" "mantech8.com"
136.243.220.213 - - [06/Oct/2022:23:17:00 -0700] "GET /?camp-fire/17628346.html HTTP/1.1" 500 - "-" "Mozilla/5.0 (compatible; DataForSeoBot/1.0; +https://dataforseo.com/dataforseo-bot)" "mantech8.com"
185.191.171.7 - - [06/Oct/2022:23:17:03 -0700] "GET /index.php/camp-fire/29083066.html HTTP/1.1" 500 - "-" "Mozilla/5.0 (compatible; SemrushBot/7~bl; +http://www.semrush.com/bot.html)" "mantech8.com"
136.243.220.213 - - [06/Oct/2022:23:17:04 -0700] "GET /?camp-fire/3924251.html HTTP/1.1" 500 - "-" "Mozilla/5.0 (compatible; DataForSeoBot/1.0; +https://dataforseo.com/dataforseo-bot)" "mantech8.com"
136.243.220.213 - - [06/Oct/2022:23:17:05 -0700] "GET /?camp-fire/17569983.html HTTP/1.1" 500 - "-" "Mozilla/5.0 (compatible; DataForSeoBot/1.0; +https://dataforseo.com/dataforseo-bot)" "mantech8.com"
136.243.220.213 - - [06/Oct/2022:23:17:10 -0700] "GET /?camp-fire/17443965.html HTTP/1.1" 500 - "-" "Mozilla/5.0 (compatible; DataForSeoBot/1.0; +https://dataforseo.com/dataforseo-bot)" "mantech8.com"
136.243.220.213 - - [06/Oct/2022:23:17:13 -0700] "GET /?camp-fire/10253978.html HTTP/1.1" 500 - "-" "Mozilla/5.0 (compatible; DataForSeoBot/1.0; +https://dataforseo.com/dataforseo-bot)" "mantech8.com"
136.243.220.213 - - [06/Oct/2022:23:17:17 -0700] "GET /?camp-fire/34521060.html HTTP/1.1" 500 - "-" "Mozilla/5.0 (compatible; DataForSeoBot/1.0; +https://dataforseo.com/dataforseo-bot)" "mantech8.com"
40.77.167.68 - - [06/Oct/2022:23:17:18 -0700] "GET /index.php/sitemap15285.xml HTTP/1.1" 200 289409 "-" "Mozilla/5.0 (compatible; bingbot/2.0; +http://www.bing.com/bingbot.htm)" "mantech8.com"
136.243.220.213 - - [06/Oct/2022:23:17:21 -0700] "GET /?camp-fire/32768455.html HTTP/1.1" 500 - "-" "Mozilla/5.0 (compatible; DataForSeoBot/1.0; +https://dataforseo.com/dataforseo-bot)" "mantech8.com"
40.77.167.72 - - [06/Oct/2022:23:17:22 -0700] "GET /bimages/gallery/thump/paint%20b3.jpg HTTP/1.1" 200 148747 "-" "Mozilla/5.0 (compatible; bingbot/2.0; +http://www.bing.com/bingbot.htm)" "mantech8.com"
40.77.167.72 - - [06/Oct/2022:23:17:23 -0700] "GET /sitemap3723.xml HTTP/1.1" 404 88 "-" "Mozilla/5.0 (compatible; bingbot/2.0; +http://www.bing.com/bingbot.htm)" "mantech8.com"
136.243.220.213 - - [06/Oct/2022:23:17:25 -0700] "GET /?camp-fire/11811283.html HTTP/1.1" 500 - "-" "Mozilla/5.0 (compatible; DataForSeoBot/1.0; +https://dataforseo.com/dataforseo-bot)" "mantech8.com"
136.243.220.213 - - [06/Oct/2022:23:17:29 -0700] "GET /?camp-fire/35217016.html HTTP/1.1" 500 - "-" "Mozilla/5.0 (compatible; DataForSeoBot/1.0; +https://dataforseo.com/dataforseo-bot)" "mantech8.com"
40.77.167.72 - - [06/Oct/2022:23:17:31 -0700] "GET /camp-fire/22509928.html HTTP/1.1" 404 88 "-" "Mozilla/5.0 (compatible; bingbot/2.0; +http://www.bing.com/bingbot.htm)" "mantech8.com"
136.243.220.213 - - [06/Oct/2022:23:17:33 -0700] "GET /?camp-fire/30370935.html HTTP/1.1" 500 - "-" "Mozilla/5.0 (compatible; DataForSeoBot/1.0; +https://dataforseo.com/dataforseo-bot)" "mantech8.com"
136.243.220.213 - - [06/Oct/2022:23:17:35 -0700] "GET /?camp-fire/29709171.html HTTP/1.1" 500 - "-" "Mozilla/5.0 (compatible; DataForSeoBot/1.0; +https://dataforseo.com/dataforseo-bot)" "mantech8.com"
40.77.167.68 - - [06/Oct/2022:23:17:38 -0700] "GET /sitemap1837.xml HTTP/1.1" 404 88 "-" "Mozilla/5.0 (compatible; bingbot/2.0; +http://www.bing.com/bingbot.htm)" "mantech8.com"
136.243.220.213 - - [06/Oct/2022:23:17:39 -0700] "GET /?camp-fire/43918103.html HTTP/1.1" 500 - "-" "Mozilla/5.0 (compatible; DataForSeoBot/1.0; +https://dataforseo.com/dataforseo-bot)" "mantech8.com"
136.243.220.213 - - [06/Oct/2022:23:17:43 -0700] "GET /?camp-fire/42438250.html HTTP/1.1" 500 - "-" "Mozilla/5.0 (compatible; DataForSeoBot/1.0; +https://dataforseo.com/dataforseo-bot)" "mantech8.com"
136.243.220.213 - - [06/Oct/2022:23:17:44 -0700] "GET /?camp-fire/12639657.html HTTP/1.1" 500 - "-" "Mozilla/5.0 (compatible; DataForSeoBot/1.0; +https://dataforseo.com/dataforseo-bot)" "mantech8.com"
136.243.220.213 - - [06/Oct/2022:23:17:49 -0700] "GET /?camp-fire/9736621.html HTTP/1.1" 500 - "-" "Mozilla/5.0 (compatible; DataForSeoBot/1.0; +https://dataforseo.com/dataforseo-bot)" "mantech8.com"
136.243.220.213 - - [06/Oct/2022:23:17:52 -0700] "GET /?camp-fire/2398798.html HTTP/1.1" 500 - "-" "Mozilla/5.0 (compatible; DataForSeoBot/1.0; +https://dataforseo.com/dataforseo-bot)" "mantech8.com"
136.243.220.213 - - [06/Oct/2022:23:17:56 -0700] "GET /?camp-fire/29426597.html HTTP/1.1" 500 - "-" "Mozilla/5.0 (compatible; DataForSeoBot/1.0; +https://dataforseo.com/dataforseo-bot)" "mantech8.com"
136.243.220.213 - - [06/Oct/2022:23:18:01 -0700] "GET /?camp-fire/3519153.html HTTP/1.1" 500 - "-" "Mozilla/5.0 (compatible; DataForSeoBot/1.0; +https://dataforseo.com/dataforseo-bot)" "mantech8.com"
185.191.171.12 - - [06/Oct/2022:23:18:03 -0700] "GET /index.php/camp-fire/90568926.html HTTP/1.1" 500 - "-" "Mozilla/5.0 (compatible; SemrushBot/7~bl; +http://www.semrush.com/bot.html)" "mantech8.com"
136.243.220.213 - - [06/Oct/2022:23:18:04 -0700] "GET /?camp-fire/29710471.html HTTP/1.1" 500 - "-" "Mozilla/5.0 (compatible; DataForSeoBot/1.0; +https://dataforseo.com/dataforseo-bot)" "mantech8.com"
136.243.220.213 - - [06/Oct/2022:23:18:08 -0700] "GET /?camp-fire/41161335.html HTTP/1.1" 500 - "-" "Mozilla/5.0 (compatible; DataForSeoBot/1.0; +https://dataforseo.com/dataforseo-bot)" "mantech8.com"
136.243.220.213 - - [06/Oct/2022:23:18:10 -0700] "GET /?camp-fire/28766047.html HTTP/1.1" 500 - "-" "Mozilla/5.0 (compatible; DataForSeoBot/1.0; +https://dataforseo.com/dataforseo-bot)" "mantech8.com"
136.243.220.213 - - [06/Oct/2022:23:18:14 -0700] "GET /?camp-fire/7419177.html HTTP/1.1" 500 - "-" "Mozilla/5.0 (compatible; DataForSeoBot/1.0; +https://dataforseo.com/dataforseo-bot)" "mantech8.com"
185.191.171.25 - - [06/Oct/2022:23:18:16 -0700] "GET /index.php/camp-fire/5340398.html HTTP/1.1" 500 - "-" "Mozilla/5.0 (compatible; SemrushBot/7~bl; +http://www.semrush.com/bot.html)" "mantech8.com"
136.243.220.213 - - [06/Oct/2022:23:18:18 -0700] "GET /?camp-fire/10253078.html HTTP/1.1" 500 - "-" "Mozilla/5.0 (compatible; DataForSeoBot/1.0; +https://dataforseo.com/dataforseo-bot)" "mantech8.com"
40.77.167.58 - - [06/Oct/2022:23:18:19 -0700] "GET /index.php/sitemap15989.xml HTTP/1.1" 200 289441 "-" "Mozilla/5.0 (compatible; bingbot/2.0; +http://www.bing.com/bingbot.htm)" "mantech8.com"
136.243.220.213 - - [06/Oct/2022:23:18:22 -0700] "GET /?camp-fire/9751608.html HTTP/1.1" 500 - "-" "Mozilla/5.0 (compatible; DataForSeoBot/1.0; +https://dataforseo.com/dataforseo-bot)" "mantech8.com"
185.191.171.3 - - [06/Oct/2022:23:18:23 -0700] "GET /index.php/camp-fire/9717198.html HTTP/1.1" 500 - "-" "Mozilla/5.0 (compatible; SemrushBot/7~bl; +http://www.semrush.com/bot.html)" "mantech8.com"
136.243.220.213 - - [06/Oct/2022:23:18:26 -0700] "GET /?camp-fire/29426397.html HTTP/1.1" 500 - "-" "Mozilla/5.0 (compatible; DataForSeoBot/1.0; +https://dataforseo.com/dataforseo-bot)" "mantech8.com"
136.243.220.213 - - [06/Oct/2022:23:18:30 -0700] "GET /?camp-fire/29589466.html HTTP/1.1" 500 - "-" "Mozilla/5.0 (compatible; DataForSeoBot/1.0; +https://dataforseo.com/dataforseo-bot)" "mantech8.com"
207.46.13.63 - - [06/Oct/2022:23:18:33 -0700] "GET /index.php/sitemap19671.xml HTTP/1.1" 200 289353 "-" "Mozilla/5.0 (compatible; bingbot/2.0; +http://www.bing.com/bingbot.htm)" "mantech8.com"
136.243.220.213 - - [06/Oct/2022:23:18:34 -0700] "GET /?camp-fire/16955572.html HTTP/1.1" 500 - "-" "Mozilla/5.0 (compatible; DataForSeoBot/1.0; +https://dataforseo.com/dataforseo-bot)" "mantech8.com"
207.46.13.63 - - [06/Oct/2022:23:18:34 -0700] "GET /index.php/sitemap20969.xml HTTP/1.1" 200 289385 "-" "Mozilla/5.0 (compatible; bingbot/2.0; +http://www.bing.com/bingbot.htm)" "mantech8.com"
207.46.13.70 - - [06/Oct/2022:23:18:37 -0700] "GET /sitemap6480.xml HTTP/1.1" 404 88 "-" "Mozilla/5.0 (compatible; bingbot/2.0; +http://www.bing.com/bingbot.htm)" "mantech8.com"
136.243.220.213 - - [06/Oct/2022:23:18:38 -0700] "GET /?camp-fire/40263503.html HTTP/1.1" 500 - "-" "Mozilla/5.0 (compatible; DataForSeoBot/1.0; +https://dataforseo.com/dataforseo-bot)" "mantech8.com"
136.243.220.213 - - [06/Oct/2022:23:18:42 -0700] "GET /?camp-fire/28045276.html HTTP/1.1" 500 - "-" "Mozilla/5.0 (compatible; DataForSeoBot/1.0; +https://dataforseo.com/dataforseo-bot)" "mantech8.com"
136.243.220.213 - - [06/Oct/2022:23:18:46 -0700] "GET /?camp-fire/35216916.html HTTP/1.1" 500 - "-" "Mozilla/5.0 (compatible; DataForSeoBot/1.0; +https://dataforseo.com/dataforseo-bot)" "mantech8.com"
136.243.220.213 - - [06/Oct/2022:23:18:49 -0700] "GET /?camp-fire/29709671.html HTTP/1.1" 500 - "-" "Mozilla/5.0 (compatible; DataForSeoBot/1.0; +https://dataforseo.com/dataforseo-bot)" "mantech8.com"
136.243.220.213 - - [06/Oct/2022:23:18:53 -0700] "GET /?camp-fire/30022059.html HTTP/1.1" 500 - "-" "Mozilla/5.0 (compatible; DataForSeoBot/1.0; +https://dataforseo.com/dataforseo-bot)" "mantech8.com"
136.243.220.213 - - [06/Oct/2022:23:18:57 -0700] "GET /?camp-fire/28915221.html HTTP/1.1" 500 - "-" "Mozilla/5.0 (compatible; DataForSeoBot/1.0; +https://dataforseo.com/dataforseo-bot)" "mantech8.com"
40.77.167.68 - - [06/Oct/2022:23:18:59 -0700] "GET /sitemap20644.xml HTTP/1.1" 404 88 "-" "Mozilla/5.0 AppleWebKit/537.36 (KHTML, like Gecko; compatible; bingbot/2.0; +http://www.bing.com/bingbot.htm) Chrome/103.0.5060.134 Safari/537.36" "mantech8.com"
136.243.220.213 - - [06/Oct/2022:23:19:01 -0700] "GET /?camp-fire/42879034.html HTTP/1.1" 500 - "-" "Mozilla/5.0 (compatible; DataForSeoBot/1.0; +https://dataforseo.com/dataforseo-bot)" "mantech8.com"
136.243.220.213 - - [06/Oct/2022:23:19:02 -0700] "GET /?camp-fire/3488990.html HTTP/1.1" 500 - "-" "Mozilla/5.0 (compatible; DataForSeoBot/1.0; +https://dataforseo.com/dataforseo-bot)" "mantech8.com"
136.243.220.213 - - [06/Oct/2022:23:19:07 -0700] "GET /?camp-fire/28416209.html HTTP/1.1" 500 - "-" "Mozilla/5.0 (compatible; DataForSeoBot/1.0; +https://dataforseo.com/dataforseo-bot)" "mantech8.com"
136.243.220.213 - - [06/Oct/2022:23:19:10 -0700] "GET /?camp-fire/5994074.html HTTP/1.1" 500 - "-" "Mozilla/5.0 (compatible; DataForSeoBot/1.0; +https://dataforseo.com/dataforseo-bot)" "mantech8.com"
136.243.220.213 - - [06/Oct/2022:23:19:14 -0700] "GET /?camp-fire/4628674.html HTTP/1.1" 500 - "-" "Mozilla/5.0 (compatible; DataForSeoBot/1.0; +https://dataforseo.com/dataforseo-bot)" "mantech8.com"
136.243.220.213 - - [06/Oct/2022:23:19:18 -0700] "GET /?camp-fire/30094871.html HTTP/1.1" 500 - "-" "Mozilla/5.0 (compatible; DataForSeoBot/1.0; +https://dataforseo.com/dataforseo-bot)" "mantech8.com"
185.191.171.9 - - [06/Oct/2022:23:19:18 -0700] "GET /index.php/camp-fire/31111776.html HTTP/1.1" 500 - "-" "Mozilla/5.0 (compatible; SemrushBot/7~bl; +http://www.semrush.com/bot.html)" "mantech8.com"
40.77.167.58 - - [06/Oct/2022:23:19:19 -0700] "GET /sitemap19315.xml HTTP/1.1" 404 88 "-" "Mozilla/5.0 (compatible; bingbot/2.0; +http://www.bing.com/bingbot.htm)" "mantech8.com"
