185.191.171.19 - - [04/Oct/2022:01:07:21 -0700] "GET /?camp-fire%2F77987330.html HTTP/1.1" 500 - "-" "Mozilla/5.0 (compatible; SemrushBot/7~bl; +http://www.semrush.com/bot.html)" "mantech8.com"
207.46.13.63 - - [04/Oct/2022:01:07:49 -0700] "GET /pll9E-d9aea-YhFG.Ii HTTP/1.1" 404 88 "-" "Mozilla/5.0 (compatible; bingbot/2.0; +http://www.bing.com/bingbot.htm)" "mantech8.com"
207.46.13.63 - - [04/Oct/2022:01:07:49 -0700] "GET /?camp-fire/55228382.html HTTP/1.1" 200 3 "-" "Mozilla/5.0 (compatible; bingbot/2.0; +http://www.bing.com/bingbot.htm)" "mantech8.com"
185.191.171.24 - - [04/Oct/2022:01:07:58 -0700] "GET /?camp-fire%2F5313677.html HTTP/1.1" 500 - "-" "Mozilla/5.0 (compatible; SemrushBot/7~bl; +http://www.semrush.com/bot.html)" "mantech8.com"
207.46.13.184 - - [04/Oct/2022:01:08:01 -0700] "GET /OjBtP-c4f8ddafaa-APS.Ii HTTP/1.1" 404 88 "-" "Mozilla/5.0 (compatible; bingbot/2.0; +http://www.bing.com/bingbot.htm)" "mantech8.com"
40.77.167.68 - - [04/Oct/2022:01:08:08 -0700] "GET /iSBYs-bbfdd-Pstd.Ii HTTP/1.1" 404 88 "-" "Mozilla/5.0 (compatible; bingbot/2.0; +http://www.bing.com/bingbot.htm)" "mantech8.com"
207.46.13.63 - - [04/Oct/2022:01:08:12 -0700] "GET /DoOb1-0cdbaebf-F2si.Ii HTTP/1.1" 404 88 "-" "Mozilla/5.0 (compatible; bingbot/2.0; +http://www.bing.com/bingbot.htm)" "mantech8.com"
185.191.171.22 - - [04/Oct/2022:01:08:28 -0700] "GET /?camp-fire%2F28850171.html HTTP/1.1" 500 - "-" "Mozilla/5.0 (compatible; SemrushBot/7~bl; +http://www.semrush.com/bot.html)" "mantech8.com"
110.34.180.68 - - [04/Oct/2022:01:08:42 -0700] "GET /index.php?link_content=l2022 HTTP/1.1" 200 183 "-" "Mozilla/5.0 (compatible; MSIE 9.0; Windows NT 6.1; WOW64; Trident/5.0)" "mantech8.com"
114.119.133.182 - - [04/Oct/2022:01:09:04 -0700] "GET /bimages/scafg/thump/?C=M%3BO%3DA HTTP/1.1" 200 535 "http://www.mantech8.com/bimages/scafg/thump/" "Mozilla/5.0 (Linux; Android 7.0;) AppleWebKit/537.36 (KHTML, like Gecko) Mobile Safari/537.36 (compatible; PetalBot;+https://webmaster.petalsearch.com/site/petalbot)" "www.mantech8.com"
185.191.171.8 - - [04/Oct/2022:01:09:12 -0700] "GET /?camp-fire%2F7326369.html HTTP/1.1" 500 - "-" "Mozilla/5.0 (compatible; SemrushBot/7~bl; +http://www.semrush.com/bot.html)" "mantech8.com"
185.191.171.22 - - [04/Oct/2022:01:09:17 -0700] "GET /?camp-fire%2F42351271.html HTTP/1.1" 500 - "-" "Mozilla/5.0 (compatible; SemrushBot/7~bl; +http://www.semrush.com/bot.html)" "mantech8.com"
13.66.139.19 - - [04/Oct/2022:01:09:21 -0700] "GET /index.php/vISRq-e2fef-GVdr.Ii HTTP/1.1" 200 3 "-" "Mozilla/5.0 (compatible; bingbot/2.0; +http://www.bing.com/bingbot.htm)" "mantech8.com"
185.191.171.34 - - [04/Oct/2022:01:09:27 -0700] "GET /?camp-fire%2F28048270.html HTTP/1.1" 500 - "-" "Mozilla/5.0 (compatible; SemrushBot/7~bl; +http://www.semrush.com/bot.html)" "mantech8.com"
185.191.171.22 - - [04/Oct/2022:01:09:28 -0700] "GET /?camp-fire%2F38564203.html HTTP/1.1" 500 - "-" "Mozilla/5.0 (compatible; SemrushBot/7~bl; +http://www.semrush.com/bot.html)" "mantech8.com"
185.191.171.13 - - [04/Oct/2022:01:09:45 -0700] "GET /?camp-fire%2F26505335.html HTTP/1.1" 500 - "-" "Mozilla/5.0 (compatible; SemrushBot/7~bl; +http://www.semrush.com/bot.html)" "mantech8.com"
185.191.171.26 - - [04/Oct/2022:01:10:14 -0700] "GET /robots.txt HTTP/1.1" 200 106 "-" "Mozilla/5.0 (compatible; SemrushBot/7~bl; +http://www.semrush.com/bot.html)" "www.mantech8.com"
185.191.171.9 - - [04/Oct/2022:01:10:14 -0700] "GET /bimages/elect/ HTTP/1.1" 200 417 "-" "Mozilla/5.0 (compatible; SemrushBot/7~bl; +http://www.semrush.com/bot.html)" "www.mantech8.com"
185.191.171.42 - - [04/Oct/2022:01:10:26 -0700] "GET /?camp-fire%2F33102116.html HTTP/1.1" 500 - "-" "Mozilla/5.0 (compatible; SemrushBot/7~bl; +http://www.semrush.com/bot.html)" "mantech8.com"
185.191.171.6 - - [04/Oct/2022:01:10:29 -0700] "GET /?camp-fire%2F16624365.html HTTP/1.1" 500 - "-" "Mozilla/5.0 (compatible; SemrushBot/7~bl; +http://www.semrush.com/bot.html)" "mantech8.com"
185.191.171.14 - - [04/Oct/2022:01:10:34 -0700] "GET /?camp-fire%2F10053100.html HTTP/1.1" 500 - "-" "Mozilla/5.0 (compatible; SemrushBot/7~bl; +http://www.semrush.com/bot.html)" "mantech8.com"
207.46.13.70 - - [04/Oct/2022:01:12:48 -0700] "GET /camp-fire/71138325.html HTTP/1.1" 404 88 "-" "Mozilla/5.0 (compatible; bingbot/2.0; +http://www.bing.com/bingbot.htm)" "mantech8.com"
185.191.171.7 - - [04/Oct/2022:01:13:18 -0700] "GET /index.php/camp-fire/32502960.html HTTP/1.1" 500 - "-" "Mozilla/5.0 (compatible; SemrushBot/7~bl; +http://www.semrush.com/bot.html)" "mantech8.com"
185.191.171.6 - - [04/Oct/2022:01:13:56 -0700] "GET /?camp-fire%2F31987130.html HTTP/1.1" 500 - "-" "Mozilla/5.0 (compatible; SemrushBot/7~bl; +http://www.semrush.com/bot.html)" "mantech8.com"
185.191.171.26 - - [04/Oct/2022:01:14:26 -0700] "GET /?camp-fire%2F77970380.html HTTP/1.1" 500 - "-" "Mozilla/5.0 (compatible; SemrushBot/7~bl; +http://www.semrush.com/bot.html)" "mantech8.com"
114.119.133.182 - - [04/Oct/2022:01:14:59 -0700] "GET /bimages/paintg/thump/?C=S%3BO%3DA HTTP/1.1" 200 483 "http://www.mantech8.com/bimages/paintg/thump/?C=D%3BO%3DA" "Mozilla/5.0 (Linux; Android 7.0;) AppleWebKit/537.36 (KHTML, like Gecko) Mobile Safari/537.36 (compatible; PetalBot;+https://webmaster.petalsearch.com/site/petalbot)" "www.mantech8.com"
185.191.171.42 - - [04/Oct/2022:01:15:11 -0700] "GET /?camp-fire%2F27321497.html HTTP/1.1" 500 - "-" "Mozilla/5.0 (compatible; SemrushBot/7~bl; +http://www.semrush.com/bot.html)" "mantech8.com"
185.191.171.8 - - [04/Oct/2022:01:15:51 -0700] "GET /?camp-fire%2F16674746.html HTTP/1.1" 500 - "-" "Mozilla/5.0 (compatible; SemrushBot/7~bl; +http://www.semrush.com/bot.html)" "mantech8.com"
185.191.171.12 - - [04/Oct/2022:01:16:09 -0700] "GET /?camp-fire%2F34780693.html HTTP/1.1" 500 - "-" "Mozilla/5.0 (compatible; SemrushBot/7~bl; +http://www.semrush.com/bot.html)" "mantech8.com"
185.191.171.13 - - [04/Oct/2022:01:16:26 -0700] "GET /?camp-fire%2F28313935.html HTTP/1.1" 500 - "-" "Mozilla/5.0 (compatible; SemrushBot/7~bl; +http://www.semrush.com/bot.html)" "mantech8.com"
185.191.171.18 - - [04/Oct/2022:01:16:48 -0700] "GET /?camp-fire%2F5097798.html HTTP/1.1" 500 - "-" "Mozilla/5.0 (compatible; SemrushBot/7~bl; +http://www.semrush.com/bot.html)" "mantech8.com"
185.191.171.39 - - [04/Oct/2022:01:17:40 -0700] "GET /?camp-fire%2F8562921.html HTTP/1.1" 500 - "-" "Mozilla/5.0 (compatible; SemrushBot/7~bl; +http://www.semrush.com/bot.html)" "mantech8.com"
185.191.171.11 - - [04/Oct/2022:01:17:52 -0700] "GET /?camp-fire%2F28834066.html HTTP/1.1" 500 - "-" "Mozilla/5.0 (compatible; SemrushBot/7~bl; +http://www.semrush.com/bot.html)" "mantech8.com"
185.191.171.20 - - [04/Oct/2022:01:17:58 -0700] "GET /?camp-fire%2F3388300.html HTTP/1.1" 500 - "-" "Mozilla/5.0 (compatible; SemrushBot/7~bl; +http://www.semrush.com/bot.html)" "mantech8.com"
185.191.171.7 - - [04/Oct/2022:01:18:21 -0700] "GET /?camp-fire%2F71961400.html HTTP/1.1" 500 - "-" "Mozilla/5.0 (compatible; SemrushBot/7~bl; +http://www.semrush.com/bot.html)" "mantech8.com"
185.191.171.3 - - [04/Oct/2022:01:18:28 -0700] "GET /?camp-fire%2F40155688.html HTTP/1.1" 500 - "-" "Mozilla/5.0 (compatible; SemrushBot/7~bl; +http://www.semrush.com/bot.html)" "mantech8.com"
185.191.171.15 - - [04/Oct/2022:01:18:30 -0700] "GET /?camp-fire%2F79015388.html HTTP/1.1" 500 - "-" "Mozilla/5.0 (compatible; SemrushBot/7~bl; +http://www.semrush.com/bot.html)" "mantech8.com"
185.191.171.24 - - [04/Oct/2022:01:18:36 -0700] "GET /?camp-fire%2F1780600.html HTTP/1.1" 500 - "-" "Mozilla/5.0 (compatible; SemrushBot/7~bl; +http://www.semrush.com/bot.html)" "mantech8.com"
216.244.66.241 - - [04/Oct/2022:01:19:03 -0700] "GET /robots.txt HTTP/1.1" 200 222 "-" "Mozilla/5.0 (compatible; DotBot/1.2; +https://opensiteexplorer.org/dotbot; help@moz.com)" "mantech8.com"
216.244.66.241 - - [04/Oct/2022:01:19:03 -0700] "GET /robots.txt HTTP/1.1" 200 222 "-" "Mozilla/5.0 (compatible; DotBot/1.2; +https://opensiteexplorer.org/dotbot; help@moz.com)" "www.mantech8.com"
185.191.171.7 - - [04/Oct/2022:01:19:18 -0700] "GET /?camp-fire%2F24959730.html HTTP/1.1" 500 - "-" "Mozilla/5.0 (compatible; SemrushBot/7~bl; +http://www.semrush.com/bot.html)" "mantech8.com"
40.77.167.58 - - [04/Oct/2022:01:19:37 -0700] "GET /camp-fire/17996280.html HTTP/1.1" 404 88 "-" "Mozilla/5.0 (compatible; bingbot/2.0; +http://www.bing.com/bingbot.htm)" "mantech8.com"
157.90.182.28 - - [04/Oct/2022:01:20:55 -0700] "GET /robots.txt HTTP/1.1" 200 106 "-" "Mozilla/5.0 (compatible; BLEXBot/1.0; +http://webmeup-crawler.com/)" "mantech8.com"
114.119.133.165 - - [04/Oct/2022:01:20:55 -0700] "GET /bimages/paintg/ HTTP/1.1" 200 497 "http://www.mantech8.com/bimages/" "Mozilla/5.0 (Linux; Android 7.0;) AppleWebKit/537.36 (KHTML, like Gecko) Mobile Safari/537.36 (compatible; PetalBot;+https://webmaster.petalsearch.com/site/petalbot)" "www.mantech8.com"
185.191.171.23 - - [04/Oct/2022:01:20:56 -0700] "GET /?camp-fire%2F13479253.html HTTP/1.1" 500 - "-" "Mozilla/5.0 (compatible; SemrushBot/7~bl; +http://www.semrush.com/bot.html)" "mantech8.com"
157.90.182.28 - - [04/Oct/2022:01:20:56 -0700] "GET / HTTP/1.1" 500 - "-" "Mozilla/5.0 (compatible; BLEXBot/1.0; +http://webmeup-crawler.com/)" "mantech8.com"
157.90.182.28 - - [04/Oct/2022:01:20:59 -0700] "GET /robots.txt HTTP/1.1" 200 106 "-" "Mozilla/5.0 (compatible; BLEXBot/1.0; +http://webmeup-crawler.com/)" "www.mantech8.com"
157.90.182.28 - - [04/Oct/2022:01:21:00 -0700] "GET / HTTP/1.1" 500 - "-" "Mozilla/5.0 (compatible; BLEXBot/1.0; +http://webmeup-crawler.com/)" "www.mantech8.com"
157.90.182.28 - - [04/Oct/2022:01:21:03 -0700] "GET /bimages/?C=D;O=A HTTP/1.1" 200 727 "-" "Mozilla/5.0 (compatible; BLEXBot/1.0; +http://webmeup-crawler.com/)" "mantech8.com"
157.90.182.28 - - [04/Oct/2022:01:21:07 -0700] "GET /bimages/?C=D;O=A HTTP/1.1" 200 727 "-" "Mozilla/5.0 (compatible; BLEXBot/1.0; +http://webmeup-crawler.com/)" "www.mantech8.com"
157.90.182.28 - - [04/Oct/2022:01:21:09 -0700] "GET /bimages/?C=M;O=A HTTP/1.1" 200 726 "-" "Mozilla/5.0 (compatible; BLEXBot/1.0; +http://webmeup-crawler.com/)" "mantech8.com"
157.90.182.28 - - [04/Oct/2022:01:21:13 -0700] "GET /bimages/?C=M;O=A HTTP/1.1" 200 726 "-" "Mozilla/5.0 (compatible; BLEXBot/1.0; +http://webmeup-crawler.com/)" "www.mantech8.com"
157.90.182.28 - - [04/Oct/2022:01:21:14 -0700] "GET /bimages/?C=N;O=D HTTP/1.1" 200 723 "-" "Mozilla/5.0 (compatible; BLEXBot/1.0; +http://webmeup-crawler.com/)" "mantech8.com"
157.90.182.28 - - [04/Oct/2022:01:21:19 -0700] "GET /bimages/?C=N;O=D HTTP/1.1" 200 723 "-" "Mozilla/5.0 (compatible; BLEXBot/1.0; +http://webmeup-crawler.com/)" "www.mantech8.com"
157.90.182.28 - - [04/Oct/2022:01:21:22 -0700] "GET /bimages/?C=S;O=A HTTP/1.1" 200 727 "-" "Mozilla/5.0 (compatible; BLEXBot/1.0; +http://webmeup-crawler.com/)" "mantech8.com"
157.90.182.28 - - [04/Oct/2022:01:21:27 -0700] "GET /bimages/?C=S;O=A HTTP/1.1" 200 727 "-" "Mozilla/5.0 (compatible; BLEXBot/1.0; +http://webmeup-crawler.com/)" "www.mantech8.com"
157.90.182.28 - - [04/Oct/2022:01:21:29 -0700] "GET /bimages/SliderImage/ HTTP/1.1" 200 566 "-" "Mozilla/5.0 (compatible; BLEXBot/1.0; +http://webmeup-crawler.com/)" "mantech8.com"
157.90.182.28 - - [04/Oct/2022:01:21:40 -0700] "GET /bimages/SliderImage/ HTTP/1.1" 200 566 "-" "Mozilla/5.0 (compatible; BLEXBot/1.0; +http://webmeup-crawler.com/)" "www.mantech8.com"
40.77.167.58 - - [04/Oct/2022:01:21:48 -0700] "GET /ambrilidine.xml HTTP/1.1" 404 88 "-" "Mozilla/5.0 AppleWebKit/537.36 (KHTML, like Gecko; compatible; bingbot/2.0; +http://www.bing.com/bingbot.htm) Chrome/103.0.5060.134 Safari/537.36" "mantech8.com"
157.90.182.28 - - [04/Oct/2022:01:21:51 -0700] "GET /bimages/bus/ HTTP/1.1" 200 452 "-" "Mozilla/5.0 (compatible; BLEXBot/1.0; +http://webmeup-crawler.com/)" "mantech8.com"
157.90.182.28 - - [04/Oct/2022:01:21:55 -0700] "GET /bimages/bus/ HTTP/1.1" 200 452 "-" "Mozilla/5.0 (compatible; BLEXBot/1.0; +http://webmeup-crawler.com/)" "www.mantech8.com"
157.90.182.28 - - [04/Oct/2022:01:21:58 -0700] "GET /bimages/cert/ HTTP/1.1" 200 530 "-" "Mozilla/5.0 (compatible; BLEXBot/1.0; +http://webmeup-crawler.com/)" "mantech8.com"
185.191.171.36 - - [04/Oct/2022:01:22:01 -0700] "GET /?camp-fire%2F34399155.html HTTP/1.1" 500 - "-" "Mozilla/5.0 (compatible; SemrushBot/7~bl; +http://www.semrush.com/bot.html)" "mantech8.com"
157.90.182.28 - - [04/Oct/2022:01:22:02 -0700] "GET /bimages/cert/ HTTP/1.1" 200 530 "-" "Mozilla/5.0 (compatible; BLEXBot/1.0; +http://webmeup-crawler.com/)" "www.mantech8.com"
185.191.171.19 - - [04/Oct/2022:01:22:03 -0700] "GET /?camp-fire%2F25000881.html HTTP/1.1" 500 - "-" "Mozilla/5.0 (compatible; SemrushBot/7~bl; +http://www.semrush.com/bot.html)" "mantech8.com"
40.77.167.58 - - [04/Oct/2022:01:21:16 -0700] "GET /index.php/impenetration.xml HTTP/1.1" 200 257376 "-" "Mozilla/5.0 (compatible; bingbot/2.0; +http://www.bing.com/bingbot.htm)" "mantech8.com"
157.90.182.28 - - [04/Oct/2022:01:22:05 -0700] "GET /bimages/certificate/ HTTP/1.1" 200 651 "-" "Mozilla/5.0 (compatible; BLEXBot/1.0; +http://webmeup-crawler.com/)" "mantech8.com"
185.191.171.14 - - [04/Oct/2022:01:22:06 -0700] "GET /?camp-fire%2F39401508.html HTTP/1.1" 500 - "-" "Mozilla/5.0 (compatible; SemrushBot/7~bl; +http://www.semrush.com/bot.html)" "mantech8.com"
157.90.182.28 - - [04/Oct/2022:01:22:08 -0700] "GET /bimages/certificate/ HTTP/1.1" 200 651 "-" "Mozilla/5.0 (compatible; BLEXBot/1.0; +http://webmeup-crawler.com/)" "www.mantech8.com"
157.90.182.28 - - [04/Oct/2022:01:22:11 -0700] "GET /bimages/cleang/ HTTP/1.1" 200 505 "-" "Mozilla/5.0 (compatible; BLEXBot/1.0; +http://webmeup-crawler.com/)" "mantech8.com"
157.90.182.28 - - [04/Oct/2022:01:22:14 -0700] "GET /bimages/cleang/ HTTP/1.1" 200 505 "-" "Mozilla/5.0 (compatible; BLEXBot/1.0; +http://webmeup-crawler.com/)" "www.mantech8.com"
185.191.171.14 - - [04/Oct/2022:01:22:16 -0700] "GET /?camp-fire%2F72435569.html HTTP/1.1" 500 - "-" "Mozilla/5.0 (compatible; SemrushBot/7~bl; +http://www.semrush.com/bot.html)" "mantech8.com"
157.90.182.28 - - [04/Oct/2022:01:22:21 -0700] "GET /bimages/client/ HTTP/1.1" 200 706 "-" "Mozilla/5.0 (compatible; BLEXBot/1.0; +http://webmeup-crawler.com/)" "mantech8.com"
157.90.182.28 - - [04/Oct/2022:01:22:23 -0700] "GET /bimages/client/ HTTP/1.1" 200 706 "-" "Mozilla/5.0 (compatible; BLEXBot/1.0; +http://webmeup-crawler.com/)" "www.mantech8.com"
185.191.171.24 - - [04/Oct/2022:01:22:24 -0700] "GET /?camp-fire%2F28254235.html HTTP/1.1" 500 - "-" "Mozilla/5.0 (compatible; SemrushBot/7~bl; +http://www.semrush.com/bot.html)" "mantech8.com"
185.191.171.17 - - [04/Oct/2022:01:22:29 -0700] "GET /?camp-fire%2F32547225.html HTTP/1.1" 500 - "-" "Mozilla/5.0 (compatible; SemrushBot/7~bl; +http://www.semrush.com/bot.html)" "mantech8.com"
207.46.13.70 - - [04/Oct/2022:01:21:46 -0700] "GET /?tetrathionates.xml HTTP/1.1" 200 270446 "-" "Mozilla/5.0 (compatible; bingbot/2.0; +http://www.bing.com/bingbot.htm)" "mantech8.com"
157.90.182.28 - - [04/Oct/2022:01:22:32 -0700] "GET /bimages/dimage/ HTTP/1.1" 200 419 "-" "Mozilla/5.0 (compatible; BLEXBot/1.0; +http://webmeup-crawler.com/)" "mantech8.com"
40.77.167.58 - - [04/Oct/2022:01:21:48 -0700] "GET /?diethers.xml HTTP/1.1" 200 270420 "-" "Mozilla/5.0 (compatible; bingbot/2.0; +http://www.bing.com/bingbot.htm)" "mantech8.com"
157.90.182.28 - - [04/Oct/2022:01:22:34 -0700] "GET /bimages/dimage/ HTTP/1.1" 200 419 "-" "Mozilla/5.0 (compatible; BLEXBot/1.0; +http://webmeup-crawler.com/)" "www.mantech8.com"
157.90.182.28 - - [04/Oct/2022:01:22:37 -0700] "GET /bimages/door/ HTTP/1.1" 200 447 "-" "Mozilla/5.0 (compatible; BLEXBot/1.0; +http://webmeup-crawler.com/)" "mantech8.com"
157.90.182.28 - - [04/Oct/2022:01:22:39 -0700] "GET /bimages/door/ HTTP/1.1" 200 447 "-" "Mozilla/5.0 (compatible; BLEXBot/1.0; +http://webmeup-crawler.com/)" "www.mantech8.com"
157.90.182.28 - - [04/Oct/2022:01:22:43 -0700] "GET /bimages/ele/ HTTP/1.1" 200 426 "-" "Mozilla/5.0 (compatible; BLEXBot/1.0; +http://webmeup-crawler.com/)" "mantech8.com"
157.90.182.28 - - [04/Oct/2022:01:22:47 -0700] "GET /bimages/ele/ HTTP/1.1" 200 426 "-" "Mozilla/5.0 (compatible; BLEXBot/1.0; +http://webmeup-crawler.com/)" "www.mantech8.com"
207.46.13.70 - - [04/Oct/2022:01:22:48 -0700] "GET /index.php/sitemap-index-10.xml HTTP/1.1" 200 4848 "-" "Mozilla/5.0 (compatible; bingbot/2.0; +http://www.bing.com/bingbot.htm)" "mantech8.com"
207.46.13.70 - - [04/Oct/2022:01:22:52 -0700] "GET /?sitemap-index-9.xml HTTP/1.1" 200 4266 "-" "Mozilla/5.0 AppleWebKit/537.36 (KHTML, like Gecko; compatible; bingbot/2.0; +http://www.bing.com/bingbot.htm) Chrome/103.0.5060.134 Safari/537.36" "mantech8.com"
157.90.182.28 - - [04/Oct/2022:01:22:54 -0700] "GET /bimages/elect/ HTTP/1.1" 200 417 "-" "Mozilla/5.0 (compatible; BLEXBot/1.0; +http://webmeup-crawler.com/)" "mantech8.com"
207.46.13.70 - - [04/Oct/2022:01:22:15 -0700] "GET /index.php/sitemap17.xml HTTP/1.1" 200 284952 "-" "Mozilla/5.0 (compatible; bingbot/2.0; +http://www.bing.com/bingbot.htm)" "mantech8.com"
207.46.13.70 - - [04/Oct/2022:01:22:16 -0700] "GET /index.php/scillism.xml HTTP/1.1" 200 294144 "-" "Mozilla/5.0 AppleWebKit/537.36 (KHTML, like Gecko; compatible; bingbot/2.0; +http://www.bing.com/bingbot.htm) Chrome/103.0.5060.134 Safari/537.36" "mantech8.com"
157.90.182.28 - - [04/Oct/2022:01:22:58 -0700] "GET /bimages/elect/ HTTP/1.1" 200 417 "-" "Mozilla/5.0 (compatible; BLEXBot/1.0; +http://webmeup-crawler.com/)" "www.mantech8.com"
157.90.182.28 - - [04/Oct/2022:01:23:00 -0700] "GET /bimages/electric/ HTTP/1.1" 200 420 "-" "Mozilla/5.0 (compatible; BLEXBot/1.0; +http://webmeup-crawler.com/)" "mantech8.com"
157.90.182.28 - - [04/Oct/2022:01:23:05 -0700] "GET /bimages/electric/ HTTP/1.1" 200 420 "-" "Mozilla/5.0 (compatible; BLEXBot/1.0; +http://webmeup-crawler.com/)" "www.mantech8.com"
157.90.182.28 - - [04/Oct/2022:01:23:08 -0700] "GET /bimages/ework/ HTTP/1.1" 200 419 "-" "Mozilla/5.0 (compatible; BLEXBot/1.0; +http://webmeup-crawler.com/)" "mantech8.com"
157.90.182.28 - - [04/Oct/2022:01:23:12 -0700] "GET /bimages/ework/ HTTP/1.1" 200 419 "-" "Mozilla/5.0 (compatible; BLEXBot/1.0; +http://webmeup-crawler.com/)" "www.mantech8.com"
157.90.182.28 - - [04/Oct/2022:01:23:13 -0700] "GET /bimages/gallery/?C=D;O=D HTTP/1.1" 200 1156 "-" "Mozilla/5.0 (compatible; BLEXBot/1.0; +http://webmeup-crawler.com/)" "mantech8.com"
157.90.182.28 - - [04/Oct/2022:01:23:18 -0700] "GET /bimages/gallery/?C=D;O=D HTTP/1.1" 200 1156 "-" "Mozilla/5.0 (compatible; BLEXBot/1.0; +http://webmeup-crawler.com/)" "www.mantech8.com"
40.77.167.68 - - [04/Oct/2022:01:22:46 -0700] "GET /?larges.xml HTTP/1.1" 200 266568 "-" "Mozilla/5.0 AppleWebKit/537.36 (KHTML, like Gecko; compatible; bingbot/2.0; +http://www.bing.com/bingbot.htm) Chrome/103.0.5060.134 Safari/537.36" "mantech8.com"
185.191.171.39 - - [04/Oct/2022:01:23:23 -0700] "GET /?camp-fire%2F3361000.html HTTP/1.1" 500 - "-" "Mozilla/5.0 (compatible; SemrushBot/7~bl; +http://www.semrush.com/bot.html)" "mantech8.com"
157.90.182.28 - - [04/Oct/2022:01:23:23 -0700] "GET /bimages/gallery/?C=M;O=D HTTP/1.1" 200 1137 "-" "Mozilla/5.0 (compatible; BLEXBot/1.0; +http://webmeup-crawler.com/)" "mantech8.com"
207.46.13.70 - - [04/Oct/2022:01:22:53 -0700] "GET /index.php/kujienavaca.xml HTTP/1.1" 200 220608 "-" "Mozilla/5.0 AppleWebKit/537.36 (KHTML, like Gecko; compatible; bingbot/2.0; +http://www.bing.com/bingbot.htm) Chrome/103.0.5060.134 Safari/537.36" "mantech8.com"
157.90.182.28 - - [04/Oct/2022:01:23:28 -0700] "GET /bimages/gallery/?C=M;O=D HTTP/1.1" 200 1137 "-" "Mozilla/5.0 (compatible; BLEXBot/1.0; +http://webmeup-crawler.com/)" "www.mantech8.com"
157.90.182.28 - - [04/Oct/2022:01:23:30 -0700] "GET /bimages/gallery/?C=N;O=A HTTP/1.1" 200 1166 "-" "Mozilla/5.0 (compatible; BLEXBot/1.0; +http://webmeup-crawler.com/)" "mantech8.com"
185.191.171.23 - - [04/Oct/2022:01:23:31 -0700] "GET /bimages/gallery/alfacgiapi/py.alfa HTTP/1.1" 200 463 "-" "Mozilla/5.0 (compatible; SemrushBot/7~bl; +http://www.semrush.com/bot.html)" "www.mantech8.com"
157.90.182.28 - - [04/Oct/2022:01:23:32 -0700] "GET /bimages/gallery/?C=N;O=A HTTP/1.1" 200 1166 "-" "Mozilla/5.0 (compatible; BLEXBot/1.0; +http://webmeup-crawler.com/)" "www.mantech8.com"
157.90.182.28 - - [04/Oct/2022:01:23:34 -0700] "GET /bimages/gallery/?C=S;O=D HTTP/1.1" 200 1157 "-" "Mozilla/5.0 (compatible; BLEXBot/1.0; +http://webmeup-crawler.com/)" "mantech8.com"
157.90.182.28 - - [04/Oct/2022:01:23:39 -0700] "GET /bimages/gallery/?C=S;O=D HTTP/1.1" 200 1157 "-" "Mozilla/5.0 (compatible; BLEXBot/1.0; +http://webmeup-crawler.com/)" "www.mantech8.com"
157.90.182.28 - - [04/Oct/2022:01:23:43 -0700] "GET /bimages/gallery/alfacgiapi/?C=D;O=A HTTP/1.1" 200 472 "-" "Mozilla/5.0 (compatible; BLEXBot/1.0; +http://webmeup-crawler.com/)" "mantech8.com"
157.90.182.28 - - [04/Oct/2022:01:23:45 -0700] "GET /bimages/gallery/alfacgiapi/?C=D;O=A HTTP/1.1" 200 472 "-" "Mozilla/5.0 (compatible; BLEXBot/1.0; +http://webmeup-crawler.com/)" "www.mantech8.com"
40.77.167.68 - - [04/Oct/2022:01:23:17 -0700] "GET /?qiaojis.xml HTTP/1.1" 200 270607 "-" "Mozilla/5.0 (compatible; bingbot/2.0; +http://www.bing.com/bingbot.htm)" "mantech8.com"
207.46.13.70 - - [04/Oct/2022:01:23:16 -0700] "GET /?viton.xml HTTP/1.1" 200 270395 "-" "Mozilla/5.0 AppleWebKit/537.36 (KHTML, like Gecko; compatible; bingbot/2.0; +http://www.bing.com/bingbot.htm) Chrome/103.0.5060.134 Safari/537.36" "mantech8.com"
157.90.182.28 - - [04/Oct/2022:01:23:48 -0700] "GET /bimages/gallery/alfacgiapi/?C=M;O=A HTTP/1.1" 200 473 "-" "Mozilla/5.0 (compatible; BLEXBot/1.0; +http://webmeup-crawler.com/)" "mantech8.com"
157.90.182.28 - - [04/Oct/2022:01:23:51 -0700] "GET /bimages/gallery/alfacgiapi/?C=M;O=A HTTP/1.1" 200 473 "-" "Mozilla/5.0 (compatible; BLEXBot/1.0; +http://webmeup-crawler.com/)" "www.mantech8.com"
157.90.182.28 - - [04/Oct/2022:01:23:53 -0700] "GET /bimages/gallery/alfacgiapi/?C=N;O=D HTTP/1.1" 200 472 "-" "Mozilla/5.0 (compatible; BLEXBot/1.0; +http://webmeup-crawler.com/)" "mantech8.com"
157.90.182.28 - - [04/Oct/2022:01:23:55 -0700] "GET /bimages/gallery/alfacgiapi/?C=N;O=D HTTP/1.1" 200 472 "-" "Mozilla/5.0 (compatible; BLEXBot/1.0; +http://webmeup-crawler.com/)" "www.mantech8.com"
157.90.182.28 - - [04/Oct/2022:01:23:59 -0700] "GET /bimages/gallery/alfacgiapi/?C=S;O=A HTTP/1.1" 200 472 "-" "Mozilla/5.0 (compatible; BLEXBot/1.0; +http://webmeup-crawler.com/)" "mantech8.com"
157.90.182.28 - - [04/Oct/2022:01:24:02 -0700] "GET /bimages/gallery/alfacgiapi/?C=S;O=A HTTP/1.1" 200 472 "-" "Mozilla/5.0 (compatible; BLEXBot/1.0; +http://webmeup-crawler.com/)" "www.mantech8.com"
185.191.171.24 - - [04/Oct/2022:01:24:02 -0700] "GET /?camp-fire%2F2670459.html HTTP/1.1" 500 - "-" "Mozilla/5.0 (compatible; SemrushBot/7~bl; +http://www.semrush.com/bot.html)" "mantech8.com"
157.90.182.28 - - [04/Oct/2022:01:24:04 -0700] "GET /bimages/gallery/alfacgiapi/select_server.lib.php HTTP/1.1" 200 32 "-" "Mozilla/5.0 (compatible; BLEXBot/1.0; +http://webmeup-crawler.com/)" "mantech8.com"
157.90.182.28 - - [04/Oct/2022:01:24:06 -0700] "GET /bimages/gallery/alfacgiapi/select_server.lib.php HTTP/1.1" 200 32 "-" "Mozilla/5.0 (compatible; BLEXBot/1.0; +http://webmeup-crawler.com/)" "www.mantech8.com"
185.191.171.5 - - [04/Oct/2022:01:24:07 -0700] "GET /?camp-fire%2F107731235.html HTTP/1.1" 500 - "-" "Mozilla/5.0 (compatible; SemrushBot/7~bl; +http://www.semrush.com/bot.html)" "mantech8.com"
157.90.182.28 - - [04/Oct/2022:01:24:09 -0700] "GET /bimages/gallery/m.php HTTP/1.1" 404 - "-" "Mozilla/5.0 (compatible; BLEXBot/1.0; +http://webmeup-crawler.com/)" "mantech8.com"
207.46.13.70 - - [04/Oct/2022:01:23:45 -0700] "GET /index.php/sitemap42187.xml HTTP/1.1" 200 289253 "-" "Mozilla/5.0 AppleWebKit/537.36 (KHTML, like Gecko; compatible; bingbot/2.0; +http://www.bing.com/bingbot.htm) Chrome/103.0.5060.134 Safari/537.36" "mantech8.com"
157.90.182.28 - - [04/Oct/2022:01:24:11 -0700] "GET /bimages/gallery/m.php HTTP/1.1" 404 - "-" "Mozilla/5.0 (compatible; BLEXBot/1.0; +http://webmeup-crawler.com/)" "www.mantech8.com"
207.46.13.70 - - [04/Oct/2022:01:23:46 -0700] "GET /?sitemap1.xml HTTP/1.1" 200 270457 "-" "Mozilla/5.0 (compatible; bingbot/2.0; +http://www.bing.com/bingbot.htm)" "mantech8.com"
207.46.13.70 - - [04/Oct/2022:01:24:12 -0700] "GET /athermallize.xml HTTP/1.1" 404 88 "-" "Mozilla/5.0 (compatible; bingbot/2.0; +http://www.bing.com/bingbot.htm)" "mantech8.com"
157.90.182.28 - - [04/Oct/2022:01:24:14 -0700] "GET /bimages/head.php HTTP/1.1" 200 32 "-" "Mozilla/5.0 (compatible; BLEXBot/1.0; +http://webmeup-crawler.com/)" "mantech8.com"
157.90.182.28 - - [04/Oct/2022:01:24:17 -0700] "GET /bimages/head.php HTTP/1.1" 200 32 "-" "Mozilla/5.0 (compatible; BLEXBot/1.0; +http://webmeup-crawler.com/)" "www.mantech8.com"
157.90.182.28 - - [04/Oct/2022:01:24:19 -0700] "GET /bimages/headg/ HTTP/1.1" 200 491 "-" "Mozilla/5.0 (compatible; BLEXBot/1.0; +http://webmeup-crawler.com/)" "mantech8.com"
157.90.182.28 - - [04/Oct/2022:01:24:22 -0700] "GET /bimages/headg/ HTTP/1.1" 200 491 "-" "Mozilla/5.0 (compatible; BLEXBot/1.0; +http://webmeup-crawler.com/)" "www.mantech8.com"
157.90.182.28 - - [04/Oct/2022:01:24:24 -0700] "GET /bimages/hgallery/ HTTP/1.1" 200 499 "-" "Mozilla/5.0 (compatible; BLEXBot/1.0; +http://webmeup-crawler.com/)" "mantech8.com"
157.90.182.28 - - [04/Oct/2022:01:24:27 -0700] "GET /bimages/hgallery/ HTTP/1.1" 200 499 "-" "Mozilla/5.0 (compatible; BLEXBot/1.0; +http://webmeup-crawler.com/)" "www.mantech8.com"
157.90.182.28 - - [04/Oct/2022:01:24:29 -0700] "GET /bimages/himage/ HTTP/1.1" 200 443 "-" "Mozilla/5.0 (compatible; BLEXBot/1.0; +http://webmeup-crawler.com/)" "mantech8.com"
157.90.182.28 - - [04/Oct/2022:01:24:31 -0700] "GET /bimages/himage/ HTTP/1.1" 200 443 "-" "Mozilla/5.0 (compatible; BLEXBot/1.0; +http://webmeup-crawler.com/)" "www.mantech8.com"
207.46.13.70 - - [04/Oct/2022:01:24:11 -0700] "GET /index.php/manlundang.xml HTTP/1.1" 200 289167 "-" "Mozilla/5.0 (compatible; bingbot/2.0; +http://www.bing.com/bingbot.htm)" "mantech8.com"
207.46.13.70 - - [04/Oct/2022:01:24:12 -0700] "GET /?nieying.xml HTTP/1.1" 200 270578 "-" "Mozilla/5.0 (compatible; bingbot/2.0; +http://www.bing.com/bingbot.htm)" "mantech8.com"
157.90.182.28 - - [04/Oct/2022:01:24:34 -0700] "GET /bimages/hydrog/ HTTP/1.1" 200 486 "-" "Mozilla/5.0 (compatible; BLEXBot/1.0; +http://webmeup-crawler.com/)" "mantech8.com"
157.90.182.28 - - [04/Oct/2022:01:24:37 -0700] "GET /bimages/hydrog/ HTTP/1.1" 200 486 "-" "Mozilla/5.0 (compatible; BLEXBot/1.0; +http://webmeup-crawler.com/)" "www.mantech8.com"
207.46.13.70 - - [04/Oct/2022:01:24:15 -0700] "GET /index.php/biopoesis.xml HTTP/1.1" 200 289473 "-" "Mozilla/5.0 (compatible; bingbot/2.0; +http://www.bing.com/bingbot.htm)" "mantech8.com"
157.90.182.28 - - [04/Oct/2022:01:24:39 -0700] "GET /bimages/mission/ HTTP/1.1" 200 416 "-" "Mozilla/5.0 (compatible; BLEXBot/1.0; +http://webmeup-crawler.com/)" "mantech8.com"
157.90.182.28 - - [04/Oct/2022:01:24:41 -0700] "GET /bimages/mission/ HTTP/1.1" 200 416 "-" "Mozilla/5.0 (compatible; BLEXBot/1.0; +http://webmeup-crawler.com/)" "www.mantech8.com"
185.191.171.19 - - [04/Oct/2022:01:24:41 -0700] "GET /?camp-fire%2F40147092.html HTTP/1.1" 500 - "-" "Mozilla/5.0 (compatible; SemrushBot/7~bl; +http://www.semrush.com/bot.html)" "mantech8.com"
157.90.182.28 - - [04/Oct/2022:01:24:44 -0700] "GET /bimages/paintg/ HTTP/1.1" 200 497 "-" "Mozilla/5.0 (compatible; BLEXBot/1.0; +http://webmeup-crawler.com/)" "mantech8.com"
157.90.182.28 - - [04/Oct/2022:01:24:48 -0700] "GET /bimages/paintg/ HTTP/1.1" 200 497 "-" "Mozilla/5.0 (compatible; BLEXBot/1.0; +http://webmeup-crawler.com/)" "www.mantech8.com"
157.90.182.28 - - [04/Oct/2022:01:24:50 -0700] "GET /bimages/pipeg/ HTTP/1.1" 200 569 "-" "Mozilla/5.0 (compatible; BLEXBot/1.0; +http://webmeup-crawler.com/)" "mantech8.com"
207.46.13.70 - - [04/Oct/2022:01:24:33 -0700] "GET /index.php/sitemap3209.xml HTTP/1.1" 200 289277 "-" "Mozilla/5.0 AppleWebKit/537.36 (KHTML, like Gecko; compatible; bingbot/2.0; +http://www.bing.com/bingbot.htm) Chrome/103.0.5060.134 Safari/537.36" "mantech8.com"
157.90.182.28 - - [04/Oct/2022:01:24:52 -0700] "GET /bimages/pipeg/ HTTP/1.1" 200 569 "-" "Mozilla/5.0 (compatible; BLEXBot/1.0; +http://webmeup-crawler.com/)" "www.mantech8.com"
157.90.182.28 - - [04/Oct/2022:01:24:54 -0700] "GET /bimages/safety/ HTTP/1.1" 200 465 "-" "Mozilla/5.0 (compatible; BLEXBot/1.0; +http://webmeup-crawler.com/)" "mantech8.com"
157.90.182.28 - - [04/Oct/2022:01:24:56 -0700] "GET /bimages/safety/ HTTP/1.1" 200 465 "-" "Mozilla/5.0 (compatible; BLEXBot/1.0; +http://webmeup-crawler.com/)" "www.mantech8.com"
207.46.13.70 - - [04/Oct/2022:01:24:37 -0700] "GET /index.php/sitemap80.xml HTTP/1.1" 200 289377 "-" "Mozilla/5.0 AppleWebKit/537.36 (KHTML, like Gecko; compatible; bingbot/2.0; +http://www.bing.com/bingbot.htm) Chrome/103.0.5060.134 Safari/537.36" "mantech8.com"
157.90.182.28 - - [04/Oct/2022:01:24:58 -0700] "GET /bimages/scafg/ HTTP/1.1" 200 555 "-" "Mozilla/5.0 (compatible; BLEXBot/1.0; +http://webmeup-crawler.com/)" "mantech8.com"
207.46.13.70 - - [04/Oct/2022:01:24:46 -0700] "GET /?sitemap4.xml HTTP/1.1" 200 270580 "-" "Mozilla/5.0 (compatible; bingbot/2.0; +http://www.bing.com/bingbot.htm)" "mantech8.com"
185.191.171.6 - - [04/Oct/2022:01:25:03 -0700] "GET /?camp-fire%2F16558865.html HTTP/1.1" 500 - "-" "Mozilla/5.0 (compatible; SemrushBot/7~bl; +http://www.semrush.com/bot.html)" "mantech8.com"
185.191.171.13 - - [04/Oct/2022:01:25:05 -0700] "GET /?camp-fire%2F43058103.html HTTP/1.1" 500 - "-" "Mozilla/5.0 (compatible; SemrushBot/7~bl; +http://www.semrush.com/bot.html)" "mantech8.com"
157.90.182.28 - - [04/Oct/2022:01:25:07 -0700] "GET /bimages/scafg/ HTTP/1.1" 200 555 "-" "Mozilla/5.0 (compatible; BLEXBot/1.0; +http://webmeup-crawler.com/)" "www.mantech8.com"
157.90.182.28 - - [04/Oct/2022:01:25:11 -0700] "GET /bimages/service/ HTTP/1.1" 200 591 "-" "Mozilla/5.0 (compatible; BLEXBot/1.0; +http://webmeup-crawler.com/)" "mantech8.com"
207.46.13.70 - - [04/Oct/2022:01:24:57 -0700] "GET /index.php/sitemap45.xml HTTP/1.1" 200 289380 "-" "Mozilla/5.0 (compatible; bingbot/2.0; +http://www.bing.com/bingbot.htm)" "mantech8.com"
157.90.182.28 - - [04/Oct/2022:01:25:13 -0700] "GET /bimages/service/ HTTP/1.1" 200 591 "-" "Mozilla/5.0 (compatible; BLEXBot/1.0; +http://webmeup-crawler.com/)" "www.mantech8.com"
40.77.167.58 - - [04/Oct/2022:01:25:14 -0700] "GET /dejerator.xml HTTP/1.1" 404 88 "-" "Mozilla/5.0 (compatible; bingbot/2.0; +http://www.bing.com/bingbot.htm)" "mantech8.com"
157.90.182.28 - - [04/Oct/2022:01:25:15 -0700] "GET /bimages/tank/ HTTP/1.1" 200 411 "-" "Mozilla/5.0 (compatible; BLEXBot/1.0; +http://webmeup-crawler.com/)" "mantech8.com"
157.90.182.28 - - [04/Oct/2022:01:25:17 -0700] "GET /bimages/tank/ HTTP/1.1" 200 411 "-" "Mozilla/5.0 (compatible; BLEXBot/1.0; +http://webmeup-crawler.com/)" "www.mantech8.com"
207.46.13.70 - - [04/Oct/2022:01:25:03 -0700] "GET /?sitemap19872.xml HTTP/1.1" 200 270490 "-" "Mozilla/5.0 (compatible; bingbot/2.0; +http://www.bing.com/bingbot.htm)" "mantech8.com"
157.90.182.28 - - [04/Oct/2022:01:25:19 -0700] "GET /bimages/video/ HTTP/1.1" 200 550 "-" "Mozilla/5.0 (compatible; BLEXBot/1.0; +http://webmeup-crawler.com/)" "mantech8.com"
157.90.182.28 - - [04/Oct/2022:01:25:22 -0700] "GET /bimages/video/ HTTP/1.1" 200 550 "-" "Mozilla/5.0 (compatible; BLEXBot/1.0; +http://webmeup-crawler.com/)" "www.mantech8.com"
207.46.13.70 - - [04/Oct/2022:01:25:14 -0700] "GET /?sitemap553.xml HTTP/1.1" 200 270422 "-" "Mozilla/5.0 (compatible; bingbot/2.0; +http://www.bing.com/bingbot.htm)" "mantech8.com"
40.77.167.58 - - [04/Oct/2022:01:25:14 -0700] "GET /?sitemap9084.xml HTTP/1.1" 200 270567 "-" "Mozilla/5.0 (compatible; bingbot/2.0; +http://www.bing.com/bingbot.htm)" "mantech8.com"
157.90.182.28 - - [04/Oct/2022:01:25:28 -0700] "GET /bimages/vision/ HTTP/1.1" 200 421 "-" "Mozilla/5.0 (compatible; BLEXBot/1.0; +http://webmeup-crawler.com/)" "mantech8.com"
157.90.182.28 - - [04/Oct/2022:01:25:32 -0700] "GET /bimages/vision/ HTTP/1.1" 200 421 "-" "Mozilla/5.0 (compatible; BLEXBot/1.0; +http://webmeup-crawler.com/)" "www.mantech8.com"
207.46.13.70 - - [04/Oct/2022:01:25:19 -0700] "GET /?gladhand.xml HTTP/1.1" 200 270575 "-" "Mozilla/5.0 AppleWebKit/537.36 (KHTML, like Gecko; compatible; bingbot/2.0; +http://www.bing.com/bingbot.htm) Chrome/103.0.5060.134 Safari/537.36" "mantech8.com"
185.191.171.39 - - [04/Oct/2022:01:25:34 -0700] "GET /?camp-fire%2F28365161.html HTTP/1.1" 500 - "-" "Mozilla/5.0 (compatible; SemrushBot/7~bl; +http://www.semrush.com/bot.html)" "mantech8.com"
185.191.171.12 - - [04/Oct/2022:01:25:40 -0700] "GET /?camp-fire%2F19838181.html HTTP/1.1" 500 - "-" "Mozilla/5.0 (compatible; SemrushBot/7~bl; +http://www.semrush.com/bot.html)" "mantech8.com"
40.77.167.58 - - [04/Oct/2022:01:25:28 -0700] "GET /index.php/sitemap9346.xml HTTP/1.1" 200 289174 "-" "Mozilla/5.0 AppleWebKit/537.36 (KHTML, like Gecko; compatible; bingbot/2.0; +http://www.bing.com/bingbot.htm) Chrome/103.0.5060.134 Safari/537.36" "mantech8.com"
40.77.167.58 - - [04/Oct/2022:01:25:41 -0700] "GET /exorcise.xml HTTP/1.1" 404 88 "-" "Mozilla/5.0 (compatible; bingbot/2.0; +http://www.bing.com/bingbot.htm)" "mantech8.com"
207.46.13.70 - - [04/Oct/2022:01:25:33 -0700] "GET /?sitemap659.xml HTTP/1.1" 200 270654 "-" "Mozilla/5.0 AppleWebKit/537.36 (KHTML, like Gecko; compatible; bingbot/2.0; +http://www.bing.com/bingbot.htm) Chrome/103.0.5060.134 Safari/537.36" "mantech8.com"
40.77.167.58 - - [04/Oct/2022:01:25:43 -0700] "GET /index.php/sitemap6270.xml HTTP/1.1" 200 289368 "-" "Mozilla/5.0 (compatible; bingbot/2.0; +http://www.bing.com/bingbot.htm)" "mantech8.com"
40.77.167.58 - - [04/Oct/2022:01:25:41 -0700] "GET /index.php/pettygod.xml HTTP/1.1" 200 289184 "-" "Mozilla/5.0 (compatible; bingbot/2.0; +http://www.bing.com/bingbot.htm)" "mantech8.com"
40.77.167.58 - - [04/Oct/2022:01:25:52 -0700] "GET /index.php?dehydrochlorinases.xml HTTP/1.1" 200 289465 "-" "Mozilla/5.0 (compatible; bingbot/2.0; +http://www.bing.com/bingbot.htm)" "mantech8.com"
40.77.167.58 - - [04/Oct/2022:01:25:53 -0700] "GET /index.php/larges.xml HTTP/1.1" 200 289475 "-" "Mozilla/5.0 (compatible; bingbot/2.0; +http://www.bing.com/bingbot.htm)" "mantech8.com"
40.77.167.58 - - [04/Oct/2022:01:26:02 -0700] "GET /?sitemap40698.xml HTTP/1.1" 200 270588 "-" "Mozilla/5.0 AppleWebKit/537.36 (KHTML, like Gecko; compatible; bingbot/2.0; +http://www.bing.com/bingbot.htm) Chrome/103.0.5060.134 Safari/537.36" "mantech8.com"
40.77.167.58 - - [04/Oct/2022:01:26:01 -0700] "GET /index.php/sitemap14278.xml HTTP/1.1" 200 289350 "-" "Mozilla/5.0 AppleWebKit/537.36 (KHTML, like Gecko; compatible; bingbot/2.0; +http://www.bing.com/bingbot.htm) Chrome/103.0.5060.134 Safari/537.36" "mantech8.com"
144.76.42.172 - - [04/Oct/2022:01:26:13 -0700] "GET / HTTP/1.1" 500 - "-" "Mozilla/5.0 (Windows NT 10.0; Win64; x64) AppleWebKit/537.36 (KHTML, like Gecko) Chrome/95.0.4638.69 Safari/537.36" "mantech8.com"
144.76.42.172 - - [04/Oct/2022:01:26:13 -0700] "GET /wp-includes/ID3/license.txt HTTP/1.1" 404 73 "-" "Mozilla/5.0 (Windows NT 10.0; Win64; x64) AppleWebKit/537.36 (KHTML, like Gecko) Chrome/95.0.4638.69 Safari/537.36" "mantech8.com"
144.76.42.172 - - [04/Oct/2022:01:26:13 -0700] "GET /xmlrpc.php?rsd HTTP/1.1" 404 73 "-" "Mozilla/5.0 (Windows NT 10.0; Win64; x64) AppleWebKit/537.36 (KHTML, like Gecko) Chrome/95.0.4638.69 Safari/537.36" "mantech8.com"
144.76.42.172 - - [04/Oct/2022:01:26:14 -0700] "GET /blog/wp-includes/wlwmanifest.xml HTTP/1.1" 404 73 "-" "Mozilla/5.0 (Windows NT 10.0; Win64; x64) AppleWebKit/537.36 (KHTML, like Gecko) Chrome/95.0.4638.69 Safari/537.36" "mantech8.com"
144.76.42.172 - - [04/Oct/2022:01:26:14 -0700] "GET /wordpress/wp-includes/wlwmanifest.xml HTTP/1.1" 404 73 "-" "Mozilla/5.0 (Windows NT 10.0; Win64; x64) AppleWebKit/537.36 (KHTML, like Gecko) Chrome/95.0.4638.69 Safari/537.36" "mantech8.com"
144.76.42.172 - - [04/Oct/2022:01:26:14 -0700] "GET /2020/wp-includes/wlwmanifest.xml HTTP/1.1" 404 73 "-" "Mozilla/5.0 (Windows NT 10.0; Win64; x64) AppleWebKit/537.36 (KHTML, like Gecko) Chrome/95.0.4638.69 Safari/537.36" "mantech8.com"
144.76.42.172 - - [04/Oct/2022:01:26:14 -0700] "GET /2021/wp-includes/wlwmanifest.xml HTTP/1.1" 404 73 "-" "Mozilla/5.0 (Windows NT 10.0; Win64; x64) AppleWebKit/537.36 (KHTML, like Gecko) Chrome/95.0.4638.69 Safari/537.36" "mantech8.com"
144.76.42.172 - - [04/Oct/2022:01:26:14 -0700] "GET /wp1/wp-includes/wlwmanifest.xml HTTP/1.1" 404 73 "-" "Mozilla/5.0 (Windows NT 10.0; Win64; x64) AppleWebKit/537.36 (KHTML, like Gecko) Chrome/95.0.4638.69 Safari/537.36" "mantech8.com"
144.76.42.172 - - [04/Oct/2022:01:26:15 -0700] "GET /site/wp-includes/wlwmanifest.xml HTTP/1.1" 404 73 "-" "Mozilla/5.0 (Windows NT 10.0; Win64; x64) AppleWebKit/537.36 (KHTML, like Gecko) Chrome/95.0.4638.69 Safari/537.36" "mantech8.com"
144.76.42.172 - - [04/Oct/2022:01:26:15 -0700] "GET /cms/wp-includes/wlwmanifest.xml HTTP/1.1" 404 73 "-" "Mozilla/5.0 (Windows NT 10.0; Win64; x64) AppleWebKit/537.36 (KHTML, like Gecko) Chrome/95.0.4638.69 Safari/537.36" "mantech8.com"
40.77.167.58 - - [04/Oct/2022:01:26:10 -0700] "GET /?biopoesis.xml HTTP/1.1" 200 270533 "-" "Mozilla/5.0 (compatible; bingbot/2.0; +http://www.bing.com/bingbot.htm)" "mantech8.com"
40.77.167.58 - - [04/Oct/2022:01:26:10 -0700] "GET /?sitemap43154.xml HTTP/1.1" 200 270535 "-" "Mozilla/5.0 (compatible; bingbot/2.0; +http://www.bing.com/bingbot.htm)" "mantech8.com"
40.77.167.58 - - [04/Oct/2022:01:26:13 -0700] "GET /index.php/kiger.xml HTTP/1.1" 200 289259 "-" "Mozilla/5.0 (compatible; bingbot/2.0; +http://www.bing.com/bingbot.htm)" "mantech8.com"
40.77.167.58 - - [04/Oct/2022:01:26:16 -0700] "GET /index.php?interphalangeal.xml HTTP/1.1" 200 289311 "-" "Mozilla/5.0 AppleWebKit/537.36 (KHTML, like Gecko; compatible; bingbot/2.0; +http://www.bing.com/bingbot.htm) Chrome/103.0.5060.134 Safari/537.36" "mantech8.com"
40.77.167.58 - - [04/Oct/2022:01:26:20 -0700] "GET /?gelsemic.xml HTTP/1.1" 200 270531 "-" "Mozilla/5.0 (compatible; bingbot/2.0; +http://www.bing.com/bingbot.htm)" "mantech8.com"
40.77.167.58 - - [04/Oct/2022:01:26:24 -0700] "GET /?reym.xml HTTP/1.1" 200 270409 "-" "Mozilla/5.0 AppleWebKit/537.36 (KHTML, like Gecko; compatible; bingbot/2.0; +http://www.bing.com/bingbot.htm) Chrome/103.0.5060.134 Safari/537.36" "mantech8.com"
40.77.167.58 - - [04/Oct/2022:01:26:27 -0700] "GET /?sitemap86.xml HTTP/1.1" 200 270576 "-" "Mozilla/5.0 (compatible; bingbot/2.0; +http://www.bing.com/bingbot.htm)" "mantech8.com"
207.46.13.184 - - [04/Oct/2022:01:26:31 -0700] "GET /?mooched.xml HTTP/1.1" 200 270475 "-" "Mozilla/5.0 (compatible; bingbot/2.0; +http://www.bing.com/bingbot.htm)" "mantech8.com"
40.77.167.58 - - [04/Oct/2022:01:26:32 -0700] "GET /index.php/ascensor.xml HTTP/1.1" 200 289489 "-" "Mozilla/5.0 (compatible; bingbot/2.0; +http://www.bing.com/bingbot.htm)" "mantech8.com"
40.77.167.58 - - [04/Oct/2022:01:26:32 -0700] "GET /index.php/kongcunzhen.xml HTTP/1.1" 200 289407 "-" "Mozilla/5.0 (compatible; bingbot/2.0; +http://www.bing.com/bingbot.htm)" "mantech8.com"
40.77.167.58 - - [04/Oct/2022:01:26:38 -0700] "GET /index.php/sitemap3113.xml HTTP/1.1" 200 289332 "-" "Mozilla/5.0 (compatible; bingbot/2.0; +http://www.bing.com/bingbot.htm)" "mantech8.com"
207.46.13.184 - - [04/Oct/2022:01:26:38 -0700] "GET /?lamiter.xml HTTP/1.1" 200 270525 "-" "Mozilla/5.0 (compatible; bingbot/2.0; +http://www.bing.com/bingbot.htm)" "mantech8.com"
40.77.167.58 - - [04/Oct/2022:01:26:39 -0700] "GET /index.php/ching-kuo.xml HTTP/1.1" 200 289274 "-" "Mozilla/5.0 (compatible; bingbot/2.0; +http://www.bing.com/bingbot.htm)" "mantech8.com"
40.77.167.58 - - [04/Oct/2022:01:26:42 -0700] "GET /index.php/viton.xml HTTP/1.1" 200 289189 "-" "Mozilla/5.0 AppleWebKit/537.36 (KHTML, like Gecko; compatible; bingbot/2.0; +http://www.bing.com/bingbot.htm) Chrome/103.0.5060.134 Safari/537.36" "mantech8.com"
207.46.13.184 - - [04/Oct/2022:01:26:43 -0700] "GET /index.php/megatheroid.xml HTTP/1.1" 200 289431 "-" "Mozilla/5.0 (compatible; bingbot/2.0; +http://www.bing.com/bingbot.htm)" "mantech8.com"
40.77.167.58 - - [04/Oct/2022:01:26:44 -0700] "GET /index.php/dejerator.xml HTTP/1.1" 200 289323 "-" "Mozilla/5.0 (compatible; bingbot/2.0; +http://www.bing.com/bingbot.htm)" "mantech8.com"
185.191.171.2 - - [04/Oct/2022:01:26:51 -0700] "GET /?camp-fire%2F8243378.html HTTP/1.1" 500 - "-" "Mozilla/5.0 (compatible; SemrushBot/7~bl; +http://www.semrush.com/bot.html)" "mantech8.com"
185.191.171.23 - - [04/Oct/2022:01:26:52 -0700] "GET /?camp-fire%2F55642238.html HTTP/1.1" 500 - "-" "Mozilla/5.0 (compatible; SemrushBot/7~bl; +http://www.semrush.com/bot.html)" "mantech8.com"
114.119.133.182 - - [04/Oct/2022:01:26:53 -0700] "GET /bimages/gallery/alfacgiapi/select_server.lib.php HTTP/1.1" 200 32 "http://www.mantech8.com/bimages/gallery/alfacgiapi/?C=S%3BO%3DA" "Mozilla/5.0 (Linux; Android 7.0;) AppleWebKit/537.36 (KHTML, like Gecko) Mobile Safari/537.36 (compatible; PetalBot;+https://webmaster.petalsearch.com/site/petalbot)" "www.mantech8.com"
207.46.13.184 - - [04/Oct/2022:01:26:50 -0700] "GET /?scillism.xml HTTP/1.1" 200 270451 "-" "Mozilla/5.0 (compatible; bingbot/2.0; +http://www.bing.com/bingbot.htm)" "mantech8.com"
207.46.13.184 - - [04/Oct/2022:01:26:57 -0700] "GET /index.php/gladhand.xml HTTP/1.1" 200 289460 "-" "Mozilla/5.0 (compatible; bingbot/2.0; +http://www.bing.com/bingbot.htm)" "mantech8.com"
207.46.13.184 - - [04/Oct/2022:01:27:02 -0700] "GET /?clathrose.xml HTTP/1.1" 200 270627 "-" "Mozilla/5.0 AppleWebKit/537.36 (KHTML, like Gecko; compatible; bingbot/2.0; +http://www.bing.com/bingbot.htm) Chrome/103.0.5060.134 Safari/537.36" "mantech8.com"
207.46.13.184 - - [04/Oct/2022:01:27:02 -0700] "GET /index.php?chuppah.xml HTTP/1.1" 200 289289 "-" "Mozilla/5.0 (compatible; bingbot/2.0; +http://www.bing.com/bingbot.htm)" "mantech8.com"
207.46.13.184 - - [04/Oct/2022:01:27:07 -0700] "GET /?nobeliums.xml HTTP/1.1" 200 270410 "-" "Mozilla/5.0 AppleWebKit/537.36 (KHTML, like Gecko; compatible; bingbot/2.0; +http://www.bing.com/bingbot.htm) Chrome/103.0.5060.134 Safari/537.36" "mantech8.com"
207.46.13.184 - - [04/Oct/2022:01:27:07 -0700] "GET /index.php/sitemap2.xml HTTP/1.1" 200 289457 "-" "Mozilla/5.0 (compatible; bingbot/2.0; +http://www.bing.com/bingbot.htm)" "mantech8.com"
207.46.13.184 - - [04/Oct/2022:01:27:12 -0700] "GET /?sitemap4689.xml HTTP/1.1" 200 270496 "-" "Mozilla/5.0 AppleWebKit/537.36 (KHTML, like Gecko; compatible; bingbot/2.0; +http://www.bing.com/bingbot.htm) Chrome/103.0.5060.134 Safari/537.36" "mantech8.com"
207.46.13.184 - - [04/Oct/2022:01:27:13 -0700] "GET /index.php/sitemap23.xml HTTP/1.1" 200 289193 "-" "Mozilla/5.0 AppleWebKit/537.36 (KHTML, like Gecko; compatible; bingbot/2.0; +http://www.bing.com/bingbot.htm) Chrome/103.0.5060.134 Safari/537.36" "mantech8.com"
207.46.13.184 - - [04/Oct/2022:01:27:16 -0700] "GET /?takiko.xml HTTP/1.1" 200 270504 "-" "Mozilla/5.0 (compatible; bingbot/2.0; +http://www.bing.com/bingbot.htm)" "mantech8.com"
207.46.13.184 - - [04/Oct/2022:01:27:17 -0700] "GET /?sitemap746.xml HTTP/1.1" 200 270469 "-" "Mozilla/5.0 AppleWebKit/537.36 (KHTML, like Gecko; compatible; bingbot/2.0; +http://www.bing.com/bingbot.htm) Chrome/103.0.5060.134 Safari/537.36" "mantech8.com"
207.46.13.184 - - [04/Oct/2022:01:27:21 -0700] "GET /index.php/sitemap4595.xml HTTP/1.1" 200 289441 "-" "Mozilla/5.0 (compatible; bingbot/2.0; +http://www.bing.com/bingbot.htm)" "mantech8.com"
207.46.13.184 - - [04/Oct/2022:01:27:22 -0700] "GET /?murium.xml HTTP/1.1" 200 270425 "-" "Mozilla/5.0 AppleWebKit/537.36 (KHTML, like Gecko; compatible; bingbot/2.0; +http://www.bing.com/bingbot.htm) Chrome/103.0.5060.134 Safari/537.36" "mantech8.com"
185.191.171.21 - - [04/Oct/2022:01:27:26 -0700] "GET /?camp-fire%2F31819746.html HTTP/1.1" 500 - "-" "Mozilla/5.0 (compatible; SemrushBot/7~bl; +http://www.semrush.com/bot.html)" "mantech8.com"
207.46.13.184 - - [04/Oct/2022:01:27:25 -0700] "GET /index.php/sitemap1421.xml HTTP/1.1" 200 289281 "-" "Mozilla/5.0 (compatible; bingbot/2.0; +http://www.bing.com/bingbot.htm)" "mantech8.com"
207.46.13.184 - - [04/Oct/2022:01:27:25 -0700] "GET /?sitemap995.xml HTTP/1.1" 200 270445 "-" "Mozilla/5.0 AppleWebKit/537.36 (KHTML, like Gecko; compatible; bingbot/2.0; +http://www.bing.com/bingbot.htm) Chrome/103.0.5060.134 Safari/537.36" "mantech8.com"
207.46.13.184 - - [04/Oct/2022:01:27:29 -0700] "GET /?sitemap1410.xml HTTP/1.1" 200 270550 "-" "Mozilla/5.0 (compatible; bingbot/2.0; +http://www.bing.com/bingbot.htm)" "mantech8.com"
207.46.13.184 - - [04/Oct/2022:01:27:30 -0700] "GET /index.php?ascensor.xml HTTP/1.1" 200 289467 "-" "Mozilla/5.0 (compatible; bingbot/2.0; +http://www.bing.com/bingbot.htm)" "mantech8.com"
207.46.13.184 - - [04/Oct/2022:01:27:32 -0700] "GET /?napperkids.xml HTTP/1.1" 200 270503 "-" "Mozilla/5.0 (compatible; bingbot/2.0; +http://www.bing.com/bingbot.htm)" "mantech8.com"
207.46.13.184 - - [04/Oct/2022:01:27:32 -0700] "GET /?athermallize.xml HTTP/1.1" 200 270591 "-" "Mozilla/5.0 (compatible; bingbot/2.0; +http://www.bing.com/bingbot.htm)" "mantech8.com"
207.46.13.184 - - [04/Oct/2022:01:27:36 -0700] "GET /?umbilic.xml HTTP/1.1" 200 270469 "-" "Mozilla/5.0 (compatible; bingbot/2.0; +http://www.bing.com/bingbot.htm)" "mantech8.com"
207.46.13.184 - - [04/Oct/2022:01:27:36 -0700] "GET /index.php/sitemap41.xml HTTP/1.1" 200 289465 "-" "Mozilla/5.0 (compatible; bingbot/2.0; +http://www.bing.com/bingbot.htm)" "mantech8.com"
207.46.13.184 - - [04/Oct/2022:01:27:39 -0700] "GET /index.php?crewmate.xml HTTP/1.1" 200 289393 "-" "Mozilla/5.0 (compatible; bingbot/2.0; +http://www.bing.com/bingbot.htm)" "mantech8.com"
207.46.13.184 - - [04/Oct/2022:01:27:40 -0700] "GET /index.php/murium.xml HTTP/1.1" 200 289374 "-" "Mozilla/5.0 (compatible; bingbot/2.0; +http://www.bing.com/bingbot.htm)" "mantech8.com"
207.46.13.184 - - [04/Oct/2022:01:27:42 -0700] "GET /index.php/sitemap-index-6.xml HTTP/1.1" 200 4841 "-" "Mozilla/5.0 AppleWebKit/537.36 (KHTML, like Gecko; compatible; bingbot/2.0; +http://www.bing.com/bingbot.htm) Chrome/103.0.5060.134 Safari/537.36" "mantech8.com"
207.46.13.184 - - [04/Oct/2022:01:27:42 -0700] "GET /?sitemap-index-7.xml HTTP/1.1" 200 4265 "-" "Mozilla/5.0 (compatible; bingbot/2.0; +http://www.bing.com/bingbot.htm)" "mantech8.com"
207.46.13.184 - - [04/Oct/2022:01:27:42 -0700] "GET /?sitemap49269.xml HTTP/1.1" 200 270531 "-" "Mozilla/5.0 (compatible; bingbot/2.0; +http://www.bing.com/bingbot.htm)" "mantech8.com"
207.46.13.184 - - [04/Oct/2022:01:27:42 -0700] "GET /index.php/benfica.xml HTTP/1.1" 200 289332 "-" "Mozilla/5.0 AppleWebKit/537.36 (KHTML, like Gecko; compatible; bingbot/2.0; +http://www.bing.com/bingbot.htm) Chrome/103.0.5060.134 Safari/537.36" "mantech8.com"
207.46.13.184 - - [04/Oct/2022:01:27:46 -0700] "GET /?sitemap35.xml HTTP/1.1" 200 270438 "-" "Mozilla/5.0 AppleWebKit/537.36 (KHTML, like Gecko; compatible; bingbot/2.0; +http://www.bing.com/bingbot.htm) Chrome/103.0.5060.134 Safari/537.36" "mantech8.com"
207.46.13.184 - - [04/Oct/2022:01:27:46 -0700] "GET /?kujienavaca.xml HTTP/1.1" 200 270517 "-" "Mozilla/5.0 (compatible; bingbot/2.0; +http://www.bing.com/bingbot.htm)" "mantech8.com"
207.46.13.184 - - [04/Oct/2022:01:27:49 -0700] "GET /?sitemap-index-1.xml HTTP/1.1" 200 4268 "-" "Mozilla/5.0 (compatible; bingbot/2.0; +http://www.bing.com/bingbot.htm)" "mantech8.com"
207.46.13.184 - - [04/Oct/2022:01:27:49 -0700] "GET /index.php/sitemap401.xml HTTP/1.1" 200 289292 "-" "Mozilla/5.0 AppleWebKit/537.36 (KHTML, like Gecko; compatible; bingbot/2.0; +http://www.bing.com/bingbot.htm) Chrome/103.0.5060.134 Safari/537.36" "mantech8.com"
207.46.13.184 - - [04/Oct/2022:01:27:49 -0700] "GET /index.php/nieying.xml HTTP/1.1" 200 289296 "-" "Mozilla/5.0 (compatible; bingbot/2.0; +http://www.bing.com/bingbot.htm)" "mantech8.com"
207.46.13.184 - - [04/Oct/2022:01:27:52 -0700] "GET /?procombination.xml HTTP/1.1" 200 270498 "-" "Mozilla/5.0 (compatible; bingbot/2.0; +http://www.bing.com/bingbot.htm)" "mantech8.com"
207.46.13.184 - - [04/Oct/2022:01:27:53 -0700] "GET /index.php?kujienavaca.xml HTTP/1.1" 200 289299 "-" "Mozilla/5.0 (compatible; bingbot/2.0; +http://www.bing.com/bingbot.htm)" "mantech8.com"
207.46.13.184 - - [04/Oct/2022:01:27:56 -0700] "GET /index.php/allocation.xml HTTP/1.1" 200 289350 "-" "Mozilla/5.0 AppleWebKit/537.36 (KHTML, like Gecko; compatible; bingbot/2.0; +http://www.bing.com/bingbot.htm) Chrome/103.0.5060.134 Safari/537.36" "mantech8.com"
207.46.13.184 - - [04/Oct/2022:01:27:56 -0700] "GET /?sitemap14.xml HTTP/1.1" 200 270484 "-" "Mozilla/5.0 (compatible; bingbot/2.0; +http://www.bing.com/bingbot.htm)" "mantech8.com"
207.46.13.184 - - [04/Oct/2022:01:27:58 -0700] "GET /index.php?biters.xml HTTP/1.1" 200 289351 "-" "Mozilla/5.0 AppleWebKit/537.36 (KHTML, like Gecko; compatible; bingbot/2.0; +http://www.bing.com/bingbot.htm) Chrome/103.0.5060.134 Safari/537.36" "mantech8.com"
207.46.13.184 - - [04/Oct/2022:01:27:58 -0700] "GET /index.php/unistrand.xml HTTP/1.1" 200 289400 "-" "Mozilla/5.0 AppleWebKit/537.36 (KHTML, like Gecko; compatible; bingbot/2.0; +http://www.bing.com/bingbot.htm) Chrome/103.0.5060.134 Safari/537.36" "mantech8.com"
207.46.13.184 - - [04/Oct/2022:01:28:02 -0700] "GET /crystalgazer.xml HTTP/1.1" 404 88 "-" "Mozilla/5.0 (compatible; bingbot/2.0; +http://www.bing.com/bingbot.htm)" "mantech8.com"
207.46.13.184 - - [04/Oct/2022:01:28:01 -0700] "GET /index.php?athermallize.xml HTTP/1.1" 200 289351 "-" "Mozilla/5.0 (compatible; bingbot/2.0; +http://www.bing.com/bingbot.htm)" "mantech8.com"
207.46.13.184 - - [04/Oct/2022:01:28:04 -0700] "GET /dehydrochlorinases.xml HTTP/1.1" 404 88 "-" "Mozilla/5.0 (compatible; bingbot/2.0; +http://www.bing.com/bingbot.htm)" "mantech8.com"
207.46.13.184 - - [04/Oct/2022:01:28:02 -0700] "GET /?sitemap39.xml HTTP/1.1" 200 270374 "-" "Mozilla/5.0 (compatible; bingbot/2.0; +http://www.bing.com/bingbot.htm)" "mantech8.com"
