185.191.171.1 - - [03/Oct/2022:18:43:09 -0700] "GET /?camp-fire%2F24523827.html HTTP/1.1" 500 - "-" "Mozilla/5.0 (compatible; SemrushBot/7~bl; +http://www.semrush.com/bot.html)" "mantech8.com"
185.191.171.36 - - [03/Oct/2022:18:43:25 -0700] "GET /?camp-fire%2F27696409.html HTTP/1.1" 500 - "-" "Mozilla/5.0 (compatible; SemrushBot/7~bl; +http://www.semrush.com/bot.html)" "mantech8.com"
40.77.167.58 - - [03/Oct/2022:18:44:08 -0700] "GET /?sitemap40698.xml HTTP/1.1" 200 312224 "-" "Mozilla/5.0 (compatible; bingbot/2.0; +http://www.bing.com/bingbot.htm)" "mantech8.com"
185.191.171.38 - - [03/Oct/2022:18:44:20 -0700] "GET /?camp-fire%2F8655178.html HTTP/1.1" 500 - "-" "Mozilla/5.0 (compatible; SemrushBot/7~bl; +http://www.semrush.com/bot.html)" "mantech8.com"
185.191.171.44 - - [03/Oct/2022:18:44:38 -0700] "GET /?camp-fire%2F9702683.html HTTP/1.1" 500 - "-" "Mozilla/5.0 (compatible; SemrushBot/7~bl; +http://www.semrush.com/bot.html)" "mantech8.com"
185.191.171.19 - - [03/Oct/2022:18:44:48 -0700] "GET /?camp-fire%2F30541341.html HTTP/1.1" 500 - "-" "Mozilla/5.0 (compatible; SemrushBot/7~bl; +http://www.semrush.com/bot.html)" "mantech8.com"
185.191.171.40 - - [03/Oct/2022:18:44:55 -0700] "GET /?camp-fire%2F14803587.html HTTP/1.1" 500 - "-" "Mozilla/5.0 (compatible; SemrushBot/7~bl; +http://www.semrush.com/bot.html)" "mantech8.com"
185.191.171.25 - - [03/Oct/2022:18:45:03 -0700] "GET /?camp-fire%2F19697121.html HTTP/1.1" 500 - "-" "Mozilla/5.0 (compatible; SemrushBot/7~bl; +http://www.semrush.com/bot.html)" "mantech8.com"
207.46.13.184 - - [03/Oct/2022:18:45:36 -0700] "GET /index.php?c=article&a=type&tid=42 HTTP/1.1" 200 92018 "-" "Mozilla/5.0 (compatible; bingbot/2.0; +http://www.bing.com/bingbot.htm)" "www.mantech8.com"
114.119.133.166 - - [03/Oct/2022:18:45:51 -0700] "GET /bimages/himage/ HTTP/1.1" 200 443 "http://mantech8.com/bimages/?C=M%3BO%3DA" "Mozilla/5.0 (Linux; Android 7.0;) AppleWebKit/537.36 (KHTML, like Gecko) Mobile Safari/537.36 (compatible; PetalBot;+https://webmaster.petalsearch.com/site/petalbot)" "mantech8.com"
185.191.171.20 - - [03/Oct/2022:18:46:30 -0700] "GET /?camp-fire%2F16684326.html HTTP/1.1" 500 - "-" "Mozilla/5.0 (compatible; SemrushBot/7~bl; +http://www.semrush.com/bot.html)" "mantech8.com"
185.191.171.4 - - [03/Oct/2022:18:46:43 -0700] "GET /?camp-fire%2F43416063.html HTTP/1.1" 500 - "-" "Mozilla/5.0 (compatible; SemrushBot/7~bl; +http://www.semrush.com/bot.html)" "mantech8.com"
207.46.13.184 - - [03/Oct/2022:18:46:57 -0700] "GET /index.php?c=product&a=type&tid=56 HTTP/1.1" 200 61594 "-" "Mozilla/5.0 (compatible; bingbot/2.0; +http://www.bing.com/bingbot.htm)" "www.mantech8.com"
185.191.171.20 - - [03/Oct/2022:18:48:02 -0700] "GET /?camp-fire%2F38174172.html HTTP/1.1" 500 - "-" "Mozilla/5.0 (compatible; SemrushBot/7~bl; +http://www.semrush.com/bot.html)" "mantech8.com"
40.77.167.58 - - [03/Oct/2022:18:48:08 -0700] "GET /index.php/ching-kuo.xml HTTP/1.1" 200 270554 "-" "Mozilla/5.0 (compatible; bingbot/2.0; +http://www.bing.com/bingbot.htm)" "mantech8.com"
185.191.171.14 - - [03/Oct/2022:18:48:16 -0700] "GET /?camp-fire%2F73093793.html HTTP/1.1" 500 - "-" "Mozilla/5.0 (compatible; SemrushBot/7~bl; +http://www.semrush.com/bot.html)" "mantech8.com"
185.191.171.3 - - [03/Oct/2022:18:48:22 -0700] "GET /?camp-fire%2F25058006.html HTTP/1.1" 500 - "-" "Mozilla/5.0 (compatible; SemrushBot/7~bl; +http://www.semrush.com/bot.html)" "mantech8.com"
40.77.167.68 - - [03/Oct/2022:18:48:52 -0700] "GET /index.php/sitemap1457.xml HTTP/1.1" 200 344346 "-" "Mozilla/5.0 AppleWebKit/537.36 (KHTML, like Gecko; compatible; bingbot/2.0; +http://www.bing.com/bingbot.htm) Chrome/103.0.5060.134 Safari/537.36" "mantech8.com"
207.46.13.184 - - [03/Oct/2022:18:49:16 -0700] "GET /index.php?limunu.xml HTTP/1.1" 200 284881 "-" "Mozilla/5.0 (compatible; bingbot/2.0; +http://www.bing.com/bingbot.htm)" "mantech8.com"
185.191.171.6 - - [03/Oct/2022:18:49:33 -0700] "GET /?camp-fire%2F32022580.html HTTP/1.1" 500 - "-" "Mozilla/5.0 (compatible; SemrushBot/7~bl; +http://www.semrush.com/bot.html)" "mantech8.com"
185.191.171.44 - - [03/Oct/2022:18:49:42 -0700] "GET /?camp-fire%2F28607509.html HTTP/1.1" 500 - "-" "Mozilla/5.0 (compatible; SemrushBot/7~bl; +http://www.semrush.com/bot.html)" "mantech8.com"
185.191.171.25 - - [03/Oct/2022:18:50:20 -0700] "GET /?camp-fire%2F18826161.html HTTP/1.1" 500 - "-" "Mozilla/5.0 (compatible; SemrushBot/7~bl; +http://www.semrush.com/bot.html)" "mantech8.com"
35.245.188.175 - - [03/Oct/2022:18:50:26 -0700] "GET / HTTP/1.1" 500 - "-" "Mozilla/5.0 (Windows NT 6.1; WOW64; Trident/7.0; rv:11.0) like Gecko" "www.mantech8.com"
35.245.188.175 - - [03/Oct/2022:18:50:26 -0700] "GET / HTTP/1.1" 500 - "-" "Mozilla/5.0 (Windows NT 6.1; WOW64; Trident/7.0; rv:11.0) like Gecko" "www.mantech8.com"
185.191.171.5 - - [03/Oct/2022:18:50:26 -0700] "GET /?camp-fire%2F39077335.html HTTP/1.1" 500 - "-" "Mozilla/5.0 (compatible; SemrushBot/7~bl; +http://www.semrush.com/bot.html)" "mantech8.com"
40.77.167.58 - - [03/Oct/2022:18:50:29 -0700] "GET /?furnacite.xml HTTP/1.1" 200 317491 "-" "Mozilla/5.0 AppleWebKit/537.36 (KHTML, like Gecko; compatible; bingbot/2.0; +http://www.bing.com/bingbot.htm) Chrome/103.0.5060.134 Safari/537.36" "mantech8.com"
185.191.171.10 - - [03/Oct/2022:18:50:31 -0700] "GET /?camp-fire%2F115193538.html HTTP/1.1" 500 - "-" "Mozilla/5.0 (compatible; SemrushBot/7~bl; +http://www.semrush.com/bot.html)" "mantech8.com"
185.191.171.33 - - [03/Oct/2022:18:50:32 -0700] "GET /?camp-fire%2F16096972.html HTTP/1.1" 500 - "-" "Mozilla/5.0 (compatible; SemrushBot/7~bl; +http://www.semrush.com/bot.html)" "mantech8.com"
185.191.171.17 - - [03/Oct/2022:18:50:50 -0700] "GET /?camp-fire%2F25157106.html HTTP/1.1" 500 - "-" "Mozilla/5.0 (compatible; SemrushBot/7~bl; +http://www.semrush.com/bot.html)" "mantech8.com"
185.191.171.1 - - [03/Oct/2022:18:50:58 -0700] "GET /?camp-fire%2F42137134.html HTTP/1.1" 500 - "-" "Mozilla/5.0 (compatible; SemrushBot/7~bl; +http://www.semrush.com/bot.html)" "mantech8.com"
207.46.13.184 - - [03/Oct/2022:18:50:58 -0700] "GET /index.php?c=product&a=type&tid=78 HTTP/1.1" 200 95283 "-" "Mozilla/5.0 (compatible; bingbot/2.0; +http://www.bing.com/bingbot.htm)" "www.mantech8.com"
185.191.171.36 - - [03/Oct/2022:18:51:09 -0700] "GET /?camp-fire%2F6983000.html HTTP/1.1" 500 - "-" "Mozilla/5.0 (compatible; SemrushBot/7~bl; +http://www.semrush.com/bot.html)" "mantech8.com"
185.191.171.35 - - [03/Oct/2022:18:51:26 -0700] "GET /?camp-fire%2F72100053.html HTTP/1.1" 500 - "-" "Mozilla/5.0 (compatible; SemrushBot/7~bl; +http://www.semrush.com/bot.html)" "mantech8.com"
185.191.171.12 - - [03/Oct/2022:18:51:43 -0700] "GET /?camp-fire%2F41125902.html HTTP/1.1" 500 - "-" "Mozilla/5.0 (compatible; SemrushBot/7~bl; +http://www.semrush.com/bot.html)" "mantech8.com"
114.119.133.165 - - [03/Oct/2022:18:51:52 -0700] "GET /unpower.xml HTTP/1.1" 404 88 "-" "Mozilla/5.0 (Linux; Android 7.0;) AppleWebKit/537.36 (KHTML, like Gecko) Mobile Safari/537.36 (compatible; PetalBot;+https://webmaster.petalsearch.com/site/petalbot)" "mantech8.com"
185.191.171.10 - - [03/Oct/2022:18:52:04 -0700] "GET /?camp-fire%2F28472264.html HTTP/1.1" 500 - "-" "Mozilla/5.0 (compatible; SemrushBot/7~bl; +http://www.semrush.com/bot.html)" "mantech8.com"
23.100.232.233 - - [03/Oct/2022:18:52:48 -0700] "GET /css/stylegal.css HTTP/1.1" 200 20749 "http://mantech8.com/gallery.php" "Mozilla/5.0 (compatible; MSIE 9.0; Windows NT 6.1; Trident/5.0;  Trident/5.0)" "mantech8.com"
23.100.232.233 - - [03/Oct/2022:18:52:45 -0700] "GET /gallery.php HTTP/1.1" 200 49088 "-" "Mozilla/5.0 (compatible; MSIE 9.0; Windows NT 6.1; Trident/5.0;  Trident/5.0)" "mantech8.com"
23.100.232.233 - - [03/Oct/2022:18:52:48 -0700] "GET /css/jquery.fancybox.css HTTP/1.1" 200 1615 "http://mantech8.com/gallery.php" "Mozilla/5.0 (compatible; MSIE 9.0; Windows NT 6.1; Trident/5.0;  Trident/5.0)" "mantech8.com"
23.100.232.233 - - [03/Oct/2022:18:52:48 -0700] "GET /css/responsive1.css HTTP/1.1" 200 1710 "http://mantech8.com/gallery.php" "Mozilla/5.0 (compatible; MSIE 9.0; Windows NT 6.1; Trident/5.0;  Trident/5.0)" "mantech8.com"
23.100.232.233 - - [03/Oct/2022:18:52:48 -0700] "GET /css/style2.css HTTP/1.1" 200 8414 "http://mantech8.com/gallery.php" "Mozilla/5.0 (compatible; MSIE 9.0; Windows NT 6.1; Trident/5.0;  Trident/5.0)" "mantech8.com"
23.100.232.233 - - [03/Oct/2022:18:52:48 -0700] "GET /js/Pagination.js HTTP/1.1" 200 507 "http://mantech8.com/gallery.php" "Mozilla/5.0 (compatible; MSIE 9.0; Windows NT 6.1; Trident/5.0;  Trident/5.0)" "mantech8.com"
23.100.232.233 - - [03/Oct/2022:18:52:48 -0700] "GET /js/jPages.min.js HTTP/1.1" 200 3631 "http://mantech8.com/gallery.php" "Mozilla/5.0 (compatible; MSIE 9.0; Windows NT 6.1; Trident/5.0;  Trident/5.0)" "mantech8.com"
23.100.232.233 - - [03/Oct/2022:18:52:48 -0700] "GET /css/animate.css HTTP/1.1" 200 4264 "http://mantech8.com/gallery.php" "Mozilla/5.0 (compatible; MSIE 9.0; Windows NT 6.1; Trident/5.0;  Trident/5.0)" "mantech8.com"
23.100.232.233 - - [03/Oct/2022:18:52:48 -0700] "GET /js/html5shiv.min.js HTTP/1.1" 200 1303 "http://mantech8.com/gallery.php" "Mozilla/5.0 (compatible; MSIE 9.0; Windows NT 6.1; Trident/5.0;  Trident/5.0)" "mantech8.com"
23.100.232.233 - - [03/Oct/2022:18:52:48 -0700] "GET /js/jquery-1.8.2.min.js HTTP/1.1" 200 33397 "http://mantech8.com/gallery.php" "Mozilla/5.0 (compatible; MSIE 9.0; Windows NT 6.1; Trident/5.0;  Trident/5.0)" "mantech8.com"
23.100.232.233 - - [03/Oct/2022:18:52:48 -0700] "GET /css/style.css HTTP/1.1" 200 126990 "http://mantech8.com/gallery.php" "Mozilla/5.0 (compatible; MSIE 9.0; Windows NT 6.1; Trident/5.0;  Trident/5.0)" "mantech8.com"
23.100.232.233 - - [03/Oct/2022:18:52:48 -0700] "GET /css/hover.css HTTP/1.1" 200 8530 "http://mantech8.com/gallery.php" "Mozilla/5.0 (compatible; MSIE 9.0; Windows NT 6.1; Trident/5.0;  Trident/5.0)" "mantech8.com"
23.100.232.233 - - [03/Oct/2022:18:52:49 -0700] "GET /css/flaticon.css HTTP/1.1" 200 321 "http://mantech8.com/gallery.php" "Mozilla/5.0 (compatible; MSIE 9.0; Windows NT 6.1; Trident/5.0;  Trident/5.0)" "mantech8.com"
23.100.232.233 - - [03/Oct/2022:18:52:49 -0700] "GET /css/font-awesome.css HTTP/1.1" 200 5793 "http://mantech8.com/gallery.php" "Mozilla/5.0 (compatible; MSIE 9.0; Windows NT 6.1; Trident/5.0;  Trident/5.0)" "mantech8.com"
23.100.232.233 - - [03/Oct/2022:18:52:49 -0700] "GET /css/animate.css HTTP/1.1" 304 - "http://mantech8.com/gallery.php" "Mozilla/5.0 (compatible; MSIE 9.0; Windows NT 6.1; Trident/5.0;  Trident/5.0)" "mantech8.com"
23.100.232.233 - - [03/Oct/2022:18:52:50 -0700] "GET /jsgal/bootstrap.min.js HTTP/1.1" 200 9745 "http://mantech8.com/gallery.php" "Mozilla/5.0 (compatible; MSIE 9.0; Windows NT 6.1; Trident/5.0;  Trident/5.0)" "mantech8.com"
23.100.232.233 - - [03/Oct/2022:18:52:50 -0700] "GET /bimages/gallery/ HTTP/1.1" 200 1166 "http://mantech8.com/gallery.php" "Mozilla/5.0 (compatible; MSIE 9.0; Windows NT 6.1; Trident/5.0;  Trident/5.0)" "mantech8.com"
23.100.232.233 - - [03/Oct/2022:18:52:50 -0700] "GET /jsgal/wow.js HTTP/1.1" 200 2702 "http://mantech8.com/gallery.php" "Mozilla/5.0 (compatible; MSIE 9.0; Windows NT 6.1; Trident/5.0;  Trident/5.0)" "mantech8.com"
23.100.232.233 - - [03/Oct/2022:18:52:50 -0700] "GET /jsgal/jquery.mixitup.min.js HTTP/1.1" 200 8218 "http://mantech8.com/gallery.php" "Mozilla/5.0 (compatible; MSIE 9.0; Windows NT 6.1; Trident/5.0;  Trident/5.0)" "mantech8.com"
23.100.232.233 - - [03/Oct/2022:18:52:50 -0700] "GET /jsgal/jquery.easing.min.js HTTP/1.1" 200 1859 "http://mantech8.com/gallery.php" "Mozilla/5.0 (compatible; MSIE 9.0; Windows NT 6.1; Trident/5.0;  Trident/5.0)" "mantech8.com"
23.100.232.233 - - [03/Oct/2022:18:52:50 -0700] "GET /jsgal/jquery.fancybox.pack.js HTTP/1.1" 200 8634 "http://mantech8.com/gallery.php" "Mozilla/5.0 (compatible; MSIE 9.0; Windows NT 6.1; Trident/5.0;  Trident/5.0)" "mantech8.com"
23.100.232.233 - - [03/Oct/2022:18:52:50 -0700] "GET /jsgal/custom.js HTTP/1.1" 200 4065 "http://mantech8.com/gallery.php" "Mozilla/5.0 (compatible; MSIE 9.0; Windows NT 6.1; Trident/5.0;  Trident/5.0)" "mantech8.com"
185.191.171.11 - - [03/Oct/2022:18:53:35 -0700] "GET /?camp-fire%2F27904859.html HTTP/1.1" 500 - "-" "Mozilla/5.0 (compatible; SemrushBot/7~bl; +http://www.semrush.com/bot.html)" "mantech8.com"
185.191.171.41 - - [03/Oct/2022:18:53:36 -0700] "GET /?camp-fire%2F30577141.html HTTP/1.1" 500 - "-" "Mozilla/5.0 (compatible; SemrushBot/7~bl; +http://www.semrush.com/bot.html)" "mantech8.com"
185.191.171.2 - - [03/Oct/2022:18:53:41 -0700] "GET /?camp-fire%2F106928026.html HTTP/1.1" 500 - "-" "Mozilla/5.0 (compatible; SemrushBot/7~bl; +http://www.semrush.com/bot.html)" "mantech8.com"
185.191.171.16 - - [03/Oct/2022:18:54:35 -0700] "GET /?camp-fire%2F14510124.html HTTP/1.1" 500 - "-" "Mozilla/5.0 (compatible; SemrushBot/7~bl; +http://www.semrush.com/bot.html)" "mantech8.com"
185.191.171.16 - - [03/Oct/2022:18:54:44 -0700] "GET /?camp-fire%2F1844451.html HTTP/1.1" 500 - "-" "Mozilla/5.0 (compatible; SemrushBot/7~bl; +http://www.semrush.com/bot.html)" "mantech8.com"
185.191.171.33 - - [03/Oct/2022:18:54:58 -0700] "GET /?camp-fire%2F17387265.html HTTP/1.1" 500 - "-" "Mozilla/5.0 (compatible; SemrushBot/7~bl; +http://www.semrush.com/bot.html)" "mantech8.com"
185.191.171.39 - - [03/Oct/2022:18:55:16 -0700] "GET /?camp-fire%2F29059887.html HTTP/1.1" 500 - "-" "Mozilla/5.0 (compatible; SemrushBot/7~bl; +http://www.semrush.com/bot.html)" "mantech8.com"
207.46.13.63 - - [03/Oct/2022:18:55:44 -0700] "GET /index.php/sitemap9.xml HTTP/1.1" 200 286905 "-" "Mozilla/5.0 (compatible; bingbot/2.0; +http://www.bing.com/bingbot.htm)" "mantech8.com"
185.191.171.33 - - [03/Oct/2022:18:55:50 -0700] "GET /?camp-fire%2F53727398.html HTTP/1.1" 500 - "-" "Mozilla/5.0 (compatible; SemrushBot/7~bl; +http://www.semrush.com/bot.html)" "mantech8.com"
185.191.171.15 - - [03/Oct/2022:18:55:55 -0700] "GET /?camp-fire%2F34609693.html HTTP/1.1" 500 - "-" "Mozilla/5.0 (compatible; SemrushBot/7~bl; +http://www.semrush.com/bot.html)" "mantech8.com"
40.77.167.68 - - [03/Oct/2022:18:56:04 -0700] "GET /index.php?c=product&a=type&tid=74 HTTP/1.1" 200 52808 "-" "Mozilla/5.0 (compatible; bingbot/2.0; +http://www.bing.com/bingbot.htm)" "www.mantech8.com"
114.119.152.108 - - [03/Oct/2022:18:56:37 -0700] "GET /robots.txt HTTP/1.1" 200 2442 "-" "Mozilla/5.0 (compatible;PetalBot;+https://webmaster.petalsearch.com/site/petalbot)" "www.mantech8.com"
185.191.171.4 - - [03/Oct/2022:18:57:20 -0700] "GET /?camp-fire%2F40150788.html HTTP/1.1" 500 - "-" "Mozilla/5.0 (compatible; SemrushBot/7~bl; +http://www.semrush.com/bot.html)" "mantech8.com"
185.191.171.21 - - [03/Oct/2022:18:57:21 -0700] "GET /?camp-fire%2F104525306.html HTTP/1.1" 500 - "-" "Mozilla/5.0 (compatible; SemrushBot/7~bl; +http://www.semrush.com/bot.html)" "mantech8.com"
185.191.171.25 - - [03/Oct/2022:18:57:23 -0700] "GET /?camp-fire%2F28657189.html HTTP/1.1" 500 - "-" "Mozilla/5.0 (compatible; SemrushBot/7~bl; +http://www.semrush.com/bot.html)" "mantech8.com"
185.191.171.3 - - [03/Oct/2022:18:57:45 -0700] "GET /?camp-fire%2F42710538.html HTTP/1.1" 500 - "-" "Mozilla/5.0 (compatible; SemrushBot/7~bl; +http://www.semrush.com/bot.html)" "mantech8.com"
114.119.133.182 - - [03/Oct/2022:18:57:55 -0700] "GET /?athermallize.xml HTTP/1.1" 200 252503 "-" "Mozilla/5.0 (compatible;PetalBot;+https://webmaster.petalsearch.com/site/petalbot)" "mantech8.com"
185.191.171.21 - - [03/Oct/2022:18:58:18 -0700] "GET /?camp-fire%2F2448372.html HTTP/1.1" 500 - "-" "Mozilla/5.0 (compatible; SemrushBot/7~bl; +http://www.semrush.com/bot.html)" "mantech8.com"
185.191.171.9 - - [03/Oct/2022:18:58:58 -0700] "GET /?camp-fire%2F114015349.html HTTP/1.1" 500 - "-" "Mozilla/5.0 (compatible; SemrushBot/7~bl; +http://www.semrush.com/bot.html)" "mantech8.com"
40.77.167.58 - - [03/Oct/2022:18:59:11 -0700] "GET /index.php?c=article&a=type&tid=86 HTTP/1.1" 200 57268 "-" "Mozilla/5.0 AppleWebKit/537.36 (KHTML, like Gecko; compatible; bingbot/2.0; +http://www.bing.com/bingbot.htm) Chrome/103.0.5060.134 Safari/537.36" "www.mantech8.com"
185.191.171.42 - - [03/Oct/2022:18:59:14 -0700] "GET /?camp-fire%2F93244672.html HTTP/1.1" 500 - "-" "Mozilla/5.0 (compatible; SemrushBot/7~bl; +http://www.semrush.com/bot.html)" "mantech8.com"
207.46.13.70 - - [03/Oct/2022:18:59:32 -0700] "GET /index.php?c=product&a=type&tid=24 HTTP/1.1" 200 69787 "-" "Mozilla/5.0 AppleWebKit/537.36 (KHTML, like Gecko; compatible; bingbot/2.0; +http://www.bing.com/bingbot.htm) Chrome/103.0.5060.134 Safari/537.36" "www.mantech8.com"
185.191.171.1 - - [03/Oct/2022:19:00:03 -0700] "GET /?camp-fire%2F96282534.html HTTP/1.1" 500 - "-" "Mozilla/5.0 (compatible; SemrushBot/7~bl; +http://www.semrush.com/bot.html)" "mantech8.com"
185.191.171.36 - - [03/Oct/2022:19:00:14 -0700] "GET /?camp-fire%2F3357398.html HTTP/1.1" 500 - "-" "Mozilla/5.0 (compatible; SemrushBot/7~bl; +http://www.semrush.com/bot.html)" "mantech8.com"
185.191.171.40 - - [03/Oct/2022:19:00:33 -0700] "GET /?camp-fire%2F4619085.html HTTP/1.1" 500 - "-" "Mozilla/5.0 (compatible; SemrushBot/7~bl; +http://www.semrush.com/bot.html)" "mantech8.com"
40.77.167.68 - - [03/Oct/2022:19:01:13 -0700] "GET /index.php?sitemap16.xml HTTP/1.1" 200 285801 "-" "Mozilla/5.0 (compatible; bingbot/2.0; +http://www.bing.com/bingbot.htm)" "mantech8.com"
40.77.167.68 - - [03/Oct/2022:19:01:16 -0700] "GET /?camp-fire/52470089.html HTTP/1.1" 200 55136 "-" "Mozilla/5.0 (compatible; bingbot/2.0; +http://www.bing.com/bingbot.htm)" "mantech8.com"
185.191.171.17 - - [03/Oct/2022:19:01:19 -0700] "GET /?camp-fire%2F4198685.html HTTP/1.1" 500 - "-" "Mozilla/5.0 (compatible; SemrushBot/7~bl; +http://www.semrush.com/bot.html)" "mantech8.com"
185.191.171.4 - - [03/Oct/2022:19:01:32 -0700] "GET /?camp-fire%2F27465926.html HTTP/1.1" 500 - "-" "Mozilla/5.0 (compatible; SemrushBot/7~bl; +http://www.semrush.com/bot.html)" "mantech8.com"
185.191.171.4 - - [03/Oct/2022:19:01:42 -0700] "GET /?camp-fire%2F88244516.html HTTP/1.1" 500 - "-" "Mozilla/5.0 (compatible; SemrushBot/7~bl; +http://www.semrush.com/bot.html)" "mantech8.com"
185.191.171.9 - - [03/Oct/2022:19:01:57 -0700] "GET /?camp-fire%2F3339500.html HTTP/1.1" 500 - "-" "Mozilla/5.0 (compatible; SemrushBot/7~bl; +http://www.semrush.com/bot.html)" "mantech8.com"
185.191.171.9 - - [03/Oct/2022:19:02:09 -0700] "GET /?camp-fire%2F45817549.html HTTP/1.1" 500 - "-" "Mozilla/5.0 (compatible; SemrushBot/7~bl; +http://www.semrush.com/bot.html)" "mantech8.com"
185.191.171.40 - - [03/Oct/2022:19:02:10 -0700] "GET /?camp-fire%2F82453997.html HTTP/1.1" 500 - "-" "Mozilla/5.0 (compatible; SemrushBot/7~bl; +http://www.semrush.com/bot.html)" "mantech8.com"
207.46.13.63 - - [03/Oct/2022:19:02:16 -0700] "GET /index.php?c=product&a=type&tid=55 HTTP/1.1" 200 52441 "-" "Mozilla/5.0 (compatible; bingbot/2.0; +http://www.bing.com/bingbot.htm)" "www.mantech8.com"
185.191.171.12 - - [03/Oct/2022:19:02:22 -0700] "GET /?camp-fire%2F3112593.html HTTP/1.1" 500 - "-" "Mozilla/5.0 (compatible; SemrushBot/7~bl; +http://www.semrush.com/bot.html)" "mantech8.com"
185.191.171.4 - - [03/Oct/2022:19:02:24 -0700] "GET /?camp-fire%2F46980325.html HTTP/1.1" 500 - "-" "Mozilla/5.0 (compatible; SemrushBot/7~bl; +http://www.semrush.com/bot.html)" "mantech8.com"
114.119.136.68 - - [03/Oct/2022:19:02:29 -0700] "GET /robots.txt HTTP/1.1" 200 2442 "-" "Mozilla/5.0 (compatible;PetalBot;+https://webmaster.petalsearch.com/site/petalbot)" "mantech8.com"
216.244.66.241 - - [03/Oct/2022:19:02:30 -0700] "GET /robots.txt HTTP/1.1" 200 26464 "-" "Mozilla/5.0 (compatible; DotBot/1.2; +https://opensiteexplorer.org/dotbot; help@moz.com)" "www.mantech8.com"
216.244.66.241 - - [03/Oct/2022:19:02:30 -0700] "GET /robots.txt HTTP/1.1" 200 26464 "-" "Mozilla/5.0 (compatible; DotBot/1.2; +https://opensiteexplorer.org/dotbot; help@moz.com)" "mantech8.com"
185.191.171.23 - - [03/Oct/2022:19:03:18 -0700] "GET /?camp-fire%2F1495600.html HTTP/1.1" 500 - "-" "Mozilla/5.0 (compatible; SemrushBot/7~bl; +http://www.semrush.com/bot.html)" "mantech8.com"
114.119.133.158 - - [03/Oct/2022:19:03:50 -0700] "GET /bimages/scafg/thump/tdzkwgpdvx.php HTTP/1.1" 200 32 "http://mantech8.com/bimages/scafg/thump/" "Mozilla/5.0 (Linux; Android 7.0;) AppleWebKit/537.36 (KHTML, like Gecko) Mobile Safari/537.36 (compatible; PetalBot;+https://webmaster.petalsearch.com/site/petalbot)" "mantech8.com"
185.191.171.41 - - [03/Oct/2022:19:04:33 -0700] "GET /?camp-fire%2F42753792.html HTTP/1.1" 500 - "-" "Mozilla/5.0 (compatible; SemrushBot/7~bl; +http://www.semrush.com/bot.html)" "mantech8.com"
185.191.171.42 - - [03/Oct/2022:19:04:41 -0700] "GET /?camp-fire%2F56515390.html HTTP/1.1" 500 - "-" "Mozilla/5.0 (compatible; SemrushBot/7~bl; +http://www.semrush.com/bot.html)" "mantech8.com"
40.77.167.68 - - [03/Oct/2022:19:04:44 -0700] "GET /index.php?c=product&a=type&tid=79 HTTP/1.1" 200 44105 "-" "Mozilla/5.0 (compatible; bingbot/2.0; +http://www.bing.com/bingbot.htm)" "www.mantech8.com"
185.191.171.8 - - [03/Oct/2022:19:04:48 -0700] "GET /?camp-fire%2F15400065.html HTTP/1.1" 500 - "-" "Mozilla/5.0 (compatible; SemrushBot/7~bl; +http://www.semrush.com/bot.html)" "mantech8.com"
207.46.13.70 - - [03/Oct/2022:19:05:14 -0700] "GET /index.php?c=product&a=type&tid=25 HTTP/1.1" 200 55623 "-" "Mozilla/5.0 (compatible; bingbot/2.0; +http://www.bing.com/bingbot.htm)" "www.mantech8.com"
185.191.171.3 - - [03/Oct/2022:19:05:57 -0700] "GET /?camp-fire%2F17602580.html HTTP/1.1" 500 - "-" "Mozilla/5.0 (compatible; SemrushBot/7~bl; +http://www.semrush.com/bot.html)" "mantech8.com"
185.191.171.36 - - [03/Oct/2022:19:06:10 -0700] "GET /?camp-fire%2F8623521.html HTTP/1.1" 500 - "-" "Mozilla/5.0 (compatible; SemrushBot/7~bl; +http://www.semrush.com/bot.html)" "mantech8.com"
185.191.171.36 - - [03/Oct/2022:19:06:38 -0700] "GET /?camp-fire%2F58657341.html HTTP/1.1" 500 - "-" "Mozilla/5.0 (compatible; SemrushBot/7~bl; +http://www.semrush.com/bot.html)" "mantech8.com"
40.77.167.58 - - [03/Oct/2022:19:06:50 -0700] "GET /?sitemap7905.xml HTTP/1.1" 200 231854 "-" "Mozilla/5.0 AppleWebKit/537.36 (KHTML, like Gecko; compatible; bingbot/2.0; +http://www.bing.com/bingbot.htm) Chrome/103.0.5060.134 Safari/537.36" "mantech8.com"
185.191.171.20 - - [03/Oct/2022:19:07:01 -0700] "GET /?camp-fire%2F14358265.html HTTP/1.1" 500 - "-" "Mozilla/5.0 (compatible; SemrushBot/7~bl; +http://www.semrush.com/bot.html)" "mantech8.com"
185.191.171.3 - - [03/Oct/2022:19:07:52 -0700] "GET /?camp-fire%2F38112472.html HTTP/1.1" 500 - "-" "Mozilla/5.0 (compatible; SemrushBot/7~bl; +http://www.semrush.com/bot.html)" "mantech8.com"
185.191.171.4 - - [03/Oct/2022:19:07:54 -0700] "GET /?camp-fire%2F36615050.html HTTP/1.1" 500 - "-" "Mozilla/5.0 (compatible; SemrushBot/7~bl; +http://www.semrush.com/bot.html)" "mantech8.com"
185.191.171.8 - - [03/Oct/2022:19:08:55 -0700] "GET /?camp-fire%2F60687650.html HTTP/1.1" 500 - "-" "Mozilla/5.0 (compatible; SemrushBot/7~bl; +http://www.semrush.com/bot.html)" "mantech8.com"
185.191.171.11 - - [03/Oct/2022:19:08:57 -0700] "GET /robots.txt HTTP/1.1" 200 2442 "-" "Mozilla/5.0 (compatible; SemrushBot/7~bl; +http://www.semrush.com/bot.html)" "mantech8.com"
185.191.171.38 - - [03/Oct/2022:19:08:57 -0700] "GET /?camp-fire%2F8952321.html HTTP/1.1" 500 - "-" "Mozilla/5.0 (compatible; SemrushBot/7~bl; +http://www.semrush.com/bot.html)" "mantech8.com"
34.213.226.31 - - [03/Oct/2022:19:09:03 -0700] "GET /index.php?camp-fire/67687722.html HTTP/1.1" 500 - "-" "Mozilla/5.0 (Windows NT 6.1; Win64; x64) AppleWebKit/537.36 (KHTML, like Gecko) Chrome/72.0.3626.109 Safari/537.36" "www.mantech8.com"
40.77.167.68 - - [03/Oct/2022:19:09:04 -0700] "GET /index.php?c=product&a=type&tid=75 HTTP/1.1" 200 75469 "-" "Mozilla/5.0 (compatible; bingbot/2.0; +http://www.bing.com/bingbot.htm)" "www.mantech8.com"
207.46.13.184 - - [03/Oct/2022:19:09:10 -0700] "GET /?napperkids.xml HTTP/1.1" 200 268337 "-" "Mozilla/5.0 (compatible; bingbot/2.0; +http://www.bing.com/bingbot.htm)" "mantech8.com"
66.249.66.95 - - [03/Oct/2022:19:09:28 -0700] "GET /kleffens.xml HTTP/1.1" 404 88 "-" "Mozilla/5.0 (compatible; Googlebot/2.1; +http://www.google.com/bot.html)" "mantech8.com"
185.191.171.25 - - [03/Oct/2022:19:09:36 -0700] "GET /?camp-fire%2F40335250.html HTTP/1.1" 500 - "-" "Mozilla/5.0 (compatible; SemrushBot/7~bl; +http://www.semrush.com/bot.html)" "mantech8.com"
185.191.171.16 - - [03/Oct/2022:19:09:44 -0700] "GET /?camp-fire%2F62436149.html HTTP/1.1" 500 - "-" "Mozilla/5.0 (compatible; SemrushBot/7~bl; +http://www.semrush.com/bot.html)" "mantech8.com"
114.119.133.165 - - [03/Oct/2022:19:09:45 -0700] "GET /index.php/sitemap42187.xml HTTP/1.1" 200 345246 "-" "Mozilla/5.0 (Linux; Android 7.0;) AppleWebKit/537.36 (KHTML, like Gecko) Mobile Safari/537.36 (compatible; PetalBot;+https://webmaster.petalsearch.com/site/petalbot)" "mantech8.com"
185.191.171.7 - - [03/Oct/2022:19:09:58 -0700] "GET /?camp-fire%2F88642697.html HTTP/1.1" 500 - "-" "Mozilla/5.0 (compatible; SemrushBot/7~bl; +http://www.semrush.com/bot.html)" "mantech8.com"
185.191.171.14 - - [03/Oct/2022:19:10:23 -0700] "GET /?camp-fire%2F21744017.html HTTP/1.1" 500 - "-" "Mozilla/5.0 (compatible; SemrushBot/7~bl; +http://www.semrush.com/bot.html)" "mantech8.com"
185.191.171.7 - - [03/Oct/2022:19:10:58 -0700] "GET /?camp-fire%2F36029133.html HTTP/1.1" 500 - "-" "Mozilla/5.0 (compatible; SemrushBot/7~bl; +http://www.semrush.com/bot.html)" "mantech8.com"
40.77.167.72 - - [03/Oct/2022:19:10:58 -0700] "GET /index.php/sitemap241.xml HTTP/1.1" 200 336516 "-" "Mozilla/5.0 (compatible; bingbot/2.0; +http://www.bing.com/bingbot.htm)" "mantech8.com"
185.191.171.14 - - [03/Oct/2022:19:11:00 -0700] "GET /?camp-fire%2F32899451.html HTTP/1.1" 500 - "-" "Mozilla/5.0 (compatible; SemrushBot/7~bl; +http://www.semrush.com/bot.html)" "mantech8.com"
185.191.171.38 - - [03/Oct/2022:19:11:10 -0700] "GET /?camp-fire%2F59272668.html HTTP/1.1" 500 - "-" "Mozilla/5.0 (compatible; SemrushBot/7~bl; +http://www.semrush.com/bot.html)" "mantech8.com"
185.191.171.39 - - [03/Oct/2022:19:11:46 -0700] "GET /?camp-fire%2F18835927.html HTTP/1.1" 500 - "-" "Mozilla/5.0 (compatible; SemrushBot/7~bl; +http://www.semrush.com/bot.html)" "mantech8.com"
185.191.171.41 - - [03/Oct/2022:19:12:18 -0700] "GET /?camp-fire%2F33670468.html HTTP/1.1" 500 - "-" "Mozilla/5.0 (compatible; SemrushBot/7~bl; +http://www.semrush.com/bot.html)" "mantech8.com"
185.191.171.41 - - [03/Oct/2022:19:12:19 -0700] "GET /?camp-fire%2F72070990.html HTTP/1.1" 500 - "-" "Mozilla/5.0 (compatible; SemrushBot/7~bl; +http://www.semrush.com/bot.html)" "mantech8.com"
185.191.171.8 - - [03/Oct/2022:19:12:45 -0700] "GET /?camp-fire%2F39170535.html HTTP/1.1" 500 - "-" "Mozilla/5.0 (compatible; SemrushBot/7~bl; +http://www.semrush.com/bot.html)" "mantech8.com"
185.191.171.20 - - [03/Oct/2022:19:12:57 -0700] "GET /?camp-fire%2F25485930.html HTTP/1.1" 500 - "-" "Mozilla/5.0 (compatible; SemrushBot/7~bl; +http://www.semrush.com/bot.html)" "mantech8.com"
185.191.171.10 - - [03/Oct/2022:19:14:00 -0700] "GET /?camp-fire%2F30001466.html HTTP/1.1" 500 - "-" "Mozilla/5.0 (compatible; SemrushBot/7~bl; +http://www.semrush.com/bot.html)" "mantech8.com"
40.77.167.68 - - [03/Oct/2022:19:14:14 -0700] "GET /?rebeginner.xml HTTP/1.1" 200 246266 "-" "Mozilla/5.0 (compatible; bingbot/2.0; +http://www.bing.com/bingbot.htm)" "mantech8.com"
185.191.171.8 - - [03/Oct/2022:19:14:52 -0700] "GET /?camp-fire%2F3989974.html HTTP/1.1" 500 - "-" "Mozilla/5.0 (compatible; SemrushBot/7~bl; +http://www.semrush.com/bot.html)" "mantech8.com"
185.191.171.39 - - [03/Oct/2022:19:14:56 -0700] "GET /?camp-fire%2F38115672.html HTTP/1.1" 500 - "-" "Mozilla/5.0 (compatible; SemrushBot/7~bl; +http://www.semrush.com/bot.html)" "mantech8.com"
40.77.167.58 - - [03/Oct/2022:19:15:00 -0700] "GET /index.php/kiger.xml HTTP/1.1" 200 244628 "-" "Mozilla/5.0 (compatible; bingbot/2.0; +http://www.bing.com/bingbot.htm)" "mantech8.com"
185.191.171.9 - - [03/Oct/2022:19:15:26 -0700] "GET /?camp-fire%2F7275980.html HTTP/1.1" 500 - "-" "Mozilla/5.0 (compatible; SemrushBot/7~bl; +http://www.semrush.com/bot.html)" "mantech8.com"
114.119.133.190 - - [03/Oct/2022:19:15:44 -0700] "GET /bimages/paintg/ HTTP/1.1" 200 497 "http://mantech8.com/bimages/paintg/thump/?C=M%3BO%3DA" "Mozilla/5.0 (Linux; Android 7.0;) AppleWebKit/537.36 (KHTML, like Gecko) Mobile Safari/537.36 (compatible; PetalBot;+https://webmaster.petalsearch.com/site/petalbot)" "mantech8.com"
185.191.171.16 - - [03/Oct/2022:19:15:51 -0700] "GET /?camp-fire%2F31892130.html HTTP/1.1" 500 - "-" "Mozilla/5.0 (compatible; SemrushBot/7~bl; +http://www.semrush.com/bot.html)" "mantech8.com"
207.46.13.184 - - [03/Oct/2022:19:15:51 -0700] "GET /index.php/sitemap23.xml HTTP/1.1" 200 346045 "-" "Mozilla/5.0 (compatible; bingbot/2.0; +http://www.bing.com/bingbot.htm)" "mantech8.com"
185.191.171.6 - - [03/Oct/2022:19:16:14 -0700] "GET /?camp-fire%2F43703893.html HTTP/1.1" 500 - "-" "Mozilla/5.0 (compatible; SemrushBot/7~bl; +http://www.semrush.com/bot.html)" "mantech8.com"
185.191.171.2 - - [03/Oct/2022:19:16:19 -0700] "GET /?camp-fire%2F7835642.html HTTP/1.1" 500 - "-" "Mozilla/5.0 (compatible; SemrushBot/7~bl; +http://www.semrush.com/bot.html)" "mantech8.com"
185.191.171.3 - - [03/Oct/2022:19:16:29 -0700] "GET /?camp-fire%2F31783551.html HTTP/1.1" 500 - "-" "Mozilla/5.0 (compatible; SemrushBot/7~bl; +http://www.semrush.com/bot.html)" "mantech8.com"
207.46.13.184 - - [03/Oct/2022:19:17:11 -0700] "GET /index.php?c=product&a=type&tid=56 HTTP/1.1" 200 61792 "-" "Mozilla/5.0 (compatible; bingbot/2.0; +http://www.bing.com/bingbot.htm)" "www.mantech8.com"
207.46.13.184 - - [03/Oct/2022:19:17:12 -0700] "GET /index.php?c=article&a=type&tid=42 HTTP/1.1" 200 88749 "-" "Mozilla/5.0 (compatible; bingbot/2.0; +http://www.bing.com/bingbot.htm)" "www.mantech8.com"
185.191.171.10 - - [03/Oct/2022:19:17:24 -0700] "GET /index.php/camp-fire/61312838.html HTTP/1.1" 500 - "-" "Mozilla/5.0 (compatible; SemrushBot/7~bl; +http://www.semrush.com/bot.html)" "mantech8.com"
185.191.171.13 - - [03/Oct/2022:19:17:37 -0700] "GET /?camp-fire%2F15414683.html HTTP/1.1" 500 - "-" "Mozilla/5.0 (compatible; SemrushBot/7~bl; +http://www.semrush.com/bot.html)" "mantech8.com"
207.46.13.70 - - [03/Oct/2022:19:17:53 -0700] "GET /index.php/sitemap80.xml HTTP/1.1" 200 269614 "-" "Mozilla/5.0 (compatible; bingbot/2.0; +http://www.bing.com/bingbot.htm)" "mantech8.com"
185.191.171.12 - - [03/Oct/2022:19:17:55 -0700] "GET /?camp-fire%2F25432890.html HTTP/1.1" 500 - "-" "Mozilla/5.0 (compatible; SemrushBot/7~bl; +http://www.semrush.com/bot.html)" "mantech8.com"
185.191.171.20 - - [03/Oct/2022:19:18:16 -0700] "GET /?camp-fire%2F30504541.html HTTP/1.1" 500 - "-" "Mozilla/5.0 (compatible; SemrushBot/7~bl; +http://www.semrush.com/bot.html)" "mantech8.com"
185.191.171.9 - - [03/Oct/2022:19:18:23 -0700] "GET /?camp-fire%2F33738259.html HTTP/1.1" 500 - "-" "Mozilla/5.0 (compatible; SemrushBot/7~bl; +http://www.semrush.com/bot.html)" "mantech8.com"
185.191.171.36 - - [03/Oct/2022:19:19:27 -0700] "GET /?camp-fire%2F1253329.html HTTP/1.1" 500 - "-" "Mozilla/5.0 (compatible; SemrushBot/7~bl; +http://www.semrush.com/bot.html)" "mantech8.com"
185.191.171.43 - - [03/Oct/2022:19:19:31 -0700] "GET /?camp-fire%2F45972638.html HTTP/1.1" 500 - "-" "Mozilla/5.0 (compatible; SemrushBot/7~bl; +http://www.semrush.com/bot.html)" "mantech8.com"
185.191.171.43 - - [03/Oct/2022:19:19:53 -0700] "GET /?camp-fire%2F27422897.html HTTP/1.1" 500 - "-" "Mozilla/5.0 (compatible; SemrushBot/7~bl; +http://www.semrush.com/bot.html)" "mantech8.com"
185.191.171.9 - - [03/Oct/2022:19:20:31 -0700] "GET /?camp-fire%2F43401649.html HTTP/1.1" 500 - "-" "Mozilla/5.0 (compatible; SemrushBot/7~bl; +http://www.semrush.com/bot.html)" "mantech8.com"
185.191.171.38 - - [03/Oct/2022:19:20:35 -0700] "GET /?camp-fire%2F34263370.html HTTP/1.1" 500 - "-" "Mozilla/5.0 (compatible; SemrushBot/7~bl; +http://www.semrush.com/bot.html)" "mantech8.com"
207.46.13.63 - - [03/Oct/2022:19:21:17 -0700] "GET /?sitemap95.xml HTTP/1.1" 200 282226 "-" "Mozilla/5.0 (compatible; bingbot/2.0; +http://www.bing.com/bingbot.htm)" "mantech8.com"
185.191.171.10 - - [03/Oct/2022:19:21:29 -0700] "GET /?camp-fire%2F114782534.html HTTP/1.1" 500 - "-" "Mozilla/5.0 (compatible; SemrushBot/7~bl; +http://www.semrush.com/bot.html)" "mantech8.com"
185.191.171.15 - - [03/Oct/2022:19:21:41 -0700] "GET /?camp-fire%2F7619721.html HTTP/1.1" 500 - "-" "Mozilla/5.0 (compatible; SemrushBot/7~bl; +http://www.semrush.com/bot.html)" "mantech8.com"
114.119.133.166 - - [03/Oct/2022:19:21:43 -0700] "GET /index.php/sitemap7131.xml HTTP/1.1" 200 311046 "-" "Mozilla/5.0 (Linux; Android 7.0;) AppleWebKit/537.36 (KHTML, like Gecko) Mobile Safari/537.36 (compatible; PetalBot;+https://webmaster.petalsearch.com/site/petalbot)" "mantech8.com"
185.191.171.23 - - [03/Oct/2022:19:22:32 -0700] "GET /?camp-fire%2F8825708.html HTTP/1.1" 500 - "-" "Mozilla/5.0 (compatible; SemrushBot/7~bl; +http://www.semrush.com/bot.html)" "mantech8.com"
185.191.171.44 - - [03/Oct/2022:19:22:40 -0700] "GET /?camp-fire%2F17415465.html HTTP/1.1" 500 - "-" "Mozilla/5.0 (compatible; SemrushBot/7~bl; +http://www.semrush.com/bot.html)" "mantech8.com"
207.46.13.184 - - [03/Oct/2022:19:22:43 -0700] "GET /index.php?c=product&a=type&tid=78 HTTP/1.1" 200 97162 "-" "Mozilla/5.0 (compatible; bingbot/2.0; +http://www.bing.com/bingbot.htm)" "www.mantech8.com"
207.46.13.184 - - [03/Oct/2022:19:22:52 -0700] "GET /index.php?sitemap87.xml HTTP/1.1" 200 321416 "-" "Mozilla/5.0 AppleWebKit/537.36 (KHTML, like Gecko; compatible; bingbot/2.0; +http://www.bing.com/bingbot.htm) Chrome/103.0.5060.134 Safari/537.36" "mantech8.com"
185.191.171.25 - - [03/Oct/2022:19:22:57 -0700] "GET /?camp-fire%2F7866342.html HTTP/1.1" 500 - "-" "Mozilla/5.0 (compatible; SemrushBot/7~bl; +http://www.semrush.com/bot.html)" "mantech8.com"
185.191.171.13 - - [03/Oct/2022:19:23:04 -0700] "GET /?camp-fire%2F84777577.html HTTP/1.1" 500 - "-" "Mozilla/5.0 (compatible; SemrushBot/7~bl; +http://www.semrush.com/bot.html)" "mantech8.com"
185.191.171.1 - - [03/Oct/2022:19:23:42 -0700] "GET /?camp-fire%2F3556993.html HTTP/1.1" 500 - "-" "Mozilla/5.0 (compatible; SemrushBot/7~bl; +http://www.semrush.com/bot.html)" "mantech8.com"
185.191.171.19 - - [03/Oct/2022:19:23:44 -0700] "GET /?camp-fire%2F42159659.html HTTP/1.1" 500 - "-" "Mozilla/5.0 (compatible; SemrushBot/7~bl; +http://www.semrush.com/bot.html)" "mantech8.com"
185.191.171.17 - - [03/Oct/2022:19:23:47 -0700] "GET /?camp-fire%2F15809087.html HTTP/1.1" 500 - "-" "Mozilla/5.0 (compatible; SemrushBot/7~bl; +http://www.semrush.com/bot.html)" "mantech8.com"
185.191.171.37 - - [03/Oct/2022:19:24:13 -0700] "GET /?camp-fire%2F13605483.html HTTP/1.1" 500 - "-" "Mozilla/5.0 (compatible; SemrushBot/7~bl; +http://www.semrush.com/bot.html)" "mantech8.com"
185.191.171.2 - - [03/Oct/2022:19:24:14 -0700] "GET /?camp-fire%2F56711598.html HTTP/1.1" 500 - "-" "Mozilla/5.0 (compatible; SemrushBot/7~bl; +http://www.semrush.com/bot.html)" "mantech8.com"
40.77.167.72 - - [03/Oct/2022:19:24:19 -0700] "GET /index.php?sitemap8153.xml HTTP/1.1" 200 344350 "-" "Mozilla/5.0 AppleWebKit/537.36 (KHTML, like Gecko; compatible; bingbot/2.0; +http://www.bing.com/bingbot.htm) Chrome/103.0.5060.134 Safari/537.36" "mantech8.com"
185.191.171.4 - - [03/Oct/2022:19:24:24 -0700] "GET /?camp-fire%2F101653150.html HTTP/1.1" 500 - "-" "Mozilla/5.0 (compatible; SemrushBot/7~bl; +http://www.semrush.com/bot.html)" "mantech8.com"
40.77.167.58 - - [03/Oct/2022:19:24:32 -0700] "GET /?sitemap348.xml HTTP/1.1" 200 280683 "-" "Mozilla/5.0 AppleWebKit/537.36 (KHTML, like Gecko; compatible; bingbot/2.0; +http://www.bing.com/bingbot.htm) Chrome/103.0.5060.134 Safari/537.36" "mantech8.com"
185.191.171.18 - - [03/Oct/2022:19:25:31 -0700] "GET /?camp-fire%2F42077749.html HTTP/1.1" 500 - "-" "Mozilla/5.0 (compatible; SemrushBot/7~bl; +http://www.semrush.com/bot.html)" "mantech8.com"
185.191.171.13 - - [03/Oct/2022:19:25:45 -0700] "GET /?camp-fire%2F40139017.html HTTP/1.1" 500 - "-" "Mozilla/5.0 (compatible; SemrushBot/7~bl; +http://www.semrush.com/bot.html)" "mantech8.com"
77.75.79.31 - - [03/Oct/2022:19:25:51 -0700] "GET /cleaninggal.php HTTP/1.1" 200 17906 "-" "Mozilla/5.0 (compatible; SeznamBot/4.0-RC1; +http://napoveda.seznam.cz/seznambot-intro/)" "www.mantech8.com"
185.191.171.5 - - [03/Oct/2022:19:26:53 -0700] "GET /?camp-fire%2F7806442.html HTTP/1.1" 500 - "-" "Mozilla/5.0 (compatible; SemrushBot/7~bl; +http://www.semrush.com/bot.html)" "mantech8.com"
185.191.171.22 - - [03/Oct/2022:19:27:36 -0700] "GET /?camp-fire%2F23611606.html HTTP/1.1" 500 - "-" "Mozilla/5.0 (compatible; SemrushBot/7~bl; +http://www.semrush.com/bot.html)" "mantech8.com"
114.119.133.166 - - [03/Oct/2022:19:27:43 -0700] "GET /bimages/client/black2llleaf.php HTTP/1.1" 500 - "http://mantech8.com/bimages/client/?C=N%3BO%3DD" "Mozilla/5.0 (Linux; Android 7.0;) AppleWebKit/537.36 (KHTML, like Gecko) Mobile Safari/537.36 (compatible; PetalBot;+https://webmaster.petalsearch.com/site/petalbot)" "mantech8.com"
185.191.171.23 - - [03/Oct/2022:19:28:22 -0700] "GET /?camp-fire%2F40318550.html HTTP/1.1" 500 - "-" "Mozilla/5.0 (compatible; SemrushBot/7~bl; +http://www.semrush.com/bot.html)" "mantech8.com"
185.191.171.5 - - [03/Oct/2022:19:28:24 -0700] "GET /?camp-fire%2F40406408.html HTTP/1.1" 500 - "-" "Mozilla/5.0 (compatible; SemrushBot/7~bl; +http://www.semrush.com/bot.html)" "mantech8.com"
207.46.13.184 - - [03/Oct/2022:19:28:33 -0700] "GET /index.php?sitemap55.xml HTTP/1.1" 200 335938 "-" "Mozilla/5.0 (compatible; bingbot/2.0; +http://www.bing.com/bingbot.htm)" "mantech8.com"
40.77.167.68 - - [03/Oct/2022:19:28:37 -0700] "GET /index.php?sitemap37.xml HTTP/1.1" 200 263358 "-" "Mozilla/5.0 (compatible; bingbot/2.0; +http://www.bing.com/bingbot.htm)" "mantech8.com"
185.191.171.18 - - [03/Oct/2022:19:28:55 -0700] "GET /?camp-fire%2F32863035.html HTTP/1.1" 500 - "-" "Mozilla/5.0 (compatible; SemrushBot/7~bl; +http://www.semrush.com/bot.html)" "mantech8.com"
185.191.171.24 - - [03/Oct/2022:19:29:13 -0700] "GET /?camp-fire%2F38158203.html HTTP/1.1" 500 - "-" "Mozilla/5.0 (compatible; SemrushBot/7~bl; +http://www.semrush.com/bot.html)" "mantech8.com"
185.191.171.24 - - [03/Oct/2022:19:29:23 -0700] "GET /?camp-fire%2F483469.html HTTP/1.1" 500 - "-" "Mozilla/5.0 (compatible; SemrushBot/7~bl; +http://www.semrush.com/bot.html)" "mantech8.com"
185.191.171.15 - - [03/Oct/2022:19:30:16 -0700] "GET /?camp-fire%2F57715871.html HTTP/1.1" 500 - "-" "Mozilla/5.0 (compatible; SemrushBot/7~bl; +http://www.semrush.com/bot.html)" "mantech8.com"
207.46.13.70 - - [03/Oct/2022:19:30:25 -0700] "GET /?ambrilidine.xml HTTP/1.1" 200 229934 "-" "Mozilla/5.0 (compatible; bingbot/2.0; +http://www.bing.com/bingbot.htm)" "mantech8.com"
207.46.13.184 - - [03/Oct/2022:19:30:33 -0700] "GET /index.php/unistrand.xml HTTP/1.1" 200 241143 "-" "Mozilla/5.0 (compatible; bingbot/2.0; +http://www.bing.com/bingbot.htm)" "mantech8.com"
185.191.171.1 - - [03/Oct/2022:19:30:34 -0700] "GET /?camp-fire%2F91483435.html HTTP/1.1" 500 - "-" "Mozilla/5.0 (compatible; SemrushBot/7~bl; +http://www.semrush.com/bot.html)" "mantech8.com"
40.77.167.72 - - [03/Oct/2022:19:30:50 -0700] "GET /?pettygod.xml HTTP/1.1" 200 234635 "-" "Mozilla/5.0 (compatible; bingbot/2.0; +http://www.bing.com/bingbot.htm)" "mantech8.com"
207.46.13.70 - - [03/Oct/2022:19:30:55 -0700] "GET /index.php?c=product&a=type&tid=24 HTTP/1.1" 200 68335 "-" "Mozilla/5.0 (compatible; bingbot/2.0; +http://www.bing.com/bingbot.htm)" "www.mantech8.com"
185.191.171.36 - - [03/Oct/2022:19:31:22 -0700] "GET /?camp-fire%2F340398.html HTTP/1.1" 500 - "-" "Mozilla/5.0 (compatible; SemrushBot/7~bl; +http://www.semrush.com/bot.html)" "mantech8.com"
185.191.171.18 - - [03/Oct/2022:19:31:24 -0700] "GET /?camp-fire%2F28166253.html HTTP/1.1" 500 - "-" "Mozilla/5.0 (compatible; SemrushBot/7~bl; +http://www.semrush.com/bot.html)" "mantech8.com"
207.46.13.70 - - [03/Oct/2022:19:31:35 -0700] "GET /index.php?reym.xml HTTP/1.1" 200 239671 "-" "Mozilla/5.0 (compatible; bingbot/2.0; +http://www.bing.com/bingbot.htm)" "mantech8.com"
20.191.45.212 - - [03/Oct/2022:19:31:38 -0700] "GET / HTTP/1.1" 500 - "http://mantech8.com/" "Mozilla/5.0 (compatible; DuckDuckGo-Favicons-Bot/1.0; +http://duckduckgo.com)" "mantech8.com"
175.140.48.2 - - [03/Oct/2022:19:31:48 -0700] "GET /hydro.php HTTP/1.1" 200 14239 "-" "Mozilla/5.0 (Windows NT 10.0; Win64; x64) AppleWebKit/537.36 (KHTML, like Gecko) Chrome/106.0.0.0 Safari/537.36" "mantech8.com"
175.140.48.2 - - [03/Oct/2022:19:31:54 -0700] "GET /css/responsive1.css HTTP/1.1" 200 1710 "http://mantech8.com/hydro.php" "Mozilla/5.0 (Windows NT 10.0; Win64; x64) AppleWebKit/537.36 (KHTML, like Gecko) Chrome/106.0.0.0 Safari/537.36" "mantech8.com"
175.140.48.2 - - [03/Oct/2022:19:31:54 -0700] "GET /css/style2.css HTTP/1.1" 200 8414 "http://mantech8.com/hydro.php" "Mozilla/5.0 (Windows NT 10.0; Win64; x64) AppleWebKit/537.36 (KHTML, like Gecko) Chrome/106.0.0.0 Safari/537.36" "mantech8.com"
175.140.48.2 - - [03/Oct/2022:19:31:54 -0700] "GET /css/style.css HTTP/1.1" 200 126990 "http://mantech8.com/hydro.php" "Mozilla/5.0 (Windows NT 10.0; Win64; x64) AppleWebKit/537.36 (KHTML, like Gecko) Chrome/106.0.0.0 Safari/537.36" "mantech8.com"
175.140.48.2 - - [03/Oct/2022:19:31:54 -0700] "GET /css/animate.css HTTP/1.1" 200 4264 "http://mantech8.com/css/style2.css" "Mozilla/5.0 (Windows NT 10.0; Win64; x64) AppleWebKit/537.36 (KHTML, like Gecko) Chrome/106.0.0.0 Safari/537.36" "mantech8.com"
175.140.48.2 - - [03/Oct/2022:19:31:54 -0700] "GET /engine1/jquery.js HTTP/1.1" 200 33282 "http://mantech8.com/hydro.php" "Mozilla/5.0 (Windows NT 10.0; Win64; x64) AppleWebKit/537.36 (KHTML, like Gecko) Chrome/106.0.0.0 Safari/537.36" "mantech8.com"
175.140.48.2 - - [03/Oct/2022:19:31:54 -0700] "GET /css/flaticon.css HTTP/1.1" 200 321 "http://mantech8.com/css/style2.css" "Mozilla/5.0 (Windows NT 10.0; Win64; x64) AppleWebKit/537.36 (KHTML, like Gecko) Chrome/106.0.0.0 Safari/537.36" "mantech8.com"
175.140.48.2 - - [03/Oct/2022:19:31:55 -0700] "GET /css/hover.css HTTP/1.1" 200 8530 "http://mantech8.com/css/style2.css" "Mozilla/5.0 (Windows NT 10.0; Win64; x64) AppleWebKit/537.36 (KHTML, like Gecko) Chrome/106.0.0.0 Safari/537.36" "mantech8.com"
175.140.48.2 - - [03/Oct/2022:19:31:55 -0700] "GET /css/font-awesome.css HTTP/1.1" 200 5793 "http://mantech8.com/css/style2.css" "Mozilla/5.0 (Windows NT 10.0; Win64; x64) AppleWebKit/537.36 (KHTML, like Gecko) Chrome/106.0.0.0 Safari/537.36" "mantech8.com"
175.140.48.2 - - [03/Oct/2022:19:31:56 -0700] "GET /js/script1.js HTTP/1.1" 200 2007 "http://mantech8.com/hydro.php" "Mozilla/5.0 (Windows NT 10.0; Win64; x64) AppleWebKit/537.36 (KHTML, like Gecko) Chrome/106.0.0.0 Safari/537.36" "mantech8.com"
175.140.48.2 - - [03/Oct/2022:19:31:56 -0700] "GET /js/bootstrap.min.js HTTP/1.1" 200 9765 "http://mantech8.com/hydro.php" "Mozilla/5.0 (Windows NT 10.0; Win64; x64) AppleWebKit/537.36 (KHTML, like Gecko) Chrome/106.0.0.0 Safari/537.36" "mantech8.com"
175.140.48.2 - - [03/Oct/2022:19:31:56 -0700] "GET /images/flag-23-gif.gif HTTP/1.1" 200 20141 "http://mantech8.com/hydro.php" "Mozilla/5.0 (Windows NT 10.0; Win64; x64) AppleWebKit/537.36 (KHTML, like Gecko) Chrome/106.0.0.0 Safari/537.36" "mantech8.com"
175.140.48.2 - - [03/Oct/2022:19:31:57 -0700] "GET /fonts/MaterialIcons-Regular.woff2 HTTP/1.1" 200 36888 "http://mantech8.com/css/style.css" "Mozilla/5.0 (Windows NT 10.0; Win64; x64) AppleWebKit/537.36 (KHTML, like Gecko) Chrome/106.0.0.0 Safari/537.36" "mantech8.com"
175.140.48.2 - - [03/Oct/2022:19:31:57 -0700] "GET /images/logo1.png HTTP/1.1" 200 2143 "http://mantech8.com/hydro.php" "Mozilla/5.0 (Windows NT 10.0; Win64; x64) AppleWebKit/537.36 (KHTML, like Gecko) Chrome/106.0.0.0 Safari/537.36" "mantech8.com"
185.191.171.45 - - [03/Oct/2022:19:31:57 -0700] "GET /?camp-fire%2F47803778.html HTTP/1.1" 500 - "-" "Mozilla/5.0 (compatible; SemrushBot/7~bl; +http://www.semrush.com/bot.html)" "mantech8.com"
175.140.48.2 - - [03/Oct/2022:19:31:57 -0700] "GET /js/core.min.js HTTP/1.1" 200 42721 "http://mantech8.com/hydro.php" "Mozilla/5.0 (Windows NT 10.0; Win64; x64) AppleWebKit/537.36 (KHTML, like Gecko) Chrome/106.0.0.0 Safari/537.36" "mantech8.com"
175.140.48.2 - - [03/Oct/2022:19:31:57 -0700] "GET /fonts/fontawesome-webfont.woff2?v=4.5.0 HTTP/1.1" 200 66624 "http://mantech8.com/css/style.css" "Mozilla/5.0 (Windows NT 10.0; Win64; x64) AppleWebKit/537.36 (KHTML, like Gecko) Chrome/106.0.0.0 Safari/537.36" "mantech8.com"
175.140.48.2 - - [03/Oct/2022:19:31:57 -0700] "GET /js/script.js HTTP/1.1" 200 7687 "http://mantech8.com/hydro.php" "Mozilla/5.0 (Windows NT 10.0; Win64; x64) AppleWebKit/537.36 (KHTML, like Gecko) Chrome/106.0.0.0 Safari/537.36" "mantech8.com"
175.140.48.2 - - [03/Oct/2022:19:31:57 -0700] "GET /bimages/ework/sh3.jpg HTTP/1.1" 200 172700 "http://mantech8.com/hydro.php" "Mozilla/5.0 (Windows NT 10.0; Win64; x64) AppleWebKit/537.36 (KHTML, like Gecko) Chrome/106.0.0.0 Safari/537.36" "mantech8.com"
175.140.48.2 - - [03/Oct/2022:19:31:59 -0700] "GET /js/wow.min.js HTTP/1.1" 200 2731 "http://mantech8.com/hydro.php" "Mozilla/5.0 (Windows NT 10.0; Win64; x64) AppleWebKit/537.36 (KHTML, like Gecko) Chrome/106.0.0.0 Safari/537.36" "mantech8.com"
175.140.48.2 - - [03/Oct/2022:19:31:59 -0700] "GET /js/jquery.ui.totop.min.js HTTP/1.1" 200 510 "http://mantech8.com/hydro.php" "Mozilla/5.0 (Windows NT 10.0; Win64; x64) AppleWebKit/537.36 (KHTML, like Gecko) Chrome/106.0.0.0 Safari/537.36" "mantech8.com"
175.140.48.2 - - [03/Oct/2022:19:32:01 -0700] "GET /images/favicon.ico HTTP/1.1" 200 241886 "http://mantech8.com/hydro.php" "Mozilla/5.0 (Windows NT 10.0; Win64; x64) AppleWebKit/537.36 (KHTML, like Gecko) Chrome/106.0.0.0 Safari/537.36" "mantech8.com"
185.191.171.35 - - [03/Oct/2022:19:32:40 -0700] "GET /?camp-fire%2F19794208.html HTTP/1.1" 500 - "-" "Mozilla/5.0 (compatible; SemrushBot/7~bl; +http://www.semrush.com/bot.html)" "mantech8.com"
40.77.167.58 - - [03/Oct/2022:19:32:44 -0700] "GET /index.php?c=article&a=type&tid=86 HTTP/1.1" 200 58019 "-" "Mozilla/5.0 AppleWebKit/537.36 (KHTML, like Gecko; compatible; bingbot/2.0; +http://www.bing.com/bingbot.htm) Chrome/103.0.5060.134 Safari/537.36" "www.mantech8.com"
185.191.171.5 - - [03/Oct/2022:19:33:03 -0700] "GET /?camp-fire%2F31846880.html HTTP/1.1" 500 - "-" "Mozilla/5.0 (compatible; SemrushBot/7~bl; +http://www.semrush.com/bot.html)" "mantech8.com"
40.77.167.72 - - [03/Oct/2022:19:33:30 -0700] "GET /index.php/sitemap-index-1.xml HTTP/1.1" 200 5405 "-" "Mozilla/5.0 (compatible; bingbot/2.0; +http://www.bing.com/bingbot.htm)" "mantech8.com"
40.77.167.72 - - [03/Oct/2022:19:33:30 -0700] "GET /qiaojis.xml HTTP/1.1" 404 88 "-" "Mozilla/5.0 (compatible; bingbot/2.0; +http://www.bing.com/bingbot.htm)" "mantech8.com"
40.77.167.72 - - [03/Oct/2022:19:33:30 -0700] "GET /allocation.xml HTTP/1.1" 404 88 "-" "Mozilla/5.0 AppleWebKit/537.36 (KHTML, like Gecko; compatible; bingbot/2.0; +http://www.bing.com/bingbot.htm) Chrome/103.0.5060.134 Safari/537.36" "mantech8.com"
40.77.167.72 - - [03/Oct/2022:19:33:30 -0700] "GET /index.php/sitemap4099.xml HTTP/1.1" 200 347104 "-" "Mozilla/5.0 (compatible; bingbot/2.0; +http://www.bing.com/bingbot.htm)" "mantech8.com"
40.77.167.72 - - [03/Oct/2022:19:33:31 -0700] "GET /index.php/interphalangeal.xml HTTP/1.1" 200 264465 "-" "Mozilla/5.0 AppleWebKit/537.36 (KHTML, like Gecko; compatible; bingbot/2.0; +http://www.bing.com/bingbot.htm) Chrome/103.0.5060.134 Safari/537.36" "mantech8.com"
40.77.167.72 - - [03/Oct/2022:19:33:32 -0700] "GET /index.php?sitemap18039.xml HTTP/1.1" 200 262286 "-" "Mozilla/5.0 (compatible; bingbot/2.0; +http://www.bing.com/bingbot.htm)" "mantech8.com"
40.77.167.72 - - [03/Oct/2022:19:33:32 -0700] "GET /sitemap-index-5.xml HTTP/1.1" 404 88 "-" "Mozilla/5.0 (compatible; bingbot/2.0; +http://www.bing.com/bingbot.htm)" "mantech8.com"
40.77.167.72 - - [03/Oct/2022:19:33:32 -0700] "GET /?sitemap71.xml HTTP/1.1" 200 231155 "-" "Mozilla/5.0 (compatible; bingbot/2.0; +http://www.bing.com/bingbot.htm)" "mantech8.com"
40.77.167.72 - - [03/Oct/2022:19:33:33 -0700] "GET /index.php?sitemap17.xml HTTP/1.1" 200 338158 "-" "Mozilla/5.0 (compatible; bingbot/2.0; +http://www.bing.com/bingbot.htm)" "mantech8.com"
40.77.167.72 - - [03/Oct/2022:19:33:33 -0700] "GET /?steaded.xml HTTP/1.1" 200 319064 "-" "Mozilla/5.0 (compatible; bingbot/2.0; +http://www.bing.com/bingbot.htm)" "mantech8.com"
40.77.167.72 - - [03/Oct/2022:19:33:34 -0700] "GET /?sitemap12592.xml HTTP/1.1" 200 314504 "-" "Mozilla/5.0 (compatible; bingbot/2.0; +http://www.bing.com/bingbot.htm)" "mantech8.com"
40.77.167.72 - - [03/Oct/2022:19:33:34 -0700] "GET /?sitemap63.xml HTTP/1.1" 200 270224 "-" "Mozilla/5.0 (compatible; bingbot/2.0; +http://www.bing.com/bingbot.htm)" "mantech8.com"
40.77.167.72 - - [03/Oct/2022:19:33:35 -0700] "GET /index.php/sitemap241.xml HTTP/1.1" 200 339440 "-" "Mozilla/5.0 (compatible; bingbot/2.0; +http://www.bing.com/bingbot.htm)" "mantech8.com"
40.77.167.72 - - [03/Oct/2022:19:33:35 -0700] "GET /?kiger.xml HTTP/1.1" 200 224548 "-" "Mozilla/5.0 (compatible; bingbot/2.0; +http://www.bing.com/bingbot.htm)" "mantech8.com"
40.77.167.72 - - [03/Oct/2022:19:33:36 -0700] "GET /index.php?sitemap53200.xml HTTP/1.1" 200 276607 "-" "Mozilla/5.0 AppleWebKit/537.36 (KHTML, like Gecko; compatible; bingbot/2.0; +http://www.bing.com/bingbot.htm) Chrome/103.0.5060.134 Safari/537.36" "mantech8.com"
40.77.167.72 - - [03/Oct/2022:19:33:36 -0700] "GET /sitemap4.xml HTTP/1.1" 404 88 "-" "Mozilla/5.0 (compatible; bingbot/2.0; +http://www.bing.com/bingbot.htm)" "mantech8.com"
40.77.167.72 - - [03/Oct/2022:19:33:36 -0700] "GET /?sitemap8196.xml HTTP/1.1" 200 264740 "-" "Mozilla/5.0 (compatible; bingbot/2.0; +http://www.bing.com/bingbot.htm)" "mantech8.com"
40.77.167.72 - - [03/Oct/2022:19:33:37 -0700] "GET /?sitemap30396.xml HTTP/1.1" 200 310328 "-" "Mozilla/5.0 (compatible; bingbot/2.0; +http://www.bing.com/bingbot.htm)" "mantech8.com"
