185.191.171.10 - - [03/Oct/2022:17:59:25 -0700] "GET /?camp-fire%2F15518000.html HTTP/1.1" 500 - "-" "Mozilla/5.0 (compatible; SemrushBot/7~bl; +http://www.semrush.com/bot.html)" "mantech8.com"
207.46.13.63 - - [03/Oct/2022:17:59:30 -0700] "GET /index.php?c=product&a=type&tid=55 HTTP/1.1" 200 52809 "-" "Mozilla/5.0 (compatible; bingbot/2.0; +http://www.bing.com/bingbot.htm)" "www.mantech8.com"
207.46.13.63 - - [03/Oct/2022:17:59:48 -0700] "GET /index.php/diethers.xml HTTP/1.1" 200 284670 "-" "Mozilla/5.0 AppleWebKit/537.36 (KHTML, like Gecko; compatible; bingbot/2.0; +http://www.bing.com/bingbot.htm) Chrome/103.0.5060.134 Safari/537.36" "mantech8.com"
185.191.171.10 - - [03/Oct/2022:17:59:50 -0700] "GET /?camp-fire%2F28783671.html HTTP/1.1" 500 - "-" "Mozilla/5.0 (compatible; SemrushBot/7~bl; +http://www.semrush.com/bot.html)" "mantech8.com"
185.191.171.21 - - [03/Oct/2022:17:59:57 -0700] "GET /?camp-fire%2F3872274.html HTTP/1.1" 500 - "-" "Mozilla/5.0 (compatible; SemrushBot/7~bl; +http://www.semrush.com/bot.html)" "mantech8.com"
40.77.167.72 - - [03/Oct/2022:18:00:21 -0700] "GET /index.php/sitemap4099.xml HTTP/1.1" 200 344900 "-" "Mozilla/5.0 (compatible; bingbot/2.0; +http://www.bing.com/bingbot.htm)" "mantech8.com"
185.191.171.11 - - [03/Oct/2022:18:00:39 -0700] "GET /?camp-fire%2F78704865.html HTTP/1.1" 500 - "-" "Mozilla/5.0 (compatible; SemrushBot/7~bl; +http://www.semrush.com/bot.html)" "mantech8.com"
185.191.171.3 - - [03/Oct/2022:18:01:07 -0700] "GET /?camp-fire%2F26157682.html HTTP/1.1" 500 - "-" "Mozilla/5.0 (compatible; SemrushBot/7~bl; +http://www.semrush.com/bot.html)" "mantech8.com"
176.111.173.113 - - [03/Oct/2022:18:01:39 -0700] "GET /contact.php HTTP/1.1" 200 29238 "http://mantech8.com/contact.php" "Mozilla/5.0 (Windows NT 6.1; WOW64; rv:27.0) Gecko/20100101 Firefox/27.0" "mantech8.com"
176.111.173.113 - - [03/Oct/2022:18:01:39 -0700] "GET /verificationimage.php?6991 HTTP/1.1" 200 1337 "http://mantech8.com/contact.php" "Mozilla/5.0 (Windows NT 6.1; WOW64; rv:27.0) Gecko/20100101 Firefox/27.0" "mantech8.com"
176.111.173.113 - - [03/Oct/2022:18:01:40 -0700] "POST /mailer.php HTTP/1.1" 500 - "http://mantech8.com/contact.php" "Mozilla/5.0 (Windows NT 6.1; WOW64; rv:27.0) Gecko/20100101 Firefox/27.0" "mantech8.com"
40.77.167.72 - - [03/Oct/2022:18:01:41 -0700] "GET /?ascensor.xml HTTP/1.1" 200 263291 "-" "Mozilla/5.0 (compatible; bingbot/2.0; +http://www.bing.com/bingbot.htm)" "mantech8.com"
185.191.171.6 - - [03/Oct/2022:18:01:48 -0700] "GET /?camp-fire%2F5305177.html HTTP/1.1" 500 - "-" "Mozilla/5.0 (compatible; SemrushBot/7~bl; +http://www.semrush.com/bot.html)" "mantech8.com"
20.25.149.141 - - [03/Oct/2022:18:01:56 -0700] "GET /wp-content/themes/seotheme/db.php?u HTTP/1.1" 404 88 "www.google.com" "Mozlila/5.0 (Linux; Android 7.0; SM-G892A Bulid/NRD90M; wv) AppleWebKit/537.36 (KHTML, like Gecko) Version/4.0 Chrome/60.0.3112.107 Moblie Safari/537.36" "mantech8.com"
207.46.13.70 - - [03/Oct/2022:18:01:57 -0700] "GET /index.php?c=product&a=type&tid=25 HTTP/1.1" 200 58048 "-" "Mozilla/5.0 (compatible; bingbot/2.0; +http://www.bing.com/bingbot.htm)" "www.mantech8.com"
20.25.149.141 - - [03/Oct/2022:18:02:01 -0700] "GET /wp-content/themes/seotheme/db.php?u HTTP/1.1" 404 88 "www.google.com" "Mozlila/5.0 (Linux; Android 7.0; SM-G892A Bulid/NRD90M; wv) AppleWebKit/537.36 (KHTML, like Gecko) Version/4.0 Chrome/60.0.3112.107 Moblie Safari/537.36" "mantech8.com"
207.46.13.70 - - [03/Oct/2022:18:02:16 -0700] "GET /index.php/biopoesis.xml HTTP/1.1" 200 314083 "-" "Mozilla/5.0 (compatible; bingbot/2.0; +http://www.bing.com/bingbot.htm)" "mantech8.com"
185.191.171.40 - - [03/Oct/2022:18:02:18 -0700] "GET /?camp-fire%2F42664241.html HTTP/1.1" 500 - "-" "Mozilla/5.0 (compatible; SemrushBot/7~bl; +http://www.semrush.com/bot.html)" "mantech8.com"
40.77.167.68 - - [03/Oct/2022:18:02:28 -0700] "GET /index.php?c=product&a=type&tid=79 HTTP/1.1" 200 44485 "-" "Mozilla/5.0 (compatible; bingbot/2.0; +http://www.bing.com/bingbot.htm)" "www.mantech8.com"
185.191.171.2 - - [03/Oct/2022:18:02:47 -0700] "GET /?camp-fire%2F31841655.html HTTP/1.1" 500 - "-" "Mozilla/5.0 (compatible; SemrushBot/7~bl; +http://www.semrush.com/bot.html)" "mantech8.com"
185.191.171.23 - - [03/Oct/2022:18:02:52 -0700] "GET /?camp-fire%2F43268566.html HTTP/1.1" 500 - "-" "Mozilla/5.0 (compatible; SemrushBot/7~bl; +http://www.semrush.com/bot.html)" "mantech8.com"
185.191.171.38 - - [03/Oct/2022:18:02:55 -0700] "GET /?camp-fire%2F6031585.html HTTP/1.1" 500 - "-" "Mozilla/5.0 (compatible; SemrushBot/7~bl; +http://www.semrush.com/bot.html)" "mantech8.com"
207.46.13.184 - - [03/Oct/2022:18:02:59 -0700] "GET /index.php?sitemap95.xml HTTP/1.1" 200 294054 "-" "Mozilla/5.0 AppleWebKit/537.36 (KHTML, like Gecko; compatible; bingbot/2.0; +http://www.bing.com/bingbot.htm) Chrome/103.0.5060.134 Safari/537.36" "mantech8.com"
40.77.167.58 - - [03/Oct/2022:18:03:04 -0700] "GET /?sitemap9084.xml HTTP/1.1" 200 316766 "-" "Mozilla/5.0 (compatible; bingbot/2.0; +http://www.bing.com/bingbot.htm)" "mantech8.com"
185.191.171.2 - - [03/Oct/2022:18:03:05 -0700] "GET /?camp-fire%2F39631609.html HTTP/1.1" 500 - "-" "Mozilla/5.0 (compatible; SemrushBot/7~bl; +http://www.semrush.com/bot.html)" "mantech8.com"
185.191.171.23 - - [03/Oct/2022:18:03:15 -0700] "GET /?camp-fire%2F32507468.html HTTP/1.1" 500 - "-" "Mozilla/5.0 (compatible; SemrushBot/7~bl; +http://www.semrush.com/bot.html)" "mantech8.com"
185.191.171.22 - - [03/Oct/2022:18:03:25 -0700] "GET /?camp-fire%2F21562935.html HTTP/1.1" 500 - "-" "Mozilla/5.0 (compatible; SemrushBot/7~bl; +http://www.semrush.com/bot.html)" "mantech8.com"
185.191.171.37 - - [03/Oct/2022:18:03:40 -0700] "GET /?camp-fire%2F24429480.html HTTP/1.1" 500 - "-" "Mozilla/5.0 (compatible; SemrushBot/7~bl; +http://www.semrush.com/bot.html)" "mantech8.com"
185.191.171.1 - - [03/Oct/2022:18:03:59 -0700] "GET /?camp-fire%2F39777517.html HTTP/1.1" 500 - "-" "Mozilla/5.0 (compatible; SemrushBot/7~bl; +http://www.semrush.com/bot.html)" "mantech8.com"
185.191.171.4 - - [03/Oct/2022:18:04:26 -0700] "GET /?camp-fire%2F58657241.html HTTP/1.1" 500 - "-" "Mozilla/5.0 (compatible; SemrushBot/7~bl; +http://www.semrush.com/bot.html)" "mantech8.com"
185.191.171.41 - - [03/Oct/2022:18:04:29 -0700] "GET /?camp-fire%2F42194649.html HTTP/1.1" 500 - "-" "Mozilla/5.0 (compatible; SemrushBot/7~bl; +http://www.semrush.com/bot.html)" "mantech8.com"
207.46.13.184 - - [03/Oct/2022:18:04:39 -0700] "GET /index.php?camp-fire/11949174.html HTTP/1.1" 200 72218 "-" "Mozilla/5.0 (compatible; bingbot/2.0; +http://www.bing.com/bingbot.htm)" "www.mantech8.com"
114.119.133.158 - - [03/Oct/2022:18:04:41 -0700] "GET /bimages/ework/?C=S%3BO%3DA HTTP/1.1" 200 419 "http://mantech8.com/bimages/ework/?C=D%3BO%3DA" "Mozilla/5.0 (Linux; Android 7.0;) AppleWebKit/537.36 (KHTML, like Gecko) Mobile Safari/537.36 (compatible; PetalBot;+https://webmaster.petalsearch.com/site/petalbot)" "mantech8.com"
185.191.171.24 - - [03/Oct/2022:18:04:52 -0700] "GET /?camp-fire%2F35286538.html HTTP/1.1" 500 - "-" "Mozilla/5.0 (compatible; SemrushBot/7~bl; +http://www.semrush.com/bot.html)" "mantech8.com"
185.191.171.24 - - [03/Oct/2022:18:05:01 -0700] "GET /?camp-fire%2F34806908.html HTTP/1.1" 500 - "-" "Mozilla/5.0 (compatible; SemrushBot/7~bl; +http://www.semrush.com/bot.html)" "mantech8.com"
185.191.171.11 - - [03/Oct/2022:18:05:08 -0700] "GET /?camp-fire%2F28277127.html HTTP/1.1" 500 - "-" "Mozilla/5.0 (compatible; SemrushBot/7~bl; +http://www.semrush.com/bot.html)" "mantech8.com"
40.77.167.68 - - [03/Oct/2022:18:05:08 -0700] "GET /index.php?c=product&a=type&tid=75 HTTP/1.1" 200 76338 "-" "Mozilla/5.0 (compatible; bingbot/2.0; +http://www.bing.com/bingbot.htm)" "www.mantech8.com"
185.191.171.19 - - [03/Oct/2022:18:05:17 -0700] "GET /?camp-fire%2F15452083.html HTTP/1.1" 500 - "-" "Mozilla/5.0 (compatible; SemrushBot/7~bl; +http://www.semrush.com/bot.html)" "mantech8.com"
185.191.171.2 - - [03/Oct/2022:18:05:30 -0700] "GET /?camp-fire%2F19968132.html HTTP/1.1" 500 - "-" "Mozilla/5.0 (compatible; SemrushBot/7~bl; +http://www.semrush.com/bot.html)" "mantech8.com"
185.191.171.22 - - [03/Oct/2022:18:05:36 -0700] "GET /?camp-fire%2F31246750.html HTTP/1.1" 500 - "-" "Mozilla/5.0 (compatible; SemrushBot/7~bl; +http://www.semrush.com/bot.html)" "mantech8.com"
185.191.171.24 - - [03/Oct/2022:18:06:04 -0700] "GET /?camp-fire%2F3323300.html HTTP/1.1" 500 - "-" "Mozilla/5.0 (compatible; SemrushBot/7~bl; +http://www.semrush.com/bot.html)" "mantech8.com"
185.191.171.8 - - [03/Oct/2022:18:06:34 -0700] "GET /?camp-fire%2F17526227.html HTTP/1.1" 500 - "-" "Mozilla/5.0 (compatible; SemrushBot/7~bl; +http://www.semrush.com/bot.html)" "mantech8.com"
207.46.13.63 - - [03/Oct/2022:18:07:19 -0700] "GET /?biters.xml HTTP/1.1" 200 259811 "-" "Mozilla/5.0 AppleWebKit/537.36 (KHTML, like Gecko; compatible; bingbot/2.0; +http://www.bing.com/bingbot.htm) Chrome/103.0.5060.134 Safari/537.36" "mantech8.com"
40.77.167.72 - - [03/Oct/2022:18:07:23 -0700] "GET /index.php?steaded.xml HTTP/1.1" 200 241143 "-" "Mozilla/5.0 (compatible; bingbot/2.0; +http://www.bing.com/bingbot.htm)" "mantech8.com"
185.191.171.11 - - [03/Oct/2022:18:07:28 -0700] "GET /?camp-fire%2F4317796.html HTTP/1.1" 500 - "-" "Mozilla/5.0 (compatible; SemrushBot/7~bl; +http://www.semrush.com/bot.html)" "mantech8.com"
207.46.13.184 - - [03/Oct/2022:18:07:30 -0700] "GET /bimages/gallery/thump/paint%20b4.jpg HTTP/1.1" 200 142441 "-" "Mozilla/5.0 (compatible; bingbot/2.0; +http://www.bing.com/bingbot.htm)" "www.mantech8.com"
185.191.171.11 - - [03/Oct/2022:18:07:48 -0700] "GET /?camp-fire%2F16558765.html HTTP/1.1" 500 - "-" "Mozilla/5.0 (compatible; SemrushBot/7~bl; +http://www.semrush.com/bot.html)" "mantech8.com"
207.46.13.184 - - [03/Oct/2022:18:07:50 -0700] "GET /index.php?sitemap1766.xml HTTP/1.1" 200 273031 "-" "Mozilla/5.0 (compatible; bingbot/2.0; +http://www.bing.com/bingbot.htm)" "mantech8.com"
207.46.13.184 - - [03/Oct/2022:18:07:51 -0700] "GET /index.php?sitemap8327.xml HTTP/1.1" 200 309942 "-" "Mozilla/5.0 (compatible; bingbot/2.0; +http://www.bing.com/bingbot.htm)" "mantech8.com"
207.46.13.184 - - [03/Oct/2022:18:07:52 -0700] "GET /index.php?sitemap87.xml HTTP/1.1" 200 324544 "-" "Mozilla/5.0 (compatible; bingbot/2.0; +http://www.bing.com/bingbot.htm)" "mantech8.com"
207.46.13.184 - - [03/Oct/2022:18:07:53 -0700] "GET /index.php?sitemap4.xml HTTP/1.1" 200 253464 "-" "Mozilla/5.0 (compatible; bingbot/2.0; +http://www.bing.com/bingbot.htm)" "mantech8.com"
207.46.13.184 - - [03/Oct/2022:18:07:54 -0700] "GET /index.php?sitemap2878.xml HTTP/1.1" 200 265681 "-" "Mozilla/5.0 (compatible; bingbot/2.0; +http://www.bing.com/bingbot.htm)" "mantech8.com"
207.46.13.184 - - [03/Oct/2022:18:07:55 -0700] "GET /index.php?sitemap2147.xml HTTP/1.1" 200 283713 "-" "Mozilla/5.0 (compatible; bingbot/2.0; +http://www.bing.com/bingbot.htm)" "mantech8.com"
207.46.13.184 - - [03/Oct/2022:18:07:56 -0700] "GET /index.php/benfica.xml HTTP/1.1" 200 287825 "-" "Mozilla/5.0 (compatible; bingbot/2.0; +http://www.bing.com/bingbot.htm)" "mantech8.com"
40.77.167.72 - - [03/Oct/2022:18:07:56 -0700] "GET /index.php?sitemap22.xml HTTP/1.1" 200 328776 "-" "Mozilla/5.0 (compatible; bingbot/2.0; +http://www.bing.com/bingbot.htm)" "mantech8.com"
40.77.167.72 - - [03/Oct/2022:18:07:57 -0700] "GET /index.php?sitemap55425.xml HTTP/1.1" 200 346718 "-" "Mozilla/5.0 (compatible; bingbot/2.0; +http://www.bing.com/bingbot.htm)" "mantech8.com"
40.77.167.72 - - [03/Oct/2022:18:07:57 -0700] "GET /index.php?sitemap80.xml HTTP/1.1" 200 304331 "-" "Mozilla/5.0 AppleWebKit/537.36 (KHTML, like Gecko; compatible; bingbot/2.0; +http://www.bing.com/bingbot.htm) Chrome/103.0.5060.134 Safari/537.36" "mantech8.com"
40.77.167.72 - - [03/Oct/2022:18:07:58 -0700] "GET /index.php?sitemap39.xml HTTP/1.1" 200 258964 "-" "Mozilla/5.0 AppleWebKit/537.36 (KHTML, like Gecko; compatible; bingbot/2.0; +http://www.bing.com/bingbot.htm) Chrome/103.0.5060.134 Safari/537.36" "mantech8.com"
40.77.167.72 - - [03/Oct/2022:18:07:58 -0700] "GET /index.php?sitemap396.xml HTTP/1.1" 200 310263 "-" "Mozilla/5.0 AppleWebKit/537.36 (KHTML, like Gecko; compatible; bingbot/2.0; +http://www.bing.com/bingbot.htm) Chrome/103.0.5060.134 Safari/537.36" "mantech8.com"
40.77.167.72 - - [03/Oct/2022:18:07:59 -0700] "GET /index.php?sitemap5652.xml HTTP/1.1" 200 238410 "-" "Mozilla/5.0 (compatible; bingbot/2.0; +http://www.bing.com/bingbot.htm)" "mantech8.com"
207.46.13.184 - - [03/Oct/2022:18:08:00 -0700] "GET /index.php?sitemap8252.xml HTTP/1.1" 200 241862 "-" "Mozilla/5.0 (compatible; bingbot/2.0; +http://www.bing.com/bingbot.htm)" "mantech8.com"
40.77.167.68 - - [03/Oct/2022:18:08:02 -0700] "GET /index.php?sitemap394.xml HTTP/1.1" 200 300710 "-" "Mozilla/5.0 (compatible; bingbot/2.0; +http://www.bing.com/bingbot.htm)" "mantech8.com"
40.77.167.68 - - [03/Oct/2022:18:08:03 -0700] "GET /index.php?sitemap90.xml HTTP/1.1" 200 267230 "-" "Mozilla/5.0 AppleWebKit/537.36 (KHTML, like Gecko; compatible; bingbot/2.0; +http://www.bing.com/bingbot.htm) Chrome/103.0.5060.134 Safari/537.36" "mantech8.com"
40.77.167.68 - - [03/Oct/2022:18:08:03 -0700] "GET /index.php?sitemap9169.xml HTTP/1.1" 200 299270 "-" "Mozilla/5.0 (compatible; bingbot/2.0; +http://www.bing.com/bingbot.htm)" "mantech8.com"
40.77.167.68 - - [03/Oct/2022:18:08:04 -0700] "GET /index.php?sitemap9745.xml HTTP/1.1" 200 243334 "-" "Mozilla/5.0 (compatible; bingbot/2.0; +http://www.bing.com/bingbot.htm)" "mantech8.com"
40.77.167.68 - - [03/Oct/2022:18:08:04 -0700] "GET /index.php?sitemap13004.xml HTTP/1.1" 200 300374 "-" "Mozilla/5.0 (compatible; bingbot/2.0; +http://www.bing.com/bingbot.htm)" "mantech8.com"
40.77.167.68 - - [03/Oct/2022:18:08:05 -0700] "GET /index.php?sitemap939.xml HTTP/1.1" 200 339295 "-" "Mozilla/5.0 (compatible; bingbot/2.0; +http://www.bing.com/bingbot.htm)" "mantech8.com"
40.77.167.68 - - [03/Oct/2022:18:08:06 -0700] "GET /index.php?sitemap508.xml HTTP/1.1" 200 301809 "-" "Mozilla/5.0 (compatible; bingbot/2.0; +http://www.bing.com/bingbot.htm)" "mantech8.com"
40.77.167.68 - - [03/Oct/2022:18:08:06 -0700] "GET /index.php?sitemap8793.xml HTTP/1.1" 200 318038 "-" "Mozilla/5.0 (compatible; bingbot/2.0; +http://www.bing.com/bingbot.htm)" "mantech8.com"
40.77.167.68 - - [03/Oct/2022:18:08:07 -0700] "GET /index.php?sitemap88.xml HTTP/1.1" 200 344941 "-" "Mozilla/5.0 (compatible; bingbot/2.0; +http://www.bing.com/bingbot.htm)" "mantech8.com"
40.77.167.58 - - [03/Oct/2022:18:08:11 -0700] "GET /index.php?sitemap15316.xml HTTP/1.1" 200 259710 "-" "Mozilla/5.0 (compatible; bingbot/2.0; +http://www.bing.com/bingbot.htm)" "mantech8.com"
40.77.167.58 - - [03/Oct/2022:18:08:12 -0700] "GET /index.php?sitemap7.xml HTTP/1.1" 200 309309 "-" "Mozilla/5.0 (compatible; bingbot/2.0; +http://www.bing.com/bingbot.htm)" "mantech8.com"
40.77.167.58 - - [03/Oct/2022:18:08:12 -0700] "GET /index.php?sitemap5989.xml HTTP/1.1" 200 288750 "-" "Mozilla/5.0 (compatible; bingbot/2.0; +http://www.bing.com/bingbot.htm)" "mantech8.com"
40.77.167.58 - - [03/Oct/2022:18:08:13 -0700] "GET /index.php?sitemap958.xml HTTP/1.1" 200 275726 "-" "Mozilla/5.0 (compatible; bingbot/2.0; +http://www.bing.com/bingbot.htm)" "mantech8.com"
40.77.167.58 - - [03/Oct/2022:18:08:13 -0700] "GET /index.php?sitemap51815.xml HTTP/1.1" 200 269912 "-" "Mozilla/5.0 (compatible; bingbot/2.0; +http://www.bing.com/bingbot.htm)" "mantech8.com"
40.77.167.58 - - [03/Oct/2022:18:08:14 -0700] "GET /index.php?sitemap29792.xml HTTP/1.1" 200 311966 "-" "Mozilla/5.0 (compatible; bingbot/2.0; +http://www.bing.com/bingbot.htm)" "mantech8.com"
40.77.167.58 - - [03/Oct/2022:18:08:14 -0700] "GET /index.php?sitemap29.xml HTTP/1.1" 200 268348 "-" "Mozilla/5.0 (compatible; bingbot/2.0; +http://www.bing.com/bingbot.htm)" "mantech8.com"
40.77.167.58 - - [03/Oct/2022:18:08:15 -0700] "GET /index.php?sitemap1.xml HTTP/1.1" 200 260436 "-" "Mozilla/5.0 AppleWebKit/537.36 (KHTML, like Gecko; compatible; bingbot/2.0; +http://www.bing.com/bingbot.htm) Chrome/103.0.5060.134 Safari/537.36" "mantech8.com"
40.77.167.58 - - [03/Oct/2022:18:08:15 -0700] "GET /index.php?sitemap5194.xml HTTP/1.1" 200 298933 "-" "Mozilla/5.0 (compatible; bingbot/2.0; +http://www.bing.com/bingbot.htm)" "mantech8.com"
207.46.13.70 - - [03/Oct/2022:18:08:20 -0700] "GET /index.php?sitemap5031.xml HTTP/1.1" 200 341368 "-" "Mozilla/5.0 AppleWebKit/537.36 (KHTML, like Gecko; compatible; bingbot/2.0; +http://www.bing.com/bingbot.htm) Chrome/103.0.5060.134 Safari/537.36" "mantech8.com"
207.46.13.70 - - [03/Oct/2022:18:08:21 -0700] "GET /index.php?sitemap2039.xml HTTP/1.1" 200 301910 "-" "Mozilla/5.0 (compatible; bingbot/2.0; +http://www.bing.com/bingbot.htm)" "mantech8.com"
207.46.13.70 - - [03/Oct/2022:18:08:22 -0700] "GET /index.php?sitemap4541.xml HTTP/1.1" 200 272765 "-" "Mozilla/5.0 (compatible; bingbot/2.0; +http://www.bing.com/bingbot.htm)" "mantech8.com"
207.46.13.70 - - [03/Oct/2022:18:08:23 -0700] "GET /index.php?sitemap977.xml HTTP/1.1" 200 345182 "-" "Mozilla/5.0 (compatible; bingbot/2.0; +http://www.bing.com/bingbot.htm)" "mantech8.com"
207.46.13.70 - - [03/Oct/2022:18:08:23 -0700] "GET /index.php?sitemap4660.xml HTTP/1.1" 200 320084 "-" "Mozilla/5.0 (compatible; bingbot/2.0; +http://www.bing.com/bingbot.htm)" "mantech8.com"
207.46.13.70 - - [03/Oct/2022:18:08:24 -0700] "GET /index.php?sitemap39225.xml HTTP/1.1" 200 241862 "-" "Mozilla/5.0 (compatible; bingbot/2.0; +http://www.bing.com/bingbot.htm)" "mantech8.com"
207.46.13.70 - - [03/Oct/2022:18:08:25 -0700] "GET /index.php?sitemap9205.xml HTTP/1.1" 200 297798 "-" "Mozilla/5.0 AppleWebKit/537.36 (KHTML, like Gecko; compatible; bingbot/2.0; +http://www.bing.com/bingbot.htm) Chrome/103.0.5060.134 Safari/537.36" "mantech8.com"
185.191.171.26 - - [03/Oct/2022:18:08:27 -0700] "GET /?camp-fire%2F43554734.html HTTP/1.1" 500 - "-" "Mozilla/5.0 (compatible; SemrushBot/7~bl; +http://www.semrush.com/bot.html)" "mantech8.com"
40.77.167.72 - - [03/Oct/2022:18:08:42 -0700] "GET /index.php?sitemap440.xml HTTP/1.1" 200 271479 "-" "Mozilla/5.0 (compatible; bingbot/2.0; +http://www.bing.com/bingbot.htm)" "mantech8.com"
185.191.171.42 - - [03/Oct/2022:18:08:57 -0700] "GET /?camp-fire%2F54146576.html HTTP/1.1" 500 - "-" "Mozilla/5.0 (compatible; SemrushBot/7~bl; +http://www.semrush.com/bot.html)" "mantech8.com"
185.191.171.24 - - [03/Oct/2022:18:09:14 -0700] "GET /?camp-fire%2F57416755.html HTTP/1.1" 500 - "-" "Mozilla/5.0 (compatible; SemrushBot/7~bl; +http://www.semrush.com/bot.html)" "mantech8.com"
40.77.167.68 - - [03/Oct/2022:18:09:38 -0700] "GET /?guangheng.xml HTTP/1.1" 200 276321 "-" "Mozilla/5.0 (compatible; bingbot/2.0; +http://www.bing.com/bingbot.htm)" "mantech8.com"
40.77.167.58 - - [03/Oct/2022:18:09:44 -0700] "GET /index.php/successional.xml HTTP/1.1" 200 327869 "-" "Mozilla/5.0 (compatible; bingbot/2.0; +http://www.bing.com/bingbot.htm)" "mantech8.com"
185.191.171.1 - - [03/Oct/2022:18:09:50 -0700] "GET /?camp-fire%2F1461253.html HTTP/1.1" 500 - "-" "Mozilla/5.0 (compatible; SemrushBot/7~bl; +http://www.semrush.com/bot.html)" "mantech8.com"
207.46.13.70 - - [03/Oct/2022:18:09:57 -0700] "GET /index.php/sitemap12.xml HTTP/1.1" 200 283225 "-" "Mozilla/5.0 (compatible; bingbot/2.0; +http://www.bing.com/bingbot.htm)" "mantech8.com"
114.119.133.190 - - [03/Oct/2022:18:10:30 -0700] "GET /index.php?camp-fire/90095160.html HTTP/1.1" 500 - "-" "Mozilla/5.0 (Linux; Android 7.0;) AppleWebKit/537.36 (KHTML, like Gecko) Mobile Safari/537.36 (compatible; PetalBot;+https://webmaster.petalsearch.com/site/petalbot)" "www.mantech8.com"
207.46.13.63 - - [03/Oct/2022:18:10:39 -0700] "GET /index.php?sitemap75.xml HTTP/1.1" 200 340172 "-" "Mozilla/5.0 (compatible; bingbot/2.0; +http://www.bing.com/bingbot.htm)" "mantech8.com"
185.191.171.15 - - [03/Oct/2022:18:10:40 -0700] "GET /?camp-fire%2F35668850.html HTTP/1.1" 500 - "-" "Mozilla/5.0 (compatible; SemrushBot/7~bl; +http://www.semrush.com/bot.html)" "mantech8.com"
207.46.13.63 - - [03/Oct/2022:18:10:41 -0700] "GET /index.php?sitemap21.xml HTTP/1.1" 200 288177 "-" "Mozilla/5.0 (compatible; bingbot/2.0; +http://www.bing.com/bingbot.htm)" "mantech8.com"
207.46.13.63 - - [03/Oct/2022:18:10:42 -0700] "GET /index.php?sitemap17426.xml HTTP/1.1" 200 338278 "-" "Mozilla/5.0 (compatible; bingbot/2.0; +http://www.bing.com/bingbot.htm)" "mantech8.com"
207.46.13.63 - - [03/Oct/2022:18:10:43 -0700] "GET /index.php?sitemap941.xml HTTP/1.1" 200 267283 "-" "Mozilla/5.0 AppleWebKit/537.36 (KHTML, like Gecko; compatible; bingbot/2.0; +http://www.bing.com/bingbot.htm) Chrome/103.0.5060.134 Safari/537.36" "mantech8.com"
207.46.13.63 - - [03/Oct/2022:18:10:43 -0700] "GET /index.php?sitemap11.xml HTTP/1.1" 200 249965 "-" "Mozilla/5.0 (compatible; bingbot/2.0; +http://www.bing.com/bingbot.htm)" "mantech8.com"
185.191.171.6 - - [03/Oct/2022:18:10:46 -0700] "GET /?camp-fire%2F42069549.html HTTP/1.1" 500 - "-" "Mozilla/5.0 (compatible; SemrushBot/7~bl; +http://www.semrush.com/bot.html)" "mantech8.com"
185.191.171.36 - - [03/Oct/2022:18:11:09 -0700] "GET /?camp-fire%2F22235346.html HTTP/1.1" 500 - "-" "Mozilla/5.0 (compatible; SemrushBot/7~bl; +http://www.semrush.com/bot.html)" "mantech8.com"
185.191.171.16 - - [03/Oct/2022:18:11:18 -0700] "GET /?camp-fire%2F33029797.html HTTP/1.1" 500 - "-" "Mozilla/5.0 (compatible; SemrushBot/7~bl; +http://www.semrush.com/bot.html)" "mantech8.com"
207.46.13.184 - - [03/Oct/2022:18:11:20 -0700] "GET /bimages/gallery/thump/pb9.jpg HTTP/1.1" 200 512175 "-" "Mozilla/5.0 AppleWebKit/537.36 (KHTML, like Gecko; compatible; bingbot/2.0; +http://www.bing.com/bingbot.htm) Chrome/103.0.5060.134 Safari/537.36" "mantech8.com"
207.46.13.184 - - [03/Oct/2022:18:11:21 -0700] "GET /index.php?biters.xml HTTP/1.1" 200 247188 "-" "Mozilla/5.0 (compatible; bingbot/2.0; +http://www.bing.com/bingbot.htm)" "mantech8.com"
185.191.171.26 - - [03/Oct/2022:18:11:27 -0700] "GET /?camp-fire%2F41801003.html HTTP/1.1" 500 - "-" "Mozilla/5.0 (compatible; SemrushBot/7~bl; +http://www.semrush.com/bot.html)" "mantech8.com"
40.77.167.68 - - [03/Oct/2022:18:11:38 -0700] "GET /sitemap74.xml HTTP/1.1" 404 88 "-" "Mozilla/5.0 (compatible; bingbot/2.0; +http://www.bing.com/bingbot.htm)" "mantech8.com"
185.191.171.40 - - [03/Oct/2022:18:11:40 -0700] "GET /?camp-fire%2F15220856.html HTTP/1.1" 500 - "-" "Mozilla/5.0 (compatible; SemrushBot/7~bl; +http://www.semrush.com/bot.html)" "mantech8.com"
185.191.171.25 - - [03/Oct/2022:18:11:41 -0700] "GET /?camp-fire%2F17588080.html HTTP/1.1" 500 - "-" "Mozilla/5.0 (compatible; SemrushBot/7~bl; +http://www.semrush.com/bot.html)" "mantech8.com"
185.191.171.19 - - [03/Oct/2022:18:11:42 -0700] "GET /?camp-fire%2F33945163.html HTTP/1.1" 500 - "-" "Mozilla/5.0 (compatible; SemrushBot/7~bl; +http://www.semrush.com/bot.html)" "mantech8.com"
40.77.167.72 - - [03/Oct/2022:18:11:43 -0700] "GET /sitemap2589.xml HTTP/1.1" 404 88 "-" "Mozilla/5.0 (compatible; bingbot/2.0; +http://www.bing.com/bingbot.htm)" "mantech8.com"
40.77.167.72 - - [03/Oct/2022:18:11:43 -0700] "GET /index.php?sitemap819.xml HTTP/1.1" 200 305672 "-" "Mozilla/5.0 (compatible; bingbot/2.0; +http://www.bing.com/bingbot.htm)" "mantech8.com"
185.191.171.5 - - [03/Oct/2022:18:11:51 -0700] "GET /?camp-fire%2F44088766.html HTTP/1.1" 500 - "-" "Mozilla/5.0 (compatible; SemrushBot/7~bl; +http://www.semrush.com/bot.html)" "mantech8.com"
185.191.171.8 - - [03/Oct/2022:18:13:30 -0700] "GET /?camp-fire%2F3454300.html HTTP/1.1" 500 - "-" "Mozilla/5.0 (compatible; SemrushBot/7~bl; +http://www.semrush.com/bot.html)" "mantech8.com"
185.191.171.23 - - [03/Oct/2022:18:13:31 -0700] "GET /?camp-fire%2F2627293.html HTTP/1.1" 500 - "-" "Mozilla/5.0 (compatible; SemrushBot/7~bl; +http://www.semrush.com/bot.html)" "mantech8.com"
207.46.13.184 - - [03/Oct/2022:18:13:32 -0700] "GET /index.php?c=article&a=type&tid=42 HTTP/1.1" 200 89049 "-" "Mozilla/5.0 (compatible; bingbot/2.0; +http://www.bing.com/bingbot.htm)" "www.mantech8.com"
207.46.13.184 - - [03/Oct/2022:18:13:41 -0700] "GET /bimages/tank/sh1.jpg HTTP/1.1" 200 138317 "-" "Mozilla/5.0 (compatible; bingbot/2.0; +http://www.bing.com/bingbot.htm)" "mantech8.com"
40.77.167.68 - - [03/Oct/2022:18:13:49 -0700] "GET /index.php/steaded.xml HTTP/1.1" 200 258412 "-" "Mozilla/5.0 AppleWebKit/537.36 (KHTML, like Gecko; compatible; bingbot/2.0; +http://www.bing.com/bingbot.htm) Chrome/103.0.5060.134 Safari/537.36" "mantech8.com"
40.77.167.72 - - [03/Oct/2022:18:13:53 -0700] "GET /index.php?sitemap798.xml HTTP/1.1" 200 296862 "-" "Mozilla/5.0 AppleWebKit/537.36 (KHTML, like Gecko; compatible; bingbot/2.0; +http://www.bing.com/bingbot.htm) Chrome/103.0.5060.134 Safari/537.36" "mantech8.com"
185.191.171.3 - - [03/Oct/2022:18:14:17 -0700] "GET /?camp-fire%2F53878603.html HTTP/1.1" 500 - "-" "Mozilla/5.0 (compatible; SemrushBot/7~bl; +http://www.semrush.com/bot.html)" "mantech8.com"
207.46.13.184 - - [03/Oct/2022:18:14:41 -0700] "GET /index.php?sitemap481.xml HTTP/1.1" 200 243171 "-" "Mozilla/5.0 (compatible; bingbot/2.0; +http://www.bing.com/bingbot.htm)" "mantech8.com"
185.191.171.34 - - [03/Oct/2022:18:14:57 -0700] "GET /?camp-fire%2F16330865.html HTTP/1.1" 500 - "-" "Mozilla/5.0 (compatible; SemrushBot/7~bl; +http://www.semrush.com/bot.html)" "mantech8.com"
207.46.13.184 - - [03/Oct/2022:18:15:12 -0700] "GET /index.php?c=product&a=type&tid=56 HTTP/1.1" 200 59320 "-" "Mozilla/5.0 (compatible; bingbot/2.0; +http://www.bing.com/bingbot.htm)" "www.mantech8.com"
207.46.13.70 - - [03/Oct/2022:18:15:48 -0700] "GET /?gladhand.xml HTTP/1.1" 200 234782 "-" "Mozilla/5.0 AppleWebKit/537.36 (KHTML, like Gecko; compatible; bingbot/2.0; +http://www.bing.com/bingbot.htm) Chrome/103.0.5060.134 Safari/537.36" "mantech8.com"
185.191.171.15 - - [03/Oct/2022:18:16:01 -0700] "GET /?camp-fire%2F40099892.html HTTP/1.1" 500 - "-" "Mozilla/5.0 (compatible; SemrushBot/7~bl; +http://www.semrush.com/bot.html)" "mantech8.com"
185.191.171.6 - - [03/Oct/2022:18:16:06 -0700] "GET /?camp-fire%2F34557766.html HTTP/1.1" 500 - "-" "Mozilla/5.0 (compatible; SemrushBot/7~bl; +http://www.semrush.com/bot.html)" "mantech8.com"
185.191.171.16 - - [03/Oct/2022:18:16:22 -0700] "GET /?camp-fire%2F4443978.html HTTP/1.1" 500 - "-" "Mozilla/5.0 (compatible; SemrushBot/7~bl; +http://www.semrush.com/bot.html)" "mantech8.com"
185.191.171.35 - - [03/Oct/2022:18:16:24 -0700] "GET /?camp-fire%2F18019981.html HTTP/1.1" 500 - "-" "Mozilla/5.0 (compatible; SemrushBot/7~bl; +http://www.semrush.com/bot.html)" "mantech8.com"
207.46.13.70 - - [03/Oct/2022:18:16:48 -0700] "GET /index.php?megatheroid.xml HTTP/1.1" 200 331904 "-" "Mozilla/5.0 (compatible; bingbot/2.0; +http://www.bing.com/bingbot.htm)" "mantech8.com"
185.191.171.1 - - [03/Oct/2022:18:16:54 -0700] "GET /?camp-fire%2F1801251.html HTTP/1.1" 500 - "-" "Mozilla/5.0 (compatible; SemrushBot/7~bl; +http://www.semrush.com/bot.html)" "mantech8.com"
185.191.171.7 - - [03/Oct/2022:18:17:42 -0700] "GET /?camp-fire%2F12049476.html HTTP/1.1" 500 - "-" "Mozilla/5.0 (compatible; SemrushBot/7~bl; +http://www.semrush.com/bot.html)" "mantech8.com"
185.191.171.41 - - [03/Oct/2022:18:17:59 -0700] "GET /?camp-fire%2F39309103.html HTTP/1.1" 500 - "-" "Mozilla/5.0 (compatible; SemrushBot/7~bl; +http://www.semrush.com/bot.html)" "mantech8.com"
185.191.171.41 - - [03/Oct/2022:18:18:29 -0700] "GET /?camp-fire%2F37067678.html HTTP/1.1" 500 - "-" "Mozilla/5.0 (compatible; SemrushBot/7~bl; +http://www.semrush.com/bot.html)" "mantech8.com"
185.191.171.25 - - [03/Oct/2022:18:18:36 -0700] "GET /?camp-fire%2F59201317.html HTTP/1.1" 500 - "-" "Mozilla/5.0 (compatible; SemrushBot/7~bl; +http://www.semrush.com/bot.html)" "mantech8.com"
185.191.171.8 - - [03/Oct/2022:18:18:49 -0700] "GET /?camp-fire%2F37127906.html HTTP/1.1" 500 - "-" "Mozilla/5.0 (compatible; SemrushBot/7~bl; +http://www.semrush.com/bot.html)" "mantech8.com"
185.191.171.11 - - [03/Oct/2022:18:18:53 -0700] "GET /?camp-fire%2F1491553.html HTTP/1.1" 500 - "-" "Mozilla/5.0 (compatible; SemrushBot/7~bl; +http://www.semrush.com/bot.html)" "mantech8.com"
207.46.13.184 - - [03/Oct/2022:18:19:12 -0700] "GET /index.php?c=product&a=type&tid=78 HTTP/1.1" 200 96329 "-" "Mozilla/5.0 AppleWebKit/537.36 (KHTML, like Gecko; compatible; bingbot/2.0; +http://www.bing.com/bingbot.htm) Chrome/103.0.5060.134 Safari/537.36" "www.mantech8.com"
185.191.171.17 - - [03/Oct/2022:18:20:00 -0700] "GET /?camp-fire%2F20298265.html HTTP/1.1" 500 - "-" "Mozilla/5.0 (compatible; SemrushBot/7~bl; +http://www.semrush.com/bot.html)" "mantech8.com"
40.77.167.68 - - [03/Oct/2022:18:20:10 -0700] "GET /index.php/sitemap854.xml HTTP/1.1" 200 315974 "-" "Mozilla/5.0 (compatible; bingbot/2.0; +http://www.bing.com/bingbot.htm)" "mantech8.com"
185.191.171.10 - - [03/Oct/2022:18:20:25 -0700] "GET /?camp-fire%2F103427833.html HTTP/1.1" 500 - "-" "Mozilla/5.0 (compatible; SemrushBot/7~bl; +http://www.semrush.com/bot.html)" "mantech8.com"
185.191.171.7 - - [03/Oct/2022:18:20:32 -0700] "GET /?camp-fire%2F38218272.html HTTP/1.1" 500 - "-" "Mozilla/5.0 (compatible; SemrushBot/7~bl; +http://www.semrush.com/bot.html)" "mantech8.com"
185.191.171.34 - - [03/Oct/2022:18:20:47 -0700] "GET /?camp-fire%2F59653435.html HTTP/1.1" 500 - "-" "Mozilla/5.0 (compatible; SemrushBot/7~bl; +http://www.semrush.com/bot.html)" "mantech8.com"
185.191.171.41 - - [03/Oct/2022:18:21:24 -0700] "GET /?camp-fire%2F28056421.html HTTP/1.1" 500 - "-" "Mozilla/5.0 (compatible; SemrushBot/7~bl; +http://www.semrush.com/bot.html)" "mantech8.com"
185.191.171.38 - - [03/Oct/2022:18:21:29 -0700] "GET /?camp-fire%2F18553187.html HTTP/1.1" 500 - "-" "Mozilla/5.0 (compatible; SemrushBot/7~bl; +http://www.semrush.com/bot.html)" "mantech8.com"
185.191.171.12 - - [03/Oct/2022:18:21:33 -0700] "GET /?camp-fire%2F88642997.html HTTP/1.1" 500 - "-" "Mozilla/5.0 (compatible; SemrushBot/7~bl; +http://www.semrush.com/bot.html)" "mantech8.com"
185.191.171.12 - - [03/Oct/2022:18:21:39 -0700] "GET /?camp-fire%2F30265564.html HTTP/1.1" 500 - "-" "Mozilla/5.0 (compatible; SemrushBot/7~bl; +http://www.semrush.com/bot.html)" "mantech8.com"
207.46.13.70 - - [03/Oct/2022:18:21:48 -0700] "GET /index.php/sitemap3209.xml HTTP/1.1" 200 334290 "-" "Mozilla/5.0 (compatible; bingbot/2.0; +http://www.bing.com/bingbot.htm)" "mantech8.com"
185.191.171.14 - - [03/Oct/2022:18:22:16 -0700] "GET /?camp-fire%2F14801887.html HTTP/1.1" 500 - "-" "Mozilla/5.0 (compatible; SemrushBot/7~bl; +http://www.semrush.com/bot.html)" "mantech8.com"
185.191.171.13 - - [03/Oct/2022:18:22:17 -0700] "GET /?camp-fire%2F7801742.html HTTP/1.1" 500 - "-" "Mozilla/5.0 (compatible; SemrushBot/7~bl; +http://www.semrush.com/bot.html)" "mantech8.com"
114.119.133.182 - - [03/Oct/2022:18:22:18 -0700] "GET /sitemap6.xml HTTP/1.1" 404 88 "-" "Mozilla/5.0 (compatible;PetalBot;+https://webmaster.petalsearch.com/site/petalbot)" "mantech8.com"
185.191.171.36 - - [03/Oct/2022:18:22:19 -0700] "GET /?camp-fire%2F40259788.html HTTP/1.1" 500 - "-" "Mozilla/5.0 (compatible; SemrushBot/7~bl; +http://www.semrush.com/bot.html)" "mantech8.com"
185.191.171.23 - - [03/Oct/2022:18:22:20 -0700] "GET /?camp-fire%2F2149990.html HTTP/1.1" 500 - "-" "Mozilla/5.0 (compatible; SemrushBot/7~bl; +http://www.semrush.com/bot.html)" "mantech8.com"
40.77.167.68 - - [03/Oct/2022:18:22:30 -0700] "GET /?sitemap-index-4.xml HTTP/1.1" 200 6084 "-" "Mozilla/5.0 (compatible; bingbot/2.0; +http://www.bing.com/bingbot.htm)" "mantech8.com"
185.191.171.7 - - [03/Oct/2022:18:22:43 -0700] "GET /?camp-fire%2F120885071.html HTTP/1.1" 500 - "-" "Mozilla/5.0 (compatible; SemrushBot/7~bl; +http://www.semrush.com/bot.html)" "mantech8.com"
40.77.167.58 - - [03/Oct/2022:18:23:05 -0700] "GET /index.php/sitemap306.xml HTTP/1.1" 200 288943 "-" "Mozilla/5.0 AppleWebKit/537.36 (KHTML, like Gecko; compatible; bingbot/2.0; +http://www.bing.com/bingbot.htm) Chrome/103.0.5060.134 Safari/537.36" "mantech8.com"
207.46.13.63 - - [03/Oct/2022:18:24:00 -0700] "GET /index.php?sitemap36.xml HTTP/1.1" 200 270554 "-" "Mozilla/5.0 (compatible; bingbot/2.0; +http://www.bing.com/bingbot.htm)" "mantech8.com"
207.46.13.63 - - [03/Oct/2022:18:24:02 -0700] "GET /index.php?sitemap57.xml HTTP/1.1" 200 240771 "-" "Mozilla/5.0 (compatible; bingbot/2.0; +http://www.bing.com/bingbot.htm)" "mantech8.com"
207.46.13.63 - - [03/Oct/2022:18:24:03 -0700] "GET /sitemap1158.xml HTTP/1.1" 404 88 "-" "Mozilla/5.0 (compatible; bingbot/2.0; +http://www.bing.com/bingbot.htm)" "mantech8.com"
207.46.13.63 - - [03/Oct/2022:18:24:03 -0700] "GET /index.php?exorcise.xml HTTP/1.1" 200 282838 "-" "Mozilla/5.0 (compatible; bingbot/2.0; +http://www.bing.com/bingbot.htm)" "mantech8.com"
185.191.171.11 - - [03/Oct/2022:18:24:10 -0700] "GET /?camp-fire%2F35814225.html HTTP/1.1" 500 - "-" "Mozilla/5.0 (compatible; SemrushBot/7~bl; +http://www.semrush.com/bot.html)" "mantech8.com"
185.191.171.8 - - [03/Oct/2022:18:24:53 -0700] "GET /?camp-fire%2F45973638.html HTTP/1.1" 500 - "-" "Mozilla/5.0 (compatible; SemrushBot/7~bl; +http://www.semrush.com/bot.html)" "mantech8.com"
185.191.171.9 - - [03/Oct/2022:18:25:17 -0700] "GET /?camp-fire%2F39231868.html HTTP/1.1" 500 - "-" "Mozilla/5.0 (compatible; SemrushBot/7~bl; +http://www.semrush.com/bot.html)" "mantech8.com"
185.191.171.11 - - [03/Oct/2022:18:25:38 -0700] "GET /?camp-fire%2F31628165.html HTTP/1.1" 500 - "-" "Mozilla/5.0 (compatible; SemrushBot/7~bl; +http://www.semrush.com/bot.html)" "mantech8.com"
185.191.171.23 - - [03/Oct/2022:18:26:00 -0700] "GET /?camp-fire%2F8260678.html HTTP/1.1" 500 - "-" "Mozilla/5.0 (compatible; SemrushBot/7~bl; +http://www.semrush.com/bot.html)" "mantech8.com"
185.191.171.45 - - [03/Oct/2022:18:26:44 -0700] "GET /?camp-fire%2F28367035.html HTTP/1.1" 500 - "-" "Mozilla/5.0 (compatible; SemrushBot/7~bl; +http://www.semrush.com/bot.html)" "mantech8.com"
207.46.13.70 - - [03/Oct/2022:18:26:49 -0700] "GET /index.php/sitemap7655.xml HTTP/1.1" 200 261550 "-" "Mozilla/5.0 (compatible; bingbot/2.0; +http://www.bing.com/bingbot.htm)" "mantech8.com"
185.191.171.40 - - [03/Oct/2022:18:26:56 -0700] "GET /?camp-fire%2F29873182.html HTTP/1.1" 500 - "-" "Mozilla/5.0 (compatible; SemrushBot/7~bl; +http://www.semrush.com/bot.html)" "mantech8.com"
185.191.171.2 - - [03/Oct/2022:18:27:06 -0700] "GET /?camp-fire%2F10899290.html HTTP/1.1" 500 - "-" "Mozilla/5.0 (compatible; SemrushBot/7~bl; +http://www.semrush.com/bot.html)" "mantech8.com"
185.191.171.24 - - [03/Oct/2022:18:27:08 -0700] "GET /robots.txt HTTP/1.1" 200 2442 "-" "Mozilla/5.0 (compatible; SemrushBot/7~bl; +http://www.semrush.com/bot.html)" "mantech8.com"
185.191.171.3 - - [03/Oct/2022:18:27:08 -0700] "GET /?camp-fire%2F22179976.html HTTP/1.1" 500 - "-" "Mozilla/5.0 (compatible; SemrushBot/7~bl; +http://www.semrush.com/bot.html)" "mantech8.com"
185.191.171.18 - - [03/Oct/2022:18:27:14 -0700] "GET /?camp-fire%2F27421797.html HTTP/1.1" 500 - "-" "Mozilla/5.0 (compatible; SemrushBot/7~bl; +http://www.semrush.com/bot.html)" "mantech8.com"
185.191.171.40 - - [03/Oct/2022:18:27:17 -0700] "GET /?camp-fire%2F26157582.html HTTP/1.1" 500 - "-" "Mozilla/5.0 (compatible; SemrushBot/7~bl; +http://www.semrush.com/bot.html)" "mantech8.com"
207.46.13.70 - - [03/Oct/2022:18:27:20 -0700] "GET /index.php?c=product&a=type&tid=24 HTTP/1.1" 200 70351 "-" "Mozilla/5.0 (compatible; bingbot/2.0; +http://www.bing.com/bingbot.htm)" "www.mantech8.com"
194.110.203.41 - - [03/Oct/2022:18:27:21 -0700] "GET /mantech8.bck.sql HTTP/1.1" 404 73 "-" "Firefox" "mantech8.com"
185.191.171.9 - - [03/Oct/2022:18:28:04 -0700] "GET /?camp-fire%2F59411235.html HTTP/1.1" 500 - "-" "Mozilla/5.0 (compatible; SemrushBot/7~bl; +http://www.semrush.com/bot.html)" "mantech8.com"
114.119.133.166 - - [03/Oct/2022:18:28:15 -0700] "GET /sitemap-index-9.xml HTTP/1.1" 404 88 "-" "Mozilla/5.0 (compatible;PetalBot;+https://webmaster.petalsearch.com/site/petalbot)" "mantech8.com"
185.191.171.45 - - [03/Oct/2022:18:28:24 -0700] "GET /?camp-fire%2F42598971.html HTTP/1.1" 500 - "-" "Mozilla/5.0 (compatible; SemrushBot/7~bl; +http://www.semrush.com/bot.html)" "mantech8.com"
87.250.224.115 - - [03/Oct/2022:18:29:10 -0700] "GET /robots.txt HTTP/1.1" 200 26464 "-" "Mozilla/5.0 (compatible; YandexBot/3.0; +http://yandex.com/bots)" "mantech8.com"
87.250.224.166 - - [03/Oct/2022:18:29:14 -0700] "GET /?pettygod.xml HTTP/1.1" 200 230807 "-" "Mozilla/5.0 (compatible; YandexBot/3.0; +http://yandex.com/bots)" "mantech8.com"
87.250.224.105 - - [03/Oct/2022:18:29:17 -0700] "GET /index.php?successional.xml HTTP/1.1" 200 270920 "-" "Mozilla/5.0 (compatible; YandexBot/3.0; +http://yandex.com/bots)" "mantech8.com"
185.191.171.39 - - [03/Oct/2022:18:29:18 -0700] "GET /?camp-fire%2F37021338.html HTTP/1.1" 500 - "-" "Mozilla/5.0 (compatible; SemrushBot/7~bl; +http://www.semrush.com/bot.html)" "mantech8.com"
5.45.207.154 - - [03/Oct/2022:18:29:20 -0700] "GET /index.php?sitemap445.xml HTTP/1.1" 200 311009 "-" "Mozilla/5.0 (compatible; YandexBot/3.0; +http://yandex.com/bots)" "mantech8.com"
5.45.207.110 - - [03/Oct/2022:18:29:23 -0700] "GET /?kleffens.xml HTTP/1.1" 200 260333 "-" "Mozilla/5.0 (compatible; YandexBot/3.0; +http://yandex.com/bots)" "mantech8.com"
40.77.167.72 - - [03/Oct/2022:18:29:24 -0700] "GET /index.php?clathrose.xml HTTP/1.1" 200 335952 "-" "Mozilla/5.0 (compatible; bingbot/2.0; +http://www.bing.com/bingbot.htm)" "mantech8.com"
5.45.207.113 - - [03/Oct/2022:18:29:26 -0700] "GET /?sitemap24613.xml HTTP/1.1" 200 273266 "-" "Mozilla/5.0 (compatible; YandexBot/3.0; +http://yandex.com/bots)" "mantech8.com"
40.77.167.58 - - [03/Oct/2022:18:29:27 -0700] "GET /index.php?c=article&a=type&tid=86 HTTP/1.1" 200 57695 "-" "Mozilla/5.0 (compatible; bingbot/2.0; +http://www.bing.com/bingbot.htm)" "www.mantech8.com"
5.255.253.156 - - [03/Oct/2022:18:29:29 -0700] "GET /?impenetration.xml HTTP/1.1" 200 326018 "-" "Mozilla/5.0 (compatible; YandexBot/3.0; +http://yandex.com/bots)" "mantech8.com"
87.250.224.115 - - [03/Oct/2022:18:29:32 -0700] "GET /index.php?gelsemic.xml HTTP/1.1" 200 266665 "-" "Mozilla/5.0 (compatible; YandexBot/3.0; +http://yandex.com/bots)" "mantech8.com"
87.250.224.166 - - [03/Oct/2022:18:29:35 -0700] "GET /index.php/manlundang.xml HTTP/1.1" 200 305251 "-" "Mozilla/5.0 (compatible; YandexBot/3.0; +http://yandex.com/bots)" "mantech8.com"
87.250.224.195 - - [03/Oct/2022:18:29:38 -0700] "GET /?sitemap995.xml HTTP/1.1" 200 235708 "-" "Mozilla/5.0 (compatible; YandexBot/3.0; +http://yandex.com/bots)" "mantech8.com"
87.250.224.145 - - [03/Oct/2022:18:29:40 -0700] "GET /index.php/sitemap-index-4.xml HTTP/1.1" 200 4238 "-" "Mozilla/5.0 (compatible; YandexBot/3.0; +http://yandex.com/bots)" "mantech8.com"
95.108.213.40 - - [03/Oct/2022:18:29:43 -0700] "GET /index.php/sitemap306.xml HTTP/1.1" 200 297566 "-" "Mozilla/5.0 (compatible; YandexBot/3.0; +http://yandex.com/bots)" "mantech8.com"
87.250.224.169 - - [03/Oct/2022:18:29:46 -0700] "GET /index.php/manlundang.xml HTTP/1.1" 200 251079 "-" "Mozilla/5.0 (compatible; YandexBot/3.0; +http://yandex.com/bots)" "mantech8.com"
185.191.171.15 - - [03/Oct/2022:18:29:54 -0700] "GET /?camp-fire%2F17560529.html HTTP/1.1" 500 - "-" "Mozilla/5.0 (compatible; SemrushBot/7~bl; +http://www.semrush.com/bot.html)" "mantech8.com"
207.46.13.63 - - [03/Oct/2022:18:30:43 -0700] "GET /index.php?c=product&a=type&tid=55 HTTP/1.1" 200 53302 "-" "Mozilla/5.0 (compatible; bingbot/2.0; +http://www.bing.com/bingbot.htm)" "www.mantech8.com"
185.191.171.4 - - [03/Oct/2022:18:30:47 -0700] "GET /?camp-fire%2F26871276.html HTTP/1.1" 500 - "-" "Mozilla/5.0 (compatible; SemrushBot/7~bl; +http://www.semrush.com/bot.html)" "mantech8.com"
185.191.171.38 - - [03/Oct/2022:18:31:01 -0700] "GET /?camp-fire%2F65325590.html HTTP/1.1" 500 - "-" "Mozilla/5.0 (compatible; SemrushBot/7~bl; +http://www.semrush.com/bot.html)" "mantech8.com"
185.191.171.11 - - [03/Oct/2022:18:31:03 -0700] "GET /index.php/camp-fire/42100149.html HTTP/1.1" 500 - "-" "Mozilla/5.0 (compatible; SemrushBot/7~bl; +http://www.semrush.com/bot.html)" "mantech8.com"
185.191.171.15 - - [03/Oct/2022:18:31:04 -0700] "GET /?camp-fire%2F2556659.html HTTP/1.1" 500 - "-" "Mozilla/5.0 (compatible; SemrushBot/7~bl; +http://www.semrush.com/bot.html)" "mantech8.com"
185.191.171.12 - - [03/Oct/2022:18:31:08 -0700] "GET /?camp-fire%2F17342246.html HTTP/1.1" 500 - "-" "Mozilla/5.0 (compatible; SemrushBot/7~bl; +http://www.semrush.com/bot.html)" "mantech8.com"
185.191.171.10 - - [03/Oct/2022:18:31:24 -0700] "GET /?camp-fire%2F36871782.html HTTP/1.1" 500 - "-" "Mozilla/5.0 (compatible; SemrushBot/7~bl; +http://www.semrush.com/bot.html)" "mantech8.com"
114.119.129.71 - - [03/Oct/2022:18:31:45 -0700] "GET /robots.txt HTTP/1.1" 200 2442 "-" "Mozilla/5.0 (compatible;PetalBot;+https://webmaster.petalsearch.com/site/petalbot)" "www.mantech8.com"
207.46.13.70 - - [03/Oct/2022:18:31:59 -0700] "GET /index.php?camp-fire/84455585.html HTTP/1.1" 200 100743 "-" "Mozilla/5.0 (compatible; bingbot/2.0; +http://www.bing.com/bingbot.htm)" "www.mantech8.com"
185.191.171.2 - - [03/Oct/2022:18:32:23 -0700] "GET /?camp-fire%2F40155788.html HTTP/1.1" 500 - "-" "Mozilla/5.0 (compatible; SemrushBot/7~bl; +http://www.semrush.com/bot.html)" "mantech8.com"
185.191.171.38 - - [03/Oct/2022:18:32:24 -0700] "GET /?camp-fire%2F20925235.html HTTP/1.1" 500 - "-" "Mozilla/5.0 (compatible; SemrushBot/7~bl; +http://www.semrush.com/bot.html)" "mantech8.com"
207.46.13.70 - - [03/Oct/2022:18:32:50 -0700] "GET /index.php?sitemap18.xml HTTP/1.1" 200 265014 "-" "Mozilla/5.0 (compatible; bingbot/2.0; +http://www.bing.com/bingbot.htm)" "mantech8.com"
185.191.171.3 - - [03/Oct/2022:18:33:08 -0700] "GET /?camp-fire%2F14516842.html HTTP/1.1" 500 - "-" "Mozilla/5.0 (compatible; SemrushBot/7~bl; +http://www.semrush.com/bot.html)" "mantech8.com"
207.46.13.70 - - [03/Oct/2022:18:33:41 -0700] "GET /index.php?c=product&a=type&tid=25 HTTP/1.1" 200 56869 "-" "Mozilla/5.0 (compatible; bingbot/2.0; +http://www.bing.com/bingbot.htm)" "www.mantech8.com"
185.191.171.21 - - [03/Oct/2022:18:33:49 -0700] "GET /?camp-fire%2F28855161.html HTTP/1.1" 500 - "-" "Mozilla/5.0 (compatible; SemrushBot/7~bl; +http://www.semrush.com/bot.html)" "mantech8.com"
185.191.171.2 - - [03/Oct/2022:18:33:50 -0700] "GET /?camp-fire%2F34251841.html HTTP/1.1" 500 - "-" "Mozilla/5.0 (compatible; SemrushBot/7~bl; +http://www.semrush.com/bot.html)" "mantech8.com"
114.119.133.158 - - [03/Oct/2022:18:34:05 -0700] "GET /?sitemap19398.xml HTTP/1.1" 200 257084 "-" "Mozilla/5.0 (compatible;PetalBot;+https://webmaster.petalsearch.com/site/petalbot)" "mantech8.com"
87.250.224.105 - - [03/Oct/2022:18:34:09 -0700] "GET /index.php/sitemap42.xml HTTP/1.1" 200 326568 "-" "Mozilla/5.0 (compatible; YandexBot/3.0; +http://yandex.com/bots)" "mantech8.com"
185.191.171.12 - - [03/Oct/2022:18:34:23 -0700] "GET /?camp-fire%2F42962034.html HTTP/1.1" 500 - "-" "Mozilla/5.0 (compatible; SemrushBot/7~bl; +http://www.semrush.com/bot.html)" "mantech8.com"
77.75.72.26 - - [03/Oct/2022:18:34:26 -0700] "GET /index.php/sitemap-index-4.xml HTTP/1.1" 200 6723 "-" "Mozilla/5.0 (compatible; SeznamBot/4.0-RC1; +http://napoveda.seznam.cz/seznambot-intro/)" "mantech8.com"
185.191.171.10 - - [03/Oct/2022:18:34:40 -0700] "GET /?camp-fire%2F3341500.html HTTP/1.1" 500 - "-" "Mozilla/5.0 (compatible; SemrushBot/7~bl; +http://www.semrush.com/bot.html)" "mantech8.com"
40.77.167.68 - - [03/Oct/2022:18:34:42 -0700] "GET /index.php?c=product&a=type&tid=79 HTTP/1.1" 200 43921 "-" "Mozilla/5.0 AppleWebKit/537.36 (KHTML, like Gecko; compatible; bingbot/2.0; +http://www.bing.com/bingbot.htm) Chrome/103.0.5060.134 Safari/537.36" "www.mantech8.com"
185.191.171.23 - - [03/Oct/2022:18:35:30 -0700] "GET /?camp-fire%2F49098792.html HTTP/1.1" 500 - "-" "Mozilla/5.0 (compatible; SemrushBot/7~bl; +http://www.semrush.com/bot.html)" "mantech8.com"
185.191.171.17 - - [03/Oct/2022:18:35:49 -0700] "GET /?camp-fire%2F39950876.html HTTP/1.1" 500 - "-" "Mozilla/5.0 (compatible; SemrushBot/7~bl; +http://www.semrush.com/bot.html)" "mantech8.com"
207.46.13.184 - - [03/Oct/2022:18:36:14 -0700] "GET /index.php?sitemap41663.xml HTTP/1.1" 200 247566 "-" "Mozilla/5.0 AppleWebKit/537.36 (KHTML, like Gecko; compatible; bingbot/2.0; +http://www.bing.com/bingbot.htm) Chrome/103.0.5060.134 Safari/537.36" "mantech8.com"
185.191.171.45 - - [03/Oct/2022:18:37:06 -0700] "GET /?camp-fire%2F27989171.html HTTP/1.1" 500 - "-" "Mozilla/5.0 (compatible; SemrushBot/7~bl; +http://www.semrush.com/bot.html)" "mantech8.com"
185.191.171.40 - - [03/Oct/2022:18:37:08 -0700] "GET /?camp-fire%2F54204634.html HTTP/1.1" 500 - "-" "Mozilla/5.0 (compatible; SemrushBot/7~bl; +http://www.semrush.com/bot.html)" "mantech8.com"
185.191.171.15 - - [03/Oct/2022:18:37:19 -0700] "GET /?camp-fire%2F30806165.html HTTP/1.1" 500 - "-" "Mozilla/5.0 (compatible; SemrushBot/7~bl; +http://www.semrush.com/bot.html)" "mantech8.com"
40.77.167.68 - - [03/Oct/2022:18:37:22 -0700] "GET /index.php?c=product&a=type&tid=75 HTTP/1.1" 200 74505 "-" "Mozilla/5.0 AppleWebKit/537.36 (KHTML, like Gecko; compatible; bingbot/2.0; +http://www.bing.com/bingbot.htm) Chrome/103.0.5060.134 Safari/537.36" "www.mantech8.com"
185.191.171.11 - - [03/Oct/2022:18:37:25 -0700] "GET /?camp-fire%2F3374098.html HTTP/1.1" 500 - "-" "Mozilla/5.0 (compatible; SemrushBot/7~bl; +http://www.semrush.com/bot.html)" "mantech8.com"
185.191.171.19 - - [03/Oct/2022:18:37:29 -0700] "GET /?camp-fire%2F43870689.html HTTP/1.1" 500 - "-" "Mozilla/5.0 (compatible; SemrushBot/7~bl; +http://www.semrush.com/bot.html)" "mantech8.com"
185.191.171.40 - - [03/Oct/2022:18:38:02 -0700] "GET /?camp-fire%2F30095000.html HTTP/1.1" 500 - "-" "Mozilla/5.0 (compatible; SemrushBot/7~bl; +http://www.semrush.com/bot.html)" "mantech8.com"
40.77.167.58 - - [03/Oct/2022:18:38:27 -0700] "GET /?sitemap9579.xml HTTP/1.1" 200 244034 "-" "Mozilla/5.0 (compatible; bingbot/2.0; +http://www.bing.com/bingbot.htm)" "mantech8.com"
40.77.167.58 - - [03/Oct/2022:18:38:28 -0700] "GET /index.php?sitemap892.xml HTTP/1.1" 200 271149 "-" "Mozilla/5.0 (compatible; bingbot/2.0; +http://www.bing.com/bingbot.htm)" "mantech8.com"
40.77.167.68 - - [03/Oct/2022:18:38:51 -0700] "GET /index.php?sitemap404.xml HTTP/1.1" 200 326438 "-" "Mozilla/5.0 (compatible; bingbot/2.0; +http://www.bing.com/bingbot.htm)" "mantech8.com"
185.191.171.2 - - [03/Oct/2022:18:38:52 -0700] "GET /?camp-fire%2F10630057.html HTTP/1.1" 500 - "-" "Mozilla/5.0 (compatible; SemrushBot/7~bl; +http://www.semrush.com/bot.html)" "mantech8.com"
5.45.207.131 - - [03/Oct/2022:18:39:15 -0700] "GET /index.php/sitemap62.xml HTTP/1.1" 200 288350 "-" "Mozilla/5.0 (compatible; YandexBot/3.0; +http://yandex.com/bots)" "mantech8.com"
207.46.13.184 - - [03/Oct/2022:18:39:25 -0700] "GET /index.php/fine-tune.xml HTTP/1.1" 200 255475 "-" "Mozilla/5.0 (compatible; bingbot/2.0; +http://www.bing.com/bingbot.htm)" "mantech8.com"
185.191.171.19 - - [03/Oct/2022:18:39:36 -0700] "GET /?camp-fire%2F14133874.html HTTP/1.1" 500 - "-" "Mozilla/5.0 (compatible; SemrushBot/7~bl; +http://www.semrush.com/bot.html)" "mantech8.com"
114.119.133.182 - - [03/Oct/2022:18:39:57 -0700] "GET /?nobeliums.xml HTTP/1.1" 200 233048 "-" "Mozilla/5.0 (compatible;PetalBot;+https://webmaster.petalsearch.com/site/petalbot)" "mantech8.com"
185.191.171.40 - - [03/Oct/2022:18:40:20 -0700] "GET /?camp-fire%2F33203430.html HTTP/1.1" 500 - "-" "Mozilla/5.0 (compatible; SemrushBot/7~bl; +http://www.semrush.com/bot.html)" "mantech8.com"
185.191.171.1 - - [03/Oct/2022:18:40:45 -0700] "GET /?camp-fire%2F27665409.html HTTP/1.1" 500 - "-" "Mozilla/5.0 (compatible; SemrushBot/7~bl; +http://www.semrush.com/bot.html)" "mantech8.com"
185.191.171.17 - - [03/Oct/2022:18:41:09 -0700] "GET /?camp-fire%2F73151081.html HTTP/1.1" 500 - "-" "Mozilla/5.0 (compatible; SemrushBot/7~bl; +http://www.semrush.com/bot.html)" "mantech8.com"
185.191.171.38 - - [03/Oct/2022:18:41:18 -0700] "GET /?camp-fire%2F7677308.html HTTP/1.1" 500 - "-" "Mozilla/5.0 (compatible; SemrushBot/7~bl; +http://www.semrush.com/bot.html)" "mantech8.com"
40.77.167.58 - - [03/Oct/2022:18:41:48 -0700] "GET /?sitemap15155.xml HTTP/1.1" 200 317288 "-" "Mozilla/5.0 (compatible; bingbot/2.0; +http://www.bing.com/bingbot.htm)" "mantech8.com"
185.191.171.8 - - [03/Oct/2022:18:41:59 -0700] "GET /?camp-fire%2F4312496.html HTTP/1.1" 500 - "-" "Mozilla/5.0 (compatible; SemrushBot/7~bl; +http://www.semrush.com/bot.html)" "mantech8.com"
185.191.171.35 - - [03/Oct/2022:18:42:03 -0700] "GET /?camp-fire%2F9695583.html HTTP/1.1" 500 - "-" "Mozilla/5.0 (compatible; SemrushBot/7~bl; +http://www.semrush.com/bot.html)" "mantech8.com"
185.191.171.35 - - [03/Oct/2022:18:42:14 -0700] "GET /?camp-fire%2F11367921.html HTTP/1.1" 500 - "-" "Mozilla/5.0 (compatible; SemrushBot/7~bl; +http://www.semrush.com/bot.html)" "mantech8.com"
185.191.171.3 - - [03/Oct/2022:18:42:49 -0700] "GET /?camp-fire%2F15340665.html HTTP/1.1" 500 - "-" "Mozilla/5.0 (compatible; SemrushBot/7~bl; +http://www.semrush.com/bot.html)" "mantech8.com"
40.77.167.68 - - [03/Oct/2022:18:42:51 -0700] "GET /?sitemap9119.xml HTTP/1.1" 200 257258 "-" "Mozilla/5.0 (compatible; bingbot/2.0; +http://www.bing.com/bingbot.htm)" "mantech8.com"
185.191.171.6 - - [03/Oct/2022:18:42:54 -0700] "GET /?camp-fire%2F11708809.html HTTP/1.1" 500 - "-" "Mozilla/5.0 (compatible; SemrushBot/7~bl; +http://www.semrush.com/bot.html)" "mantech8.com"
207.46.13.63 - - [03/Oct/2022:18:42:55 -0700] "GET /index.php/gelsemic.xml HTTP/1.1" 200 248871 "-" "Mozilla/5.0 AppleWebKit/537.36 (KHTML, like Gecko; compatible; bingbot/2.0; +http://www.bing.com/bingbot.htm) Chrome/103.0.5060.134 Safari/537.36" "mantech8.com"
185.191.171.17 - - [03/Oct/2022:18:43:00 -0700] "GET /?camp-fire%2F16096672.html HTTP/1.1" 500 - "-" "Mozilla/5.0 (compatible; SemrushBot/7~bl; +http://www.semrush.com/bot.html)" "mantech8.com"
40.77.167.58 - - [03/Oct/2022:18:43:08 -0700] "GET /index.php/dejerator.xml HTTP/1.1" 200 332640 "-" "Mozilla/5.0 (compatible; bingbot/2.0; +http://www.bing.com/bingbot.htm)" "mantech8.com"
