40.77.167.58 - - [03/Oct/2022:17:00:18 -0700] "GET /camp-fire/14990418.html HTTP/1.1" 404 88 "-" "Mozilla/5.0 (compatible; bingbot/2.0; +http://www.bing.com/bingbot.htm)" "mantech8.com"
114.119.133.158 - - [03/Oct/2022:17:00:23 -0700] "GET /bimages/elect/tsiloevzaj.php HTTP/1.1" 200 32 "http://mantech8.com/bimages/elect/?C=D%3BO%3DA" "Mozilla/5.0 (Linux; Android 7.0;) AppleWebKit/537.36 (KHTML, like Gecko) Mobile Safari/537.36 (compatible; PetalBot;+https://webmaster.petalsearch.com/site/petalbot)" "mantech8.com"
40.77.167.68 - - [03/Oct/2022:17:00:42 -0700] "GET /index.php?camp-fire/16193136.html HTTP/1.1" 200 82764 "-" "Mozilla/5.0 (compatible; bingbot/2.0; +http://www.bing.com/bingbot.htm)" "www.mantech8.com"
40.77.167.68 - - [03/Oct/2022:17:00:43 -0700] "GET /index.php?c=product&a=type&tid=75 HTTP/1.1" 200 74828 "-" "Mozilla/5.0 (compatible; bingbot/2.0; +http://www.bing.com/bingbot.htm)" "www.mantech8.com"
185.191.171.7 - - [03/Oct/2022:17:00:45 -0700] "GET /?camp-fire%2F18249061.html HTTP/1.1" 500 - "-" "Mozilla/5.0 (compatible; SemrushBot/7~bl; +http://www.semrush.com/bot.html)" "mantech8.com"
185.191.171.26 - - [03/Oct/2022:17:00:47 -0700] "GET /?camp-fire%2F1437659.html HTTP/1.1" 500 - "-" "Mozilla/5.0 (compatible; SemrushBot/7~bl; +http://www.semrush.com/bot.html)" "mantech8.com"
185.191.171.41 - - [03/Oct/2022:17:01:03 -0700] "GET /?camp-fire%2F39890276.html HTTP/1.1" 500 - "-" "Mozilla/5.0 (compatible; SemrushBot/7~bl; +http://www.semrush.com/bot.html)" "mantech8.com"
185.191.171.34 - - [03/Oct/2022:17:01:07 -0700] "GET /?camp-fire%2F41415371.html HTTP/1.1" 500 - "-" "Mozilla/5.0 (compatible; SemrushBot/7~bl; +http://www.semrush.com/bot.html)" "mantech8.com"
185.191.171.45 - - [03/Oct/2022:17:01:54 -0700] "GET /?camp-fire%2F7646808.html HTTP/1.1" 500 - "-" "Mozilla/5.0 (compatible; SemrushBot/7~bl; +http://www.semrush.com/bot.html)" "mantech8.com"
185.191.171.8 - - [03/Oct/2022:17:02:09 -0700] "GET /?camp-fire%2F4941678.html HTTP/1.1" 500 - "-" "Mozilla/5.0 (compatible; SemrushBot/7~bl; +http://www.semrush.com/bot.html)" "mantech8.com"
185.191.171.34 - - [03/Oct/2022:17:02:12 -0700] "GET /?camp-fire%2F55425698.html HTTP/1.1" 500 - "-" "Mozilla/5.0 (compatible; SemrushBot/7~bl; +http://www.semrush.com/bot.html)" "mantech8.com"
185.191.171.8 - - [03/Oct/2022:17:02:49 -0700] "GET /?camp-fire%2F66532209.html HTTP/1.1" 500 - "-" "Mozilla/5.0 (compatible; SemrushBot/7~bl; +http://www.semrush.com/bot.html)" "mantech8.com"
185.191.171.42 - - [03/Oct/2022:17:02:59 -0700] "GET /?camp-fire%2F16696626.html HTTP/1.1" 500 - "-" "Mozilla/5.0 (compatible; SemrushBot/7~bl; +http://www.semrush.com/bot.html)" "mantech8.com"
185.191.171.2 - - [03/Oct/2022:17:03:56 -0700] "GET /?camp-fire%2F60687750.html HTTP/1.1" 500 - "-" "Mozilla/5.0 (compatible; SemrushBot/7~bl; +http://www.semrush.com/bot.html)" "mantech8.com"
185.191.171.9 - - [03/Oct/2022:17:04:25 -0700] "GET /?camp-fire%2F3367000.html HTTP/1.1" 500 - "-" "Mozilla/5.0 (compatible; SemrushBot/7~bl; +http://www.semrush.com/bot.html)" "mantech8.com"
185.191.171.36 - - [03/Oct/2022:17:05:42 -0700] "GET /?camp-fire%2F8986898.html HTTP/1.1" 500 - "-" "Mozilla/5.0 (compatible; SemrushBot/7~bl; +http://www.semrush.com/bot.html)" "mantech8.com"
185.191.171.44 - - [03/Oct/2022:17:06:05 -0700] "GET /?camp-fire%2F40148588.html HTTP/1.1" 500 - "-" "Mozilla/5.0 (compatible; SemrushBot/7~bl; +http://www.semrush.com/bot.html)" "mantech8.com"
114.119.133.166 - - [03/Oct/2022:17:06:19 -0700] "GET /sitemap1404.xml HTTP/1.1" 404 88 "-" "Mozilla/5.0 (Linux; Android 7.0;) AppleWebKit/537.36 (KHTML, like Gecko) Mobile Safari/537.36 (compatible; PetalBot;+https://webmaster.petalsearch.com/site/petalbot)" "mantech8.com"
185.191.171.10 - - [03/Oct/2022:17:06:23 -0700] "GET /?camp-fire%2F17328465.html HTTP/1.1" 500 - "-" "Mozilla/5.0 (compatible; SemrushBot/7~bl; +http://www.semrush.com/bot.html)" "mantech8.com"
207.46.13.63 - - [03/Oct/2022:17:06:24 -0700] "GET /index.php/sitemap597.xml HTTP/1.1" 200 286744 "-" "Mozilla/5.0 AppleWebKit/537.36 (KHTML, like Gecko; compatible; bingbot/2.0; +http://www.bing.com/bingbot.htm) Chrome/103.0.5060.134 Safari/537.36" "mantech8.com"
185.191.171.25 - - [03/Oct/2022:17:06:46 -0700] "GET /?camp-fire%2F21350224.html HTTP/1.1" 500 - "-" "Mozilla/5.0 (compatible; SemrushBot/7~bl; +http://www.semrush.com/bot.html)" "mantech8.com"
185.191.171.2 - - [03/Oct/2022:17:06:47 -0700] "GET /?camp-fire%2F14455821.html HTTP/1.1" 500 - "-" "Mozilla/5.0 (compatible; SemrushBot/7~bl; +http://www.semrush.com/bot.html)" "mantech8.com"
185.191.171.8 - - [03/Oct/2022:17:07:09 -0700] "GET /?camp-fire%2F20857435.html HTTP/1.1" 500 - "-" "Mozilla/5.0 (compatible; SemrushBot/7~bl; +http://www.semrush.com/bot.html)" "mantech8.com"
185.191.171.23 - - [03/Oct/2022:17:07:22 -0700] "GET /?camp-fire%2F27677409.html HTTP/1.1" 500 - "-" "Mozilla/5.0 (compatible; SemrushBot/7~bl; +http://www.semrush.com/bot.html)" "mantech8.com"
185.191.171.23 - - [03/Oct/2022:17:07:22 -0700] "GET /robots.txt HTTP/1.1" 200 2442 "-" "Mozilla/5.0 (compatible; SemrushBot/7~bl; +http://www.semrush.com/bot.html)" "mantech8.com"
185.191.171.9 - - [03/Oct/2022:17:07:23 -0700] "GET /?camp-fire%2F25257633.html HTTP/1.1" 500 - "-" "Mozilla/5.0 (compatible; SemrushBot/7~bl; +http://www.semrush.com/bot.html)" "mantech8.com"
185.191.171.9 - - [03/Oct/2022:17:08:24 -0700] "GET /?camp-fire%2F12294877.html HTTP/1.1" 500 - "-" "Mozilla/5.0 (compatible; SemrushBot/7~bl; +http://www.semrush.com/bot.html)" "mantech8.com"
185.191.171.15 - - [03/Oct/2022:17:08:26 -0700] "GET /?camp-fire%2F24365650.html HTTP/1.1" 500 - "-" "Mozilla/5.0 (compatible; SemrushBot/7~bl; +http://www.semrush.com/bot.html)" "mantech8.com"
185.191.171.5 - - [03/Oct/2022:17:08:59 -0700] "GET /?camp-fire%2F38104772.html HTTP/1.1" 500 - "-" "Mozilla/5.0 (compatible; SemrushBot/7~bl; +http://www.semrush.com/bot.html)" "mantech8.com"
77.75.73.26 - - [03/Oct/2022:17:09:11 -0700] "GET /?sitemap-index-6.xml HTTP/1.1" 200 5009 "-" "Mozilla/5.0 (compatible; SeznamBot/4.0-RC1; +http://napoveda.seznam.cz/seznambot-intro/)" "mantech8.com"
40.77.167.72 - - [03/Oct/2022:17:09:16 -0700] "GET /biopoesis.xml HTTP/1.1" 404 88 "-" "Mozilla/5.0 (compatible; bingbot/2.0; +http://www.bing.com/bingbot.htm)" "mantech8.com"
61.135.159.203 - - [03/Oct/2022:17:09:21 -0700] "GET / HTTP/1.1" 500 - "-" "Sogou web spider/4.0(+http://www.sogou.com/docs/help/webmasters.htm#07)" "www.mantech8.com"
40.77.167.58 - - [03/Oct/2022:17:09:21 -0700] "GET /index.php/sitemap827.xml HTTP/1.1" 200 331222 "-" "Mozilla/5.0 (compatible; bingbot/2.0; +http://www.bing.com/bingbot.htm)" "mantech8.com"
40.77.167.68 - - [03/Oct/2022:17:09:25 -0700] "GET /nieying.xml HTTP/1.1" 404 88 "-" "Mozilla/5.0 (compatible; bingbot/2.0; +http://www.bing.com/bingbot.htm)" "mantech8.com"
40.77.167.72 - - [03/Oct/2022:17:09:46 -0700] "GET /inflorescences.xml HTTP/1.1" 404 88 "-" "Mozilla/5.0 (compatible; bingbot/2.0; +http://www.bing.com/bingbot.htm)" "mantech8.com"
207.46.13.184 - - [03/Oct/2022:17:10:01 -0700] "GET /index.php?c=article&a=type&tid=42 HTTP/1.1" 200 91426 "-" "Mozilla/5.0 (compatible; bingbot/2.0; +http://www.bing.com/bingbot.htm)" "www.mantech8.com"
40.77.167.68 - - [03/Oct/2022:17:10:12 -0700] "GET /angse.xml HTTP/1.1" 404 88 "-" "Mozilla/5.0 AppleWebKit/537.36 (KHTML, like Gecko; compatible; bingbot/2.0; +http://www.bing.com/bingbot.htm) Chrome/103.0.5060.134 Safari/537.36" "mantech8.com"
185.191.171.4 - - [03/Oct/2022:17:10:12 -0700] "GET /?camp-fire%2F108314266.html HTTP/1.1" 500 - "-" "Mozilla/5.0 (compatible; SemrushBot/7~bl; +http://www.semrush.com/bot.html)" "mantech8.com"
40.77.167.72 - - [03/Oct/2022:17:10:17 -0700] "GET /sitemap68.xml HTTP/1.1" 404 88 "-" "Mozilla/5.0 (compatible; bingbot/2.0; +http://www.bing.com/bingbot.htm)" "mantech8.com"
40.77.167.72 - - [03/Oct/2022:17:10:17 -0700] "GET /impenetration.xml HTTP/1.1" 404 88 "-" "Mozilla/5.0 (compatible; bingbot/2.0; +http://www.bing.com/bingbot.htm)" "mantech8.com"
207.46.13.184 - - [03/Oct/2022:17:10:22 -0700] "GET /sitemap6.xml HTTP/1.1" 404 88 "-" "Mozilla/5.0 (compatible; bingbot/2.0; +http://www.bing.com/bingbot.htm)" "mantech8.com"
207.46.13.184 - - [03/Oct/2022:17:10:22 -0700] "GET /sitemap23691.xml HTTP/1.1" 404 88 "-" "Mozilla/5.0 AppleWebKit/537.36 (KHTML, like Gecko; compatible; bingbot/2.0; +http://www.bing.com/bingbot.htm) Chrome/103.0.5060.134 Safari/537.36" "mantech8.com"
185.191.171.10 - - [03/Oct/2022:17:10:56 -0700] "GET /?camp-fire%2F56454988.html HTTP/1.1" 500 - "-" "Mozilla/5.0 (compatible; SemrushBot/7~bl; +http://www.semrush.com/bot.html)" "mantech8.com"
207.46.13.184 - - [03/Oct/2022:17:11:11 -0700] "GET /index.php?c=product&a=type&tid=56 HTTP/1.1" 200 59913 "-" "Mozilla/5.0 (compatible; bingbot/2.0; +http://www.bing.com/bingbot.htm)" "www.mantech8.com"
185.191.171.2 - - [03/Oct/2022:17:11:21 -0700] "GET /?camp-fire%2F25941376.html HTTP/1.1" 500 - "-" "Mozilla/5.0 (compatible; SemrushBot/7~bl; +http://www.semrush.com/bot.html)" "mantech8.com"
185.191.171.8 - - [03/Oct/2022:17:11:28 -0700] "GET /?camp-fire%2F42412371.html HTTP/1.1" 500 - "-" "Mozilla/5.0 (compatible; SemrushBot/7~bl; +http://www.semrush.com/bot.html)" "mantech8.com"
207.46.13.70 - - [03/Oct/2022:17:12:02 -0700] "GET /?sitemap553.xml HTTP/1.1" 200 262113 "-" "Mozilla/5.0 (compatible; bingbot/2.0; +http://www.bing.com/bingbot.htm)" "mantech8.com"
185.191.171.45 - - [03/Oct/2022:17:12:05 -0700] "GET /?camp-fire%2F38286503.html HTTP/1.1" 500 - "-" "Mozilla/5.0 (compatible; SemrushBot/7~bl; +http://www.semrush.com/bot.html)" "mantech8.com"
114.119.133.166 - - [03/Oct/2022:17:12:05 -0700] "GET /index.php/successional.xml HTTP/1.1" 200 270345 "-" "Mozilla/5.0 (compatible;PetalBot;+https://webmaster.petalsearch.com/site/petalbot)" "mantech8.com"
216.244.66.241 - - [03/Oct/2022:17:12:20 -0700] "GET /robots.txt HTTP/1.1" 200 26464 "-" "Mozilla/5.0 (compatible; DotBot/1.2; +https://opensiteexplorer.org/dotbot; help@moz.com)" "mantech8.com"
216.244.66.241 - - [03/Oct/2022:17:12:20 -0700] "GET /robots.txt HTTP/1.1" 200 26464 "-" "Mozilla/5.0 (compatible; DotBot/1.2; +https://opensiteexplorer.org/dotbot; help@moz.com)" "www.mantech8.com"
185.191.171.37 - - [03/Oct/2022:17:12:53 -0700] "GET /?camp-fire%2F47435038.html HTTP/1.1" 500 - "-" "Mozilla/5.0 (compatible; SemrushBot/7~bl; +http://www.semrush.com/bot.html)" "mantech8.com"
185.191.171.13 - - [03/Oct/2022:17:13:26 -0700] "GET /?camp-fire%2F15165656.html HTTP/1.1" 500 - "-" "Mozilla/5.0 (compatible; SemrushBot/7~bl; +http://www.semrush.com/bot.html)" "mantech8.com"
185.191.171.6 - - [03/Oct/2022:17:13:33 -0700] "GET /?camp-fire%2F65211478.html HTTP/1.1" 500 - "-" "Mozilla/5.0 (compatible; SemrushBot/7~bl; +http://www.semrush.com/bot.html)" "mantech8.com"
40.77.167.68 - - [03/Oct/2022:17:13:43 -0700] "GET /?sitemap19398.xml HTTP/1.1" 200 308066 "-" "Mozilla/5.0 (compatible; bingbot/2.0; +http://www.bing.com/bingbot.htm)" "mantech8.com"
40.77.167.72 - - [03/Oct/2022:17:13:47 -0700] "GET /index.php?sitemap9.xml HTTP/1.1" 200 283198 "-" "Mozilla/5.0 (compatible; bingbot/2.0; +http://www.bing.com/bingbot.htm)" "mantech8.com"
185.191.171.25 - - [03/Oct/2022:17:14:08 -0700] "GET /?camp-fire%2F26154051.html HTTP/1.1" 500 - "-" "Mozilla/5.0 (compatible; SemrushBot/7~bl; +http://www.semrush.com/bot.html)" "mantech8.com"
185.191.171.22 - - [03/Oct/2022:17:14:11 -0700] "GET /?camp-fire%2F35148125.html HTTP/1.1" 500 - "-" "Mozilla/5.0 (compatible; SemrushBot/7~bl; +http://www.semrush.com/bot.html)" "mantech8.com"
207.46.13.70 - - [03/Oct/2022:17:14:12 -0700] "GET /index.php/sitemap-index-10.xml HTTP/1.1" 200 5413 "-" "Mozilla/5.0 (compatible; bingbot/2.0; +http://www.bing.com/bingbot.htm)" "mantech8.com"
185.191.171.26 - - [03/Oct/2022:17:14:13 -0700] "GET /?camp-fire%2F19430980.html HTTP/1.1" 500 - "-" "Mozilla/5.0 (compatible; SemrushBot/7~bl; +http://www.semrush.com/bot.html)" "mantech8.com"
207.46.13.184 - - [03/Oct/2022:17:14:20 -0700] "GET /?sitemap1410.xml HTTP/1.1" 200 309453 "-" "Mozilla/5.0 (compatible; bingbot/2.0; +http://www.bing.com/bingbot.htm)" "mantech8.com"
185.191.171.44 - - [03/Oct/2022:17:14:24 -0700] "GET /?camp-fire%2F1461653.html HTTP/1.1" 500 - "-" "Mozilla/5.0 (compatible; SemrushBot/7~bl; +http://www.semrush.com/bot.html)" "mantech8.com"
185.191.171.10 - - [03/Oct/2022:17:14:44 -0700] "GET /?camp-fire%2F10289490.html HTTP/1.1" 500 - "-" "Mozilla/5.0 (compatible; SemrushBot/7~bl; +http://www.semrush.com/bot.html)" "mantech8.com"
40.77.167.68 - - [03/Oct/2022:17:14:53 -0700] "GET /?sitemap628.xml HTTP/1.1" 200 316160 "-" "Mozilla/5.0 (compatible; bingbot/2.0; +http://www.bing.com/bingbot.htm)" "mantech8.com"
185.191.171.8 - - [03/Oct/2022:17:15:14 -0700] "GET /?camp-fire%2F22035184.html HTTP/1.1" 500 - "-" "Mozilla/5.0 (compatible; SemrushBot/7~bl; +http://www.semrush.com/bot.html)" "mantech8.com"
207.46.13.184 - - [03/Oct/2022:17:15:21 -0700] "GET /index.php?c=product&a=type&tid=78 HTTP/1.1" 200 95489 "-" "Mozilla/5.0 (compatible; bingbot/2.0; +http://www.bing.com/bingbot.htm)" "www.mantech8.com"
185.191.171.6 - - [03/Oct/2022:17:15:25 -0700] "GET /?camp-fire%2F17542027.html HTTP/1.1" 500 - "-" "Mozilla/5.0 (compatible; SemrushBot/7~bl; +http://www.semrush.com/bot.html)" "mantech8.com"
185.191.171.41 - - [03/Oct/2022:17:15:26 -0700] "GET /?camp-fire%2F6142393.html HTTP/1.1" 500 - "-" "Mozilla/5.0 (compatible; SemrushBot/7~bl; +http://www.semrush.com/bot.html)" "mantech8.com"
207.46.13.70 - - [03/Oct/2022:17:16:22 -0700] "GET /?sitemap8171.xml HTTP/1.1" 200 269264 "-" "Mozilla/5.0 AppleWebKit/537.36 (KHTML, like Gecko; compatible; bingbot/2.0; +http://www.bing.com/bingbot.htm) Chrome/103.0.5060.134 Safari/537.36" "mantech8.com"
185.191.171.5 - - [03/Oct/2022:17:16:43 -0700] "GET /robots.txt HTTP/1.1" 200 2442 "-" "Mozilla/5.0 (compatible; SemrushBot/7~bl; +http://www.semrush.com/bot.html)" "www.mantech8.com"
185.191.171.42 - - [03/Oct/2022:17:16:43 -0700] "GET /bimages/ework/nwknstkjnx.php HTTP/1.1" 200 32 "-" "Mozilla/5.0 (compatible; SemrushBot/7~bl; +http://www.semrush.com/bot.html)" "www.mantech8.com"
185.191.171.37 - - [03/Oct/2022:17:16:58 -0700] "GET /?camp-fire%2F1359329.html HTTP/1.1" 500 - "-" "Mozilla/5.0 (compatible; SemrushBot/7~bl; +http://www.semrush.com/bot.html)" "mantech8.com"
40.77.167.72 - - [03/Oct/2022:17:17:07 -0700] "GET /index.php/sitemap68.xml HTTP/1.1" 200 305260 "-" "Mozilla/5.0 AppleWebKit/537.36 (KHTML, like Gecko; compatible; bingbot/2.0; +http://www.bing.com/bingbot.htm) Chrome/103.0.5060.134 Safari/537.36" "mantech8.com"
185.191.171.10 - - [03/Oct/2022:17:17:26 -0700] "GET /?camp-fire%2F2443329.html HTTP/1.1" 500 - "-" "Mozilla/5.0 (compatible; SemrushBot/7~bl; +http://www.semrush.com/bot.html)" "mantech8.com"
185.191.171.36 - - [03/Oct/2022:17:17:32 -0700] "GET /?camp-fire%2F39582550.html HTTP/1.1" 500 - "-" "Mozilla/5.0 (compatible; SemrushBot/7~bl; +http://www.semrush.com/bot.html)" "mantech8.com"
185.191.171.19 - - [03/Oct/2022:17:17:47 -0700] "GET /?camp-fire%2F41797403.html HTTP/1.1" 500 - "-" "Mozilla/5.0 (compatible; SemrushBot/7~bl; +http://www.semrush.com/bot.html)" "mantech8.com"
114.119.133.166 - - [03/Oct/2022:17:17:51 -0700] "GET /?larges.xml HTTP/1.1" 200 288146 "-" "Mozilla/5.0 (compatible;PetalBot;+https://webmaster.petalsearch.com/site/petalbot)" "mantech8.com"
54.69.251.172 - - [03/Oct/2022:17:17:53 -0700] "GET /index.php?camp-fire/23279186.html HTTP/1.1" 500 - "-" "Mozilla/5.0 (Windows NT 6.1; Win64; x64) AppleWebKit/537.36 (KHTML, like Gecko) Chrome/72.0.3626.109 Safari/537.36" "www.mantech8.com"
185.191.171.37 - - [03/Oct/2022:17:18:27 -0700] "GET /?camp-fire%2F28656489.html HTTP/1.1" 500 - "-" "Mozilla/5.0 (compatible; SemrushBot/7~bl; +http://www.semrush.com/bot.html)" "mantech8.com"
185.191.171.13 - - [03/Oct/2022:17:18:35 -0700] "GET /?camp-fire%2F37644555.html HTTP/1.1" 500 - "-" "Mozilla/5.0 (compatible; SemrushBot/7~bl; +http://www.semrush.com/bot.html)" "mantech8.com"
185.191.171.19 - - [03/Oct/2022:17:18:37 -0700] "GET /?camp-fire%2F485269.html HTTP/1.1" 500 - "-" "Mozilla/5.0 (compatible; SemrushBot/7~bl; +http://www.semrush.com/bot.html)" "mantech8.com"
185.191.171.41 - - [03/Oct/2022:17:19:42 -0700] "GET /?camp-fire%2F16557165.html HTTP/1.1" 500 - "-" "Mozilla/5.0 (compatible; SemrushBot/7~bl; +http://www.semrush.com/bot.html)" "mantech8.com"
207.46.13.70 - - [03/Oct/2022:17:19:52 -0700] "GET /index.php/manlundang.xml HTTP/1.1" 200 276049 "-" "Mozilla/5.0 (compatible; bingbot/2.0; +http://www.bing.com/bingbot.htm)" "mantech8.com"
185.191.171.8 - - [03/Oct/2022:17:20:07 -0700] "GET /bimages/bus/?C=S%3BO%3DA HTTP/1.1" 200 452 "-" "Mozilla/5.0 (compatible; SemrushBot/7~bl; +http://www.semrush.com/bot.html)" "www.mantech8.com"
185.191.171.9 - - [03/Oct/2022:17:20:13 -0700] "GET /?camp-fire%2F3195959.html HTTP/1.1" 500 - "-" "Mozilla/5.0 (compatible; SemrushBot/7~bl; +http://www.semrush.com/bot.html)" "mantech8.com"
185.191.171.33 - - [03/Oct/2022:17:20:59 -0700] "GET /?camp-fire%2F42069249.html HTTP/1.1" 500 - "-" "Mozilla/5.0 (compatible; SemrushBot/7~bl; +http://www.semrush.com/bot.html)" "mantech8.com"
185.191.171.38 - - [03/Oct/2022:17:21:04 -0700] "GET /?camp-fire%2F496269.html HTTP/1.1" 500 - "-" "Mozilla/5.0 (compatible; SemrushBot/7~bl; +http://www.semrush.com/bot.html)" "mantech8.com"
185.191.171.9 - - [03/Oct/2022:17:21:08 -0700] "GET /?camp-fire%2F5562655.html HTTP/1.1" 500 - "-" "Mozilla/5.0 (compatible; SemrushBot/7~bl; +http://www.semrush.com/bot.html)" "mantech8.com"
185.191.171.45 - - [03/Oct/2022:17:22:14 -0700] "GET /?camp-fire%2F55018835.html HTTP/1.1" 500 - "-" "Mozilla/5.0 (compatible; SemrushBot/7~bl; +http://www.semrush.com/bot.html)" "mantech8.com"
207.46.13.184 - - [03/Oct/2022:17:22:22 -0700] "GET /index.php/sitemap41.xml HTTP/1.1" 200 308951 "-" "Mozilla/5.0 (compatible; bingbot/2.0; +http://www.bing.com/bingbot.htm)" "mantech8.com"
185.191.171.3 - - [03/Oct/2022:17:22:35 -0700] "GET /?camp-fire%2F37739165.html HTTP/1.1" 500 - "-" "Mozilla/5.0 (compatible; SemrushBot/7~bl; +http://www.semrush.com/bot.html)" "mantech8.com"
185.191.171.8 - - [03/Oct/2022:17:22:36 -0700] "GET /?camp-fire%2F8145978.html HTTP/1.1" 500 - "-" "Mozilla/5.0 (compatible; SemrushBot/7~bl; +http://www.semrush.com/bot.html)" "mantech8.com"
185.191.171.12 - - [03/Oct/2022:17:22:43 -0700] "GET /?camp-fire%2F15678856.html HTTP/1.1" 500 - "-" "Mozilla/5.0 (compatible; SemrushBot/7~bl; +http://www.semrush.com/bot.html)" "mantech8.com"
207.46.13.70 - - [03/Oct/2022:17:23:13 -0700] "GET /index.php?c=product&a=type&tid=24 HTTP/1.1" 200 69547 "-" "Mozilla/5.0 (compatible; bingbot/2.0; +http://www.bing.com/bingbot.htm)" "www.mantech8.com"
185.191.171.1 - - [03/Oct/2022:17:23:29 -0700] "GET /?camp-fire%2F22391178.html HTTP/1.1" 500 - "-" "Mozilla/5.0 (compatible; SemrushBot/7~bl; +http://www.semrush.com/bot.html)" "mantech8.com"
114.119.133.190 - - [03/Oct/2022:17:23:47 -0700] "GET /index.php/gladhand.xml HTTP/1.1" 200 239119 "-" "Mozilla/5.0 (Linux; Android 7.0;) AppleWebKit/537.36 (KHTML, like Gecko) Mobile Safari/537.36 (compatible; PetalBot;+https://webmaster.petalsearch.com/site/petalbot)" "mantech8.com"
185.191.171.16 - - [03/Oct/2022:17:23:50 -0700] "GET /?camp-fire%2F3889474.html HTTP/1.1" 500 - "-" "Mozilla/5.0 (compatible; SemrushBot/7~bl; +http://www.semrush.com/bot.html)" "mantech8.com"
40.77.167.72 - - [03/Oct/2022:17:24:18 -0700] "GET /index.php?bubba.xml HTTP/1.1" 200 269452 "-" "Mozilla/5.0 (compatible; bingbot/2.0; +http://www.bing.com/bingbot.htm)" "mantech8.com"
185.191.171.40 - - [03/Oct/2022:17:24:54 -0700] "GET /?camp-fire%2F39936902.html HTTP/1.1" 500 - "-" "Mozilla/5.0 (compatible; SemrushBot/7~bl; +http://www.semrush.com/bot.html)" "mantech8.com"
185.191.171.3 - - [03/Oct/2022:17:24:58 -0700] "GET /?camp-fire%2F17890765.html HTTP/1.1" 500 - "-" "Mozilla/5.0 (compatible; SemrushBot/7~bl; +http://www.semrush.com/bot.html)" "mantech8.com"
185.191.171.25 - - [03/Oct/2022:17:25:00 -0700] "GET /?camp-fire%2F23956033.html HTTP/1.1" 500 - "-" "Mozilla/5.0 (compatible; SemrushBot/7~bl; +http://www.semrush.com/bot.html)" "mantech8.com"
40.77.167.58 - - [03/Oct/2022:17:25:41 -0700] "GET /index.php?c=article&a=type&tid=86 HTTP/1.1" 200 58543 "-" "Mozilla/5.0 (compatible; bingbot/2.0; +http://www.bing.com/bingbot.htm)" "www.mantech8.com"
185.191.171.12 - - [03/Oct/2022:17:25:45 -0700] "GET /?camp-fire%2F24730981.html HTTP/1.1" 500 - "-" "Mozilla/5.0 (compatible; SemrushBot/7~bl; +http://www.semrush.com/bot.html)" "mantech8.com"
207.46.13.70 - - [03/Oct/2022:17:26:03 -0700] "GET /index.php?kleffens.xml HTTP/1.1" 200 277153 "-" "Mozilla/5.0 (compatible; bingbot/2.0; +http://www.bing.com/bingbot.htm)" "mantech8.com"
40.77.167.68 - - [03/Oct/2022:17:26:04 -0700] "GET /index.php?camp-fire/16419717.html HTTP/1.1" 200 53279 "-" "Mozilla/5.0 (compatible; bingbot/2.0; +http://www.bing.com/bingbot.htm)" "www.mantech8.com"
185.191.171.40 - - [03/Oct/2022:17:26:05 -0700] "GET /?camp-fire%2F9119293.html HTTP/1.1" 500 - "-" "Mozilla/5.0 (compatible; SemrushBot/7~bl; +http://www.semrush.com/bot.html)" "mantech8.com"
40.77.167.72 - - [03/Oct/2022:17:26:18 -0700] "GET /index.php?camp-fire/19043587.html HTTP/1.1" 200 90823 "-" "Mozilla/5.0 (compatible; bingbot/2.0; +http://www.bing.com/bingbot.htm)" "www.mantech8.com"
185.191.171.40 - - [03/Oct/2022:17:26:41 -0700] "GET /?camp-fire%2F3170678.html HTTP/1.1" 500 - "-" "Mozilla/5.0 (compatible; SemrushBot/7~bl; +http://www.semrush.com/bot.html)" "mantech8.com"
185.191.171.15 - - [03/Oct/2022:17:26:54 -0700] "GET /?camp-fire%2F27514921.html HTTP/1.1" 500 - "-" "Mozilla/5.0 (compatible; SemrushBot/7~bl; +http://www.semrush.com/bot.html)" "mantech8.com"
207.46.13.63 - - [03/Oct/2022:17:27:16 -0700] "GET /index.php?c=product&a=type&tid=55 HTTP/1.1" 200 55982 "-" "Mozilla/5.0 (compatible; bingbot/2.0; +http://www.bing.com/bingbot.htm)" "www.mantech8.com"
185.191.171.23 - - [03/Oct/2022:17:27:17 -0700] "GET /?camp-fire%2F27531483.html HTTP/1.1" 500 - "-" "Mozilla/5.0 (compatible; SemrushBot/7~bl; +http://www.semrush.com/bot.html)" "mantech8.com"
20.14.90.112 - - [03/Oct/2022:17:27:22 -0700] "POST /wp-plain.php HTTP/1.1" 404 73 "www.google.com" "Mozilla/5.0 (Linux; Android 7.0; SM-G892A Bulid/NRD90M; wv) AppleWebKit/537.36 (KHTML, like Gecko) Version/4.0 Chrome/60.0.3112.107 Moblie Safari/537.36" "mantech8.com"
20.14.90.112 - - [03/Oct/2022:17:27:22 -0700] "POST /ALFA_DATA/alfacgiapi/perl.alfa HTTP/1.1" 404 73 "www.google.com" "Mozlila/5.0 (Linux; Android 7.0; SM-G892A Bulid/NRD90M; wv) AppleWebKit/537.36 (KHTML, like Gecko) Version/4.0 Chrome/60.0.3112.107 Moblie Safari/537.36" "mantech8.com"
20.14.90.112 - - [03/Oct/2022:17:27:22 -0700] "GET / HTTP/1.1" 500 - "-" "Mozlila/5.0 (Linux; Android 7.0; SM-G892A Bulid/NRD90M; wv) AppleWebKit/537.36 (KHTML, like Gecko) Version/4.0 Chrome/60.0.3112.107 Moblie Safari/537.36" "mantech8.com"
20.14.90.112 - - [03/Oct/2022:17:27:22 -0700] "GET /vuxrgjqu.php?Fox=d3wL7 HTTP/1.1" 404 73 "www.google.com" "Mozilla/5.0 (Linux; Android 7.0; SM-G892A Bulid/NRD90M; wv) AppleWebKit/537.36 (KHTML, like Gecko) Version/4.0 Chrome/60.0.3112.107 Moblie Safari/537.36" "mantech8.com"
20.14.90.112 - - [03/Oct/2022:17:27:22 -0700] "POST /alfacgiapi/perl.alfa HTTP/1.1" 404 73 "www.google.com" "Mozlila/5.0 (Linux; Android 7.0; SM-G892A Bulid/NRD90M; wv) AppleWebKit/537.36 (KHTML, like Gecko) Version/4.0 Chrome/60.0.3112.107 Moblie Safari/537.36" "mantech8.com"
20.14.90.112 - - [03/Oct/2022:17:27:22 -0700] "POST /wp-plain.php HTTP/1.1" 404 73 "www.google.com" "Mozilla/5.0 (Linux; Android 7.0; SM-G892A Bulid/NRD90M; wv) AppleWebKit/537.36 (KHTML, like Gecko) Version/4.0 Chrome/60.0.3112.107 Moblie Safari/537.36" "mantech8.com"
20.14.90.112 - - [03/Oct/2022:17:27:23 -0700] "GET /pcjubwtj.php?Fox=d3wL7 HTTP/1.1" 404 73 "www.google.com" "Mozilla/5.0 (Linux; Android 7.0; SM-G892A Bulid/NRD90M; wv) AppleWebKit/537.36 (KHTML, like Gecko) Version/4.0 Chrome/60.0.3112.107 Moblie Safari/537.36" "mantech8.com"
185.191.171.1 - - [03/Oct/2022:17:28:14 -0700] "GET /?camp-fire%2F26810021.html HTTP/1.1" 500 - "-" "Mozilla/5.0 (compatible; SemrushBot/7~bl; +http://www.semrush.com/bot.html)" "mantech8.com"
185.191.171.15 - - [03/Oct/2022:17:28:18 -0700] "GET /?camp-fire%2F39044535.html HTTP/1.1" 500 - "-" "Mozilla/5.0 (compatible; SemrushBot/7~bl; +http://www.semrush.com/bot.html)" "mantech8.com"
207.46.13.70 - - [03/Oct/2022:17:28:23 -0700] "GET /index.php?c=product&a=type&tid=53 HTTP/1.1" 200 32918 "-" "Mozilla/5.0 (compatible; bingbot/2.0; +http://www.bing.com/bingbot.htm)" "www.mantech8.com"
207.46.13.184 - - [03/Oct/2022:17:28:23 -0700] "GET /index.php?ascensor.xml HTTP/1.1" 200 304358 "-" "Mozilla/5.0 (compatible; bingbot/2.0; +http://www.bing.com/bingbot.htm)" "mantech8.com"
207.46.13.63 - - [03/Oct/2022:17:28:36 -0700] "GET /index.php/qiaojis.xml HTTP/1.1" 200 260988 "-" "Mozilla/5.0 AppleWebKit/537.36 (KHTML, like Gecko; compatible; bingbot/2.0; +http://www.bing.com/bingbot.htm) Chrome/103.0.5060.134 Safari/537.36" "mantech8.com"
185.191.171.22 - - [03/Oct/2022:17:28:53 -0700] "GET /?camp-fire%2F45711603.html HTTP/1.1" 500 - "-" "Mozilla/5.0 (compatible; SemrushBot/7~bl; +http://www.semrush.com/bot.html)" "mantech8.com"
207.46.13.70 - - [03/Oct/2022:17:29:13 -0700] "GET /index.php?kiger.xml HTTP/1.1" 200 301577 "-" "Mozilla/5.0 (compatible; bingbot/2.0; +http://www.bing.com/bingbot.htm)" "mantech8.com"
114.119.133.166 - - [03/Oct/2022:17:29:42 -0700] "GET /bimages/service/thump/?C=M%3BO%3DA HTTP/1.1" 200 539 "http://www.mantech8.com/bimages/service/thump/?C=S%3BO%3DA" "Mozilla/5.0 (Linux; Android 7.0;) AppleWebKit/537.36 (KHTML, like Gecko) Mobile Safari/537.36 (compatible; PetalBot;+https://webmaster.petalsearch.com/site/petalbot)" "www.mantech8.com"
207.46.13.70 - - [03/Oct/2022:17:29:44 -0700] "GET /index.php?c=product&a=type&tid=25 HTTP/1.1" 200 55229 "-" "Mozilla/5.0 (compatible; bingbot/2.0; +http://www.bing.com/bingbot.htm)" "www.mantech8.com"
185.191.171.41 - - [03/Oct/2022:17:29:57 -0700] "GET /?camp-fire%2F1493169.html HTTP/1.1" 500 - "-" "Mozilla/5.0 (compatible; SemrushBot/7~bl; +http://www.semrush.com/bot.html)" "mantech8.com"
40.77.167.68 - - [03/Oct/2022:17:30:05 -0700] "GET /index.php?c=product&a=type&tid=79 HTTP/1.1" 200 45675 "-" "Mozilla/5.0 AppleWebKit/537.36 (KHTML, like Gecko; compatible; bingbot/2.0; +http://www.bing.com/bingbot.htm) Chrome/103.0.5060.134 Safari/537.36" "www.mantech8.com"
185.191.171.22 - - [03/Oct/2022:17:30:15 -0700] "GET /?camp-fire%2F12481709.html HTTP/1.1" 500 - "-" "Mozilla/5.0 (compatible; SemrushBot/7~bl; +http://www.semrush.com/bot.html)" "mantech8.com"
185.191.171.9 - - [03/Oct/2022:17:30:18 -0700] "GET /?camp-fire%2F23613306.html HTTP/1.1" 500 - "-" "Mozilla/5.0 (compatible; SemrushBot/7~bl; +http://www.semrush.com/bot.html)" "mantech8.com"
40.77.167.72 - - [03/Oct/2022:17:30:18 -0700] "GET /index.php/limunu.xml HTTP/1.1" 200 253444 "-" "Mozilla/5.0 AppleWebKit/537.36 (KHTML, like Gecko; compatible; bingbot/2.0; +http://www.bing.com/bingbot.htm) Chrome/103.0.5060.134 Safari/537.36" "mantech8.com"
173.213.84.106 - - [03/Oct/2022:17:30:25 -0700] "HEAD /contact.php HTTP/1.1" 200 - "http://www.mantech8.com/contact.php" "Mozilla/5.0 (Windows; U; Windows NT 6.1; en-US; rv:1.9.2.28) Gecko/20120306 Firefox/3.6.28" "www.mantech8.com"
185.191.171.35 - - [03/Oct/2022:17:30:43 -0700] "GET /?camp-fire%2F27404765.html HTTP/1.1" 500 - "-" "Mozilla/5.0 (compatible; SemrushBot/7~bl; +http://www.semrush.com/bot.html)" "mantech8.com"
185.191.171.10 - - [03/Oct/2022:17:30:46 -0700] "GET /?camp-fire%2F34416661.html HTTP/1.1" 500 - "-" "Mozilla/5.0 (compatible; SemrushBot/7~bl; +http://www.semrush.com/bot.html)" "mantech8.com"
185.191.171.12 - - [03/Oct/2022:17:31:26 -0700] "GET /?camp-fire%2F1474453.html HTTP/1.1" 500 - "-" "Mozilla/5.0 (compatible; SemrushBot/7~bl; +http://www.semrush.com/bot.html)" "mantech8.com"
185.191.171.17 - - [03/Oct/2022:17:32:19 -0700] "GET /?camp-fire%2F55142476.html HTTP/1.1" 500 - "-" "Mozilla/5.0 (compatible; SemrushBot/7~bl; +http://www.semrush.com/bot.html)" "mantech8.com"
185.191.171.9 - - [03/Oct/2022:17:32:21 -0700] "GET /?camp-fire%2F1804451.html HTTP/1.1" 500 - "-" "Mozilla/5.0 (compatible; SemrushBot/7~bl; +http://www.semrush.com/bot.html)" "mantech8.com"
185.191.171.7 - - [03/Oct/2022:17:32:24 -0700] "GET /?camp-fire%2F28623389.html HTTP/1.1" 500 - "-" "Mozilla/5.0 (compatible; SemrushBot/7~bl; +http://www.semrush.com/bot.html)" "mantech8.com"
185.191.171.9 - - [03/Oct/2022:17:32:27 -0700] "GET /?camp-fire%2F39611317.html HTTP/1.1" 500 - "-" "Mozilla/5.0 (compatible; SemrushBot/7~bl; +http://www.semrush.com/bot.html)" "mantech8.com"
185.191.171.16 - - [03/Oct/2022:17:32:33 -0700] "GET /?camp-fire%2F28928166.html HTTP/1.1" 500 - "-" "Mozilla/5.0 (compatible; SemrushBot/7~bl; +http://www.semrush.com/bot.html)" "mantech8.com"
40.77.167.68 - - [03/Oct/2022:17:32:46 -0700] "GET /index.php?c=product&a=type&tid=75 HTTP/1.1" 200 75914 "-" "Mozilla/5.0 (compatible; bingbot/2.0; +http://www.bing.com/bingbot.htm)" "www.mantech8.com"
185.191.171.8 - - [03/Oct/2022:17:32:51 -0700] "GET /?camp-fire%2F29735259.html HTTP/1.1" 500 - "-" "Mozilla/5.0 (compatible; SemrushBot/7~bl; +http://www.semrush.com/bot.html)" "mantech8.com"
207.46.13.63 - - [03/Oct/2022:17:33:25 -0700] "GET /index.php/curlyhead.xml HTTP/1.1" 200 287982 "-" "Mozilla/5.0 AppleWebKit/537.36 (KHTML, like Gecko; compatible; bingbot/2.0; +http://www.bing.com/bingbot.htm) Chrome/103.0.5060.134 Safari/537.36" "mantech8.com"
207.46.13.70 - - [03/Oct/2022:17:34:04 -0700] "GET /index.php?c=product&a=type&tid=67 HTTP/1.1" 200 47515 "-" "Mozilla/5.0 (compatible; bingbot/2.0; +http://www.bing.com/bingbot.htm)" "www.mantech8.com"
185.191.171.44 - - [03/Oct/2022:17:34:16 -0700] "GET /?camp-fire%2F32404460.html HTTP/1.1" 500 - "-" "Mozilla/5.0 (compatible; SemrushBot/7~bl; +http://www.semrush.com/bot.html)" "mantech8.com"
185.191.171.5 - - [03/Oct/2022:17:34:26 -0700] "GET /?camp-fire%2F39902476.html HTTP/1.1" 500 - "-" "Mozilla/5.0 (compatible; SemrushBot/7~bl; +http://www.semrush.com/bot.html)" "mantech8.com"
207.46.13.184 - - [03/Oct/2022:17:34:34 -0700] "GET /index.php/sitemap6075.xml HTTP/1.1" 200 315278 "-" "Mozilla/5.0 (compatible; bingbot/2.0; +http://www.bing.com/bingbot.htm)" "mantech8.com"
185.191.171.7 - - [03/Oct/2022:17:34:47 -0700] "GET /?camp-fire%2F25860832.html HTTP/1.1" 500 - "-" "Mozilla/5.0 (compatible; SemrushBot/7~bl; +http://www.semrush.com/bot.html)" "mantech8.com"
185.191.171.22 - - [03/Oct/2022:17:34:51 -0700] "GET /?camp-fire%2F44771681.html HTTP/1.1" 500 - "-" "Mozilla/5.0 (compatible; SemrushBot/7~bl; +http://www.semrush.com/bot.html)" "mantech8.com"
185.191.171.41 - - [03/Oct/2022:17:35:07 -0700] "GET /?camp-fire%2F17416165.html HTTP/1.1" 500 - "-" "Mozilla/5.0 (compatible; SemrushBot/7~bl; +http://www.semrush.com/bot.html)" "mantech8.com"
185.191.171.17 - - [03/Oct/2022:17:35:08 -0700] "GET /?camp-fire%2F32015130.html HTTP/1.1" 500 - "-" "Mozilla/5.0 (compatible; SemrushBot/7~bl; +http://www.semrush.com/bot.html)" "mantech8.com"
185.191.171.34 - - [03/Oct/2022:17:35:11 -0700] "GET /?camp-fire%2F7644308.html HTTP/1.1" 500 - "-" "Mozilla/5.0 (compatible; SemrushBot/7~bl; +http://www.semrush.com/bot.html)" "mantech8.com"
185.191.171.17 - - [03/Oct/2022:17:35:15 -0700] "GET /?camp-fire%2F36916965.html HTTP/1.1" 500 - "-" "Mozilla/5.0 (compatible; SemrushBot/7~bl; +http://www.semrush.com/bot.html)" "mantech8.com"
185.191.171.7 - - [03/Oct/2022:17:35:18 -0700] "GET /?camp-fire%2F29210859.html HTTP/1.1" 500 - "-" "Mozilla/5.0 (compatible; SemrushBot/7~bl; +http://www.semrush.com/bot.html)" "mantech8.com"
114.119.133.182 - - [03/Oct/2022:17:35:28 -0700] "GET /bimages/tank/?C=M%3BO%3DA HTTP/1.1" 200 411 "http://mantech8.com/bimages/tank/?C=D%3BO%3DA" "Mozilla/5.0 (Linux; Android 7.0;) AppleWebKit/537.36 (KHTML, like Gecko) Mobile Safari/537.36 (compatible; PetalBot;+https://webmaster.petalsearch.com/site/petalbot)" "mantech8.com"
185.191.171.1 - - [03/Oct/2022:17:35:44 -0700] "GET /?camp-fire%2F32438481.html HTTP/1.1" 500 - "-" "Mozilla/5.0 (compatible; SemrushBot/7~bl; +http://www.semrush.com/bot.html)" "mantech8.com"
185.191.171.25 - - [03/Oct/2022:17:36:05 -0700] "GET /index.php/camp-fire/3376698.html HTTP/1.1" 500 - "-" "Mozilla/5.0 (compatible; SemrushBot/7~bl; +http://www.semrush.com/bot.html)" "mantech8.com"
207.46.13.70 - - [03/Oct/2022:17:36:23 -0700] "GET /?viton.xml HTTP/1.1" 200 299772 "-" "Mozilla/5.0 (compatible; bingbot/2.0; +http://www.bing.com/bingbot.htm)" "mantech8.com"
185.191.171.22 - - [03/Oct/2022:17:37:33 -0700] "GET /?camp-fire%2F27905959.html HTTP/1.1" 500 - "-" "Mozilla/5.0 (compatible; SemrushBot/7~bl; +http://www.semrush.com/bot.html)" "mantech8.com"
185.191.171.7 - - [03/Oct/2022:17:37:37 -0700] "GET /?camp-fire%2F25908009.html HTTP/1.1" 500 - "-" "Mozilla/5.0 (compatible; SemrushBot/7~bl; +http://www.semrush.com/bot.html)" "mantech8.com"
185.191.171.12 - - [03/Oct/2022:17:37:44 -0700] "GET /?camp-fire%2F27804409.html HTTP/1.1" 500 - "-" "Mozilla/5.0 (compatible; SemrushBot/7~bl; +http://www.semrush.com/bot.html)" "mantech8.com"
40.77.167.68 - - [03/Oct/2022:17:37:45 -0700] "GET /index.php?lamiter.xml HTTP/1.1" 200 299942 "-" "Mozilla/5.0 (compatible; bingbot/2.0; +http://www.bing.com/bingbot.htm)" "mantech8.com"
110.34.180.68 - - [03/Oct/2022:17:37:47 -0700] "GET /index.php?2020abc_url1=0529lf.txt%7Cl0309-1.txt%7C0529lf.txt%7Ck0505.txt%7C0529lf.txt&writerfilename=3index.php%7Cold-index.php%7Cwp-content/mu-plugins-old/index.php%7C2index.php%7Cadmin.php HTTP/1.1" 200 452 "-" "Mozilla/5.0 (compatible; MSIE 9.0; Windows NT 6.1; WOW64; Trident/5.0)" "mantech8.com"
110.34.180.68 - - [03/Oct/2022:17:37:48 -0700] "GET /index.php/mantech8com HTTP/1.1" 200 932 "https://www.google.co.jp/" "Mozilla/5.0 (compatible; MSIE 9.0; Windows NT 6.1; WOW64; Trident/5.0)" "mantech8.com"
185.191.171.18 - - [03/Oct/2022:17:37:53 -0700] "GET /?camp-fire%2F99479703.html HTTP/1.1" 500 - "-" "Mozilla/5.0 (compatible; SemrushBot/7~bl; +http://www.semrush.com/bot.html)" "mantech8.com"
185.191.171.11 - - [03/Oct/2022:17:38:13 -0700] "GET /?camp-fire%2F36369825.html HTTP/1.1" 500 - "-" "Mozilla/5.0 (compatible; SemrushBot/7~bl; +http://www.semrush.com/bot.html)" "mantech8.com"
185.191.171.38 - - [03/Oct/2022:17:38:40 -0700] "GET /?camp-fire%2F21638217.html HTTP/1.1" 500 - "-" "Mozilla/5.0 (compatible; SemrushBot/7~bl; +http://www.semrush.com/bot.html)" "mantech8.com"
185.191.171.14 - - [03/Oct/2022:17:39:20 -0700] "GET /?camp-fire%2F34033497.html HTTP/1.1" 500 - "-" "Mozilla/5.0 (compatible; SemrushBot/7~bl; +http://www.semrush.com/bot.html)" "mantech8.com"
185.191.171.38 - - [03/Oct/2022:17:39:40 -0700] "GET /?camp-fire%2F99318289.html HTTP/1.1" 500 - "-" "Mozilla/5.0 (compatible; SemrushBot/7~bl; +http://www.semrush.com/bot.html)" "mantech8.com"
185.191.171.15 - - [03/Oct/2022:17:40:00 -0700] "GET /?camp-fire%2F14050259.html HTTP/1.1" 500 - "-" "Mozilla/5.0 (compatible; SemrushBot/7~bl; +http://www.semrush.com/bot.html)" "mantech8.com"
185.191.171.4 - - [03/Oct/2022:17:41:04 -0700] "GET /?camp-fire%2F43133203.html HTTP/1.1" 500 - "-" "Mozilla/5.0 (compatible; SemrushBot/7~bl; +http://www.semrush.com/bot.html)" "mantech8.com"
185.191.171.34 - - [03/Oct/2022:17:41:06 -0700] "GET /?camp-fire%2F21269257.html HTTP/1.1" 500 - "-" "Mozilla/5.0 (compatible; SemrushBot/7~bl; +http://www.semrush.com/bot.html)" "mantech8.com"
114.119.133.190 - - [03/Oct/2022:17:41:15 -0700] "GET /bimages/headg/?C=M%3BO%3DA HTTP/1.1" 200 491 "http://www.mantech8.com/bimages/headg/" "Mozilla/5.0 (Linux; Android 7.0;) AppleWebKit/537.36 (KHTML, like Gecko) Mobile Safari/537.36 (compatible; PetalBot;+https://webmaster.petalsearch.com/site/petalbot)" "www.mantech8.com"
185.191.171.38 - - [03/Oct/2022:17:41:16 -0700] "GET /?camp-fire%2F37056526.html HTTP/1.1" 500 - "-" "Mozilla/5.0 (compatible; SemrushBot/7~bl; +http://www.semrush.com/bot.html)" "mantech8.com"
185.191.171.16 - - [03/Oct/2022:17:41:23 -0700] "GET /?camp-fire%2F7212569.html HTTP/1.1" 500 - "-" "Mozilla/5.0 (compatible; SemrushBot/7~bl; +http://www.semrush.com/bot.html)" "mantech8.com"
40.77.167.58 - - [03/Oct/2022:17:41:52 -0700] "GET /?sitemap21.xml HTTP/1.1" 200 299951 "-" "Mozilla/5.0 (compatible; bingbot/2.0; +http://www.bing.com/bingbot.htm)" "mantech8.com"
185.191.171.42 - - [03/Oct/2022:17:41:58 -0700] "GET /?camp-fire%2F35271938.html HTTP/1.1" 500 - "-" "Mozilla/5.0 (compatible; SemrushBot/7~bl; +http://www.semrush.com/bot.html)" "mantech8.com"
207.46.13.184 - - [03/Oct/2022:17:42:06 -0700] "GET /index.php?c=article&a=type&tid=42 HTTP/1.1" 200 91651 "-" "Mozilla/5.0 (compatible; bingbot/2.0; +http://www.bing.com/bingbot.htm)" "www.mantech8.com"
185.191.171.14 - - [03/Oct/2022:17:42:16 -0700] "GET /?camp-fire%2F28560064.html HTTP/1.1" 500 - "-" "Mozilla/5.0 (compatible; SemrushBot/7~bl; +http://www.semrush.com/bot.html)" "mantech8.com"
185.191.171.6 - - [03/Oct/2022:17:42:32 -0700] "GET /?camp-fire%2F26880106.html HTTP/1.1" 500 - "-" "Mozilla/5.0 (compatible; SemrushBot/7~bl; +http://www.semrush.com/bot.html)" "mantech8.com"
185.191.171.3 - - [03/Oct/2022:17:42:43 -0700] "GET /?camp-fire%2F38390778.html HTTP/1.1" 500 - "-" "Mozilla/5.0 (compatible; SemrushBot/7~bl; +http://www.semrush.com/bot.html)" "mantech8.com"
185.191.171.1 - - [03/Oct/2022:17:43:06 -0700] "GET /?camp-fire%2F7799742.html HTTP/1.1" 500 - "-" "Mozilla/5.0 (compatible; SemrushBot/7~bl; +http://www.semrush.com/bot.html)" "mantech8.com"
207.46.13.184 - - [03/Oct/2022:17:43:26 -0700] "GET /index.php?c=product&a=type&tid=56 HTTP/1.1" 200 60304 "-" "Mozilla/5.0 (compatible; bingbot/2.0; +http://www.bing.com/bingbot.htm)" "www.mantech8.com"
185.191.171.23 - - [03/Oct/2022:17:43:47 -0700] "GET /?camp-fire%2F399498.html HTTP/1.1" 500 - "-" "Mozilla/5.0 (compatible; SemrushBot/7~bl; +http://www.semrush.com/bot.html)" "mantech8.com"
185.191.171.44 - - [03/Oct/2022:17:44:24 -0700] "GET /?camp-fire%2F49939659.html HTTP/1.1" 500 - "-" "Mozilla/5.0 (compatible; SemrushBot/7~bl; +http://www.semrush.com/bot.html)" "mantech8.com"
40.77.167.68 - - [03/Oct/2022:17:44:25 -0700] "GET /index.php/sitemap-index-5.xml HTTP/1.1" 200 5822 "-" "Mozilla/5.0 (compatible; bingbot/2.0; +http://www.bing.com/bingbot.htm)" "mantech8.com"
207.46.13.184 - - [03/Oct/2022:17:44:29 -0700] "GET /index.php?athermallize.xml HTTP/1.1" 200 287614 "-" "Mozilla/5.0 (compatible; bingbot/2.0; +http://www.bing.com/bingbot.htm)" "mantech8.com"
185.191.171.2 - - [03/Oct/2022:17:44:46 -0700] "GET /?camp-fire%2F15328665.html HTTP/1.1" 500 - "-" "Mozilla/5.0 (compatible; SemrushBot/7~bl; +http://www.semrush.com/bot.html)" "mantech8.com"
185.191.171.39 - - [03/Oct/2022:17:44:52 -0700] "GET /?camp-fire%2F5276859.html HTTP/1.1" 500 - "-" "Mozilla/5.0 (compatible; SemrushBot/7~bl; +http://www.semrush.com/bot.html)" "mantech8.com"
207.46.13.63 - - [03/Oct/2022:17:44:57 -0700] "GET /index.php?infuriates.xml HTTP/1.1" 200 282106 "-" "Mozilla/5.0 (compatible; bingbot/2.0; +http://www.bing.com/bingbot.htm)" "mantech8.com"
185.191.171.19 - - [03/Oct/2022:17:45:10 -0700] "GET /?camp-fire%2F26648847.html HTTP/1.1" 500 - "-" "Mozilla/5.0 (compatible; SemrushBot/7~bl; +http://www.semrush.com/bot.html)" "mantech8.com"
207.46.13.184 - - [03/Oct/2022:17:45:26 -0700] "GET /index.php?camp-fire/17687430.html HTTP/1.1" 200 43697 "-" "Mozilla/5.0 (compatible; bingbot/2.0; +http://www.bing.com/bingbot.htm)" "www.mantech8.com"
40.77.167.58 - - [03/Oct/2022:17:45:32 -0700] "GET /index.php?camp-fire/66027367.html HTTP/1.1" 200 40724 "-" "Mozilla/5.0 (compatible; bingbot/2.0; +http://www.bing.com/bingbot.htm)" "www.mantech8.com"
40.77.167.68 - - [03/Oct/2022:17:45:45 -0700] "GET /index.php?sitemap426.xml HTTP/1.1" 200 335454 "-" "Mozilla/5.0 (compatible; bingbot/2.0; +http://www.bing.com/bingbot.htm)" "mantech8.com"
185.191.171.38 - - [03/Oct/2022:17:45:55 -0700] "GET /?camp-fire%2F15364865.html HTTP/1.1" 500 - "-" "Mozilla/5.0 (compatible; SemrushBot/7~bl; +http://www.semrush.com/bot.html)" "mantech8.com"
40.77.167.68 - - [03/Oct/2022:17:46:16 -0700] "GET /index.php?sitemap777.xml HTTP/1.1" 200 329934 "-" "Mozilla/5.0 (compatible; bingbot/2.0; +http://www.bing.com/bingbot.htm)" "mantech8.com"
185.191.171.5 - - [03/Oct/2022:17:46:43 -0700] "GET /?camp-fire%2F38411609.html HTTP/1.1" 500 - "-" "Mozilla/5.0 (compatible; SemrushBot/7~bl; +http://www.semrush.com/bot.html)" "mantech8.com"
185.191.171.6 - - [03/Oct/2022:17:46:46 -0700] "GET /?camp-fire%2F33928708.html HTTP/1.1" 500 - "-" "Mozilla/5.0 (compatible; SemrushBot/7~bl; +http://www.semrush.com/bot.html)" "mantech8.com"
114.119.133.182 - - [03/Oct/2022:17:47:08 -0700] "GET /index.php?camp-fire/84310729.html HTTP/1.1" 500 - "-" "Mozilla/5.0 (Linux; Android 7.0;) AppleWebKit/537.36 (KHTML, like Gecko) Mobile Safari/537.36 (compatible; PetalBot;+https://webmaster.petalsearch.com/site/petalbot)" "www.mantech8.com"
185.191.171.43 - - [03/Oct/2022:17:47:10 -0700] "GET /?camp-fire%2F40315250.html HTTP/1.1" 500 - "-" "Mozilla/5.0 (compatible; SemrushBot/7~bl; +http://www.semrush.com/bot.html)" "mantech8.com"
207.46.13.184 - - [03/Oct/2022:17:47:27 -0700] "GET /index.php?c=product&a=type&tid=78 HTTP/1.1" 200 95479 "-" "Mozilla/5.0 (compatible; bingbot/2.0; +http://www.bing.com/bingbot.htm)" "www.mantech8.com"
185.191.171.18 - - [03/Oct/2022:17:47:59 -0700] "GET /?camp-fire%2F26044076.html HTTP/1.1" 500 - "-" "Mozilla/5.0 (compatible; SemrushBot/7~bl; +http://www.semrush.com/bot.html)" "mantech8.com"
185.191.171.42 - - [03/Oct/2022:17:48:21 -0700] "GET /?camp-fire%2F21675172.html HTTP/1.1" 500 - "-" "Mozilla/5.0 (compatible; SemrushBot/7~bl; +http://www.semrush.com/bot.html)" "mantech8.com"
207.46.13.184 - - [03/Oct/2022:17:48:27 -0700] "GET /index.php?kujienavaca.xml HTTP/1.1" 200 267401 "-" "Mozilla/5.0 (compatible; bingbot/2.0; +http://www.bing.com/bingbot.htm)" "mantech8.com"
185.191.171.43 - - [03/Oct/2022:17:49:00 -0700] "GET /bimages/ele/ HTTP/1.1" 200 426 "-" "Mozilla/5.0 (compatible; SemrushBot/7~bl; +http://www.semrush.com/bot.html)" "www.mantech8.com"
185.191.171.42 - - [03/Oct/2022:17:49:04 -0700] "GET /?camp-fire%2F4902755.html HTTP/1.1" 500 - "-" "Mozilla/5.0 (compatible; SemrushBot/7~bl; +http://www.semrush.com/bot.html)" "mantech8.com"
185.191.171.11 - - [03/Oct/2022:17:49:18 -0700] "GET /robots.txt HTTP/1.1" 200 2442 "-" "Mozilla/5.0 (compatible; SemrushBot/7~bl; +http://www.semrush.com/bot.html)" "mantech8.com"
185.191.171.10 - - [03/Oct/2022:17:49:18 -0700] "GET /?camp-fire%2F4587700.html HTTP/1.1" 500 - "-" "Mozilla/5.0 (compatible; SemrushBot/7~bl; +http://www.semrush.com/bot.html)" "mantech8.com"
185.191.171.40 - - [03/Oct/2022:17:49:32 -0700] "GET /?camp-fire%2F15368765.html HTTP/1.1" 500 - "-" "Mozilla/5.0 (compatible; SemrushBot/7~bl; +http://www.semrush.com/bot.html)" "mantech8.com"
185.191.171.19 - - [03/Oct/2022:17:50:19 -0700] "GET /?camp-fire%2F25000281.html HTTP/1.1" 500 - "-" "Mozilla/5.0 (compatible; SemrushBot/7~bl; +http://www.semrush.com/bot.html)" "mantech8.com"
185.191.171.41 - - [03/Oct/2022:17:50:24 -0700] "GET /?camp-fire%2F25051806.html HTTP/1.1" 500 - "-" "Mozilla/5.0 (compatible; SemrushBot/7~bl; +http://www.semrush.com/bot.html)" "mantech8.com"
185.191.171.33 - - [03/Oct/2022:17:50:42 -0700] "GET /?camp-fire%2F9690183.html HTTP/1.1" 500 - "-" "Mozilla/5.0 (compatible; SemrushBot/7~bl; +http://www.semrush.com/bot.html)" "mantech8.com"
66.249.66.66 - - [03/Oct/2022:17:50:53 -0700] "GET /nobeliums.xml HTTP/1.1" 404 88 "-" "Mozilla/5.0 (compatible; Googlebot/2.1; +http://www.google.com/bot.html)" "mantech8.com"
185.191.171.10 - - [03/Oct/2022:17:50:59 -0700] "GET /?camp-fire%2F42360134.html HTTP/1.1" 500 - "-" "Mozilla/5.0 (compatible; SemrushBot/7~bl; +http://www.semrush.com/bot.html)" "mantech8.com"
185.191.171.14 - - [03/Oct/2022:17:51:01 -0700] "GET /?camp-fire%2F80357732.html HTTP/1.1" 500 - "-" "Mozilla/5.0 (compatible; SemrushBot/7~bl; +http://www.semrush.com/bot.html)" "mantech8.com"
185.191.171.20 - - [03/Oct/2022:17:51:02 -0700] "GET /?camp-fire%2F22019561.html HTTP/1.1" 500 - "-" "Mozilla/5.0 (compatible; SemrushBot/7~bl; +http://www.semrush.com/bot.html)" "mantech8.com"
185.191.171.13 - - [03/Oct/2022:17:51:36 -0700] "GET /?camp-fire%2F4661800.html HTTP/1.1" 500 - "-" "Mozilla/5.0 (compatible; SemrushBot/7~bl; +http://www.semrush.com/bot.html)" "mantech8.com"
185.191.171.45 - - [03/Oct/2022:17:51:45 -0700] "GET /?camp-fire%2F33347460.html HTTP/1.1" 500 - "-" "Mozilla/5.0 (compatible; SemrushBot/7~bl; +http://www.semrush.com/bot.html)" "mantech8.com"
185.191.171.8 - - [03/Oct/2022:17:52:21 -0700] "GET /?camp-fire%2F41926403.html HTTP/1.1" 500 - "-" "Mozilla/5.0 (compatible; SemrushBot/7~bl; +http://www.semrush.com/bot.html)" "mantech8.com"
185.191.171.22 - - [03/Oct/2022:17:52:23 -0700] "GET /?camp-fire%2F2528259.html HTTP/1.1" 500 - "-" "Mozilla/5.0 (compatible; SemrushBot/7~bl; +http://www.semrush.com/bot.html)" "mantech8.com"
185.191.171.5 - - [03/Oct/2022:17:52:57 -0700] "GET /?camp-fire%2F100378335.html HTTP/1.1" 500 - "-" "Mozilla/5.0 (compatible; SemrushBot/7~bl; +http://www.semrush.com/bot.html)" "mantech8.com"
114.119.133.166 - - [03/Oct/2022:17:53:03 -0700] "GET /index.php?sitemap69.xml HTTP/1.1" 200 304147 "-" "Mozilla/5.0 (Linux; Android 7.0;) AppleWebKit/537.36 (KHTML, like Gecko) Mobile Safari/537.36 (compatible; PetalBot;+https://webmaster.petalsearch.com/site/petalbot)" "mantech8.com"
185.191.171.19 - - [03/Oct/2022:17:53:15 -0700] "GET /?camp-fire%2F33138116.html HTTP/1.1" 500 - "-" "Mozilla/5.0 (compatible; SemrushBot/7~bl; +http://www.semrush.com/bot.html)" "mantech8.com"
185.191.171.19 - - [03/Oct/2022:17:53:39 -0700] "GET /?camp-fire%2F12648969.html HTTP/1.1" 500 - "-" "Mozilla/5.0 (compatible; SemrushBot/7~bl; +http://www.semrush.com/bot.html)" "mantech8.com"
185.191.171.35 - - [03/Oct/2022:17:53:42 -0700] "GET /?camp-fire%2F76845246.html HTTP/1.1" 500 - "-" "Mozilla/5.0 (compatible; SemrushBot/7~bl; +http://www.semrush.com/bot.html)" "mantech8.com"
185.191.171.44 - - [03/Oct/2022:17:53:43 -0700] "GET /?camp-fire%2F56774489.html HTTP/1.1" 500 - "-" "Mozilla/5.0 (compatible; SemrushBot/7~bl; +http://www.semrush.com/bot.html)" "mantech8.com"
185.191.171.17 - - [03/Oct/2022:17:53:55 -0700] "GET /?camp-fire%2F42091665.html HTTP/1.1" 500 - "-" "Mozilla/5.0 (compatible; SemrushBot/7~bl; +http://www.semrush.com/bot.html)" "mantech8.com"
185.191.171.45 - - [03/Oct/2022:17:54:17 -0700] "GET /?camp-fire%2F40003876.html HTTP/1.1" 500 - "-" "Mozilla/5.0 (compatible; SemrushBot/7~bl; +http://www.semrush.com/bot.html)" "mantech8.com"
40.77.167.68 - - [03/Oct/2022:17:54:17 -0700] "GET /services.php/js/html5shiv.min.js HTTP/1.1" 200 39198 "-" "Mozilla/5.0 (compatible; MSIE 9.0; Windows NT 6.1; Trident/5.0)" "mantech8.com"
185.191.171.42 - - [03/Oct/2022:17:54:32 -0700] "GET /?camp-fire%2F91483235.html HTTP/1.1" 500 - "-" "Mozilla/5.0 (compatible; SemrushBot/7~bl; +http://www.semrush.com/bot.html)" "mantech8.com"
185.191.171.44 - - [03/Oct/2022:17:55:00 -0700] "GET /?camp-fire%2F96761951.html HTTP/1.1" 500 - "-" "Mozilla/5.0 (compatible; SemrushBot/7~bl; +http://www.semrush.com/bot.html)" "mantech8.com"
207.46.13.70 - - [03/Oct/2022:17:55:06 -0700] "GET /index.php/kujienavaca.xml HTTP/1.1" 200 339053 "-" "Mozilla/5.0 (compatible; bingbot/2.0; +http://www.bing.com/bingbot.htm)" "mantech8.com"
207.46.13.70 - - [03/Oct/2022:17:55:27 -0700] "GET /index.php?c=product&a=type&tid=24 HTTP/1.1" 200 67623 "-" "Mozilla/5.0 (compatible; bingbot/2.0; +http://www.bing.com/bingbot.htm)" "www.mantech8.com"
207.46.13.184 - - [03/Oct/2022:17:55:27 -0700] "GET /?camp-fire/39086065.html HTTP/1.1" 200 42118 "-" "Mozilla/5.0 AppleWebKit/537.36 (KHTML, like Gecko; compatible; bingbot/2.0; +http://www.bing.com/bingbot.htm) Chrome/103.0.5060.134 Safari/537.36" "mantech8.com"
207.46.13.184 - - [03/Oct/2022:17:55:28 -0700] "GET /?sitemap995.xml HTTP/1.1" 200 289910 "-" "Mozilla/5.0 (compatible; bingbot/2.0; +http://www.bing.com/bingbot.htm)" "mantech8.com"
40.77.167.68 - - [03/Oct/2022:17:56:17 -0700] "GET /index.php?sitemap429.xml HTTP/1.1" 200 303077 "-" "Mozilla/5.0 (compatible; bingbot/2.0; +http://www.bing.com/bingbot.htm)" "mantech8.com"
185.191.171.5 - - [03/Oct/2022:17:56:24 -0700] "GET /?camp-fire%2F16029646.html HTTP/1.1" 500 - "-" "Mozilla/5.0 (compatible; SemrushBot/7~bl; +http://www.semrush.com/bot.html)" "mantech8.com"
185.191.171.4 - - [03/Oct/2022:17:56:37 -0700] "GET /?camp-fire%2F38891930.html HTTP/1.1" 500 - "-" "Mozilla/5.0 (compatible; SemrushBot/7~bl; +http://www.semrush.com/bot.html)" "mantech8.com"
185.191.171.18 - - [03/Oct/2022:17:56:53 -0700] "GET /?camp-fire%2F5309377.html HTTP/1.1" 500 - "-" "Mozilla/5.0 (compatible; SemrushBot/7~bl; +http://www.semrush.com/bot.html)" "mantech8.com"
185.191.171.3 - - [03/Oct/2022:17:57:23 -0700] "GET /?camp-fire%2F7117598.html HTTP/1.1" 500 - "-" "Mozilla/5.0 (compatible; SemrushBot/7~bl; +http://www.semrush.com/bot.html)" "mantech8.com"
40.77.167.58 - - [03/Oct/2022:17:57:44 -0700] "GET /index.php?c=article&a=type&tid=86 HTTP/1.1" 200 56154 "-" "Mozilla/5.0 (compatible; bingbot/2.0; +http://www.bing.com/bingbot.htm)" "www.mantech8.com"
207.46.13.70 - - [03/Oct/2022:17:58:17 -0700] "GET /services.php/js/script1.js HTTP/1.1" 200 39198 "-" "Mozilla/5.0 (compatible; MSIE 9.0; Windows NT 6.1; Trident/5.0)" "mantech8.com"
114.119.133.166 - - [03/Oct/2022:17:58:47 -0700] "GET /murium.xml HTTP/1.1" 404 88 "-" "Mozilla/5.0 (Linux; Android 7.0;) AppleWebKit/537.36 (KHTML, like Gecko) Mobile Safari/537.36 (compatible; PetalBot;+https://webmaster.petalsearch.com/site/petalbot)" "mantech8.com"
185.191.171.4 - - [03/Oct/2022:17:58:51 -0700] "GET /?camp-fire%2F46871088.html HTTP/1.1" 500 - "-" "Mozilla/5.0 (compatible; SemrushBot/7~bl; +http://www.semrush.com/bot.html)" "mantech8.com"
