136.243.220.213 - - [04/Oct/2022:05:31:17 -0700] "GET /?camp-fire/67965572.html HTTP/1.1" 500 - "-" "Mozilla/5.0 (compatible; DataForSeoBot/1.0; +https://dataforseo.com/dataforseo-bot)" "mantech8.com"
136.243.220.213 - - [04/Oct/2022:05:31:21 -0700] "GET /?camp-fire/34065785.html HTTP/1.1" 500 - "-" "Mozilla/5.0 (compatible; DataForSeoBot/1.0; +https://dataforseo.com/dataforseo-bot)" "mantech8.com"
136.243.220.213 - - [04/Oct/2022:05:31:22 -0700] "GET /?camp-fire/31006472.html HTTP/1.1" 500 - "-" "Mozilla/5.0 (compatible; DataForSeoBot/1.0; +https://dataforseo.com/dataforseo-bot)" "mantech8.com"
136.243.220.213 - - [04/Oct/2022:05:31:26 -0700] "GET /?camp-fire/56661721.html HTTP/1.1" 500 - "-" "Mozilla/5.0 (compatible; DataForSeoBot/1.0; +https://dataforseo.com/dataforseo-bot)" "mantech8.com"
185.191.171.2 - - [04/Oct/2022:05:31:29 -0700] "GET /?camp-fire%2F38185503.html HTTP/1.1" 500 - "-" "Mozilla/5.0 (compatible; SemrushBot/7~bl; +http://www.semrush.com/bot.html)" "mantech8.com"
136.243.220.213 - - [04/Oct/2022:05:31:30 -0700] "GET /?camp-fire/47870181.html HTTP/1.1" 500 - "-" "Mozilla/5.0 (compatible; DataForSeoBot/1.0; +https://dataforseo.com/dataforseo-bot)" "mantech8.com"
136.243.220.213 - - [04/Oct/2022:05:31:31 -0700] "GET /?camp-fire/69684602.html HTTP/1.1" 500 - "-" "Mozilla/5.0 (compatible; DataForSeoBot/1.0; +https://dataforseo.com/dataforseo-bot)" "mantech8.com"
136.243.220.213 - - [04/Oct/2022:05:31:35 -0700] "GET /?camp-fire/45316483.html HTTP/1.1" 500 - "-" "Mozilla/5.0 (compatible; DataForSeoBot/1.0; +https://dataforseo.com/dataforseo-bot)" "mantech8.com"
185.191.171.6 - - [04/Oct/2022:05:31:36 -0700] "GET /?camp-fire%2F15465865.html HTTP/1.1" 500 - "-" "Mozilla/5.0 (compatible; SemrushBot/7~bl; +http://www.semrush.com/bot.html)" "mantech8.com"
136.243.220.213 - - [04/Oct/2022:05:31:39 -0700] "GET /?camp-fire/41787776.html HTTP/1.1" 500 - "-" "Mozilla/5.0 (compatible; DataForSeoBot/1.0; +https://dataforseo.com/dataforseo-bot)" "mantech8.com"
40.77.167.58 - - [04/Oct/2022:05:31:40 -0700] "GET /index.php?sitemap4497.xml HTTP/1.1" 200 289146 "-" "Mozilla/5.0 (compatible; bingbot/2.0; +http://www.bing.com/bingbot.htm)" "mantech8.com"
185.191.171.40 - - [04/Oct/2022:05:31:41 -0700] "GET /?camp-fire%2F103086906.html HTTP/1.1" 500 - "-" "Mozilla/5.0 (compatible; SemrushBot/7~bl; +http://www.semrush.com/bot.html)" "mantech8.com"
136.243.220.213 - - [04/Oct/2022:05:31:41 -0700] "GET /?camp-fire/31005472.html HTTP/1.1" 500 - "-" "Mozilla/5.0 (compatible; DataForSeoBot/1.0; +https://dataforseo.com/dataforseo-bot)" "mantech8.com"
136.243.220.213 - - [04/Oct/2022:05:31:43 -0700] "GET /?camp-fire/54404830.html HTTP/1.1" 500 - "-" "Mozilla/5.0 (compatible; DataForSeoBot/1.0; +https://dataforseo.com/dataforseo-bot)" "mantech8.com"
185.191.171.13 - - [04/Oct/2022:05:31:45 -0700] "GET /?camp-fire%2F68045476.html HTTP/1.1" 500 - "-" "Mozilla/5.0 (compatible; SemrushBot/7~bl; +http://www.semrush.com/bot.html)" "mantech8.com"
136.243.220.213 - - [04/Oct/2022:05:31:47 -0700] "GET /?camp-fire/58483389.html HTTP/1.1" 500 - "-" "Mozilla/5.0 (compatible; DataForSeoBot/1.0; +https://dataforseo.com/dataforseo-bot)" "mantech8.com"
136.243.220.213 - - [04/Oct/2022:05:31:51 -0700] "GET /?camp-fire/71664703.html HTTP/1.1" 500 - "-" "Mozilla/5.0 (compatible; DataForSeoBot/1.0; +https://dataforseo.com/dataforseo-bot)" "mantech8.com"
136.243.220.213 - - [04/Oct/2022:05:31:55 -0700] "GET /?camp-fire/57769459.html HTTP/1.1" 500 - "-" "Mozilla/5.0 (compatible; DataForSeoBot/1.0; +https://dataforseo.com/dataforseo-bot)" "mantech8.com"
136.243.220.213 - - [04/Oct/2022:05:31:55 -0700] "GET /?camp-fire/58701866.html HTTP/1.1" 500 - "-" "Mozilla/5.0 (compatible; DataForSeoBot/1.0; +https://dataforseo.com/dataforseo-bot)" "mantech8.com"
136.243.220.213 - - [04/Oct/2022:05:31:59 -0700] "GET /?camp-fire/37656642.html HTTP/1.1" 500 - "-" "Mozilla/5.0 (compatible; DataForSeoBot/1.0; +https://dataforseo.com/dataforseo-bot)" "mantech8.com"
136.243.220.213 - - [04/Oct/2022:05:32:01 -0700] "GET /?camp-fire/71664003.html HTTP/1.1" 500 - "-" "Mozilla/5.0 (compatible; DataForSeoBot/1.0; +https://dataforseo.com/dataforseo-bot)" "mantech8.com"
136.243.220.213 - - [04/Oct/2022:05:32:05 -0700] "GET /?camp-fire/56661221.html HTTP/1.1" 500 - "-" "Mozilla/5.0 (compatible; DataForSeoBot/1.0; +https://dataforseo.com/dataforseo-bot)" "mantech8.com"
136.243.220.213 - - [04/Oct/2022:05:32:09 -0700] "GET /?camp-fire/56661021.html HTTP/1.1" 500 - "-" "Mozilla/5.0 (compatible; DataForSeoBot/1.0; +https://dataforseo.com/dataforseo-bot)" "mantech8.com"
136.243.220.213 - - [04/Oct/2022:05:32:14 -0700] "GET /?camp-fire/62370668.html HTTP/1.1" 500 - "-" "Mozilla/5.0 (compatible; DataForSeoBot/1.0; +https://dataforseo.com/dataforseo-bot)" "mantech8.com"
136.243.220.213 - - [04/Oct/2022:05:32:16 -0700] "GET /?camp-fire/58117935.html HTTP/1.1" 500 - "-" "Mozilla/5.0 (compatible; DataForSeoBot/1.0; +https://dataforseo.com/dataforseo-bot)" "mantech8.com"
193.142.147.68 - - [04/Oct/2022:05:32:18 -0700] "GET /wp-admin/css/ HTTP/1.1" 404 88 "binance.com" "Mozilla/5.0 (Windows NT 10.0; Win64; x64) AppleWebKit/537.36 (KHTML, like Gecko) Chrome/90.0.4430.85 Safari/537.36" "www.mantech8.com"
136.243.220.213 - - [04/Oct/2022:05:32:18 -0700] "GET /?camp-fire/34649555.html HTTP/1.1" 500 - "-" "Mozilla/5.0 (compatible; DataForSeoBot/1.0; +https://dataforseo.com/dataforseo-bot)" "mantech8.com"
136.243.220.213 - - [04/Oct/2022:05:32:19 -0700] "GET /?camp-fire/63667508.html HTTP/1.1" 500 - "-" "Mozilla/5.0 (compatible; DataForSeoBot/1.0; +https://dataforseo.com/dataforseo-bot)" "mantech8.com"
136.243.220.213 - - [04/Oct/2022:05:32:23 -0700] "GET /?camp-fire/30145498.html HTTP/1.1" 500 - "-" "Mozilla/5.0 (compatible; DataForSeoBot/1.0; +https://dataforseo.com/dataforseo-bot)" "mantech8.com"
136.243.220.213 - - [04/Oct/2022:05:32:25 -0700] "GET /?camp-fire/56971063.html HTTP/1.1" 500 - "-" "Mozilla/5.0 (compatible; DataForSeoBot/1.0; +https://dataforseo.com/dataforseo-bot)" "mantech8.com"
136.243.220.213 - - [04/Oct/2022:05:32:25 -0700] "GET /?camp-fire/51490117.html HTTP/1.1" 500 - "-" "Mozilla/5.0 (compatible; DataForSeoBot/1.0; +https://dataforseo.com/dataforseo-bot)" "mantech8.com"
136.243.220.213 - - [04/Oct/2022:05:32:26 -0700] "GET /?camp-fire/57841471.html HTTP/1.1" 500 - "-" "Mozilla/5.0 (compatible; DataForSeoBot/1.0; +https://dataforseo.com/dataforseo-bot)" "mantech8.com"
136.243.220.213 - - [04/Oct/2022:05:32:30 -0700] "GET /?camp-fire/57528309.html HTTP/1.1" 500 - "-" "Mozilla/5.0 (compatible; DataForSeoBot/1.0; +https://dataforseo.com/dataforseo-bot)" "mantech8.com"
136.243.220.213 - - [04/Oct/2022:05:32:31 -0700] "GET /?camp-fire/31265053.html HTTP/1.1" 500 - "-" "Mozilla/5.0 (compatible; DataForSeoBot/1.0; +https://dataforseo.com/dataforseo-bot)" "mantech8.com"
185.191.171.33 - - [04/Oct/2022:05:32:33 -0700] "GET /?camp-fire%2F27347117.html HTTP/1.1" 500 - "-" "Mozilla/5.0 (compatible; SemrushBot/7~bl; +http://www.semrush.com/bot.html)" "mantech8.com"
136.243.220.213 - - [04/Oct/2022:05:32:36 -0700] "GET /?camp-fire/35164677.html HTTP/1.1" 500 - "-" "Mozilla/5.0 (compatible; DataForSeoBot/1.0; +https://dataforseo.com/dataforseo-bot)" "mantech8.com"
136.243.220.213 - - [04/Oct/2022:05:32:37 -0700] "GET /?camp-fire/34648255.html HTTP/1.1" 500 - "-" "Mozilla/5.0 (compatible; DataForSeoBot/1.0; +https://dataforseo.com/dataforseo-bot)" "mantech8.com"
136.243.220.213 - - [04/Oct/2022:05:32:41 -0700] "GET /?camp-fire/55927251.html HTTP/1.1" 500 - "-" "Mozilla/5.0 (compatible; DataForSeoBot/1.0; +https://dataforseo.com/dataforseo-bot)" "mantech8.com"
136.243.220.213 - - [04/Oct/2022:05:32:45 -0700] "GET /?camp-fire/35165377.html HTTP/1.1" 500 - "-" "Mozilla/5.0 (compatible; DataForSeoBot/1.0; +https://dataforseo.com/dataforseo-bot)" "mantech8.com"
185.191.171.26 - - [04/Oct/2022:05:32:45 -0700] "GET /?camp-fire%2F42661560.html HTTP/1.1" 500 - "-" "Mozilla/5.0 (compatible; SemrushBot/7~bl; +http://www.semrush.com/bot.html)" "mantech8.com"
193.142.147.68 - - [04/Oct/2022:05:32:47 -0700] "GET /sites/default/files/ HTTP/1.1" 404 88 "binance.com" "Mozilla/5.0 (Windows NT 10.0; Win64; x64) AppleWebKit/537.36 (KHTML, like Gecko) Chrome/90.0.4430.85 Safari/537.36" "www.mantech8.com"
185.191.171.11 - - [04/Oct/2022:05:32:49 -0700] "GET /?camp-fire%2F32561325.html HTTP/1.1" 500 - "-" "Mozilla/5.0 (compatible; SemrushBot/7~bl; +http://www.semrush.com/bot.html)" "mantech8.com"
136.243.220.213 - - [04/Oct/2022:05:32:50 -0700] "GET /?camp-fire/65138138.html HTTP/1.1" 500 - "-" "Mozilla/5.0 (compatible; DataForSeoBot/1.0; +https://dataforseo.com/dataforseo-bot)" "mantech8.com"
185.191.171.22 - - [04/Oct/2022:05:32:51 -0700] "GET /?camp-fire%2F26128382.html HTTP/1.1" 500 - "-" "Mozilla/5.0 (compatible; SemrushBot/7~bl; +http://www.semrush.com/bot.html)" "mantech8.com"
136.243.220.213 - - [04/Oct/2022:05:32:53 -0700] "GET /?camp-fire/50648235.html HTTP/1.1" 500 - "-" "Mozilla/5.0 (compatible; DataForSeoBot/1.0; +https://dataforseo.com/dataforseo-bot)" "mantech8.com"
136.243.220.213 - - [04/Oct/2022:05:32:54 -0700] "GET /?camp-fire/31228659.html HTTP/1.1" 500 - "-" "Mozilla/5.0 (compatible; DataForSeoBot/1.0; +https://dataforseo.com/dataforseo-bot)" "mantech8.com"
136.243.220.213 - - [04/Oct/2022:05:32:54 -0700] "GET /?camp-fire/55790276.html HTTP/1.1" 500 - "-" "Mozilla/5.0 (compatible; DataForSeoBot/1.0; +https://dataforseo.com/dataforseo-bot)" "mantech8.com"
136.243.220.213 - - [04/Oct/2022:05:32:59 -0700] "GET /?camp-fire/57173897.html HTTP/1.1" 500 - "-" "Mozilla/5.0 (compatible; DataForSeoBot/1.0; +https://dataforseo.com/dataforseo-bot)" "mantech8.com"
193.142.147.68 - - [04/Oct/2022:05:33:00 -0700] "GET /admin/controller/extension/extension/ HTTP/1.1" 404 88 "binance.com" "Mozilla/5.0 (Windows NT 10.0; Win64; x64) AppleWebKit/537.36 (KHTML, like Gecko) Chrome/90.0.4430.85 Safari/537.36" "www.mantech8.com"
136.243.220.213 - - [04/Oct/2022:05:33:06 -0700] "GET /?camp-fire/45317383.html HTTP/1.1" 500 - "-" "Mozilla/5.0 (compatible; DataForSeoBot/1.0; +https://dataforseo.com/dataforseo-bot)" "mantech8.com"
136.243.220.213 - - [04/Oct/2022:05:33:11 -0700] "GET /?camp-fire/71932049.html HTTP/1.1" 500 - "-" "Mozilla/5.0 (compatible; DataForSeoBot/1.0; +https://dataforseo.com/dataforseo-bot)" "mantech8.com"
185.191.171.6 - - [04/Oct/2022:05:33:11 -0700] "GET /?camp-fire%2F563069.html HTTP/1.1" 500 - "-" "Mozilla/5.0 (compatible; SemrushBot/7~bl; +http://www.semrush.com/bot.html)" "mantech8.com"
136.243.220.213 - - [04/Oct/2022:05:33:11 -0700] "GET /?camp-fire/31229259.html HTTP/1.1" 500 - "-" "Mozilla/5.0 (compatible; DataForSeoBot/1.0; +https://dataforseo.com/dataforseo-bot)" "mantech8.com"
136.243.220.213 - - [04/Oct/2022:05:33:15 -0700] "GET /?camp-fire/72700234.html HTTP/1.1" 500 - "-" "Mozilla/5.0 (compatible; DataForSeoBot/1.0; +https://dataforseo.com/dataforseo-bot)" "mantech8.com"
207.46.13.184 - - [04/Oct/2022:05:33:17 -0700] "GET /index.php/ambrilidine.xml HTTP/1.1" 200 289392 "-" "Mozilla/5.0 AppleWebKit/537.36 (KHTML, like Gecko; compatible; bingbot/2.0; +http://www.bing.com/bingbot.htm) Chrome/103.0.5060.134 Safari/537.36" "mantech8.com"
193.142.147.68 - - [04/Oct/2022:05:33:17 -0700] "GET /uploads/ HTTP/1.1" 404 88 "binance.com" "Mozilla/5.0 (Windows NT 10.0; Win64; x64) AppleWebKit/537.36 (KHTML, like Gecko) Chrome/90.0.4430.85 Safari/537.36" "www.mantech8.com"
136.243.220.213 - - [04/Oct/2022:05:33:19 -0700] "GET /?camp-fire/43788059.html HTTP/1.1" 500 - "-" "Mozilla/5.0 (compatible; DataForSeoBot/1.0; +https://dataforseo.com/dataforseo-bot)" "mantech8.com"
136.243.220.213 - - [04/Oct/2022:05:33:23 -0700] "GET /?camp-fire/57315726.html HTTP/1.1" 500 - "-" "Mozilla/5.0 (compatible; DataForSeoBot/1.0; +https://dataforseo.com/dataforseo-bot)" "mantech8.com"
207.46.13.70 - - [04/Oct/2022:05:33:23 -0700] "GET /index.php?sitemap204.xml HTTP/1.1" 200 289300 "-" "Mozilla/5.0 (compatible; bingbot/2.0; +http://www.bing.com/bingbot.htm)" "mantech8.com"
136.243.220.213 - - [04/Oct/2022:05:33:28 -0700] "GET /?camp-fire/53813933.html HTTP/1.1" 500 - "-" "Mozilla/5.0 (compatible; DataForSeoBot/1.0; +https://dataforseo.com/dataforseo-bot)" "mantech8.com"
136.243.220.213 - - [04/Oct/2022:05:33:30 -0700] "GET /?camp-fire/44376124.html HTTP/1.1" 500 - "-" "Mozilla/5.0 (compatible; DataForSeoBot/1.0; +https://dataforseo.com/dataforseo-bot)" "mantech8.com"
193.142.147.68 - - [04/Oct/2022:05:33:30 -0700] "GET /images/ HTTP/1.1" 200 6505 "binance.com" "Mozilla/5.0 (Windows NT 10.0; Win64; x64) AppleWebKit/537.36 (KHTML, like Gecko) Chrome/90.0.4430.85 Safari/537.36" "www.mantech8.com"
136.243.220.213 - - [04/Oct/2022:05:33:35 -0700] "GET /?camp-fire/37482621.html HTTP/1.1" 500 - "-" "Mozilla/5.0 (compatible; DataForSeoBot/1.0; +https://dataforseo.com/dataforseo-bot)" "mantech8.com"
136.243.220.213 - - [04/Oct/2022:05:33:39 -0700] "GET /?camp-fire/68697817.html HTTP/1.1" 500 - "-" "Mozilla/5.0 (compatible; DataForSeoBot/1.0; +https://dataforseo.com/dataforseo-bot)" "mantech8.com"
193.142.147.68 - - [04/Oct/2022:05:33:45 -0700] "GET /images/ HTTP/1.1" 200 6505 "binance.com" "Mozilla/5.0 (Windows NT 10.0; Win64; x64) AppleWebKit/537.36 (KHTML, like Gecko) Chrome/90.0.4430.85 Safari/537.36" "www.mantech8.com"
185.191.171.40 - - [04/Oct/2022:05:33:49 -0700] "GET /?camp-fire%2F58468772.html HTTP/1.1" 500 - "-" "Mozilla/5.0 (compatible; SemrushBot/7~bl; +http://www.semrush.com/bot.html)" "mantech8.com"
136.243.220.213 - - [04/Oct/2022:05:33:52 -0700] "GET /?camp-fire/72699834.html HTTP/1.1" 500 - "-" "Mozilla/5.0 (compatible; DataForSeoBot/1.0; +https://dataforseo.com/dataforseo-bot)" "mantech8.com"
136.243.220.213 - - [04/Oct/2022:05:33:55 -0700] "GET /?camp-fire/32257393.html HTTP/1.1" 500 - "-" "Mozilla/5.0 (compatible; DataForSeoBot/1.0; +https://dataforseo.com/dataforseo-bot)" "mantech8.com"
193.142.147.68 - - [04/Oct/2022:05:33:59 -0700] "GET /images/db_table_exists.lib.php HTTP/1.1" 200 32 "binance.com" "Mozilla/5.0 (Windows NT 10.0; Win64; x64) AppleWebKit/537.36 (KHTML, like Gecko) Chrome/90.0.4430.85 Safari/537.36" "www.mantech8.com"
136.243.220.213 - - [04/Oct/2022:05:33:59 -0700] "GET /?camp-fire/71272671.html HTTP/1.1" 500 - "-" "Mozilla/5.0 (compatible; DataForSeoBot/1.0; +https://dataforseo.com/dataforseo-bot)" "mantech8.com"
136.243.220.213 - - [04/Oct/2022:05:34:00 -0700] "GET /?camp-fire/70184450.html HTTP/1.1" 500 - "-" "Mozilla/5.0 (compatible; DataForSeoBot/1.0; +https://dataforseo.com/dataforseo-bot)" "mantech8.com"
136.243.220.213 - - [04/Oct/2022:05:34:02 -0700] "GET /?camp-fire/40386157.html HTTP/1.1" 500 - "-" "Mozilla/5.0 (compatible; DataForSeoBot/1.0; +https://dataforseo.com/dataforseo-bot)" "mantech8.com"
193.142.147.68 - - [04/Oct/2022:05:34:05 -0700] "GET /files/ HTTP/1.1" 404 88 "binance.com" "Mozilla/5.0 (Windows NT 10.0; Win64; x64) AppleWebKit/537.36 (KHTML, like Gecko) Chrome/90.0.4430.85 Safari/537.36" "www.mantech8.com"
136.243.220.213 - - [04/Oct/2022:05:34:05 -0700] "GET /?camp-fire/53473806.html HTTP/1.1" 500 - "-" "Mozilla/5.0 (compatible; DataForSeoBot/1.0; +https://dataforseo.com/dataforseo-bot)" "mantech8.com"
136.243.220.213 - - [04/Oct/2022:05:34:10 -0700] "GET /?camp-fire/64900425.html HTTP/1.1" 500 - "-" "Mozilla/5.0 (compatible; DataForSeoBot/1.0; +https://dataforseo.com/dataforseo-bot)" "mantech8.com"
136.243.220.213 - - [04/Oct/2022:05:34:17 -0700] "GET /?camp-fire/68009703.html HTTP/1.1" 500 - "-" "Mozilla/5.0 (compatible; DataForSeoBot/1.0; +https://dataforseo.com/dataforseo-bot)" "mantech8.com"
185.191.171.41 - - [04/Oct/2022:05:34:17 -0700] "GET /?camp-fire%2F4817555.html HTTP/1.1" 500 - "-" "Mozilla/5.0 (compatible; SemrushBot/7~bl; +http://www.semrush.com/bot.html)" "mantech8.com"
136.243.220.213 - - [04/Oct/2022:05:34:19 -0700] "GET /?camp-fire/56511347.html HTTP/1.1" 500 - "-" "Mozilla/5.0 (compatible; DataForSeoBot/1.0; +https://dataforseo.com/dataforseo-bot)" "mantech8.com"
136.243.220.213 - - [04/Oct/2022:05:34:23 -0700] "GET /?camp-fire/31265853.html HTTP/1.1" 500 - "-" "Mozilla/5.0 (compatible; DataForSeoBot/1.0; +https://dataforseo.com/dataforseo-bot)" "mantech8.com"
136.243.220.213 - - [04/Oct/2022:05:34:25 -0700] "GET /?camp-fire/63545308.html HTTP/1.1" 500 - "-" "Mozilla/5.0 (compatible; DataForSeoBot/1.0; +https://dataforseo.com/dataforseo-bot)" "mantech8.com"
136.243.220.213 - - [04/Oct/2022:05:34:26 -0700] "GET /?camp-fire/63309993.html HTTP/1.1" 500 - "-" "Mozilla/5.0 (compatible; DataForSeoBot/1.0; +https://dataforseo.com/dataforseo-bot)" "mantech8.com"
136.243.220.213 - - [04/Oct/2022:05:34:27 -0700] "GET /?camp-fire/37999678.html HTTP/1.1" 500 - "-" "Mozilla/5.0 (compatible; DataForSeoBot/1.0; +https://dataforseo.com/dataforseo-bot)" "mantech8.com"
136.243.220.213 - - [04/Oct/2022:05:34:31 -0700] "GET /?camp-fire/37498008.html HTTP/1.1" 500 - "-" "Mozilla/5.0 (compatible; DataForSeoBot/1.0; +https://dataforseo.com/dataforseo-bot)" "mantech8.com"
136.243.220.213 - - [04/Oct/2022:05:34:35 -0700] "GET /?camp-fire/56511447.html HTTP/1.1" 500 - "-" "Mozilla/5.0 (compatible; DataForSeoBot/1.0; +https://dataforseo.com/dataforseo-bot)" "mantech8.com"
136.243.220.213 - - [04/Oct/2022:05:34:40 -0700] "GET /?camp-fire/47869781.html HTTP/1.1" 500 - "-" "Mozilla/5.0 (compatible; DataForSeoBot/1.0; +https://dataforseo.com/dataforseo-bot)" "mantech8.com"
136.243.220.213 - - [04/Oct/2022:05:34:43 -0700] "GET /?camp-fire/40046490.html HTTP/1.1" 500 - "-" "Mozilla/5.0 (compatible; DataForSeoBot/1.0; +https://dataforseo.com/dataforseo-bot)" "mantech8.com"
136.243.220.213 - - [04/Oct/2022:05:34:45 -0700] "GET /?camp-fire/32974578.html HTTP/1.1" 500 - "-" "Mozilla/5.0 (compatible; DataForSeoBot/1.0; +https://dataforseo.com/dataforseo-bot)" "mantech8.com"
136.243.220.213 - - [04/Oct/2022:05:34:49 -0700] "GET /?camp-fire/63310993.html HTTP/1.1" 500 - "-" "Mozilla/5.0 (compatible; DataForSeoBot/1.0; +https://dataforseo.com/dataforseo-bot)" "mantech8.com"
136.243.220.213 - - [04/Oct/2022:05:34:53 -0700] "GET /?camp-fire/57455571.html HTTP/1.1" 500 - "-" "Mozilla/5.0 (compatible; DataForSeoBot/1.0; +https://dataforseo.com/dataforseo-bot)" "mantech8.com"
136.243.220.213 - - [04/Oct/2022:05:34:57 -0700] "GET /?camp-fire/44668087.html HTTP/1.1" 500 - "-" "Mozilla/5.0 (compatible; DataForSeoBot/1.0; +https://dataforseo.com/dataforseo-bot)" "mantech8.com"
136.243.220.213 - - [04/Oct/2022:05:35:01 -0700] "GET /?camp-fire/63495459.html HTTP/1.1" 500 - "-" "Mozilla/5.0 (compatible; DataForSeoBot/1.0; +https://dataforseo.com/dataforseo-bot)" "mantech8.com"
136.243.220.213 - - [04/Oct/2022:05:35:05 -0700] "GET /?camp-fire/55926551.html HTTP/1.1" 500 - "-" "Mozilla/5.0 (compatible; DataForSeoBot/1.0; +https://dataforseo.com/dataforseo-bot)" "mantech8.com"
207.46.13.63 - - [04/Oct/2022:05:35:05 -0700] "GET /bimages/gallery/thump/IDN%20B6.jpg HTTP/1.1" 200 592494 "-" "Mozilla/5.0 (compatible; bingbot/2.0; +http://www.bing.com/bingbot.htm)" "www.mantech8.com"
136.243.220.213 - - [04/Oct/2022:05:35:06 -0700] "GET /?camp-fire/64899225.html HTTP/1.1" 500 - "-" "Mozilla/5.0 (compatible; DataForSeoBot/1.0; +https://dataforseo.com/dataforseo-bot)" "mantech8.com"
185.191.171.26 - - [04/Oct/2022:05:35:10 -0700] "GET /?camp-fire%2F33743459.html HTTP/1.1" 500 - "-" "Mozilla/5.0 (compatible; SemrushBot/7~bl; +http://www.semrush.com/bot.html)" "mantech8.com"
136.243.220.213 - - [04/Oct/2022:05:35:10 -0700] "GET /?camp-fire/30353069.html HTTP/1.1" 500 - "-" "Mozilla/5.0 (compatible; DataForSeoBot/1.0; +https://dataforseo.com/dataforseo-bot)" "mantech8.com"
136.243.220.213 - - [04/Oct/2022:05:35:14 -0700] "GET /?camp-fire/55926151.html HTTP/1.1" 500 - "-" "Mozilla/5.0 (compatible; DataForSeoBot/1.0; +https://dataforseo.com/dataforseo-bot)" "mantech8.com"
207.46.13.63 - - [04/Oct/2022:05:35:15 -0700] "GET /index.php?sitemap-index-9.xml HTTP/1.1" 200 4849 "-" "Mozilla/5.0 (compatible; bingbot/2.0; +http://www.bing.com/bingbot.htm)" "mantech8.com"
136.243.220.213 - - [04/Oct/2022:05:35:18 -0700] "GET /?camp-fire/31126900.html HTTP/1.1" 500 - "-" "Mozilla/5.0 (compatible; DataForSeoBot/1.0; +https://dataforseo.com/dataforseo-bot)" "mantech8.com"
136.243.220.213 - - [04/Oct/2022:05:35:22 -0700] "GET /?camp-fire/54116350.html HTTP/1.1" 500 - "-" "Mozilla/5.0 (compatible; DataForSeoBot/1.0; +https://dataforseo.com/dataforseo-bot)" "mantech8.com"
136.243.220.213 - - [04/Oct/2022:05:35:23 -0700] "GET /?camp-fire/64899625.html HTTP/1.1" 500 - "-" "Mozilla/5.0 (compatible; DataForSeoBot/1.0; +https://dataforseo.com/dataforseo-bot)" "mantech8.com"
185.191.171.39 - - [04/Oct/2022:05:35:24 -0700] "GET /?camp-fire%2F17741265.html HTTP/1.1" 500 - "-" "Mozilla/5.0 (compatible; SemrushBot/7~bl; +http://www.semrush.com/bot.html)" "mantech8.com"
136.243.220.213 - - [04/Oct/2022:05:35:27 -0700] "GET /?camp-fire/45316283.html HTTP/1.1" 500 - "-" "Mozilla/5.0 (compatible; DataForSeoBot/1.0; +https://dataforseo.com/dataforseo-bot)" "mantech8.com"
136.243.220.213 - - [04/Oct/2022:05:35:31 -0700] "GET /?camp-fire/56661121.html HTTP/1.1" 500 - "-" "Mozilla/5.0 (compatible; DataForSeoBot/1.0; +https://dataforseo.com/dataforseo-bot)" "mantech8.com"
207.46.13.63 - - [04/Oct/2022:05:35:34 -0700] "GET /index.php?sitemap-index-3.xml HTTP/1.1" 200 4844 "-" "Mozilla/5.0 (compatible; bingbot/2.0; +http://www.bing.com/bingbot.htm)" "mantech8.com"
136.243.220.213 - - [04/Oct/2022:05:35:35 -0700] "GET /?camp-fire/62413125.html HTTP/1.1" 500 - "-" "Mozilla/5.0 (compatible; DataForSeoBot/1.0; +https://dataforseo.com/dataforseo-bot)" "mantech8.com"
136.243.220.213 - - [04/Oct/2022:05:35:40 -0700] "GET /?camp-fire/30144898.html HTTP/1.1" 500 - "-" "Mozilla/5.0 (compatible; DataForSeoBot/1.0; +https://dataforseo.com/dataforseo-bot)" "mantech8.com"
136.243.220.213 - - [04/Oct/2022:05:35:43 -0700] "GET /?camp-fire/56972663.html HTTP/1.1" 500 - "-" "Mozilla/5.0 (compatible; DataForSeoBot/1.0; +https://dataforseo.com/dataforseo-bot)" "mantech8.com"
136.243.220.213 - - [04/Oct/2022:05:35:44 -0700] "GET /?camp-fire/31235190.html HTTP/1.1" 500 - "-" "Mozilla/5.0 (compatible; DataForSeoBot/1.0; +https://dataforseo.com/dataforseo-bot)" "mantech8.com"
136.243.220.213 - - [04/Oct/2022:05:35:48 -0700] "GET /?camp-fire/33193400.html HTTP/1.1" 500 - "-" "Mozilla/5.0 (compatible; DataForSeoBot/1.0; +https://dataforseo.com/dataforseo-bot)" "mantech8.com"
136.243.220.213 - - [04/Oct/2022:05:35:49 -0700] "GET /?camp-fire/41339709.html HTTP/1.1" 500 - "-" "Mozilla/5.0 (compatible; DataForSeoBot/1.0; +https://dataforseo.com/dataforseo-bot)" "mantech8.com"
136.243.220.213 - - [04/Oct/2022:05:35:51 -0700] "GET /?camp-fire/34065485.html HTTP/1.1" 500 - "-" "Mozilla/5.0 (compatible; DataForSeoBot/1.0; +https://dataforseo.com/dataforseo-bot)" "mantech8.com"
136.243.220.213 - - [04/Oct/2022:05:35:54 -0700] "GET /?camp-fire/70009588.html HTTP/1.1" 500 - "-" "Mozilla/5.0 (compatible; DataForSeoBot/1.0; +https://dataforseo.com/dataforseo-bot)" "mantech8.com"
136.243.220.213 - - [04/Oct/2022:05:35:56 -0700] "GET /?camp-fire/45375746.html HTTP/1.1" 500 - "-" "Mozilla/5.0 (compatible; DataForSeoBot/1.0; +https://dataforseo.com/dataforseo-bot)" "mantech8.com"
185.191.171.5 - - [04/Oct/2022:05:36:01 -0700] "GET /?camp-fire%2F26295951.html HTTP/1.1" 500 - "-" "Mozilla/5.0 (compatible; SemrushBot/7~bl; +http://www.semrush.com/bot.html)" "mantech8.com"
40.77.167.58 - - [04/Oct/2022:05:36:20 -0700] "GET /index.php?interphalangeal.xml HTTP/1.1" 200 289311 "-" "Mozilla/5.0 (compatible; bingbot/2.0; +http://www.bing.com/bingbot.htm)" "mantech8.com"
207.46.13.70 - - [04/Oct/2022:05:36:25 -0700] "GET /index.php?sitemap3.xml HTTP/1.1" 200 289300 "-" "Mozilla/5.0 (compatible; bingbot/2.0; +http://www.bing.com/bingbot.htm)" "mantech8.com"
136.243.220.213 - - [04/Oct/2022:05:36:52 -0700] "GET /?camp-fire/58702266.html HTTP/1.1" 500 - "-" "Mozilla/5.0 (compatible; DataForSeoBot/1.0; +https://dataforseo.com/dataforseo-bot)" "mantech8.com"
136.243.220.213 - - [04/Oct/2022:05:36:54 -0700] "GET /?camp-fire/66920278.html HTTP/1.1" 500 - "-" "Mozilla/5.0 (compatible; DataForSeoBot/1.0; +https://dataforseo.com/dataforseo-bot)" "mantech8.com"
136.243.220.213 - - [04/Oct/2022:05:36:57 -0700] "GET /?camp-fire/62268360.html HTTP/1.1" 500 - "-" "Mozilla/5.0 (compatible; DataForSeoBot/1.0; +https://dataforseo.com/dataforseo-bot)" "mantech8.com"
185.191.171.11 - - [04/Oct/2022:05:37:01 -0700] "GET /?camp-fire%2F27304997.html HTTP/1.1" 500 - "-" "Mozilla/5.0 (compatible; SemrushBot/7~bl; +http://www.semrush.com/bot.html)" "mantech8.com"
136.243.220.213 - - [04/Oct/2022:05:37:01 -0700] "GET /?camp-fire/50649035.html HTTP/1.1" 500 - "-" "Mozilla/5.0 (compatible; DataForSeoBot/1.0; +https://dataforseo.com/dataforseo-bot)" "mantech8.com"
136.243.220.213 - - [04/Oct/2022:05:37:02 -0700] "GET /?camp-fire/56511847.html HTTP/1.1" 500 - "-" "Mozilla/5.0 (compatible; DataForSeoBot/1.0; +https://dataforseo.com/dataforseo-bot)" "mantech8.com"
136.243.220.213 - - [04/Oct/2022:05:37:05 -0700] "GET /?camp-fire/54913506.html HTTP/1.1" 500 - "-" "Mozilla/5.0 (compatible; DataForSeoBot/1.0; +https://dataforseo.com/dataforseo-bot)" "mantech8.com"
136.243.220.213 - - [04/Oct/2022:05:37:09 -0700] "GET /?camp-fire/53474206.html HTTP/1.1" 500 - "-" "Mozilla/5.0 (compatible; DataForSeoBot/1.0; +https://dataforseo.com/dataforseo-bot)" "mantech8.com"
136.243.220.213 - - [04/Oct/2022:05:37:10 -0700] "GET /?camp-fire/68908635.html HTTP/1.1" 500 - "-" "Mozilla/5.0 (compatible; DataForSeoBot/1.0; +https://dataforseo.com/dataforseo-bot)" "mantech8.com"
136.243.220.213 - - [04/Oct/2022:05:37:14 -0700] "GET /?camp-fire/45376146.html HTTP/1.1" 500 - "-" "Mozilla/5.0 (compatible; DataForSeoBot/1.0; +https://dataforseo.com/dataforseo-bot)" "mantech8.com"
136.243.220.213 - - [04/Oct/2022:05:37:18 -0700] "GET /?camp-fire/47456780.html HTTP/1.1" 500 - "-" "Mozilla/5.0 (compatible; DataForSeoBot/1.0; +https://dataforseo.com/dataforseo-bot)" "mantech8.com"
185.191.171.19 - - [04/Oct/2022:05:37:19 -0700] "GET /?camp-fire%2F8358859.html HTTP/1.1" 500 - "-" "Mozilla/5.0 (compatible; SemrushBot/7~bl; +http://www.semrush.com/bot.html)" "mantech8.com"
136.243.220.213 - - [04/Oct/2022:05:37:22 -0700] "GET /?camp-fire/58298464.html HTTP/1.1" 500 - "-" "Mozilla/5.0 (compatible; DataForSeoBot/1.0; +https://dataforseo.com/dataforseo-bot)" "mantech8.com"
207.46.13.70 - - [04/Oct/2022:05:37:23 -0700] "GET /index.php/scillism.xml HTTP/1.1" 200 289295 "-" "Mozilla/5.0 (compatible; bingbot/2.0; +http://www.bing.com/bingbot.htm)" "mantech8.com"
136.243.220.213 - - [04/Oct/2022:05:37:26 -0700] "GET /?camp-fire/37482221.html HTTP/1.1" 500 - "-" "Mozilla/5.0 (compatible; DataForSeoBot/1.0; +https://dataforseo.com/dataforseo-bot)" "mantech8.com"
114.119.133.182 - - [04/Oct/2022:05:37:37 -0700] "GET /contact.php HTTP/1.1" 200 29238 "-" "Mozilla/5.0 (Linux; Android 7.0;) AppleWebKit/537.36 (KHTML, like Gecko) Mobile Safari/537.36 (compatible; PetalBot;+https://webmaster.petalsearch.com/site/petalbot)" "www.mantech8.com"
114.119.133.182 - - [04/Oct/2022:05:37:39 -0700] "GET /engine1/style.css HTTP/1.1" 200 2450 "http://www.mantech8.com/contact.php" "Mozilla/5.0 (Linux; Android 7.0;) AppleWebKit/537.36 (KHTML, like Gecko) Mobile Safari/537.36 (compatible; PetalBot;+https://webmaster.petalsearch.com/site/petalbot)" "www.mantech8.com"
114.119.133.182 - - [04/Oct/2022:05:37:39 -0700] "GET /revolution/css/settings.css HTTP/1.1" 200 7703 "http://www.mantech8.com/contact.php" "Mozilla/5.0 (Linux; Android 7.0;) AppleWebKit/537.36 (KHTML, like Gecko) Mobile Safari/537.36 (compatible; PetalBot;+https://webmaster.petalsearch.com/site/petalbot)" "www.mantech8.com"
114.119.133.182 - - [04/Oct/2022:05:37:39 -0700] "GET /revolution/css/layers.css HTTP/1.1" 200 7418 "http://www.mantech8.com/contact.php" "Mozilla/5.0 (Linux; Android 7.0;) AppleWebKit/537.36 (KHTML, like Gecko) Mobile Safari/537.36 (compatible; PetalBot;+https://webmaster.petalsearch.com/site/petalbot)" "www.mantech8.com"
114.119.133.182 - - [04/Oct/2022:05:37:39 -0700] "GET /css/contact-form.css HTTP/1.1" 200 1554 "http://www.mantech8.com/contact.php" "Mozilla/5.0 (Linux; Android 7.0;) AppleWebKit/537.36 (KHTML, like Gecko) Mobile Safari/537.36 (compatible; PetalBot;+https://webmaster.petalsearch.com/site/petalbot)" "www.mantech8.com"
114.119.133.182 - - [04/Oct/2022:05:37:39 -0700] "GET /revolution/css/navigation.css HTTP/1.1" 200 8028 "http://www.mantech8.com/contact.php" "Mozilla/5.0 (Linux; Android 7.0;) AppleWebKit/537.36 (KHTML, like Gecko) Mobile Safari/537.36 (compatible; PetalBot;+https://webmaster.petalsearch.com/site/petalbot)" "www.mantech8.com"
114.119.133.182 - - [04/Oct/2022:05:37:39 -0700] "GET /css/grid.css HTTP/1.1" 200 1400 "http://www.mantech8.com/contact.php" "Mozilla/5.0 (Linux; Android 7.0;) AppleWebKit/537.36 (KHTML, like Gecko) Mobile Safari/537.36 (compatible; PetalBot;+https://webmaster.petalsearch.com/site/petalbot)" "www.mantech8.com"
114.119.133.182 - - [04/Oct/2022:05:37:40 -0700] "GET /css/responsive1.css HTTP/1.1" 200 1710 "http://www.mantech8.com/contact.php" "Mozilla/5.0 (Linux; Android 7.0;) AppleWebKit/537.36 (KHTML, like Gecko) Mobile Safari/537.36 (compatible; PetalBot;+https://webmaster.petalsearch.com/site/petalbot)" "www.mantech8.com"
114.119.133.182 - - [04/Oct/2022:05:37:40 -0700] "GET /css/style2.css HTTP/1.1" 200 8414 "http://www.mantech8.com/contact.php" "Mozilla/5.0 (Linux; Android 7.0;) AppleWebKit/537.36 (KHTML, like Gecko) Mobile Safari/537.36 (compatible; PetalBot;+https://webmaster.petalsearch.com/site/petalbot)" "www.mantech8.com"
114.119.133.182 - - [04/Oct/2022:05:37:40 -0700] "GET /css/contactstyle.css HTTP/1.1" 200 2844 "http://www.mantech8.com/contact.php" "Mozilla/5.0 (Linux; Android 7.0;) AppleWebKit/537.36 (KHTML, like Gecko) Mobile Safari/537.36 (compatible; PetalBot;+https://webmaster.petalsearch.com/site/petalbot)" "www.mantech8.com"
114.119.133.182 - - [04/Oct/2022:05:37:40 -0700] "GET /css/animate.css HTTP/1.1" 200 4264 "http://www.mantech8.com/contact.php" "Mozilla/5.0 (Linux; Android 7.0;) AppleWebKit/537.36 (KHTML, like Gecko) Mobile Safari/537.36 (compatible; PetalBot;+https://webmaster.petalsearch.com/site/petalbot)" "www.mantech8.com"
114.119.133.182 - - [04/Oct/2022:05:37:40 -0700] "GET /css/style.css HTTP/1.1" 200 126990 "http://www.mantech8.com/contact.php" "Mozilla/5.0 (Linux; Android 7.0;) AppleWebKit/537.36 (KHTML, like Gecko) Mobile Safari/537.36 (compatible; PetalBot;+https://webmaster.petalsearch.com/site/petalbot)" "www.mantech8.com"
114.119.133.182 - - [04/Oct/2022:05:37:40 -0700] "GET /css/flaticon.css HTTP/1.1" 200 321 "http://www.mantech8.com/css/style2.css" "Mozilla/5.0 (Linux; Android 7.0;) AppleWebKit/537.36 (KHTML, like Gecko) Mobile Safari/537.36 (compatible; PetalBot;+https://webmaster.petalsearch.com/site/petalbot)" "www.mantech8.com"
114.119.133.182 - - [04/Oct/2022:05:37:40 -0700] "GET /css/font-awesome.css HTTP/1.1" 200 5793 "http://www.mantech8.com/css/style2.css" "Mozilla/5.0 (Linux; Android 7.0;) AppleWebKit/537.36 (KHTML, like Gecko) Mobile Safari/537.36 (compatible; PetalBot;+https://webmaster.petalsearch.com/site/petalbot)" "www.mantech8.com"
114.119.133.182 - - [04/Oct/2022:05:37:40 -0700] "GET /css/hover.css HTTP/1.1" 200 8530 "http://www.mantech8.com/css/style2.css" "Mozilla/5.0 (Linux; Android 7.0;) AppleWebKit/537.36 (KHTML, like Gecko) Mobile Safari/537.36 (compatible; PetalBot;+https://webmaster.petalsearch.com/site/petalbot)" "www.mantech8.com"
114.119.133.182 - - [04/Oct/2022:05:37:41 -0700] "GET /js/jquery.marquee.js?v=3 HTTP/1.1" 404 88 "http://www.mantech8.com/contact.php" "Mozilla/5.0 (Linux; Android 7.0;) AppleWebKit/537.36 (KHTML, like Gecko) Mobile Safari/537.36 (compatible; PetalBot;+https://webmaster.petalsearch.com/site/petalbot)" "www.mantech8.com"
114.119.133.182 - - [04/Oct/2022:05:37:42 -0700] "GET /js/jquery-1.11.3.min.js HTTP/1.1" 200 33279 "http://www.mantech8.com/contact.php" "Mozilla/5.0 (Linux; Android 7.0;) AppleWebKit/537.36 (KHTML, like Gecko) Mobile Safari/537.36 (compatible; PetalBot;+https://webmaster.petalsearch.com/site/petalbot)" "www.mantech8.com"
114.119.133.182 - - [04/Oct/2022:05:37:43 -0700] "GET /js/jquery-migrate-1.2.1.min.js HTTP/1.1" 200 3063 "http://www.mantech8.com/contact.php" "Mozilla/5.0 (Linux; Android 7.0;) AppleWebKit/537.36 (KHTML, like Gecko) Mobile Safari/537.36 (compatible; PetalBot;+https://webmaster.petalsearch.com/site/petalbot)" "www.mantech8.com"
114.119.133.182 - - [04/Oct/2022:05:37:43 -0700] "GET /revolution/js/jquery.themepunch.tools.min.js HTTP/1.1" 200 36033 "http://www.mantech8.com/contact.php" "Mozilla/5.0 (Linux; Android 7.0;) AppleWebKit/537.36 (KHTML, like Gecko) Mobile Safari/537.36 (compatible; PetalBot;+https://webmaster.petalsearch.com/site/petalbot)" "www.mantech8.com"
114.119.133.182 - - [04/Oct/2022:05:37:45 -0700] "GET /revolution/js/jquery.themepunch.revolution.min.js HTTP/1.1" 200 14034 "http://www.mantech8.com/contact.php" "Mozilla/5.0 (Linux; Android 7.0;) AppleWebKit/537.36 (KHTML, like Gecko) Mobile Safari/537.36 (compatible; PetalBot;+https://webmaster.petalsearch.com/site/petalbot)" "www.mantech8.com"
114.119.133.182 - - [04/Oct/2022:05:37:46 -0700] "GET /js/plugins.js HTTP/1.1" 200 67071 "http://www.mantech8.com/contact.php" "Mozilla/5.0 (Linux; Android 7.0;) AppleWebKit/537.36 (KHTML, like Gecko) Mobile Safari/537.36 (compatible; PetalBot;+https://webmaster.petalsearch.com/site/petalbot)" "www.mantech8.com"
185.191.171.16 - - [04/Oct/2022:05:37:47 -0700] "GET /?camp-fire%2F94928783.html HTTP/1.1" 500 - "-" "Mozilla/5.0 (compatible; SemrushBot/7~bl; +http://www.semrush.com/bot.html)" "mantech8.com"
114.119.133.182 - - [04/Oct/2022:05:37:48 -0700] "GET /js/custom.js HTTP/1.1" 200 1648 "http://www.mantech8.com/contact.php" "Mozilla/5.0 (Linux; Android 7.0;) AppleWebKit/537.36 (KHTML, like Gecko) Mobile Safari/537.36 (compatible; PetalBot;+https://webmaster.petalsearch.com/site/petalbot)" "www.mantech8.com"
114.119.133.182 - - [04/Oct/2022:05:37:49 -0700] "GET /js/bootstrap.min.js HTTP/1.1" 200 9765 "http://www.mantech8.com/contact.php" "Mozilla/5.0 (Linux; Android 7.0;) AppleWebKit/537.36 (KHTML, like Gecko) Mobile Safari/537.36 (compatible; PetalBot;+https://webmaster.petalsearch.com/site/petalbot)" "www.mantech8.com"
114.119.133.182 - - [04/Oct/2022:05:37:49 -0700] "GET /js/core.min1.js HTTP/1.1" 200 5104 "http://www.mantech8.com/contact.php" "Mozilla/5.0 (Linux; Android 7.0;) AppleWebKit/537.36 (KHTML, like Gecko) Mobile Safari/537.36 (compatible; PetalBot;+https://webmaster.petalsearch.com/site/petalbot)" "www.mantech8.com"
114.119.133.182 - - [04/Oct/2022:05:37:50 -0700] "GET /js/jquery.rd-parallax.js HTTP/1.1" 200 2021 "http://www.mantech8.com/contact.php" "Mozilla/5.0 (Linux; Android 7.0;) AppleWebKit/537.36 (KHTML, like Gecko) Mobile Safari/537.36 (compatible; PetalBot;+https://webmaster.petalsearch.com/site/petalbot)" "www.mantech8.com"
114.119.133.182 - - [04/Oct/2022:05:37:51 -0700] "GET /js/rd-smoothscroll.min1.js HTTP/1.1" 200 1124 "http://www.mantech8.com/contact.php" "Mozilla/5.0 (Linux; Android 7.0;) AppleWebKit/537.36 (KHTML, like Gecko) Mobile Safari/537.36 (compatible; PetalBot;+https://webmaster.petalsearch.com/site/petalbot)" "www.mantech8.com"
114.119.133.182 - - [04/Oct/2022:05:37:52 -0700] "GET /js/script.js HTTP/1.1" 200 7687 "http://www.mantech8.com/contact.php" "Mozilla/5.0 (Linux; Android 7.0;) AppleWebKit/537.36 (KHTML, like Gecko) Mobile Safari/537.36 (compatible; PetalBot;+https://webmaster.petalsearch.com/site/petalbot)" "www.mantech8.com"
114.119.133.182 - - [04/Oct/2022:05:37:53 -0700] "GET /revolution/js/revolution.extension.actions.min.js HTTP/1.1" 200 2110 "http://www.mantech8.com/contact.php" "Mozilla/5.0 (Linux; Android 7.0;) AppleWebKit/537.36 (KHTML, like Gecko) Mobile Safari/537.36 (compatible; PetalBot;+https://webmaster.petalsearch.com/site/petalbot)" "www.mantech8.com"
185.191.171.23 - - [04/Oct/2022:05:37:54 -0700] "GET /?camp-fire%2F24028906.html HTTP/1.1" 500 - "-" "Mozilla/5.0 (compatible; SemrushBot/7~bl; +http://www.semrush.com/bot.html)" "mantech8.com"
114.119.133.182 - - [04/Oct/2022:05:37:54 -0700] "GET /revolution/js/revolution.extension.carousel.min.js HTTP/1.1" 200 2465 "http://www.mantech8.com/contact.php" "Mozilla/5.0 (Linux; Android 7.0;) AppleWebKit/537.36 (KHTML, like Gecko) Mobile Safari/537.36 (compatible; PetalBot;+https://webmaster.petalsearch.com/site/petalbot)" "www.mantech8.com"
114.119.133.182 - - [04/Oct/2022:05:37:55 -0700] "GET /revolution/js/revolution.extension.kenburn.min.js HTTP/1.1" 200 1285 "http://www.mantech8.com/contact.php" "Mozilla/5.0 (Linux; Android 7.0;) AppleWebKit/537.36 (KHTML, like Gecko) Mobile Safari/537.36 (compatible; PetalBot;+https://webmaster.petalsearch.com/site/petalbot)" "www.mantech8.com"
185.191.171.24 - - [04/Oct/2022:05:37:55 -0700] "GET /?camp-fire%2F25935976.html HTTP/1.1" 500 - "-" "Mozilla/5.0 (compatible; SemrushBot/7~bl; +http://www.semrush.com/bot.html)" "mantech8.com"
114.119.133.182 - - [04/Oct/2022:05:37:56 -0700] "GET /revolution/js/revolution.extension.layeranimation.min.js HTTP/1.1" 200 8295 "http://www.mantech8.com/contact.php" "Mozilla/5.0 (Linux; Android 7.0;) AppleWebKit/537.36 (KHTML, like Gecko) Mobile Safari/537.36 (compatible; PetalBot;+https://webmaster.petalsearch.com/site/petalbot)" "www.mantech8.com"
114.119.133.182 - - [04/Oct/2022:05:37:56 -0700] "GET /revolution/js/revolution.extension.migration.min.js HTTP/1.1" 200 1739 "http://www.mantech8.com/contact.php" "Mozilla/5.0 (Linux; Android 7.0;) AppleWebKit/537.36 (KHTML, like Gecko) Mobile Safari/537.36 (compatible; PetalBot;+https://webmaster.petalsearch.com/site/petalbot)" "www.mantech8.com"
114.119.133.182 - - [04/Oct/2022:05:37:58 -0700] "GET /revolution/js/revolution.extension.navigation.min.js HTTP/1.1" 200 6533 "http://www.mantech8.com/contact.php" "Mozilla/5.0 (Linux; Android 7.0;) AppleWebKit/537.36 (KHTML, like Gecko) Mobile Safari/537.36 (compatible; PetalBot;+https://webmaster.petalsearch.com/site/petalbot)" "www.mantech8.com"
114.119.133.182 - - [04/Oct/2022:05:37:58 -0700] "GET /revolution/js/revolution.extension.parallax.min.js HTTP/1.1" 200 2490 "http://www.mantech8.com/contact.php" "Mozilla/5.0 (Linux; Android 7.0;) AppleWebKit/537.36 (KHTML, like Gecko) Mobile Safari/537.36 (compatible; PetalBot;+https://webmaster.petalsearch.com/site/petalbot)" "www.mantech8.com"
114.119.133.182 - - [04/Oct/2022:05:37:59 -0700] "GET /revolution/js/revolution.extension.slideanims.min.js HTTP/1.1" 200 6622 "http://www.mantech8.com/contact.php" "Mozilla/5.0 (Linux; Android 7.0;) AppleWebKit/537.36 (KHTML, like Gecko) Mobile Safari/537.36 (compatible; PetalBot;+https://webmaster.petalsearch.com/site/petalbot)" "www.mantech8.com"
114.119.133.182 - - [04/Oct/2022:05:37:59 -0700] "GET /revolution/js/revolution.extension.video.min.js HTTP/1.1" 200 5233 "http://www.mantech8.com/contact.php" "Mozilla/5.0 (Linux; Android 7.0;) AppleWebKit/537.36 (KHTML, like Gecko) Mobile Safari/537.36 (compatible; PetalBot;+https://webmaster.petalsearch.com/site/petalbot)" "www.mantech8.com"
114.119.133.182 - - [04/Oct/2022:05:38:00 -0700] "GET /js/jquery.marquee.js?v=3 HTTP/1.1" 404 88 "http://www.mantech8.com/contact.php" "Mozilla/5.0 (Linux; Android 7.0;) AppleWebKit/537.36 (KHTML, like Gecko) Mobile Safari/537.36 (compatible; PetalBot;+https://webmaster.petalsearch.com/site/petalbot)" "www.mantech8.com"
185.191.171.22 - - [04/Oct/2022:05:38:04 -0700] "GET /?camp-fire%2F39386025.html HTTP/1.1" 500 - "-" "Mozilla/5.0 (compatible; SemrushBot/7~bl; +http://www.semrush.com/bot.html)" "mantech8.com"
185.191.171.36 - - [04/Oct/2022:05:38:05 -0700] "GET /?camp-fire%2F8358659.html HTTP/1.1" 500 - "-" "Mozilla/5.0 (compatible; SemrushBot/7~bl; +http://www.semrush.com/bot.html)" "mantech8.com"
136.243.220.213 - - [04/Oct/2022:05:38:18 -0700] "GET /?camp-fire/32257293.html HTTP/1.1" 500 - "-" "Mozilla/5.0 (compatible; DataForSeoBot/1.0; +https://dataforseo.com/dataforseo-bot)" "mantech8.com"
136.243.220.213 - - [04/Oct/2022:05:38:22 -0700] "GET /?camp-fire/37999878.html HTTP/1.1" 500 - "-" "Mozilla/5.0 (compatible; DataForSeoBot/1.0; +https://dataforseo.com/dataforseo-bot)" "mantech8.com"
136.243.220.213 - - [04/Oct/2022:05:38:26 -0700] "GET /?camp-fire/58702066.html HTTP/1.1" 500 - "-" "Mozilla/5.0 (compatible; DataForSeoBot/1.0; +https://dataforseo.com/dataforseo-bot)" "mantech8.com"
136.243.220.213 - - [04/Oct/2022:05:38:30 -0700] "GET /?camp-fire/55926351.html HTTP/1.1" 500 - "-" "Mozilla/5.0 (compatible; DataForSeoBot/1.0; +https://dataforseo.com/dataforseo-bot)" "mantech8.com"
136.243.220.213 - - [04/Oct/2022:05:38:31 -0700] "GET /?camp-fire/62964416.html HTTP/1.1" 500 - "-" "Mozilla/5.0 (compatible; DataForSeoBot/1.0; +https://dataforseo.com/dataforseo-bot)" "mantech8.com"
136.243.220.213 - - [04/Oct/2022:05:38:35 -0700] "GET /?camp-fire/44669187.html HTTP/1.1" 500 - "-" "Mozilla/5.0 (compatible; DataForSeoBot/1.0; +https://dataforseo.com/dataforseo-bot)" "mantech8.com"
136.243.220.213 - - [04/Oct/2022:05:38:39 -0700] "GET /?camp-fire/57526909.html HTTP/1.1" 500 - "-" "Mozilla/5.0 (compatible; DataForSeoBot/1.0; +https://dataforseo.com/dataforseo-bot)" "mantech8.com"
136.243.220.213 - - [04/Oct/2022:05:38:43 -0700] "GET /?camp-fire/41786976.html HTTP/1.1" 500 - "-" "Mozilla/5.0 (compatible; DataForSeoBot/1.0; +https://dataforseo.com/dataforseo-bot)" "mantech8.com"
136.243.220.213 - - [04/Oct/2022:05:38:44 -0700] "GET /?camp-fire/39558383.html HTTP/1.1" 500 - "-" "Mozilla/5.0 (compatible; DataForSeoBot/1.0; +https://dataforseo.com/dataforseo-bot)" "mantech8.com"
207.46.13.63 - - [04/Oct/2022:05:38:45 -0700] "GET /index.php/prinker.xml HTTP/1.1" 200 289447 "-" "Mozilla/5.0 (compatible; bingbot/2.0; +http://www.bing.com/bingbot.htm)" "mantech8.com"
185.191.171.9 - - [04/Oct/2022:05:38:48 -0700] "GET /?camp-fire%2F18048227.html HTTP/1.1" 500 - "-" "Mozilla/5.0 (compatible; SemrushBot/7~bl; +http://www.semrush.com/bot.html)" "mantech8.com"
136.243.220.213 - - [04/Oct/2022:05:38:49 -0700] "GET /?camp-fire/56971363.html HTTP/1.1" 500 - "-" "Mozilla/5.0 (compatible; DataForSeoBot/1.0; +https://dataforseo.com/dataforseo-bot)" "mantech8.com"
136.243.220.213 - - [04/Oct/2022:05:38:53 -0700] "GET /?camp-fire/53814533.html HTTP/1.1" 500 - "-" "Mozilla/5.0 (compatible; DataForSeoBot/1.0; +https://dataforseo.com/dataforseo-bot)" "mantech8.com"
136.243.220.213 - - [04/Oct/2022:05:38:57 -0700] "GET /?camp-fire/31126200.html HTTP/1.1" 500 - "-" "Mozilla/5.0 (compatible; DataForSeoBot/1.0; +https://dataforseo.com/dataforseo-bot)" "mantech8.com"
136.243.220.213 - - [04/Oct/2022:05:39:03 -0700] "GET /?camp-fire/68909135.html HTTP/1.1" 500 - "-" "Mozilla/5.0 (compatible; DataForSeoBot/1.0; +https://dataforseo.com/dataforseo-bot)" "mantech8.com"
136.243.220.213 - - [04/Oct/2022:05:39:04 -0700] "GET /?camp-fire/63495759.html HTTP/1.1" 500 - "-" "Mozilla/5.0 (compatible; DataForSeoBot/1.0; +https://dataforseo.com/dataforseo-bot)" "mantech8.com"
136.243.220.213 - - [04/Oct/2022:05:39:08 -0700] "GET /?camp-fire/63309893.html HTTP/1.1" 500 - "-" "Mozilla/5.0 (compatible; DataForSeoBot/1.0; +https://dataforseo.com/dataforseo-bot)" "mantech8.com"
136.243.220.213 - - [04/Oct/2022:05:39:12 -0700] "GET /?camp-fire/60514555.html HTTP/1.1" 500 - "-" "Mozilla/5.0 (compatible; DataForSeoBot/1.0; +https://dataforseo.com/dataforseo-bot)" "mantech8.com"
136.243.220.213 - - [04/Oct/2022:05:39:14 -0700] "GET /?camp-fire/67964672.html HTTP/1.1" 500 - "-" "Mozilla/5.0 (compatible; DataForSeoBot/1.0; +https://dataforseo.com/dataforseo-bot)" "mantech8.com"
136.243.220.213 - - [04/Oct/2022:05:39:18 -0700] "GET /?camp-fire/63545708.html HTTP/1.1" 500 - "-" "Mozilla/5.0 (compatible; DataForSeoBot/1.0; +https://dataforseo.com/dataforseo-bot)" "mantech8.com"
136.243.220.213 - - [04/Oct/2022:05:39:23 -0700] "GET /?camp-fire/44667987.html HTTP/1.1" 500 - "-" "Mozilla/5.0 (compatible; DataForSeoBot/1.0; +https://dataforseo.com/dataforseo-bot)" "mantech8.com"
136.243.220.213 - - [04/Oct/2022:05:39:24 -0700] "GET /?camp-fire/47236565.html HTTP/1.1" 500 - "-" "Mozilla/5.0 (compatible; DataForSeoBot/1.0; +https://dataforseo.com/dataforseo-bot)" "mantech8.com"
136.243.220.213 - - [04/Oct/2022:05:39:28 -0700] "GET /?camp-fire/43789059.html HTTP/1.1" 500 - "-" "Mozilla/5.0 (compatible; DataForSeoBot/1.0; +https://dataforseo.com/dataforseo-bot)" "mantech8.com"
136.243.220.213 - - [04/Oct/2022:05:39:32 -0700] "GET /?camp-fire/32257693.html HTTP/1.1" 500 - "-" "Mozilla/5.0 (compatible; DataForSeoBot/1.0; +https://dataforseo.com/dataforseo-bot)" "mantech8.com"
136.243.220.213 - - [04/Oct/2022:05:39:34 -0700] "GET /?camp-fire/57455771.html HTTP/1.1" 500 - "-" "Mozilla/5.0 (compatible; DataForSeoBot/1.0; +https://dataforseo.com/dataforseo-bot)" "mantech8.com"
136.243.220.213 - - [04/Oct/2022:05:39:38 -0700] "GET /?camp-fire/63546008.html HTTP/1.1" 500 - "-" "Mozilla/5.0 (compatible; DataForSeoBot/1.0; +https://dataforseo.com/dataforseo-bot)" "mantech8.com"
136.243.220.213 - - [04/Oct/2022:05:39:42 -0700] "GET /?camp-fire/47871481.html HTTP/1.1" 500 - "-" "Mozilla/5.0 (compatible; DataForSeoBot/1.0; +https://dataforseo.com/dataforseo-bot)" "mantech8.com"
136.243.220.213 - - [04/Oct/2022:05:39:44 -0700] "GET /?camp-fire/58482489.html HTTP/1.1" 500 - "-" "Mozilla/5.0 (compatible; DataForSeoBot/1.0; +https://dataforseo.com/dataforseo-bot)" "mantech8.com"
136.243.220.213 - - [04/Oct/2022:05:39:46 -0700] "GET /?camp-fire/47973161.html HTTP/1.1" 500 - "-" "Mozilla/5.0 (compatible; DataForSeoBot/1.0; +https://dataforseo.com/dataforseo-bot)" "mantech8.com"
136.243.220.213 - - [04/Oct/2022:05:39:50 -0700] "GET /?camp-fire/32258193.html HTTP/1.1" 500 - "-" "Mozilla/5.0 (compatible; DataForSeoBot/1.0; +https://dataforseo.com/dataforseo-bot)" "mantech8.com"
136.243.220.213 - - [04/Oct/2022:05:39:52 -0700] "GET /?camp-fire/63311393.html HTTP/1.1" 500 - "-" "Mozilla/5.0 (compatible; DataForSeoBot/1.0; +https://dataforseo.com/dataforseo-bot)" "mantech8.com"
136.243.220.213 - - [04/Oct/2022:05:39:54 -0700] "GET /?camp-fire/30353369.html HTTP/1.1" 500 - "-" "Mozilla/5.0 (compatible; DataForSeoBot/1.0; +https://dataforseo.com/dataforseo-bot)" "mantech8.com"
136.243.220.213 - - [04/Oct/2022:05:39:57 -0700] "GET /?camp-fire/62963416.html HTTP/1.1" 500 - "-" "Mozilla/5.0 (compatible; DataForSeoBot/1.0; +https://dataforseo.com/dataforseo-bot)" "mantech8.com"
136.243.220.213 - - [04/Oct/2022:05:39:59 -0700] "GET /?camp-fire/41340009.html HTTP/1.1" 500 - "-" "Mozilla/5.0 (compatible; DataForSeoBot/1.0; +https://dataforseo.com/dataforseo-bot)" "mantech8.com"
136.243.220.213 - - [04/Oct/2022:05:40:03 -0700] "GET /?camp-fire/45375246.html HTTP/1.1" 500 - "-" "Mozilla/5.0 (compatible; DataForSeoBot/1.0; +https://dataforseo.com/dataforseo-bot)" "mantech8.com"
136.243.220.213 - - [04/Oct/2022:05:40:07 -0700] "GET /?camp-fire/45025256.html HTTP/1.1" 500 - "-" "Mozilla/5.0 (compatible; DataForSeoBot/1.0; +https://dataforseo.com/dataforseo-bot)" "mantech8.com"
136.243.220.213 - - [04/Oct/2022:05:40:09 -0700] "GET /?camp-fire/65535450.html HTTP/1.1" 500 - "-" "Mozilla/5.0 (compatible; DataForSeoBot/1.0; +https://dataforseo.com/dataforseo-bot)" "mantech8.com"
136.243.220.213 - - [04/Oct/2022:05:40:14 -0700] "GET /?camp-fire/45190165.html HTTP/1.1" 500 - "-" "Mozilla/5.0 (compatible; DataForSeoBot/1.0; +https://dataforseo.com/dataforseo-bot)" "mantech8.com"
185.191.171.23 - - [04/Oct/2022:05:40:15 -0700] "GET /?camp-fire%2F28546664.html HTTP/1.1" 500 - "-" "Mozilla/5.0 (compatible; SemrushBot/7~bl; +http://www.semrush.com/bot.html)" "mantech8.com"
136.243.220.213 - - [04/Oct/2022:05:40:16 -0700] "GET /?camp-fire/39559283.html HTTP/1.1" 500 - "-" "Mozilla/5.0 (compatible; DataForSeoBot/1.0; +https://dataforseo.com/dataforseo-bot)" "mantech8.com"
136.243.220.213 - - [04/Oct/2022:05:40:21 -0700] "GET /?camp-fire/37656042.html HTTP/1.1" 500 - "-" "Mozilla/5.0 (compatible; DataForSeoBot/1.0; +https://dataforseo.com/dataforseo-bot)" "mantech8.com"
136.243.220.213 - - [04/Oct/2022:05:40:25 -0700] "GET /?camp-fire/70184250.html HTTP/1.1" 500 - "-" "Mozilla/5.0 (compatible; DataForSeoBot/1.0; +https://dataforseo.com/dataforseo-bot)" "mantech8.com"
136.243.220.213 - - [04/Oct/2022:05:40:30 -0700] "GET /?camp-fire/31228859.html HTTP/1.1" 500 - "-" "Mozilla/5.0 (compatible; DataForSeoBot/1.0; +https://dataforseo.com/dataforseo-bot)" "mantech8.com"
136.243.220.213 - - [04/Oct/2022:05:40:33 -0700] "GET /?camp-fire/58298764.html HTTP/1.1" 500 - "-" "Mozilla/5.0 (compatible; DataForSeoBot/1.0; +https://dataforseo.com/dataforseo-bot)" "mantech8.com"
136.243.220.213 - - [04/Oct/2022:05:40:37 -0700] "GET /?camp-fire/70010188.html HTTP/1.1" 500 - "-" "Mozilla/5.0 (compatible; DataForSeoBot/1.0; +https://dataforseo.com/dataforseo-bot)" "mantech8.com"
136.243.220.213 - - [04/Oct/2022:05:40:41 -0700] "GET /?camp-fire/57768859.html HTTP/1.1" 500 - "-" "Mozilla/5.0 (compatible; DataForSeoBot/1.0; +https://dataforseo.com/dataforseo-bot)" "mantech8.com"
136.243.220.213 - - [04/Oct/2022:05:40:45 -0700] "GET /?camp-fire/65535250.html HTTP/1.1" 500 - "-" "Mozilla/5.0 (compatible; DataForSeoBot/1.0; +https://dataforseo.com/dataforseo-bot)" "mantech8.com"
136.243.220.213 - - [04/Oct/2022:05:40:45 -0700] "GET /?camp-fire/58701066.html HTTP/1.1" 500 - "-" "Mozilla/5.0 (compatible; DataForSeoBot/1.0; +https://dataforseo.com/dataforseo-bot)" "mantech8.com"
136.243.220.213 - - [04/Oct/2022:05:40:46 -0700] "GET /?camp-fire/62371268.html HTTP/1.1" 500 - "-" "Mozilla/5.0 (compatible; DataForSeoBot/1.0; +https://dataforseo.com/dataforseo-bot)" "mantech8.com"
136.243.220.213 - - [04/Oct/2022:05:40:47 -0700] "GET /?camp-fire/54405430.html HTTP/1.1" 500 - "-" "Mozilla/5.0 (compatible; DataForSeoBot/1.0; +https://dataforseo.com/dataforseo-bot)" "mantech8.com"
