185.191.171.24 - - [03/Oct/2022:01:37:18 -0700] "GET /?camp-fire%2F69948787.html HTTP/1.1" 500 - "-" "Mozilla/5.0 (compatible; SemrushBot/7~bl; +http://www.semrush.com/bot.html)" "mantech8.com"
185.191.171.3 - - [03/Oct/2022:01:37:19 -0700] "GET /?camp-fire%2F92200578.html HTTP/1.1" 500 - "-" "Mozilla/5.0 (compatible; SemrushBot/7~bl; +http://www.semrush.com/bot.html)" "mantech8.com"
185.191.171.20 - - [03/Oct/2022:01:37:29 -0700] "GET /?camp-fire%2F41539063.html HTTP/1.1" 500 - "-" "Mozilla/5.0 (compatible; SemrushBot/7~bl; +http://www.semrush.com/bot.html)" "mantech8.com"
185.191.171.36 - - [03/Oct/2022:01:37:34 -0700] "GET /?camp-fire%2F23683806.html HTTP/1.1" 500 - "-" "Mozilla/5.0 (compatible; SemrushBot/7~bl; +http://www.semrush.com/bot.html)" "mantech8.com"
185.191.171.20 - - [03/Oct/2022:01:37:38 -0700] "GET /?camp-fire%2F8577108.html HTTP/1.1" 500 - "-" "Mozilla/5.0 (compatible; SemrushBot/7~bl; +http://www.semrush.com/bot.html)" "mantech8.com"
114.119.133.166 - - [03/Oct/2022:01:38:06 -0700] "GET /napperkids.xml HTTP/1.1" 404 88 "-" "Mozilla/5.0 (Linux; Android 7.0;) AppleWebKit/537.36 (KHTML, like Gecko) Mobile Safari/537.36 (compatible; PetalBot;+https://webmaster.petalsearch.com/site/petalbot)" "mantech8.com"
185.191.171.21 - - [03/Oct/2022:01:38:09 -0700] "GET /?camp-fire%2F9995696.html HTTP/1.1" 500 - "-" "Mozilla/5.0 (compatible; SemrushBot/7~bl; +http://www.semrush.com/bot.html)" "mantech8.com"
185.191.171.7 - - [03/Oct/2022:01:39:38 -0700] "GET /?camp-fire%2F44667034.html HTTP/1.1" 500 - "-" "Mozilla/5.0 (compatible; SemrushBot/7~bl; +http://www.semrush.com/bot.html)" "mantech8.com"
185.191.171.18 - - [03/Oct/2022:01:39:44 -0700] "GET /?camp-fire%2F1366190.html HTTP/1.1" 500 - "-" "Mozilla/5.0 (compatible; SemrushBot/7~bl; +http://www.semrush.com/bot.html)" "mantech8.com"
185.191.171.37 - - [03/Oct/2022:01:39:57 -0700] "GET /?camp-fire%2F28314497.html HTTP/1.1" 500 - "-" "Mozilla/5.0 (compatible; SemrushBot/7~bl; +http://www.semrush.com/bot.html)" "mantech8.com"
185.191.171.21 - - [03/Oct/2022:01:40:25 -0700] "GET /?camp-fire%2F27465526.html HTTP/1.1" 500 - "-" "Mozilla/5.0 (compatible; SemrushBot/7~bl; +http://www.semrush.com/bot.html)" "mantech8.com"
207.46.13.70 - - [03/Oct/2022:01:41:23 -0700] "GET /index.php?/1027/list.htm HTTP/1.1" 200 57332 "-" "Mozilla/5.0 AppleWebKit/537.36 (KHTML, like Gecko; compatible; bingbot/2.0; +http://www.bing.com/bingbot.htm) Chrome/103.0.5060.134 Safari/537.36" "mantech8.com"
207.46.13.70 - - [03/Oct/2022:01:41:24 -0700] "GET /index.php/engagement-ring-vs-wedding-ring-do-you-need-both/ HTTP/1.1" 200 92486 "-" "Mozilla/5.0 AppleWebKit/537.36 (KHTML, like Gecko; compatible; bingbot/2.0; +http://www.bing.com/bingbot.htm) Chrome/103.0.5060.134 Safari/537.36" "mantech8.com"
185.191.171.20 - - [03/Oct/2022:01:41:39 -0700] "GET /?camp-fire%2F17678290.html HTTP/1.1" 500 - "-" "Mozilla/5.0 (compatible; SemrushBot/7~bl; +http://www.semrush.com/bot.html)" "mantech8.com"
207.46.13.184 - - [03/Oct/2022:01:42:07 -0700] "GET /index.php?c=article&a=type&tid=42 HTTP/1.1" 200 89897 "-" "Mozilla/5.0 (compatible; bingbot/2.0; +http://www.bing.com/bingbot.htm)" "www.mantech8.com"
185.191.171.15 - - [03/Oct/2022:01:42:29 -0700] "GET /?camp-fire%2F5465696.html HTTP/1.1" 500 - "-" "Mozilla/5.0 (compatible; SemrushBot/7~bl; +http://www.semrush.com/bot.html)" "mantech8.com"
185.191.171.12 - - [03/Oct/2022:01:43:03 -0700] "GET /?camp-fire%2F7676108.html HTTP/1.1" 500 - "-" "Mozilla/5.0 (compatible; SemrushBot/7~bl; +http://www.semrush.com/bot.html)" "mantech8.com"
207.46.13.184 - - [03/Oct/2022:01:43:27 -0700] "GET /index.php?c=product&a=type&tid=56 HTTP/1.1" 200 62738 "-" "Mozilla/5.0 (compatible; bingbot/2.0; +http://www.bing.com/bingbot.htm)" "www.mantech8.com"
185.191.171.39 - - [03/Oct/2022:01:43:38 -0700] "GET /?camp-fire%2F88229127.html HTTP/1.1" 500 - "-" "Mozilla/5.0 (compatible; SemrushBot/7~bl; +http://www.semrush.com/bot.html)" "mantech8.com"
40.77.167.58 - - [03/Oct/2022:01:43:40 -0700] "GET /index.php?/newsshow.php?cid=24&id=2 HTTP/1.1" 200 95401 "-" "Mozilla/5.0 (compatible; bingbot/2.0; +http://www.bing.com/bingbot.htm)" "mantech8.com"
89.185.85.245 - - [03/Oct/2022:01:43:41 -0700] "GET /contact.php HTTP/1.1" 200 29238 "https://twtalk080.info/" "Mozilla/4.0 (compatible; MSIE 6.0; America Online Browser 1.1; rev1.2; Windows NT 5.1; SV1; .NET CLR 1.1.4322)" "mantech8.com"
89.185.85.245 - - [03/Oct/2022:01:43:42 -0700] "GET /contact.php HTTP/1.1" 200 29238 "https://twtalk080.info/" "Mozilla/4.0 (compatible; MSIE 6.0; America Online Browser 1.1; rev1.2; Windows NT 5.1; SV1; .NET CLR 1.1.4322)" "mantech8.com"
89.185.85.245 - - [03/Oct/2022:01:43:43 -0700] "GET /contact.php HTTP/1.1" 200 29238 "https://twtalk080.info/" "Mozilla/4.0 (compatible; MSIE 6.0; America Online Browser 1.1; rev1.2; Windows NT 5.1; SV1; .NET CLR 1.1.4322)" "mantech8.com"
185.191.171.9 - - [03/Oct/2022:01:43:52 -0700] "GET /?camp-fire%2F56409035.html HTTP/1.1" 500 - "-" "Mozilla/5.0 (compatible; SemrushBot/7~bl; +http://www.semrush.com/bot.html)" "mantech8.com"
185.191.171.21 - - [03/Oct/2022:01:43:56 -0700] "GET /?camp-fire%2F41919209.html HTTP/1.1" 500 - "-" "Mozilla/5.0 (compatible; SemrushBot/7~bl; +http://www.semrush.com/bot.html)" "mantech8.com"
114.119.133.165 - - [03/Oct/2022:01:44:03 -0700] "GET /scaffolding.php HTTP/1.1" 200 13407 "http://www.mantech8.com/services.php" "Mozilla/5.0 (Linux; Android 7.0;) AppleWebKit/537.36 (KHTML, like Gecko) Mobile Safari/537.36 (compatible; PetalBot;+https://webmaster.petalsearch.com/site/petalbot)" "www.mantech8.com"
185.191.171.2 - - [03/Oct/2022:01:44:07 -0700] "GET /?camp-fire%2F490069.html HTTP/1.1" 500 - "-" "Mozilla/5.0 (compatible; SemrushBot/7~bl; +http://www.semrush.com/bot.html)" "mantech8.com"
185.191.171.36 - - [03/Oct/2022:01:44:09 -0700] "GET /?camp-fire%2F24833561.html HTTP/1.1" 500 - "-" "Mozilla/5.0 (compatible; SemrushBot/7~bl; +http://www.semrush.com/bot.html)" "mantech8.com"
185.191.171.42 - - [03/Oct/2022:01:44:31 -0700] "GET /?camp-fire%2F39838217.html HTTP/1.1" 500 - "-" "Mozilla/5.0 (compatible; SemrushBot/7~bl; +http://www.semrush.com/bot.html)" "mantech8.com"
140.224.29.225 - - [03/Oct/2022:01:44:48 -0700] "GET /contact.php HTTP/1.1" 200 29238 "http://mantech8.com/contact.php" "Mozilla/5.0 (Windows NT 6.1; WOW64) AppleWebKit/537.36 (KHTML, like Gecko) Chrome/90.0.4430.72 Safari/537.36" "mantech8.com"
207.46.13.70 - - [03/Oct/2022:01:44:53 -0700] "GET /index.php?c=product&a=type&tid=24 HTTP/1.1" 200 68727 "-" "Mozilla/5.0 (compatible; bingbot/2.0; +http://www.bing.com/bingbot.htm)" "www.mantech8.com"
185.191.171.24 - - [03/Oct/2022:01:45:04 -0700] "GET /?camp-fire%2F5159700.html HTTP/1.1" 500 - "-" "Mozilla/5.0 (compatible; SemrushBot/7~bl; +http://www.semrush.com/bot.html)" "mantech8.com"
94.41.82.223 - - [03/Oct/2022:01:45:19 -0700] "GET /contact.php HTTP/1.1" 200 29238 "http://mantech8.com/contact.php" "Mozilla/5.0 (Windows NT 6.1; WOW64) AppleWebKit/537.36 (KHTML, like Gecko) Chrome/90.0.4430.72 Safari/537.36" "mantech8.com"
94.41.82.223 - - [03/Oct/2022:01:45:20 -0700] "POST /mailer.php HTTP/1.1" 500 - "http://mantech8.com/contact.php" "Mozilla/5.0 (Windows NT 6.1; WOW64) AppleWebKit/537.36 (KHTML, like Gecko) Chrome/90.0.4430.72 Safari/537.36" "mantech8.com"
207.46.13.70 - - [03/Oct/2022:01:45:23 -0700] "GET /index.php?/1022/list.htm HTTP/1.1" 200 78145 "-" "Mozilla/5.0 (compatible; bingbot/2.0; +http://www.bing.com/bingbot.htm)" "mantech8.com"
185.191.171.35 - - [03/Oct/2022:01:45:31 -0700] "GET /?camp-fire%2F11961076.html HTTP/1.1" 500 - "-" "Mozilla/5.0 (compatible; SemrushBot/7~bl; +http://www.semrush.com/bot.html)" "mantech8.com"
185.191.171.21 - - [03/Oct/2022:01:46:14 -0700] "GET /?camp-fire%2F14799887.html HTTP/1.1" 500 - "-" "Mozilla/5.0 (compatible; SemrushBot/7~bl; +http://www.semrush.com/bot.html)" "mantech8.com"
185.191.171.5 - - [03/Oct/2022:01:47:00 -0700] "GET /?camp-fire%2F34406116.html HTTP/1.1" 500 - "-" "Mozilla/5.0 (compatible; SemrushBot/7~bl; +http://www.semrush.com/bot.html)" "mantech8.com"
185.191.171.4 - - [03/Oct/2022:01:47:11 -0700] "GET /?camp-fire%2F72673127.html HTTP/1.1" 500 - "-" "Mozilla/5.0 (compatible; SemrushBot/7~bl; +http://www.semrush.com/bot.html)" "mantech8.com"
207.46.13.184 - - [03/Oct/2022:01:47:18 -0700] "GET /index.php?c=product&a=type&tid=78 HTTP/1.1" 200 96135 "-" "Mozilla/5.0 (compatible; bingbot/2.0; +http://www.bing.com/bingbot.htm)" "www.mantech8.com"
207.46.13.70 - - [03/Oct/2022:01:47:32 -0700] "GET /index.php?/xwdt/gzdt/art/2022/art_f24ee9fa28274996bd7f4ecfef11a6fb.html HTTP/1.1" 200 61902 "-" "Mozilla/5.0 (compatible; bingbot/2.0; +http://www.bing.com/bingbot.htm)" "mantech8.com"
207.46.13.63 - - [03/Oct/2022:01:47:36 -0700] "GET /index.php?/zwgk/hlwgl/zcfg/art/2022/art_8967be03e9e34e92a5a00a27bc31b840.html HTTP/1.1" 200 42153 "-" "Mozilla/5.0 (compatible; bingbot/2.0; +http://www.bing.com/bingbot.htm)" "mantech8.com"
207.46.13.63 - - [03/Oct/2022:01:47:36 -0700] "GET /index.php?/xwdt/gg/art/2022/art_bf4e5341b1114fa4ae0f2919c5d9fa1e.html HTTP/1.1" 200 36601 "-" "Mozilla/5.0 AppleWebKit/537.36 (KHTML, like Gecko; compatible; bingbot/2.0; +http://www.bing.com/bingbot.htm) Chrome/103.0.5060.134 Safari/537.36" "mantech8.com"
207.46.13.63 - - [03/Oct/2022:01:47:37 -0700] "GET /index.php?/xwdt/gzdt/art/2022/art_edcd910b7f43448eb02e85e897ee771e.html HTTP/1.1" 200 82803 "-" "Mozilla/5.0 (compatible; bingbot/2.0; +http://www.bing.com/bingbot.htm)" "mantech8.com"
207.46.13.184 - - [03/Oct/2022:01:47:41 -0700] "GET /index.php?/xwdt/xydt/art/2022/art_445754eb93df4d498e31d17639dd785d.html HTTP/1.1" 200 84333 "-" "Mozilla/5.0 (compatible; bingbot/2.0; +http://www.bing.com/bingbot.htm)" "mantech8.com"
207.46.13.184 - - [03/Oct/2022:01:47:41 -0700] "GET /index.php?/xwdt/xydt/art/2022/art_d6f86d77495940e6bda982d892fa7ccc.html HTTP/1.1" 200 53890 "-" "Mozilla/5.0 (compatible; bingbot/2.0; +http://www.bing.com/bingbot.htm)" "mantech8.com"
185.191.171.7 - - [03/Oct/2022:01:47:41 -0700] "GET /?camp-fire%2F58747577.html HTTP/1.1" 500 - "-" "Mozilla/5.0 (compatible; SemrushBot/7~bl; +http://www.semrush.com/bot.html)" "mantech8.com"
207.46.13.184 - - [03/Oct/2022:01:47:41 -0700] "GET /index.php?/zwgk/jcssjs/art/2022/art_bdbcc96dafc04334b4eb61f2d6d6eb3a.html HTTP/1.1" 200 38076 "-" "Mozilla/5.0 (compatible; bingbot/2.0; +http://www.bing.com/bingbot.htm)" "mantech8.com"
207.46.13.184 - - [03/Oct/2022:01:47:42 -0700] "GET /index.php?/xwdt/jgxx/art/2022/art_b3755941689a4c0ebe6d366be14464ef.html HTTP/1.1" 200 55212 "-" "Mozilla/5.0 (compatible; bingbot/2.0; +http://www.bing.com/bingbot.htm)" "mantech8.com"
40.77.167.68 - - [03/Oct/2022:01:47:46 -0700] "GET /index.php?/zwgk/hlwgl/zcfg/art/2022/art_a3e19cd7dff74d88a83981acc7ba1af5.html HTTP/1.1" 200 88625 "-" "Mozilla/5.0 (compatible; bingbot/2.0; +http://www.bing.com/bingbot.htm)" "mantech8.com"
40.77.167.68 - - [03/Oct/2022:01:47:46 -0700] "GET /index.php?/xwdt/gzdt/art/2022/art_a6d296b3ecc74e318cd7db809e3e35d6.html HTTP/1.1" 200 68082 "-" "Mozilla/5.0 (compatible; bingbot/2.0; +http://www.bing.com/bingbot.htm)" "mantech8.com"
40.77.167.68 - - [03/Oct/2022:01:47:46 -0700] "GET /index.php?/xwdt/xydt/art/2022/art_6694eafc27db443ea1eb11fe7a4a03f6.html HTTP/1.1" 200 66304 "-" "Mozilla/5.0 (compatible; bingbot/2.0; +http://www.bing.com/bingbot.htm)" "mantech8.com"
40.77.167.68 - - [03/Oct/2022:01:47:47 -0700] "GET /index.php?/xwdt/gzdt/art/2022/art_b319c69e7a8e4a81b7de381b01de3c89.html HTTP/1.1" 200 72594 "-" "Mozilla/5.0 (compatible; bingbot/2.0; +http://www.bing.com/bingbot.htm)" "mantech8.com"
40.77.167.68 - - [03/Oct/2022:01:47:47 -0700] "GET /index.php?/xwdt/szyw/art/2022/art_23cd5b6782954aaaae407ef637a8e8cb.html HTTP/1.1" 200 71407 "-" "Mozilla/5.0 AppleWebKit/537.36 (KHTML, like Gecko; compatible; bingbot/2.0; +http://www.bing.com/bingbot.htm) Chrome/103.0.5060.134 Safari/537.36" "mantech8.com"
40.77.167.72 - - [03/Oct/2022:01:47:51 -0700] "GET /index.php?/xwdt/bsyw/art/2022/art_e3554497bbb9418d8320a10bc2af6027.html HTTP/1.1" 200 51255 "-" "Mozilla/5.0 (compatible; bingbot/2.0; +http://www.bing.com/bingbot.htm)" "mantech8.com"
40.77.167.72 - - [03/Oct/2022:01:47:51 -0700] "GET /index.php?/zwgk/xysjtj/art/2022/art_7f9413a7425c48c1935964b1a8d3a1b2.html HTTP/1.1" 200 39173 "-" "Mozilla/5.0 AppleWebKit/537.36 (KHTML, like Gecko; compatible; bingbot/2.0; +http://www.bing.com/bingbot.htm) Chrome/103.0.5060.134 Safari/537.36" "mantech8.com"
40.77.167.72 - - [03/Oct/2022:01:47:51 -0700] "GET /index.php?/xwdt/gg/art/2022/art_4a34e2e6b2ef4479811859f2a552b62c.html HTTP/1.1" 200 63128 "-" "Mozilla/5.0 (compatible; bingbot/2.0; +http://www.bing.com/bingbot.htm)" "mantech8.com"
40.77.167.72 - - [03/Oct/2022:01:47:52 -0700] "GET /index.php?/xwdt/gzdt/art/2022/art_b090e9bc592a4762943fc6a1890377a4.html HTTP/1.1" 200 41074 "-" "Mozilla/5.0 (compatible; bingbot/2.0; +http://www.bing.com/bingbot.htm)" "mantech8.com"
40.77.167.72 - - [03/Oct/2022:01:47:52 -0700] "GET /index.php?/zwgk/xysjtj/art/2022/art_79674fb382af457a87f2187d0e6ce29a.html HTTP/1.1" 200 56233 "-" "Mozilla/5.0 AppleWebKit/537.36 (KHTML, like Gecko; compatible; bingbot/2.0; +http://www.bing.com/bingbot.htm) Chrome/103.0.5060.134 Safari/537.36" "mantech8.com"
40.77.167.72 - - [03/Oct/2022:01:47:52 -0700] "GET /index.php?/xwdt/gzdt/art/2022/art_7b35f7c9521e4fe59eecb1d658af06c3.html HTTP/1.1" 200 42000 "-" "Mozilla/5.0 (compatible; bingbot/2.0; +http://www.bing.com/bingbot.htm)" "mantech8.com"
40.77.167.72 - - [03/Oct/2022:01:47:52 -0700] "GET /index.php?/xwdt/szyw/art/2022/art_24763bd09cce4f34898dfcff0dfcf675.html HTTP/1.1" 200 60236 "-" "Mozilla/5.0 (compatible; bingbot/2.0; +http://www.bing.com/bingbot.htm)" "mantech8.com"
40.77.167.72 - - [03/Oct/2022:01:47:52 -0700] "GET /index.php?/zwgk/gsgg/mhzy/gsgg/art/2022/art_447ba14e66c24c83ab4d5efa4fe2dd4f.html HTTP/1.1" 200 40471 "-" "Mozilla/5.0 (compatible; bingbot/2.0; +http://www.bing.com/bingbot.htm)" "mantech8.com"
185.191.171.12 - - [03/Oct/2022:01:47:57 -0700] "GET /?camp-fire%2F33347560.html HTTP/1.1" 500 - "-" "Mozilla/5.0 (compatible; SemrushBot/7~bl; +http://www.semrush.com/bot.html)" "mantech8.com"
207.46.13.184 - - [03/Oct/2022:01:47:56 -0700] "GET /index.php?/xwdt/jgxx/art/2022/art_4f9b44a694b147758d2bf4b47e6af58e.html HTTP/1.1" 200 112935 "-" "Mozilla/5.0 (compatible; bingbot/2.0; +http://www.bing.com/bingbot.htm)" "mantech8.com"
40.77.167.68 - - [03/Oct/2022:01:47:59 -0700] "GET /index.php?/zwgk/gsgg/txjs/art/2022/art_ab94c17b7a00432eb8f6929597cc3d1e.html HTTP/1.1" 200 37190 "-" "Mozilla/5.0 AppleWebKit/537.36 (KHTML, like Gecko; compatible; bingbot/2.0; +http://www.bing.com/bingbot.htm) Chrome/103.0.5060.134 Safari/537.36" "mantech8.com"
40.77.167.58 - - [03/Oct/2022:01:48:04 -0700] "GET /index.php?/xwdt/bsyw/art/2022/art_8c1a3182808d4b93bcfbcb832675e9d1.html HTTP/1.1" 200 36191 "-" "Mozilla/5.0 (compatible; bingbot/2.0; +http://www.bing.com/bingbot.htm)" "mantech8.com"
40.77.167.58 - - [03/Oct/2022:01:48:04 -0700] "GET /index.php?/xwdt/jgxx/art/2022/art_4f5b139af2ae43d283ace9bffe7556a1.html HTTP/1.1" 200 35794 "-" "Mozilla/5.0 AppleWebKit/537.36 (KHTML, like Gecko; compatible; bingbot/2.0; +http://www.bing.com/bingbot.htm) Chrome/103.0.5060.134 Safari/537.36" "mantech8.com"
40.77.167.58 - - [03/Oct/2022:01:48:04 -0700] "GET /index.php?/xwdt/jgxx/art/2022/art_55fdcfec992d4a379c200b865775734d.html HTTP/1.1" 200 41613 "-" "Mozilla/5.0 (compatible; bingbot/2.0; +http://www.bing.com/bingbot.htm)" "mantech8.com"
40.77.167.58 - - [03/Oct/2022:01:48:04 -0700] "GET /index.php?/xwdt/gzdt/art/2022/art_1d8e11489ace45d7a19e38e8823653cc.html HTTP/1.1" 200 41030 "-" "Mozilla/5.0 (compatible; bingbot/2.0; +http://www.bing.com/bingbot.htm)" "mantech8.com"
40.77.167.58 - - [03/Oct/2022:01:48:05 -0700] "GET /index.php?/zwgk/scgl/art/2022/art_0df9b94fd60a43adbd042c5931d53b7d.html HTTP/1.1" 200 55616 "-" "Mozilla/5.0 (compatible; bingbot/2.0; +http://www.bing.com/bingbot.htm)" "mantech8.com"
40.77.167.58 - - [03/Oct/2022:01:48:05 -0700] "GET /index.php?/xwdt/gzdt/art/2022/art_e54e9da32a2b48a284d2141b5d10447d.html HTTP/1.1" 200 56012 "-" "Mozilla/5.0 AppleWebKit/537.36 (KHTML, like Gecko; compatible; bingbot/2.0; +http://www.bing.com/bingbot.htm) Chrome/103.0.5060.134 Safari/537.36" "mantech8.com"
40.77.167.58 - - [03/Oct/2022:01:48:05 -0700] "GET /index.php?/xwdt/jgxx/art/2022/art_73b442dbf6694a1088fc2f76acd0820c.html HTTP/1.1" 200 92053 "-" "Mozilla/5.0 (compatible; bingbot/2.0; +http://www.bing.com/bingbot.htm)" "mantech8.com"
40.77.167.58 - - [03/Oct/2022:01:48:05 -0700] "GET /index.php?/zwgk/scgl/art/2021/art_7e73b80f7f424b8cafd3232b3b4418d4.html HTTP/1.1" 200 40303 "-" "Mozilla/5.0 (compatible; bingbot/2.0; +http://www.bing.com/bingbot.htm)" "mantech8.com"
185.191.171.20 - - [03/Oct/2022:01:48:16 -0700] "GET /?camp-fire%2F1254272.html HTTP/1.1" 500 - "-" "Mozilla/5.0 (compatible; SemrushBot/7~bl; +http://www.semrush.com/bot.html)" "mantech8.com"
185.191.171.24 - - [03/Oct/2022:01:48:31 -0700] "GET /?camp-fire%2F97004250.html HTTP/1.1" 500 - "-" "Mozilla/5.0 (compatible; SemrushBot/7~bl; +http://www.semrush.com/bot.html)" "mantech8.com"
185.191.171.3 - - [03/Oct/2022:01:48:57 -0700] "GET /?camp-fire%2F54251802.html HTTP/1.1" 500 - "-" "Mozilla/5.0 (compatible; SemrushBot/7~bl; +http://www.semrush.com/bot.html)" "mantech8.com"
185.191.171.42 - - [03/Oct/2022:01:49:06 -0700] "GET /?camp-fire%2F1375659.html HTTP/1.1" 500 - "-" "Mozilla/5.0 (compatible; SemrushBot/7~bl; +http://www.semrush.com/bot.html)" "mantech8.com"
185.191.171.24 - - [03/Oct/2022:01:49:22 -0700] "GET /?camp-fire%2F35271038.html HTTP/1.1" 500 - "-" "Mozilla/5.0 (compatible; SemrushBot/7~bl; +http://www.semrush.com/bot.html)" "mantech8.com"
185.191.171.26 - - [03/Oct/2022:01:49:30 -0700] "GET /?camp-fire%2F41538463.html HTTP/1.1" 500 - "-" "Mozilla/5.0 (compatible; SemrushBot/7~bl; +http://www.semrush.com/bot.html)" "mantech8.com"
114.119.133.166 - - [03/Oct/2022:01:49:56 -0700] "GET /index.php?biopoesis.xml HTTP/1.1" 200 264465 "-" "Mozilla/5.0 (compatible;PetalBot;+https://webmaster.petalsearch.com/site/petalbot)" "mantech8.com"
207.46.13.184 - - [03/Oct/2022:01:50:48 -0700] "GET /?/2022/08/04/%E3%80%90melple%E3%80%91%E6%96%B0%E4%BD%9C%E5%95%86%E5%93%81up%E3%81%97%E3%81%BE%E3%81%97%E3%81%9F/ HTTP/1.1" 200 34749 "-" "Mozilla/5.0 (compatible; bingbot/2.0; +http://www.bing.com/bingbot.htm)" "mantech8.com"
185.191.171.39 - - [03/Oct/2022:01:50:52 -0700] "GET /?camp-fire%2F15929546.html HTTP/1.1" 500 - "-" "Mozilla/5.0 (compatible; SemrushBot/7~bl; +http://www.semrush.com/bot.html)" "mantech8.com"
185.191.171.34 - - [03/Oct/2022:01:50:53 -0700] "GET /?camp-fire%2F27308970.html HTTP/1.1" 500 - "-" "Mozilla/5.0 (compatible; SemrushBot/7~bl; +http://www.semrush.com/bot.html)" "mantech8.com"
185.191.171.22 - - [03/Oct/2022:01:50:57 -0700] "GET /?camp-fire%2F47676697.html HTTP/1.1" 500 - "-" "Mozilla/5.0 (compatible; SemrushBot/7~bl; +http://www.semrush.com/bot.html)" "mantech8.com"
40.77.167.58 - - [03/Oct/2022:01:51:21 -0700] "GET /bimages/certificate/thump/c2.jpg HTTP/1.1" 200 375146 "-" "Mozilla/5.0 (compatible; bingbot/2.0; +http://www.bing.com/bingbot.htm)" "www.mantech8.com"
185.191.171.23 - - [03/Oct/2022:01:51:21 -0700] "GET /?camp-fire%2F40380050.html HTTP/1.1" 500 - "-" "Mozilla/5.0 (compatible; SemrushBot/7~bl; +http://www.semrush.com/bot.html)" "mantech8.com"
40.77.167.68 - - [03/Oct/2022:01:51:56 -0700] "GET /index.php?c=product&a=type&tid=79 HTTP/1.1" 200 44639 "-" "Mozilla/5.0 (compatible; bingbot/2.0; +http://www.bing.com/bingbot.htm)" "www.mantech8.com"
185.191.171.36 - - [03/Oct/2022:01:52:22 -0700] "GET /?camp-fire%2F1305200.html HTTP/1.1" 500 - "-" "Mozilla/5.0 (compatible; SemrushBot/7~bl; +http://www.semrush.com/bot.html)" "mantech8.com"
185.191.171.26 - - [03/Oct/2022:01:53:00 -0700] "GET /?camp-fire%2F76658465.html HTTP/1.1" 500 - "-" "Mozilla/5.0 (compatible; SemrushBot/7~bl; +http://www.semrush.com/bot.html)" "mantech8.com"
185.191.171.26 - - [03/Oct/2022:01:53:02 -0700] "GET /?camp-fire%2F42644934.html HTTP/1.1" 500 - "-" "Mozilla/5.0 (compatible; SemrushBot/7~bl; +http://www.semrush.com/bot.html)" "mantech8.com"
40.77.167.72 - - [03/Oct/2022:01:53:10 -0700] "GET /index.php?/su-dl-stop HTTP/1.1" 200 43627 "-" "Mozilla/5.0 (compatible; bingbot/2.0; +http://www.bing.com/bingbot.htm)" "mantech8.com"
185.191.171.43 - - [03/Oct/2022:01:53:16 -0700] "GET /?camp-fire%2F9442078.html HTTP/1.1" 500 - "-" "Mozilla/5.0 (compatible; SemrushBot/7~bl; +http://www.semrush.com/bot.html)" "mantech8.com"
185.191.171.38 - - [03/Oct/2022:01:53:23 -0700] "GET /?camp-fire%2F70991334.html HTTP/1.1" 500 - "-" "Mozilla/5.0 (compatible; SemrushBot/7~bl; +http://www.semrush.com/bot.html)" "mantech8.com"
185.191.171.9 - - [03/Oct/2022:01:53:59 -0700] "GET /?camp-fire%2F38219803.html HTTP/1.1" 500 - "-" "Mozilla/5.0 (compatible; SemrushBot/7~bl; +http://www.semrush.com/bot.html)" "mantech8.com"
185.191.171.21 - - [03/Oct/2022:01:54:12 -0700] "GET /?camp-fire%2F35275038.html HTTP/1.1" 500 - "-" "Mozilla/5.0 (compatible; SemrushBot/7~bl; +http://www.semrush.com/bot.html)" "mantech8.com"
185.191.171.10 - - [03/Oct/2022:01:54:19 -0700] "GET /?camp-fire%2F16418856.html HTTP/1.1" 500 - "-" "Mozilla/5.0 (compatible; SemrushBot/7~bl; +http://www.semrush.com/bot.html)" "mantech8.com"
185.191.171.24 - - [03/Oct/2022:01:54:27 -0700] "GET /?camp-fire%2F15431384.html HTTP/1.1" 500 - "-" "Mozilla/5.0 (compatible; SemrushBot/7~bl; +http://www.semrush.com/bot.html)" "mantech8.com"
40.77.167.68 - - [03/Oct/2022:01:54:36 -0700] "GET /index.php?c=product&a=type&tid=75 HTTP/1.1" 200 76015 "-" "Mozilla/5.0 AppleWebKit/537.36 (KHTML, like Gecko; compatible; bingbot/2.0; +http://www.bing.com/bingbot.htm) Chrome/103.0.5060.134 Safari/537.36" "www.mantech8.com"
185.191.171.12 - - [03/Oct/2022:01:54:46 -0700] "GET /?camp-fire%2F9785383.html HTTP/1.1" 500 - "-" "Mozilla/5.0 (compatible; SemrushBot/7~bl; +http://www.semrush.com/bot.html)" "mantech8.com"
207.46.13.184 - - [03/Oct/2022:01:54:47 -0700] "GET /index.php/sitemap5255.xml HTTP/1.1" 200 256797 "-" "Mozilla/5.0 (compatible; bingbot/2.0; +http://www.bing.com/bingbot.htm)" "mantech8.com"
40.77.167.72 - - [03/Oct/2022:01:55:01 -0700] "GET /index.php/2021/03/11/no12-government-and-private-enterprise/ HTTP/1.1" 200 39053 "-" "Mozilla/5.0 (compatible; bingbot/2.0; +http://www.bing.com/bingbot.htm)" "mantech8.com"
185.191.171.19 - - [03/Oct/2022:01:55:24 -0700] "GET /?camp-fire%2F27593271.html HTTP/1.1" 500 - "-" "Mozilla/5.0 (compatible; SemrushBot/7~bl; +http://www.semrush.com/bot.html)" "mantech8.com"
185.191.171.2 - - [03/Oct/2022:01:55:42 -0700] "GET /?camp-fire%2F17537627.html HTTP/1.1" 500 - "-" "Mozilla/5.0 (compatible; SemrushBot/7~bl; +http://www.semrush.com/bot.html)" "mantech8.com"
207.46.13.70 - - [03/Oct/2022:01:55:52 -0700] "GET /sitemap3928.xml HTTP/1.1" 404 88 "-" "Mozilla/5.0 (compatible; bingbot/2.0; +http://www.bing.com/bingbot.htm)" "mantech8.com"
114.119.133.190 - - [03/Oct/2022:01:56:00 -0700] "GET /index.php/sitemap9.xml HTTP/1.1" 200 333376 "-" "Mozilla/5.0 (Linux; Android 7.0;) AppleWebKit/537.36 (KHTML, like Gecko) Mobile Safari/537.36 (compatible; PetalBot;+https://webmaster.petalsearch.com/site/petalbot)" "mantech8.com"
185.191.171.9 - - [03/Oct/2022:01:56:53 -0700] "GET /?camp-fire%2F30689855.html HTTP/1.1" 500 - "-" "Mozilla/5.0 (compatible; SemrushBot/7~bl; +http://www.semrush.com/bot.html)" "mantech8.com"
40.77.167.58 - - [03/Oct/2022:01:57:12 -0700] "GET /index.php?c=article&a=type&tid=86 HTTP/1.1" 200 58273 "-" "Mozilla/5.0 (compatible; bingbot/2.0; +http://www.bing.com/bingbot.htm)" "www.mantech8.com"
185.191.171.18 - - [03/Oct/2022:01:58:00 -0700] "GET /?camp-fire%2F3784698.html HTTP/1.1" 500 - "-" "Mozilla/5.0 (compatible; SemrushBot/7~bl; +http://www.semrush.com/bot.html)" "mantech8.com"
207.46.13.63 - - [03/Oct/2022:01:58:07 -0700] "GET /index.php?c=product&a=type&tid=55 HTTP/1.1" 200 53527 "-" "Mozilla/5.0 AppleWebKit/537.36 (KHTML, like Gecko; compatible; bingbot/2.0; +http://www.bing.com/bingbot.htm) Chrome/103.0.5060.134 Safari/537.36" "www.mantech8.com"
185.191.171.41 - - [03/Oct/2022:01:58:18 -0700] "GET /?camp-fire%2F42126734.html HTTP/1.1" 500 - "-" "Mozilla/5.0 (compatible; SemrushBot/7~bl; +http://www.semrush.com/bot.html)" "mantech8.com"
185.191.171.9 - - [03/Oct/2022:01:58:22 -0700] "GET /?camp-fire%2F36184676.html HTTP/1.1" 500 - "-" "Mozilla/5.0 (compatible; SemrushBot/7~bl; +http://www.semrush.com/bot.html)" "mantech8.com"
185.191.171.38 - - [03/Oct/2022:01:58:51 -0700] "GET /?camp-fire%2F79508751.html HTTP/1.1" 500 - "-" "Mozilla/5.0 (compatible; SemrushBot/7~bl; +http://www.semrush.com/bot.html)" "mantech8.com"
207.46.13.63 - - [03/Oct/2022:01:58:56 -0700] "GET /index.php?camp-fire/30860000.html HTTP/1.1" 200 64202 "-" "Mozilla/5.0 (compatible; bingbot/2.0; +http://www.bing.com/bingbot.htm)" "mantech8.com"
40.77.167.58 - - [03/Oct/2022:01:59:11 -0700] "GET /bimages/cleang/thump/c5.jpg HTTP/1.1" 200 144000 "-" "Mozilla/5.0 (compatible; bingbot/2.0; +http://www.bing.com/bingbot.htm)" "www.mantech8.com"
185.191.171.18 - - [03/Oct/2022:01:59:15 -0700] "GET /?camp-fire%2F107756578.html HTTP/1.1" 500 - "-" "Mozilla/5.0 (compatible; SemrushBot/7~bl; +http://www.semrush.com/bot.html)" "mantech8.com"
185.191.171.41 - - [03/Oct/2022:01:59:25 -0700] "GET /?camp-fire%2F53486171.html HTTP/1.1" 500 - "-" "Mozilla/5.0 (compatible; SemrushBot/7~bl; +http://www.semrush.com/bot.html)" "mantech8.com"
185.191.171.9 - - [03/Oct/2022:01:59:41 -0700] "GET /?camp-fire%2F7909542.html HTTP/1.1" 500 - "-" "Mozilla/5.0 (compatible; SemrushBot/7~bl; +http://www.semrush.com/bot.html)" "mantech8.com"
185.191.171.21 - - [03/Oct/2022:02:00:30 -0700] "GET /?camp-fire%2F26792621.html HTTP/1.1" 500 - "-" "Mozilla/5.0 (compatible; SemrushBot/7~bl; +http://www.semrush.com/bot.html)" "mantech8.com"
185.191.171.14 - - [03/Oct/2022:02:00:37 -0700] "GET /?camp-fire%2F68250487.html HTTP/1.1" 500 - "-" "Mozilla/5.0 (compatible; SemrushBot/7~bl; +http://www.semrush.com/bot.html)" "mantech8.com"
185.191.171.33 - - [03/Oct/2022:02:01:01 -0700] "GET /?camp-fire%2F7986200.html HTTP/1.1" 500 - "-" "Mozilla/5.0 (compatible; SemrushBot/7~bl; +http://www.semrush.com/bot.html)" "mantech8.com"
185.191.171.24 - - [03/Oct/2022:02:01:30 -0700] "GET /?camp-fire%2F71376068.html HTTP/1.1" 500 - "-" "Mozilla/5.0 (compatible; SemrushBot/7~bl; +http://www.semrush.com/bot.html)" "mantech8.com"
207.46.13.70 - - [03/Oct/2022:02:01:35 -0700] "GET /index.php?c=product&a=type&tid=25 HTTP/1.1" 200 54641 "-" "Mozilla/5.0 (compatible; bingbot/2.0; +http://www.bing.com/bingbot.htm)" "www.mantech8.com"
185.191.171.19 - - [03/Oct/2022:02:01:59 -0700] "GET /?camp-fire%2F97005227.html HTTP/1.1" 500 - "-" "Mozilla/5.0 (compatible; SemrushBot/7~bl; +http://www.semrush.com/bot.html)" "mantech8.com"
114.119.133.165 - - [03/Oct/2022:02:02:04 -0700] "GET /index.php?sitemap4.xml HTTP/1.1" 200 260620 "-" "Mozilla/5.0 (Linux; Android 7.0;) AppleWebKit/537.36 (KHTML, like Gecko) Mobile Safari/537.36 (compatible; PetalBot;+https://webmaster.petalsearch.com/site/petalbot)" "mantech8.com"
185.191.171.40 - - [03/Oct/2022:02:02:22 -0700] "GET /?camp-fire%2F22289283.html HTTP/1.1" 500 - "-" "Mozilla/5.0 (compatible; SemrushBot/7~bl; +http://www.semrush.com/bot.html)" "mantech8.com"
185.191.171.11 - - [03/Oct/2022:02:02:55 -0700] "GET /?camp-fire%2F27587971.html HTTP/1.1" 500 - "-" "Mozilla/5.0 (compatible; SemrushBot/7~bl; +http://www.semrush.com/bot.html)" "mantech8.com"
185.191.171.9 - - [03/Oct/2022:02:03:31 -0700] "GET /?camp-fire%2F11524983.html HTTP/1.1" 500 - "-" "Mozilla/5.0 (compatible; SemrushBot/7~bl; +http://www.semrush.com/bot.html)" "mantech8.com"
185.191.171.14 - - [03/Oct/2022:02:04:41 -0700] "GET /?camp-fire%2F38908417.html HTTP/1.1" 500 - "-" "Mozilla/5.0 (compatible; SemrushBot/7~bl; +http://www.semrush.com/bot.html)" "mantech8.com"
185.191.171.13 - - [03/Oct/2022:02:04:46 -0700] "GET /?camp-fire%2F24484950.html HTTP/1.1" 500 - "-" "Mozilla/5.0 (compatible; SemrushBot/7~bl; +http://www.semrush.com/bot.html)" "mantech8.com"
185.191.171.10 - - [03/Oct/2022:02:04:56 -0700] "GET /robots.txt HTTP/1.1" 200 2442 "-" "Mozilla/5.0 (compatible; SemrushBot/7~bl; +http://www.semrush.com/bot.html)" "mantech8.com"
185.191.171.2 - - [03/Oct/2022:02:04:56 -0700] "GET /?camp-fire%2F15678756.html HTTP/1.1" 500 - "-" "Mozilla/5.0 (compatible; SemrushBot/7~bl; +http://www.semrush.com/bot.html)" "mantech8.com"
185.191.171.16 - - [03/Oct/2022:02:05:09 -0700] "GET /?camp-fire%2F21733517.html HTTP/1.1" 500 - "-" "Mozilla/5.0 (compatible; SemrushBot/7~bl; +http://www.semrush.com/bot.html)" "mantech8.com"
185.191.171.39 - - [03/Oct/2022:02:05:10 -0700] "GET /?camp-fire%2F32442660.html HTTP/1.1" 500 - "-" "Mozilla/5.0 (compatible; SemrushBot/7~bl; +http://www.semrush.com/bot.html)" "mantech8.com"
185.191.171.2 - - [03/Oct/2022:02:05:15 -0700] "GET /?camp-fire%2F23960933.html HTTP/1.1" 500 - "-" "Mozilla/5.0 (compatible; SemrushBot/7~bl; +http://www.semrush.com/bot.html)" "mantech8.com"
185.191.171.5 - - [03/Oct/2022:02:05:18 -0700] "GET /?camp-fire%2F1335700.html HTTP/1.1" 500 - "-" "Mozilla/5.0 (compatible; SemrushBot/7~bl; +http://www.semrush.com/bot.html)" "mantech8.com"
40.77.167.58 - - [03/Oct/2022:02:05:42 -0700] "GET /index.php?/forum.php?mod=viewthread&tid=551266 HTTP/1.1" 200 52396 "-" "Mozilla/5.0 (compatible; bingbot/2.0; +http://www.bing.com/bingbot.htm)" "mantech8.com"
185.191.171.20 - - [03/Oct/2022:02:06:36 -0700] "GET /?camp-fire%2F17704780.html HTTP/1.1" 500 - "-" "Mozilla/5.0 (compatible; SemrushBot/7~bl; +http://www.semrush.com/bot.html)" "mantech8.com"
185.191.171.9 - - [03/Oct/2022:02:07:13 -0700] "GET /?camp-fire%2F40493851.html HTTP/1.1" 500 - "-" "Mozilla/5.0 (compatible; SemrushBot/7~bl; +http://www.semrush.com/bot.html)" "mantech8.com"
185.191.171.35 - - [03/Oct/2022:02:07:28 -0700] "GET /?camp-fire%2F15356472.html HTTP/1.1" 500 - "-" "Mozilla/5.0 (compatible; SemrushBot/7~bl; +http://www.semrush.com/bot.html)" "mantech8.com"
185.191.171.14 - - [03/Oct/2022:02:07:48 -0700] "GET /?camp-fire%2F27659809.html HTTP/1.1" 500 - "-" "Mozilla/5.0 (compatible; SemrushBot/7~bl; +http://www.semrush.com/bot.html)" "mantech8.com"
114.119.133.165 - - [03/Oct/2022:02:08:04 -0700] "GET /bimages/SliderImage/?C=N%3BO%3DD HTTP/1.1" 200 566 "http://mantech8.com/bimages/SliderImage/?C=D%3BO%3DA" "Mozilla/5.0 (Linux; Android 7.0;) AppleWebKit/537.36 (KHTML, like Gecko) Mobile Safari/537.36 (compatible; PetalBot;+https://webmaster.petalsearch.com/site/petalbot)" "mantech8.com"
185.191.171.6 - - [03/Oct/2022:02:08:09 -0700] "GET /?camp-fire%2F8800051.html HTTP/1.1" 500 - "-" "Mozilla/5.0 (compatible; SemrushBot/7~bl; +http://www.semrush.com/bot.html)" "mantech8.com"
185.191.171.17 - - [03/Oct/2022:02:08:33 -0700] "GET /?camp-fire%2F324898.html HTTP/1.1" 500 - "-" "Mozilla/5.0 (compatible; SemrushBot/7~bl; +http://www.semrush.com/bot.html)" "mantech8.com"
185.191.171.23 - - [03/Oct/2022:02:08:55 -0700] "GET /?camp-fire%2F30544841.html HTTP/1.1" 500 - "-" "Mozilla/5.0 (compatible; SemrushBot/7~bl; +http://www.semrush.com/bot.html)" "mantech8.com"
185.191.171.39 - - [03/Oct/2022:02:09:18 -0700] "GET /?camp-fire%2F13606683.html HTTP/1.1" 500 - "-" "Mozilla/5.0 (compatible; SemrushBot/7~bl; +http://www.semrush.com/bot.html)" "mantech8.com"
185.191.171.22 - - [03/Oct/2022:02:09:31 -0700] "GET /?camp-fire%2F7240700.html HTTP/1.1" 500 - "-" "Mozilla/5.0 (compatible; SemrushBot/7~bl; +http://www.semrush.com/bot.html)" "mantech8.com"
185.191.171.20 - - [03/Oct/2022:02:10:17 -0700] "GET /?camp-fire%2F14627208.html HTTP/1.1" 500 - "-" "Mozilla/5.0 (compatible; SemrushBot/7~bl; +http://www.semrush.com/bot.html)" "mantech8.com"
185.191.171.41 - - [03/Oct/2022:02:10:25 -0700] "GET /?camp-fire%2F105403776.html HTTP/1.1" 500 - "-" "Mozilla/5.0 (compatible; SemrushBot/7~bl; +http://www.semrush.com/bot.html)" "mantech8.com"
185.191.171.42 - - [03/Oct/2022:02:10:28 -0700] "GET /?camp-fire%2F11932676.html HTTP/1.1" 500 - "-" "Mozilla/5.0 (compatible; SemrushBot/7~bl; +http://www.semrush.com/bot.html)" "mantech8.com"
185.191.171.7 - - [03/Oct/2022:02:11:34 -0700] "GET /?camp-fire%2F27104663.html HTTP/1.1" 500 - "-" "Mozilla/5.0 (compatible; SemrushBot/7~bl; +http://www.semrush.com/bot.html)" "mantech8.com"
185.191.171.26 - - [03/Oct/2022:02:12:24 -0700] "GET /?camp-fire%2F37226941.html HTTP/1.1" 500 - "-" "Mozilla/5.0 (compatible; SemrushBot/7~bl; +http://www.semrush.com/bot.html)" "mantech8.com"
185.191.171.26 - - [03/Oct/2022:02:12:44 -0700] "GET /?camp-fire%2F85870159.html HTTP/1.1" 500 - "-" "Mozilla/5.0 (compatible; SemrushBot/7~bl; +http://www.semrush.com/bot.html)" "mantech8.com"
185.191.171.43 - - [03/Oct/2022:02:12:51 -0700] "GET /?camp-fire%2F27668309.html HTTP/1.1" 500 - "-" "Mozilla/5.0 (compatible; SemrushBot/7~bl; +http://www.semrush.com/bot.html)" "mantech8.com"
207.46.13.184 - - [03/Oct/2022:02:13:11 -0700] "GET /index.php?c=product&a=type&tid=56 HTTP/1.1" 200 60539 "-" "Mozilla/5.0 (compatible; bingbot/2.0; +http://www.bing.com/bingbot.htm)" "www.mantech8.com"
216.244.66.241 - - [03/Oct/2022:02:13:35 -0700] "GET /robots.txt HTTP/1.1" 200 26464 "-" "Mozilla/5.0 (compatible; DotBot/1.2; +https://opensiteexplorer.org/dotbot; help@moz.com)" "mantech8.com"
216.244.66.241 - - [03/Oct/2022:02:13:35 -0700] "GET /robots.txt HTTP/1.1" 200 26464 "-" "Mozilla/5.0 (compatible; DotBot/1.2; +https://opensiteexplorer.org/dotbot; help@moz.com)" "www.mantech8.com"
185.191.171.15 - - [03/Oct/2022:02:13:43 -0700] "GET /?camp-fire%2F38390878.html HTTP/1.1" 500 - "-" "Mozilla/5.0 (compatible; SemrushBot/7~bl; +http://www.semrush.com/bot.html)" "mantech8.com"
185.191.171.42 - - [03/Oct/2022:02:13:55 -0700] "GET /?camp-fire%2F13934059.html HTTP/1.1" 500 - "-" "Mozilla/5.0 (compatible; SemrushBot/7~bl; +http://www.semrush.com/bot.html)" "mantech8.com"
207.46.13.184 - - [03/Oct/2022:02:14:00 -0700] "GET /index.php?c=article&a=type&tid=42 HTTP/1.1" 200 91297 "-" "Mozilla/5.0 (compatible; bingbot/2.0; +http://www.bing.com/bingbot.htm)" "www.mantech8.com"
114.119.133.166 - - [03/Oct/2022:02:14:00 -0700] "GET /index.php?gladhand.xml HTTP/1.1" 200 334296 "-" "Mozilla/5.0 (Linux; Android 7.0;) AppleWebKit/537.36 (KHTML, like Gecko) Mobile Safari/537.36 (compatible; PetalBot;+https://webmaster.petalsearch.com/site/petalbot)" "mantech8.com"
185.191.171.40 - - [03/Oct/2022:02:14:22 -0700] "GET /?camp-fire%2F41482571.html HTTP/1.1" 500 - "-" "Mozilla/5.0 (compatible; SemrushBot/7~bl; +http://www.semrush.com/bot.html)" "mantech8.com"
185.191.171.23 - - [03/Oct/2022:02:14:29 -0700] "GET /?camp-fire%2F38808447.html HTTP/1.1" 500 - "-" "Mozilla/5.0 (compatible; SemrushBot/7~bl; +http://www.semrush.com/bot.html)" "mantech8.com"
185.191.171.42 - - [03/Oct/2022:02:14:46 -0700] "GET /?camp-fire%2F29067359.html HTTP/1.1" 500 - "-" "Mozilla/5.0 (compatible; SemrushBot/7~bl; +http://www.semrush.com/bot.html)" "mantech8.com"
185.191.171.38 - - [03/Oct/2022:02:14:48 -0700] "GET /?camp-fire%2F35036125.html HTTP/1.1" 500 - "-" "Mozilla/5.0 (compatible; SemrushBot/7~bl; +http://www.semrush.com/bot.html)" "mantech8.com"
185.191.171.2 - - [03/Oct/2022:02:14:57 -0700] "GET /?camp-fire%2F16749426.html HTTP/1.1" 500 - "-" "Mozilla/5.0 (compatible; SemrushBot/7~bl; +http://www.semrush.com/bot.html)" "mantech8.com"
185.191.171.16 - - [03/Oct/2022:02:15:16 -0700] "GET /?camp-fire%2F40259388.html HTTP/1.1" 500 - "-" "Mozilla/5.0 (compatible; SemrushBot/7~bl; +http://www.semrush.com/bot.html)" "mantech8.com"
185.191.171.40 - - [03/Oct/2022:02:15:18 -0700] "GET /?camp-fire%2F16649293.html HTTP/1.1" 500 - "-" "Mozilla/5.0 (compatible; SemrushBot/7~bl; +http://www.semrush.com/bot.html)" "mantech8.com"
185.191.171.15 - - [03/Oct/2022:02:15:45 -0700] "GET /?camp-fire%2F514998.html HTTP/1.1" 500 - "-" "Mozilla/5.0 (compatible; SemrushBot/7~bl; +http://www.semrush.com/bot.html)" "mantech8.com"
185.191.171.24 - - [03/Oct/2022:02:16:41 -0700] "GET /?camp-fire%2F17592280.html HTTP/1.1" 500 - "-" "Mozilla/5.0 (compatible; SemrushBot/7~bl; +http://www.semrush.com/bot.html)" "mantech8.com"
185.191.171.1 - - [03/Oct/2022:02:17:31 -0700] "GET /?camp-fire%2F1139672.html HTTP/1.1" 500 - "-" "Mozilla/5.0 (compatible; SemrushBot/7~bl; +http://www.semrush.com/bot.html)" "mantech8.com"
207.46.13.70 - - [03/Oct/2022:02:17:46 -0700] "GET /index.php?c=product&a=type&tid=24 HTTP/1.1" 200 68567 "-" "Mozilla/5.0 (compatible; bingbot/2.0; +http://www.bing.com/bingbot.htm)" "www.mantech8.com"
185.191.171.44 - - [03/Oct/2022:02:18:05 -0700] "GET /?camp-fire%2F24248950.html HTTP/1.1" 500 - "-" "Mozilla/5.0 (compatible; SemrushBot/7~bl; +http://www.semrush.com/bot.html)" "mantech8.com"
207.46.13.184 - - [03/Oct/2022:02:18:51 -0700] "GET /index.php?c=product&a=type&tid=78 HTTP/1.1" 200 96758 "-" "Mozilla/5.0 AppleWebKit/537.36 (KHTML, like Gecko; compatible; bingbot/2.0; +http://www.bing.com/bingbot.htm) Chrome/103.0.5060.134 Safari/537.36" "www.mantech8.com"
185.191.171.18 - - [03/Oct/2022:02:18:58 -0700] "GET /?camp-fire%2F21269357.html HTTP/1.1" 500 - "-" "Mozilla/5.0 (compatible; SemrushBot/7~bl; +http://www.semrush.com/bot.html)" "mantech8.com"
40.77.167.68 - - [03/Oct/2022:02:19:30 -0700] "GET /index.php?/productclass1/cat2 HTTP/1.1" 200 41408 "-" "Mozilla/5.0 (compatible; bingbot/2.0; +http://www.bing.com/bingbot.htm)" "mantech8.com"
114.119.133.166 - - [03/Oct/2022:02:19:57 -0700] "GET /index.php?ascensor.xml HTTP/1.1" 200 295526 "-" "Mozilla/5.0 (Linux; Android 7.0;) AppleWebKit/537.36 (KHTML, like Gecko) Mobile Safari/537.36 (compatible; PetalBot;+https://webmaster.petalsearch.com/site/petalbot)" "mantech8.com"
185.191.171.35 - - [03/Oct/2022:02:20:06 -0700] "GET /?camp-fire%2F42048821.html HTTP/1.1" 500 - "-" "Mozilla/5.0 (compatible; SemrushBot/7~bl; +http://www.semrush.com/bot.html)" "mantech8.com"
185.191.171.8 - - [03/Oct/2022:02:20:12 -0700] "GET /?camp-fire%2F17995526.html HTTP/1.1" 500 - "-" "Mozilla/5.0 (compatible; SemrushBot/7~bl; +http://www.semrush.com/bot.html)" "mantech8.com"
185.191.171.34 - - [03/Oct/2022:02:20:30 -0700] "GET /?camp-fire%2F17669927.html HTTP/1.1" 500 - "-" "Mozilla/5.0 (compatible; SemrushBot/7~bl; +http://www.semrush.com/bot.html)" "mantech8.com"
185.191.171.33 - - [03/Oct/2022:02:20:52 -0700] "GET /?camp-fire%2F104330859.html HTTP/1.1" 500 - "-" "Mozilla/5.0 (compatible; SemrushBot/7~bl; +http://www.semrush.com/bot.html)" "mantech8.com"
185.191.171.3 - - [03/Oct/2022:02:21:04 -0700] "GET /?camp-fire%2F28267735.html HTTP/1.1" 500 - "-" "Mozilla/5.0 (compatible; SemrushBot/7~bl; +http://www.semrush.com/bot.html)" "mantech8.com"
185.191.171.6 - - [03/Oct/2022:02:21:22 -0700] "GET /?camp-fire%2F15207584.html HTTP/1.1" 500 - "-" "Mozilla/5.0 (compatible; SemrushBot/7~bl; +http://www.semrush.com/bot.html)" "mantech8.com"
185.191.171.38 - - [03/Oct/2022:02:21:24 -0700] "GET /?camp-fire%2F27671709.html HTTP/1.1" 500 - "-" "Mozilla/5.0 (compatible; SemrushBot/7~bl; +http://www.semrush.com/bot.html)" "mantech8.com"
40.77.167.68 - - [03/Oct/2022:02:21:38 -0700] "GET /images/flag-23-gif.gif HTTP/1.1" 200 20141 "-" "Mozilla/5.0 AppleWebKit/537.36 (KHTML, like Gecko; compatible; bingbot/2.0; +http://www.bing.com/bingbot.htm) Chrome/103.0.5060.134 Safari/537.36" "www.mantech8.com"
54.39.29.64 - - [03/Oct/2022:02:22:01 -0700] "GET /contact.php HTTP/1.1" 200 29237 "http://mantech8.com/contact.php" "Mozilla/5.0 (Windows NT 6.1; Win64; x64) AppleWebKit/537.36 (KHTML, like Gecko) Chrome/90.0.4427.0 Safari/537.36" "mantech8.com"
185.191.171.33 - - [03/Oct/2022:02:23:14 -0700] "GET /?camp-fire%2F23955833.html HTTP/1.1" 500 - "-" "Mozilla/5.0 (compatible; SemrushBot/7~bl; +http://www.semrush.com/bot.html)" "mantech8.com"
185.191.171.2 - - [03/Oct/2022:02:23:27 -0700] "GET /?camp-fire%2F8510242.html HTTP/1.1" 500 - "-" "Mozilla/5.0 (compatible; SemrushBot/7~bl; +http://www.semrush.com/bot.html)" "mantech8.com"
185.191.171.21 - - [03/Oct/2022:02:23:30 -0700] "GET /?camp-fire%2F28843266.html HTTP/1.1" 500 - "-" "Mozilla/5.0 (compatible; SemrushBot/7~bl; +http://www.semrush.com/bot.html)" "mantech8.com"
185.191.171.11 - - [03/Oct/2022:02:23:32 -0700] "GET /?camp-fire%2F80244621.html HTTP/1.1" 500 - "-" "Mozilla/5.0 (compatible; SemrushBot/7~bl; +http://www.semrush.com/bot.html)" "mantech8.com"
185.191.171.13 - - [03/Oct/2022:02:24:10 -0700] "GET /?camp-fire%2F24125183.html HTTP/1.1" 500 - "-" "Mozilla/5.0 (compatible; SemrushBot/7~bl; +http://www.semrush.com/bot.html)" "mantech8.com"
185.191.171.41 - - [03/Oct/2022:02:24:28 -0700] "GET /?camp-fire%2F27114163.html HTTP/1.1" 500 - "-" "Mozilla/5.0 (compatible; SemrushBot/7~bl; +http://www.semrush.com/bot.html)" "mantech8.com"
54.219.126.253 - - [03/Oct/2022:02:24:31 -0700] "GET / HTTP/1.1" 500 - "-" "Mozilla/5.0 (compatible; Orbbot/1.1;)" "mantech8.com"
54.219.126.253 - - [03/Oct/2022:02:24:32 -0700] "GET / HTTP/1.1" 500 - "-" "Mozilla/5.0 (compatible; Orbbot/1.1;)" "mantech8.com"
40.77.167.68 - - [03/Oct/2022:02:24:49 -0700] "GET /index.php?c=product&a=type&tid=79 HTTP/1.1" 200 46366 "-" "Mozilla/5.0 (compatible; bingbot/2.0; +http://www.bing.com/bingbot.htm)" "www.mantech8.com"
185.191.171.11 - - [03/Oct/2022:02:24:53 -0700] "GET /?camp-fire%2F33737960.html HTTP/1.1" 500 - "-" "Mozilla/5.0 (compatible; SemrushBot/7~bl; +http://www.semrush.com/bot.html)" "mantech8.com"
185.191.171.24 - - [03/Oct/2022:02:24:56 -0700] "GET /?camp-fire%2F1414790.html HTTP/1.1" 500 - "-" "Mozilla/5.0 (compatible; SemrushBot/7~bl; +http://www.semrush.com/bot.html)" "mantech8.com"
185.191.171.6 - - [03/Oct/2022:02:24:58 -0700] "GET /?camp-fire%2F27225951.html HTTP/1.1" 500 - "-" "Mozilla/5.0 (compatible; SemrushBot/7~bl; +http://www.semrush.com/bot.html)" "mantech8.com"
185.191.171.36 - - [03/Oct/2022:02:25:15 -0700] "GET /?camp-fire%2F33864493.html HTTP/1.1" 500 - "-" "Mozilla/5.0 (compatible; SemrushBot/7~bl; +http://www.semrush.com/bot.html)" "mantech8.com"
185.191.171.40 - - [03/Oct/2022:02:25:36 -0700] "GET /?camp-fire%2F32902130.html HTTP/1.1" 500 - "-" "Mozilla/5.0 (compatible; SemrushBot/7~bl; +http://www.semrush.com/bot.html)" "mantech8.com"
185.191.171.13 - - [03/Oct/2022:02:25:52 -0700] "GET /?camp-fire%2F40598202.html HTTP/1.1" 500 - "-" "Mozilla/5.0 (compatible; SemrushBot/7~bl; +http://www.semrush.com/bot.html)" "mantech8.com"
114.119.133.158 - - [03/Oct/2022:02:25:54 -0700] "GET /index.php/sitemap80.xml HTTP/1.1" 200 347333 "-" "Mozilla/5.0 (Linux; Android 7.0;) AppleWebKit/537.36 (KHTML, like Gecko) Mobile Safari/537.36 (compatible; PetalBot;+https://webmaster.petalsearch.com/site/petalbot)" "mantech8.com"
185.191.171.26 - - [03/Oct/2022:02:26:45 -0700] "GET /?camp-fire%2F28972135.html HTTP/1.1" 500 - "-" "Mozilla/5.0 (compatible; SemrushBot/7~bl; +http://www.semrush.com/bot.html)" "mantech8.com"
40.77.167.72 - - [03/Oct/2022:02:26:52 -0700] "GET /index.php?camp-fire/65142643.html HTTP/1.1" 200 46912 "-" "Mozilla/5.0 (compatible; bingbot/2.0; +http://www.bing.com/bingbot.htm)" "www.mantech8.com"
185.191.171.17 - - [03/Oct/2022:02:27:20 -0700] "GET /?camp-fire%2F41418871.html HTTP/1.1" 500 - "-" "Mozilla/5.0 (compatible; SemrushBot/7~bl; +http://www.semrush.com/bot.html)" "mantech8.com"
40.77.167.68 - - [03/Oct/2022:02:27:30 -0700] "GET /index.php?c=product&a=type&tid=75 HTTP/1.1" 200 76293 "-" "Mozilla/5.0 (compatible; bingbot/2.0; +http://www.bing.com/bingbot.htm)" "www.mantech8.com"
185.191.171.15 - - [03/Oct/2022:02:28:16 -0700] "GET /?camp-fire%2F40282993.html HTTP/1.1" 500 - "-" "Mozilla/5.0 (compatible; SemrushBot/7~bl; +http://www.semrush.com/bot.html)" "mantech8.com"
185.191.171.44 - - [03/Oct/2022:02:28:48 -0700] "GET /?camp-fire%2F16696226.html HTTP/1.1" 500 - "-" "Mozilla/5.0 (compatible; SemrushBot/7~bl; +http://www.semrush.com/bot.html)" "mantech8.com"
185.191.171.36 - - [03/Oct/2022:02:29:02 -0700] "GET /?camp-fire%2F1819053.html HTTP/1.1" 500 - "-" "Mozilla/5.0 (compatible; SemrushBot/7~bl; +http://www.semrush.com/bot.html)" "mantech8.com"
40.77.167.58 - - [03/Oct/2022:02:29:25 -0700] "GET /index.php?c=article&a=type&tid=86 HTTP/1.1" 200 57800 "-" "Mozilla/5.0 (compatible; bingbot/2.0; +http://www.bing.com/bingbot.htm)" "www.mantech8.com"
185.191.171.33 - - [03/Oct/2022:02:29:34 -0700] "GET /?camp-fire%2F27254169.html HTTP/1.1" 500 - "-" "Mozilla/5.0 (compatible; SemrushBot/7~bl; +http://www.semrush.com/bot.html)" "mantech8.com"
185.191.171.25 - - [03/Oct/2022:02:29:39 -0700] "GET /?camp-fire%2F27311297.html HTTP/1.1" 500 - "-" "Mozilla/5.0 (compatible; SemrushBot/7~bl; +http://www.semrush.com/bot.html)" "mantech8.com"
207.46.13.184 - - [03/Oct/2022:02:29:42 -0700] "GET /camp-fire/70988797.html HTTP/1.1" 404 88 "-" "Mozilla/5.0 (compatible; bingbot/2.0; +http://www.bing.com/bingbot.htm)" "www.mantech8.com"
185.191.171.12 - - [03/Oct/2022:02:30:16 -0700] "GET /?camp-fire%2F34405416.html HTTP/1.1" 500 - "-" "Mozilla/5.0 (compatible; SemrushBot/7~bl; +http://www.semrush.com/bot.html)" "mantech8.com"
185.191.171.36 - - [03/Oct/2022:02:30:36 -0700] "GET /?camp-fire%2F20298565.html HTTP/1.1" 500 - "-" "Mozilla/5.0 (compatible; SemrushBot/7~bl; +http://www.semrush.com/bot.html)" "mantech8.com"
185.191.171.25 - - [03/Oct/2022:02:30:53 -0700] "GET /?camp-fire%2F9622842.html HTTP/1.1" 500 - "-" "Mozilla/5.0 (compatible; SemrushBot/7~bl; +http://www.semrush.com/bot.html)" "mantech8.com"
207.46.13.63 - - [03/Oct/2022:02:31:20 -0700] "GET /index.php?c=product&a=type&tid=55 HTTP/1.1" 200 53241 "-" "Mozilla/5.0 (compatible; bingbot/2.0; +http://www.bing.com/bingbot.htm)" "www.mantech8.com"
185.191.171.4 - - [03/Oct/2022:02:31:42 -0700] "GET /?camp-fire%2F11466257.html HTTP/1.1" 500 - "-" "Mozilla/5.0 (compatible; SemrushBot/7~bl; +http://www.semrush.com/bot.html)" "mantech8.com"
185.191.171.26 - - [03/Oct/2022:02:31:49 -0700] "GET /?camp-fire%2F34224193.html HTTP/1.1" 500 - "-" "Mozilla/5.0 (compatible; SemrushBot/7~bl; +http://www.semrush.com/bot.html)" "mantech8.com"
114.119.133.182 - - [03/Oct/2022:02:31:50 -0700] "GET /bimages/vision/?C=D%3BO%3DA HTTP/1.1" 200 421 "http://mantech8.com/bimages/vision/?C=N%3BO%3DD" "Mozilla/5.0 (Linux; Android 7.0;) AppleWebKit/537.36 (KHTML, like Gecko) Mobile Safari/537.36 (compatible; PetalBot;+https://webmaster.petalsearch.com/site/petalbot)" "mantech8.com"
104.238.117.161 - - [03/Oct/2022:02:32:02 -0700] "GET /contact.php HTTP/1.1" 200 29238 "http://mantech8.com/contact.php" "Mozilla/5.0 (Windows NT 6.1; Win64; x64) AppleWebKit/537.36 (KHTML, like Gecko) Chrome/90.0.4427.0 Safari/537.36" "mantech8.com"
185.191.171.44 - - [03/Oct/2022:02:32:20 -0700] "GET /?camp-fire%2F20855132.html HTTP/1.1" 500 - "-" "Mozilla/5.0 (compatible; SemrushBot/7~bl; +http://www.semrush.com/bot.html)" "mantech8.com"
207.46.13.184 - - [03/Oct/2022:02:32:22 -0700] "GET /?camp-fire/70741638.html HTTP/1.1" 200 121405 "-" "Mozilla/5.0 (compatible; bingbot/2.0; +http://www.bing.com/bingbot.htm)" "mantech8.com"
104.238.117.161 - - [03/Oct/2022:02:32:25 -0700] "POST /mailer.php HTTP/1.1" 500 - "http://mantech8.com/contact.php" "Mozilla/5.0 (Windows NT 6.1; Win64; x64) AppleWebKit/537.36 (KHTML, like Gecko) Chrome/90.0.4427.0 Safari/537.36" "mantech8.com"
185.191.171.4 - - [03/Oct/2022:02:33:38 -0700] "GET /?camp-fire%2F48392517.html HTTP/1.1" 500 - "-" "Mozilla/5.0 (compatible; SemrushBot/7~bl; +http://www.semrush.com/bot.html)" "mantech8.com"
207.46.13.70 - - [03/Oct/2022:02:34:08 -0700] "GET /index.php?c=product&a=type&tid=25 HTTP/1.1" 200 58405 "-" "Mozilla/5.0 (compatible; bingbot/2.0; +http://www.bing.com/bingbot.htm)" "www.mantech8.com"
185.191.171.5 - - [03/Oct/2022:02:34:17 -0700] "GET /?camp-fire%2F27942759.html HTTP/1.1" 500 - "-" "Mozilla/5.0 (compatible; SemrushBot/7~bl; +http://www.semrush.com/bot.html)" "mantech8.com"
185.191.171.9 - - [03/Oct/2022:02:34:19 -0700] "GET /?camp-fire%2F30534341.html HTTP/1.1" 500 - "-" "Mozilla/5.0 (compatible; SemrushBot/7~bl; +http://www.semrush.com/bot.html)" "mantech8.com"
185.191.171.34 - - [03/Oct/2022:02:34:23 -0700] "GET /?camp-fire%2F25196950.html HTTP/1.1" 500 - "-" "Mozilla/5.0 (compatible; SemrushBot/7~bl; +http://www.semrush.com/bot.html)" "mantech8.com"
185.191.171.38 - - [03/Oct/2022:02:34:38 -0700] "GET /?camp-fire%2F47004678.html HTTP/1.1" 500 - "-" "Mozilla/5.0 (compatible; SemrushBot/7~bl; +http://www.semrush.com/bot.html)" "mantech8.com"
185.191.171.14 - - [03/Oct/2022:02:35:19 -0700] "GET /?camp-fire%2F39047035.html HTTP/1.1" 500 - "-" "Mozilla/5.0 (compatible; SemrushBot/7~bl; +http://www.semrush.com/bot.html)" "mantech8.com"
185.191.171.10 - - [03/Oct/2022:02:35:48 -0700] "GET /?camp-fire%2F8246029.html HTTP/1.1" 500 - "-" "Mozilla/5.0 (compatible; SemrushBot/7~bl; +http://www.semrush.com/bot.html)" "mantech8.com"
185.191.171.16 - - [03/Oct/2022:02:35:55 -0700] "GET /?camp-fire%2F26084459.html HTTP/1.1" 500 - "-" "Mozilla/5.0 (compatible; SemrushBot/7~bl; +http://www.semrush.com/bot.html)" "mantech8.com"
185.191.171.6 - - [03/Oct/2022:02:36:31 -0700] "GET /?camp-fire%2F35754225.html HTTP/1.1" 500 - "-" "Mozilla/5.0 (compatible; SemrushBot/7~bl; +http://www.semrush.com/bot.html)" "mantech8.com"
185.191.171.22 - - [03/Oct/2022:02:36:43 -0700] "GET /?camp-fire%2F14629742.html HTTP/1.1" 500 - "-" "Mozilla/5.0 (compatible; SemrushBot/7~bl; +http://www.semrush.com/bot.html)" "mantech8.com"
185.191.171.17 - - [03/Oct/2022:02:36:52 -0700] "GET /?camp-fire%2F50148076.html HTTP/1.1" 500 - "-" "Mozilla/5.0 (compatible; SemrushBot/7~bl; +http://www.semrush.com/bot.html)" "mantech8.com"
185.191.171.14 - - [03/Oct/2022:02:36:58 -0700] "GET /?camp-fire%2F40664617.html HTTP/1.1" 500 - "-" "Mozilla/5.0 (compatible; SemrushBot/7~bl; +http://www.semrush.com/bot.html)" "mantech8.com"
114.119.133.190 - - [03/Oct/2022:02:37:47 -0700] "GET /index.php?sitemap6.xml HTTP/1.1" 200 261540 "-" "Mozilla/5.0 (Linux; Android 7.0;) AppleWebKit/537.36 (KHTML, like Gecko) Mobile Safari/537.36 (compatible; PetalBot;+https://webmaster.petalsearch.com/site/petalbot)" "mantech8.com"
