40.77.167.58 - - [03/Oct/2022:00:13:59 -0700] "GET /gelsemic.xml HTTP/1.1" 404 88 "-" "Mozilla/5.0 (compatible; bingbot/2.0; +http://www.bing.com/bingbot.htm)" "mantech8.com"
40.77.167.58 - - [03/Oct/2022:00:13:59 -0700] "GET /index.php/crystalgazer.xml HTTP/1.1" 200 347517 "-" "Mozilla/5.0 (compatible; bingbot/2.0; +http://www.bing.com/bingbot.htm)" "mantech8.com"
40.77.167.58 - - [03/Oct/2022:00:14:00 -0700] "GET /kiger.xml HTTP/1.1" 404 88 "-" "Mozilla/5.0 (compatible; bingbot/2.0; +http://www.bing.com/bingbot.htm)" "mantech8.com"
40.77.167.58 - - [03/Oct/2022:00:14:00 -0700] "GET /?sitemap15155.xml HTTP/1.1" 200 298148 "-" "Mozilla/5.0 (compatible; bingbot/2.0; +http://www.bing.com/bingbot.htm)" "mantech8.com"
40.77.167.58 - - [03/Oct/2022:00:14:00 -0700] "GET /infuriates.xml HTTP/1.1" 404 88 "-" "Mozilla/5.0 (compatible; bingbot/2.0; +http://www.bing.com/bingbot.htm)" "mantech8.com"
40.77.167.58 - - [03/Oct/2022:00:14:00 -0700] "GET /dejerator.xml HTTP/1.1" 404 88 "-" "Mozilla/5.0 (compatible; bingbot/2.0; +http://www.bing.com/bingbot.htm)" "mantech8.com"
40.77.167.58 - - [03/Oct/2022:00:14:00 -0700] "GET /?sitemap9579.xml HTTP/1.1" 200 311894 "-" "Mozilla/5.0 (compatible; bingbot/2.0; +http://www.bing.com/bingbot.htm)" "mantech8.com"
40.77.167.58 - - [03/Oct/2022:00:14:01 -0700] "GET /index.php/viton.xml HTTP/1.1" 200 259332 "-" "Mozilla/5.0 (compatible; bingbot/2.0; +http://www.bing.com/bingbot.htm)" "mantech8.com"
40.77.167.58 - - [03/Oct/2022:00:14:01 -0700] "GET /index.php?interphalangeal.xml HTTP/1.1" 200 311325 "-" "Mozilla/5.0 (compatible; bingbot/2.0; +http://www.bing.com/bingbot.htm)" "mantech8.com"
40.77.167.58 - - [03/Oct/2022:00:14:02 -0700] "GET /index.php/sitemap3113.xml HTTP/1.1" 200 268637 "-" "Mozilla/5.0 AppleWebKit/537.36 (KHTML, like Gecko; compatible; bingbot/2.0; +http://www.bing.com/bingbot.htm) Chrome/103.0.5060.134 Safari/537.36" "mantech8.com"
40.77.167.58 - - [03/Oct/2022:00:14:02 -0700] "GET /?sitemap9084.xml HTTP/1.1" 200 299192 "-" "Mozilla/5.0 (compatible; bingbot/2.0; +http://www.bing.com/bingbot.htm)" "mantech8.com"
136.243.220.213 - - [03/Oct/2022:00:14:03 -0700] "GET /?camp-fire/24283772.html HTTP/1.1" 500 - "-" "Mozilla/5.0 (compatible; DataForSeoBot/1.0; +https://dataforseo.com/dataforseo-bot)" "mantech8.com"
40.77.167.58 - - [03/Oct/2022:00:14:03 -0700] "GET /?sitemap40698.xml HTTP/1.1" 200 258824 "-" "Mozilla/5.0 (compatible; bingbot/2.0; +http://www.bing.com/bingbot.htm)" "mantech8.com"
40.77.167.58 - - [03/Oct/2022:00:14:03 -0700] "GET /index.php?dehydrochlorinases.xml HTTP/1.1" 200 240591 "-" "Mozilla/5.0 (compatible; bingbot/2.0; +http://www.bing.com/bingbot.htm)" "mantech8.com"
40.77.167.58 - - [03/Oct/2022:00:14:04 -0700] "GET /index.php/larges.xml HTTP/1.1" 200 308398 "-" "Mozilla/5.0 (compatible; bingbot/2.0; +http://www.bing.com/bingbot.htm)" "mantech8.com"
40.77.167.58 - - [03/Oct/2022:00:14:04 -0700] "GET /sitemap72.xml HTTP/1.1" 404 88 "-" "Mozilla/5.0 (compatible; bingbot/2.0; +http://www.bing.com/bingbot.htm)" "mantech8.com"
40.77.167.58 - - [03/Oct/2022:00:14:04 -0700] "GET /index.php/pettygod.xml HTTP/1.1" 200 250868 "-" "Mozilla/5.0 (compatible; bingbot/2.0; +http://www.bing.com/bingbot.htm)" "mantech8.com"
40.77.167.58 - - [03/Oct/2022:00:14:05 -0700] "GET /index.php?dejerator.xml HTTP/1.1" 200 290757 "-" "Mozilla/5.0 (compatible; bingbot/2.0; +http://www.bing.com/bingbot.htm)" "mantech8.com"
40.77.167.58 - - [03/Oct/2022:00:14:05 -0700] "GET /index.php?sitemap4497.xml HTTP/1.1" 200 248984 "-" "Mozilla/5.0 (compatible; bingbot/2.0; +http://www.bing.com/bingbot.htm)" "mantech8.com"
40.77.167.58 - - [03/Oct/2022:00:14:06 -0700] "GET /index.php?psammo.xml HTTP/1.1" 200 342208 "-" "Mozilla/5.0 AppleWebKit/537.36 (KHTML, like Gecko; compatible; bingbot/2.0; +http://www.bing.com/bingbot.htm) Chrome/103.0.5060.134 Safari/537.36" "mantech8.com"
40.77.167.58 - - [03/Oct/2022:00:14:06 -0700] "GET /?interphalangeal.xml HTTP/1.1" 200 261899 "-" "Mozilla/5.0 (compatible; bingbot/2.0; +http://www.bing.com/bingbot.htm)" "mantech8.com"
40.77.167.58 - - [03/Oct/2022:00:14:07 -0700] "GET /?diethers.xml HTTP/1.1" 200 298907 "-" "Mozilla/5.0 (compatible; bingbot/2.0; +http://www.bing.com/bingbot.htm)" "mantech8.com"
40.77.167.58 - - [03/Oct/2022:00:14:07 -0700] "GET /sitemap-index-7.xml HTTP/1.1" 404 88 "-" "Mozilla/5.0 (compatible; bingbot/2.0; +http://www.bing.com/bingbot.htm)" "mantech8.com"
40.77.167.58 - - [03/Oct/2022:00:14:07 -0700] "GET /index.php/sitemap827.xml HTTP/1.1" 200 338766 "-" "Mozilla/5.0 (compatible; bingbot/2.0; +http://www.bing.com/bingbot.htm)" "mantech8.com"
136.243.220.213 - - [03/Oct/2022:00:14:08 -0700] "GET /?camp-fire/41994825.html HTTP/1.1" 500 - "-" "Mozilla/5.0 (compatible; DataForSeoBot/1.0; +https://dataforseo.com/dataforseo-bot)" "mantech8.com"
136.243.220.213 - - [03/Oct/2022:00:14:12 -0700] "GET /?camp-fire/33988530.html HTTP/1.1" 500 - "-" "Mozilla/5.0 (compatible; DataForSeoBot/1.0; +https://dataforseo.com/dataforseo-bot)" "mantech8.com"
136.243.220.213 - - [03/Oct/2022:00:14:16 -0700] "GET /?camp-fire/37038171.html HTTP/1.1" 500 - "-" "Mozilla/5.0 (compatible; DataForSeoBot/1.0; +https://dataforseo.com/dataforseo-bot)" "mantech8.com"
136.243.220.213 - - [03/Oct/2022:00:14:20 -0700] "GET /?camp-fire/14746877.html HTTP/1.1" 500 - "-" "Mozilla/5.0 (compatible; DataForSeoBot/1.0; +https://dataforseo.com/dataforseo-bot)" "mantech8.com"
40.77.167.58 - - [03/Oct/2022:00:14:27 -0700] "GET /?sitemap7905.xml HTTP/1.1" 200 261956 "-" "Mozilla/5.0 (compatible; bingbot/2.0; +http://www.bing.com/bingbot.htm)" "mantech8.com"
40.77.167.58 - - [03/Oct/2022:00:14:28 -0700] "GET /?prinker.xml HTTP/1.1" 200 243656 "-" "Mozilla/5.0 (compatible; bingbot/2.0; +http://www.bing.com/bingbot.htm)" "mantech8.com"
40.77.167.58 - - [03/Oct/2022:00:14:28 -0700] "GET /index.php/ascensor.xml HTTP/1.1" 200 346242 "-" "Mozilla/5.0 (compatible; bingbot/2.0; +http://www.bing.com/bingbot.htm)" "mantech8.com"
40.77.167.58 - - [03/Oct/2022:00:14:29 -0700] "GET /?sitemap43154.xml HTTP/1.1" 200 239858 "-" "Mozilla/5.0 (compatible; bingbot/2.0; +http://www.bing.com/bingbot.htm)" "mantech8.com"
40.77.167.58 - - [03/Oct/2022:00:14:30 -0700] "GET /exorcise.xml HTTP/1.1" 404 88 "-" "Mozilla/5.0 (compatible; bingbot/2.0; +http://www.bing.com/bingbot.htm)" "mantech8.com"
40.77.167.72 - - [03/Oct/2022:00:14:30 -0700] "GET /camp-fire/75712943.html HTTP/1.1" 404 88 "-" "Mozilla/5.0 (compatible; bingbot/2.0; +http://www.bing.com/bingbot.htm)" "www.mantech8.com"
40.77.167.58 - - [03/Oct/2022:00:14:30 -0700] "GET /?sitemap6739.xml HTTP/1.1" 200 290840 "-" "Mozilla/5.0 (compatible; bingbot/2.0; +http://www.bing.com/bingbot.htm)" "mantech8.com"
40.77.167.58 - - [03/Oct/2022:00:14:30 -0700] "GET /?sitemap86.xml HTTP/1.1" 200 267119 "-" "Mozilla/5.0 (compatible; bingbot/2.0; +http://www.bing.com/bingbot.htm)" "mantech8.com"
40.77.167.58 - - [03/Oct/2022:00:14:31 -0700] "GET /index.php/ching-kuo.xml HTTP/1.1" 200 283570 "-" "Mozilla/5.0 AppleWebKit/537.36 (KHTML, like Gecko; compatible; bingbot/2.0; +http://www.bing.com/bingbot.htm) Chrome/103.0.5060.134 Safari/537.36" "mantech8.com"
40.77.167.58 - - [03/Oct/2022:00:14:31 -0700] "GET /?sitemap12394.xml HTTP/1.1" 200 253778 "-" "Mozilla/5.0 (compatible; bingbot/2.0; +http://www.bing.com/bingbot.htm)" "mantech8.com"
40.77.167.58 - - [03/Oct/2022:00:14:32 -0700] "GET /?biopoesis.xml HTTP/1.1" 200 255834 "-" "Mozilla/5.0 (compatible; bingbot/2.0; +http://www.bing.com/bingbot.htm)" "mantech8.com"
40.77.167.58 - - [03/Oct/2022:00:14:32 -0700] "GET /?gelsemic.xml HTTP/1.1" 200 270224 "-" "Mozilla/5.0 AppleWebKit/537.36 (KHTML, like Gecko; compatible; bingbot/2.0; +http://www.bing.com/bingbot.htm) Chrome/103.0.5060.134 Safari/537.36" "mantech8.com"
136.243.220.213 - - [03/Oct/2022:00:14:33 -0700] "GET /?camp-fire/36716270.html HTTP/1.1" 500 - "-" "Mozilla/5.0 (compatible; DataForSeoBot/1.0; +https://dataforseo.com/dataforseo-bot)" "mantech8.com"
40.77.167.58 - - [03/Oct/2022:00:14:33 -0700] "GET /index.php/dejerator.xml HTTP/1.1" 200 277153 "-" "Mozilla/5.0 (compatible; bingbot/2.0; +http://www.bing.com/bingbot.htm)" "mantech8.com"
40.77.167.58 - - [03/Oct/2022:00:14:34 -0700] "GET /megatheroid.xml HTTP/1.1" 404 88 "-" "Mozilla/5.0 (compatible; bingbot/2.0; +http://www.bing.com/bingbot.htm)" "mantech8.com"
40.77.167.58 - - [03/Oct/2022:00:14:34 -0700] "GET /index.php?sitemap892.xml HTTP/1.1" 200 276093 "-" "Mozilla/5.0 (compatible; bingbot/2.0; +http://www.bing.com/bingbot.htm)" "mantech8.com"
40.77.167.58 - - [03/Oct/2022:00:14:34 -0700] "GET /sitemap19.xml HTTP/1.1" 404 88 "-" "Mozilla/5.0 (compatible; bingbot/2.0; +http://www.bing.com/bingbot.htm)" "mantech8.com"
40.77.167.58 - - [03/Oct/2022:00:14:34 -0700] "GET /?sitemap348.xml HTTP/1.1" 200 315263 "-" "Mozilla/5.0 (compatible; bingbot/2.0; +http://www.bing.com/bingbot.htm)" "mantech8.com"
40.77.167.58 - - [03/Oct/2022:00:14:35 -0700] "GET /?impenetration.xml HTTP/1.1" 200 291773 "-" "Mozilla/5.0 (compatible; bingbot/2.0; +http://www.bing.com/bingbot.htm)" "mantech8.com"
40.77.167.58 - - [03/Oct/2022:00:14:35 -0700] "GET /sitemap8718.xml HTTP/1.1" 404 88 "-" "Mozilla/5.0 (compatible; bingbot/2.0; +http://www.bing.com/bingbot.htm)" "mantech8.com"
40.77.167.58 - - [03/Oct/2022:00:14:35 -0700] "GET /tarandean.xml HTTP/1.1" 404 88 "-" "Mozilla/5.0 (compatible; bingbot/2.0; +http://www.bing.com/bingbot.htm)" "mantech8.com"
185.191.171.43 - - [03/Oct/2022:00:14:36 -0700] "GET /?camp-fire%2F15506846.html HTTP/1.1" 500 - "-" "Mozilla/5.0 (compatible; SemrushBot/7~bl; +http://www.semrush.com/bot.html)" "mantech8.com"
136.243.220.213 - - [03/Oct/2022:00:14:42 -0700] "GET /?camp-fire/28470032.html HTTP/1.1" 500 - "-" "Mozilla/5.0 (compatible; DataForSeoBot/1.0; +https://dataforseo.com/dataforseo-bot)" "mantech8.com"
40.77.167.58 - - [03/Oct/2022:00:14:47 -0700] "GET /index.php/impenetration.xml HTTP/1.1" 200 261724 "-" "Mozilla/5.0 (compatible; bingbot/2.0; +http://www.bing.com/bingbot.htm)" "mantech8.com"
136.243.220.213 - - [03/Oct/2022:00:14:47 -0700] "GET /?camp-fire/38284066.html HTTP/1.1" 500 - "-" "Mozilla/5.0 (compatible; DataForSeoBot/1.0; +https://dataforseo.com/dataforseo-bot)" "mantech8.com"
185.191.171.15 - - [03/Oct/2022:00:14:47 -0700] "GET /?camp-fire%2F20795735.html HTTP/1.1" 500 - "-" "Mozilla/5.0 (compatible; SemrushBot/7~bl; +http://www.semrush.com/bot.html)" "mantech8.com"
40.77.167.58 - - [03/Oct/2022:00:14:47 -0700] "GET /index.php/tetrathionates.xml HTTP/1.1" 200 240407 "-" "Mozilla/5.0 (compatible; bingbot/2.0; +http://www.bing.com/bingbot.htm)" "mantech8.com"
207.46.13.70 - - [03/Oct/2022:00:14:53 -0700] "GET /?sitemap-index-9.xml HTTP/1.1" 200 3715 "-" "Mozilla/5.0 (compatible; bingbot/2.0; +http://www.bing.com/bingbot.htm)" "mantech8.com"
207.46.13.70 - - [03/Oct/2022:00:14:53 -0700] "GET /index.php?sitemap-index-5.xml HTTP/1.1" 200 6755 "-" "Mozilla/5.0 (compatible; bingbot/2.0; +http://www.bing.com/bingbot.htm)" "mantech8.com"
207.46.13.70 - - [03/Oct/2022:00:14:53 -0700] "GET /sitemap2.xml HTTP/1.1" 404 88 "-" "Mozilla/5.0 AppleWebKit/537.36 (KHTML, like Gecko; compatible; bingbot/2.0; +http://www.bing.com/bingbot.htm) Chrome/103.0.5060.134 Safari/537.36" "mantech8.com"
207.46.13.70 - - [03/Oct/2022:00:14:53 -0700] "GET /prinker.xml HTTP/1.1" 404 88 "-" "Mozilla/5.0 AppleWebKit/537.36 (KHTML, like Gecko; compatible; bingbot/2.0; +http://www.bing.com/bingbot.htm) Chrome/103.0.5060.134 Safari/537.36" "mantech8.com"
207.46.13.70 - - [03/Oct/2022:00:14:53 -0700] "GET /sitemap431.xml HTTP/1.1" 404 88 "-" "Mozilla/5.0 (compatible; bingbot/2.0; +http://www.bing.com/bingbot.htm)" "mantech8.com"
207.46.13.70 - - [03/Oct/2022:00:14:53 -0700] "GET /?sitemap8.xml HTTP/1.1" 200 280316 "-" "Mozilla/5.0 (compatible; bingbot/2.0; +http://www.bing.com/bingbot.htm)" "mantech8.com"
207.46.13.70 - - [03/Oct/2022:00:14:54 -0700] "GET /?limunu.xml HTTP/1.1" 200 228545 "-" "Mozilla/5.0 (compatible; bingbot/2.0; +http://www.bing.com/bingbot.htm)" "mantech8.com"
207.46.13.70 - - [03/Oct/2022:00:14:55 -0700] "GET /?tetrathionates.xml HTTP/1.1" 200 275629 "-" "Mozilla/5.0 (compatible; bingbot/2.0; +http://www.bing.com/bingbot.htm)" "mantech8.com"
207.46.13.70 - - [03/Oct/2022:00:14:56 -0700] "GET /sitemap5221.xml HTTP/1.1" 404 88 "-" "Mozilla/5.0 AppleWebKit/537.36 (KHTML, like Gecko; compatible; bingbot/2.0; +http://www.bing.com/bingbot.htm) Chrome/103.0.5060.134 Safari/537.36" "mantech8.com"
207.46.13.70 - - [03/Oct/2022:00:14:56 -0700] "GET /index.php?sitemap46291.xml HTTP/1.1" 200 297726 "-" "Mozilla/5.0 (compatible; bingbot/2.0; +http://www.bing.com/bingbot.htm)" "mantech8.com"
207.46.13.70 - - [03/Oct/2022:00:14:56 -0700] "GET /index.php/sitemap-index-4.xml HTTP/1.1" 200 5094 "-" "Mozilla/5.0 (compatible; bingbot/2.0; +http://www.bing.com/bingbot.htm)" "mantech8.com"
207.46.13.70 - - [03/Oct/2022:00:14:56 -0700] "GET /index.php?reym.xml HTTP/1.1" 200 317947 "-" "Mozilla/5.0 (compatible; bingbot/2.0; +http://www.bing.com/bingbot.htm)" "mantech8.com"
207.46.13.70 - - [03/Oct/2022:00:14:57 -0700] "GET /index.php?sitemap6157.xml HTTP/1.1" 200 244680 "-" "Mozilla/5.0 (compatible; bingbot/2.0; +http://www.bing.com/bingbot.htm)" "mantech8.com"
207.46.13.70 - - [03/Oct/2022:00:14:58 -0700] "GET /?gladhand.xml HTTP/1.1" 200 324779 "-" "Mozilla/5.0 (compatible; bingbot/2.0; +http://www.bing.com/bingbot.htm)" "mantech8.com"
207.46.13.70 - - [03/Oct/2022:00:14:59 -0700] "GET /index.php?sitemap3.xml HTTP/1.1" 200 341281 "-" "Mozilla/5.0 (compatible; bingbot/2.0; +http://www.bing.com/bingbot.htm)" "mantech8.com"
77.79.148.212 - - [03/Oct/2022:00:14:59 -0700] "GET /contact.php HTTP/1.1" 200 29238 "http://mantech8.com/contact.php" "Mozilla/5.0 (Windows NT 10.0; Win64; x64) AppleWebKit/537.36 (KHTML, like Gecko) Chrome/90.0.4430.93 Safari/537.36" "mantech8.com"
207.46.13.70 - - [03/Oct/2022:00:15:00 -0700] "GET /index.php/sitemap80.xml HTTP/1.1" 200 321627 "-" "Mozilla/5.0 AppleWebKit/537.36 (KHTML, like Gecko; compatible; bingbot/2.0; +http://www.bing.com/bingbot.htm) Chrome/103.0.5060.134 Safari/537.36" "mantech8.com"
77.79.148.212 - - [03/Oct/2022:00:15:00 -0700] "POST /mailer.php HTTP/1.1" 500 - "http://mantech8.com/contact.php" "Mozilla/5.0 (Windows NT 10.0; Win64; x64) AppleWebKit/537.36 (KHTML, like Gecko) Chrome/90.0.4430.93 Safari/537.36" "mantech8.com"
207.46.13.70 - - [03/Oct/2022:00:15:00 -0700] "GET /index.php/scillism.xml HTTP/1.1" 200 271081 "-" "Mozilla/5.0 (compatible; bingbot/2.0; +http://www.bing.com/bingbot.htm)" "mantech8.com"
207.46.13.70 - - [03/Oct/2022:00:15:01 -0700] "GET /?sitemap19872.xml HTTP/1.1" 200 229070 "-" "Mozilla/5.0 AppleWebKit/537.36 (KHTML, like Gecko; compatible; bingbot/2.0; +http://www.bing.com/bingbot.htm) Chrome/103.0.5060.134 Safari/537.36" "mantech8.com"
207.46.13.70 - - [03/Oct/2022:00:15:02 -0700] "GET /index.php/mooched.xml HTTP/1.1" 200 289822 "-" "Mozilla/5.0 AppleWebKit/537.36 (KHTML, like Gecko; compatible; bingbot/2.0; +http://www.bing.com/bingbot.htm) Chrome/103.0.5060.134 Safari/537.36" "mantech8.com"
207.46.13.70 - - [03/Oct/2022:00:15:02 -0700] "GET /index.php?kleffens.xml HTTP/1.1" 200 339789 "-" "Mozilla/5.0 (compatible; bingbot/2.0; +http://www.bing.com/bingbot.htm)" "mantech8.com"
207.46.13.70 - - [03/Oct/2022:00:15:03 -0700] "GET /index.php/sitemap113.xml HTTP/1.1" 200 330984 "-" "Mozilla/5.0 (compatible; bingbot/2.0; +http://www.bing.com/bingbot.htm)" "mantech8.com"
207.46.13.70 - - [03/Oct/2022:00:15:04 -0700] "GET /?sitemap81.xml HTTP/1.1" 200 282404 "-" "Mozilla/5.0 AppleWebKit/537.36 (KHTML, like Gecko; compatible; bingbot/2.0; +http://www.bing.com/bingbot.htm) Chrome/103.0.5060.134 Safari/537.36" "mantech8.com"
207.46.13.70 - - [03/Oct/2022:00:15:05 -0700] "GET /index.php?sitemap12008.xml HTTP/1.1" 200 324478 "-" "Mozilla/5.0 (compatible; bingbot/2.0; +http://www.bing.com/bingbot.htm)" "mantech8.com"
207.46.13.70 - - [03/Oct/2022:00:15:05 -0700] "GET /index.php?sitemap8323.xml HTTP/1.1" 200 283262 "-" "Mozilla/5.0 (compatible; bingbot/2.0; +http://www.bing.com/bingbot.htm)" "mantech8.com"
207.46.13.70 - - [03/Oct/2022:00:15:06 -0700] "GET /index.php/sitemap42187.xml HTTP/1.1" 200 298455 "-" "Mozilla/5.0 (compatible; bingbot/2.0; +http://www.bing.com/bingbot.htm)" "mantech8.com"
207.46.13.70 - - [03/Oct/2022:00:15:07 -0700] "GET /index.php?sitemap204.xml HTTP/1.1" 200 276063 "-" "Mozilla/5.0 (compatible; bingbot/2.0; +http://www.bing.com/bingbot.htm)" "mantech8.com"
207.46.13.70 - - [03/Oct/2022:00:15:08 -0700] "GET /index.php?rebeginner.xml HTTP/1.1" 200 243719 "-" "Mozilla/5.0 (compatible; bingbot/2.0; +http://www.bing.com/bingbot.htm)" "mantech8.com"
207.46.13.70 - - [03/Oct/2022:00:15:08 -0700] "GET /sitemap51.xml HTTP/1.1" 404 88 "-" "Mozilla/5.0 (compatible; bingbot/2.0; +http://www.bing.com/bingbot.htm)" "mantech8.com"
207.46.13.70 - - [03/Oct/2022:00:15:08 -0700] "GET /index.php/sitemap3209.xml HTTP/1.1" 200 291820 "-" "Mozilla/5.0 (compatible; bingbot/2.0; +http://www.bing.com/bingbot.htm)" "mantech8.com"
207.46.13.70 - - [03/Oct/2022:00:15:09 -0700] "GET /index.php?furnacite.xml HTTP/1.1" 200 293318 "-" "Mozilla/5.0 (compatible; bingbot/2.0; +http://www.bing.com/bingbot.htm)" "mantech8.com"
207.46.13.70 - - [03/Oct/2022:00:15:23 -0700] "GET /index.php?scillism.xml HTTP/1.1" 200 337591 "-" "Mozilla/5.0 (compatible; bingbot/2.0; +http://www.bing.com/bingbot.htm)" "mantech8.com"
207.46.13.70 - - [03/Oct/2022:00:15:25 -0700] "GET /index.php?/2020/0228/c4987a95956/page.htm HTTP/1.1" 200 62377 "-" "Mozilla/5.0 AppleWebKit/537.36 (KHTML, like Gecko; compatible; bingbot/2.0; +http://www.bing.com/bingbot.htm) Chrome/103.0.5060.134 Safari/537.36" "mantech8.com"
207.46.13.70 - - [03/Oct/2022:00:15:25 -0700] "GET /index.php?sitemap3925.xml HTTP/1.1" 200 268852 "-" "Mozilla/5.0 (compatible; bingbot/2.0; +http://www.bing.com/bingbot.htm)" "mantech8.com"
207.46.13.70 - - [03/Oct/2022:00:15:26 -0700] "GET /index.php?sitemap768.xml HTTP/1.1" 200 298702 "-" "Mozilla/5.0 (compatible; bingbot/2.0; +http://www.bing.com/bingbot.htm)" "mantech8.com"
185.191.171.2 - - [03/Oct/2022:00:15:27 -0700] "GET /?camp-fire%2F43975830.html HTTP/1.1" 500 - "-" "Mozilla/5.0 (compatible; SemrushBot/7~bl; +http://www.semrush.com/bot.html)" "mantech8.com"
207.46.13.70 - - [03/Oct/2022:00:15:27 -0700] "GET /sitemap1.xml HTTP/1.1" 404 88 "-" "Mozilla/5.0 AppleWebKit/537.36 (KHTML, like Gecko; compatible; bingbot/2.0; +http://www.bing.com/bingbot.htm) Chrome/103.0.5060.134 Safari/537.36" "mantech8.com"
207.46.13.70 - - [03/Oct/2022:00:15:27 -0700] "GET /index.php/sitemap12.xml HTTP/1.1" 200 330064 "-" "Mozilla/5.0 (compatible; bingbot/2.0; +http://www.bing.com/bingbot.htm)" "mantech8.com"
207.46.13.70 - - [03/Oct/2022:00:15:28 -0700] "GET /index.php/athermallize.xml HTTP/1.1" 200 327869 "-" "Mozilla/5.0 (compatible; bingbot/2.0; +http://www.bing.com/bingbot.htm)" "mantech8.com"
207.46.13.70 - - [03/Oct/2022:00:15:29 -0700] "GET /index.php?kiger.xml HTTP/1.1" 200 253076 "-" "Mozilla/5.0 (compatible; bingbot/2.0; +http://www.bing.com/bingbot.htm)" "mantech8.com"
207.46.13.70 - - [03/Oct/2022:00:15:33 -0700] "GET /sitemap1404.xml HTTP/1.1" 404 88 "-" "Mozilla/5.0 (compatible; bingbot/2.0; +http://www.bing.com/bingbot.htm)" "mantech8.com"
207.46.13.70 - - [03/Oct/2022:00:15:33 -0700] "GET /?sitemap854.xml HTTP/1.1" 200 274448 "-" "Mozilla/5.0 (compatible; bingbot/2.0; +http://www.bing.com/bingbot.htm)" "mantech8.com"
40.77.167.68 - - [03/Oct/2022:00:15:47 -0700] "GET /index.php?c=product&a=type&tid=79 HTTP/1.1" 200 42865 "-" "Mozilla/5.0 (compatible; bingbot/2.0; +http://www.bing.com/bingbot.htm)" "www.mantech8.com"
185.191.171.13 - - [03/Oct/2022:00:16:13 -0700] "GET /?camp-fire%2F25055506.html HTTP/1.1" 500 - "-" "Mozilla/5.0 (compatible; SemrushBot/7~bl; +http://www.semrush.com/bot.html)" "mantech8.com"
185.191.171.19 - - [03/Oct/2022:00:16:26 -0700] "GET /?camp-fire%2F3331700.html HTTP/1.1" 500 - "-" "Mozilla/5.0 (compatible; SemrushBot/7~bl; +http://www.semrush.com/bot.html)" "mantech8.com"
185.191.171.12 - - [03/Oct/2022:00:16:28 -0700] "GET /?camp-fire%2F31378930.html HTTP/1.1" 500 - "-" "Mozilla/5.0 (compatible; SemrushBot/7~bl; +http://www.semrush.com/bot.html)" "mantech8.com"
185.191.171.9 - - [03/Oct/2022:00:16:40 -0700] "GET /?camp-fire%2F53583634.html HTTP/1.1" 500 - "-" "Mozilla/5.0 (compatible; SemrushBot/7~bl; +http://www.semrush.com/bot.html)" "mantech8.com"
185.191.171.19 - - [03/Oct/2022:00:17:11 -0700] "GET /?camp-fire%2F26197982.html HTTP/1.1" 500 - "-" "Mozilla/5.0 (compatible; SemrushBot/7~bl; +http://www.semrush.com/bot.html)" "mantech8.com"
77.75.79.31 - - [03/Oct/2022:00:17:24 -0700] "GET /index.php/sitemap-index-8.xml HTTP/1.1" 200 5861 "-" "Mozilla/5.0 (compatible; SeznamBot/4.0-RC1; +http://napoveda.seznam.cz/seznambot-intro/)" "mantech8.com"
185.191.171.36 - - [03/Oct/2022:00:17:44 -0700] "GET /?camp-fire%2F8939608.html HTTP/1.1" 500 - "-" "Mozilla/5.0 (compatible; SemrushBot/7~bl; +http://www.semrush.com/bot.html)" "mantech8.com"
40.77.167.68 - - [03/Oct/2022:00:18:28 -0700] "GET /index.php?c=product&a=type&tid=75 HTTP/1.1" 200 74658 "-" "Mozilla/5.0 (compatible; bingbot/2.0; +http://www.bing.com/bingbot.htm)" "www.mantech8.com"
185.191.171.15 - - [03/Oct/2022:00:18:35 -0700] "GET /?camp-fire%2F105578159.html HTTP/1.1" 500 - "-" "Mozilla/5.0 (compatible; SemrushBot/7~bl; +http://www.semrush.com/bot.html)" "mantech8.com"
154.205.6.205 - - [03/Oct/2022:00:18:35 -0700] "GET /index.php?camp-fire/89968035.html HTTP/1.1" 500 - "-" "Mozilla/5.0 (Windows NT 10.0; WOW64; Rv:50.0) Gecko/20100101 Firefox/50.0" "www.mantech8.com"
185.191.171.26 - - [03/Oct/2022:00:18:36 -0700] "GET /?camp-fire%2F37959280.html HTTP/1.1" 500 - "-" "Mozilla/5.0 (compatible; SemrushBot/7~bl; +http://www.semrush.com/bot.html)" "mantech8.com"
185.191.171.33 - - [03/Oct/2022:00:18:37 -0700] "GET /?camp-fire%2F12927676.html HTTP/1.1" 500 - "-" "Mozilla/5.0 (compatible; SemrushBot/7~bl; +http://www.semrush.com/bot.html)" "mantech8.com"
40.77.167.68 - - [03/Oct/2022:00:19:18 -0700] "GET / HTTP/1.1" 200 44643 "-" "Mozilla/5.0 (compatible; bingbot/2.0; +http://www.bing.com/bingbot.htm)" "www.mantech8.com"
114.119.133.190 - - [03/Oct/2022:00:19:38 -0700] "GET /?benfica.xml HTTP/1.1" 200 294557 "-" "Mozilla/5.0 (Linux; Android 7.0;) AppleWebKit/537.36 (KHTML, like Gecko) Mobile Safari/537.36 (compatible; PetalBot;+https://webmaster.petalsearch.com/site/petalbot)" "mantech8.com"
185.191.171.12 - - [03/Oct/2022:00:20:24 -0700] "GET /?camp-fire%2F52828551.html HTTP/1.1" 500 - "-" "Mozilla/5.0 (compatible; SemrushBot/7~bl; +http://www.semrush.com/bot.html)" "mantech8.com"
185.191.171.42 - - [03/Oct/2022:00:20:26 -0700] "GET /?camp-fire%2F27396251.html HTTP/1.1" 500 - "-" "Mozilla/5.0 (compatible; SemrushBot/7~bl; +http://www.semrush.com/bot.html)" "mantech8.com"
207.46.13.63 - - [03/Oct/2022:00:20:27 -0700] "GET /?camp-fire/70785865.html HTTP/1.1" 200 60016 "-" "Mozilla/5.0 AppleWebKit/537.36 (KHTML, like Gecko; compatible; bingbot/2.0; +http://www.bing.com/bingbot.htm) Chrome/103.0.5060.134 Safari/537.36" "mantech8.com"
51.222.253.2 - - [03/Oct/2022:00:20:27 -0700] "GET /robots.txt HTTP/1.1" 200 2442 "-" "Mozilla/5.0 (compatible; AhrefsBot/7.0; +http://ahrefs.com/robot/)" "www.mantech8.com"
207.46.13.184 - - [03/Oct/2022:00:20:39 -0700] "GET /index.php/camp-fire/1177172.html HTTP/1.1" 200 43254 "-" "Mozilla/5.0 (compatible; bingbot/2.0; +http://www.bing.com/bingbot.htm)" "mantech8.com"
207.46.13.184 - - [03/Oct/2022:00:20:40 -0700] "GET /index.php/camp-fire/39726238.html HTTP/1.1" 200 49643 "-" "Mozilla/5.0 AppleWebKit/537.36 (KHTML, like Gecko; compatible; bingbot/2.0; +http://www.bing.com/bingbot.htm) Chrome/103.0.5060.134 Safari/537.36" "mantech8.com"
207.46.13.184 - - [03/Oct/2022:00:20:41 -0700] "GET /index.php/camp-fire/39726438.html HTTP/1.1" 200 80708 "-" "Mozilla/5.0 (compatible; bingbot/2.0; +http://www.bing.com/bingbot.htm)" "mantech8.com"
207.46.13.184 - - [03/Oct/2022:00:20:41 -0700] "GET /index.php/camp-fire/39726638.html HTTP/1.1" 200 74645 "-" "Mozilla/5.0 (compatible; bingbot/2.0; +http://www.bing.com/bingbot.htm)" "mantech8.com"
207.46.13.184 - - [03/Oct/2022:00:20:41 -0700] "GET /index.php/camp-fire/40161688.html HTTP/1.1" 200 46167 "-" "Mozilla/5.0 (compatible; bingbot/2.0; +http://www.bing.com/bingbot.htm)" "mantech8.com"
207.46.13.184 - - [03/Oct/2022:00:20:42 -0700] "GET /index.php/camp-fire/42884734.html HTTP/1.1" 200 37807 "-" "Mozilla/5.0 (compatible; bingbot/2.0; +http://www.bing.com/bingbot.htm)" "mantech8.com"
207.46.13.184 - - [03/Oct/2022:00:20:42 -0700] "GET /index.php?camp-fire/1279229.html HTTP/1.1" 200 85853 "-" "Mozilla/5.0 (compatible; bingbot/2.0; +http://www.bing.com/bingbot.htm)" "mantech8.com"
207.46.13.184 - - [03/Oct/2022:00:20:42 -0700] "GET /index.php?camp-fire/15479683.html HTTP/1.1" 200 72231 "-" "Mozilla/5.0 (compatible; bingbot/2.0; +http://www.bing.com/bingbot.htm)" "mantech8.com"
207.46.13.184 - - [03/Oct/2022:00:20:43 -0700] "GET /index.php?camp-fire/30238106.html HTTP/1.1" 200 41755 "-" "Mozilla/5.0 (compatible; bingbot/2.0; +http://www.bing.com/bingbot.htm)" "mantech8.com"
207.46.13.184 - - [03/Oct/2022:00:20:43 -0700] "GET /index.php?camp-fire/30238306.html HTTP/1.1" 200 54351 "-" "Mozilla/5.0 AppleWebKit/537.36 (KHTML, like Gecko; compatible; bingbot/2.0; +http://www.bing.com/bingbot.htm) Chrome/103.0.5060.134 Safari/537.36" "mantech8.com"
40.77.167.72 - - [03/Oct/2022:00:20:50 -0700] "GET /index.php/camp-fire/16724626.html HTTP/1.1" 200 42898 "-" "Mozilla/5.0 (compatible; bingbot/2.0; +http://www.bing.com/bingbot.htm)" "mantech8.com"
40.77.167.72 - - [03/Oct/2022:00:20:50 -0700] "GET /index.php/camp-fire/28885666.html HTTP/1.1" 200 70724 "-" "Mozilla/5.0 (compatible; bingbot/2.0; +http://www.bing.com/bingbot.htm)" "mantech8.com"
40.77.167.72 - - [03/Oct/2022:00:20:50 -0700] "GET /index.php/camp-fire/3376800.html HTTP/1.1" 200 53531 "-" "Mozilla/5.0 (compatible; bingbot/2.0; +http://www.bing.com/bingbot.htm)" "mantech8.com"
40.77.167.72 - - [03/Oct/2022:00:20:51 -0700] "GET /index.php/camp-fire/39726538.html HTTP/1.1" 200 82327 "-" "Mozilla/5.0 (compatible; bingbot/2.0; +http://www.bing.com/bingbot.htm)" "mantech8.com"
40.77.167.72 - - [03/Oct/2022:00:20:51 -0700] "GET /index.php/camp-fire/39867802.html HTTP/1.1" 200 65340 "-" "Mozilla/5.0 (compatible; bingbot/2.0; +http://www.bing.com/bingbot.htm)" "mantech8.com"
40.77.167.72 - - [03/Oct/2022:00:20:51 -0700] "GET /index.php/camp-fire/42148334.html HTTP/1.1" 200 54139 "-" "Mozilla/5.0 AppleWebKit/537.36 (KHTML, like Gecko; compatible; bingbot/2.0; +http://www.bing.com/bingbot.htm) Chrome/103.0.5060.134 Safari/537.36" "mantech8.com"
40.77.167.72 - - [03/Oct/2022:00:20:51 -0700] "GET /index.php/camp-fire/4236385.html HTTP/1.1" 200 45971 "-" "Mozilla/5.0 (compatible; bingbot/2.0; +http://www.bing.com/bingbot.htm)" "mantech8.com"
40.77.167.72 - - [03/Oct/2022:00:20:52 -0700] "GET /index.php?camp-fire/15527246.html HTTP/1.1" 200 54282 "-" "Mozilla/5.0 (compatible; bingbot/2.0; +http://www.bing.com/bingbot.htm)" "mantech8.com"
40.77.167.72 - - [03/Oct/2022:00:20:52 -0700] "GET /index.php?camp-fire/15576783.html HTTP/1.1" 200 69183 "-" "Mozilla/5.0 (compatible; bingbot/2.0; +http://www.bing.com/bingbot.htm)" "mantech8.com"
40.77.167.72 - - [03/Oct/2022:00:20:52 -0700] "GET /index.php?camp-fire/21750917.html HTTP/1.1" 200 87550 "-" "Mozilla/5.0 (compatible; bingbot/2.0; +http://www.bing.com/bingbot.htm)" "mantech8.com"
40.77.167.72 - - [03/Oct/2022:00:20:52 -0700] "GET /index.php?camp-fire/27123763.html HTTP/1.1" 200 50881 "-" "Mozilla/5.0 AppleWebKit/537.36 (KHTML, like Gecko; compatible; bingbot/2.0; +http://www.bing.com/bingbot.htm) Chrome/103.0.5060.134 Safari/537.36" "mantech8.com"
40.77.167.72 - - [03/Oct/2022:00:20:53 -0700] "GET /index.php?camp-fire/28280935.html HTTP/1.1" 200 43756 "-" "Mozilla/5.0 AppleWebKit/537.36 (KHTML, like Gecko; compatible; bingbot/2.0; +http://www.bing.com/bingbot.htm) Chrome/103.0.5060.134 Safari/537.36" "mantech8.com"
40.77.167.72 - - [03/Oct/2022:00:20:53 -0700] "GET /index.php?camp-fire/30237906.html HTTP/1.1" 200 41820 "-" "Mozilla/5.0 (compatible; bingbot/2.0; +http://www.bing.com/bingbot.htm)" "mantech8.com"
40.77.167.72 - - [03/Oct/2022:00:20:53 -0700] "GET /index.php?camp-fire/3893074.html HTTP/1.1" 200 83296 "-" "Mozilla/5.0 (compatible; bingbot/2.0; +http://www.bing.com/bingbot.htm)" "mantech8.com"
40.77.167.72 - - [03/Oct/2022:00:20:53 -0700] "GET /index.php?camp-fire/39944002.html HTTP/1.1" 200 46043 "-" "Mozilla/5.0 AppleWebKit/537.36 (KHTML, like Gecko; compatible; bingbot/2.0; +http://www.bing.com/bingbot.htm) Chrome/103.0.5060.134 Safari/537.36" "mantech8.com"
40.77.167.72 - - [03/Oct/2022:00:20:53 -0700] "GET /index.php?camp-fire/7629921.html HTTP/1.1" 200 85480 "-" "Mozilla/5.0 (compatible; bingbot/2.0; +http://www.bing.com/bingbot.htm)" "mantech8.com"
40.77.167.72 - - [03/Oct/2022:00:20:54 -0700] "GET /index.php?camp-fire/7645108.html HTTP/1.1" 200 49070 "-" "Mozilla/5.0 (compatible; bingbot/2.0; +http://www.bing.com/bingbot.htm)" "mantech8.com"
40.77.167.58 - - [03/Oct/2022:00:21:07 -0700] "GET /index.php/camp-fire/23998733.html HTTP/1.1" 200 47923 "-" "Mozilla/5.0 AppleWebKit/537.36 (KHTML, like Gecko; compatible; bingbot/2.0; +http://www.bing.com/bingbot.htm) Chrome/103.0.5060.134 Safari/537.36" "mantech8.com"
40.77.167.58 - - [03/Oct/2022:00:21:07 -0700] "GET /index.php/camp-fire/27142663.html HTTP/1.1" 200 41886 "-" "Mozilla/5.0 (compatible; bingbot/2.0; +http://www.bing.com/bingbot.htm)" "mantech8.com"
40.77.167.58 - - [03/Oct/2022:00:21:07 -0700] "GET /index.php/camp-fire/30537741.html HTTP/1.1" 200 47843 "-" "Mozilla/5.0 (compatible; bingbot/2.0; +http://www.bing.com/bingbot.htm)" "mantech8.com"
40.77.167.58 - - [03/Oct/2022:00:21:07 -0700] "GET /index.php/camp-fire/39725738.html HTTP/1.1" 200 63544 "-" "Mozilla/5.0 (compatible; bingbot/2.0; +http://www.bing.com/bingbot.htm)" "mantech8.com"
40.77.167.58 - - [03/Oct/2022:00:21:08 -0700] "GET /index.php?camp-fire/10533757.html HTTP/1.1" 200 44522 "-" "Mozilla/5.0 AppleWebKit/537.36 (KHTML, like Gecko; compatible; bingbot/2.0; +http://www.bing.com/bingbot.htm) Chrome/103.0.5060.134 Safari/537.36" "mantech8.com"
40.77.167.58 - - [03/Oct/2022:00:21:08 -0700] "GET /index.php?camp-fire/11492309.html HTTP/1.1" 200 91303 "-" "Mozilla/5.0 AppleWebKit/537.36 (KHTML, like Gecko; compatible; bingbot/2.0; +http://www.bing.com/bingbot.htm) Chrome/103.0.5060.134 Safari/537.36" "mantech8.com"
40.77.167.58 - - [03/Oct/2022:00:21:08 -0700] "GET /index.php?camp-fire/15225084.html HTTP/1.1" 200 51952 "-" "Mozilla/5.0 AppleWebKit/537.36 (KHTML, like Gecko; compatible; bingbot/2.0; +http://www.bing.com/bingbot.htm) Chrome/103.0.5060.134 Safari/537.36" "mantech8.com"
40.77.167.58 - - [03/Oct/2022:00:21:08 -0700] "GET /index.php?camp-fire/15321684.html HTTP/1.1" 200 57004 "-" "Mozilla/5.0 AppleWebKit/537.36 (KHTML, like Gecko; compatible; bingbot/2.0; +http://www.bing.com/bingbot.htm) Chrome/103.0.5060.134 Safari/537.36" "mantech8.com"
40.77.167.58 - - [03/Oct/2022:00:21:09 -0700] "GET /index.php?camp-fire/27231763.html HTTP/1.1" 200 52875 "-" "Mozilla/5.0 (compatible; bingbot/2.0; +http://www.bing.com/bingbot.htm)" "mantech8.com"
40.77.167.58 - - [03/Oct/2022:00:21:09 -0700] "GET /index.php?camp-fire/42961034.html HTTP/1.1" 200 83561 "-" "Mozilla/5.0 (compatible; bingbot/2.0; +http://www.bing.com/bingbot.htm)" "mantech8.com"
185.191.171.5 - - [03/Oct/2022:00:21:10 -0700] "GET /?camp-fire%2F40968278.html HTTP/1.1" 500 - "-" "Mozilla/5.0 (compatible; SemrushBot/7~bl; +http://www.semrush.com/bot.html)" "mantech8.com"
40.77.167.72 - - [03/Oct/2022:00:21:11 -0700] "GET /camp-fire/29057394.html HTTP/1.1" 404 88 "-" "Mozilla/5.0 (compatible; bingbot/2.0; +http://www.bing.com/bingbot.htm)" "www.mantech8.com"
40.77.167.68 - - [03/Oct/2022:00:21:16 -0700] "GET /index.php?/jsml/list.htm HTTP/1.1" 200 61937 "-" "Mozilla/5.0 AppleWebKit/537.36 (KHTML, like Gecko; compatible; bingbot/2.0; +http://www.bing.com/bingbot.htm) Chrome/103.0.5060.134 Safari/537.36" "mantech8.com"
40.77.167.68 - - [03/Oct/2022:00:21:16 -0700] "GET /index.php/camp-fire/38123272.html HTTP/1.1" 200 44132 "-" "Mozilla/5.0 (compatible; bingbot/2.0; +http://www.bing.com/bingbot.htm)" "mantech8.com"
207.46.13.63 - - [03/Oct/2022:00:21:17 -0700] "GET /camp-fire/62030660.html HTTP/1.1" 404 88 "-" "Mozilla/5.0 AppleWebKit/537.36 (KHTML, like Gecko; compatible; bingbot/2.0; +http://www.bing.com/bingbot.htm) Chrome/103.0.5060.134 Safari/537.36" "www.mantech8.com"
40.77.167.68 - - [03/Oct/2022:00:21:17 -0700] "GET /index.php/camp-fire/39725838.html HTTP/1.1" 200 57734 "-" "Mozilla/5.0 (compatible; bingbot/2.0; +http://www.bing.com/bingbot.htm)" "mantech8.com"
40.77.167.68 - - [03/Oct/2022:00:21:17 -0700] "GET /index.php/camp-fire/39726038.html HTTP/1.1" 200 49131 "-" "Mozilla/5.0 (compatible; bingbot/2.0; +http://www.bing.com/bingbot.htm)" "mantech8.com"
40.77.167.68 - - [03/Oct/2022:00:21:17 -0700] "GET /index.php/camp-fire/39906376.html HTTP/1.1" 200 82269 "-" "Mozilla/5.0 (compatible; bingbot/2.0; +http://www.bing.com/bingbot.htm)" "mantech8.com"
185.191.171.45 - - [03/Oct/2022:00:21:18 -0700] "GET /?camp-fire%2F28607209.html HTTP/1.1" 500 - "-" "Mozilla/5.0 (compatible; SemrushBot/7~bl; +http://www.semrush.com/bot.html)" "mantech8.com"
40.77.167.68 - - [03/Oct/2022:00:21:18 -0700] "GET /index.php/camp-fire/42161234.html HTTP/1.1" 200 48989 "-" "Mozilla/5.0 (compatible; bingbot/2.0; +http://www.bing.com/bingbot.htm)" "mantech8.com"
40.77.167.68 - - [03/Oct/2022:00:21:18 -0700] "GET /index.php/camp-fire/8151378.html HTTP/1.1" 200 86722 "-" "Mozilla/5.0 (compatible; bingbot/2.0; +http://www.bing.com/bingbot.htm)" "mantech8.com"
40.77.167.68 - - [03/Oct/2022:00:21:18 -0700] "GET /index.php?camp-fire/14539724.html HTTP/1.1" 200 67459 "-" "Mozilla/5.0 AppleWebKit/537.36 (KHTML, like Gecko; compatible; bingbot/2.0; +http://www.bing.com/bingbot.htm) Chrome/103.0.5060.134 Safari/537.36" "mantech8.com"
40.77.167.68 - - [03/Oct/2022:00:21:18 -0700] "GET /index.php?camp-fire/16566165.html HTTP/1.1" 200 71197 "-" "Mozilla/5.0 (compatible; bingbot/2.0; +http://www.bing.com/bingbot.htm)" "mantech8.com"
40.77.167.68 - - [03/Oct/2022:00:21:19 -0700] "GET /index.php?camp-fire/17540727.html HTTP/1.1" 200 55283 "-" "Mozilla/5.0 (compatible; bingbot/2.0; +http://www.bing.com/bingbot.htm)" "mantech8.com"
40.77.167.68 - - [03/Oct/2022:00:21:19 -0700] "GET /index.php?camp-fire/3892974.html HTTP/1.1" 200 78743 "-" "Mozilla/5.0 (compatible; bingbot/2.0; +http://www.bing.com/bingbot.htm)" "mantech8.com"
40.77.167.68 - - [03/Oct/2022:00:21:19 -0700] "GET /index.php?camp-fire/42084549.html HTTP/1.1" 200 57648 "-" "Mozilla/5.0 (compatible; bingbot/2.0; +http://www.bing.com/bingbot.htm)" "mantech8.com"
40.77.167.68 - - [03/Oct/2022:00:21:19 -0700] "GET /index.php?camp-fire/7645521.html HTTP/1.1" 200 52004 "-" "Mozilla/5.0 (compatible; bingbot/2.0; +http://www.bing.com/bingbot.htm)" "mantech8.com"
40.77.167.58 - - [03/Oct/2022:00:21:21 -0700] "GET /camp-fire/51870722.html HTTP/1.1" 404 88 "-" "Mozilla/5.0 AppleWebKit/537.36 (KHTML, like Gecko; compatible; bingbot/2.0; +http://www.bing.com/bingbot.htm) Chrome/103.0.5060.134 Safari/537.36" "www.mantech8.com"
40.77.167.58 - - [03/Oct/2022:00:21:21 -0700] "GET /camp-fire/40215449.html HTTP/1.1" 404 88 "-" "Mozilla/5.0 (compatible; bingbot/2.0; +http://www.bing.com/bingbot.htm)" "www.mantech8.com"
207.46.13.70 - - [03/Oct/2022:00:21:27 -0700] "GET /camp-fire/63728167.html HTTP/1.1" 404 88 "-" "Mozilla/5.0 AppleWebKit/537.36 (KHTML, like Gecko; compatible; bingbot/2.0; +http://www.bing.com/bingbot.htm) Chrome/103.0.5060.134 Safari/537.36" "www.mantech8.com"
207.46.13.70 - - [03/Oct/2022:00:21:29 -0700] "GET /index.php/camp-fire/15195356.html HTTP/1.1" 200 47649 "-" "Mozilla/5.0 (compatible; bingbot/2.0; +http://www.bing.com/bingbot.htm)" "mantech8.com"
185.191.171.39 - - [03/Oct/2022:00:21:29 -0700] "GET /?camp-fire%2F65607692.html HTTP/1.1" 500 - "-" "Mozilla/5.0 (compatible; SemrushBot/7~bl; +http://www.semrush.com/bot.html)" "mantech8.com"
207.46.13.70 - - [03/Oct/2022:00:21:29 -0700] "GET /index.php/camp-fire/23982433.html HTTP/1.1" 200 56458 "-" "Mozilla/5.0 AppleWebKit/537.36 (KHTML, like Gecko; compatible; bingbot/2.0; +http://www.bing.com/bingbot.htm) Chrome/103.0.5060.134 Safari/537.36" "mantech8.com"
207.46.13.70 - - [03/Oct/2022:00:21:29 -0700] "GET /index.php/camp-fire/37078878.html HTTP/1.1" 200 46755 "-" "Mozilla/5.0 AppleWebKit/537.36 (KHTML, like Gecko; compatible; bingbot/2.0; +http://www.bing.com/bingbot.htm) Chrome/103.0.5060.134 Safari/537.36" "mantech8.com"
207.46.13.70 - - [03/Oct/2022:00:21:30 -0700] "GET /index.php/camp-fire/39060235.html HTTP/1.1" 200 39149 "-" "Mozilla/5.0 (compatible; bingbot/2.0; +http://www.bing.com/bingbot.htm)" "mantech8.com"
207.46.13.70 - - [03/Oct/2022:00:21:30 -0700] "GET /index.php/camp-fire/3925374.html HTTP/1.1" 200 48631 "-" "Mozilla/5.0 (compatible; bingbot/2.0; +http://www.bing.com/bingbot.htm)" "mantech8.com"
207.46.13.70 - - [03/Oct/2022:00:21:30 -0700] "GET /index.php?camp-fire/25060706.html HTTP/1.1" 200 45044 "-" "Mozilla/5.0 (compatible; bingbot/2.0; +http://www.bing.com/bingbot.htm)" "mantech8.com"
207.46.13.70 - - [03/Oct/2022:00:21:30 -0700] "GET /index.php?camp-fire/27285670.html HTTP/1.1" 200 49570 "-" "Mozilla/5.0 (compatible; bingbot/2.0; +http://www.bing.com/bingbot.htm)" "mantech8.com"
207.46.13.70 - - [03/Oct/2022:00:21:31 -0700] "GET /index.php?camp-fire/38965792.html HTTP/1.1" 200 50828 "-" "Mozilla/5.0 (compatible; bingbot/2.0; +http://www.bing.com/bingbot.htm)" "mantech8.com"
207.46.13.70 - - [03/Oct/2022:00:21:31 -0700] "GET /index.php?camp-fire/40332150.html HTTP/1.1" 200 42117 "-" "Mozilla/5.0 (compatible; bingbot/2.0; +http://www.bing.com/bingbot.htm)" "mantech8.com"
207.46.13.70 - - [03/Oct/2022:00:21:31 -0700] "GET /index.php?camp-fire/42960634.html HTTP/1.1" 200 74333 "-" "Mozilla/5.0 (compatible; bingbot/2.0; +http://www.bing.com/bingbot.htm)" "mantech8.com"
207.46.13.184 - - [03/Oct/2022:00:21:38 -0700] "GET /index.php?tetrathionates.xml HTTP/1.1" 200 347340 "-" "Mozilla/5.0 (compatible; bingbot/2.0; +http://www.bing.com/bingbot.htm)" "mantech8.com"
40.77.167.68 - - [03/Oct/2022:00:21:38 -0700] "GET /?sitemap869.xml HTTP/1.1" 200 295133 "-" "Mozilla/5.0 AppleWebKit/537.36 (KHTML, like Gecko; compatible; bingbot/2.0; +http://www.bing.com/bingbot.htm) Chrome/103.0.5060.134 Safari/537.36" "mantech8.com"
40.77.167.68 - - [03/Oct/2022:00:21:39 -0700] "GET /index.php/sitemap280.xml HTTP/1.1" 200 261714 "-" "Mozilla/5.0 (compatible; bingbot/2.0; +http://www.bing.com/bingbot.htm)" "mantech8.com"
40.77.167.68 - - [03/Oct/2022:00:21:39 -0700] "GET /sitemap37.xml HTTP/1.1" 404 88 "-" "Mozilla/5.0 (compatible; bingbot/2.0; +http://www.bing.com/bingbot.htm)" "mantech8.com"
40.77.167.68 - - [03/Oct/2022:00:21:39 -0700] "GET /index.php?sitemap-index-7.xml HTTP/1.1" 200 7602 "-" "Mozilla/5.0 (compatible; bingbot/2.0; +http://www.bing.com/bingbot.htm)" "mantech8.com"
40.77.167.68 - - [03/Oct/2022:00:21:40 -0700] "GET /index.php?sitemap-index-1.xml HTTP/1.1" 200 4082 "-" "Mozilla/5.0 (compatible; bingbot/2.0; +http://www.bing.com/bingbot.htm)" "mantech8.com"
207.46.13.63 - - [03/Oct/2022:00:21:48 -0700] "GET /?allocation.xml HTTP/1.1" 200 322691 "-" "Mozilla/5.0 (compatible; bingbot/2.0; +http://www.bing.com/bingbot.htm)" "mantech8.com"
207.46.13.63 - - [03/Oct/2022:00:21:50 -0700] "GET /index.php/camp-fire/18041681.html HTTP/1.1" 200 48880 "-" "Mozilla/5.0 (compatible; bingbot/2.0; +http://www.bing.com/bingbot.htm)" "mantech8.com"
207.46.13.63 - - [03/Oct/2022:00:21:51 -0700] "GET /index.php/camp-fire/26110651.html HTTP/1.1" 200 60090 "-" "Mozilla/5.0 (compatible; bingbot/2.0; +http://www.bing.com/bingbot.htm)" "mantech8.com"
207.46.13.63 - - [03/Oct/2022:00:21:51 -0700] "GET /index.php/camp-fire/39092735.html HTTP/1.1" 200 44415 "-" "Mozilla/5.0 (compatible; bingbot/2.0; +http://www.bing.com/bingbot.htm)" "mantech8.com"
207.46.13.184 - - [03/Oct/2022:00:21:52 -0700] "GET /index.php/sitemap401.xml HTTP/1.1" 200 342054 "-" "Mozilla/5.0 AppleWebKit/537.36 (KHTML, like Gecko; compatible; bingbot/2.0; +http://www.bing.com/bingbot.htm) Chrome/103.0.5060.134 Safari/537.36" "mantech8.com"
207.46.13.63 - - [03/Oct/2022:00:21:58 -0700] "GET /index.php/sitemap3.xml HTTP/1.1" 200 249416 "-" "Mozilla/5.0 (compatible; bingbot/2.0; +http://www.bing.com/bingbot.htm)" "mantech8.com"
207.46.13.63 - - [03/Oct/2022:00:21:59 -0700] "GET /index.php/camp-fire/39725938.html HTTP/1.1" 200 68617 "-" "Mozilla/5.0 (compatible; bingbot/2.0; +http://www.bing.com/bingbot.htm)" "mantech8.com"
207.46.13.63 - - [03/Oct/2022:00:22:00 -0700] "GET /index.php/camp-fire/39726138.html HTTP/1.1" 200 50000 "-" "Mozilla/5.0 (compatible; bingbot/2.0; +http://www.bing.com/bingbot.htm)" "mantech8.com"
207.46.13.63 - - [03/Oct/2022:00:22:00 -0700] "GET /index.php/camp-fire/40368650.html HTTP/1.1" 200 78242 "-" "Mozilla/5.0 AppleWebKit/537.36 (KHTML, like Gecko; compatible; bingbot/2.0; +http://www.bing.com/bingbot.htm) Chrome/103.0.5060.134 Safari/537.36" "mantech8.com"
207.46.13.63 - - [03/Oct/2022:00:22:00 -0700] "GET /index.php/camp-fire/7653921.html HTTP/1.1" 200 48610 "-" "Mozilla/5.0 (compatible; bingbot/2.0; +http://www.bing.com/bingbot.htm)" "mantech8.com"
40.77.167.58 - - [03/Oct/2022:00:22:02 -0700] "GET /index.php/mekonium.xml HTTP/1.1" 200 288927 "-" "Mozilla/5.0 (compatible; bingbot/2.0; +http://www.bing.com/bingbot.htm)" "mantech8.com"
207.46.13.63 - - [03/Oct/2022:00:22:07 -0700] "GET /index.php?benfica.xml HTTP/1.1" 200 308195 "-" "Mozilla/5.0 (compatible; bingbot/2.0; +http://www.bing.com/bingbot.htm)" "mantech8.com"
185.191.171.39 - - [03/Oct/2022:00:22:08 -0700] "GET /?camp-fire%2F10523157.html HTTP/1.1" 500 - "-" "Mozilla/5.0 (compatible; SemrushBot/7~bl; +http://www.semrush.com/bot.html)" "mantech8.com"
207.46.13.63 - - [03/Oct/2022:00:22:08 -0700] "GET /index.php?camp-fire/23962233.html HTTP/1.1" 200 81259 "-" "Mozilla/5.0 AppleWebKit/537.36 (KHTML, like Gecko; compatible; bingbot/2.0; +http://www.bing.com/bingbot.htm) Chrome/103.0.5060.134 Safari/537.36" "mantech8.com"
207.46.13.63 - - [03/Oct/2022:00:22:09 -0700] "GET /index.php?camp-fire/26813621.html HTTP/1.1" 200 44139 "-" "Mozilla/5.0 (compatible; bingbot/2.0; +http://www.bing.com/bingbot.htm)" "mantech8.com"
207.46.13.63 - - [03/Oct/2022:00:22:09 -0700] "GET /index.php?camp-fire/28630189.html HTTP/1.1" 200 103305 "-" "Mozilla/5.0 (compatible; bingbot/2.0; +http://www.bing.com/bingbot.htm)" "mantech8.com"
40.77.167.72 - - [03/Oct/2022:00:22:21 -0700] "GET /sitemap5587.xml HTTP/1.1" 404 88 "-" "Mozilla/5.0 (compatible; bingbot/2.0; +http://www.bing.com/bingbot.htm)" "mantech8.com"
40.77.167.72 - - [03/Oct/2022:00:22:22 -0700] "GET /index.php?sitemap5785.xml HTTP/1.1" 200 244124 "-" "Mozilla/5.0 AppleWebKit/537.36 (KHTML, like Gecko; compatible; bingbot/2.0; +http://www.bing.com/bingbot.htm) Chrome/103.0.5060.134 Safari/537.36" "mantech8.com"
40.66.48.136 - - [03/Oct/2022:00:22:24 -0700] "GET / HTTP/1.1" 500 - "-" "Mozilla/5.0 (Windows NT 10.0; Win64; x64) AppleWebKit/537.36 (KHTML, like Gecko) Chrome/88.0.4240.193 Safari/537.36" "mantech8.com"
40.66.48.136 - - [03/Oct/2022:00:22:25 -0700] "GET /xmlrpc.php?rsd HTTP/1.1" 500 5307 "-" "Mozilla/5.0 (Windows NT 10.0; Win64; x64) AppleWebKit/537.36 (KHTML, like Gecko) Chrome/88.0.4240.193 Safari/537.36" "mantech8.com"
40.66.48.136 - - [03/Oct/2022:00:22:26 -0700] "GET /website/wp-includes/wlwmanifest.xml HTTP/1.1" 404 73 "-" "Mozilla/5.0 (Windows NT 10.0; Win64; x64) AppleWebKit/537.36 (KHTML, like Gecko) Chrome/88.0.4240.193 Safari/537.36" "mantech8.com"
40.66.48.136 - - [03/Oct/2022:00:22:26 -0700] "GET /wp/wp-includes/wlwmanifest.xml HTTP/1.1" 404 73 "-" "Mozilla/5.0 (Windows NT 10.0; Win64; x64) AppleWebKit/537.36 (KHTML, like Gecko) Chrome/88.0.4240.193 Safari/537.36" "mantech8.com"
40.66.48.136 - - [03/Oct/2022:00:22:26 -0700] "GET /2020/wp-includes/wlwmanifest.xml HTTP/1.1" 404 73 "-" "Mozilla/5.0 (Windows NT 10.0; Win64; x64) AppleWebKit/537.36 (KHTML, like Gecko) Chrome/88.0.4240.193 Safari/537.36" "mantech8.com"
40.66.48.136 - - [03/Oct/2022:00:22:26 -0700] "GET /2019/wp-includes/wlwmanifest.xml HTTP/1.1" 404 73 "-" "Mozilla/5.0 (Windows NT 10.0; Win64; x64) AppleWebKit/537.36 (KHTML, like Gecko) Chrome/88.0.4240.193 Safari/537.36" "mantech8.com"
40.66.48.136 - - [03/Oct/2022:00:22:27 -0700] "GET /wp1/wp-includes/wlwmanifest.xml HTTP/1.1" 404 73 "-" "Mozilla/5.0 (Windows NT 10.0; Win64; x64) AppleWebKit/537.36 (KHTML, like Gecko) Chrome/88.0.4240.193 Safari/537.36" "mantech8.com"
40.66.48.136 - - [03/Oct/2022:00:22:27 -0700] "GET /test/wp-includes/wlwmanifest.xml HTTP/1.1" 404 73 "-" "Mozilla/5.0 (Windows NT 10.0; Win64; x64) AppleWebKit/537.36 (KHTML, like Gecko) Chrome/88.0.4240.193 Safari/537.36" "mantech8.com"
40.66.48.136 - - [03/Oct/2022:00:22:27 -0700] "GET /wp2/wp-includes/wlwmanifest.xml HTTP/1.1" 404 73 "-" "Mozilla/5.0 (Windows NT 10.0; Win64; x64) AppleWebKit/537.36 (KHTML, like Gecko) Chrome/88.0.4240.193 Safari/537.36" "mantech8.com"
40.66.48.136 - - [03/Oct/2022:00:22:27 -0700] "GET /site/wp-includes/wlwmanifest.xml HTTP/1.1" 404 73 "-" "Mozilla/5.0 (Windows NT 10.0; Win64; x64) AppleWebKit/537.36 (KHTML, like Gecko) Chrome/88.0.4240.193 Safari/537.36" "mantech8.com"
40.66.48.136 - - [03/Oct/2022:00:22:27 -0700] "GET /cms/wp-includes/wlwmanifest.xml HTTP/1.1" 404 73 "-" "Mozilla/5.0 (Windows NT 10.0; Win64; x64) AppleWebKit/537.36 (KHTML, like Gecko) Chrome/88.0.4240.193 Safari/537.36" "mantech8.com"
40.77.167.68 - - [03/Oct/2022:00:22:37 -0700] "GET /sitemap41259.xml HTTP/1.1" 404 88 "-" "Mozilla/5.0 (compatible; bingbot/2.0; +http://www.bing.com/bingbot.htm)" "mantech8.com"
40.77.167.68 - - [03/Oct/2022:00:22:46 -0700] "GET /index.php?lamiter.xml HTTP/1.1" 200 326568 "-" "Mozilla/5.0 AppleWebKit/537.36 (KHTML, like Gecko; compatible; bingbot/2.0; +http://www.bing.com/bingbot.htm) Chrome/103.0.5060.134 Safari/537.36" "mantech8.com"
207.46.13.184 - - [03/Oct/2022:00:22:48 -0700] "GET /index.php?athermallize.xml HTTP/1.1" 200 299747 "-" "Mozilla/5.0 (compatible; bingbot/2.0; +http://www.bing.com/bingbot.htm)" "mantech8.com"
207.46.13.63 - - [03/Oct/2022:00:22:51 -0700] "GET /index.php?camp-fire/28961966.html HTTP/1.1" 200 104427 "-" "Mozilla/5.0 AppleWebKit/537.36 (KHTML, like Gecko; compatible; bingbot/2.0; +http://www.bing.com/bingbot.htm) Chrome/103.0.5060.134 Safari/537.36" "mantech8.com"
207.46.13.63 - - [03/Oct/2022:00:22:52 -0700] "GET /index.php?camp-fire/30238006.html HTTP/1.1" 200 51426 "-" "Mozilla/5.0 (compatible; bingbot/2.0; +http://www.bing.com/bingbot.htm)" "mantech8.com"
207.46.13.63 - - [03/Oct/2022:00:22:52 -0700] "GET /index.php?camp-fire/30238206.html HTTP/1.1" 200 40590 "-" "Mozilla/5.0 (compatible; bingbot/2.0; +http://www.bing.com/bingbot.htm)" "mantech8.com"
207.46.13.63 - - [03/Oct/2022:00:22:53 -0700] "GET /index.php?camp-fire/39846902.html HTTP/1.1" 200 60172 "-" "Mozilla/5.0 (compatible; bingbot/2.0; +http://www.bing.com/bingbot.htm)" "mantech8.com"
207.46.13.63 - - [03/Oct/2022:00:22:59 -0700] "GET /index.php?c=product&a=type&tid=55 HTTP/1.1" 200 54161 "-" "Mozilla/5.0 (compatible; bingbot/2.0; +http://www.bing.com/bingbot.htm)" "www.mantech8.com"
185.191.171.12 - - [03/Oct/2022:00:23:00 -0700] "GET /?camp-fire%2F24083976.html HTTP/1.1" 500 - "-" "Mozilla/5.0 (compatible; SemrushBot/7~bl; +http://www.semrush.com/bot.html)" "mantech8.com"
40.77.167.58 - - [03/Oct/2022:00:23:03 -0700] "GET /index.php?c=article&a=type&tid=86 HTTP/1.1" 200 59017 "-" "Mozilla/5.0 (compatible; bingbot/2.0; +http://www.bing.com/bingbot.htm)" "www.mantech8.com"
207.46.13.63 - - [03/Oct/2022:00:24:37 -0700] "GET /index.php/sitemap53792.xml HTTP/1.1" 200 253110 "-" "Mozilla/5.0 (compatible; bingbot/2.0; +http://www.bing.com/bingbot.htm)" "mantech8.com"
185.191.171.41 - - [03/Oct/2022:00:24:48 -0700] "GET /?camp-fire%2F46544902.html HTTP/1.1" 500 - "-" "Mozilla/5.0 (compatible; SemrushBot/7~bl; +http://www.semrush.com/bot.html)" "mantech8.com"
20.199.188.104 - - [03/Oct/2022:00:25:03 -0700] "GET / HTTP/1.1" 500 - "-" "Mozilla/5.0 (Windows NT 10.0; Win64; x64) AppleWebKit/537.36 (KHTML, like Gecko) Chrome/78.0.3904.108 Safari/537.36" "mantech8.com"
20.199.188.104 - - [03/Oct/2022:00:25:05 -0700] "GET /news/wp-includes/wlwmanifest.xml HTTP/1.1" 404 73 "-" "Mozilla/5.0 (Windows NT 10.0; Win64; x64) AppleWebKit/537.36 (KHTML, like Gecko) Chrome/78.0.3904.108 Safari/537.36" "mantech8.com"
20.199.188.104 - - [03/Oct/2022:00:25:05 -0700] "GET /shop/wp-includes/wlwmanifest.xml HTTP/1.1" 404 73 "-" "Mozilla/5.0 (Windows NT 10.0; Win64; x64) AppleWebKit/537.36 (KHTML, like Gecko) Chrome/78.0.3904.108 Safari/537.36" "mantech8.com"
20.199.188.104 - - [03/Oct/2022:00:25:06 -0700] "GET /test/wp-includes/wlwmanifest.xml HTTP/1.1" 404 73 "-" "Mozilla/5.0 (Windows NT 10.0; Win64; x64) AppleWebKit/537.36 (KHTML, like Gecko) Chrome/78.0.3904.108 Safari/537.36" "mantech8.com"
20.199.188.104 - - [03/Oct/2022:00:25:06 -0700] "GET /site/wp-includes/wlwmanifest.xml HTTP/1.1" 404 73 "-" "Mozilla/5.0 (Windows NT 10.0; Win64; x64) AppleWebKit/537.36 (KHTML, like Gecko) Chrome/78.0.3904.108 Safari/537.36" "mantech8.com"
185.191.171.5 - - [03/Oct/2022:00:25:18 -0700] "GET /?camp-fire%2F11477809.html HTTP/1.1" 500 - "-" "Mozilla/5.0 (compatible; SemrushBot/7~bl; +http://www.semrush.com/bot.html)" "mantech8.com"
185.191.171.2 - - [03/Oct/2022:00:25:36 -0700] "GET /?camp-fire%2F35949538.html HTTP/1.1" 500 - "-" "Mozilla/5.0 (compatible; SemrushBot/7~bl; +http://www.semrush.com/bot.html)" "mantech8.com"
207.46.13.70 - - [03/Oct/2022:00:25:44 -0700] "GET /index.php?sitemap337.xml HTTP/1.1" 200 315589 "-" "Mozilla/5.0 (compatible; bingbot/2.0; +http://www.bing.com/bingbot.htm)" "mantech8.com"
