136.243.220.213 - - [02/Oct/2022:22:07:38 -0700] "GET /?camp-fire/42523035.html HTTP/1.1" 500 - "-" "Mozilla/5.0 (compatible; DataForSeoBot/1.0; +https://dataforseo.com/dataforseo-bot)" "mantech8.com"
185.191.171.3 - - [02/Oct/2022:22:07:41 -0700] "GET /?camp-fire%2F3455400.html HTTP/1.1" 500 - "-" "Mozilla/5.0 (compatible; SemrushBot/7~bl; +http://www.semrush.com/bot.html)" "mantech8.com"
136.243.220.213 - - [02/Oct/2022:22:07:43 -0700] "GET /?camp-fire/47800751.html HTTP/1.1" 500 - "-" "Mozilla/5.0 (compatible; DataForSeoBot/1.0; +https://dataforseo.com/dataforseo-bot)" "mantech8.com"
136.243.220.213 - - [02/Oct/2022:22:07:49 -0700] "GET /?camp-fire/59839472.html HTTP/1.1" 500 - "-" "Mozilla/5.0 (compatible; DataForSeoBot/1.0; +https://dataforseo.com/dataforseo-bot)" "mantech8.com"
136.243.220.213 - - [02/Oct/2022:22:07:53 -0700] "GET /?camp-fire/25615974.html HTTP/1.1" 500 - "-" "Mozilla/5.0 (compatible; DataForSeoBot/1.0; +https://dataforseo.com/dataforseo-bot)" "mantech8.com"
136.243.220.213 - - [02/Oct/2022:22:07:58 -0700] "GET /?camp-fire/45990050.html HTTP/1.1" 500 - "-" "Mozilla/5.0 (compatible; DataForSeoBot/1.0; +https://dataforseo.com/dataforseo-bot)" "mantech8.com"
136.243.220.213 - - [02/Oct/2022:22:08:04 -0700] "GET /?camp-fire/43364917.html HTTP/1.1" 500 - "-" "Mozilla/5.0 (compatible; DataForSeoBot/1.0; +https://dataforseo.com/dataforseo-bot)" "mantech8.com"
136.243.220.213 - - [02/Oct/2022:22:08:07 -0700] "GET /?camp-fire/38428526.html HTTP/1.1" 500 - "-" "Mozilla/5.0 (compatible; DataForSeoBot/1.0; +https://dataforseo.com/dataforseo-bot)" "mantech8.com"
136.243.220.213 - - [02/Oct/2022:22:08:12 -0700] "GET /?camp-fire/29531042.html HTTP/1.1" 500 - "-" "Mozilla/5.0 (compatible; DataForSeoBot/1.0; +https://dataforseo.com/dataforseo-bot)" "mantech8.com"
136.243.220.213 - - [02/Oct/2022:22:08:17 -0700] "GET /?camp-fire/55419508.html HTTP/1.1" 500 - "-" "Mozilla/5.0 (compatible; DataForSeoBot/1.0; +https://dataforseo.com/dataforseo-bot)" "mantech8.com"
114.119.133.182 - - [02/Oct/2022:22:08:18 -0700] "GET /index.php?sitemap768.xml HTTP/1.1" 200 321310 "-" "Mozilla/5.0 (compatible;PetalBot;+https://webmaster.petalsearch.com/site/petalbot)" "mantech8.com"
136.243.220.213 - - [02/Oct/2022:22:08:19 -0700] "GET /?camp-fire/26012596.html HTTP/1.1" 500 - "-" "Mozilla/5.0 (compatible; DataForSeoBot/1.0; +https://dataforseo.com/dataforseo-bot)" "mantech8.com"
136.243.220.213 - - [02/Oct/2022:22:08:23 -0700] "GET /?camp-fire/56774425.html HTTP/1.1" 500 - "-" "Mozilla/5.0 (compatible; DataForSeoBot/1.0; +https://dataforseo.com/dataforseo-bot)" "mantech8.com"
136.243.220.213 - - [02/Oct/2022:22:08:28 -0700] "GET /?camp-fire/54141960.html HTTP/1.1" 500 - "-" "Mozilla/5.0 (compatible; DataForSeoBot/1.0; +https://dataforseo.com/dataforseo-bot)" "mantech8.com"
136.243.220.213 - - [02/Oct/2022:22:08:32 -0700] "GET /?camp-fire/25939885.html HTTP/1.1" 500 - "-" "Mozilla/5.0 (compatible; DataForSeoBot/1.0; +https://dataforseo.com/dataforseo-bot)" "mantech8.com"
136.243.220.213 - - [02/Oct/2022:22:08:39 -0700] "GET /?camp-fire/49331171.html HTTP/1.1" 500 - "-" "Mozilla/5.0 (compatible; DataForSeoBot/1.0; +https://dataforseo.com/dataforseo-bot)" "mantech8.com"
136.243.220.213 - - [02/Oct/2022:22:08:44 -0700] "GET /?camp-fire/29874378.html HTTP/1.1" 500 - "-" "Mozilla/5.0 (compatible; DataForSeoBot/1.0; +https://dataforseo.com/dataforseo-bot)" "mantech8.com"
136.243.220.213 - - [02/Oct/2022:22:08:51 -0700] "GET /?camp-fire/25840165.html HTTP/1.1" 500 - "-" "Mozilla/5.0 (compatible; DataForSeoBot/1.0; +https://dataforseo.com/dataforseo-bot)" "mantech8.com"
136.243.220.213 - - [02/Oct/2022:22:08:56 -0700] "GET /?camp-fire/55369959.html HTTP/1.1" 500 - "-" "Mozilla/5.0 (compatible; DataForSeoBot/1.0; +https://dataforseo.com/dataforseo-bot)" "mantech8.com"
185.191.171.17 - - [02/Oct/2022:22:08:57 -0700] "GET /?camp-fire%2F50261272.html HTTP/1.1" 500 - "-" "Mozilla/5.0 (compatible; SemrushBot/7~bl; +http://www.semrush.com/bot.html)" "mantech8.com"
136.243.220.213 - - [02/Oct/2022:22:09:01 -0700] "GET /?camp-fire/64575334.html HTTP/1.1" 500 - "-" "Mozilla/5.0 (compatible; DataForSeoBot/1.0; +https://dataforseo.com/dataforseo-bot)" "mantech8.com"
136.243.220.213 - - [02/Oct/2022:22:09:05 -0700] "GET /?camp-fire/52389255.html HTTP/1.1" 500 - "-" "Mozilla/5.0 (compatible; DataForSeoBot/1.0; +https://dataforseo.com/dataforseo-bot)" "mantech8.com"
136.243.220.213 - - [02/Oct/2022:22:09:10 -0700] "GET /?camp-fire/33214409.html HTTP/1.1" 500 - "-" "Mozilla/5.0 (compatible; DataForSeoBot/1.0; +https://dataforseo.com/dataforseo-bot)" "mantech8.com"
136.243.220.213 - - [02/Oct/2022:22:09:16 -0700] "GET /?camp-fire/33214609.html HTTP/1.1" 500 - "-" "Mozilla/5.0 (compatible; DataForSeoBot/1.0; +https://dataforseo.com/dataforseo-bot)" "mantech8.com"
136.243.220.213 - - [02/Oct/2022:22:09:19 -0700] "GET /?camp-fire/59840072.html HTTP/1.1" 500 - "-" "Mozilla/5.0 (compatible; DataForSeoBot/1.0; +https://dataforseo.com/dataforseo-bot)" "mantech8.com"
136.243.220.213 - - [02/Oct/2022:22:09:24 -0700] "GET /?camp-fire/25938985.html HTTP/1.1" 500 - "-" "Mozilla/5.0 (compatible; DataForSeoBot/1.0; +https://dataforseo.com/dataforseo-bot)" "mantech8.com"
40.77.167.68 - - [02/Oct/2022:22:09:25 -0700] "GET /index.php?c=product&a=type&tid=75 HTTP/1.1" 200 76590 "-" "Mozilla/5.0 (compatible; bingbot/2.0; +http://www.bing.com/bingbot.htm)" "www.mantech8.com"
136.243.220.213 - - [02/Oct/2022:22:09:32 -0700] "GET /?camp-fire/49992335.html HTTP/1.1" 500 - "-" "Mozilla/5.0 (compatible; DataForSeoBot/1.0; +https://dataforseo.com/dataforseo-bot)" "mantech8.com"
136.243.220.213 - - [02/Oct/2022:22:09:36 -0700] "GET /?camp-fire/55185193.html HTTP/1.1" 500 - "-" "Mozilla/5.0 (compatible; DataForSeoBot/1.0; +https://dataforseo.com/dataforseo-bot)" "mantech8.com"
136.243.220.213 - - [02/Oct/2022:22:09:44 -0700] "GET /?camp-fire/52241241.html HTTP/1.1" 500 - "-" "Mozilla/5.0 (compatible; DataForSeoBot/1.0; +https://dataforseo.com/dataforseo-bot)" "mantech8.com"
136.243.220.213 - - [02/Oct/2022:22:09:48 -0700] "GET /?camp-fire/58794878.html HTTP/1.1" 500 - "-" "Mozilla/5.0 (compatible; DataForSeoBot/1.0; +https://dataforseo.com/dataforseo-bot)" "mantech8.com"
136.243.220.213 - - [02/Oct/2022:22:09:53 -0700] "GET /?camp-fire/36251524.html HTTP/1.1" 500 - "-" "Mozilla/5.0 (compatible; DataForSeoBot/1.0; +https://dataforseo.com/dataforseo-bot)" "mantech8.com"
136.243.220.213 - - [02/Oct/2022:22:09:57 -0700] "GET /?camp-fire/47665276.html HTTP/1.1" 500 - "-" "Mozilla/5.0 (compatible; DataForSeoBot/1.0; +https://dataforseo.com/dataforseo-bot)" "mantech8.com"
136.243.220.213 - - [02/Oct/2022:22:10:03 -0700] "GET /?camp-fire/39330180.html HTTP/1.1" 500 - "-" "Mozilla/5.0 (compatible; DataForSeoBot/1.0; +https://dataforseo.com/dataforseo-bot)" "mantech8.com"
136.243.220.213 - - [02/Oct/2022:22:10:09 -0700] "GET /?camp-fire/45348806.html HTTP/1.1" 500 - "-" "Mozilla/5.0 (compatible; DataForSeoBot/1.0; +https://dataforseo.com/dataforseo-bot)" "mantech8.com"
185.191.171.26 - - [02/Oct/2022:22:10:13 -0700] "GET /?camp-fire%2F26831021.html HTTP/1.1" 500 - "-" "Mozilla/5.0 (compatible; SemrushBot/7~bl; +http://www.semrush.com/bot.html)" "mantech8.com"
136.243.220.213 - - [02/Oct/2022:22:10:15 -0700] "GET /?camp-fire/63538403.html HTTP/1.1" 500 - "-" "Mozilla/5.0 (compatible; DataForSeoBot/1.0; +https://dataforseo.com/dataforseo-bot)" "mantech8.com"
185.191.171.17 - - [02/Oct/2022:22:10:15 -0700] "GET /?camp-fire%2F5297177.html HTTP/1.1" 500 - "-" "Mozilla/5.0 (compatible; SemrushBot/7~bl; +http://www.semrush.com/bot.html)" "mantech8.com"
136.243.220.213 - - [02/Oct/2022:22:10:21 -0700] "GET /?camp-fire/49992435.html HTTP/1.1" 500 - "-" "Mozilla/5.0 (compatible; DataForSeoBot/1.0; +https://dataforseo.com/dataforseo-bot)" "mantech8.com"
40.77.167.68 - - [02/Oct/2022:22:10:24 -0700] "GET /index.php?sitemap78.xml HTTP/1.1" 200 312243 "-" "Mozilla/5.0 (compatible; bingbot/2.0; +http://www.bing.com/bingbot.htm)" "mantech8.com"
136.243.220.213 - - [02/Oct/2022:22:10:25 -0700] "GET /?camp-fire/29530542.html HTTP/1.1" 500 - "-" "Mozilla/5.0 (compatible; DataForSeoBot/1.0; +https://dataforseo.com/dataforseo-bot)" "mantech8.com"
136.243.220.213 - - [02/Oct/2022:22:10:28 -0700] "GET /?camp-fire/29371708.html HTTP/1.1" 500 - "-" "Mozilla/5.0 (compatible; DataForSeoBot/1.0; +https://dataforseo.com/dataforseo-bot)" "mantech8.com"
136.243.220.213 - - [02/Oct/2022:22:10:33 -0700] "GET /?camp-fire/35662759.html HTTP/1.1" 500 - "-" "Mozilla/5.0 (compatible; DataForSeoBot/1.0; +https://dataforseo.com/dataforseo-bot)" "mantech8.com"
136.243.220.213 - - [02/Oct/2022:22:10:37 -0700] "GET /?camp-fire/63539103.html HTTP/1.1" 500 - "-" "Mozilla/5.0 (compatible; DataForSeoBot/1.0; +https://dataforseo.com/dataforseo-bot)" "mantech8.com"
136.243.220.213 - - [02/Oct/2022:22:10:43 -0700] "GET /?camp-fire/64575534.html HTTP/1.1" 500 - "-" "Mozilla/5.0 (compatible; DataForSeoBot/1.0; +https://dataforseo.com/dataforseo-bot)" "mantech8.com"
185.191.171.39 - - [02/Oct/2022:22:10:47 -0700] "GET /?camp-fire%2F57092234.html HTTP/1.1" 500 - "-" "Mozilla/5.0 (compatible; SemrushBot/7~bl; +http://www.semrush.com/bot.html)" "mantech8.com"
136.243.220.213 - - [02/Oct/2022:22:10:48 -0700] "GET /?camp-fire/56774125.html HTTP/1.1" 500 - "-" "Mozilla/5.0 (compatible; DataForSeoBot/1.0; +https://dataforseo.com/dataforseo-bot)" "mantech8.com"
136.243.220.213 - - [02/Oct/2022:22:10:52 -0700] "GET /?camp-fire/25067000.html HTTP/1.1" 500 - "-" "Mozilla/5.0 (compatible; DataForSeoBot/1.0; +https://dataforseo.com/dataforseo-bot)" "mantech8.com"
136.243.220.213 - - [02/Oct/2022:22:10:57 -0700] "GET /?camp-fire/55541508.html HTTP/1.1" 500 - "-" "Mozilla/5.0 (compatible; DataForSeoBot/1.0; +https://dataforseo.com/dataforseo-bot)" "mantech8.com"
185.191.171.10 - - [02/Oct/2022:22:10:59 -0700] "GET /?camp-fire%2F38389878.html HTTP/1.1" 500 - "-" "Mozilla/5.0 (compatible; SemrushBot/7~bl; +http://www.semrush.com/bot.html)" "mantech8.com"
136.243.220.213 - - [02/Oct/2022:22:11:01 -0700] "GET /?camp-fire/60782935.html HTTP/1.1" 500 - "-" "Mozilla/5.0 (compatible; DataForSeoBot/1.0; +https://dataforseo.com/dataforseo-bot)" "mantech8.com"
136.243.220.213 - - [02/Oct/2022:22:11:06 -0700] "GET /?camp-fire/39110965.html HTTP/1.1" 500 - "-" "Mozilla/5.0 (compatible; DataForSeoBot/1.0; +https://dataforseo.com/dataforseo-bot)" "mantech8.com"
185.191.171.37 - - [02/Oct/2022:22:11:08 -0700] "GET /?camp-fire%2F1408953.html HTTP/1.1" 500 - "-" "Mozilla/5.0 (compatible; SemrushBot/7~bl; +http://www.semrush.com/bot.html)" "mantech8.com"
185.191.171.14 - - [02/Oct/2022:22:11:11 -0700] "GET /?camp-fire%2F1443453.html HTTP/1.1" 500 - "-" "Mozilla/5.0 (compatible; SemrushBot/7~bl; +http://www.semrush.com/bot.html)" "mantech8.com"
136.243.220.213 - - [02/Oct/2022:22:11:12 -0700] "GET /?camp-fire/29874978.html HTTP/1.1" 500 - "-" "Mozilla/5.0 (compatible; DataForSeoBot/1.0; +https://dataforseo.com/dataforseo-bot)" "mantech8.com"
136.243.220.213 - - [02/Oct/2022:22:11:17 -0700] "GET /?camp-fire/61558502.html HTTP/1.1" 500 - "-" "Mozilla/5.0 (compatible; DataForSeoBot/1.0; +https://dataforseo.com/dataforseo-bot)" "mantech8.com"
136.243.220.213 - - [02/Oct/2022:22:11:22 -0700] "GET /?camp-fire/31432783.html HTTP/1.1" 500 - "-" "Mozilla/5.0 (compatible; DataForSeoBot/1.0; +https://dataforseo.com/dataforseo-bot)" "mantech8.com"
136.243.220.213 - - [02/Oct/2022:22:11:29 -0700] "GET /?camp-fire/48536521.html HTTP/1.1" 500 - "-" "Mozilla/5.0 (compatible; DataForSeoBot/1.0; +https://dataforseo.com/dataforseo-bot)" "mantech8.com"
136.243.220.213 - - [02/Oct/2022:22:11:34 -0700] "GET /?camp-fire/23139753.html HTTP/1.1" 500 - "-" "Mozilla/5.0 (compatible; DataForSeoBot/1.0; +https://dataforseo.com/dataforseo-bot)" "mantech8.com"
136.243.220.213 - - [02/Oct/2022:22:11:41 -0700] "GET /?camp-fire/52389755.html HTTP/1.1" 500 - "-" "Mozilla/5.0 (compatible; DataForSeoBot/1.0; +https://dataforseo.com/dataforseo-bot)" "mantech8.com"
185.191.171.10 - - [02/Oct/2022:22:11:48 -0700] "GET /?camp-fire%2F32561625.html HTTP/1.1" 500 - "-" "Mozilla/5.0 (compatible; SemrushBot/7~bl; +http://www.semrush.com/bot.html)" "mantech8.com"
136.243.220.213 - - [02/Oct/2022:22:11:49 -0700] "GET /?camp-fire/63806749.html HTTP/1.1" 500 - "-" "Mozilla/5.0 (compatible; DataForSeoBot/1.0; +https://dataforseo.com/dataforseo-bot)" "mantech8.com"
136.243.220.213 - - [02/Oct/2022:22:11:55 -0700] "GET /?camp-fire/61628676.html HTTP/1.1" 500 - "-" "Mozilla/5.0 (compatible; DataForSeoBot/1.0; +https://dataforseo.com/dataforseo-bot)" "mantech8.com"
136.243.220.213 - - [02/Oct/2022:22:12:00 -0700] "GET /?camp-fire/22019298.html HTTP/1.1" 500 - "-" "Mozilla/5.0 (compatible; DataForSeoBot/1.0; +https://dataforseo.com/dataforseo-bot)" "mantech8.com"
136.243.220.213 - - [02/Oct/2022:22:12:05 -0700] "GET /?camp-fire/31919790.html HTTP/1.1" 500 - "-" "Mozilla/5.0 (compatible; DataForSeoBot/1.0; +https://dataforseo.com/dataforseo-bot)" "mantech8.com"
136.243.220.213 - - [02/Oct/2022:22:12:09 -0700] "GET /?camp-fire/54838516.html HTTP/1.1" 500 - "-" "Mozilla/5.0 (compatible; DataForSeoBot/1.0; +https://dataforseo.com/dataforseo-bot)" "mantech8.com"
136.243.220.213 - - [02/Oct/2022:22:12:14 -0700] "GET /?camp-fire/23001300.html HTTP/1.1" 500 - "-" "Mozilla/5.0 (compatible; DataForSeoBot/1.0; +https://dataforseo.com/dataforseo-bot)" "mantech8.com"
136.243.220.213 - - [02/Oct/2022:22:12:19 -0700] "GET /?camp-fire/49008270.html HTTP/1.1" 500 - "-" "Mozilla/5.0 (compatible; DataForSeoBot/1.0; +https://dataforseo.com/dataforseo-bot)" "mantech8.com"
136.243.220.213 - - [02/Oct/2022:22:12:22 -0700] "GET /?camp-fire/54141860.html HTTP/1.1" 500 - "-" "Mozilla/5.0 (compatible; DataForSeoBot/1.0; +https://dataforseo.com/dataforseo-bot)" "mantech8.com"
185.191.171.17 - - [02/Oct/2022:22:12:25 -0700] "GET /?camp-fire%2F33641547.html HTTP/1.1" 500 - "-" "Mozilla/5.0 (compatible; SemrushBot/7~bl; +http://www.semrush.com/bot.html)" "mantech8.com"
136.243.220.213 - - [02/Oct/2022:22:12:27 -0700] "GET /?camp-fire/29874578.html HTTP/1.1" 500 - "-" "Mozilla/5.0 (compatible; DataForSeoBot/1.0; +https://dataforseo.com/dataforseo-bot)" "mantech8.com"
136.243.220.213 - - [02/Oct/2022:22:12:32 -0700] "GET /?camp-fire/23138953.html HTTP/1.1" 500 - "-" "Mozilla/5.0 (compatible; DataForSeoBot/1.0; +https://dataforseo.com/dataforseo-bot)" "mantech8.com"
66.249.66.64 - - [02/Oct/2022:22:12:34 -0700] "GET /biters.xml HTTP/1.1" 404 88 "-" "Mozilla/5.0 (compatible; Googlebot/2.1; +http://www.google.com/bot.html)" "mantech8.com"
185.191.171.4 - - [02/Oct/2022:22:12:35 -0700] "GET /?camp-fire%2F8622821.html HTTP/1.1" 500 - "-" "Mozilla/5.0 (compatible; SemrushBot/7~bl; +http://www.semrush.com/bot.html)" "mantech8.com"
136.243.220.213 - - [02/Oct/2022:22:12:37 -0700] "GET /?camp-fire/60580192.html HTTP/1.1" 500 - "-" "Mozilla/5.0 (compatible; DataForSeoBot/1.0; +https://dataforseo.com/dataforseo-bot)" "mantech8.com"
136.243.220.213 - - [02/Oct/2022:22:12:42 -0700] "GET /?camp-fire/49992735.html HTTP/1.1" 500 - "-" "Mozilla/5.0 (compatible; DataForSeoBot/1.0; +https://dataforseo.com/dataforseo-bot)" "mantech8.com"
136.243.220.213 - - [02/Oct/2022:22:12:46 -0700] "GET /?camp-fire/35662659.html HTTP/1.1" 500 - "-" "Mozilla/5.0 (compatible; DataForSeoBot/1.0; +https://dataforseo.com/dataforseo-bot)" "mantech8.com"
40.77.167.72 - - [02/Oct/2022:22:12:50 -0700] "GET /?/%E0%B8%95%E0%B8%B4%E0%B8%94%E0%B8%95%E0%B9%88%E0%B8%AD%E0%B9%80%E0%B8%A3%E0%B8%B2/ HTTP/1.1" 200 39765 "-" "Mozilla/5.0 (compatible; bingbot/2.0; +http://www.bing.com/bingbot.htm)" "mantech8.com"
136.243.220.213 - - [02/Oct/2022:22:12:52 -0700] "GET /?camp-fire/45689733.html HTTP/1.1" 500 - "-" "Mozilla/5.0 (compatible; DataForSeoBot/1.0; +https://dataforseo.com/dataforseo-bot)" "mantech8.com"
136.243.220.213 - - [02/Oct/2022:22:12:58 -0700] "GET /?camp-fire/22990529.html HTTP/1.1" 500 - "-" "Mozilla/5.0 (compatible; DataForSeoBot/1.0; +https://dataforseo.com/dataforseo-bot)" "mantech8.com"
136.243.220.213 - - [02/Oct/2022:22:13:02 -0700] "GET /?camp-fire/36251024.html HTTP/1.1" 500 - "-" "Mozilla/5.0 (compatible; DataForSeoBot/1.0; +https://dataforseo.com/dataforseo-bot)" "mantech8.com"
185.191.171.37 - - [02/Oct/2022:22:13:07 -0700] "GET /?camp-fire%2F15967187.html HTTP/1.1" 500 - "-" "Mozilla/5.0 (compatible; SemrushBot/7~bl; +http://www.semrush.com/bot.html)" "mantech8.com"
136.243.220.213 - - [02/Oct/2022:22:13:10 -0700] "GET /?camp-fire/59839572.html HTTP/1.1" 500 - "-" "Mozilla/5.0 (compatible; DataForSeoBot/1.0; +https://dataforseo.com/dataforseo-bot)" "mantech8.com"
185.191.171.23 - - [02/Oct/2022:22:13:15 -0700] "GET /?camp-fire%2F4227365.html HTTP/1.1" 500 - "-" "Mozilla/5.0 (compatible; SemrushBot/7~bl; +http://www.semrush.com/bot.html)" "mantech8.com"
136.243.220.213 - - [02/Oct/2022:22:13:17 -0700] "GET /?camp-fire/49008070.html HTTP/1.1" 500 - "-" "Mozilla/5.0 (compatible; DataForSeoBot/1.0; +https://dataforseo.com/dataforseo-bot)" "mantech8.com"
136.243.220.213 - - [02/Oct/2022:22:13:22 -0700] "GET /?camp-fire/55184993.html HTTP/1.1" 500 - "-" "Mozilla/5.0 (compatible; DataForSeoBot/1.0; +https://dataforseo.com/dataforseo-bot)" "mantech8.com"
136.243.220.213 - - [02/Oct/2022:22:13:27 -0700] "GET /?camp-fire/54245168.html HTTP/1.1" 500 - "-" "Mozilla/5.0 (compatible; DataForSeoBot/1.0; +https://dataforseo.com/dataforseo-bot)" "mantech8.com"
136.243.220.213 - - [02/Oct/2022:22:13:32 -0700] "GET /?camp-fire/54142360.html HTTP/1.1" 500 - "-" "Mozilla/5.0 (compatible; DataForSeoBot/1.0; +https://dataforseo.com/dataforseo-bot)" "mantech8.com"
136.243.220.213 - - [02/Oct/2022:22:13:38 -0700] "GET /?camp-fire/54142860.html HTTP/1.1" 500 - "-" "Mozilla/5.0 (compatible; DataForSeoBot/1.0; +https://dataforseo.com/dataforseo-bot)" "mantech8.com"
40.77.167.58 - - [02/Oct/2022:22:13:41 -0700] "GET /index.php?c=article&a=type&tid=86 HTTP/1.1" 200 57254 "-" "Mozilla/5.0 AppleWebKit/537.36 (KHTML, like Gecko; compatible; bingbot/2.0; +http://www.bing.com/bingbot.htm) Chrome/103.0.5060.134 Safari/537.36" "www.mantech8.com"
136.243.220.213 - - [02/Oct/2022:22:13:43 -0700] "GET /?camp-fire/29008880.html HTTP/1.1" 500 - "-" "Mozilla/5.0 (compatible; DataForSeoBot/1.0; +https://dataforseo.com/dataforseo-bot)" "mantech8.com"
136.243.220.213 - - [02/Oct/2022:22:13:47 -0700] "GET /?camp-fire/48535821.html HTTP/1.1" 500 - "-" "Mozilla/5.0 (compatible; DataForSeoBot/1.0; +https://dataforseo.com/dataforseo-bot)" "mantech8.com"
136.243.220.213 - - [02/Oct/2022:22:13:53 -0700] "GET /?camp-fire/64574934.html HTTP/1.1" 500 - "-" "Mozilla/5.0 (compatible; DataForSeoBot/1.0; +https://dataforseo.com/dataforseo-bot)" "mantech8.com"
40.77.167.68 - - [02/Oct/2022:22:13:55 -0700] "GET /index.php?camp-fire/1060.html HTTP/1.1" 200 46829 "-" "Mozilla/5.0 (compatible; bingbot/2.0; +http://www.bing.com/bingbot.htm)" "www.mantech8.com"
136.243.220.213 - - [02/Oct/2022:22:13:58 -0700] "GET /?camp-fire/61628776.html HTTP/1.1" 500 - "-" "Mozilla/5.0 (compatible; DataForSeoBot/1.0; +https://dataforseo.com/dataforseo-bot)" "mantech8.com"
136.243.220.213 - - [02/Oct/2022:22:14:04 -0700] "GET /?camp-fire/54287225.html HTTP/1.1" 500 - "-" "Mozilla/5.0 (compatible; DataForSeoBot/1.0; +https://dataforseo.com/dataforseo-bot)" "mantech8.com"
185.191.171.16 - - [02/Oct/2022:22:14:06 -0700] "GET /?camp-fire%2F1258329.html HTTP/1.1" 500 - "-" "Mozilla/5.0 (compatible; SemrushBot/7~bl; +http://www.semrush.com/bot.html)" "mantech8.com"
136.243.220.213 - - [02/Oct/2022:22:14:09 -0700] "GET /?camp-fire/23544151.html HTTP/1.1" 500 - "-" "Mozilla/5.0 (compatible; DataForSeoBot/1.0; +https://dataforseo.com/dataforseo-bot)" "mantech8.com"
136.243.220.213 - - [02/Oct/2022:22:14:14 -0700] "GET /?camp-fire/29530842.html HTTP/1.1" 500 - "-" "Mozilla/5.0 (compatible; DataForSeoBot/1.0; +https://dataforseo.com/dataforseo-bot)" "mantech8.com"
136.243.220.213 - - [02/Oct/2022:22:14:18 -0700] "GET /?camp-fire/36543087.html HTTP/1.1" 500 - "-" "Mozilla/5.0 (compatible; DataForSeoBot/1.0; +https://dataforseo.com/dataforseo-bot)" "mantech8.com"
136.243.220.213 - - [02/Oct/2022:22:14:23 -0700] "GET /?camp-fire/39745581.html HTTP/1.1" 500 - "-" "Mozilla/5.0 (compatible; DataForSeoBot/1.0; +https://dataforseo.com/dataforseo-bot)" "mantech8.com"
136.243.220.213 - - [02/Oct/2022:22:14:27 -0700] "GET /?camp-fire/37250146.html HTTP/1.1" 500 - "-" "Mozilla/5.0 (compatible; DataForSeoBot/1.0; +https://dataforseo.com/dataforseo-bot)" "mantech8.com"
114.119.133.182 - - [02/Oct/2022:22:14:28 -0700] "GET /index.php/sitemap92.xml HTTP/1.1" 200 292225 "-" "Mozilla/5.0 (compatible;PetalBot;+https://webmaster.petalsearch.com/site/petalbot)" "mantech8.com"
136.243.220.213 - - [02/Oct/2022:22:14:33 -0700] "GET /?camp-fire/59884703.html HTTP/1.1" 500 - "-" "Mozilla/5.0 (compatible; DataForSeoBot/1.0; +https://dataforseo.com/dataforseo-bot)" "mantech8.com"
185.191.171.3 - - [02/Oct/2022:22:14:35 -0700] "GET /?camp-fire%2F59271868.html HTTP/1.1" 500 - "-" "Mozilla/5.0 (compatible; SemrushBot/7~bl; +http://www.semrush.com/bot.html)" "mantech8.com"
136.243.220.213 - - [02/Oct/2022:22:14:41 -0700] "GET /?camp-fire/22990929.html HTTP/1.1" 500 - "-" "Mozilla/5.0 (compatible; DataForSeoBot/1.0; +https://dataforseo.com/dataforseo-bot)" "mantech8.com"
136.243.220.213 - - [02/Oct/2022:22:14:47 -0700] "GET /?camp-fire/49643359.html HTTP/1.1" 500 - "-" "Mozilla/5.0 (compatible; DataForSeoBot/1.0; +https://dataforseo.com/dataforseo-bot)" "mantech8.com"
136.243.220.213 - - [02/Oct/2022:22:14:52 -0700] "GET /?camp-fire/47862282.html HTTP/1.1" 500 - "-" "Mozilla/5.0 (compatible; DataForSeoBot/1.0; +https://dataforseo.com/dataforseo-bot)" "mantech8.com"
136.243.220.213 - - [02/Oct/2022:22:14:57 -0700] "GET /?camp-fire/63538803.html HTTP/1.1" 500 - "-" "Mozilla/5.0 (compatible; DataForSeoBot/1.0; +https://dataforseo.com/dataforseo-bot)" "mantech8.com"
136.243.220.213 - - [02/Oct/2022:22:15:02 -0700] "GET /?camp-fire/49330571.html HTTP/1.1" 500 - "-" "Mozilla/5.0 (compatible; DataForSeoBot/1.0; +https://dataforseo.com/dataforseo-bot)" "mantech8.com"
136.243.220.213 - - [02/Oct/2022:22:15:08 -0700] "GET /?camp-fire/42522635.html HTTP/1.1" 500 - "-" "Mozilla/5.0 (compatible; DataForSeoBot/1.0; +https://dataforseo.com/dataforseo-bot)" "mantech8.com"
136.243.220.213 - - [02/Oct/2022:22:15:12 -0700] "GET /?camp-fire/61885288.html HTTP/1.1" 500 - "-" "Mozilla/5.0 (compatible; DataForSeoBot/1.0; +https://dataforseo.com/dataforseo-bot)" "mantech8.com"
136.243.220.213 - - [02/Oct/2022:22:15:16 -0700] "GET /?camp-fire/31432583.html HTTP/1.1" 500 - "-" "Mozilla/5.0 (compatible; DataForSeoBot/1.0; +https://dataforseo.com/dataforseo-bot)" "mantech8.com"
136.243.220.213 - - [02/Oct/2022:22:15:21 -0700] "GET /?camp-fire/22990729.html HTTP/1.1" 500 - "-" "Mozilla/5.0 (compatible; DataForSeoBot/1.0; +https://dataforseo.com/dataforseo-bot)" "mantech8.com"
185.191.171.42 - - [02/Oct/2022:22:15:24 -0700] "GET /?camp-fire%2F38848017.html HTTP/1.1" 500 - "-" "Mozilla/5.0 (compatible; SemrushBot/7~bl; +http://www.semrush.com/bot.html)" "mantech8.com"
136.243.220.213 - - [02/Oct/2022:22:15:26 -0700] "GET /?camp-fire/23109890.html HTTP/1.1" 500 - "-" "Mozilla/5.0 (compatible; DataForSeoBot/1.0; +https://dataforseo.com/dataforseo-bot)" "mantech8.com"
136.243.220.213 - - [02/Oct/2022:22:15:32 -0700] "GET /?camp-fire/62059650.html HTTP/1.1" 500 - "-" "Mozilla/5.0 (compatible; DataForSeoBot/1.0; +https://dataforseo.com/dataforseo-bot)" "mantech8.com"
136.243.220.213 - - [02/Oct/2022:22:15:37 -0700] "GET /?camp-fire/50357889.html HTTP/1.1" 500 - "-" "Mozilla/5.0 (compatible; DataForSeoBot/1.0; +https://dataforseo.com/dataforseo-bot)" "mantech8.com"
136.243.220.213 - - [02/Oct/2022:22:15:42 -0700] "GET /?camp-fire/22226969.html HTTP/1.1" 500 - "-" "Mozilla/5.0 (compatible; DataForSeoBot/1.0; +https://dataforseo.com/dataforseo-bot)" "mantech8.com"
207.46.13.63 - - [02/Oct/2022:22:15:46 -0700] "GET /index.php?c=product&a=type&tid=55 HTTP/1.1" 200 53833 "-" "Mozilla/5.0 AppleWebKit/537.36 (KHTML, like Gecko; compatible; bingbot/2.0; +http://www.bing.com/bingbot.htm) Chrome/103.0.5060.134 Safari/537.36" "www.mantech8.com"
136.243.220.213 - - [02/Oct/2022:22:15:53 -0700] "GET /?camp-fire/45990750.html HTTP/1.1" 500 - "-" "Mozilla/5.0 (compatible; DataForSeoBot/1.0; +https://dataforseo.com/dataforseo-bot)" "mantech8.com"
136.243.220.213 - - [02/Oct/2022:22:15:57 -0700] "GET /?camp-fire/32260557.html HTTP/1.1" 500 - "-" "Mozilla/5.0 (compatible; DataForSeoBot/1.0; +https://dataforseo.com/dataforseo-bot)" "mantech8.com"
136.243.220.213 - - [02/Oct/2022:22:16:03 -0700] "GET /?camp-fire/22227469.html HTTP/1.1" 500 - "-" "Mozilla/5.0 (compatible; DataForSeoBot/1.0; +https://dataforseo.com/dataforseo-bot)" "mantech8.com"
136.243.220.213 - - [02/Oct/2022:22:16:09 -0700] "GET /?camp-fire/52241041.html HTTP/1.1" 500 - "-" "Mozilla/5.0 (compatible; DataForSeoBot/1.0; +https://dataforseo.com/dataforseo-bot)" "mantech8.com"
136.243.220.213 - - [02/Oct/2022:22:16:16 -0700] "GET /?camp-fire/46787606.html HTTP/1.1" 500 - "-" "Mozilla/5.0 (compatible; DataForSeoBot/1.0; +https://dataforseo.com/dataforseo-bot)" "mantech8.com"
136.243.220.213 - - [02/Oct/2022:22:16:21 -0700] "GET /?camp-fire/35662159.html HTTP/1.1" 500 - "-" "Mozilla/5.0 (compatible; DataForSeoBot/1.0; +https://dataforseo.com/dataforseo-bot)" "mantech8.com"
185.191.171.39 - - [02/Oct/2022:22:16:21 -0700] "GET /?camp-fire%2F14848165.html HTTP/1.1" 500 - "-" "Mozilla/5.0 (compatible; SemrushBot/7~bl; +http://www.semrush.com/bot.html)" "mantech8.com"
136.243.220.213 - - [02/Oct/2022:22:16:26 -0700] "GET /?camp-fire/29356621.html HTTP/1.1" 500 - "-" "Mozilla/5.0 (compatible; DataForSeoBot/1.0; +https://dataforseo.com/dataforseo-bot)" "mantech8.com"
185.191.171.42 - - [02/Oct/2022:22:16:27 -0700] "GET /?camp-fire%2F41053921.html HTTP/1.1" 500 - "-" "Mozilla/5.0 (compatible; SemrushBot/7~bl; +http://www.semrush.com/bot.html)" "mantech8.com"
136.243.220.213 - - [02/Oct/2022:22:16:30 -0700] "GET /?camp-fire/46280630.html HTTP/1.1" 500 - "-" "Mozilla/5.0 (compatible; DataForSeoBot/1.0; +https://dataforseo.com/dataforseo-bot)" "mantech8.com"
136.243.220.213 - - [02/Oct/2022:22:16:36 -0700] "GET /?camp-fire/36577072.html HTTP/1.1" 500 - "-" "Mozilla/5.0 (compatible; DataForSeoBot/1.0; +https://dataforseo.com/dataforseo-bot)" "mantech8.com"
136.243.220.213 - - [02/Oct/2022:22:16:53 -0700] "GET /?camp-fire/61629176.html HTTP/1.1" 500 - "-" "Mozilla/5.0 (compatible; DataForSeoBot/1.0; +https://dataforseo.com/dataforseo-bot)" "mantech8.com"
136.243.220.213 - - [02/Oct/2022:22:16:59 -0700] "GET /?camp-fire/47862582.html HTTP/1.1" 500 - "-" "Mozilla/5.0 (compatible; DataForSeoBot/1.0; +https://dataforseo.com/dataforseo-bot)" "mantech8.com"
136.243.220.213 - - [02/Oct/2022:22:17:06 -0700] "GET /?camp-fire/61559002.html HTTP/1.1" 500 - "-" "Mozilla/5.0 (compatible; DataForSeoBot/1.0; +https://dataforseo.com/dataforseo-bot)" "mantech8.com"
136.243.220.213 - - [02/Oct/2022:22:17:09 -0700] "GET /?camp-fire/60572617.html HTTP/1.1" 500 - "-" "Mozilla/5.0 (compatible; DataForSeoBot/1.0; +https://dataforseo.com/dataforseo-bot)" "mantech8.com"
185.191.171.36 - - [02/Oct/2022:22:17:14 -0700] "GET /?camp-fire%2F7177898.html HTTP/1.1" 500 - "-" "Mozilla/5.0 (compatible; SemrushBot/7~bl; +http://www.semrush.com/bot.html)" "mantech8.com"
136.243.220.213 - - [02/Oct/2022:22:17:15 -0700] "GET /?camp-fire/35662359.html HTTP/1.1" 500 - "-" "Mozilla/5.0 (compatible; DataForSeoBot/1.0; +https://dataforseo.com/dataforseo-bot)" "mantech8.com"
136.243.220.213 - - [02/Oct/2022:22:17:30 -0700] "GET /?camp-fire/26013096.html HTTP/1.1" 500 - "-" "Mozilla/5.0 (compatible; DataForSeoBot/1.0; +https://dataforseo.com/dataforseo-bot)" "mantech8.com"
136.243.220.213 - - [02/Oct/2022:22:17:33 -0700] "GET /?camp-fire/50576266.html HTTP/1.1" 500 - "-" "Mozilla/5.0 (compatible; DataForSeoBot/1.0; +https://dataforseo.com/dataforseo-bot)" "mantech8.com"
136.243.220.213 - - [02/Oct/2022:22:17:38 -0700] "GET /?camp-fire/32260457.html HTTP/1.1" 500 - "-" "Mozilla/5.0 (compatible; DataForSeoBot/1.0; +https://dataforseo.com/dataforseo-bot)" "mantech8.com"
136.243.220.213 - - [02/Oct/2022:22:17:42 -0700] "GET /?camp-fire/36542987.html HTTP/1.1" 500 - "-" "Mozilla/5.0 (compatible; DataForSeoBot/1.0; +https://dataforseo.com/dataforseo-bot)" "mantech8.com"
136.243.220.213 - - [02/Oct/2022:22:17:49 -0700] "GET /?camp-fire/50576066.html HTTP/1.1" 500 - "-" "Mozilla/5.0 (compatible; DataForSeoBot/1.0; +https://dataforseo.com/dataforseo-bot)" "mantech8.com"
136.243.220.213 - - [02/Oct/2022:22:18:01 -0700] "GET /?camp-fire/49047297.html HTTP/1.1" 500 - "-" "Mozilla/5.0 (compatible; DataForSeoBot/1.0; +https://dataforseo.com/dataforseo-bot)" "mantech8.com"
136.243.220.213 - - [02/Oct/2022:22:18:07 -0700] "GET /?camp-fire/57409750.html HTTP/1.1" 500 - "-" "Mozilla/5.0 (compatible; DataForSeoBot/1.0; +https://dataforseo.com/dataforseo-bot)" "mantech8.com"
136.243.220.213 - - [02/Oct/2022:22:18:13 -0700] "GET /?camp-fire/57410350.html HTTP/1.1" 500 - "-" "Mozilla/5.0 (compatible; DataForSeoBot/1.0; +https://dataforseo.com/dataforseo-bot)" "mantech8.com"
185.191.171.20 - - [02/Oct/2022:22:18:15 -0700] "GET /?camp-fire%2F47799425.html HTTP/1.1" 500 - "-" "Mozilla/5.0 (compatible; SemrushBot/7~bl; +http://www.semrush.com/bot.html)" "mantech8.com"
136.243.220.213 - - [02/Oct/2022:22:18:18 -0700] "GET /?camp-fire/57012438.html HTTP/1.1" 500 - "-" "Mozilla/5.0 (compatible; DataForSeoBot/1.0; +https://dataforseo.com/dataforseo-bot)" "mantech8.com"
207.46.13.70 - - [02/Oct/2022:22:18:23 -0700] "GET /index.php?c=product&a=type&tid=25 HTTP/1.1" 200 57275 "-" "Mozilla/5.0 (compatible; bingbot/2.0; +http://www.bing.com/bingbot.htm)" "www.mantech8.com"
136.243.220.213 - - [02/Oct/2022:22:18:24 -0700] "GET /?camp-fire/38427726.html HTTP/1.1" 500 - "-" "Mozilla/5.0 (compatible; DataForSeoBot/1.0; +https://dataforseo.com/dataforseo-bot)" "mantech8.com"
136.243.220.213 - - [02/Oct/2022:22:18:44 -0700] "GET /?camp-fire/61884588.html HTTP/1.1" 500 - "-" "Mozilla/5.0 (compatible; DataForSeoBot/1.0; +https://dataforseo.com/dataforseo-bot)" "mantech8.com"
136.243.220.213 - - [02/Oct/2022:22:18:49 -0700] "GET /?camp-fire/29357421.html HTTP/1.1" 500 - "-" "Mozilla/5.0 (compatible; DataForSeoBot/1.0; +https://dataforseo.com/dataforseo-bot)" "mantech8.com"
185.191.171.33 - - [02/Oct/2022:22:18:51 -0700] "GET /?camp-fire%2F37183478.html HTTP/1.1" 500 - "-" "Mozilla/5.0 (compatible; SemrushBot/7~bl; +http://www.semrush.com/bot.html)" "mantech8.com"
136.243.220.213 - - [02/Oct/2022:22:18:54 -0700] "GET /?camp-fire/54287025.html HTTP/1.1" 500 - "-" "Mozilla/5.0 (compatible; DataForSeoBot/1.0; +https://dataforseo.com/dataforseo-bot)" "mantech8.com"
136.243.220.213 - - [02/Oct/2022:22:18:57 -0700] "GET /?camp-fire/24849378.html HTTP/1.1" 500 - "-" "Mozilla/5.0 (compatible; DataForSeoBot/1.0; +https://dataforseo.com/dataforseo-bot)" "mantech8.com"
136.243.220.213 - - [02/Oct/2022:22:19:10 -0700] "GET /?camp-fire/29873978.html HTTP/1.1" 500 - "-" "Mozilla/5.0 (compatible; DataForSeoBot/1.0; +https://dataforseo.com/dataforseo-bot)" "mantech8.com"
136.243.220.213 - - [02/Oct/2022:22:19:15 -0700] "GET /?camp-fire/26522855.html HTTP/1.1" 500 - "-" "Mozilla/5.0 (compatible; DataForSeoBot/1.0; +https://dataforseo.com/dataforseo-bot)" "mantech8.com"
136.243.220.213 - - [02/Oct/2022:22:19:20 -0700] "GET /?camp-fire/49331371.html HTTP/1.1" 500 - "-" "Mozilla/5.0 (compatible; DataForSeoBot/1.0; +https://dataforseo.com/dataforseo-bot)" "mantech8.com"
136.243.220.213 - - [02/Oct/2022:22:19:26 -0700] "GET /?camp-fire/31433383.html HTTP/1.1" 500 - "-" "Mozilla/5.0 (compatible; DataForSeoBot/1.0; +https://dataforseo.com/dataforseo-bot)" "mantech8.com"
136.243.220.213 - - [02/Oct/2022:22:19:38 -0700] "GET /?camp-fire/52388855.html HTTP/1.1" 500 - "-" "Mozilla/5.0 (compatible; DataForSeoBot/1.0; +https://dataforseo.com/dataforseo-bot)" "mantech8.com"
185.191.171.15 - - [02/Oct/2022:22:19:40 -0700] "GET /?camp-fire%2F36607438.html HTTP/1.1" 500 - "-" "Mozilla/5.0 (compatible; SemrushBot/7~bl; +http://www.semrush.com/bot.html)" "mantech8.com"
136.243.220.213 - - [02/Oct/2022:22:19:43 -0700] "GET /?camp-fire/22990229.html HTTP/1.1" 500 - "-" "Mozilla/5.0 (compatible; DataForSeoBot/1.0; +https://dataforseo.com/dataforseo-bot)" "mantech8.com"
136.243.220.213 - - [02/Oct/2022:22:19:48 -0700] "GET /?camp-fire/39267727.html HTTP/1.1" 500 - "-" "Mozilla/5.0 (compatible; DataForSeoBot/1.0; +https://dataforseo.com/dataforseo-bot)" "mantech8.com"
136.243.220.213 - - [02/Oct/2022:22:19:54 -0700] "GET /?camp-fire/54286325.html HTTP/1.1" 500 - "-" "Mozilla/5.0 (compatible; DataForSeoBot/1.0; +https://dataforseo.com/dataforseo-bot)" "mantech8.com"
136.243.220.213 - - [02/Oct/2022:22:19:58 -0700] "GET /?camp-fire/59885403.html HTTP/1.1" 500 - "-" "Mozilla/5.0 (compatible; DataForSeoBot/1.0; +https://dataforseo.com/dataforseo-bot)" "mantech8.com"
136.243.220.213 - - [02/Oct/2022:22:20:02 -0700] "GET /?camp-fire/60580092.html HTTP/1.1" 500 - "-" "Mozilla/5.0 (compatible; DataForSeoBot/1.0; +https://dataforseo.com/dataforseo-bot)" "mantech8.com"
136.243.220.213 - - [02/Oct/2022:22:20:09 -0700] "GET /?camp-fire/25004298.html HTTP/1.1" 500 - "-" "Mozilla/5.0 (compatible; DataForSeoBot/1.0; +https://dataforseo.com/dataforseo-bot)" "mantech8.com"
136.243.220.213 - - [02/Oct/2022:22:20:13 -0700] "GET /?camp-fire/36250724.html HTTP/1.1" 500 - "-" "Mozilla/5.0 (compatible; DataForSeoBot/1.0; +https://dataforseo.com/dataforseo-bot)" "mantech8.com"
136.243.220.213 - - [02/Oct/2022:22:20:21 -0700] "GET /?camp-fire/33661376.html HTTP/1.1" 500 - "-" "Mozilla/5.0 (compatible; DataForSeoBot/1.0; +https://dataforseo.com/dataforseo-bot)" "mantech8.com"
136.243.220.213 - - [02/Oct/2022:22:20:26 -0700] "GET /?camp-fire/49992135.html HTTP/1.1" 500 - "-" "Mozilla/5.0 (compatible; DataForSeoBot/1.0; +https://dataforseo.com/dataforseo-bot)" "mantech8.com"
136.243.220.213 - - [02/Oct/2022:22:20:32 -0700] "GET /?camp-fire/23139253.html HTTP/1.1" 500 - "-" "Mozilla/5.0 (compatible; DataForSeoBot/1.0; +https://dataforseo.com/dataforseo-bot)" "mantech8.com"
185.191.171.23 - - [02/Oct/2022:22:20:36 -0700] "GET /?camp-fire%2F28616589.html HTTP/1.1" 500 - "-" "Mozilla/5.0 (compatible; SemrushBot/7~bl; +http://www.semrush.com/bot.html)" "mantech8.com"
136.243.220.213 - - [02/Oct/2022:22:20:38 -0700] "GET /?camp-fire/43364417.html HTTP/1.1" 500 - "-" "Mozilla/5.0 (compatible; DataForSeoBot/1.0; +https://dataforseo.com/dataforseo-bot)" "mantech8.com"
114.119.133.190 - - [02/Oct/2022:22:20:40 -0700] "GET /index.php?tarandean.xml HTTP/1.1" 200 258594 "-" "Mozilla/5.0 (Linux; Android 7.0;) AppleWebKit/537.36 (KHTML, like Gecko) Mobile Safari/537.36 (compatible; PetalBot;+https://webmaster.petalsearch.com/site/petalbot)" "mantech8.com"
136.243.220.213 - - [02/Oct/2022:22:20:42 -0700] "GET /?camp-fire/29008580.html HTTP/1.1" 500 - "-" "Mozilla/5.0 (compatible; DataForSeoBot/1.0; +https://dataforseo.com/dataforseo-bot)" "mantech8.com"
136.243.220.213 - - [02/Oct/2022:22:20:45 -0700] "GET /?camp-fire/55541408.html HTTP/1.1" 500 - "-" "Mozilla/5.0 (compatible; DataForSeoBot/1.0; +https://dataforseo.com/dataforseo-bot)" "mantech8.com"
136.243.220.213 - - [02/Oct/2022:22:20:50 -0700] "GET /?camp-fire/50357089.html HTTP/1.1" 500 - "-" "Mozilla/5.0 (compatible; DataForSeoBot/1.0; +https://dataforseo.com/dataforseo-bot)" "mantech8.com"
136.243.220.213 - - [02/Oct/2022:22:20:55 -0700] "GET /?camp-fire/36935984.html HTTP/1.1" 500 - "-" "Mozilla/5.0 (compatible; DataForSeoBot/1.0; +https://dataforseo.com/dataforseo-bot)" "mantech8.com"
185.191.171.2 - - [02/Oct/2022:22:21:02 -0700] "GET /?camp-fire%2F34977835.html HTTP/1.1" 500 - "-" "Mozilla/5.0 (compatible; SemrushBot/7~bl; +http://www.semrush.com/bot.html)" "mantech8.com"
136.243.220.213 - - [02/Oct/2022:22:21:06 -0700] "GET /?camp-fire/49715271.html HTTP/1.1" 500 - "-" "Mozilla/5.0 (compatible; DataForSeoBot/1.0; +https://dataforseo.com/dataforseo-bot)" "mantech8.com"
185.191.171.24 - - [02/Oct/2022:22:21:09 -0700] "GET /?camp-fire%2F24615730.html HTTP/1.1" 500 - "-" "Mozilla/5.0 (compatible; SemrushBot/7~bl; +http://www.semrush.com/bot.html)" "mantech8.com"
136.243.220.213 - - [02/Oct/2022:22:21:11 -0700] "GET /?camp-fire/49330271.html HTTP/1.1" 500 - "-" "Mozilla/5.0 (compatible; DataForSeoBot/1.0; +https://dataforseo.com/dataforseo-bot)" "mantech8.com"
40.77.167.58 - - [02/Oct/2022:22:21:12 -0700] "GET /index.php?/ecc HTTP/1.1" 200 46856 "-" "Mozilla/5.0 (compatible; bingbot/2.0; +http://www.bing.com/bingbot.htm)" "mantech8.com"
136.243.220.213 - - [02/Oct/2022:22:21:14 -0700] "GET /?camp-fire/55184693.html HTTP/1.1" 500 - "-" "Mozilla/5.0 (compatible; DataForSeoBot/1.0; +https://dataforseo.com/dataforseo-bot)" "mantech8.com"
185.191.171.39 - - [02/Oct/2022:22:21:14 -0700] "GET /?camp-fire%2F33810308.html HTTP/1.1" 500 - "-" "Mozilla/5.0 (compatible; SemrushBot/7~bl; +http://www.semrush.com/bot.html)" "mantech8.com"
136.243.220.213 - - [02/Oct/2022:22:21:19 -0700] "GET /?camp-fire/39110265.html HTTP/1.1" 500 - "-" "Mozilla/5.0 (compatible; DataForSeoBot/1.0; +https://dataforseo.com/dataforseo-bot)" "mantech8.com"
136.243.220.213 - - [02/Oct/2022:22:21:23 -0700] "GET /?camp-fire/61558802.html HTTP/1.1" 500 - "-" "Mozilla/5.0 (compatible; DataForSeoBot/1.0; +https://dataforseo.com/dataforseo-bot)" "mantech8.com"
207.46.13.70 - - [02/Oct/2022:22:21:24 -0700] "GET /index.php?/1025/list.htm HTTP/1.1" 200 59224 "-" "Mozilla/5.0 AppleWebKit/537.36 (KHTML, like Gecko; compatible; bingbot/2.0; +http://www.bing.com/bingbot.htm) Chrome/103.0.5060.134 Safari/537.36" "mantech8.com"
136.243.220.213 - - [02/Oct/2022:22:21:26 -0700] "GET /?camp-fire/23103259.html HTTP/1.1" 500 - "-" "Mozilla/5.0 (compatible; DataForSeoBot/1.0; +https://dataforseo.com/dataforseo-bot)" "mantech8.com"
136.243.220.213 - - [02/Oct/2022:22:21:28 -0700] "GET /?camp-fire/49642959.html HTTP/1.1" 500 - "-" "Mozilla/5.0 (compatible; DataForSeoBot/1.0; +https://dataforseo.com/dataforseo-bot)" "mantech8.com"
136.243.220.213 - - [02/Oct/2022:22:21:34 -0700] "GET /?camp-fire/22019098.html HTTP/1.1" 500 - "-" "Mozilla/5.0 (compatible; DataForSeoBot/1.0; +https://dataforseo.com/dataforseo-bot)" "mantech8.com"
136.243.220.213 - - [02/Oct/2022:22:21:38 -0700] "GET /?camp-fire/25004498.html HTTP/1.1" 500 - "-" "Mozilla/5.0 (compatible; DataForSeoBot/1.0; +https://dataforseo.com/dataforseo-bot)" "mantech8.com"
136.243.220.213 - - [02/Oct/2022:22:21:43 -0700] "GET /?camp-fire/57453938.html HTTP/1.1" 500 - "-" "Mozilla/5.0 (compatible; DataForSeoBot/1.0; +https://dataforseo.com/dataforseo-bot)" "mantech8.com"
185.191.171.13 - - [02/Oct/2022:22:21:45 -0700] "GET /?camp-fire%2F9921785.html HTTP/1.1" 500 - "-" "Mozilla/5.0 (compatible; SemrushBot/7~bl; +http://www.semrush.com/bot.html)" "mantech8.com"
136.243.220.213 - - [02/Oct/2022:22:21:50 -0700] "GET /?camp-fire/23000400.html HTTP/1.1" 500 - "-" "Mozilla/5.0 (compatible; DataForSeoBot/1.0; +https://dataforseo.com/dataforseo-bot)" "mantech8.com"
185.191.171.12 - - [02/Oct/2022:22:21:51 -0700] "GET /?camp-fire%2F53814493.html HTTP/1.1" 500 - "-" "Mozilla/5.0 (compatible; SemrushBot/7~bl; +http://www.semrush.com/bot.html)" "mantech8.com"
136.243.220.213 - - [02/Oct/2022:22:21:54 -0700] "GET /?camp-fire/25840465.html HTTP/1.1" 500 - "-" "Mozilla/5.0 (compatible; DataForSeoBot/1.0; +https://dataforseo.com/dataforseo-bot)" "mantech8.com"
136.243.220.213 - - [02/Oct/2022:22:21:58 -0700] "GET /?camp-fire/63538103.html HTTP/1.1" 500 - "-" "Mozilla/5.0 (compatible; DataForSeoBot/1.0; +https://dataforseo.com/dataforseo-bot)" "mantech8.com"
136.243.220.213 - - [02/Oct/2022:22:22:04 -0700] "GET /?camp-fire/54142460.html HTTP/1.1" 500 - "-" "Mozilla/5.0 (compatible; DataForSeoBot/1.0; +https://dataforseo.com/dataforseo-bot)" "mantech8.com"
136.243.220.213 - - [02/Oct/2022:22:22:09 -0700] "GET /?camp-fire/39847361.html HTTP/1.1" 500 - "-" "Mozilla/5.0 (compatible; DataForSeoBot/1.0; +https://dataforseo.com/dataforseo-bot)" "mantech8.com"
185.191.171.34 - - [02/Oct/2022:22:22:14 -0700] "GET /?camp-fire%2F31893530.html HTTP/1.1" 500 - "-" "Mozilla/5.0 (compatible; SemrushBot/7~bl; +http://www.semrush.com/bot.html)" "mantech8.com"
136.243.220.213 - - [02/Oct/2022:22:22:14 -0700] "GET /?camp-fire/63807649.html HTTP/1.1" 500 - "-" "Mozilla/5.0 (compatible; DataForSeoBot/1.0; +https://dataforseo.com/dataforseo-bot)" "mantech8.com"
185.191.171.17 - - [02/Oct/2022:22:22:15 -0700] "GET /?camp-fire%2F43614434.html HTTP/1.1" 500 - "-" "Mozilla/5.0 (compatible; SemrushBot/7~bl; +http://www.semrush.com/bot.html)" "mantech8.com"
136.243.220.213 - - [02/Oct/2022:22:22:16 -0700] "GET /?camp-fire/63538903.html HTTP/1.1" 500 - "-" "Mozilla/5.0 (compatible; DataForSeoBot/1.0; +https://dataforseo.com/dataforseo-bot)" "mantech8.com"
136.243.220.213 - - [02/Oct/2022:22:22:21 -0700] "GET /?camp-fire/61884288.html HTTP/1.1" 500 - "-" "Mozilla/5.0 (compatible; DataForSeoBot/1.0; +https://dataforseo.com/dataforseo-bot)" "mantech8.com"
185.191.171.1 - - [02/Oct/2022:22:22:34 -0700] "GET /?camp-fire%2F7724708.html HTTP/1.1" 500 - "-" "Mozilla/5.0 (compatible; SemrushBot/7~bl; +http://www.semrush.com/bot.html)" "mantech8.com"
136.243.220.213 - - [02/Oct/2022:22:22:36 -0700] "GET /?camp-fire/57454638.html HTTP/1.1" 500 - "-" "Mozilla/5.0 (compatible; DataForSeoBot/1.0; +https://dataforseo.com/dataforseo-bot)" "mantech8.com"
136.243.220.213 - - [02/Oct/2022:22:22:42 -0700] "GET /?camp-fire/25939085.html HTTP/1.1" 500 - "-" "Mozilla/5.0 (compatible; DataForSeoBot/1.0; +https://dataforseo.com/dataforseo-bot)" "mantech8.com"
185.191.171.9 - - [02/Oct/2022:22:22:45 -0700] "GET /?camp-fire%2F50967338.html HTTP/1.1" 500 - "-" "Mozilla/5.0 (compatible; SemrushBot/7~bl; +http://www.semrush.com/bot.html)" "mantech8.com"
136.243.220.213 - - [02/Oct/2022:22:22:46 -0700] "GET /?camp-fire/36576472.html HTTP/1.1" 500 - "-" "Mozilla/5.0 (compatible; DataForSeoBot/1.0; +https://dataforseo.com/dataforseo-bot)" "mantech8.com"
136.243.220.213 - - [02/Oct/2022:22:22:52 -0700] "GET /?camp-fire/49402509.html HTTP/1.1" 500 - "-" "Mozilla/5.0 (compatible; DataForSeoBot/1.0; +https://dataforseo.com/dataforseo-bot)" "mantech8.com"
136.243.220.213 - - [02/Oct/2022:22:22:58 -0700] "GET /?camp-fire/36899256.html HTTP/1.1" 500 - "-" "Mozilla/5.0 (compatible; DataForSeoBot/1.0; +https://dataforseo.com/dataforseo-bot)" "mantech8.com"
136.243.220.213 - - [02/Oct/2022:22:23:02 -0700] "GET /?camp-fire/39268227.html HTTP/1.1" 500 - "-" "Mozilla/5.0 (compatible; DataForSeoBot/1.0; +https://dataforseo.com/dataforseo-bot)" "mantech8.com"
136.243.220.213 - - [02/Oct/2022:22:23:06 -0700] "GET /?camp-fire/55419708.html HTTP/1.1" 500 - "-" "Mozilla/5.0 (compatible; DataForSeoBot/1.0; +https://dataforseo.com/dataforseo-bot)" "mantech8.com"
136.243.220.213 - - [02/Oct/2022:22:23:13 -0700] "GET /?camp-fire/23139053.html HTTP/1.1" 500 - "-" "Mozilla/5.0 (compatible; DataForSeoBot/1.0; +https://dataforseo.com/dataforseo-bot)" "mantech8.com"
136.243.220.213 - - [02/Oct/2022:22:23:18 -0700] "GET /?camp-fire/54287325.html HTTP/1.1" 500 - "-" "Mozilla/5.0 (compatible; DataForSeoBot/1.0; +https://dataforseo.com/dataforseo-bot)" "mantech8.com"
136.243.220.213 - - [02/Oct/2022:22:23:22 -0700] "GET /?camp-fire/23544751.html HTTP/1.1" 500 - "-" "Mozilla/5.0 (compatible; DataForSeoBot/1.0; +https://dataforseo.com/dataforseo-bot)" "mantech8.com"
136.243.220.213 - - [02/Oct/2022:22:23:26 -0700] "GET /?camp-fire/54837916.html HTTP/1.1" 500 - "-" "Mozilla/5.0 (compatible; DataForSeoBot/1.0; +https://dataforseo.com/dataforseo-bot)" "mantech8.com"
136.243.220.213 - - [02/Oct/2022:22:23:31 -0700] "GET /?camp-fire/23139353.html HTTP/1.1" 500 - "-" "Mozilla/5.0 (compatible; DataForSeoBot/1.0; +https://dataforseo.com/dataforseo-bot)" "mantech8.com"
136.243.220.213 - - [02/Oct/2022:22:23:38 -0700] "GET /?camp-fire/24849478.html HTTP/1.1" 500 - "-" "Mozilla/5.0 (compatible; DataForSeoBot/1.0; +https://dataforseo.com/dataforseo-bot)" "mantech8.com"
136.243.220.213 - - [02/Oct/2022:22:23:43 -0700] "GET /?camp-fire/49401509.html HTTP/1.1" 500 - "-" "Mozilla/5.0 (compatible; DataForSeoBot/1.0; +https://dataforseo.com/dataforseo-bot)" "mantech8.com"
136.243.220.213 - - [02/Oct/2022:22:23:49 -0700] "GET /?camp-fire/49008170.html HTTP/1.1" 500 - "-" "Mozilla/5.0 (compatible; DataForSeoBot/1.0; +https://dataforseo.com/dataforseo-bot)" "mantech8.com"
136.243.220.213 - - [02/Oct/2022:22:23:54 -0700] "GET /?camp-fire/33214809.html HTTP/1.1" 500 - "-" "Mozilla/5.0 (compatible; DataForSeoBot/1.0; +https://dataforseo.com/dataforseo-bot)" "mantech8.com"
207.46.13.63 - - [02/Oct/2022:22:23:55 -0700] "GET /index.php/camp-fire/40593289.html HTTP/1.1" 200 48233 "-" "Mozilla/5.0 (compatible; bingbot/2.0; +http://www.bing.com/bingbot.htm)" "mantech8.com"
136.243.220.213 - - [02/Oct/2022:22:24:06 -0700] "GET /?camp-fire/36576572.html HTTP/1.1" 500 - "-" "Mozilla/5.0 (compatible; DataForSeoBot/1.0; +https://dataforseo.com/dataforseo-bot)" "mantech8.com"
136.243.220.213 - - [02/Oct/2022:22:24:10 -0700] "GET /?camp-fire/24848978.html HTTP/1.1" 500 - "-" "Mozilla/5.0 (compatible; DataForSeoBot/1.0; +https://dataforseo.com/dataforseo-bot)" "mantech8.com"
136.243.220.213 - - [02/Oct/2022:22:24:13 -0700] "GET /?camp-fire/29530142.html HTTP/1.1" 500 - "-" "Mozilla/5.0 (compatible; DataForSeoBot/1.0; +https://dataforseo.com/dataforseo-bot)" "mantech8.com"
136.243.220.213 - - [02/Oct/2022:22:24:19 -0700] "GET /?camp-fire/48536021.html HTTP/1.1" 500 - "-" "Mozilla/5.0 (compatible; DataForSeoBot/1.0; +https://dataforseo.com/dataforseo-bot)" "mantech8.com"
185.191.171.40 - - [02/Oct/2022:22:24:19 -0700] "GET /?camp-fire%2F26998872.html HTTP/1.1" 500 - "-" "Mozilla/5.0 (compatible; SemrushBot/7~bl; +http://www.semrush.com/bot.html)" "mantech8.com"
136.243.220.213 - - [02/Oct/2022:22:24:22 -0700] "GET /?camp-fire/49401909.html HTTP/1.1" 500 - "-" "Mozilla/5.0 (compatible; DataForSeoBot/1.0; +https://dataforseo.com/dataforseo-bot)" "mantech8.com"
207.46.13.63 - - [02/Oct/2022:22:24:26 -0700] "GET /index.php?/category/bentima-ku/ HTTP/1.1" 200 67070 "-" "Mozilla/5.0 AppleWebKit/537.36 (KHTML, like Gecko; compatible; bingbot/2.0; +http://www.bing.com/bingbot.htm) Chrome/103.0.5060.134 Safari/537.36" "mantech8.com"
207.46.13.63 - - [02/Oct/2022:22:24:27 -0700] "GET /index.php?/monodukuridiy?ref_src=twsrc%5etfw HTTP/1.1" 200 93156 "-" "Mozilla/5.0 (compatible; bingbot/2.0; +http://www.bing.com/bingbot.htm)" "mantech8.com"
136.243.220.213 - - [02/Oct/2022:22:24:29 -0700] "GET /?camp-fire/43364717.html HTTP/1.1" 500 - "-" "Mozilla/5.0 (compatible; DataForSeoBot/1.0; +https://dataforseo.com/dataforseo-bot)" "mantech8.com"
136.243.220.213 - - [02/Oct/2022:22:24:35 -0700] "GET /?camp-fire/57013138.html HTTP/1.1" 500 - "-" "Mozilla/5.0 (compatible; DataForSeoBot/1.0; +https://dataforseo.com/dataforseo-bot)" "mantech8.com"
185.191.171.2 - - [02/Oct/2022:22:24:39 -0700] "GET /?camp-fire%2F33719608.html HTTP/1.1" 500 - "-" "Mozilla/5.0 (compatible; SemrushBot/7~bl; +http://www.semrush.com/bot.html)" "mantech8.com"
136.243.220.213 - - [02/Oct/2022:22:24:40 -0700] "GET /?camp-fire/24849178.html HTTP/1.1" 500 - "-" "Mozilla/5.0 (compatible; DataForSeoBot/1.0; +https://dataforseo.com/dataforseo-bot)" "mantech8.com"
136.243.220.213 - - [02/Oct/2022:22:24:45 -0700] "GET /?camp-fire/49992235.html HTTP/1.1" 500 - "-" "Mozilla/5.0 (compatible; DataForSeoBot/1.0; +https://dataforseo.com/dataforseo-bot)" "mantech8.com"
185.191.171.6 - - [02/Oct/2022:22:24:48 -0700] "GET /?camp-fire%2F112267250.html HTTP/1.1" 500 - "-" "Mozilla/5.0 (compatible; SemrushBot/7~bl; +http://www.semrush.com/bot.html)" "mantech8.com"
136.243.220.213 - - [02/Oct/2022:22:24:52 -0700] "GET /?camp-fire/49190626.html HTTP/1.1" 500 - "-" "Mozilla/5.0 (compatible; DataForSeoBot/1.0; +https://dataforseo.com/dataforseo-bot)" "mantech8.com"
136.243.220.213 - - [02/Oct/2022:22:24:58 -0700] "GET /?camp-fire/22227069.html HTTP/1.1" 500 - "-" "Mozilla/5.0 (compatible; DataForSeoBot/1.0; +https://dataforseo.com/dataforseo-bot)" "mantech8.com"
136.243.220.213 - - [02/Oct/2022:22:25:03 -0700] "GET /?camp-fire/23544351.html HTTP/1.1" 500 - "-" "Mozilla/5.0 (compatible; DataForSeoBot/1.0; +https://dataforseo.com/dataforseo-bot)" "mantech8.com"
136.243.220.213 - - [02/Oct/2022:22:25:07 -0700] "GET /?camp-fire/48386847.html HTTP/1.1" 500 - "-" "Mozilla/5.0 (compatible; DataForSeoBot/1.0; +https://dataforseo.com/dataforseo-bot)" "mantech8.com"
136.243.220.213 - - [02/Oct/2022:22:25:12 -0700] "GET /?camp-fire/33214709.html HTTP/1.1" 500 - "-" "Mozilla/5.0 (compatible; DataForSeoBot/1.0; +https://dataforseo.com/dataforseo-bot)" "mantech8.com"
185.191.171.39 - - [02/Oct/2022:22:25:12 -0700] "GET /?camp-fire%2F12667909.html HTTP/1.1" 500 - "-" "Mozilla/5.0 (compatible; SemrushBot/7~bl; +http://www.semrush.com/bot.html)" "mantech8.com"
136.243.220.213 - - [02/Oct/2022:22:25:17 -0700] "GET /?camp-fire/29371608.html HTTP/1.1" 500 - "-" "Mozilla/5.0 (compatible; DataForSeoBot/1.0; +https://dataforseo.com/dataforseo-bot)" "mantech8.com"
136.243.220.213 - - [02/Oct/2022:22:25:24 -0700] "GET /?camp-fire/61629776.html HTTP/1.1" 500 - "-" "Mozilla/5.0 (compatible; DataForSeoBot/1.0; +https://dataforseo.com/dataforseo-bot)" "mantech8.com"
185.191.171.39 - - [02/Oct/2022:22:25:27 -0700] "GET /?camp-fire%2F28344335.html HTTP/1.1" 500 - "-" "Mozilla/5.0 (compatible; SemrushBot/7~bl; +http://www.semrush.com/bot.html)" "mantech8.com"
136.243.220.213 - - [02/Oct/2022:22:25:29 -0700] "GET /?camp-fire/55184893.html HTTP/1.1" 500 - "-" "Mozilla/5.0 (compatible; DataForSeoBot/1.0; +https://dataforseo.com/dataforseo-bot)" "mantech8.com"
136.243.220.213 - - [02/Oct/2022:22:25:34 -0700] "GET /?camp-fire/25067100.html HTTP/1.1" 500 - "-" "Mozilla/5.0 (compatible; DataForSeoBot/1.0; +https://dataforseo.com/dataforseo-bot)" "mantech8.com"
