136.243.220.213 - - [27/Sep/2022:18:32:36 -0700] "GET /?camp-fire/2100451.html HTTP/1.1" 500 - "-" "Mozilla/5.0 (compatible; DataForSeoBot/1.0; +https://dataforseo.com/dataforseo-bot)" "mantech8.com"
94.23.7.188 - - [27/Sep/2022:18:32:36 -0700] "GET /bimages/cleang/?C=M;O=A HTTP/1.1" 200 505 "-" "Mozilla/5.0 (compatible; MJ12bot/v1.4.8; http://mj12bot.com/)" "www.mantech8.com"
94.23.7.188 - - [27/Sep/2022:18:32:38 -0700] "GET /bimages/cleang/?C=N;O=D HTTP/1.1" 200 499 "-" "Mozilla/5.0 (compatible; MJ12bot/v1.4.8; http://mj12bot.com/)" "www.mantech8.com"
94.23.7.188 - - [27/Sep/2022:18:32:40 -0700] "GET /bimages/cleang/?C=S;O=A HTTP/1.1" 200 502 "-" "Mozilla/5.0 (compatible; MJ12bot/v1.4.8; http://mj12bot.com/)" "www.mantech8.com"
136.243.220.213 - - [27/Sep/2022:18:32:41 -0700] "GET /?camp-fire/4569196.html HTTP/1.1" 500 - "-" "Mozilla/5.0 (compatible; DataForSeoBot/1.0; +https://dataforseo.com/dataforseo-bot)" "mantech8.com"
94.23.7.188 - - [27/Sep/2022:18:32:41 -0700] "GET /bimages/cleang/thump/ HTTP/1.1" 200 462 "-" "Mozilla/5.0 (compatible; MJ12bot/v1.4.8; http://mj12bot.com/)" "www.mantech8.com"
94.23.7.188 - - [27/Sep/2022:18:32:44 -0700] "GET /bimages/cleang/thump/?C=D;O=D HTTP/1.1" 200 459 "-" "Mozilla/5.0 (compatible; MJ12bot/v1.4.8; http://mj12bot.com/)" "www.mantech8.com"
136.243.220.213 - - [27/Sep/2022:18:32:44 -0700] "GET /?camp-fire/23904606.html HTTP/1.1" 500 - "-" "Mozilla/5.0 (compatible; DataForSeoBot/1.0; +https://dataforseo.com/dataforseo-bot)" "mantech8.com"
94.23.7.188 - - [27/Sep/2022:18:32:46 -0700] "GET /bimages/cleang/thump/?C=M;O=D HTTP/1.1" 200 459 "-" "Mozilla/5.0 (compatible; MJ12bot/v1.4.8; http://mj12bot.com/)" "www.mantech8.com"
94.23.7.188 - - [27/Sep/2022:18:32:48 -0700] "GET /bimages/cleang/thump/?C=N;O=A HTTP/1.1" 200 462 "-" "Mozilla/5.0 (compatible; MJ12bot/v1.4.8; http://mj12bot.com/)" "www.mantech8.com"
207.46.13.42 - - [27/Sep/2022:18:32:47 -0700] "GET /?sitemap783.xml HTTP/1.1" 200 240060 "-" "Mozilla/5.0 (compatible; bingbot/2.0; +http://www.bing.com/bingbot.htm)" "mantech8.com"
136.243.220.213 - - [27/Sep/2022:18:32:48 -0700] "GET /?camp-fire/38396072.html HTTP/1.1" 500 - "-" "Mozilla/5.0 (compatible; DataForSeoBot/1.0; +https://dataforseo.com/dataforseo-bot)" "mantech8.com"
94.23.7.188 - - [27/Sep/2022:18:32:51 -0700] "GET /bimages/cleang/thump/?C=S;O=D HTTP/1.1" 200 460 "-" "Mozilla/5.0 (compatible; MJ12bot/v1.4.8; http://mj12bot.com/)" "www.mantech8.com"
136.243.220.213 - - [27/Sep/2022:18:32:52 -0700] "GET /?camp-fire/24244733.html HTTP/1.1" 500 - "-" "Mozilla/5.0 (compatible; DataForSeoBot/1.0; +https://dataforseo.com/dataforseo-bot)" "mantech8.com"
94.23.7.188 - - [27/Sep/2022:18:32:53 -0700] "GET /bimages/client/?C=D;O=A HTTP/1.1" 200 706 "-" "Mozilla/5.0 (compatible; MJ12bot/v1.4.8; http://mj12bot.com/)" "www.mantech8.com"
185.191.171.14 - - [27/Sep/2022:18:32:54 -0700] "GET /?camp-fire%2F2395393.html HTTP/1.1" 500 - "-" "Mozilla/5.0 (compatible; SemrushBot/7~bl; +http://www.semrush.com/bot.html)" "mantech8.com"
94.23.7.188 - - [27/Sep/2022:18:32:55 -0700] "GET /bimages/client/?C=M;O=A HTTP/1.1" 200 696 "-" "Mozilla/5.0 (compatible; MJ12bot/v1.4.8; http://mj12bot.com/)" "www.mantech8.com"
136.243.220.213 - - [27/Sep/2022:18:32:56 -0700] "GET /?camp-fire/28913889.html HTTP/1.1" 500 - "-" "Mozilla/5.0 (compatible; DataForSeoBot/1.0; +https://dataforseo.com/dataforseo-bot)" "mantech8.com"
94.23.7.188 - - [27/Sep/2022:18:32:57 -0700] "GET /bimages/client/?C=N;O=D HTTP/1.1" 200 711 "-" "Mozilla/5.0 (compatible; MJ12bot/v1.4.8; http://mj12bot.com/)" "www.mantech8.com"
94.23.7.188 - - [27/Sep/2022:18:33:00 -0700] "GET /bimages/client/?C=S;O=A HTTP/1.1" 200 709 "-" "Mozilla/5.0 (compatible; MJ12bot/v1.4.8; http://mj12bot.com/)" "www.mantech8.com"
136.243.220.213 - - [27/Sep/2022:18:33:00 -0700] "GET /?camp-fire/26221776.html HTTP/1.1" 500 - "-" "Mozilla/5.0 (compatible; DataForSeoBot/1.0; +https://dataforseo.com/dataforseo-bot)" "mantech8.com"
94.23.7.188 - - [27/Sep/2022:18:33:02 -0700] "GET /bimages/client/blackleaf.php HTTP/1.1" 200 7300 "-" "Mozilla/5.0 (compatible; MJ12bot/v1.4.8; http://mj12bot.com/)" "www.mantech8.com"
136.243.220.213 - - [27/Sep/2022:18:33:04 -0700] "GET /?camp-fire/14807224.html HTTP/1.1" 500 - "-" "Mozilla/5.0 (compatible; DataForSeoBot/1.0; +https://dataforseo.com/dataforseo-bot)" "mantech8.com"
94.23.7.188 - - [27/Sep/2022:18:33:05 -0700] "GET /bimages/client/wp-Annonymous.php HTTP/1.1" 200 881 "-" "Mozilla/5.0 (compatible; MJ12bot/v1.4.8; http://mj12bot.com/)" "www.mantech8.com"
94.23.7.188 - - [27/Sep/2022:18:33:08 -0700] "GET /bimages/dimage/?C=D;O=A HTTP/1.1" 200 419 "-" "Mozilla/5.0 (compatible; MJ12bot/v1.4.8; http://mj12bot.com/)" "www.mantech8.com"
136.243.220.213 - - [27/Sep/2022:18:33:08 -0700] "GET /?camp-fire/4171874.html HTTP/1.1" 500 - "-" "Mozilla/5.0 (compatible; DataForSeoBot/1.0; +https://dataforseo.com/dataforseo-bot)" "mantech8.com"
136.243.220.213 - - [27/Sep/2022:18:33:09 -0700] "GET /?camp-fire/29132266.html HTTP/1.1" 500 - "-" "Mozilla/5.0 (compatible; DataForSeoBot/1.0; +https://dataforseo.com/dataforseo-bot)" "mantech8.com"
94.23.7.188 - - [27/Sep/2022:18:33:10 -0700] "GET /bimages/dimage/?C=M;O=A HTTP/1.1" 200 420 "-" "Mozilla/5.0 (compatible; MJ12bot/v1.4.8; http://mj12bot.com/)" "www.mantech8.com"
40.77.167.19 - - [27/Sep/2022:18:33:11 -0700] "GET /index.php/sitemap693.xml HTTP/1.1" 200 279222 "-" "Mozilla/5.0 (compatible; bingbot/2.0; +http://www.bing.com/bingbot.htm)" "mantech8.com"
136.243.220.213 - - [27/Sep/2022:18:33:13 -0700] "GET /?camp-fire/575998.html HTTP/1.1" 500 - "-" "Mozilla/5.0 (compatible; DataForSeoBot/1.0; +https://dataforseo.com/dataforseo-bot)" "mantech8.com"
94.23.7.188 - - [27/Sep/2022:18:33:13 -0700] "GET /bimages/dimage/?C=N;O=D HTTP/1.1" 200 418 "-" "Mozilla/5.0 (compatible; MJ12bot/v1.4.8; http://mj12bot.com/)" "www.mantech8.com"
94.23.7.188 - - [27/Sep/2022:18:33:15 -0700] "GET /bimages/dimage/?C=S;O=A HTTP/1.1" 200 420 "-" "Mozilla/5.0 (compatible; MJ12bot/v1.4.8; http://mj12bot.com/)" "www.mantech8.com"
136.243.220.213 - - [27/Sep/2022:18:33:17 -0700] "GET /?camp-fire/1556200.html HTTP/1.1" 500 - "-" "Mozilla/5.0 (compatible; DataForSeoBot/1.0; +https://dataforseo.com/dataforseo-bot)" "mantech8.com"
94.23.7.188 - - [27/Sep/2022:18:33:17 -0700] "GET /bimages/door/?C=D;O=A HTTP/1.1" 200 447 "-" "Mozilla/5.0 (compatible; MJ12bot/v1.4.8; http://mj12bot.com/)" "www.mantech8.com"
94.23.7.188 - - [27/Sep/2022:18:33:19 -0700] "GET /bimages/door/?C=M;O=A HTTP/1.1" 200 448 "-" "Mozilla/5.0 (compatible; MJ12bot/v1.4.8; http://mj12bot.com/)" "www.mantech8.com"
136.243.220.213 - - [27/Sep/2022:18:33:21 -0700] "GET /?camp-fire/4170974.html HTTP/1.1" 500 - "-" "Mozilla/5.0 (compatible; DataForSeoBot/1.0; +https://dataforseo.com/dataforseo-bot)" "mantech8.com"
94.23.7.188 - - [27/Sep/2022:18:33:21 -0700] "GET /bimages/door/?C=N;O=D HTTP/1.1" 200 444 "-" "Mozilla/5.0 (compatible; MJ12bot/v1.4.8; http://mj12bot.com/)" "www.mantech8.com"
94.23.7.188 - - [27/Sep/2022:18:33:24 -0700] "GET /bimages/door/?C=S;O=A HTTP/1.1" 200 447 "-" "Mozilla/5.0 (compatible; MJ12bot/v1.4.8; http://mj12bot.com/)" "www.mantech8.com"
136.243.220.213 - - [27/Sep/2022:18:33:25 -0700] "GET /?camp-fire/27603697.html HTTP/1.1" 500 - "-" "Mozilla/5.0 (compatible; DataForSeoBot/1.0; +https://dataforseo.com/dataforseo-bot)" "mantech8.com"
94.23.7.188 - - [27/Sep/2022:18:33:26 -0700] "GET /bimages/ele/?C=D;O=A HTTP/1.1" 200 426 "-" "Mozilla/5.0 (compatible; MJ12bot/v1.4.8; http://mj12bot.com/)" "www.mantech8.com"
94.23.7.188 - - [27/Sep/2022:18:33:28 -0700] "GET /bimages/ele/?C=M;O=A HTTP/1.1" 200 427 "-" "Mozilla/5.0 (compatible; MJ12bot/v1.4.8; http://mj12bot.com/)" "www.mantech8.com"
136.243.220.213 - - [27/Sep/2022:18:33:29 -0700] "GET /?camp-fire/33741593.html HTTP/1.1" 500 - "-" "Mozilla/5.0 (compatible; DataForSeoBot/1.0; +https://dataforseo.com/dataforseo-bot)" "mantech8.com"
94.23.7.188 - - [27/Sep/2022:18:33:30 -0700] "GET /bimages/ele/?C=N;O=D HTTP/1.1" 200 425 "-" "Mozilla/5.0 (compatible; MJ12bot/v1.4.8; http://mj12bot.com/)" "www.mantech8.com"
94.23.7.188 - - [27/Sep/2022:18:33:32 -0700] "GET /bimages/ele/?C=S;O=A HTTP/1.1" 200 427 "-" "Mozilla/5.0 (compatible; MJ12bot/v1.4.8; http://mj12bot.com/)" "www.mantech8.com"
136.243.220.213 - - [27/Sep/2022:18:33:33 -0700] "GET /?camp-fire/12217476.html HTTP/1.1" 500 - "-" "Mozilla/5.0 (compatible; DataForSeoBot/1.0; +https://dataforseo.com/dataforseo-bot)" "mantech8.com"
94.23.7.188 - - [27/Sep/2022:18:33:34 -0700] "GET /bimages/elect/?C=D;O=A HTTP/1.1" 200 417 "-" "Mozilla/5.0 (compatible; MJ12bot/v1.4.8; http://mj12bot.com/)" "www.mantech8.com"
94.23.7.188 - - [27/Sep/2022:18:33:36 -0700] "GET /bimages/elect/?C=M;O=A HTTP/1.1" 200 417 "-" "Mozilla/5.0 (compatible; MJ12bot/v1.4.8; http://mj12bot.com/)" "www.mantech8.com"
136.243.220.213 - - [27/Sep/2022:18:33:37 -0700] "GET /?camp-fire/15133372.html HTTP/1.1" 500 - "-" "Mozilla/5.0 (compatible; DataForSeoBot/1.0; +https://dataforseo.com/dataforseo-bot)" "mantech8.com"
185.191.171.4 - - [27/Sep/2022:18:33:38 -0700] "GET /?camp-fire%2F11982276.html HTTP/1.1" 500 - "-" "Mozilla/5.0 (compatible; SemrushBot/7~bl; +http://www.semrush.com/bot.html)" "mantech8.com"
94.23.7.188 - - [27/Sep/2022:18:33:38 -0700] "GET /bimages/elect/?C=N;O=D HTTP/1.1" 200 415 "-" "Mozilla/5.0 (compatible; MJ12bot/v1.4.8; http://mj12bot.com/)" "www.mantech8.com"
94.23.7.188 - - [27/Sep/2022:18:33:40 -0700] "GET /bimages/elect/?C=S;O=A HTTP/1.1" 200 417 "-" "Mozilla/5.0 (compatible; MJ12bot/v1.4.8; http://mj12bot.com/)" "www.mantech8.com"
136.243.220.213 - - [27/Sep/2022:18:33:41 -0700] "GET /?camp-fire/1658659.html HTTP/1.1" 500 - "-" "Mozilla/5.0 (compatible; DataForSeoBot/1.0; +https://dataforseo.com/dataforseo-bot)" "mantech8.com"
94.23.7.188 - - [27/Sep/2022:18:33:42 -0700] "GET /bimages/electric/?C=D;O=A HTTP/1.1" 200 420 "-" "Mozilla/5.0 (compatible; MJ12bot/v1.4.8; http://mj12bot.com/)" "www.mantech8.com"
94.23.7.188 - - [27/Sep/2022:18:33:44 -0700] "GET /bimages/electric/?C=M;O=A HTTP/1.1" 200 420 "-" "Mozilla/5.0 (compatible; MJ12bot/v1.4.8; http://mj12bot.com/)" "www.mantech8.com"
136.243.220.213 - - [27/Sep/2022:18:33:45 -0700] "GET /?camp-fire/39128517.html HTTP/1.1" 500 - "-" "Mozilla/5.0 (compatible; DataForSeoBot/1.0; +https://dataforseo.com/dataforseo-bot)" "mantech8.com"
136.243.220.213 - - [27/Sep/2022:18:33:47 -0700] "GET /?camp-fire/40184776.html HTTP/1.1" 500 - "-" "Mozilla/5.0 (compatible; DataForSeoBot/1.0; +https://dataforseo.com/dataforseo-bot)" "mantech8.com"
185.191.171.43 - - [27/Sep/2022:18:33:47 -0700] "GET /?camp-fire%2F41525171.html HTTP/1.1" 500 - "-" "Mozilla/5.0 (compatible; SemrushBot/7~bl; +http://www.semrush.com/bot.html)" "mantech8.com"
94.23.7.188 - - [27/Sep/2022:18:33:47 -0700] "GET /bimages/electric/?C=N;O=D HTTP/1.1" 200 418 "-" "Mozilla/5.0 (compatible; MJ12bot/v1.4.8; http://mj12bot.com/)" "www.mantech8.com"
94.23.7.188 - - [27/Sep/2022:18:33:50 -0700] "GET /bimages/electric/?C=S;O=A HTTP/1.1" 200 420 "-" "Mozilla/5.0 (compatible; MJ12bot/v1.4.8; http://mj12bot.com/)" "www.mantech8.com"
136.243.220.213 - - [27/Sep/2022:18:33:50 -0700] "GET /?camp-fire/15099287.html HTTP/1.1" 500 - "-" "Mozilla/5.0 (compatible; DataForSeoBot/1.0; +https://dataforseo.com/dataforseo-bot)" "mantech8.com"
94.23.7.188 - - [27/Sep/2022:18:33:52 -0700] "GET /bimages/ework/?C=D;O=A HTTP/1.1" 200 419 "-" "Mozilla/5.0 (compatible; MJ12bot/v1.4.8; http://mj12bot.com/)" "www.mantech8.com"
136.243.220.213 - - [27/Sep/2022:18:33:54 -0700] "GET /?camp-fire/26942747.html HTTP/1.1" 500 - "-" "Mozilla/5.0 (compatible; DataForSeoBot/1.0; +https://dataforseo.com/dataforseo-bot)" "mantech8.com"
94.23.7.188 - - [27/Sep/2022:18:33:55 -0700] "GET /bimages/ework/?C=M;O=A HTTP/1.1" 200 420 "-" "Mozilla/5.0 (compatible; MJ12bot/v1.4.8; http://mj12bot.com/)" "www.mantech8.com"
94.23.7.188 - - [27/Sep/2022:18:33:58 -0700] "GET /bimages/ework/?C=N;O=D HTTP/1.1" 200 417 "-" "Mozilla/5.0 (compatible; MJ12bot/v1.4.8; http://mj12bot.com/)" "www.mantech8.com"
136.243.220.213 - - [27/Sep/2022:18:33:58 -0700] "GET /?camp-fire/2688793.html HTTP/1.1" 500 - "-" "Mozilla/5.0 (compatible; DataForSeoBot/1.0; +https://dataforseo.com/dataforseo-bot)" "mantech8.com"
94.23.7.188 - - [27/Sep/2022:18:34:01 -0700] "GET /bimages/ework/?C=S;O=A HTTP/1.1" 200 419 "-" "Mozilla/5.0 (compatible; MJ12bot/v1.4.8; http://mj12bot.com/)" "www.mantech8.com"
136.243.220.213 - - [27/Sep/2022:18:34:02 -0700] "GET /?camp-fire/1665690.html HTTP/1.1" 500 - "-" "Mozilla/5.0 (compatible; DataForSeoBot/1.0; +https://dataforseo.com/dataforseo-bot)" "mantech8.com"
94.23.7.188 - - [27/Sep/2022:18:34:03 -0700] "GET /bimages/headg/?C=N;O=D HTTP/1.1" 200 489 "-" "Mozilla/5.0 (compatible; MJ12bot/v1.4.8; http://mj12bot.com/)" "www.mantech8.com"
185.191.171.7 - - [27/Sep/2022:18:34:03 -0700] "GET /?camp-fire%2F1803151.html HTTP/1.1" 500 - "-" "Mozilla/5.0 (compatible; SemrushBot/7~bl; +http://www.semrush.com/bot.html)" "mantech8.com"
114.119.133.182 - - [27/Sep/2022:18:34:04 -0700] "GET /index.php/sitemap-index-2.xml HTTP/1.1" 200 4945 "-" "Mozilla/5.0 (Linux; Android 7.0;) AppleWebKit/537.36 (KHTML, like Gecko) Mobile Safari/537.36 (compatible; PetalBot;+https://webmaster.petalsearch.com/site/petalbot)" "mantech8.com"
94.23.7.188 - - [27/Sep/2022:18:34:05 -0700] "GET /bimages/headg/thump/?C=D;O=D HTTP/1.1" 200 479 "-" "Mozilla/5.0 (compatible; MJ12bot/v1.4.8; http://mj12bot.com/)" "www.mantech8.com"
136.243.220.213 - - [27/Sep/2022:18:34:06 -0700] "GET /?camp-fire/3623100.html HTTP/1.1" 500 - "-" "Mozilla/5.0 (compatible; DataForSeoBot/1.0; +https://dataforseo.com/dataforseo-bot)" "mantech8.com"
94.23.7.188 - - [27/Sep/2022:18:34:08 -0700] "GET /bimages/headg/thump/?C=M;O=D HTTP/1.1" 200 483 "-" "Mozilla/5.0 (compatible; MJ12bot/v1.4.8; http://mj12bot.com/)" "www.mantech8.com"
136.243.220.213 - - [27/Sep/2022:18:34:10 -0700] "GET /?camp-fire/3623800.html HTTP/1.1" 500 - "-" "Mozilla/5.0 (compatible; DataForSeoBot/1.0; +https://dataforseo.com/dataforseo-bot)" "mantech8.com"
94.23.7.188 - - [27/Sep/2022:18:34:10 -0700] "GET /bimages/headg/thump/?C=N;O=A HTTP/1.1" 200 484 "-" "Mozilla/5.0 (compatible; MJ12bot/v1.4.8; http://mj12bot.com/)" "www.mantech8.com"
94.23.7.188 - - [27/Sep/2022:18:34:13 -0700] "GET /bimages/headg/thump/?C=S;O=D HTTP/1.1" 200 480 "-" "Mozilla/5.0 (compatible; MJ12bot/v1.4.8; http://mj12bot.com/)" "www.mantech8.com"
136.243.220.213 - - [27/Sep/2022:18:34:14 -0700] "GET /?camp-fire/10817357.html HTTP/1.1" 500 - "-" "Mozilla/5.0 (compatible; DataForSeoBot/1.0; +https://dataforseo.com/dataforseo-bot)" "mantech8.com"
94.23.7.188 - - [27/Sep/2022:18:34:15 -0700] "GET /bimages/hgallery/thump/?C=D;O=D HTTP/1.1" 200 503 "-" "Mozilla/5.0 (compatible; MJ12bot/v1.4.8; http://mj12bot.com/)" "www.mantech8.com"
94.23.7.188 - - [27/Sep/2022:18:34:17 -0700] "GET /bimages/hgallery/thump/?C=M;O=D HTTP/1.1" 200 501 "-" "Mozilla/5.0 (compatible; MJ12bot/v1.4.8; http://mj12bot.com/)" "www.mantech8.com"
136.243.220.213 - - [27/Sep/2022:18:34:18 -0700] "GET /?camp-fire/14218059.html HTTP/1.1" 500 - "-" "Mozilla/5.0 (compatible; DataForSeoBot/1.0; +https://dataforseo.com/dataforseo-bot)" "mantech8.com"
94.23.7.188 - - [27/Sep/2022:18:34:21 -0700] "GET /bimages/hgallery/thump/?C=N;O=A HTTP/1.1" 200 506 "-" "Mozilla/5.0 (compatible; MJ12bot/v1.4.8; http://mj12bot.com/)" "www.mantech8.com"
136.243.220.213 - - [27/Sep/2022:18:34:22 -0700] "GET /?camp-fire/27402263.html HTTP/1.1" 500 - "-" "Mozilla/5.0 (compatible; DataForSeoBot/1.0; +https://dataforseo.com/dataforseo-bot)" "mantech8.com"
94.23.7.188 - - [27/Sep/2022:18:34:23 -0700] "GET /bimages/hgallery/thump/?C=S;O=D HTTP/1.1" 200 505 "-" "Mozilla/5.0 (compatible; MJ12bot/v1.4.8; http://mj12bot.com/)" "www.mantech8.com"
94.23.7.188 - - [27/Sep/2022:18:34:26 -0700] "GET /bimages/himage/?C=D;O=A HTTP/1.1" 200 443 "-" "Mozilla/5.0 (compatible; MJ12bot/v1.4.8; http://mj12bot.com/)" "www.mantech8.com"
136.243.220.213 - - [27/Sep/2022:18:34:26 -0700] "GET /?camp-fire/11770709.html HTTP/1.1" 500 - "-" "Mozilla/5.0 (compatible; DataForSeoBot/1.0; +https://dataforseo.com/dataforseo-bot)" "mantech8.com"
94.23.7.188 - - [27/Sep/2022:18:34:28 -0700] "GET /bimages/himage/?C=M;O=A HTTP/1.1" 200 443 "-" "Mozilla/5.0 (compatible; MJ12bot/v1.4.8; http://mj12bot.com/)" "www.mantech8.com"
136.243.220.213 - - [27/Sep/2022:18:34:30 -0700] "GET /?camp-fire/28198659.html HTTP/1.1" 500 - "-" "Mozilla/5.0 (compatible; DataForSeoBot/1.0; +https://dataforseo.com/dataforseo-bot)" "mantech8.com"
94.23.7.188 - - [27/Sep/2022:18:34:30 -0700] "GET /bimages/himage/?C=N;O=D HTTP/1.1" 200 442 "-" "Mozilla/5.0 (compatible; MJ12bot/v1.4.8; http://mj12bot.com/)" "www.mantech8.com"
94.23.7.188 - - [27/Sep/2022:18:34:33 -0700] "GET /bimages/himage/?C=S;O=A HTTP/1.1" 200 444 "-" "Mozilla/5.0 (compatible; MJ12bot/v1.4.8; http://mj12bot.com/)" "www.mantech8.com"
136.243.220.213 - - [27/Sep/2022:18:34:34 -0700] "GET /?camp-fire/9989483.html HTTP/1.1" 500 - "-" "Mozilla/5.0 (compatible; DataForSeoBot/1.0; +https://dataforseo.com/dataforseo-bot)" "mantech8.com"
94.23.7.188 - - [27/Sep/2022:18:34:35 -0700] "GET /bimages/hydrog/?C=D;O=A HTTP/1.1" 200 486 "-" "Mozilla/5.0 (compatible; MJ12bot/v1.4.8; http://mj12bot.com/)" "www.mantech8.com"
94.23.7.188 - - [27/Sep/2022:18:34:37 -0700] "GET /bimages/hydrog/?C=M;O=A HTTP/1.1" 200 483 "-" "Mozilla/5.0 (compatible; MJ12bot/v1.4.8; http://mj12bot.com/)" "www.mantech8.com"
136.243.220.213 - - [27/Sep/2022:18:34:38 -0700] "GET /?camp-fire/27957509.html HTTP/1.1" 500 - "-" "Mozilla/5.0 (compatible; DataForSeoBot/1.0; +https://dataforseo.com/dataforseo-bot)" "mantech8.com"
94.23.7.188 - - [27/Sep/2022:18:34:40 -0700] "GET /bimages/hydrog/?C=N;O=D HTTP/1.1" 200 483 "-" "Mozilla/5.0 (compatible; MJ12bot/v1.4.8; http://mj12bot.com/)" "www.mantech8.com"
136.243.220.213 - - [27/Sep/2022:18:34:42 -0700] "GET /?camp-fire/4569796.html HTTP/1.1" 500 - "-" "Mozilla/5.0 (compatible; DataForSeoBot/1.0; +https://dataforseo.com/dataforseo-bot)" "mantech8.com"
94.23.7.188 - - [27/Sep/2022:18:34:42 -0700] "GET /bimages/hydrog/?C=S;O=A HTTP/1.1" 200 484 "-" "Mozilla/5.0 (compatible; MJ12bot/v1.4.8; http://mj12bot.com/)" "www.mantech8.com"
136.243.220.213 - - [27/Sep/2022:18:34:43 -0700] "GET /?camp-fire/42420334.html HTTP/1.1" 500 - "-" "Mozilla/5.0 (compatible; DataForSeoBot/1.0; +https://dataforseo.com/dataforseo-bot)" "mantech8.com"
94.23.7.188 - - [27/Sep/2022:18:34:45 -0700] "GET /bimages/hydrog/thump/ HTTP/1.1" 200 468 "-" "Mozilla/5.0 (compatible; MJ12bot/v1.4.8; http://mj12bot.com/)" "www.mantech8.com"
136.243.220.213 - - [27/Sep/2022:18:34:46 -0700] "GET /?camp-fire/40615750.html HTTP/1.1" 500 - "-" "Mozilla/5.0 (compatible; DataForSeoBot/1.0; +https://dataforseo.com/dataforseo-bot)" "mantech8.com"
94.23.7.188 - - [27/Sep/2022:18:34:46 -0700] "GET /bimages/hydrog/thump/?C=D;O=D HTTP/1.1" 200 466 "-" "Mozilla/5.0 (compatible; MJ12bot/v1.4.8; http://mj12bot.com/)" "www.mantech8.com"
94.23.7.188 - - [27/Sep/2022:18:34:49 -0700] "GET /bimages/hydrog/thump/?C=M;O=D HTTP/1.1" 200 466 "-" "Mozilla/5.0 (compatible; MJ12bot/v1.4.8; http://mj12bot.com/)" "www.mantech8.com"
136.243.220.213 - - [27/Sep/2022:18:34:50 -0700] "GET /?camp-fire/32697860.html HTTP/1.1" 500 - "-" "Mozilla/5.0 (compatible; DataForSeoBot/1.0; +https://dataforseo.com/dataforseo-bot)" "mantech8.com"
94.23.7.188 - - [27/Sep/2022:18:34:52 -0700] "GET /bimages/hydrog/thump/?C=N;O=A HTTP/1.1" 200 468 "-" "Mozilla/5.0 (compatible; MJ12bot/v1.4.8; http://mj12bot.com/)" "www.mantech8.com"
136.243.220.213 - - [27/Sep/2022:18:34:54 -0700] "GET /?camp-fire/28728464.html HTTP/1.1" 500 - "-" "Mozilla/5.0 (compatible; DataForSeoBot/1.0; +https://dataforseo.com/dataforseo-bot)" "mantech8.com"
94.23.7.188 - - [27/Sep/2022:18:34:55 -0700] "GET /bimages/hydrog/thump/?C=S;O=D HTTP/1.1" 200 466 "-" "Mozilla/5.0 (compatible; MJ12bot/v1.4.8; http://mj12bot.com/)" "www.mantech8.com"
94.23.7.188 - - [27/Sep/2022:18:34:57 -0700] "GET /bimages/mission/?C=D;O=A HTTP/1.1" 200 416 "-" "Mozilla/5.0 (compatible; MJ12bot/v1.4.8; http://mj12bot.com/)" "www.mantech8.com"
207.46.13.42 - - [27/Sep/2022:18:34:57 -0700] "GET /index.php/sitemap818.xml HTTP/1.1" 200 322945 "-" "Mozilla/5.0 AppleWebKit/537.36 (KHTML, like Gecko; compatible; bingbot/2.0; +http://www.bing.com/bingbot.htm) Chrome/103.0.5060.134 Safari/537.36" "mantech8.com"
136.243.220.213 - - [27/Sep/2022:18:34:58 -0700] "GET /?camp-fire/28199259.html HTTP/1.1" 500 - "-" "Mozilla/5.0 (compatible; DataForSeoBot/1.0; +https://dataforseo.com/dataforseo-bot)" "mantech8.com"
136.243.220.213 - - [27/Sep/2022:18:34:59 -0700] "GET /?camp-fire/28548535.html HTTP/1.1" 500 - "-" "Mozilla/5.0 (compatible; DataForSeoBot/1.0; +https://dataforseo.com/dataforseo-bot)" "mantech8.com"
94.23.7.188 - - [27/Sep/2022:18:34:59 -0700] "GET /bimages/mission/?C=M;O=A HTTP/1.1" 200 417 "-" "Mozilla/5.0 (compatible; MJ12bot/v1.4.8; http://mj12bot.com/)" "www.mantech8.com"
94.23.7.188 - - [27/Sep/2022:18:35:01 -0700] "GET /bimages/mission/?C=N;O=D HTTP/1.1" 200 414 "-" "Mozilla/5.0 (compatible; MJ12bot/v1.4.8; http://mj12bot.com/)" "www.mantech8.com"
157.55.39.68 - - [27/Sep/2022:18:35:01 -0700] "GET /index.php/sitemap17155.xml HTTP/1.1" 200 295038 "-" "Mozilla/5.0 (compatible; bingbot/2.0; +http://www.bing.com/bingbot.htm)" "mantech8.com"
185.191.171.43 - - [27/Sep/2022:18:35:02 -0700] "GET /?camp-fire%2F8023096.html HTTP/1.1" 500 - "-" "Mozilla/5.0 (compatible; SemrushBot/7~bl; +http://www.semrush.com/bot.html)" "mantech8.com"
136.243.220.213 - - [27/Sep/2022:18:35:03 -0700] "GET /?camp-fire/1659659.html HTTP/1.1" 500 - "-" "Mozilla/5.0 (compatible; DataForSeoBot/1.0; +https://dataforseo.com/dataforseo-bot)" "mantech8.com"
94.23.7.188 - - [27/Sep/2022:18:35:03 -0700] "GET /bimages/mission/?C=S;O=A HTTP/1.1" 200 417 "-" "Mozilla/5.0 (compatible; MJ12bot/v1.4.8; http://mj12bot.com/)" "www.mantech8.com"
136.243.220.213 - - [27/Sep/2022:18:35:03 -0700] "GET /?camp-fire/34096608.html HTTP/1.1" 500 - "-" "Mozilla/5.0 (compatible; DataForSeoBot/1.0; +https://dataforseo.com/dataforseo-bot)" "mantech8.com"
94.23.7.188 - - [27/Sep/2022:18:35:06 -0700] "GET /bimages/paintg/?C=D;O=A HTTP/1.1" 200 497 "-" "Mozilla/5.0 (compatible; MJ12bot/v1.4.8; http://mj12bot.com/)" "www.mantech8.com"
136.243.220.213 - - [27/Sep/2022:18:35:07 -0700] "GET /?camp-fire/21078735.html HTTP/1.1" 500 - "-" "Mozilla/5.0 (compatible; DataForSeoBot/1.0; +https://dataforseo.com/dataforseo-bot)" "mantech8.com"
94.23.7.188 - - [27/Sep/2022:18:35:08 -0700] "GET /bimages/paintg/?C=M;O=A HTTP/1.1" 200 496 "-" "Mozilla/5.0 (compatible; MJ12bot/v1.4.8; http://mj12bot.com/)" "www.mantech8.com"
94.23.7.188 - - [27/Sep/2022:18:35:10 -0700] "GET /bimages/paintg/?C=N;O=D HTTP/1.1" 200 491 "-" "Mozilla/5.0 (compatible; MJ12bot/v1.4.8; http://mj12bot.com/)" "www.mantech8.com"
136.243.220.213 - - [27/Sep/2022:18:35:11 -0700] "GET /?camp-fire/42095103.html HTTP/1.1" 500 - "-" "Mozilla/5.0 (compatible; DataForSeoBot/1.0; +https://dataforseo.com/dataforseo-bot)" "mantech8.com"
94.23.7.188 - - [27/Sep/2022:18:35:13 -0700] "GET /bimages/paintg/?C=S;O=A HTTP/1.1" 200 493 "-" "Mozilla/5.0 (compatible; MJ12bot/v1.4.8; http://mj12bot.com/)" "www.mantech8.com"
185.191.171.12 - - [27/Sep/2022:18:35:14 -0700] "GET /?camp-fire%2F44844526.html HTTP/1.1" 500 - "-" "Mozilla/5.0 (compatible; SemrushBot/7~bl; +http://www.semrush.com/bot.html)" "mantech8.com"
94.23.7.188 - - [27/Sep/2022:18:35:15 -0700] "GET /bimages/paintg/thump/ HTTP/1.1" 200 483 "-" "Mozilla/5.0 (compatible; MJ12bot/v1.4.8; http://mj12bot.com/)" "www.mantech8.com"
40.77.167.58 - - [27/Sep/2022:18:35:15 -0700] "GET /index.php?camp-fire/7.html HTTP/1.1" 200 60337 "-" "Mozilla/5.0 AppleWebKit/537.36 (KHTML, like Gecko; compatible; bingbot/2.0; +http://www.bing.com/bingbot.htm) Chrome/103.0.5060.134 Safari/537.36" "mantech8.com"
136.243.220.213 - - [27/Sep/2022:18:35:17 -0700] "GET /?camp-fire/18403561.html HTTP/1.1" 500 - "-" "Mozilla/5.0 (compatible; DataForSeoBot/1.0; +https://dataforseo.com/dataforseo-bot)" "mantech8.com"
94.23.7.188 - - [27/Sep/2022:18:35:17 -0700] "GET /bimages/paintg/thump/?C=D;O=D HTTP/1.1" 200 481 "-" "Mozilla/5.0 (compatible; MJ12bot/v1.4.8; http://mj12bot.com/)" "www.mantech8.com"
136.243.220.213 - - [27/Sep/2022:18:35:17 -0700] "GET /?camp-fire/4496085.html HTTP/1.1" 500 - "-" "Mozilla/5.0 (compatible; DataForSeoBot/1.0; +https://dataforseo.com/dataforseo-bot)" "mantech8.com"
94.23.7.188 - - [27/Sep/2022:18:35:19 -0700] "GET /bimages/paintg/thump/?C=M;O=D HTTP/1.1" 200 481 "-" "Mozilla/5.0 (compatible; MJ12bot/v1.4.8; http://mj12bot.com/)" "www.mantech8.com"
94.23.7.188 - - [27/Sep/2022:18:35:22 -0700] "GET /bimages/paintg/thump/?C=N;O=A HTTP/1.1" 200 483 "-" "Mozilla/5.0 (compatible; MJ12bot/v1.4.8; http://mj12bot.com/)" "www.mantech8.com"
94.23.7.188 - - [27/Sep/2022:18:35:24 -0700] "GET /bimages/paintg/thump/?C=S;O=D HTTP/1.1" 200 482 "-" "Mozilla/5.0 (compatible; MJ12bot/v1.4.8; http://mj12bot.com/)" "www.mantech8.com"
136.243.220.213 - - [27/Sep/2022:18:35:25 -0700] "GET /?camp-fire/40614950.html HTTP/1.1" 500 - "-" "Mozilla/5.0 (compatible; DataForSeoBot/1.0; +https://dataforseo.com/dataforseo-bot)" "mantech8.com"
136.243.220.213 - - [27/Sep/2022:18:35:26 -0700] "GET /?camp-fire/10475790.html HTTP/1.1" 500 - "-" "Mozilla/5.0 (compatible; DataForSeoBot/1.0; +https://dataforseo.com/dataforseo-bot)" "mantech8.com"
94.23.7.188 - - [27/Sep/2022:18:35:26 -0700] "GET /bimages/pipeg/?C=D;O=A HTTP/1.1" 200 569 "-" "Mozilla/5.0 (compatible; MJ12bot/v1.4.8; http://mj12bot.com/)" "www.mantech8.com"
94.23.7.188 - - [27/Sep/2022:18:35:29 -0700] "GET /bimages/pipeg/?C=M;O=A HTTP/1.1" 200 567 "-" "Mozilla/5.0 (compatible; MJ12bot/v1.4.8; http://mj12bot.com/)" "www.mantech8.com"
136.243.220.213 - - [27/Sep/2022:18:35:31 -0700] "GET /?camp-fire/16845265.html HTTP/1.1" 500 - "-" "Mozilla/5.0 (compatible; DataForSeoBot/1.0; +https://dataforseo.com/dataforseo-bot)" "mantech8.com"
94.23.7.188 - - [27/Sep/2022:18:35:31 -0700] "GET /bimages/pipeg/?C=N;O=D HTTP/1.1" 200 564 "-" "Mozilla/5.0 (compatible; MJ12bot/v1.4.8; http://mj12bot.com/)" "www.mantech8.com"
94.23.7.188 - - [27/Sep/2022:18:35:33 -0700] "GET /bimages/pipeg/?C=S;O=A HTTP/1.1" 200 566 "-" "Mozilla/5.0 (compatible; MJ12bot/v1.4.8; http://mj12bot.com/)" "www.mantech8.com"
136.243.220.213 - - [27/Sep/2022:18:35:34 -0700] "GET /?camp-fire/30944855.html HTTP/1.1" 500 - "-" "Mozilla/5.0 (compatible; DataForSeoBot/1.0; +https://dataforseo.com/dataforseo-bot)" "mantech8.com"
94.23.7.188 - - [27/Sep/2022:18:35:36 -0700] "GET /bimages/pipeg/thump/ HTTP/1.1" 200 568 "-" "Mozilla/5.0 (compatible; MJ12bot/v1.4.8; http://mj12bot.com/)" "www.mantech8.com"
136.243.220.213 - - [27/Sep/2022:18:35:38 -0700] "GET /?camp-fire/33740793.html HTTP/1.1" 500 - "-" "Mozilla/5.0 (compatible; DataForSeoBot/1.0; +https://dataforseo.com/dataforseo-bot)" "mantech8.com"
94.23.7.188 - - [27/Sep/2022:18:35:38 -0700] "GET /bimages/pipeg/thump/?C=D;O=D HTTP/1.1" 200 562 "-" "Mozilla/5.0 (compatible; MJ12bot/v1.4.8; http://mj12bot.com/)" "www.mantech8.com"
136.243.220.213 - - [27/Sep/2022:18:35:39 -0700] "GET /?camp-fire/36011138.html HTTP/1.1" 500 - "-" "Mozilla/5.0 (compatible; DataForSeoBot/1.0; +https://dataforseo.com/dataforseo-bot)" "mantech8.com"
136.243.220.213 - - [27/Sep/2022:18:35:39 -0700] "GET /?camp-fire/29132166.html HTTP/1.1" 500 - "-" "Mozilla/5.0 (compatible; DataForSeoBot/1.0; +https://dataforseo.com/dataforseo-bot)" "mantech8.com"
94.23.7.188 - - [27/Sep/2022:18:35:40 -0700] "GET /bimages/pipeg/thump/?C=M;O=D HTTP/1.1" 200 562 "-" "Mozilla/5.0 (compatible; MJ12bot/v1.4.8; http://mj12bot.com/)" "www.mantech8.com"
94.23.7.188 - - [27/Sep/2022:18:35:43 -0700] "GET /bimages/pipeg/thump/?C=N;O=A HTTP/1.1" 200 568 "-" "Mozilla/5.0 (compatible; MJ12bot/v1.4.8; http://mj12bot.com/)" "www.mantech8.com"
136.243.220.213 - - [27/Sep/2022:18:35:43 -0700] "GET /?camp-fire/39338935.html HTTP/1.1" 500 - "-" "Mozilla/5.0 (compatible; DataForSeoBot/1.0; +https://dataforseo.com/dataforseo-bot)" "mantech8.com"
94.23.7.188 - - [27/Sep/2022:18:35:46 -0700] "GET /bimages/pipeg/thump/?C=S;O=D HTTP/1.1" 200 562 "-" "Mozilla/5.0 (compatible; MJ12bot/v1.4.8; http://mj12bot.com/)" "www.mantech8.com"
94.23.7.188 - - [27/Sep/2022:18:35:49 -0700] "GET /bimages/safety/?C=D;O=A HTTP/1.1" 200 465 "-" "Mozilla/5.0 (compatible; MJ12bot/v1.4.8; http://mj12bot.com/)" "www.mantech8.com"
185.191.171.40 - - [27/Sep/2022:18:35:49 -0700] "GET /?camp-fire%2F17647227.html HTTP/1.1" 500 - "-" "Mozilla/5.0 (compatible; SemrushBot/7~bl; +http://www.semrush.com/bot.html)" "mantech8.com"
94.23.7.188 - - [27/Sep/2022:18:35:51 -0700] "GET /bimages/safety/?C=M;O=A HTTP/1.1" 200 465 "-" "Mozilla/5.0 (compatible; MJ12bot/v1.4.8; http://mj12bot.com/)" "www.mantech8.com"
94.23.7.188 - - [27/Sep/2022:18:35:52 -0700] "GET /bimages/safety/?C=N;O=D HTTP/1.1" 200 462 "-" "Mozilla/5.0 (compatible; MJ12bot/v1.4.8; http://mj12bot.com/)" "www.mantech8.com"
136.243.220.213 - - [27/Sep/2022:18:35:56 -0700] "GET /?camp-fire/26357051.html HTTP/1.1" 500 - "-" "Mozilla/5.0 (compatible; DataForSeoBot/1.0; +https://dataforseo.com/dataforseo-bot)" "mantech8.com"
94.23.7.188 - - [27/Sep/2022:18:35:56 -0700] "GET /bimages/safety/?C=S;O=A HTTP/1.1" 200 465 "-" "Mozilla/5.0 (compatible; MJ12bot/v1.4.8; http://mj12bot.com/)" "www.mantech8.com"
94.23.7.188 - - [27/Sep/2022:18:35:58 -0700] "GET /bimages/scafg/?C=D;O=A HTTP/1.1" 200 555 "-" "Mozilla/5.0 (compatible; MJ12bot/v1.4.8; http://mj12bot.com/)" "www.mantech8.com"
94.23.7.188 - - [27/Sep/2022:18:36:00 -0700] "GET /bimages/scafg/?C=M;O=A HTTP/1.1" 200 557 "-" "Mozilla/5.0 (compatible; MJ12bot/v1.4.8; http://mj12bot.com/)" "www.mantech8.com"
136.243.220.213 - - [27/Sep/2022:18:36:00 -0700] "GET /?camp-fire/26356551.html HTTP/1.1" 500 - "-" "Mozilla/5.0 (compatible; DataForSeoBot/1.0; +https://dataforseo.com/dataforseo-bot)" "mantech8.com"
94.23.7.188 - - [27/Sep/2022:18:36:02 -0700] "GET /bimages/scafg/?C=N;O=D HTTP/1.1" 200 547 "-" "Mozilla/5.0 (compatible; MJ12bot/v1.4.8; http://mj12bot.com/)" "www.mantech8.com"
94.23.7.188 - - [27/Sep/2022:18:36:04 -0700] "GET /bimages/scafg/?C=S;O=A HTTP/1.1" 200 549 "-" "Mozilla/5.0 (compatible; MJ12bot/v1.4.8; http://mj12bot.com/)" "www.mantech8.com"
136.243.220.213 - - [27/Sep/2022:18:36:04 -0700] "GET /?camp-fire/27401663.html HTTP/1.1" 500 - "-" "Mozilla/5.0 (compatible; DataForSeoBot/1.0; +https://dataforseo.com/dataforseo-bot)" "mantech8.com"
94.23.7.188 - - [27/Sep/2022:18:36:06 -0700] "GET /bimages/scafg/thump/ HTTP/1.1" 200 535 "-" "Mozilla/5.0 (compatible; MJ12bot/v1.4.8; http://mj12bot.com/)" "www.mantech8.com"
136.243.220.213 - - [27/Sep/2022:18:36:08 -0700] "GET /?camp-fire/42363249.html HTTP/1.1" 500 - "-" "Mozilla/5.0 (compatible; DataForSeoBot/1.0; +https://dataforseo.com/dataforseo-bot)" "mantech8.com"
94.23.7.188 - - [27/Sep/2022:18:36:08 -0700] "GET /bimages/scafg/thump/?C=D;O=D HTTP/1.1" 200 530 "-" "Mozilla/5.0 (compatible; MJ12bot/v1.4.8; http://mj12bot.com/)" "www.mantech8.com"
94.23.7.188 - - [27/Sep/2022:18:36:11 -0700] "GET /bimages/scafg/thump/?C=M;O=D HTTP/1.1" 200 531 "-" "Mozilla/5.0 (compatible; MJ12bot/v1.4.8; http://mj12bot.com/)" "www.mantech8.com"
136.243.220.213 - - [27/Sep/2022:18:36:12 -0700] "GET /?camp-fire/16844565.html HTTP/1.1" 500 - "-" "Mozilla/5.0 (compatible; DataForSeoBot/1.0; +https://dataforseo.com/dataforseo-bot)" "mantech8.com"
94.23.7.188 - - [27/Sep/2022:18:36:13 -0700] "GET /bimages/scafg/thump/?C=N;O=A HTTP/1.1" 200 535 "-" "Mozilla/5.0 (compatible; MJ12bot/v1.4.8; http://mj12bot.com/)" "www.mantech8.com"
136.243.220.213 - - [27/Sep/2022:18:36:14 -0700] "GET /?camp-fire/36010738.html HTTP/1.1" 500 - "-" "Mozilla/5.0 (compatible; DataForSeoBot/1.0; +https://dataforseo.com/dataforseo-bot)" "mantech8.com"
94.23.7.188 - - [27/Sep/2022:18:36:15 -0700] "GET /bimages/scafg/thump/?C=S;O=D HTTP/1.1" 200 534 "-" "Mozilla/5.0 (compatible; MJ12bot/v1.4.8; http://mj12bot.com/)" "www.mantech8.com"
94.23.7.188 - - [27/Sep/2022:18:36:17 -0700] "GET /bimages/service/?C=D;O=A HTTP/1.1" 200 591 "-" "Mozilla/5.0 (compatible; MJ12bot/v1.4.8; http://mj12bot.com/)" "www.mantech8.com"
136.243.220.213 - - [27/Sep/2022:18:36:18 -0700] "GET /?camp-fire/30797741.html HTTP/1.1" 500 - "-" "Mozilla/5.0 (compatible; DataForSeoBot/1.0; +https://dataforseo.com/dataforseo-bot)" "mantech8.com"
94.23.7.188 - - [27/Sep/2022:18:36:20 -0700] "GET /bimages/service/?C=M;O=A HTTP/1.1" 200 586 "-" "Mozilla/5.0 (compatible; MJ12bot/v1.4.8; http://mj12bot.com/)" "www.mantech8.com"
94.23.7.188 - - [27/Sep/2022:18:36:22 -0700] "GET /bimages/service/?C=N;O=D HTTP/1.1" 200 582 "-" "Mozilla/5.0 (compatible; MJ12bot/v1.4.8; http://mj12bot.com/)" "www.mantech8.com"
136.243.220.213 - - [27/Sep/2022:18:36:22 -0700] "GET /?camp-fire/26222076.html HTTP/1.1" 500 - "-" "Mozilla/5.0 (compatible; DataForSeoBot/1.0; +https://dataforseo.com/dataforseo-bot)" "mantech8.com"
40.77.167.58 - - [27/Sep/2022:18:36:24 -0700] "GET /index.php/sitemap1208.xml HTTP/1.1" 200 241366 "-" "Mozilla/5.0 AppleWebKit/537.36 (KHTML, like Gecko; compatible; bingbot/2.0; +http://www.bing.com/bingbot.htm) Chrome/103.0.5060.134 Safari/537.36" "mantech8.com"
94.23.7.188 - - [27/Sep/2022:18:36:25 -0700] "GET /bimages/service/?C=S;O=A HTTP/1.1" 200 586 "-" "Mozilla/5.0 (compatible; MJ12bot/v1.4.8; http://mj12bot.com/)" "www.mantech8.com"
136.243.220.213 - - [27/Sep/2022:18:36:26 -0700] "GET /?camp-fire/17823527.html HTTP/1.1" 500 - "-" "Mozilla/5.0 (compatible; DataForSeoBot/1.0; +https://dataforseo.com/dataforseo-bot)" "mantech8.com"
94.23.7.188 - - [27/Sep/2022:18:36:27 -0700] "GET /bimages/service/thump/ HTTP/1.1" 200 539 "-" "Mozilla/5.0 (compatible; MJ12bot/v1.4.8; http://mj12bot.com/)" "www.mantech8.com"
94.23.7.188 - - [27/Sep/2022:18:36:29 -0700] "GET /bimages/service/thump/?C=D;O=D HTTP/1.1" 200 539 "-" "Mozilla/5.0 (compatible; MJ12bot/v1.4.8; http://mj12bot.com/)" "www.mantech8.com"
136.243.220.213 - - [27/Sep/2022:18:36:30 -0700] "GET /?camp-fire/5595677.html HTTP/1.1" 500 - "-" "Mozilla/5.0 (compatible; DataForSeoBot/1.0; +https://dataforseo.com/dataforseo-bot)" "mantech8.com"
94.23.7.188 - - [27/Sep/2022:18:36:31 -0700] "GET /bimages/service/thump/?C=M;O=D HTTP/1.1" 200 543 "-" "Mozilla/5.0 (compatible; MJ12bot/v1.4.8; http://mj12bot.com/)" "www.mantech8.com"
94.23.7.188 - - [27/Sep/2022:18:36:34 -0700] "GET /bimages/service/thump/?C=N;O=A HTTP/1.1" 200 539 "-" "Mozilla/5.0 (compatible; MJ12bot/v1.4.8; http://mj12bot.com/)" "www.mantech8.com"
136.243.220.213 - - [27/Sep/2022:18:36:34 -0700] "GET /?camp-fire/39128717.html HTTP/1.1" 500 - "-" "Mozilla/5.0 (compatible; DataForSeoBot/1.0; +https://dataforseo.com/dataforseo-bot)" "mantech8.com"
136.243.220.213 - - [27/Sep/2022:18:36:35 -0700] "GET /?camp-fire/12217376.html HTTP/1.1" 500 - "-" "Mozilla/5.0 (compatible; DataForSeoBot/1.0; +https://dataforseo.com/dataforseo-bot)" "mantech8.com"
136.243.220.213 - - [27/Sep/2022:18:36:35 -0700] "GET /?camp-fire/9988783.html HTTP/1.1" 500 - "-" "Mozilla/5.0 (compatible; DataForSeoBot/1.0; +https://dataforseo.com/dataforseo-bot)" "mantech8.com"
94.23.7.188 - - [27/Sep/2022:18:36:35 -0700] "GET /bimages/service/thump/?C=S;O=D HTTP/1.1" 200 543 "-" "Mozilla/5.0 (compatible; MJ12bot/v1.4.8; http://mj12bot.com/)" "www.mantech8.com"
94.23.7.188 - - [27/Sep/2022:18:36:37 -0700] "GET /bimages/tank/?C=D;O=A HTTP/1.1" 200 411 "-" "Mozilla/5.0 (compatible; MJ12bot/v1.4.8; http://mj12bot.com/)" "www.mantech8.com"
136.243.220.213 - - [27/Sep/2022:18:36:39 -0700] "GET /?camp-fire/3560298.html HTTP/1.1" 500 - "-" "Mozilla/5.0 (compatible; DataForSeoBot/1.0; +https://dataforseo.com/dataforseo-bot)" "mantech8.com"
94.23.7.188 - - [27/Sep/2022:18:36:39 -0700] "GET /bimages/tank/?C=M;O=A HTTP/1.1" 200 413 "-" "Mozilla/5.0 (compatible; MJ12bot/v1.4.8; http://mj12bot.com/)" "www.mantech8.com"
136.243.220.213 - - [27/Sep/2022:18:36:40 -0700] "GET /?camp-fire/26356751.html HTTP/1.1" 500 - "-" "Mozilla/5.0 (compatible; DataForSeoBot/1.0; +https://dataforseo.com/dataforseo-bot)" "mantech8.com"
136.243.220.213 - - [27/Sep/2022:18:36:40 -0700] "GET /?camp-fire/15454656.html HTTP/1.1" 500 - "-" "Mozilla/5.0 (compatible; DataForSeoBot/1.0; +https://dataforseo.com/dataforseo-bot)" "mantech8.com"
94.23.7.188 - - [27/Sep/2022:18:36:43 -0700] "GET /bimages/tank/?C=N;O=D HTTP/1.1" 200 411 "-" "Mozilla/5.0 (compatible; MJ12bot/v1.4.8; http://mj12bot.com/)" "www.mantech8.com"
40.77.167.58 - - [27/Sep/2022:18:36:44 -0700] "GET /index.php?sitemap-index-4.xml HTTP/1.1" 200 4241 "-" "Mozilla/5.0 (compatible; bingbot/2.0; +http://www.bing.com/bingbot.htm)" "mantech8.com"
136.243.220.213 - - [27/Sep/2022:18:36:44 -0700] "GET /?camp-fire/26419582.html HTTP/1.1" 500 - "-" "Mozilla/5.0 (compatible; DataForSeoBot/1.0; +https://dataforseo.com/dataforseo-bot)" "mantech8.com"
94.23.7.188 - - [27/Sep/2022:18:36:45 -0700] "GET /bimages/tank/?C=S;O=A HTTP/1.1" 200 412 "-" "Mozilla/5.0 (compatible; MJ12bot/v1.4.8; http://mj12bot.com/)" "www.mantech8.com"
94.23.7.188 - - [27/Sep/2022:18:36:47 -0700] "GET /bimages/video/?C=D;O=A HTTP/1.1" 200 550 "-" "Mozilla/5.0 (compatible; MJ12bot/v1.4.8; http://mj12bot.com/)" "www.mantech8.com"
136.243.220.213 - - [27/Sep/2022:18:36:48 -0700] "GET /?camp-fire/37351478.html HTTP/1.1" 500 - "-" "Mozilla/5.0 (compatible; DataForSeoBot/1.0; +https://dataforseo.com/dataforseo-bot)" "mantech8.com"
94.23.7.188 - - [27/Sep/2022:18:36:49 -0700] "GET /bimages/video/?C=M;O=A HTTP/1.1" 200 549 "-" "Mozilla/5.0 (compatible; MJ12bot/v1.4.8; http://mj12bot.com/)" "www.mantech8.com"
94.23.7.188 - - [27/Sep/2022:18:36:51 -0700] "GET /bimages/video/?C=N;O=D HTTP/1.1" 200 545 "-" "Mozilla/5.0 (compatible; MJ12bot/v1.4.8; http://mj12bot.com/)" "www.mantech8.com"
136.243.220.213 - - [27/Sep/2022:18:36:52 -0700] "GET /?camp-fire/18402561.html HTTP/1.1" 500 - "-" "Mozilla/5.0 (compatible; DataForSeoBot/1.0; +https://dataforseo.com/dataforseo-bot)" "mantech8.com"
94.23.7.188 - - [27/Sep/2022:18:36:53 -0700] "GET /bimages/video/?C=S;O=A HTTP/1.1" 200 545 "-" "Mozilla/5.0 (compatible; MJ12bot/v1.4.8; http://mj12bot.com/)" "www.mantech8.com"
94.23.7.188 - - [27/Sep/2022:18:36:56 -0700] "GET /bimages/video/thump/ HTTP/1.1" 200 432 "-" "Mozilla/5.0 (compatible; MJ12bot/v1.4.8; http://mj12bot.com/)" "www.mantech8.com"
94.23.7.188 - - [27/Sep/2022:18:36:58 -0700] "GET /bimages/video/thump/?C=D;O=D HTTP/1.1" 200 430 "-" "Mozilla/5.0 (compatible; MJ12bot/v1.4.8; http://mj12bot.com/)" "www.mantech8.com"
94.23.7.188 - - [27/Sep/2022:18:37:00 -0700] "GET /bimages/video/thump/?C=M;O=D HTTP/1.1" 200 430 "-" "Mozilla/5.0 (compatible; MJ12bot/v1.4.8; http://mj12bot.com/)" "www.mantech8.com"
136.243.220.213 - - [27/Sep/2022:18:37:00 -0700] "GET /?camp-fire/3623600.html HTTP/1.1" 500 - "-" "Mozilla/5.0 (compatible; DataForSeoBot/1.0; +https://dataforseo.com/dataforseo-bot)" "mantech8.com"
94.23.7.188 - - [27/Sep/2022:18:37:02 -0700] "GET /bimages/video/thump/?C=N;O=A HTTP/1.1" 200 432 "-" "Mozilla/5.0 (compatible; MJ12bot/v1.4.8; http://mj12bot.com/)" "www.mantech8.com"
94.23.7.188 - - [27/Sep/2022:18:37:04 -0700] "GET /bimages/video/thump/?C=S;O=D HTTP/1.1" 200 430 "-" "Mozilla/5.0 (compatible; MJ12bot/v1.4.8; http://mj12bot.com/)" "www.mantech8.com"
136.243.220.213 - - [27/Sep/2022:18:37:04 -0700] "GET /?camp-fire/32698760.html HTTP/1.1" 500 - "-" "Mozilla/5.0 (compatible; DataForSeoBot/1.0; +https://dataforseo.com/dataforseo-bot)" "mantech8.com"
185.191.171.12 - - [27/Sep/2022:18:37:09 -0700] "GET /?camp-fire%2F46038535.html HTTP/1.1" 500 - "-" "Mozilla/5.0 (compatible; SemrushBot/7~bl; +http://www.semrush.com/bot.html)" "mantech8.com"
94.23.7.188 - - [27/Sep/2022:18:37:09 -0700] "GET /bimages/vision/?C=D;O=A HTTP/1.1" 200 421 "-" "Mozilla/5.0 (compatible; MJ12bot/v1.4.8; http://mj12bot.com/)" "www.mantech8.com"
136.243.220.213 - - [27/Sep/2022:18:37:10 -0700] "GET /?camp-fire/33740693.html HTTP/1.1" 500 - "-" "Mozilla/5.0 (compatible; DataForSeoBot/1.0; +https://dataforseo.com/dataforseo-bot)" "mantech8.com"
185.191.171.1 - - [27/Sep/2022:18:37:10 -0700] "GET /?camp-fire%2F8462580.html HTTP/1.1" 500 - "-" "Mozilla/5.0 (compatible; SemrushBot/7~bl; +http://www.semrush.com/bot.html)" "mantech8.com"
94.23.7.188 - - [27/Sep/2022:18:37:11 -0700] "GET /bimages/vision/?C=M;O=A HTTP/1.1" 200 421 "-" "Mozilla/5.0 (compatible; MJ12bot/v1.4.8; http://mj12bot.com/)" "www.mantech8.com"
94.23.7.188 - - [27/Sep/2022:18:37:13 -0700] "GET /bimages/vision/?C=N;O=D HTTP/1.1" 200 419 "-" "Mozilla/5.0 (compatible; MJ12bot/v1.4.8; http://mj12bot.com/)" "www.mantech8.com"
136.243.220.213 - - [27/Sep/2022:18:37:14 -0700] "GET /?camp-fire/27886271.html HTTP/1.1" 500 - "-" "Mozilla/5.0 (compatible; DataForSeoBot/1.0; +https://dataforseo.com/dataforseo-bot)" "mantech8.com"
136.243.220.213 - - [27/Sep/2022:18:37:15 -0700] "GET /?camp-fire/16984526.html HTTP/1.1" 500 - "-" "Mozilla/5.0 (compatible; DataForSeoBot/1.0; +https://dataforseo.com/dataforseo-bot)" "mantech8.com"
136.243.220.213 - - [27/Sep/2022:18:37:15 -0700] "GET /?camp-fire/17666265.html HTTP/1.1" 500 - "-" "Mozilla/5.0 (compatible; DataForSeoBot/1.0; +https://dataforseo.com/dataforseo-bot)" "mantech8.com"
136.243.220.213 - - [27/Sep/2022:18:37:16 -0700] "GET /?camp-fire/12217676.html HTTP/1.1" 500 - "-" "Mozilla/5.0 (compatible; DataForSeoBot/1.0; +https://dataforseo.com/dataforseo-bot)" "mantech8.com"
94.23.7.188 - - [27/Sep/2022:18:37:17 -0700] "GET /bimages/vision/?C=S;O=A HTTP/1.1" 200 421 "-" "Mozilla/5.0 (compatible; MJ12bot/v1.4.8; http://mj12bot.com/)" "www.mantech8.com"
136.243.220.213 - - [27/Sep/2022:18:37:20 -0700] "GET /?camp-fire/782969.html HTTP/1.1" 500 - "-" "Mozilla/5.0 (compatible; DataForSeoBot/1.0; +https://dataforseo.com/dataforseo-bot)" "mantech8.com"
136.243.220.213 - - [27/Sep/2022:18:37:24 -0700] "GET /?camp-fire/575098.html HTTP/1.1" 500 - "-" "Mozilla/5.0 (compatible; DataForSeoBot/1.0; +https://dataforseo.com/dataforseo-bot)" "mantech8.com"
136.243.220.213 - - [27/Sep/2022:18:37:31 -0700] "GET /?camp-fire/1696153.html HTTP/1.1" 500 - "-" "Mozilla/5.0 (compatible; DataForSeoBot/1.0; +https://dataforseo.com/dataforseo-bot)" "mantech8.com"
185.191.171.12 - - [27/Sep/2022:18:37:31 -0700] "GET /?camp-fire%2F43289634.html HTTP/1.1" 500 - "-" "Mozilla/5.0 (compatible; SemrushBot/7~bl; +http://www.semrush.com/bot.html)" "mantech8.com"
136.243.220.213 - - [27/Sep/2022:18:37:35 -0700] "GET /?camp-fire/27958509.html HTTP/1.1" 500 - "-" "Mozilla/5.0 (compatible; DataForSeoBot/1.0; +https://dataforseo.com/dataforseo-bot)" "mantech8.com"
185.191.171.8 - - [27/Sep/2022:18:37:38 -0700] "GET /?camp-fire%2F46038035.html HTTP/1.1" 500 - "-" "Mozilla/5.0 (compatible; SemrushBot/7~bl; +http://www.semrush.com/bot.html)" "mantech8.com"
136.243.220.213 - - [27/Sep/2022:18:37:40 -0700] "GET /?camp-fire/40615150.html HTTP/1.1" 500 - "-" "Mozilla/5.0 (compatible; DataForSeoBot/1.0; +https://dataforseo.com/dataforseo-bot)" "mantech8.com"
136.243.220.213 - - [27/Sep/2022:18:37:43 -0700] "GET /?camp-fire/38440903.html HTTP/1.1" 500 - "-" "Mozilla/5.0 (compatible; DataForSeoBot/1.0; +https://dataforseo.com/dataforseo-bot)" "mantech8.com"
136.243.220.213 - - [27/Sep/2022:18:37:47 -0700] "GET /?camp-fire/3623900.html HTTP/1.1" 500 - "-" "Mozilla/5.0 (compatible; DataForSeoBot/1.0; +https://dataforseo.com/dataforseo-bot)" "mantech8.com"
136.243.220.213 - - [27/Sep/2022:18:37:48 -0700] "GET /?camp-fire/28729264.html HTTP/1.1" 500 - "-" "Mozilla/5.0 (compatible; DataForSeoBot/1.0; +https://dataforseo.com/dataforseo-bot)" "mantech8.com"
136.243.220.213 - - [27/Sep/2022:18:37:50 -0700] "GET /?camp-fire/24835730.html HTTP/1.1" 500 - "-" "Mozilla/5.0 (compatible; DataForSeoBot/1.0; +https://dataforseo.com/dataforseo-bot)" "mantech8.com"
136.243.220.213 - - [27/Sep/2022:18:37:50 -0700] "GET /?camp-fire/10476190.html HTTP/1.1" 500 - "-" "Mozilla/5.0 (compatible; DataForSeoBot/1.0; +https://dataforseo.com/dataforseo-bot)" "mantech8.com"
136.243.220.213 - - [27/Sep/2022:18:37:55 -0700] "GET /?camp-fire/7928008.html HTTP/1.1" 500 - "-" "Mozilla/5.0 (compatible; DataForSeoBot/1.0; +https://dataforseo.com/dataforseo-bot)" "mantech8.com"
185.191.171.18 - - [27/Sep/2022:18:37:56 -0700] "GET /?camp-fire%2F32367989.html HTTP/1.1" 500 - "-" "Mozilla/5.0 (compatible; SemrushBot/7~bl; +http://www.semrush.com/bot.html)" "mantech8.com"
136.243.220.213 - - [27/Sep/2022:18:37:58 -0700] "GET /?camp-fire/25344206.html HTTP/1.1" 500 - "-" "Mozilla/5.0 (compatible; DataForSeoBot/1.0; +https://dataforseo.com/dataforseo-bot)" "mantech8.com"
185.191.171.38 - - [27/Sep/2022:18:37:59 -0700] "GET /?camp-fire%2F93336476.html HTTP/1.1" 500 - "-" "Mozilla/5.0 (compatible; SemrushBot/7~bl; +http://www.semrush.com/bot.html)" "mantech8.com"
136.243.220.213 - - [27/Sep/2022:18:38:02 -0700] "GET /?camp-fire/5595777.html HTTP/1.1" 500 - "-" "Mozilla/5.0 (compatible; DataForSeoBot/1.0; +https://dataforseo.com/dataforseo-bot)" "mantech8.com"
136.243.220.213 - - [27/Sep/2022:18:38:06 -0700] "GET /?camp-fire/41702571.html HTTP/1.1" 500 - "-" "Mozilla/5.0 (compatible; DataForSeoBot/1.0; +https://dataforseo.com/dataforseo-bot)" "mantech8.com"
136.243.220.213 - - [27/Sep/2022:18:38:11 -0700] "GET /?camp-fire/42363649.html HTTP/1.1" 500 - "-" "Mozilla/5.0 (compatible; DataForSeoBot/1.0; +https://dataforseo.com/dataforseo-bot)" "mantech8.com"
136.243.220.213 - - [27/Sep/2022:18:38:15 -0700] "GET /?camp-fire/33741093.html HTTP/1.1" 500 - "-" "Mozilla/5.0 (compatible; DataForSeoBot/1.0; +https://dataforseo.com/dataforseo-bot)" "mantech8.com"
136.243.220.213 - - [27/Sep/2022:18:38:20 -0700] "GET /?camp-fire/39339235.html HTTP/1.1" 500 - "-" "Mozilla/5.0 (compatible; DataForSeoBot/1.0; +https://dataforseo.com/dataforseo-bot)" "mantech8.com"
136.243.220.213 - - [27/Sep/2022:18:38:23 -0700] "GET /?camp-fire/26942147.html HTTP/1.1" 500 - "-" "Mozilla/5.0 (compatible; DataForSeoBot/1.0; +https://dataforseo.com/dataforseo-bot)" "mantech8.com"
136.243.220.213 - - [27/Sep/2022:18:38:27 -0700] "GET /?camp-fire/40113802.html HTTP/1.1" 500 - "-" "Mozilla/5.0 (compatible; DataForSeoBot/1.0; +https://dataforseo.com/dataforseo-bot)" "mantech8.com"
157.55.39.68 - - [27/Sep/2022:18:38:27 -0700] "GET /index.php/sitemap21946.xml HTTP/1.1" 200 287862 "-" "Mozilla/5.0 (compatible; bingbot/2.0; +http://www.bing.com/bingbot.htm)" "mantech8.com"
185.191.171.26 - - [27/Sep/2022:18:38:30 -0700] "GET /?camp-fire%2F39936202.html HTTP/1.1" 500 - "-" "Mozilla/5.0 (compatible; SemrushBot/7~bl; +http://www.semrush.com/bot.html)" "mantech8.com"
136.243.220.213 - - [27/Sep/2022:18:38:31 -0700] "GET /?camp-fire/28270771.html HTTP/1.1" 500 - "-" "Mozilla/5.0 (compatible; DataForSeoBot/1.0; +https://dataforseo.com/dataforseo-bot)" "mantech8.com"
136.243.220.213 - - [27/Sep/2022:18:38:32 -0700] "GET /?camp-fire/28198459.html HTTP/1.1" 500 - "-" "Mozilla/5.0 (compatible; DataForSeoBot/1.0; +https://dataforseo.com/dataforseo-bot)" "mantech8.com"
185.191.171.21 - - [27/Sep/2022:18:38:33 -0700] "GET /?camp-fire%2F15166256.html HTTP/1.1" 500 - "-" "Mozilla/5.0 (compatible; SemrushBot/7~bl; +http://www.semrush.com/bot.html)" "mantech8.com"
136.243.220.213 - - [27/Sep/2022:18:38:36 -0700] "GET /?camp-fire/21079335.html HTTP/1.1" 500 - "-" "Mozilla/5.0 (compatible; DataForSeoBot/1.0; +https://dataforseo.com/dataforseo-bot)" "mantech8.com"
136.243.220.213 - - [27/Sep/2022:18:38:37 -0700] "GET /?camp-fire/15454856.html HTTP/1.1" 500 - "-" "Mozilla/5.0 (compatible; DataForSeoBot/1.0; +https://dataforseo.com/dataforseo-bot)" "mantech8.com"
136.243.220.213 - - [27/Sep/2022:18:38:41 -0700] "GET /?camp-fire/27401763.html HTTP/1.1" 500 - "-" "Mozilla/5.0 (compatible; DataForSeoBot/1.0; +https://dataforseo.com/dataforseo-bot)" "mantech8.com"
136.243.220.213 - - [27/Sep/2022:18:38:42 -0700] "GET /?camp-fire/39128017.html HTTP/1.1" 500 - "-" "Mozilla/5.0 (compatible; DataForSeoBot/1.0; +https://dataforseo.com/dataforseo-bot)" "mantech8.com"
185.191.171.7 - - [27/Sep/2022:18:38:43 -0700] "GET /?camp-fire%2F14653224.html HTTP/1.1" 500 - "-" "Mozilla/5.0 (compatible; SemrushBot/7~bl; +http://www.semrush.com/bot.html)" "mantech8.com"
136.243.220.213 - - [27/Sep/2022:18:38:46 -0700] "GET /?camp-fire/30945255.html HTTP/1.1" 500 - "-" "Mozilla/5.0 (compatible; DataForSeoBot/1.0; +https://dataforseo.com/dataforseo-bot)" "mantech8.com"
157.55.39.68 - - [27/Sep/2022:18:38:47 -0700] "GET /index.php/sitemap238.xml HTTP/1.1" 200 266325 "-" "Mozilla/5.0 AppleWebKit/537.36 (KHTML, like Gecko; compatible; bingbot/2.0; +http://www.bing.com/bingbot.htm) Chrome/103.0.5060.134 Safari/537.36" "mantech8.com"
157.55.39.68 - - [27/Sep/2022:18:38:48 -0700] "GET /camp-fire/77512697.html HTTP/1.1" 404 88 "-" "Mozilla/5.0 AppleWebKit/537.36 (KHTML, like Gecko; compatible; bingbot/2.0; +http://www.bing.com/bingbot.htm) Chrome/103.0.5060.134 Safari/537.36" "www.mantech8.com"
136.243.220.213 - - [27/Sep/2022:18:38:50 -0700] "GET /?camp-fire/30797141.html HTTP/1.1" 500 - "-" "Mozilla/5.0 (compatible; DataForSeoBot/1.0; +https://dataforseo.com/dataforseo-bot)" "mantech8.com"
136.243.220.213 - - [27/Sep/2022:18:38:54 -0700] "GET /?camp-fire/21921517.html HTTP/1.1" 500 - "-" "Mozilla/5.0 (compatible; DataForSeoBot/1.0; +https://dataforseo.com/dataforseo-bot)" "mantech8.com"
136.243.220.213 - - [27/Sep/2022:18:38:58 -0700] "GET /?camp-fire/27603897.html HTTP/1.1" 500 - "-" "Mozilla/5.0 (compatible; DataForSeoBot/1.0; +https://dataforseo.com/dataforseo-bot)" "mantech8.com"
185.191.171.41 - - [27/Sep/2022:18:39:01 -0700] "GET /?camp-fire%2F65325290.html HTTP/1.1" 500 - "-" "Mozilla/5.0 (compatible; SemrushBot/7~bl; +http://www.semrush.com/bot.html)" "mantech8.com"
136.243.220.213 - - [27/Sep/2022:18:39:02 -0700] "GET /?camp-fire/34097508.html HTTP/1.1" 500 - "-" "Mozilla/5.0 (compatible; DataForSeoBot/1.0; +https://dataforseo.com/dataforseo-bot)" "mantech8.com"
