42.61.102.130 - - [27/Sep/2022:17:35:56 -0700] "GET /hydro.php HTTP/1.1" 200 14239 "https://www.google.com/" "Mozilla/5.0 (Windows NT 10.0; Win64; x64) AppleWebKit/537.36 (KHTML, like Gecko) Chrome/105.0.0.0 Safari/537.36" "www.mantech8.com"
42.61.102.130 - - [27/Sep/2022:17:35:57 -0700] "GET /css/responsive1.css HTTP/1.1" 200 1710 "http://www.mantech8.com/hydro.php" "Mozilla/5.0 (Windows NT 10.0; Win64; x64) AppleWebKit/537.36 (KHTML, like Gecko) Chrome/105.0.0.0 Safari/537.36" "www.mantech8.com"
42.61.102.130 - - [27/Sep/2022:17:35:57 -0700] "GET /css/style2.css HTTP/1.1" 200 8414 "http://www.mantech8.com/hydro.php" "Mozilla/5.0 (Windows NT 10.0; Win64; x64) AppleWebKit/537.36 (KHTML, like Gecko) Chrome/105.0.0.0 Safari/537.36" "www.mantech8.com"
42.61.102.130 - - [27/Sep/2022:17:35:57 -0700] "GET /engine1/jquery.js HTTP/1.1" 200 33282 "http://www.mantech8.com/hydro.php" "Mozilla/5.0 (Windows NT 10.0; Win64; x64) AppleWebKit/537.36 (KHTML, like Gecko) Chrome/105.0.0.0 Safari/537.36" "www.mantech8.com"
42.61.102.130 - - [27/Sep/2022:17:35:57 -0700] "GET /css/animate.css HTTP/1.1" 200 4264 "http://www.mantech8.com/css/style2.css" "Mozilla/5.0 (Windows NT 10.0; Win64; x64) AppleWebKit/537.36 (KHTML, like Gecko) Chrome/105.0.0.0 Safari/537.36" "www.mantech8.com"
42.61.102.130 - - [27/Sep/2022:17:35:57 -0700] "GET /css/style.css HTTP/1.1" 200 126990 "http://www.mantech8.com/hydro.php" "Mozilla/5.0 (Windows NT 10.0; Win64; x64) AppleWebKit/537.36 (KHTML, like Gecko) Chrome/105.0.0.0 Safari/537.36" "www.mantech8.com"
42.61.102.130 - - [27/Sep/2022:17:35:57 -0700] "GET /css/hover.css HTTP/1.1" 200 8530 "http://www.mantech8.com/css/style2.css" "Mozilla/5.0 (Windows NT 10.0; Win64; x64) AppleWebKit/537.36 (KHTML, like Gecko) Chrome/105.0.0.0 Safari/537.36" "www.mantech8.com"
42.61.102.130 - - [27/Sep/2022:17:35:57 -0700] "GET /css/flaticon.css HTTP/1.1" 200 321 "http://www.mantech8.com/css/style2.css" "Mozilla/5.0 (Windows NT 10.0; Win64; x64) AppleWebKit/537.36 (KHTML, like Gecko) Chrome/105.0.0.0 Safari/537.36" "www.mantech8.com"
42.61.102.130 - - [27/Sep/2022:17:35:58 -0700] "GET /css/font-awesome.css HTTP/1.1" 200 5793 "http://www.mantech8.com/css/style2.css" "Mozilla/5.0 (Windows NT 10.0; Win64; x64) AppleWebKit/537.36 (KHTML, like Gecko) Chrome/105.0.0.0 Safari/537.36" "www.mantech8.com"
136.243.220.213 - - [27/Sep/2022:17:35:58 -0700] "GET /?camp-fire/35569138.html HTTP/1.1" 500 - "-" "Mozilla/5.0 (compatible; DataForSeoBot/1.0; +https://dataforseo.com/dataforseo-bot)" "mantech8.com"
42.61.102.130 - - [27/Sep/2022:17:35:58 -0700] "GET /js/core.min.js HTTP/1.1" 200 42721 "http://www.mantech8.com/hydro.php" "Mozilla/5.0 (Windows NT 10.0; Win64; x64) AppleWebKit/537.36 (KHTML, like Gecko) Chrome/105.0.0.0 Safari/537.36" "www.mantech8.com"
42.61.102.130 - - [27/Sep/2022:17:35:58 -0700] "GET /js/script1.js HTTP/1.1" 200 2007 "http://www.mantech8.com/hydro.php" "Mozilla/5.0 (Windows NT 10.0; Win64; x64) AppleWebKit/537.36 (KHTML, like Gecko) Chrome/105.0.0.0 Safari/537.36" "www.mantech8.com"
42.61.102.130 - - [27/Sep/2022:17:35:58 -0700] "GET /js/bootstrap.min.js HTTP/1.1" 200 9765 "http://www.mantech8.com/hydro.php" "Mozilla/5.0 (Windows NT 10.0; Win64; x64) AppleWebKit/537.36 (KHTML, like Gecko) Chrome/105.0.0.0 Safari/537.36" "www.mantech8.com"
42.61.102.130 - - [27/Sep/2022:17:35:58 -0700] "GET /js/script.js HTTP/1.1" 200 7687 "http://www.mantech8.com/hydro.php" "Mozilla/5.0 (Windows NT 10.0; Win64; x64) AppleWebKit/537.36 (KHTML, like Gecko) Chrome/105.0.0.0 Safari/537.36" "www.mantech8.com"
42.61.102.130 - - [27/Sep/2022:17:35:58 -0700] "GET /images/flag-23-gif.gif HTTP/1.1" 200 20141 "http://www.mantech8.com/hydro.php" "Mozilla/5.0 (Windows NT 10.0; Win64; x64) AppleWebKit/537.36 (KHTML, like Gecko) Chrome/105.0.0.0 Safari/537.36" "www.mantech8.com"
42.61.102.130 - - [27/Sep/2022:17:35:58 -0700] "GET /bimages/ework/sh3.jpg HTTP/1.1" 200 172700 "http://www.mantech8.com/hydro.php" "Mozilla/5.0 (Windows NT 10.0; Win64; x64) AppleWebKit/537.36 (KHTML, like Gecko) Chrome/105.0.0.0 Safari/537.36" "www.mantech8.com"
42.61.102.130 - - [27/Sep/2022:17:35:59 -0700] "GET /images/logo1.png HTTP/1.1" 200 2143 "http://www.mantech8.com/hydro.php" "Mozilla/5.0 (Windows NT 10.0; Win64; x64) AppleWebKit/537.36 (KHTML, like Gecko) Chrome/105.0.0.0 Safari/537.36" "www.mantech8.com"
42.61.102.130 - - [27/Sep/2022:17:35:59 -0700] "GET /js/wow.min.js HTTP/1.1" 200 2731 "http://www.mantech8.com/hydro.php" "Mozilla/5.0 (Windows NT 10.0; Win64; x64) AppleWebKit/537.36 (KHTML, like Gecko) Chrome/105.0.0.0 Safari/537.36" "www.mantech8.com"
42.61.102.130 - - [27/Sep/2022:17:35:59 -0700] "GET /js/jquery.ui.totop.min.js HTTP/1.1" 200 510 "http://www.mantech8.com/hydro.php" "Mozilla/5.0 (Windows NT 10.0; Win64; x64) AppleWebKit/537.36 (KHTML, like Gecko) Chrome/105.0.0.0 Safari/537.36" "www.mantech8.com"
42.61.102.130 - - [27/Sep/2022:17:35:59 -0700] "GET /fonts/MaterialIcons-Regular.woff2 HTTP/1.1" 200 36888 "http://www.mantech8.com/css/style.css" "Mozilla/5.0 (Windows NT 10.0; Win64; x64) AppleWebKit/537.36 (KHTML, like Gecko) Chrome/105.0.0.0 Safari/537.36" "www.mantech8.com"
42.61.102.130 - - [27/Sep/2022:17:35:59 -0700] "GET /fonts/fontawesome-webfont.woff2?v=4.5.0 HTTP/1.1" 200 66624 "http://www.mantech8.com/css/style.css" "Mozilla/5.0 (Windows NT 10.0; Win64; x64) AppleWebKit/537.36 (KHTML, like Gecko) Chrome/105.0.0.0 Safari/537.36" "www.mantech8.com"
42.61.102.130 - - [27/Sep/2022:17:36:00 -0700] "GET /images/favicon.ico HTTP/1.1" 200 241886 "http://www.mantech8.com/hydro.php" "Mozilla/5.0 (Windows NT 10.0; Win64; x64) AppleWebKit/537.36 (KHTML, like Gecko) Chrome/105.0.0.0 Safari/537.36" "www.mantech8.com"
136.243.220.213 - - [27/Sep/2022:17:36:02 -0700] "GET /?camp-fire/41701971.html HTTP/1.1" 500 - "-" "Mozilla/5.0 (compatible; DataForSeoBot/1.0; +https://dataforseo.com/dataforseo-bot)" "mantech8.com"
136.243.220.213 - - [27/Sep/2022:17:36:03 -0700] "GET /?camp-fire/3622700.html HTTP/1.1" 500 - "-" "Mozilla/5.0 (compatible; DataForSeoBot/1.0; +https://dataforseo.com/dataforseo-bot)" "mantech8.com"
136.243.220.213 - - [27/Sep/2022:17:36:07 -0700] "GET /?camp-fire/17885980.html HTTP/1.1" 500 - "-" "Mozilla/5.0 (compatible; DataForSeoBot/1.0; +https://dataforseo.com/dataforseo-bot)" "mantech8.com"
136.243.220.213 - - [27/Sep/2022:17:36:11 -0700] "GET /?camp-fire/15132872.html HTTP/1.1" 500 - "-" "Mozilla/5.0 (compatible; DataForSeoBot/1.0; +https://dataforseo.com/dataforseo-bot)" "mantech8.com"
136.243.220.213 - - [27/Sep/2022:17:36:15 -0700] "GET /?camp-fire/4171974.html HTTP/1.1" 500 - "-" "Mozilla/5.0 (compatible; DataForSeoBot/1.0; +https://dataforseo.com/dataforseo-bot)" "mantech8.com"
136.243.220.213 - - [27/Sep/2022:17:36:19 -0700] "GET /?camp-fire/7913321.html HTTP/1.1" 500 - "-" "Mozilla/5.0 (compatible; DataForSeoBot/1.0; +https://dataforseo.com/dataforseo-bot)" "mantech8.com"
136.243.220.213 - - [27/Sep/2022:17:36:23 -0700] "GET /?camp-fire/3623000.html HTTP/1.1" 500 - "-" "Mozilla/5.0 (compatible; DataForSeoBot/1.0; +https://dataforseo.com/dataforseo-bot)" "mantech8.com"
136.243.220.213 - - [27/Sep/2022:17:36:27 -0700] "GET /?camp-fire/35330525.html HTTP/1.1" 500 - "-" "Mozilla/5.0 (compatible; DataForSeoBot/1.0; +https://dataforseo.com/dataforseo-bot)" "mantech8.com"
185.191.171.43 - - [27/Sep/2022:17:36:30 -0700] "GET /?camp-fire%2F38836717.html HTTP/1.1" 500 - "-" "Mozilla/5.0 (compatible; SemrushBot/7~bl; +http://www.semrush.com/bot.html)" "mantech8.com"
136.243.220.213 - - [27/Sep/2022:17:36:31 -0700] "GET /?camp-fire/2100951.html HTTP/1.1" 500 - "-" "Mozilla/5.0 (compatible; DataForSeoBot/1.0; +https://dataforseo.com/dataforseo-bot)" "mantech8.com"
136.243.220.213 - - [27/Sep/2022:17:36:33 -0700] "GET /?camp-fire/42420834.html HTTP/1.1" 500 - "-" "Mozilla/5.0 (compatible; DataForSeoBot/1.0; +https://dataforseo.com/dataforseo-bot)" "mantech8.com"
136.243.220.213 - - [27/Sep/2022:17:36:34 -0700] "GET /?camp-fire/40114602.html HTTP/1.1" 500 - "-" "Mozilla/5.0 (compatible; DataForSeoBot/1.0; +https://dataforseo.com/dataforseo-bot)" "mantech8.com"
136.243.220.213 - - [27/Sep/2022:17:36:38 -0700] "GET /?camp-fire/15099087.html HTTP/1.1" 500 - "-" "Mozilla/5.0 (compatible; DataForSeoBot/1.0; +https://dataforseo.com/dataforseo-bot)" "mantech8.com"
185.191.171.23 - - [27/Sep/2022:17:36:42 -0700] "GET /?camp-fire%2F38848717.html HTTP/1.1" 500 - "-" "Mozilla/5.0 (compatible; SemrushBot/7~bl; +http://www.semrush.com/bot.html)" "mantech8.com"
136.243.220.213 - - [27/Sep/2022:17:36:43 -0700] "GET /?camp-fire/28913389.html HTTP/1.1" 500 - "-" "Mozilla/5.0 (compatible; DataForSeoBot/1.0; +https://dataforseo.com/dataforseo-bot)" "mantech8.com"
136.243.220.213 - - [27/Sep/2022:17:36:44 -0700] "GET /?camp-fire/32801768.html HTTP/1.1" 500 - "-" "Mozilla/5.0 (compatible; DataForSeoBot/1.0; +https://dataforseo.com/dataforseo-bot)" "mantech8.com"
136.243.220.213 - - [27/Sep/2022:17:36:48 -0700] "GET /?camp-fire/28913989.html HTTP/1.1" 500 - "-" "Mozilla/5.0 (compatible; DataForSeoBot/1.0; +https://dataforseo.com/dataforseo-bot)" "mantech8.com"
136.243.220.213 - - [27/Sep/2022:17:36:52 -0700] "GET /?camp-fire/39135592.html HTTP/1.1" 500 - "-" "Mozilla/5.0 (compatible; DataForSeoBot/1.0; +https://dataforseo.com/dataforseo-bot)" "mantech8.com"
136.243.220.213 - - [27/Sep/2022:17:36:56 -0700] "GET /?camp-fire/19318032.html HTTP/1.1" 500 - "-" "Mozilla/5.0 (compatible; DataForSeoBot/1.0; +https://dataforseo.com/dataforseo-bot)" "mantech8.com"
136.243.220.213 - - [27/Sep/2022:17:36:56 -0700] "GET /?camp-fire/27563670.html HTTP/1.1" 500 - "-" "Mozilla/5.0 (compatible; DataForSeoBot/1.0; +https://dataforseo.com/dataforseo-bot)" "mantech8.com"
136.243.220.213 - - [27/Sep/2022:17:37:00 -0700] "GET /?camp-fire/3560398.html HTTP/1.1" 500 - "-" "Mozilla/5.0 (compatible; DataForSeoBot/1.0; +https://dataforseo.com/dataforseo-bot)" "mantech8.com"
185.191.171.1 - - [27/Sep/2022:17:37:04 -0700] "GET /?camp-fire%2F1254872.html HTTP/1.1" 500 - "-" "Mozilla/5.0 (compatible; SemrushBot/7~bl; +http://www.semrush.com/bot.html)" "mantech8.com"
136.243.220.213 - - [27/Sep/2022:17:37:04 -0700] "GET /?camp-fire/9989583.html HTTP/1.1" 500 - "-" "Mozilla/5.0 (compatible; DataForSeoBot/1.0; +https://dataforseo.com/dataforseo-bot)" "mantech8.com"
136.243.220.213 - - [27/Sep/2022:17:37:08 -0700] "GET /?camp-fire/27091621.html HTTP/1.1" 500 - "-" "Mozilla/5.0 (compatible; DataForSeoBot/1.0; +https://dataforseo.com/dataforseo-bot)" "mantech8.com"
136.243.220.213 - - [27/Sep/2022:17:37:09 -0700] "GET /?camp-fire/23904506.html HTTP/1.1" 500 - "-" "Mozilla/5.0 (compatible; DataForSeoBot/1.0; +https://dataforseo.com/dataforseo-bot)" "mantech8.com"
136.243.220.213 - - [27/Sep/2022:17:37:13 -0700] "GET /?camp-fire/3404978.html HTTP/1.1" 500 - "-" "Mozilla/5.0 (compatible; DataForSeoBot/1.0; +https://dataforseo.com/dataforseo-bot)" "mantech8.com"
136.243.220.213 - - [27/Sep/2022:17:37:17 -0700] "GET /?camp-fire/12217176.html HTTP/1.1" 500 - "-" "Mozilla/5.0 (compatible; DataForSeoBot/1.0; +https://dataforseo.com/dataforseo-bot)" "mantech8.com"
136.243.220.213 - - [27/Sep/2022:17:37:21 -0700] "GET /?camp-fire/27887071.html HTTP/1.1" 500 - "-" "Mozilla/5.0 (compatible; DataForSeoBot/1.0; +https://dataforseo.com/dataforseo-bot)" "mantech8.com"
136.243.220.213 - - [27/Sep/2022:17:37:25 -0700] "GET /?camp-fire/28548035.html HTTP/1.1" 500 - "-" "Mozilla/5.0 (compatible; DataForSeoBot/1.0; +https://dataforseo.com/dataforseo-bot)" "mantech8.com"
136.243.220.213 - - [27/Sep/2022:17:37:26 -0700] "GET /?camp-fire/35966250.html HTTP/1.1" 500 - "-" "Mozilla/5.0 (compatible; DataForSeoBot/1.0; +https://dataforseo.com/dataforseo-bot)" "mantech8.com"
136.243.220.213 - - [27/Sep/2022:17:37:27 -0700] "GET /?camp-fire/27564170.html HTTP/1.1" 500 - "-" "Mozilla/5.0 (compatible; DataForSeoBot/1.0; +https://dataforseo.com/dataforseo-bot)" "mantech8.com"
40.77.167.58 - - [27/Sep/2022:17:37:28 -0700] "GET /index.php/sitemap10.xml HTTP/1.1" 200 267612 "-" "Mozilla/5.0 (compatible; bingbot/2.0; +http://www.bing.com/bingbot.htm)" "mantech8.com"
40.77.167.58 - - [27/Sep/2022:17:37:29 -0700] "GET /index.php/sitemap1414.xml HTTP/1.1" 200 279421 "-" "Mozilla/5.0 (compatible; bingbot/2.0; +http://www.bing.com/bingbot.htm)" "mantech8.com"
40.77.167.58 - - [27/Sep/2022:17:37:29 -0700] "GET /index.php/sitemap8384.xml HTTP/1.1" 200 279582 "-" "Mozilla/5.0 (compatible; bingbot/2.0; +http://www.bing.com/bingbot.htm)" "mantech8.com"
136.243.220.213 - - [27/Sep/2022:17:37:31 -0700] "GET /?camp-fire/35966050.html HTTP/1.1" 500 - "-" "Mozilla/5.0 (compatible; DataForSeoBot/1.0; +https://dataforseo.com/dataforseo-bot)" "mantech8.com"
157.55.39.68 - - [27/Sep/2022:17:37:31 -0700] "GET /index.php/sitemap3760.xml HTTP/1.1" 200 294398 "-" "Mozilla/5.0 (compatible; bingbot/2.0; +http://www.bing.com/bingbot.htm)" "mantech8.com"
207.46.13.42 - - [27/Sep/2022:17:37:32 -0700] "GET /index.php/sitemap10430.xml HTTP/1.1" 200 254558 "-" "Mozilla/5.0 (compatible; bingbot/2.0; +http://www.bing.com/bingbot.htm)" "mantech8.com"
185.191.171.25 - - [27/Sep/2022:17:37:33 -0700] "GET /?camp-fire%2F53364878.html HTTP/1.1" 500 - "-" "Mozilla/5.0 (compatible; SemrushBot/7~bl; +http://www.semrush.com/bot.html)" "mantech8.com"
207.46.13.63 - - [27/Sep/2022:17:37:33 -0700] "GET /index.php/sitemap24.xml HTTP/1.1" 200 281376 "-" "Mozilla/5.0 (compatible; bingbot/2.0; +http://www.bing.com/bingbot.htm)" "mantech8.com"
136.243.220.213 - - [27/Sep/2022:17:37:35 -0700] "GET /?camp-fire/27957909.html HTTP/1.1" 500 - "-" "Mozilla/5.0 (compatible; DataForSeoBot/1.0; +https://dataforseo.com/dataforseo-bot)" "mantech8.com"
40.77.167.19 - - [27/Sep/2022:17:37:37 -0700] "GET /index.php/sitemap1.xml HTTP/1.1" 200 309483 "-" "Mozilla/5.0 (compatible; bingbot/2.0; +http://www.bing.com/bingbot.htm)" "mantech8.com"
40.77.167.19 - - [27/Sep/2022:17:37:38 -0700] "GET /index.php/sitemap7081.xml HTTP/1.1" 200 340670 "-" "Mozilla/5.0 (compatible; bingbot/2.0; +http://www.bing.com/bingbot.htm)" "mantech8.com"
136.243.220.213 - - [27/Sep/2022:17:37:39 -0700] "GET /?camp-fire/24546950.html HTTP/1.1" 500 - "-" "Mozilla/5.0 (compatible; DataForSeoBot/1.0; +https://dataforseo.com/dataforseo-bot)" "mantech8.com"
136.243.220.213 - - [27/Sep/2022:17:37:44 -0700] "GET /?camp-fire/33925459.html HTTP/1.1" 500 - "-" "Mozilla/5.0 (compatible; DataForSeoBot/1.0; +https://dataforseo.com/dataforseo-bot)" "mantech8.com"
136.243.220.213 - - [27/Sep/2022:17:37:48 -0700] "GET /?camp-fire/25344106.html HTTP/1.1" 500 - "-" "Mozilla/5.0 (compatible; DataForSeoBot/1.0; +https://dataforseo.com/dataforseo-bot)" "mantech8.com"
114.119.133.166 - - [27/Sep/2022:17:37:49 -0700] "GET /bimages/tank/?C=S%3BO%3DA HTTP/1.1" 200 411 "http://www.mantech8.com/bimages/tank/?C=D%3BO%3DA" "Mozilla/5.0 (Linux; Android 7.0;) AppleWebKit/537.36 (KHTML, like Gecko) Mobile Safari/537.36 (compatible; PetalBot;+https://webmaster.petalsearch.com/site/petalbot)" "www.mantech8.com"
136.243.220.213 - - [27/Sep/2022:17:37:51 -0700] "GET /?camp-fire/36009938.html HTTP/1.1" 500 - "-" "Mozilla/5.0 (compatible; DataForSeoBot/1.0; +https://dataforseo.com/dataforseo-bot)" "mantech8.com"
185.191.171.41 - - [27/Sep/2022:17:37:53 -0700] "GET /?camp-fire%2F20797035.html HTTP/1.1" 500 - "-" "Mozilla/5.0 (compatible; SemrushBot/7~bl; +http://www.semrush.com/bot.html)" "mantech8.com"
136.243.220.213 - - [27/Sep/2022:17:37:55 -0700] "GET /?camp-fire/782569.html HTTP/1.1" 500 - "-" "Mozilla/5.0 (compatible; DataForSeoBot/1.0; +https://dataforseo.com/dataforseo-bot)" "mantech8.com"
136.243.220.213 - - [27/Sep/2022:17:37:59 -0700] "GET /?camp-fire/28547935.html HTTP/1.1" 500 - "-" "Mozilla/5.0 (compatible; DataForSeoBot/1.0; +https://dataforseo.com/dataforseo-bot)" "mantech8.com"
136.243.220.213 - - [27/Sep/2022:17:38:03 -0700] "GET /?camp-fire/4171374.html HTTP/1.1" 500 - "-" "Mozilla/5.0 (compatible; DataForSeoBot/1.0; +https://dataforseo.com/dataforseo-bot)" "mantech8.com"
207.46.13.145 - - [27/Sep/2022:17:38:06 -0700] "GET /index.php/sitemap36909.xml HTTP/1.1" 200 261550 "-" "Mozilla/5.0 (compatible; bingbot/2.0; +http://www.bing.com/bingbot.htm)" "mantech8.com"
136.243.220.213 - - [27/Sep/2022:17:38:08 -0700] "GET /?camp-fire/42420234.html HTTP/1.1" 500 - "-" "Mozilla/5.0 (compatible; DataForSeoBot/1.0; +https://dataforseo.com/dataforseo-bot)" "mantech8.com"
185.191.171.35 - - [27/Sep/2022:17:38:10 -0700] "GET /?camp-fire%2F44983303.html HTTP/1.1" 500 - "-" "Mozilla/5.0 (compatible; SemrushBot/7~bl; +http://www.semrush.com/bot.html)" "mantech8.com"
207.46.13.63 - - [27/Sep/2022:17:38:11 -0700] "GET /index.php/sitemap4503.xml HTTP/1.1" 200 347491 "-" "Mozilla/5.0 (compatible; bingbot/2.0; +http://www.bing.com/bingbot.htm)" "mantech8.com"
136.243.220.213 - - [27/Sep/2022:17:38:12 -0700] "GET /?camp-fire/4495685.html HTTP/1.1" 500 - "-" "Mozilla/5.0 (compatible; DataForSeoBot/1.0; +https://dataforseo.com/dataforseo-bot)" "mantech8.com"
136.243.220.213 - - [27/Sep/2022:17:38:12 -0700] "GET /?camp-fire/25343806.html HTTP/1.1" 500 - "-" "Mozilla/5.0 (compatible; DataForSeoBot/1.0; +https://dataforseo.com/dataforseo-bot)" "mantech8.com"
207.46.13.63 - - [27/Sep/2022:17:38:13 -0700] "GET /index.php/sitemap49.xml HTTP/1.1" 200 261889 "-" "Mozilla/5.0 (compatible; bingbot/2.0; +http://www.bing.com/bingbot.htm)" "mantech8.com"
136.243.220.213 - - [27/Sep/2022:17:38:16 -0700] "GET /?camp-fire/23905106.html HTTP/1.1" 500 - "-" "Mozilla/5.0 (compatible; DataForSeoBot/1.0; +https://dataforseo.com/dataforseo-bot)" "mantech8.com"
136.243.220.213 - - [27/Sep/2022:17:38:20 -0700] "GET /?camp-fire/27401963.html HTTP/1.1" 500 - "-" "Mozilla/5.0 (compatible; DataForSeoBot/1.0; +https://dataforseo.com/dataforseo-bot)" "mantech8.com"
136.243.220.213 - - [27/Sep/2022:17:38:25 -0700] "GET /?camp-fire/4395865.html HTTP/1.1" 500 - "-" "Mozilla/5.0 (compatible; DataForSeoBot/1.0; +https://dataforseo.com/dataforseo-bot)" "mantech8.com"
136.243.220.213 - - [27/Sep/2022:17:38:25 -0700] "GET /?camp-fire/11771009.html HTTP/1.1" 500 - "-" "Mozilla/5.0 (compatible; DataForSeoBot/1.0; +https://dataforseo.com/dataforseo-bot)" "mantech8.com"
136.243.220.213 - - [27/Sep/2022:17:38:29 -0700] "GET /?camp-fire/4569396.html HTTP/1.1" 500 - "-" "Mozilla/5.0 (compatible; DataForSeoBot/1.0; +https://dataforseo.com/dataforseo-bot)" "mantech8.com"
136.243.220.213 - - [27/Sep/2022:17:38:33 -0700] "GET /?camp-fire/28727964.html HTTP/1.1" 500 - "-" "Mozilla/5.0 (compatible; DataForSeoBot/1.0; +https://dataforseo.com/dataforseo-bot)" "mantech8.com"
136.243.220.213 - - [27/Sep/2022:17:38:37 -0700] "GET /?camp-fire/1696053.html HTTP/1.1" 500 - "-" "Mozilla/5.0 (compatible; DataForSeoBot/1.0; +https://dataforseo.com/dataforseo-bot)" "mantech8.com"
40.77.167.58 - - [27/Sep/2022:17:38:39 -0700] "GET /?/info/1056/2022.htm HTTP/1.1" 200 71718 "-" "Mozilla/5.0 (compatible; bingbot/2.0; +http://www.bing.com/bingbot.htm)" "mantech8.com"
136.243.220.213 - - [27/Sep/2022:17:38:41 -0700] "GET /?camp-fire/27564570.html HTTP/1.1" 500 - "-" "Mozilla/5.0 (compatible; DataForSeoBot/1.0; +https://dataforseo.com/dataforseo-bot)" "mantech8.com"
185.191.171.24 - - [27/Sep/2022:17:38:44 -0700] "GET /?camp-fire%2F29808571.html HTTP/1.1" 500 - "-" "Mozilla/5.0 (compatible; SemrushBot/7~bl; +http://www.semrush.com/bot.html)" "mantech8.com"
136.243.220.213 - - [27/Sep/2022:17:38:45 -0700] "GET /?camp-fire/40440488.html HTTP/1.1" 500 - "-" "Mozilla/5.0 (compatible; DataForSeoBot/1.0; +https://dataforseo.com/dataforseo-bot)" "mantech8.com"
136.243.220.213 - - [27/Sep/2022:17:38:49 -0700] "GET /?camp-fire/40440288.html HTTP/1.1" 500 - "-" "Mozilla/5.0 (compatible; DataForSeoBot/1.0; +https://dataforseo.com/dataforseo-bot)" "mantech8.com"
136.243.220.213 - - [27/Sep/2022:17:38:53 -0700] "GET /?camp-fire/32698460.html HTTP/1.1" 500 - "-" "Mozilla/5.0 (compatible; DataForSeoBot/1.0; +https://dataforseo.com/dataforseo-bot)" "mantech8.com"
136.243.220.213 - - [27/Sep/2022:17:38:57 -0700] "GET /?camp-fire/782469.html HTTP/1.1" 500 - "-" "Mozilla/5.0 (compatible; DataForSeoBot/1.0; +https://dataforseo.com/dataforseo-bot)" "mantech8.com"
136.243.220.213 - - [27/Sep/2022:17:39:01 -0700] "GET /?camp-fire/10816357.html HTTP/1.1" 500 - "-" "Mozilla/5.0 (compatible; DataForSeoBot/1.0; +https://dataforseo.com/dataforseo-bot)" "mantech8.com"
136.243.220.213 - - [27/Sep/2022:17:39:05 -0700] "GET /?camp-fire/21921617.html HTTP/1.1" 500 - "-" "Mozilla/5.0 (compatible; DataForSeoBot/1.0; +https://dataforseo.com/dataforseo-bot)" "mantech8.com"
136.243.220.213 - - [27/Sep/2022:17:39:10 -0700] "GET /?camp-fire/12218076.html HTTP/1.1" 500 - "-" "Mozilla/5.0 (compatible; DataForSeoBot/1.0; +https://dataforseo.com/dataforseo-bot)" "mantech8.com"
136.243.220.213 - - [27/Sep/2022:17:39:13 -0700] "GET /?camp-fire/1557100.html HTTP/1.1" 500 - "-" "Mozilla/5.0 (compatible; DataForSeoBot/1.0; +https://dataforseo.com/dataforseo-bot)" "mantech8.com"
207.46.13.63 - - [27/Sep/2022:17:37:34 -0700] "GET /index.php/sitemap51.xml HTTP/1.1" 200 18384 "-" "Mozilla/5.0 (compatible; bingbot/2.0; +http://www.bing.com/bingbot.htm)" "mantech8.com"
136.243.220.213 - - [27/Sep/2022:17:39:17 -0700] "GET /?camp-fire/2689193.html HTTP/1.1" 500 - "-" "Mozilla/5.0 (compatible; DataForSeoBot/1.0; +https://dataforseo.com/dataforseo-bot)" "mantech8.com"
185.191.171.45 - - [27/Sep/2022:17:39:20 -0700] "GET /?camp-fire%2F56408235.html HTTP/1.1" 500 - "-" "Mozilla/5.0 (compatible; SemrushBot/7~bl; +http://www.semrush.com/bot.html)" "mantech8.com"
136.243.220.213 - - [27/Sep/2022:17:39:21 -0700] "GET /?camp-fire/575898.html HTTP/1.1" 500 - "-" "Mozilla/5.0 (compatible; DataForSeoBot/1.0; +https://dataforseo.com/dataforseo-bot)" "mantech8.com"
157.55.39.68 - - [27/Sep/2022:17:37:43 -0700] "GET /index.php/sitemap171.xml HTTP/1.1" 200 18384 "-" "Mozilla/5.0 (compatible; bingbot/2.0; +http://www.bing.com/bingbot.htm)" "mantech8.com"
136.243.220.213 - - [27/Sep/2022:17:39:25 -0700] "GET /?camp-fire/38441103.html HTTP/1.1" 500 - "-" "Mozilla/5.0 (compatible; DataForSeoBot/1.0; +https://dataforseo.com/dataforseo-bot)" "mantech8.com"
40.77.167.58 - - [27/Sep/2022:17:39:28 -0700] "GET /index.php?camp-fire/73409360.html HTTP/1.1" 200 49876 "-" "Mozilla/5.0 (compatible; bingbot/2.0; +http://www.bing.com/bingbot.htm)" "mantech8.com"
136.243.220.213 - - [27/Sep/2022:17:39:29 -0700] "GET /?camp-fire/29131866.html HTTP/1.1" 500 - "-" "Mozilla/5.0 (compatible; DataForSeoBot/1.0; +https://dataforseo.com/dataforseo-bot)" "mantech8.com"
136.243.220.213 - - [27/Sep/2022:17:39:30 -0700] "GET /?camp-fire/11771209.html HTTP/1.1" 500 - "-" "Mozilla/5.0 (compatible; DataForSeoBot/1.0; +https://dataforseo.com/dataforseo-bot)" "mantech8.com"
136.243.220.213 - - [27/Sep/2022:17:39:34 -0700] "GET /?camp-fire/4568996.html HTTP/1.1" 500 - "-" "Mozilla/5.0 (compatible; DataForSeoBot/1.0; +https://dataforseo.com/dataforseo-bot)" "mantech8.com"
136.243.220.213 - - [27/Sep/2022:17:39:35 -0700] "GET /?camp-fire/27603997.html HTTP/1.1" 500 - "-" "Mozilla/5.0 (compatible; DataForSeoBot/1.0; +https://dataforseo.com/dataforseo-bot)" "mantech8.com"
136.243.220.213 - - [27/Sep/2022:17:39:35 -0700] "GET /?camp-fire/5078955.html HTTP/1.1" 500 - "-" "Mozilla/5.0 (compatible; DataForSeoBot/1.0; +https://dataforseo.com/dataforseo-bot)" "mantech8.com"
207.46.13.145 - - [27/Sep/2022:17:39:36 -0700] "GET /index.php?sitemap657.xml HTTP/1.1" 200 286030 "-" "Mozilla/5.0 (compatible; bingbot/2.0; +http://www.bing.com/bingbot.htm)" "mantech8.com"
136.243.220.213 - - [27/Sep/2022:17:39:39 -0700] "GET /?camp-fire/17823427.html HTTP/1.1" 500 - "-" "Mozilla/5.0 (compatible; DataForSeoBot/1.0; +https://dataforseo.com/dataforseo-bot)" "mantech8.com"
136.243.220.213 - - [27/Sep/2022:17:39:41 -0700] "GET /?camp-fire/8086642.html HTTP/1.1" 500 - "-" "Mozilla/5.0 (compatible; DataForSeoBot/1.0; +https://dataforseo.com/dataforseo-bot)" "mantech8.com"
136.243.220.213 - - [27/Sep/2022:17:39:44 -0700] "GET /?camp-fire/15805546.html HTTP/1.1" 500 - "-" "Mozilla/5.0 (compatible; DataForSeoBot/1.0; +https://dataforseo.com/dataforseo-bot)" "mantech8.com"
136.243.220.213 - - [27/Sep/2022:17:39:49 -0700] "GET /?camp-fire/5079455.html HTTP/1.1" 500 - "-" "Mozilla/5.0 (compatible; DataForSeoBot/1.0; +https://dataforseo.com/dataforseo-bot)" "mantech8.com"
207.46.13.63 - - [27/Sep/2022:17:39:51 -0700] "GET /index.php?sitemap57.xml HTTP/1.1" 200 299574 "-" "Mozilla/5.0 (compatible; bingbot/2.0; +http://www.bing.com/bingbot.htm)" "mantech8.com"
136.243.220.213 - - [27/Sep/2022:17:39:53 -0700] "GET /?camp-fire/30797241.html HTTP/1.1" 500 - "-" "Mozilla/5.0 (compatible; DataForSeoBot/1.0; +https://dataforseo.com/dataforseo-bot)" "mantech8.com"
136.243.220.213 - - [27/Sep/2022:17:39:56 -0700] "GET /?camp-fire/15805746.html HTTP/1.1" 500 - "-" "Mozilla/5.0 (compatible; DataForSeoBot/1.0; +https://dataforseo.com/dataforseo-bot)" "mantech8.com"
136.243.220.213 - - [27/Sep/2022:17:40:00 -0700] "GET /?camp-fire/1557300.html HTTP/1.1" 500 - "-" "Mozilla/5.0 (compatible; DataForSeoBot/1.0; +https://dataforseo.com/dataforseo-bot)" "mantech8.com"
136.243.220.213 - - [27/Sep/2022:17:40:05 -0700] "GET /?camp-fire/30796941.html HTTP/1.1" 500 - "-" "Mozilla/5.0 (compatible; DataForSeoBot/1.0; +https://dataforseo.com/dataforseo-bot)" "mantech8.com"
136.243.220.213 - - [27/Sep/2022:17:40:09 -0700] "GET /?camp-fire/37351578.html HTTP/1.1" 500 - "-" "Mozilla/5.0 (compatible; DataForSeoBot/1.0; +https://dataforseo.com/dataforseo-bot)" "mantech8.com"
136.243.220.213 - - [27/Sep/2022:17:40:12 -0700] "GET /?camp-fire/33925759.html HTTP/1.1" 500 - "-" "Mozilla/5.0 (compatible; DataForSeoBot/1.0; +https://dataforseo.com/dataforseo-bot)" "mantech8.com"
136.243.220.213 - - [27/Sep/2022:17:40:16 -0700] "GET /?camp-fire/16844665.html HTTP/1.1" 500 - "-" "Mozilla/5.0 (compatible; DataForSeoBot/1.0; +https://dataforseo.com/dataforseo-bot)" "mantech8.com"
40.77.167.19 - - [27/Sep/2022:17:40:16 -0700] "GET /index.php/sitemap1.xml HTTP/1.1" 200 305251 "-" "Mozilla/5.0 (compatible; bingbot/2.0; +http://www.bing.com/bingbot.htm)" "mantech8.com"
136.243.220.213 - - [27/Sep/2022:17:40:20 -0700] "GET /?camp-fire/40185276.html HTTP/1.1" 500 - "-" "Mozilla/5.0 (compatible; DataForSeoBot/1.0; +https://dataforseo.com/dataforseo-bot)" "mantech8.com"
136.243.220.213 - - [27/Sep/2022:17:40:24 -0700] "GET /?camp-fire/11770609.html HTTP/1.1" 500 - "-" "Mozilla/5.0 (compatible; DataForSeoBot/1.0; +https://dataforseo.com/dataforseo-bot)" "mantech8.com"
136.243.220.213 - - [27/Sep/2022:17:40:26 -0700] "GET /?camp-fire/30797541.html HTTP/1.1" 500 - "-" "Mozilla/5.0 (compatible; DataForSeoBot/1.0; +https://dataforseo.com/dataforseo-bot)" "mantech8.com"
136.243.220.213 - - [27/Sep/2022:17:40:30 -0700] "GET /?camp-fire/17666365.html HTTP/1.1" 500 - "-" "Mozilla/5.0 (compatible; DataForSeoBot/1.0; +https://dataforseo.com/dataforseo-bot)" "mantech8.com"
136.243.220.213 - - [27/Sep/2022:17:40:31 -0700] "GET /?camp-fire/14806724.html HTTP/1.1" 500 - "-" "Mozilla/5.0 (compatible; DataForSeoBot/1.0; +https://dataforseo.com/dataforseo-bot)" "mantech8.com"
136.243.220.213 - - [27/Sep/2022:17:40:34 -0700] "GET /?camp-fire/33393916.html HTTP/1.1" 500 - "-" "Mozilla/5.0 (compatible; DataForSeoBot/1.0; +https://dataforseo.com/dataforseo-bot)" "mantech8.com"
136.243.220.213 - - [27/Sep/2022:17:40:38 -0700] "GET /?camp-fire/5596277.html HTTP/1.1" 500 - "-" "Mozilla/5.0 (compatible; DataForSeoBot/1.0; +https://dataforseo.com/dataforseo-bot)" "mantech8.com"
136.243.220.213 - - [27/Sep/2022:17:40:46 -0700] "GET /?camp-fire/15620865.html HTTP/1.1" 500 - "-" "Mozilla/5.0 (compatible; DataForSeoBot/1.0; +https://dataforseo.com/dataforseo-bot)" "mantech8.com"
136.243.220.213 - - [27/Sep/2022:17:40:47 -0700] "GET /?camp-fire/8429778.html HTTP/1.1" 500 - "-" "Mozilla/5.0 (compatible; DataForSeoBot/1.0; +https://dataforseo.com/dataforseo-bot)" "mantech8.com"
136.243.220.213 - - [27/Sep/2022:17:40:51 -0700] "GET /?camp-fire/36010338.html HTTP/1.1" 500 - "-" "Mozilla/5.0 (compatible; DataForSeoBot/1.0; +https://dataforseo.com/dataforseo-bot)" "mantech8.com"
207.46.13.63 - - [27/Sep/2022:17:39:11 -0700] "GET /index.php/sitemap3.xml HTTP/1.1" 200 18384 "-" "Mozilla/5.0 (compatible; bingbot/2.0; +http://www.bing.com/bingbot.htm)" "mantech8.com"
136.243.220.213 - - [27/Sep/2022:17:40:55 -0700] "GET /?camp-fire/16984226.html HTTP/1.1" 500 - "-" "Mozilla/5.0 (compatible; DataForSeoBot/1.0; +https://dataforseo.com/dataforseo-bot)" "mantech8.com"
136.243.220.213 - - [27/Sep/2022:17:40:59 -0700] "GET /?camp-fire/14218359.html HTTP/1.1" 500 - "-" "Mozilla/5.0 (compatible; DataForSeoBot/1.0; +https://dataforseo.com/dataforseo-bot)" "mantech8.com"
136.243.220.213 - - [27/Sep/2022:17:41:00 -0700] "GET /?camp-fire/10475590.html HTTP/1.1" 500 - "-" "Mozilla/5.0 (compatible; DataForSeoBot/1.0; +https://dataforseo.com/dataforseo-bot)" "mantech8.com"
185.191.171.11 - - [27/Sep/2022:17:41:01 -0700] "GET /?camp-fire%2F10195290.html HTTP/1.1" 500 - "-" "Mozilla/5.0 (compatible; SemrushBot/7~bl; +http://www.semrush.com/bot.html)" "mantech8.com"
207.46.13.42 - - [27/Sep/2022:17:41:02 -0700] "GET /index.php?sitemap179.xml HTTP/1.1" 200 312996 "-" "Mozilla/5.0 (compatible; bingbot/2.0; +http://www.bing.com/bingbot.htm)" "mantech8.com"
136.243.220.213 - - [27/Sep/2022:17:41:04 -0700] "GET /?camp-fire/17666965.html HTTP/1.1" 500 - "-" "Mozilla/5.0 (compatible; DataForSeoBot/1.0; +https://dataforseo.com/dataforseo-bot)" "mantech8.com"
136.243.220.213 - - [27/Sep/2022:17:41:05 -0700] "GET /?camp-fire/28270871.html HTTP/1.1" 500 - "-" "Mozilla/5.0 (compatible; DataForSeoBot/1.0; +https://dataforseo.com/dataforseo-bot)" "mantech8.com"
136.243.220.213 - - [27/Sep/2022:17:41:08 -0700] "GET /?camp-fire/9988983.html HTTP/1.1" 500 - "-" "Mozilla/5.0 (compatible; DataForSeoBot/1.0; +https://dataforseo.com/dataforseo-bot)" "mantech8.com"
136.243.220.213 - - [27/Sep/2022:17:41:13 -0700] "GET /?camp-fire/42421034.html HTTP/1.1" 500 - "-" "Mozilla/5.0 (compatible; DataForSeoBot/1.0; +https://dataforseo.com/dataforseo-bot)" "mantech8.com"
40.77.167.19 - - [27/Sep/2022:17:41:16 -0700] "GET /index.php?sitemap306.xml HTTP/1.1" 200 270924 "-" "Mozilla/5.0 (compatible; bingbot/2.0; +http://www.bing.com/bingbot.htm)" "mantech8.com"
136.243.220.213 - - [27/Sep/2022:17:41:17 -0700] "GET /?camp-fire/28271471.html HTTP/1.1" 500 - "-" "Mozilla/5.0 (compatible; DataForSeoBot/1.0; +https://dataforseo.com/dataforseo-bot)" "mantech8.com"
136.243.220.213 - - [27/Sep/2022:17:41:20 -0700] "GET /?camp-fire/15133172.html HTTP/1.1" 500 - "-" "Mozilla/5.0 (compatible; DataForSeoBot/1.0; +https://dataforseo.com/dataforseo-bot)" "mantech8.com"
207.46.13.63 - - [27/Sep/2022:17:41:21 -0700] "GET /index.php/sitemap115.xml HTTP/1.1" 200 316087 "-" "Mozilla/5.0 AppleWebKit/537.36 (KHTML, like Gecko; compatible; bingbot/2.0; +http://www.bing.com/bingbot.htm) Chrome/103.0.5060.134 Safari/537.36" "mantech8.com"
136.243.220.213 - - [27/Sep/2022:17:41:24 -0700] "GET /?camp-fire/38394972.html HTTP/1.1" 500 - "-" "Mozilla/5.0 (compatible; DataForSeoBot/1.0; +https://dataforseo.com/dataforseo-bot)" "mantech8.com"
136.243.220.213 - - [27/Sep/2022:17:41:25 -0700] "GET /?camp-fire/39339135.html HTTP/1.1" 500 - "-" "Mozilla/5.0 (compatible; DataForSeoBot/1.0; +https://dataforseo.com/dataforseo-bot)" "mantech8.com"
136.243.220.213 - - [27/Sep/2022:17:41:29 -0700] "GET /?camp-fire/29131766.html HTTP/1.1" 500 - "-" "Mozilla/5.0 (compatible; DataForSeoBot/1.0; +https://dataforseo.com/dataforseo-bot)" "mantech8.com"
136.243.220.213 - - [27/Sep/2022:17:41:33 -0700] "GET /?camp-fire/15491884.html HTTP/1.1" 500 - "-" "Mozilla/5.0 (compatible; DataForSeoBot/1.0; +https://dataforseo.com/dataforseo-bot)" "mantech8.com"
185.191.171.2 - - [27/Sep/2022:17:41:33 -0700] "GET /?camp-fire%2F37895927.html HTTP/1.1" 500 - "-" "Mozilla/5.0 (compatible; SemrushBot/7~bl; +http://www.semrush.com/bot.html)" "mantech8.com"
136.243.220.213 - - [27/Sep/2022:17:41:34 -0700] "GET /?camp-fire/1695653.html HTTP/1.1" 500 - "-" "Mozilla/5.0 (compatible; DataForSeoBot/1.0; +https://dataforseo.com/dataforseo-bot)" "mantech8.com"
40.77.167.19 - - [27/Sep/2022:17:41:36 -0700] "GET /index.php/sitemap7066.xml HTTP/1.1" 200 315278 "-" "Mozilla/5.0 AppleWebKit/537.36 (KHTML, like Gecko; compatible; bingbot/2.0; +http://www.bing.com/bingbot.htm) Chrome/103.0.5060.134 Safari/537.36" "mantech8.com"
136.243.220.213 - - [27/Sep/2022:17:41:38 -0700] "GET /?camp-fire/28271171.html HTTP/1.1" 500 - "-" "Mozilla/5.0 (compatible; DataForSeoBot/1.0; +https://dataforseo.com/dataforseo-bot)" "mantech8.com"
136.243.220.213 - - [27/Sep/2022:17:41:42 -0700] "GET /?camp-fire/1546329.html HTTP/1.1" 500 - "-" "Mozilla/5.0 (compatible; DataForSeoBot/1.0; +https://dataforseo.com/dataforseo-bot)" "mantech8.com"
207.46.13.42 - - [27/Sep/2022:17:41:41 -0700] "GET /index.php/sitemap29.xml HTTP/1.1" 200 292214 "-" "Mozilla/5.0 AppleWebKit/537.36 (KHTML, like Gecko; compatible; bingbot/2.0; +http://www.bing.com/bingbot.htm) Chrome/103.0.5060.134 Safari/537.36" "mantech8.com"
185.191.171.7 - - [27/Sep/2022:17:41:45 -0700] "GET /?camp-fire%2F41451171.html HTTP/1.1" 500 - "-" "Mozilla/5.0 (compatible; SemrushBot/7~bl; +http://www.semrush.com/bot.html)" "mantech8.com"
136.243.220.213 - - [27/Sep/2022:17:41:46 -0700] "GET /?camp-fire/40614850.html HTTP/1.1" 500 - "-" "Mozilla/5.0 (compatible; DataForSeoBot/1.0; +https://dataforseo.com/dataforseo-bot)" "mantech8.com"
136.243.220.213 - - [27/Sep/2022:17:41:50 -0700] "GET /?camp-fire/7565480.html HTTP/1.1" 500 - "-" "Mozilla/5.0 (compatible; DataForSeoBot/1.0; +https://dataforseo.com/dataforseo-bot)" "mantech8.com"
136.243.220.213 - - [27/Sep/2022:17:41:54 -0700] "GET /?camp-fire/8430878.html HTTP/1.1" 500 - "-" "Mozilla/5.0 (compatible; DataForSeoBot/1.0; +https://dataforseo.com/dataforseo-bot)" "mantech8.com"
136.243.220.213 - - [27/Sep/2022:17:41:55 -0700] "GET /?camp-fire/27092121.html HTTP/1.1" 500 - "-" "Mozilla/5.0 (compatible; DataForSeoBot/1.0; +https://dataforseo.com/dataforseo-bot)" "mantech8.com"
136.243.220.213 - - [27/Sep/2022:17:41:59 -0700] "GET /?camp-fire/27091521.html HTTP/1.1" 500 - "-" "Mozilla/5.0 (compatible; DataForSeoBot/1.0; +https://dataforseo.com/dataforseo-bot)" "mantech8.com"
136.243.220.213 - - [27/Sep/2022:17:42:00 -0700] "GET /?camp-fire/43130734.html HTTP/1.1" 500 - "-" "Mozilla/5.0 (compatible; DataForSeoBot/1.0; +https://dataforseo.com/dataforseo-bot)" "mantech8.com"
136.243.220.213 - - [27/Sep/2022:17:42:03 -0700] "GET /?camp-fire/15098487.html HTTP/1.1" 500 - "-" "Mozilla/5.0 (compatible; DataForSeoBot/1.0; +https://dataforseo.com/dataforseo-bot)" "mantech8.com"
136.243.220.213 - - [27/Sep/2022:17:42:05 -0700] "GET /?camp-fire/39127917.html HTTP/1.1" 500 - "-" "Mozilla/5.0 (compatible; DataForSeoBot/1.0; +https://dataforseo.com/dataforseo-bot)" "mantech8.com"
136.243.220.213 - - [27/Sep/2022:17:42:08 -0700] "GET /?camp-fire/36010638.html HTTP/1.1" 500 - "-" "Mozilla/5.0 (compatible; DataForSeoBot/1.0; +https://dataforseo.com/dataforseo-bot)" "mantech8.com"
136.243.220.213 - - [27/Sep/2022:17:42:12 -0700] "GET /?camp-fire/42362949.html HTTP/1.1" 500 - "-" "Mozilla/5.0 (compatible; DataForSeoBot/1.0; +https://dataforseo.com/dataforseo-bot)" "mantech8.com"
185.191.171.34 - - [27/Sep/2022:17:42:14 -0700] "GET /?camp-fire%2F63727493.html HTTP/1.1" 500 - "-" "Mozilla/5.0 (compatible; SemrushBot/7~bl; +http://www.semrush.com/bot.html)" "mantech8.com"
136.243.220.213 - - [27/Sep/2022:17:42:16 -0700] "GET /?camp-fire/32801668.html HTTP/1.1" 500 - "-" "Mozilla/5.0 (compatible; DataForSeoBot/1.0; +https://dataforseo.com/dataforseo-bot)" "mantech8.com"
136.243.220.213 - - [27/Sep/2022:17:42:20 -0700] "GET /?camp-fire/41702871.html HTTP/1.1" 500 - "-" "Mozilla/5.0 (compatible; DataForSeoBot/1.0; +https://dataforseo.com/dataforseo-bot)" "mantech8.com"
136.243.220.213 - - [27/Sep/2022:17:42:24 -0700] "GET /?camp-fire/5079355.html HTTP/1.1" 500 - "-" "Mozilla/5.0 (compatible; DataForSeoBot/1.0; +https://dataforseo.com/dataforseo-bot)" "mantech8.com"
136.243.220.213 - - [27/Sep/2022:17:42:25 -0700] "GET /?camp-fire/41702771.html HTTP/1.1" 500 - "-" "Mozilla/5.0 (compatible; DataForSeoBot/1.0; +https://dataforseo.com/dataforseo-bot)" "mantech8.com"
136.243.220.213 - - [27/Sep/2022:17:42:26 -0700] "GET /?camp-fire/3623400.html HTTP/1.1" 500 - "-" "Mozilla/5.0 (compatible; DataForSeoBot/1.0; +https://dataforseo.com/dataforseo-bot)" "mantech8.com"
185.191.171.45 - - [27/Sep/2022:17:42:28 -0700] "GET /?camp-fire%2F39890076.html HTTP/1.1" 500 - "-" "Mozilla/5.0 (compatible; SemrushBot/7~bl; +http://www.semrush.com/bot.html)" "mantech8.com"
136.243.220.213 - - [27/Sep/2022:17:42:31 -0700] "GET /?camp-fire/36010838.html HTTP/1.1" 500 - "-" "Mozilla/5.0 (compatible; DataForSeoBot/1.0; +https://dataforseo.com/dataforseo-bot)" "mantech8.com"
136.243.220.213 - - [27/Sep/2022:17:42:34 -0700] "GET /?camp-fire/15132272.html HTTP/1.1" 500 - "-" "Mozilla/5.0 (compatible; DataForSeoBot/1.0; +https://dataforseo.com/dataforseo-bot)" "mantech8.com"
136.243.220.213 - - [27/Sep/2022:17:42:34 -0700] "GET /?camp-fire/29132066.html HTTP/1.1" 500 - "-" "Mozilla/5.0 (compatible; DataForSeoBot/1.0; +https://dataforseo.com/dataforseo-bot)" "mantech8.com"
136.243.220.213 - - [27/Sep/2022:17:42:38 -0700] "GET /?camp-fire/3405078.html HTTP/1.1" 500 - "-" "Mozilla/5.0 (compatible; DataForSeoBot/1.0; +https://dataforseo.com/dataforseo-bot)" "mantech8.com"
185.191.171.23 - - [27/Sep/2022:17:42:39 -0700] "GET /?camp-fire%2F56324749.html HTTP/1.1" 500 - "-" "Mozilla/5.0 (compatible; SemrushBot/7~bl; +http://www.semrush.com/bot.html)" "mantech8.com"
136.243.220.213 - - [27/Sep/2022:17:42:39 -0700] "GET /?camp-fire/39128317.html HTTP/1.1" 500 - "-" "Mozilla/5.0 (compatible; DataForSeoBot/1.0; +https://dataforseo.com/dataforseo-bot)" "mantech8.com"
136.243.220.213 - - [27/Sep/2022:17:42:43 -0700] "GET /?camp-fire/27746826.html HTTP/1.1" 500 - "-" "Mozilla/5.0 (compatible; DataForSeoBot/1.0; +https://dataforseo.com/dataforseo-bot)" "mantech8.com"
136.243.220.213 - - [27/Sep/2022:17:42:47 -0700] "GET /?camp-fire/42095003.html HTTP/1.1" 500 - "-" "Mozilla/5.0 (compatible; DataForSeoBot/1.0; +https://dataforseo.com/dataforseo-bot)" "mantech8.com"
185.191.171.39 - - [27/Sep/2022:17:42:50 -0700] "GET /?camp-fire%2F121276903.html HTTP/1.1" 500 - "-" "Mozilla/5.0 (compatible; SemrushBot/7~bl; +http://www.semrush.com/bot.html)" "mantech8.com"
136.243.220.213 - - [27/Sep/2022:17:42:51 -0700] "GET /?camp-fire/15491684.html HTTP/1.1" 500 - "-" "Mozilla/5.0 (compatible; DataForSeoBot/1.0; +https://dataforseo.com/dataforseo-bot)" "mantech8.com"
185.191.171.23 - - [27/Sep/2022:17:42:52 -0700] "GET /?camp-fire%2F483869.html HTTP/1.1" 500 - "-" "Mozilla/5.0 (compatible; SemrushBot/7~bl; +http://www.semrush.com/bot.html)" "mantech8.com"
136.243.220.213 - - [27/Sep/2022:17:42:55 -0700] "GET /?camp-fire/40114502.html HTTP/1.1" 500 - "-" "Mozilla/5.0 (compatible; DataForSeoBot/1.0; +https://dataforseo.com/dataforseo-bot)" "mantech8.com"
136.243.220.213 - - [27/Sep/2022:17:42:59 -0700] "GET /?camp-fire/12217776.html HTTP/1.1" 500 - "-" "Mozilla/5.0 (compatible; DataForSeoBot/1.0; +https://dataforseo.com/dataforseo-bot)" "mantech8.com"
136.243.220.213 - - [27/Sep/2022:17:42:59 -0700] "GET /?camp-fire/28271571.html HTTP/1.1" 500 - "-" "Mozilla/5.0 (compatible; DataForSeoBot/1.0; +https://dataforseo.com/dataforseo-bot)" "mantech8.com"
136.243.220.213 - - [27/Sep/2022:17:43:00 -0700] "GET /?camp-fire/14219259.html HTTP/1.1" 500 - "-" "Mozilla/5.0 (compatible; DataForSeoBot/1.0; +https://dataforseo.com/dataforseo-bot)" "mantech8.com"
136.243.220.213 - - [27/Sep/2022:17:43:04 -0700] "GET /?camp-fire/33740593.html HTTP/1.1" 500 - "-" "Mozilla/5.0 (compatible; DataForSeoBot/1.0; +https://dataforseo.com/dataforseo-bot)" "mantech8.com"
136.243.220.213 - - [27/Sep/2022:17:43:08 -0700] "GET /?camp-fire/26418782.html HTTP/1.1" 500 - "-" "Mozilla/5.0 (compatible; DataForSeoBot/1.0; +https://dataforseo.com/dataforseo-bot)" "mantech8.com"
136.243.220.213 - - [27/Sep/2022:17:43:11 -0700] "GET /?camp-fire/42420434.html HTTP/1.1" 500 - "-" "Mozilla/5.0 (compatible; DataForSeoBot/1.0; +https://dataforseo.com/dataforseo-bot)" "mantech8.com"
136.243.220.213 - - [27/Sep/2022:17:43:14 -0700] "GET /?camp-fire/5595377.html HTTP/1.1" 500 - "-" "Mozilla/5.0 (compatible; DataForSeoBot/1.0; +https://dataforseo.com/dataforseo-bot)" "mantech8.com"
136.243.220.213 - - [27/Sep/2022:17:43:15 -0700] "GET /?camp-fire/38440603.html HTTP/1.1" 500 - "-" "Mozilla/5.0 (compatible; DataForSeoBot/1.0; +https://dataforseo.com/dataforseo-bot)" "mantech8.com"
40.77.167.19 - - [27/Sep/2022:17:43:16 -0700] "GET /?nobeliums.xml HTTP/1.1" 200 319752 "-" "Mozilla/5.0 (compatible; bingbot/2.0; +http://www.bing.com/bingbot.htm)" "mantech8.com"
136.243.220.213 - - [27/Sep/2022:17:43:19 -0700] "GET /?camp-fire/27745626.html HTTP/1.1" 500 - "-" "Mozilla/5.0 (compatible; DataForSeoBot/1.0; +https://dataforseo.com/dataforseo-bot)" "mantech8.com"
136.243.220.213 - - [27/Sep/2022:17:43:23 -0700] "GET /?camp-fire/39127717.html HTTP/1.1" 500 - "-" "Mozilla/5.0 (compatible; DataForSeoBot/1.0; +https://dataforseo.com/dataforseo-bot)" "mantech8.com"
114.119.133.190 - - [27/Sep/2022:17:43:25 -0700] "GET /index.php?ascensor.xml HTTP/1.1" 200 290008 "-" "Mozilla/5.0 (Linux; Android 7.0;) AppleWebKit/537.36 (KHTML, like Gecko) Mobile Safari/537.36 (compatible; PetalBot;+https://webmaster.petalsearch.com/site/petalbot)" "mantech8.com"
136.243.220.213 - - [27/Sep/2022:17:43:37 -0700] "GET /?camp-fire/9988583.html HTTP/1.1" 500 - "-" "Mozilla/5.0 (compatible; DataForSeoBot/1.0; +https://dataforseo.com/dataforseo-bot)" "mantech8.com"
136.243.220.213 - - [27/Sep/2022:17:43:42 -0700] "GET /?camp-fire/17823827.html HTTP/1.1" 500 - "-" "Mozilla/5.0 (compatible; DataForSeoBot/1.0; +https://dataforseo.com/dataforseo-bot)" "mantech8.com"
136.243.220.213 - - [27/Sep/2022:17:43:45 -0700] "GET /?camp-fire/26942447.html HTTP/1.1" 500 - "-" "Mozilla/5.0 (compatible; DataForSeoBot/1.0; +https://dataforseo.com/dataforseo-bot)" "mantech8.com"
136.243.220.213 - - [27/Sep/2022:17:43:49 -0700] "GET /?camp-fire/19317832.html HTTP/1.1" 500 - "-" "Mozilla/5.0 (compatible; DataForSeoBot/1.0; +https://dataforseo.com/dataforseo-bot)" "mantech8.com"
136.243.220.213 - - [27/Sep/2022:17:43:50 -0700] "GET /?camp-fire/4495385.html HTTP/1.1" 500 - "-" "Mozilla/5.0 (compatible; DataForSeoBot/1.0; +https://dataforseo.com/dataforseo-bot)" "mantech8.com"
136.243.220.213 - - [27/Sep/2022:17:43:54 -0700] "GET /?camp-fire/27092321.html HTTP/1.1" 500 - "-" "Mozilla/5.0 (compatible; DataForSeoBot/1.0; +https://dataforseo.com/dataforseo-bot)" "mantech8.com"
136.243.220.213 - - [27/Sep/2022:17:43:58 -0700] "GET /?camp-fire/35965850.html HTTP/1.1" 500 - "-" "Mozilla/5.0 (compatible; DataForSeoBot/1.0; +https://dataforseo.com/dataforseo-bot)" "mantech8.com"
207.46.13.63 - - [27/Sep/2022:17:44:01 -0700] "GET /index.php/sitemap3672.xml HTTP/1.1" 200 260194 "-" "Mozilla/5.0 (compatible; bingbot/2.0; +http://www.bing.com/bingbot.htm)" "mantech8.com"
136.243.220.213 - - [27/Sep/2022:17:44:03 -0700] "GET /?camp-fire/9989083.html HTTP/1.1" 500 - "-" "Mozilla/5.0 (compatible; DataForSeoBot/1.0; +https://dataforseo.com/dataforseo-bot)" "mantech8.com"
136.243.220.213 - - [27/Sep/2022:17:44:03 -0700] "GET /?camp-fire/1546929.html HTTP/1.1" 500 - "-" "Mozilla/5.0 (compatible; DataForSeoBot/1.0; +https://dataforseo.com/dataforseo-bot)" "mantech8.com"
136.243.220.213 - - [27/Sep/2022:17:44:07 -0700] "GET /?camp-fire/15492684.html HTTP/1.1" 500 - "-" "Mozilla/5.0 (compatible; DataForSeoBot/1.0; +https://dataforseo.com/dataforseo-bot)" "mantech8.com"
136.243.220.213 - - [27/Sep/2022:17:44:11 -0700] "GET /?camp-fire/4396365.html HTTP/1.1" 500 - "-" "Mozilla/5.0 (compatible; DataForSeoBot/1.0; +https://dataforseo.com/dataforseo-bot)" "mantech8.com"
136.243.220.213 - - [27/Sep/2022:17:44:16 -0700] "GET /?camp-fire/39136192.html HTTP/1.1" 500 - "-" "Mozilla/5.0 (compatible; DataForSeoBot/1.0; +https://dataforseo.com/dataforseo-bot)" "mantech8.com"
40.77.167.19 - - [27/Sep/2022:17:42:36 -0700] "GET /index.php?sitemap47114.xml HTTP/1.1" 200 18384 "-" "Mozilla/5.0 (compatible; bingbot/2.0; +http://www.bing.com/bingbot.htm)" "mantech8.com"
207.46.13.145 - - [27/Sep/2022:17:44:17 -0700] "GET /index.php/sitemap-index-4.xml HTTP/1.1" 200 7731 "-" "Mozilla/5.0 (compatible; bingbot/2.0; +http://www.bing.com/bingbot.htm)" "mantech8.com"
185.191.171.25 - - [27/Sep/2022:17:44:18 -0700] "GET /?camp-fire%2F4143565.html HTTP/1.1" 500 - "-" "Mozilla/5.0 (compatible; SemrushBot/7~bl; +http://www.semrush.com/bot.html)" "mantech8.com"
136.243.220.213 - - [27/Sep/2022:17:44:19 -0700] "GET /?camp-fire/32842725.html HTTP/1.1" 500 - "-" "Mozilla/5.0 (compatible; DataForSeoBot/1.0; +https://dataforseo.com/dataforseo-bot)" "mantech8.com"
136.243.220.213 - - [27/Sep/2022:17:44:23 -0700] "GET /?camp-fire/35329925.html HTTP/1.1" 500 - "-" "Mozilla/5.0 (compatible; DataForSeoBot/1.0; +https://dataforseo.com/dataforseo-bot)" "mantech8.com"
136.243.220.213 - - [27/Sep/2022:17:44:27 -0700] "GET /?camp-fire/4496285.html HTTP/1.1" 500 - "-" "Mozilla/5.0 (compatible; DataForSeoBot/1.0; +https://dataforseo.com/dataforseo-bot)" "mantech8.com"
136.243.220.213 - - [27/Sep/2022:17:44:31 -0700] "GET /?camp-fire/32842925.html HTTP/1.1" 500 - "-" "Mozilla/5.0 (compatible; DataForSeoBot/1.0; +https://dataforseo.com/dataforseo-bot)" "mantech8.com"
136.243.220.213 - - [27/Sep/2022:17:44:33 -0700] "GET /?camp-fire/7927608.html HTTP/1.1" 500 - "-" "Mozilla/5.0 (compatible; DataForSeoBot/1.0; +https://dataforseo.com/dataforseo-bot)" "mantech8.com"
136.243.220.213 - - [27/Sep/2022:17:44:35 -0700] "GET /?camp-fire/30797641.html HTTP/1.1" 500 - "-" "Mozilla/5.0 (compatible; DataForSeoBot/1.0; +https://dataforseo.com/dataforseo-bot)" "mantech8.com"
136.243.220.213 - - [27/Sep/2022:17:44:35 -0700] "GET /?camp-fire/15747583.html HTTP/1.1" 500 - "-" "Mozilla/5.0 (compatible; DataForSeoBot/1.0; +https://dataforseo.com/dataforseo-bot)" "mantech8.com"
136.243.220.213 - - [27/Sep/2022:17:44:39 -0700] "GET /?camp-fire/2099951.html HTTP/1.1" 500 - "-" "Mozilla/5.0 (compatible; DataForSeoBot/1.0; +https://dataforseo.com/dataforseo-bot)" "mantech8.com"
136.243.220.213 - - [27/Sep/2022:17:44:43 -0700] "GET /?camp-fire/33925259.html HTTP/1.1" 500 - "-" "Mozilla/5.0 (compatible; DataForSeoBot/1.0; +https://dataforseo.com/dataforseo-bot)" "mantech8.com"
136.243.220.213 - - [27/Sep/2022:17:44:47 -0700] "GET /?camp-fire/42094803.html HTTP/1.1" 500 - "-" "Mozilla/5.0 (compatible; DataForSeoBot/1.0; +https://dataforseo.com/dataforseo-bot)" "mantech8.com"
136.243.220.213 - - [27/Sep/2022:17:44:51 -0700] "GET /?camp-fire/10816957.html HTTP/1.1" 500 - "-" "Mozilla/5.0 (compatible; DataForSeoBot/1.0; +https://dataforseo.com/dataforseo-bot)" "mantech8.com"
136.243.220.213 - - [27/Sep/2022:17:44:55 -0700] "GET /?camp-fire/42421234.html HTTP/1.1" 500 - "-" "Mozilla/5.0 (compatible; DataForSeoBot/1.0; +https://dataforseo.com/dataforseo-bot)" "mantech8.com"
185.191.171.24 - - [27/Sep/2022:17:44:58 -0700] "GET /?camp-fire%2F24366527.html HTTP/1.1" 500 - "-" "Mozilla/5.0 (compatible; SemrushBot/7~bl; +http://www.semrush.com/bot.html)" "mantech8.com"
136.243.220.213 - - [27/Sep/2022:17:44:59 -0700] "GET /?camp-fire/32842425.html HTTP/1.1" 500 - "-" "Mozilla/5.0 (compatible; DataForSeoBot/1.0; +https://dataforseo.com/dataforseo-bot)" "mantech8.com"
136.243.220.213 - - [27/Sep/2022:17:45:03 -0700] "GET /?camp-fire/32191230.html HTTP/1.1" 500 - "-" "Mozilla/5.0 (compatible; DataForSeoBot/1.0; +https://dataforseo.com/dataforseo-bot)" "mantech8.com"
185.191.171.11 - - [27/Sep/2022:17:45:04 -0700] "GET /?camp-fire%2F29615466.html HTTP/1.1" 500 - "-" "Mozilla/5.0 (compatible; SemrushBot/7~bl; +http://www.semrush.com/bot.html)" "mantech8.com"
136.243.220.213 - - [27/Sep/2022:17:45:07 -0700] "GET /?camp-fire/28198859.html HTTP/1.1" 500 - "-" "Mozilla/5.0 (compatible; DataForSeoBot/1.0; +https://dataforseo.com/dataforseo-bot)" "mantech8.com"
136.243.220.213 - - [27/Sep/2022:17:45:11 -0700] "GET /?camp-fire/15099487.html HTTP/1.1" 500 - "-" "Mozilla/5.0 (compatible; DataForSeoBot/1.0; +https://dataforseo.com/dataforseo-bot)" "mantech8.com"
136.243.220.213 - - [27/Sep/2022:17:45:15 -0700] "GET /?camp-fire/35568138.html HTTP/1.1" 500 - "-" "Mozilla/5.0 (compatible; DataForSeoBot/1.0; +https://dataforseo.com/dataforseo-bot)" "mantech8.com"
136.243.220.213 - - [27/Sep/2022:17:45:19 -0700] "GET /?camp-fire/15805346.html HTTP/1.1" 500 - "-" "Mozilla/5.0 (compatible; DataForSeoBot/1.0; +https://dataforseo.com/dataforseo-bot)" "mantech8.com"
136.243.220.213 - - [27/Sep/2022:17:45:24 -0700] "GET /?camp-fire/25343106.html HTTP/1.1" 500 - "-" "Mozilla/5.0 (compatible; DataForSeoBot/1.0; +https://dataforseo.com/dataforseo-bot)" "mantech8.com"
136.243.220.213 - - [27/Sep/2022:17:45:27 -0700] "GET /?camp-fire/30797341.html HTTP/1.1" 500 - "-" "Mozilla/5.0 (compatible; DataForSeoBot/1.0; +https://dataforseo.com/dataforseo-bot)" "mantech8.com"
136.243.220.213 - - [27/Sep/2022:17:45:31 -0700] "GET /?camp-fire/42420734.html HTTP/1.1" 500 - "-" "Mozilla/5.0 (compatible; DataForSeoBot/1.0; +https://dataforseo.com/dataforseo-bot)" "mantech8.com"
136.243.220.213 - - [27/Sep/2022:17:45:31 -0700] "GET /?camp-fire/19318732.html HTTP/1.1" 500 - "-" "Mozilla/5.0 (compatible; DataForSeoBot/1.0; +https://dataforseo.com/dataforseo-bot)" "mantech8.com"
136.243.220.213 - - [27/Sep/2022:17:45:35 -0700] "GET /?camp-fire/39135692.html HTTP/1.1" 500 - "-" "Mozilla/5.0 (compatible; DataForSeoBot/1.0; +https://dataforseo.com/dataforseo-bot)" "mantech8.com"
136.243.220.213 - - [27/Sep/2022:17:45:35 -0700] "GET /?camp-fire/24835530.html HTTP/1.1" 500 - "-" "Mozilla/5.0 (compatible; DataForSeoBot/1.0; +https://dataforseo.com/dataforseo-bot)" "mantech8.com"
