185.191.171.18 - - [25/Sep/2022:15:52:22 -0700] "GET /?camp-fire%2F41412271.html HTTP/1.1" 500 - "-" "Mozilla/5.0 (compatible; SemrushBot/7~bl; +http://www.semrush.com/bot.html)" "mantech8.com"
185.191.171.34 - - [25/Sep/2022:15:52:23 -0700] "GET /?camp-fire%2F12148153.html HTTP/1.1" 500 - "-" "Mozilla/5.0 (compatible; SemrushBot/7~bl; +http://www.semrush.com/bot.html)" "mantech8.com"
185.191.171.33 - - [25/Sep/2022:15:52:51 -0700] "GET /?camp-fire%2F32256665.html HTTP/1.1" 500 - "-" "Mozilla/5.0 (compatible; SemrushBot/7~bl; +http://www.semrush.com/bot.html)" "mantech8.com"
185.191.171.2 - - [25/Sep/2022:15:53:59 -0700] "GET /?camp-fire%2F7625674.html HTTP/1.1" 500 - "-" "Mozilla/5.0 (compatible; SemrushBot/7~bl; +http://www.semrush.com/bot.html)" "mantech8.com"
185.191.171.21 - - [25/Sep/2022:15:54:43 -0700] "GET /?camp-fire%2F21946935.html HTTP/1.1" 500 - "-" "Mozilla/5.0 (compatible; SemrushBot/7~bl; +http://www.semrush.com/bot.html)" "mantech8.com"
185.191.171.35 - - [25/Sep/2022:15:54:54 -0700] "GET /?camp-fire%2F41363963.html HTTP/1.1" 500 - "-" "Mozilla/5.0 (compatible; SemrushBot/7~bl; +http://www.semrush.com/bot.html)" "mantech8.com"
185.191.171.13 - - [25/Sep/2022:15:55:22 -0700] "GET /?camp-fire%2F11482509.html HTTP/1.1" 500 - "-" "Mozilla/5.0 (compatible; SemrushBot/7~bl; +http://www.semrush.com/bot.html)" "mantech8.com"
185.191.171.22 - - [25/Sep/2022:15:55:56 -0700] "GET /?camp-fire%2F50261572.html HTTP/1.1" 500 - "-" "Mozilla/5.0 (compatible; SemrushBot/7~bl; +http://www.semrush.com/bot.html)" "mantech8.com"
185.191.171.42 - - [25/Sep/2022:15:57:15 -0700] "GET /?camp-fire%2F27658409.html HTTP/1.1" 500 - "-" "Mozilla/5.0 (compatible; SemrushBot/7~bl; +http://www.semrush.com/bot.html)" "mantech8.com"
114.119.133.190 - - [25/Sep/2022:15:57:47 -0700] "GET /tarandean.xml HTTP/1.1" 404 88 "-" "Mozilla/5.0 (Linux; Android 7.0;) AppleWebKit/537.36 (KHTML, like Gecko) Mobile Safari/537.36 (compatible; PetalBot;+https://webmaster.petalsearch.com/site/petalbot)" "mantech8.com"
207.46.13.15 - - [25/Sep/2022:15:58:21 -0700] "GET /camp-fire/49248821.html HTTP/1.1" 404 88 "-" "Mozilla/5.0 (compatible; bingbot/2.0; +http://www.bing.com/bingbot.htm)" "www.mantech8.com"
185.191.171.18 - - [25/Sep/2022:15:58:30 -0700] "GET /robots.txt HTTP/1.1" 200 2442 "-" "Mozilla/5.0 (compatible; SemrushBot/7~bl; +http://www.semrush.com/bot.html)" "mantech8.com"
185.191.171.19 - - [25/Sep/2022:15:58:30 -0700] "GET /?camp-fire%2F49090817.html HTTP/1.1" 500 - "-" "Mozilla/5.0 (compatible; SemrushBot/7~bl; +http://www.semrush.com/bot.html)" "mantech8.com"
185.191.171.36 - - [25/Sep/2022:15:58:34 -0700] "GET /?camp-fire%2F5135374.html HTTP/1.1" 500 - "-" "Mozilla/5.0 (compatible; SemrushBot/7~bl; +http://www.semrush.com/bot.html)" "mantech8.com"
185.191.171.10 - - [25/Sep/2022:15:58:57 -0700] "GET /?camp-fire%2F38948992.html HTTP/1.1" 500 - "-" "Mozilla/5.0 (compatible; SemrushBot/7~bl; +http://www.semrush.com/bot.html)" "mantech8.com"
185.191.171.44 - - [25/Sep/2022:15:59:33 -0700] "GET /?camp-fire%2F47520103.html HTTP/1.1" 500 - "-" "Mozilla/5.0 (compatible; SemrushBot/7~bl; +http://www.semrush.com/bot.html)" "mantech8.com"
185.191.171.43 - - [25/Sep/2022:16:00:16 -0700] "GET /?camp-fire%2F73252561.html HTTP/1.1" 500 - "-" "Mozilla/5.0 (compatible; SemrushBot/7~bl; +http://www.semrush.com/bot.html)" "mantech8.com"
185.191.171.15 - - [25/Sep/2022:16:00:24 -0700] "GET /?camp-fire%2F30503041.html HTTP/1.1" 500 - "-" "Mozilla/5.0 (compatible; SemrushBot/7~bl; +http://www.semrush.com/bot.html)" "mantech8.com"
185.191.171.25 - - [25/Sep/2022:16:00:36 -0700] "GET /?camp-fire%2F42837434.html HTTP/1.1" 500 - "-" "Mozilla/5.0 (compatible; SemrushBot/7~bl; +http://www.semrush.com/bot.html)" "mantech8.com"
185.191.171.42 - - [25/Sep/2022:16:00:42 -0700] "GET /?camp-fire%2F17586180.html HTTP/1.1" 500 - "-" "Mozilla/5.0 (compatible; SemrushBot/7~bl; +http://www.semrush.com/bot.html)" "mantech8.com"
185.191.171.10 - - [25/Sep/2022:16:01:20 -0700] "GET /?camp-fire%2F7084559.html HTTP/1.1" 500 - "-" "Mozilla/5.0 (compatible; SemrushBot/7~bl; +http://www.semrush.com/bot.html)" "mantech8.com"
185.191.171.7 - - [25/Sep/2022:16:01:29 -0700] "GET /?camp-fire%2F17341846.html HTTP/1.1" 500 - "-" "Mozilla/5.0 (compatible; SemrushBot/7~bl; +http://www.semrush.com/bot.html)" "mantech8.com"
185.191.171.36 - - [25/Sep/2022:16:02:45 -0700] "GET /?camp-fire%2F42958887.html HTTP/1.1" 500 - "-" "Mozilla/5.0 (compatible; SemrushBot/7~bl; +http://www.semrush.com/bot.html)" "mantech8.com"
114.119.133.190 - - [25/Sep/2022:16:03:13 -0700] "GET /index.php?dejerator.xml HTTP/1.1" 200 319603 "-" "Mozilla/5.0 (Linux; Android 7.0;) AppleWebKit/537.36 (KHTML, like Gecko) Mobile Safari/537.36 (compatible; PetalBot;+https://webmaster.petalsearch.com/site/petalbot)" "mantech8.com"
185.191.171.9 - - [25/Sep/2022:16:04:03 -0700] "GET /?camp-fire%2F16674646.html HTTP/1.1" 500 - "-" "Mozilla/5.0 (compatible; SemrushBot/7~bl; +http://www.semrush.com/bot.html)" "mantech8.com"
185.191.171.39 - - [25/Sep/2022:16:04:52 -0700] "GET /?camp-fire%2F16456583.html HTTP/1.1" 500 - "-" "Mozilla/5.0 (compatible; SemrushBot/7~bl; +http://www.semrush.com/bot.html)" "mantech8.com"
185.191.171.5 - - [25/Sep/2022:16:04:53 -0700] "GET /?camp-fire%2F33520193.html HTTP/1.1" 500 - "-" "Mozilla/5.0 (compatible; SemrushBot/7~bl; +http://www.semrush.com/bot.html)" "mantech8.com"
185.191.171.39 - - [25/Sep/2022:16:05:27 -0700] "GET /?camp-fire%2F16923326.html HTTP/1.1" 500 - "-" "Mozilla/5.0 (compatible; SemrushBot/7~bl; +http://www.semrush.com/bot.html)" "mantech8.com"
185.191.171.33 - - [25/Sep/2022:16:06:44 -0700] "GET /?camp-fire%2F35091435.html HTTP/1.1" 500 - "-" "Mozilla/5.0 (compatible; SemrushBot/7~bl; +http://www.semrush.com/bot.html)" "mantech8.com"
66.249.66.58 - - [25/Sep/2022:16:07:30 -0700] "GET /bimages/gallery/thump/pb7.jpg HTTP/1.1" 200 538316 "-" "Googlebot-Image/1.0" "www.mantech8.com"
185.191.171.16 - - [25/Sep/2022:16:07:43 -0700] "GET /?camp-fire%2F7867408.html HTTP/1.1" 500 - "-" "Mozilla/5.0 (compatible; SemrushBot/7~bl; +http://www.semrush.com/bot.html)" "mantech8.com"
185.191.171.22 - - [25/Sep/2022:16:07:45 -0700] "GET /?camp-fire%2F38842217.html HTTP/1.1" 500 - "-" "Mozilla/5.0 (compatible; SemrushBot/7~bl; +http://www.semrush.com/bot.html)" "mantech8.com"
49.7.21.91 - - [25/Sep/2022:16:08:10 -0700] "GET / HTTP/1.1" 500 - "-" "Sogou web spider/4.0(+http://www.sogou.com/docs/help/webmasters.htm#07)" "mantech8.com"
185.191.171.9 - - [25/Sep/2022:16:08:17 -0700] "GET /?camp-fire%2F27971026.html HTTP/1.1" 500 - "-" "Mozilla/5.0 (compatible; SemrushBot/7~bl; +http://www.semrush.com/bot.html)" "mantech8.com"
185.191.171.11 - - [25/Sep/2022:16:08:39 -0700] "GET /?camp-fire%2F34558366.html HTTP/1.1" 500 - "-" "Mozilla/5.0 (compatible; SemrushBot/7~bl; +http://www.semrush.com/bot.html)" "mantech8.com"
185.191.171.3 - - [25/Sep/2022:16:08:55 -0700] "GET /?camp-fire%2F88603570.html HTTP/1.1" 500 - "-" "Mozilla/5.0 (compatible; SemrushBot/7~bl; +http://www.semrush.com/bot.html)" "mantech8.com"
207.46.13.42 - - [25/Sep/2022:16:09:27 -0700] "GET /?camp-fire/19652932.html HTTP/1.1" 200 71424 "-" "Mozilla/5.0 (compatible; bingbot/2.0; +http://www.bing.com/bingbot.htm)" "mantech8.com"
114.119.133.182 - - [25/Sep/2022:16:09:43 -0700] "GET /ching-kuo.xml HTTP/1.1" 404 88 "-" "Mozilla/5.0 (Linux; Android 7.0;) AppleWebKit/537.36 (KHTML, like Gecko) Mobile Safari/537.36 (compatible; PetalBot;+https://webmaster.petalsearch.com/site/petalbot)" "mantech8.com"
185.191.171.21 - - [25/Sep/2022:16:10:16 -0700] "GET /?camp-fire%2F3877874.html HTTP/1.1" 500 - "-" "Mozilla/5.0 (compatible; SemrushBot/7~bl; +http://www.semrush.com/bot.html)" "mantech8.com"
185.191.171.26 - - [25/Sep/2022:16:11:23 -0700] "GET /?camp-fire%2F16710583.html HTTP/1.1" 500 - "-" "Mozilla/5.0 (compatible; SemrushBot/7~bl; +http://www.semrush.com/bot.html)" "mantech8.com"
20.14.140.191 - - [25/Sep/2022:16:11:36 -0700] "POST /wp-plain.php HTTP/1.1" 404 73 "www.google.com" "Mozilla/5.0 (Linux; Android 7.0; SM-G892A Bulid/NRD90M; wv) AppleWebKit/537.36 (KHTML, like Gecko) Version/4.0 Chrome/60.0.3112.107 Moblie Safari/537.36" "mantech8.com"
20.14.140.191 - - [25/Sep/2022:16:11:36 -0700] "POST /ALFA_DATA/alfacgiapi/perl.alfa HTTP/1.1" 404 73 "www.google.com" "Mozlila/5.0 (Linux; Android 7.0; SM-G892A Bulid/NRD90M; wv) AppleWebKit/537.36 (KHTML, like Gecko) Version/4.0 Chrome/60.0.3112.107 Moblie Safari/537.36" "mantech8.com"
20.14.140.191 - - [25/Sep/2022:16:11:36 -0700] "POST /alfacgiapi/perl.alfa HTTP/1.1" 404 73 "www.google.com" "Mozlila/5.0 (Linux; Android 7.0; SM-G892A Bulid/NRD90M; wv) AppleWebKit/537.36 (KHTML, like Gecko) Version/4.0 Chrome/60.0.3112.107 Moblie Safari/537.36" "mantech8.com"
20.14.140.191 - - [25/Sep/2022:16:11:36 -0700] "GET /cgovvgia.php?Fox=d3wL7 HTTP/1.1" 404 73 "www.google.com" "Mozilla/5.0 (Linux; Android 7.0; SM-G892A Bulid/NRD90M; wv) AppleWebKit/537.36 (KHTML, like Gecko) Version/4.0 Chrome/60.0.3112.107 Moblie Safari/537.36" "mantech8.com"
20.14.140.191 - - [25/Sep/2022:16:11:36 -0700] "GET / HTTP/1.1" 500 - "-" "Mozlila/5.0 (Linux; Android 7.0; SM-G892A Bulid/NRD90M; wv) AppleWebKit/537.36 (KHTML, like Gecko) Version/4.0 Chrome/60.0.3112.107 Moblie Safari/537.36" "mantech8.com"
20.14.140.191 - - [25/Sep/2022:16:11:40 -0700] "POST /wp-plain.php HTTP/1.1" 404 73 "www.google.com" "Mozilla/5.0 (Linux; Android 7.0; SM-G892A Bulid/NRD90M; wv) AppleWebKit/537.36 (KHTML, like Gecko) Version/4.0 Chrome/60.0.3112.107 Moblie Safari/537.36" "mantech8.com"
20.14.140.191 - - [25/Sep/2022:16:11:40 -0700] "GET /vitxbhou.php?Fox=d3wL7 HTTP/1.1" 404 73 "www.google.com" "Mozilla/5.0 (Linux; Android 7.0; SM-G892A Bulid/NRD90M; wv) AppleWebKit/537.36 (KHTML, like Gecko) Version/4.0 Chrome/60.0.3112.107 Moblie Safari/537.36" "mantech8.com"
185.191.171.15 - - [25/Sep/2022:16:12:38 -0700] "GET /?camp-fire%2F40333235.html HTTP/1.1" 500 - "-" "Mozilla/5.0 (compatible; SemrushBot/7~bl; +http://www.semrush.com/bot.html)" "mantech8.com"
40.77.167.19 - - [25/Sep/2022:16:12:41 -0700] "GET /bimages/certificate/c6.jpg HTTP/1.1" 200 268049 "-" "Mozilla/5.0 (compatible; bingbot/2.0; +http://www.bing.com/bingbot.htm)" "mantech8.com"
185.191.171.14 - - [25/Sep/2022:16:12:42 -0700] "GET /?camp-fire%2F28926071.html HTTP/1.1" 500 - "-" "Mozilla/5.0 (compatible; SemrushBot/7~bl; +http://www.semrush.com/bot.html)" "mantech8.com"
185.191.171.4 - - [25/Sep/2022:16:12:58 -0700] "GET /?camp-fire%2F84096255.html HTTP/1.1" 500 - "-" "Mozilla/5.0 (compatible; SemrushBot/7~bl; +http://www.semrush.com/bot.html)" "mantech8.com"
185.191.171.14 - - [25/Sep/2022:16:13:27 -0700] "GET /?camp-fire%2F77247777.html HTTP/1.1" 500 - "-" "Mozilla/5.0 (compatible; SemrushBot/7~bl; +http://www.semrush.com/bot.html)" "mantech8.com"
185.191.171.23 - - [25/Sep/2022:16:14:12 -0700] "GET /?camp-fire%2F33453093.html HTTP/1.1" 500 - "-" "Mozilla/5.0 (compatible; SemrushBot/7~bl; +http://www.semrush.com/bot.html)" "mantech8.com"
185.191.171.35 - - [25/Sep/2022:16:14:17 -0700] "GET /?camp-fire%2F42838734.html HTTP/1.1" 500 - "-" "Mozilla/5.0 (compatible; SemrushBot/7~bl; +http://www.semrush.com/bot.html)" "mantech8.com"
185.191.171.41 - - [25/Sep/2022:16:14:18 -0700] "GET /?camp-fire%2F27111663.html HTTP/1.1" 500 - "-" "Mozilla/5.0 (compatible; SemrushBot/7~bl; +http://www.semrush.com/bot.html)" "mantech8.com"
185.191.171.17 - - [25/Sep/2022:16:14:42 -0700] "GET /?camp-fire%2F44000134.html HTTP/1.1" 500 - "-" "Mozilla/5.0 (compatible; SemrushBot/7~bl; +http://www.semrush.com/bot.html)" "mantech8.com"
185.191.171.13 - - [25/Sep/2022:16:14:46 -0700] "GET /?camp-fire%2F21798787.html HTTP/1.1" 500 - "-" "Mozilla/5.0 (compatible; SemrushBot/7~bl; +http://www.semrush.com/bot.html)" "mantech8.com"
114.119.133.165 - - [25/Sep/2022:16:15:13 -0700] "GET /sitemap1235.xml HTTP/1.1" 404 88 "-" "Mozilla/5.0 (Linux; Android 7.0;) AppleWebKit/537.36 (KHTML, like Gecko) Mobile Safari/537.36 (compatible; PetalBot;+https://webmaster.petalsearch.com/site/petalbot)" "mantech8.com"
185.191.171.15 - - [25/Sep/2022:16:15:49 -0700] "GET /?camp-fire%2F22818317.html HTTP/1.1" 500 - "-" "Mozilla/5.0 (compatible; SemrushBot/7~bl; +http://www.semrush.com/bot.html)" "mantech8.com"
185.191.171.25 - - [25/Sep/2022:16:15:50 -0700] "GET /?camp-fire%2F17521298.html HTTP/1.1" 500 - "-" "Mozilla/5.0 (compatible; SemrushBot/7~bl; +http://www.semrush.com/bot.html)" "mantech8.com"
207.46.13.42 - - [25/Sep/2022:16:16:08 -0700] "GET /index.php/sitemap39887.xml HTTP/1.1" 200 287390 "-" "Mozilla/5.0 (compatible; bingbot/2.0; +http://www.bing.com/bingbot.htm)" "mantech8.com"
40.77.167.19 - - [25/Sep/2022:16:16:12 -0700] "GET /index.php/sitemap2946.xml HTTP/1.1" 200 265498 "-" "Mozilla/5.0 AppleWebKit/537.36 (KHTML, like Gecko; compatible; bingbot/2.0; +http://www.bing.com/bingbot.htm) Chrome/103.0.5060.134 Safari/537.36" "mantech8.com"
185.191.171.10 - - [25/Sep/2022:16:16:13 -0700] "GET /?camp-fire%2F13967251.html HTTP/1.1" 500 - "-" "Mozilla/5.0 (compatible; SemrushBot/7~bl; +http://www.semrush.com/bot.html)" "mantech8.com"
207.46.13.104 - - [25/Sep/2022:16:16:14 -0700] "GET /index.php/sitemap7621.xml HTTP/1.1" 200 278478 "-" "Mozilla/5.0 (compatible; bingbot/2.0; +http://www.bing.com/bingbot.htm)" "mantech8.com"
207.46.13.145 - - [25/Sep/2022:16:16:17 -0700] "GET /index.php/sitemap17.xml HTTP/1.1" 200 250868 "-" "Mozilla/5.0 AppleWebKit/537.36 (KHTML, like Gecko; compatible; bingbot/2.0; +http://www.bing.com/bingbot.htm) Chrome/103.0.5060.134 Safari/537.36" "mantech8.com"
207.46.13.145 - - [25/Sep/2022:16:16:18 -0700] "GET /index.php/sitemap2628.xml HTTP/1.1" 200 327099 "-" "Mozilla/5.0 (compatible; bingbot/2.0; +http://www.bing.com/bingbot.htm)" "mantech8.com"
207.46.13.145 - - [25/Sep/2022:16:16:19 -0700] "GET /index.php/sitemap44589.xml HTTP/1.1" 200 327902 "-" "Mozilla/5.0 (compatible; bingbot/2.0; +http://www.bing.com/bingbot.htm)" "mantech8.com"
185.191.171.15 - - [25/Sep/2022:16:16:59 -0700] "GET /?camp-fire%2F44213059.html HTTP/1.1" 500 - "-" "Mozilla/5.0 (compatible; SemrushBot/7~bl; +http://www.semrush.com/bot.html)" "mantech8.com"
185.191.171.37 - - [25/Sep/2022:16:17:32 -0700] "GET /?camp-fire%2F40894976.html HTTP/1.1" 500 - "-" "Mozilla/5.0 (compatible; SemrushBot/7~bl; +http://www.semrush.com/bot.html)" "mantech8.com"
185.191.171.43 - - [25/Sep/2022:16:18:16 -0700] "GET /?camp-fire%2F28898971.html HTTP/1.1" 500 - "-" "Mozilla/5.0 (compatible; SemrushBot/7~bl; +http://www.semrush.com/bot.html)" "mantech8.com"
207.46.13.42 - - [25/Sep/2022:16:18:39 -0700] "GET /?camp-fire/79164935.html HTTP/1.1" 200 46997 "-" "Mozilla/5.0 (compatible; bingbot/2.0; +http://www.bing.com/bingbot.htm)" "mantech8.com"
40.77.167.19 - - [25/Sep/2022:16:19:02 -0700] "GET /index.php?/index.php/index/news.html HTTP/1.1" 200 35627 "-" "Mozilla/5.0 (compatible; bingbot/2.0; +http://www.bing.com/bingbot.htm)" "mantech8.com"
185.191.171.39 - - [25/Sep/2022:16:19:07 -0700] "GET /?camp-fire%2F28130821.html HTTP/1.1" 500 - "-" "Mozilla/5.0 (compatible; SemrushBot/7~bl; +http://www.semrush.com/bot.html)" "mantech8.com"
207.46.13.104 - - [25/Sep/2022:16:20:04 -0700] "GET /bimages/gallery/s9.jpg HTTP/1.1" 200 165614 "-" "Mozilla/5.0 AppleWebKit/537.36 (KHTML, like Gecko; compatible; bingbot/2.0; +http://www.bing.com/bingbot.htm) Chrome/103.0.5060.134 Safari/537.36" "mantech8.com"
114.119.133.158 - - [25/Sep/2022:16:20:52 -0700] "GET /?sitemap7884.xml HTTP/1.1" 200 263522 "-" "Mozilla/5.0 (compatible;PetalBot;+https://webmaster.petalsearch.com/site/petalbot)" "mantech8.com"
185.191.171.40 - - [25/Sep/2022:16:21:06 -0700] "GET /?camp-fire%2F23623906.html HTTP/1.1" 500 - "-" "Mozilla/5.0 (compatible; SemrushBot/7~bl; +http://www.semrush.com/bot.html)" "mantech8.com"
185.191.171.4 - - [25/Sep/2022:16:21:19 -0700] "GET /?camp-fire%2F40159088.html HTTP/1.1" 500 - "-" "Mozilla/5.0 (compatible; SemrushBot/7~bl; +http://www.semrush.com/bot.html)" "mantech8.com"
185.191.171.9 - - [25/Sep/2022:16:21:57 -0700] "GET /?camp-fire%2F18536380.html HTTP/1.1" 500 - "-" "Mozilla/5.0 (compatible; SemrushBot/7~bl; +http://www.semrush.com/bot.html)" "mantech8.com"
185.191.171.18 - - [25/Sep/2022:16:21:59 -0700] "GET /?camp-fire%2F43254934.html HTTP/1.1" 500 - "-" "Mozilla/5.0 (compatible; SemrushBot/7~bl; +http://www.semrush.com/bot.html)" "mantech8.com"
185.191.171.26 - - [25/Sep/2022:16:22:05 -0700] "GET /?camp-fire%2F107453471.html HTTP/1.1" 500 - "-" "Mozilla/5.0 (compatible; SemrushBot/7~bl; +http://www.semrush.com/bot.html)" "mantech8.com"
185.191.171.9 - - [25/Sep/2022:16:22:21 -0700] "GET /?camp-fire%2F28524864.html HTTP/1.1" 500 - "-" "Mozilla/5.0 (compatible; SemrushBot/7~bl; +http://www.semrush.com/bot.html)" "mantech8.com"
185.191.171.24 - - [25/Sep/2022:16:22:59 -0700] "GET /?camp-fire%2F26356106.html HTTP/1.1" 500 - "-" "Mozilla/5.0 (compatible; SemrushBot/7~bl; +http://www.semrush.com/bot.html)" "mantech8.com"
185.191.171.4 - - [25/Sep/2022:16:24:10 -0700] "GET /?camp-fire%2F39890976.html HTTP/1.1" 500 - "-" "Mozilla/5.0 (compatible; SemrushBot/7~bl; +http://www.semrush.com/bot.html)" "mantech8.com"
185.191.171.16 - - [25/Sep/2022:16:24:21 -0700] "GET /?camp-fire%2F4213785.html HTTP/1.1" 500 - "-" "Mozilla/5.0 (compatible; SemrushBot/7~bl; +http://www.semrush.com/bot.html)" "mantech8.com"
185.191.171.18 - - [25/Sep/2022:16:24:53 -0700] "GET /?camp-fire%2F109541592.html HTTP/1.1" 500 - "-" "Mozilla/5.0 (compatible; SemrushBot/7~bl; +http://www.semrush.com/bot.html)" "mantech8.com"
185.191.171.40 - - [25/Sep/2022:16:25:33 -0700] "GET /?camp-fire%2F10953383.html HTTP/1.1" 500 - "-" "Mozilla/5.0 (compatible; SemrushBot/7~bl; +http://www.semrush.com/bot.html)" "mantech8.com"
114.119.133.182 - - [25/Sep/2022:16:26:32 -0700] "GET /bimages/pipeg/ HTTP/1.1" 200 569 "http://mantech8.com/bimages/?C=N%3BO%3DD" "Mozilla/5.0 (Linux; Android 7.0;) AppleWebKit/537.36 (KHTML, like Gecko) Mobile Safari/537.36 (compatible; PetalBot;+https://webmaster.petalsearch.com/site/petalbot)" "mantech8.com"
185.191.171.5 - - [25/Sep/2022:16:26:48 -0700] "GET /?camp-fire%2F18044681.html HTTP/1.1" 500 - "-" "Mozilla/5.0 (compatible; SemrushBot/7~bl; +http://www.semrush.com/bot.html)" "mantech8.com"
157.55.39.68 - - [25/Sep/2022:16:26:52 -0700] "GET /index.php/camp-fire/16684646.html HTTP/1.1" 200 44492 "-" "Mozilla/5.0 (compatible; bingbot/2.0; +http://www.bing.com/bingbot.htm)" "mantech8.com"
185.191.171.9 - - [25/Sep/2022:16:27:15 -0700] "GET /?camp-fire%2F14586524.html HTTP/1.1" 500 - "-" "Mozilla/5.0 (compatible; SemrushBot/7~bl; +http://www.semrush.com/bot.html)" "mantech8.com"
185.191.171.9 - - [25/Sep/2022:16:27:20 -0700] "GET /?camp-fire%2F48556434.html HTTP/1.1" 500 - "-" "Mozilla/5.0 (compatible; SemrushBot/7~bl; +http://www.semrush.com/bot.html)" "mantech8.com"
185.191.171.25 - - [25/Sep/2022:16:27:58 -0700] "GET /?camp-fire%2F10187490.html HTTP/1.1" 500 - "-" "Mozilla/5.0 (compatible; SemrushBot/7~bl; +http://www.semrush.com/bot.html)" "mantech8.com"
185.191.171.2 - - [25/Sep/2022:16:28:34 -0700] "GET /?camp-fire%2F26645347.html HTTP/1.1" 500 - "-" "Mozilla/5.0 (compatible; SemrushBot/7~bl; +http://www.semrush.com/bot.html)" "mantech8.com"
185.191.171.43 - - [25/Sep/2022:16:29:37 -0700] "GET /?camp-fire%2F1485929.html HTTP/1.1" 500 - "-" "Mozilla/5.0 (compatible; SemrushBot/7~bl; +http://www.semrush.com/bot.html)" "mantech8.com"
185.191.171.36 - - [25/Sep/2022:16:30:05 -0700] "GET /?camp-fire%2F25082006.html HTTP/1.1" 500 - "-" "Mozilla/5.0 (compatible; SemrushBot/7~bl; +http://www.semrush.com/bot.html)" "mantech8.com"
185.191.171.19 - - [25/Sep/2022:16:30:10 -0700] "GET /?camp-fire%2F40441493.html HTTP/1.1" 500 - "-" "Mozilla/5.0 (compatible; SemrushBot/7~bl; +http://www.semrush.com/bot.html)" "mantech8.com"
185.191.171.14 - - [25/Sep/2022:16:30:12 -0700] "GET /?camp-fire%2F43374849.html HTTP/1.1" 500 - "-" "Mozilla/5.0 (compatible; SemrushBot/7~bl; +http://www.semrush.com/bot.html)" "mantech8.com"
185.191.171.43 - - [25/Sep/2022:16:30:38 -0700] "GET /?camp-fire%2F1368190.html HTTP/1.1" 500 - "-" "Mozilla/5.0 (compatible; SemrushBot/7~bl; +http://www.semrush.com/bot.html)" "mantech8.com"
185.191.171.1 - - [25/Sep/2022:16:31:40 -0700] "GET /?camp-fire%2F28502878.html HTTP/1.1" 500 - "-" "Mozilla/5.0 (compatible; SemrushBot/7~bl; +http://www.semrush.com/bot.html)" "mantech8.com"
114.119.133.182 - - [25/Sep/2022:16:32:21 -0700] "GET /index.php?sitemap152.xml HTTP/1.1" 200 330616 "-" "Mozilla/5.0 (compatible;PetalBot;+https://webmaster.petalsearch.com/site/petalbot)" "mantech8.com"
185.191.171.40 - - [25/Sep/2022:16:32:29 -0700] "GET /?camp-fire%2F1802351.html HTTP/1.1" 500 - "-" "Mozilla/5.0 (compatible; SemrushBot/7~bl; +http://www.semrush.com/bot.html)" "mantech8.com"
185.191.171.6 - - [25/Sep/2022:16:32:57 -0700] "GET /?camp-fire%2F39824502.html HTTP/1.1" 500 - "-" "Mozilla/5.0 (compatible; SemrushBot/7~bl; +http://www.semrush.com/bot.html)" "mantech8.com"
185.191.171.12 - - [25/Sep/2022:16:33:21 -0700] "GET /?camp-fire%2F65370176.html HTTP/1.1" 500 - "-" "Mozilla/5.0 (compatible; SemrushBot/7~bl; +http://www.semrush.com/bot.html)" "mantech8.com"
185.191.171.36 - - [25/Sep/2022:16:33:51 -0700] "GET /?camp-fire%2F16262665.html HTTP/1.1" 500 - "-" "Mozilla/5.0 (compatible; SemrushBot/7~bl; +http://www.semrush.com/bot.html)" "mantech8.com"
185.191.171.40 - - [25/Sep/2022:16:33:53 -0700] "GET /?camp-fire%2F1258529.html HTTP/1.1" 500 - "-" "Mozilla/5.0 (compatible; SemrushBot/7~bl; +http://www.semrush.com/bot.html)" "mantech8.com"
185.191.171.45 - - [25/Sep/2022:16:34:12 -0700] "GET /?camp-fire%2F39922876.html HTTP/1.1" 500 - "-" "Mozilla/5.0 (compatible; SemrushBot/7~bl; +http://www.semrush.com/bot.html)" "mantech8.com"
185.191.171.19 - - [25/Sep/2022:16:34:38 -0700] "GET /?camp-fire%2F10299990.html HTTP/1.1" 500 - "-" "Mozilla/5.0 (compatible; SemrushBot/7~bl; +http://www.semrush.com/bot.html)" "mantech8.com"
185.191.171.39 - - [25/Sep/2022:16:35:13 -0700] "GET /?camp-fire%2F21501335.html HTTP/1.1" 500 - "-" "Mozilla/5.0 (compatible; SemrushBot/7~bl; +http://www.semrush.com/bot.html)" "mantech8.com"
185.191.171.33 - - [25/Sep/2022:16:35:47 -0700] "GET /?camp-fire%2F28366563.html HTTP/1.1" 500 - "-" "Mozilla/5.0 (compatible; SemrushBot/7~bl; +http://www.semrush.com/bot.html)" "mantech8.com"
185.191.171.26 - - [25/Sep/2022:16:35:49 -0700] "GET /?camp-fire%2F4655674.html HTTP/1.1" 500 - "-" "Mozilla/5.0 (compatible; SemrushBot/7~bl; +http://www.semrush.com/bot.html)" "mantech8.com"
185.191.171.35 - - [25/Sep/2022:16:36:45 -0700] "GET /?camp-fire%2F23959533.html HTTP/1.1" 500 - "-" "Mozilla/5.0 (compatible; SemrushBot/7~bl; +http://www.semrush.com/bot.html)" "mantech8.com"
185.191.171.15 - - [25/Sep/2022:16:37:00 -0700] "GET /?camp-fire%2F15621059.html HTTP/1.1" 500 - "-" "Mozilla/5.0 (compatible; SemrushBot/7~bl; +http://www.semrush.com/bot.html)" "mantech8.com"
185.191.171.40 - - [25/Sep/2022:16:37:18 -0700] "GET /?camp-fire%2F39905376.html HTTP/1.1" 500 - "-" "Mozilla/5.0 (compatible; SemrushBot/7~bl; +http://www.semrush.com/bot.html)" "mantech8.com"
185.191.171.6 - - [25/Sep/2022:16:37:55 -0700] "GET /?camp-fire%2F23414626.html HTTP/1.1" 500 - "-" "Mozilla/5.0 (compatible; SemrushBot/7~bl; +http://www.semrush.com/bot.html)" "mantech8.com"
185.191.171.6 - - [25/Sep/2022:16:37:56 -0700] "GET /?camp-fire%2F14358565.html HTTP/1.1" 500 - "-" "Mozilla/5.0 (compatible; SemrushBot/7~bl; +http://www.semrush.com/bot.html)" "mantech8.com"
114.119.133.165 - - [25/Sep/2022:16:38:13 -0700] "GET /bimages/gallery/bxrgzztdpj.php HTTP/1.1" 200 32 "http://www.mantech8.com/bimages/gallery/?C=M%3BO%3DA" "Mozilla/5.0 (Linux; Android 7.0;) AppleWebKit/537.36 (KHTML, like Gecko) Mobile Safari/537.36 (compatible; PetalBot;+https://webmaster.petalsearch.com/site/petalbot)" "www.mantech8.com"
66.249.66.215 - - [25/Sep/2022:16:38:26 -0700] "GET /com/img/rms/storefront/pc/page/icn_close_gray.gif HTTP/1.1" 404 88 "-" "Googlebot-Image/1.0" "www.mantech8.com"
185.191.171.44 - - [25/Sep/2022:16:38:53 -0700] "GET /?camp-fire%2F10530957.html HTTP/1.1" 500 - "-" "Mozilla/5.0 (compatible; SemrushBot/7~bl; +http://www.semrush.com/bot.html)" "mantech8.com"
207.46.13.145 - - [25/Sep/2022:16:38:56 -0700] "GET /index.php/camp-fire/13555294.html HTTP/1.1" 200 40002 "-" "Mozilla/5.0 (compatible; bingbot/2.0; +http://www.bing.com/bingbot.htm)" "mantech8.com"
207.46.13.15 - - [25/Sep/2022:16:40:55 -0700] "GET /bimages/client/tc.png HTTP/1.1" 200 26875 "-" "Mozilla/5.0 (compatible; bingbot/2.0; +http://www.bing.com/bingbot.htm)" "www.mantech8.com"
185.191.171.3 - - [25/Sep/2022:16:41:45 -0700] "GET /?camp-fire%2F41077602.html HTTP/1.1" 500 - "-" "Mozilla/5.0 (compatible; SemrushBot/7~bl; +http://www.semrush.com/bot.html)" "mantech8.com"
185.191.171.18 - - [25/Sep/2022:16:42:12 -0700] "GET /?camp-fire%2F42210149.html HTTP/1.1" 500 - "-" "Mozilla/5.0 (compatible; SemrushBot/7~bl; +http://www.semrush.com/bot.html)" "mantech8.com"
185.191.171.4 - - [25/Sep/2022:16:42:22 -0700] "GET /?camp-fire%2F17524627.html HTTP/1.1" 500 - "-" "Mozilla/5.0 (compatible; SemrushBot/7~bl; +http://www.semrush.com/bot.html)" "mantech8.com"
185.191.171.9 - - [25/Sep/2022:16:42:25 -0700] "GET /?camp-fire%2F20792235.html HTTP/1.1" 500 - "-" "Mozilla/5.0 (compatible; SemrushBot/7~bl; +http://www.semrush.com/bot.html)" "mantech8.com"
216.244.66.241 - - [25/Sep/2022:16:42:33 -0700] "GET /robots.txt HTTP/1.1" 200 26464 "-" "Mozilla/5.0 (compatible; DotBot/1.2; +https://opensiteexplorer.org/dotbot; help@moz.com)" "www.mantech8.com"
216.244.66.241 - - [25/Sep/2022:16:42:33 -0700] "GET /robots.txt HTTP/1.1" 200 26464 "-" "Mozilla/5.0 (compatible; DotBot/1.2; +https://opensiteexplorer.org/dotbot; help@moz.com)" "mantech8.com"
185.191.171.25 - - [25/Sep/2022:16:42:35 -0700] "GET /?camp-fire%2F17890965.html HTTP/1.1" 500 - "-" "Mozilla/5.0 (compatible; SemrushBot/7~bl; +http://www.semrush.com/bot.html)" "mantech8.com"
185.191.171.3 - - [25/Sep/2022:16:42:52 -0700] "GET /?camp-fire%2F8781921.html HTTP/1.1" 500 - "-" "Mozilla/5.0 (compatible; SemrushBot/7~bl; +http://www.semrush.com/bot.html)" "mantech8.com"
185.191.171.43 - - [25/Sep/2022:16:43:20 -0700] "GET /?camp-fire%2F26653047.html HTTP/1.1" 500 - "-" "Mozilla/5.0 (compatible; SemrushBot/7~bl; +http://www.semrush.com/bot.html)" "mantech8.com"
114.119.133.158 - - [25/Sep/2022:16:43:59 -0700] "GET /index.php?furnacite.xml HTTP/1.1" 200 303070 "-" "Mozilla/5.0 (compatible;PetalBot;+https://webmaster.petalsearch.com/site/petalbot)" "mantech8.com"
185.191.171.17 - - [25/Sep/2022:16:44:38 -0700] "GET /?camp-fire%2F15846524.html HTTP/1.1" 500 - "-" "Mozilla/5.0 (compatible; SemrushBot/7~bl; +http://www.semrush.com/bot.html)" "mantech8.com"
185.191.171.21 - - [25/Sep/2022:16:45:43 -0700] "GET /?camp-fire%2F35789738.html HTTP/1.1" 500 - "-" "Mozilla/5.0 (compatible; SemrushBot/7~bl; +http://www.semrush.com/bot.html)" "mantech8.com"
185.191.171.15 - - [25/Sep/2022:16:46:08 -0700] "GET /?camp-fire%2F50869041.html HTTP/1.1" 500 - "-" "Mozilla/5.0 (compatible; SemrushBot/7~bl; +http://www.semrush.com/bot.html)" "mantech8.com"
185.191.171.41 - - [25/Sep/2022:16:46:58 -0700] "GET /?camp-fire%2F15406600.html HTTP/1.1" 500 - "-" "Mozilla/5.0 (compatible; SemrushBot/7~bl; +http://www.semrush.com/bot.html)" "mantech8.com"
185.191.171.21 - - [25/Sep/2022:16:47:53 -0700] "GET /?camp-fire%2F8854178.html HTTP/1.1" 500 - "-" "Mozilla/5.0 (compatible; SemrushBot/7~bl; +http://www.semrush.com/bot.html)" "mantech8.com"
185.191.171.13 - - [25/Sep/2022:16:48:22 -0700] "GET /?camp-fire%2F31803865.html HTTP/1.1" 500 - "-" "Mozilla/5.0 (compatible; SemrushBot/7~bl; +http://www.semrush.com/bot.html)" "mantech8.com"
185.191.171.15 - - [25/Sep/2022:16:48:23 -0700] "GET /?camp-fire%2F33510468.html HTTP/1.1" 500 - "-" "Mozilla/5.0 (compatible; SemrushBot/7~bl; +http://www.semrush.com/bot.html)" "mantech8.com"
185.191.171.6 - - [25/Sep/2022:16:48:26 -0700] "GET /?camp-fire%2F38861206.html HTTP/1.1" 500 - "-" "Mozilla/5.0 (compatible; SemrushBot/7~bl; +http://www.semrush.com/bot.html)" "mantech8.com"
185.191.171.42 - - [25/Sep/2022:16:48:32 -0700] "GET /?camp-fire%2F24533335.html HTTP/1.1" 500 - "-" "Mozilla/5.0 (compatible; SemrushBot/7~bl; +http://www.semrush.com/bot.html)" "mantech8.com"
207.46.13.145 - - [25/Sep/2022:16:49:26 -0700] "GET /bimages/client/fels.png HTTP/1.1" 200 22393 "-" "Mozilla/5.0 (compatible; bingbot/2.0; +http://www.bing.com/bingbot.htm)" "mantech8.com"
114.119.133.158 - - [25/Sep/2022:16:49:58 -0700] "GET /crewmate.xml HTTP/1.1" 404 88 "-" "Mozilla/5.0 (compatible;PetalBot;+https://webmaster.petalsearch.com/site/petalbot)" "mantech8.com"
185.191.171.16 - - [25/Sep/2022:16:50:33 -0700] "GET /?camp-fire%2F4400569.html HTTP/1.1" 500 - "-" "Mozilla/5.0 (compatible; SemrushBot/7~bl; +http://www.semrush.com/bot.html)" "mantech8.com"
185.191.171.10 - - [25/Sep/2022:16:50:40 -0700] "GET /?camp-fire%2F41899747.html HTTP/1.1" 500 - "-" "Mozilla/5.0 (compatible; SemrushBot/7~bl; +http://www.semrush.com/bot.html)" "mantech8.com"
185.191.171.38 - - [25/Sep/2022:16:50:41 -0700] "GET /?camp-fire%2F102597255.html HTTP/1.1" 500 - "-" "Mozilla/5.0 (compatible; SemrushBot/7~bl; +http://www.semrush.com/bot.html)" "mantech8.com"
185.191.171.7 - - [25/Sep/2022:16:50:56 -0700] "GET /?camp-fire%2F40850230.html HTTP/1.1" 500 - "-" "Mozilla/5.0 (compatible; SemrushBot/7~bl; +http://www.semrush.com/bot.html)" "mantech8.com"
185.191.171.40 - - [25/Sep/2022:16:51:04 -0700] "GET /?camp-fire%2F27978859.html HTTP/1.1" 500 - "-" "Mozilla/5.0 (compatible; SemrushBot/7~bl; +http://www.semrush.com/bot.html)" "mantech8.com"
185.191.171.5 - - [25/Sep/2022:16:51:30 -0700] "GET /?camp-fire%2F14514824.html HTTP/1.1" 500 - "-" "Mozilla/5.0 (compatible; SemrushBot/7~bl; +http://www.semrush.com/bot.html)" "mantech8.com"
185.191.171.7 - - [25/Sep/2022:16:52:23 -0700] "GET /?camp-fire%2F24843681.html HTTP/1.1" 500 - "-" "Mozilla/5.0 (compatible; SemrushBot/7~bl; +http://www.semrush.com/bot.html)" "mantech8.com"
185.191.171.9 - - [25/Sep/2022:16:52:57 -0700] "GET /?camp-fire%2F34965659.html HTTP/1.1" 500 - "-" "Mozilla/5.0 (compatible; SemrushBot/7~bl; +http://www.semrush.com/bot.html)" "mantech8.com"
185.191.171.25 - - [25/Sep/2022:16:53:00 -0700] "GET /?camp-fire%2F52915525.html HTTP/1.1" 500 - "-" "Mozilla/5.0 (compatible; SemrushBot/7~bl; +http://www.semrush.com/bot.html)" "mantech8.com"
114.119.133.182 - - [25/Sep/2022:16:55:35 -0700] "GET /bimages/elect/?C=S%3BO%3DA HTTP/1.1" 200 417 "http://mantech8.com/bimages/elect/?C=D%3BO%3DA" "Mozilla/5.0 (Linux; Android 7.0;) AppleWebKit/537.36 (KHTML, like Gecko) Mobile Safari/537.36 (compatible; PetalBot;+https://webmaster.petalsearch.com/site/petalbot)" "mantech8.com"
185.191.171.34 - - [25/Sep/2022:16:56:18 -0700] "GET /robots.txt HTTP/1.1" 200 2442 "-" "Mozilla/5.0 (compatible; SemrushBot/7~bl; +http://www.semrush.com/bot.html)" "mantech8.com"
185.191.171.1 - - [25/Sep/2022:16:56:18 -0700] "GET /?camp-fire%2F15368165.html HTTP/1.1" 500 - "-" "Mozilla/5.0 (compatible; SemrushBot/7~bl; +http://www.semrush.com/bot.html)" "mantech8.com"
185.191.171.38 - - [25/Sep/2022:16:56:48 -0700] "GET /?camp-fire%2F89237059.html HTTP/1.1" 500 - "-" "Mozilla/5.0 (compatible; SemrushBot/7~bl; +http://www.semrush.com/bot.html)" "mantech8.com"
185.191.171.13 - - [25/Sep/2022:16:56:52 -0700] "GET /?camp-fire%2F35678550.html HTTP/1.1" 500 - "-" "Mozilla/5.0 (compatible; SemrushBot/7~bl; +http://www.semrush.com/bot.html)" "mantech8.com"
185.191.171.25 - - [25/Sep/2022:16:57:02 -0700] "GET /?camp-fire%2F19066532.html HTTP/1.1" 500 - "-" "Mozilla/5.0 (compatible; SemrushBot/7~bl; +http://www.semrush.com/bot.html)" "mantech8.com"
185.191.171.41 - - [25/Sep/2022:16:57:03 -0700] "GET /?camp-fire%2F29689627.html HTTP/1.1" 500 - "-" "Mozilla/5.0 (compatible; SemrushBot/7~bl; +http://www.semrush.com/bot.html)" "mantech8.com"
185.191.171.36 - - [25/Sep/2022:16:57:10 -0700] "GET /?camp-fire%2F1849651.html HTTP/1.1" 500 - "-" "Mozilla/5.0 (compatible; SemrushBot/7~bl; +http://www.semrush.com/bot.html)" "mantech8.com"
185.191.171.7 - - [25/Sep/2022:16:57:43 -0700] "GET /?camp-fire%2F27634671.html HTTP/1.1" 500 - "-" "Mozilla/5.0 (compatible; SemrushBot/7~bl; +http://www.semrush.com/bot.html)" "mantech8.com"
207.46.13.104 - - [25/Sep/2022:16:58:29 -0700] "GET /camp-fire/91623891.html HTTP/1.1" 404 88 "-" "Mozilla/5.0 (compatible; bingbot/2.0; +http://www.bing.com/bingbot.htm)" "mantech8.com"
157.55.39.68 - - [25/Sep/2022:16:59:12 -0700] "GET /?camp-fire/37821651.html HTTP/1.1" 200 43069 "-" "Mozilla/5.0 (compatible; bingbot/2.0; +http://www.bing.com/bingbot.htm)" "mantech8.com"
185.191.171.6 - - [25/Sep/2022:16:59:48 -0700] "GET /?camp-fire%2F12866676.html HTTP/1.1" 500 - "-" "Mozilla/5.0 (compatible; SemrushBot/7~bl; +http://www.semrush.com/bot.html)" "mantech8.com"
185.191.171.8 - - [25/Sep/2022:16:59:52 -0700] "GET /?camp-fire%2F19216855.html HTTP/1.1" 500 - "-" "Mozilla/5.0 (compatible; SemrushBot/7~bl; +http://www.semrush.com/bot.html)" "mantech8.com"
185.191.171.6 - - [25/Sep/2022:16:59:57 -0700] "GET /?camp-fire%2F28440364.html HTTP/1.1" 500 - "-" "Mozilla/5.0 (compatible; SemrushBot/7~bl; +http://www.semrush.com/bot.html)" "mantech8.com"
