207.46.13.104 - - [25/Sep/2022:07:06:42 -0700] "GET /?diethers.xml HTTP/1.1" 200 325140 "-" "Mozilla/5.0 AppleWebKit/537.36 (KHTML, like Gecko; compatible; bingbot/2.0; +http://www.bing.com/bingbot.htm) Chrome/103.0.5060.134 Safari/537.36" "mantech8.com"
207.46.13.104 - - [25/Sep/2022:07:07:02 -0700] "GET /?sitemap4113.xml HTTP/1.1" 200 281062 "-" "Mozilla/5.0 (compatible; bingbot/2.0; +http://www.bing.com/bingbot.htm)" "mantech8.com"
185.191.171.33 - - [25/Sep/2022:07:07:39 -0700] "GET /?camp-fire%2F77710792.html HTTP/1.1" 500 - "-" "Mozilla/5.0 (compatible; SemrushBot/7~bl; +http://www.semrush.com/bot.html)" "mantech8.com"
216.244.66.241 - - [25/Sep/2022:07:07:45 -0700] "GET /robots.txt HTTP/1.1" 200 26464 "-" "Mozilla/5.0 (compatible; DotBot/1.2; +https://opensiteexplorer.org/dotbot; help@moz.com)" "mantech8.com"
216.244.66.241 - - [25/Sep/2022:07:07:45 -0700] "GET /robots.txt HTTP/1.1" 200 26464 "-" "Mozilla/5.0 (compatible; DotBot/1.2; +https://opensiteexplorer.org/dotbot; help@moz.com)" "www.mantech8.com"
157.55.39.68 - - [25/Sep/2022:07:07:47 -0700] "GET /index.php/sitemap8822.xml HTTP/1.1" 200 290990 "-" "Mozilla/5.0 AppleWebKit/537.36 (KHTML, like Gecko; compatible; bingbot/2.0; +http://www.bing.com/bingbot.htm) Chrome/103.0.5060.134 Safari/537.36" "mantech8.com"
207.46.13.104 - - [25/Sep/2022:07:08:02 -0700] "GET /index.php?sitemap15316.xml HTTP/1.1" 200 277190 "-" "Mozilla/5.0 (compatible; bingbot/2.0; +http://www.bing.com/bingbot.htm)" "mantech8.com"
40.77.167.19 - - [25/Sep/2022:07:08:19 -0700] "GET /index.php/sitemap245.xml HTTP/1.1" 200 331553 "-" "Mozilla/5.0 (compatible; bingbot/2.0; +http://www.bing.com/bingbot.htm)" "mantech8.com"
185.191.171.39 - - [25/Sep/2022:07:09:45 -0700] "GET /?camp-fire%2F1365890.html HTTP/1.1" 500 - "-" "Mozilla/5.0 (compatible; SemrushBot/7~bl; +http://www.semrush.com/bot.html)" "mantech8.com"
207.46.13.42 - - [25/Sep/2022:07:09:56 -0700] "GET /?sitemap-index-8.xml HTTP/1.1" 200 6541 "-" "Mozilla/5.0 (compatible; bingbot/2.0; +http://www.bing.com/bingbot.htm)" "mantech8.com"
207.46.13.42 - - [25/Sep/2022:07:09:56 -0700] "GET /index.php?sitemap4320.xml HTTP/1.1" 200 278651 "-" "Mozilla/5.0 (compatible; bingbot/2.0; +http://www.bing.com/bingbot.htm)" "mantech8.com"
114.119.133.190 - - [25/Sep/2022:07:10:06 -0700] "GET /?housewifelinesses.xml HTTP/1.1" 200 319921 "-" "Mozilla/5.0 (compatible;PetalBot;+https://webmaster.petalsearch.com/site/petalbot)" "mantech8.com"
185.191.171.13 - - [25/Sep/2022:07:10:21 -0700] "GET /?camp-fire%2F20786335.html HTTP/1.1" 500 - "-" "Mozilla/5.0 (compatible; SemrushBot/7~bl; +http://www.semrush.com/bot.html)" "mantech8.com"
207.46.13.145 - - [25/Sep/2022:07:10:41 -0700] "GET /?tarandean.xml HTTP/1.1" 200 307058 "-" "Mozilla/5.0 (compatible; bingbot/2.0; +http://www.bing.com/bingbot.htm)" "mantech8.com"
185.191.171.38 - - [25/Sep/2022:07:11:05 -0700] "GET /?camp-fire%2F57714971.html HTTP/1.1" 500 - "-" "Mozilla/5.0 (compatible; SemrushBot/7~bl; +http://www.semrush.com/bot.html)" "mantech8.com"
207.46.13.15 - - [25/Sep/2022:07:11:41 -0700] "GET /index.php?sitemap414.xml HTTP/1.1" 200 271663 "-" "Mozilla/5.0 AppleWebKit/537.36 (KHTML, like Gecko; compatible; bingbot/2.0; +http://www.bing.com/bingbot.htm) Chrome/103.0.5060.134 Safari/537.36" "mantech8.com"
207.46.13.15 - - [25/Sep/2022:07:12:03 -0700] "GET /hydrogal.php HTTP/1.1" 200 17303 "-" "Mozilla/5.0 (compatible; bingbot/2.0; +http://www.bing.com/bingbot.htm)" "www.mantech8.com"
207.46.13.104 - - [25/Sep/2022:07:12:22 -0700] "GET /index.php?sitemap5989.xml HTTP/1.1" 200 309925 "-" "Mozilla/5.0 AppleWebKit/537.36 (KHTML, like Gecko; compatible; bingbot/2.0; +http://www.bing.com/bingbot.htm) Chrome/103.0.5060.134 Safari/537.36" "mantech8.com"
185.191.171.39 - - [25/Sep/2022:07:12:50 -0700] "GET /?camp-fire%2F8643051.html HTTP/1.1" 500 - "-" "Mozilla/5.0 (compatible; SemrushBot/7~bl; +http://www.semrush.com/bot.html)" "mantech8.com"
207.46.13.42 - - [25/Sep/2022:07:13:06 -0700] "GET /index.php?sitemap6147.xml HTTP/1.1" 200 239892 "-" "Mozilla/5.0 AppleWebKit/537.36 (KHTML, like Gecko; compatible; bingbot/2.0; +http://www.bing.com/bingbot.htm) Chrome/103.0.5060.134 Safari/537.36" "mantech8.com"
157.55.39.68 - - [25/Sep/2022:07:13:11 -0700] "GET /index.php/sitemap129.xml HTTP/1.1" 200 324923 "-" "Mozilla/5.0 (compatible; bingbot/2.0; +http://www.bing.com/bingbot.htm)" "mantech8.com"
178.70.99.164 - - [25/Sep/2022:07:13:22 -0700] "GET /contact.php HTTP/1.1" 200 29238 "http://mantech8.com/contact.php" "Mozilla/5.0 (Windows NT 10.0; WOW64) AppleWebKit/537.36 (KHTML, like Gecko) Chrome/90.0.4400.8 Safari/537.36" "mantech8.com"
178.70.99.164 - - [25/Sep/2022:07:13:23 -0700] "GET /verificationimage.php?9095 HTTP/1.1" 200 1338 "http://mantech8.com/contact.php" "Mozilla/5.0 (Windows NT 10.0; WOW64) AppleWebKit/537.36 (KHTML, like Gecko) Chrome/90.0.4400.8 Safari/537.36" "mantech8.com"
178.70.99.164 - - [25/Sep/2022:07:13:23 -0700] "POST /mailer.php HTTP/1.1" 500 - "http://mantech8.com/contact.php" "Mozilla/5.0 (Windows NT 10.0; WOW64) AppleWebKit/537.36 (KHTML, like Gecko) Chrome/90.0.4400.8 Safari/537.36" "mantech8.com"
185.191.171.39 - - [25/Sep/2022:07:13:27 -0700] "GET /?camp-fire%2F2197029.html HTTP/1.1" 500 - "-" "Mozilla/5.0 (compatible; SemrushBot/7~bl; +http://www.semrush.com/bot.html)" "mantech8.com"
207.46.13.145 - - [25/Sep/2022:07:13:42 -0700] "GET /bimages/gallery/11.jpg HTTP/1.1" 200 143756 "-" "Mozilla/5.0 (compatible; bingbot/2.0; +http://www.bing.com/bingbot.htm)" "mantech8.com"
207.46.13.104 - - [25/Sep/2022:07:13:46 -0700] "GET /index.php/sitemap9425.xml HTTP/1.1" 200 249774 "-" "Mozilla/5.0 (compatible; bingbot/2.0; +http://www.bing.com/bingbot.htm)" "mantech8.com"
185.191.171.10 - - [25/Sep/2022:07:14:11 -0700] "GET /?camp-fire%2F26653147.html HTTP/1.1" 500 - "-" "Mozilla/5.0 (compatible; SemrushBot/7~bl; +http://www.semrush.com/bot.html)" "mantech8.com"
185.191.171.18 - - [25/Sep/2022:07:15:25 -0700] "GET /?camp-fire%2F32556425.html HTTP/1.1" 500 - "-" "Mozilla/5.0 (compatible; SemrushBot/7~bl; +http://www.semrush.com/bot.html)" "mantech8.com"
185.191.171.34 - - [25/Sep/2022:07:15:37 -0700] "GET /?camp-fire%2F31892730.html HTTP/1.1" 500 - "-" "Mozilla/5.0 (compatible; SemrushBot/7~bl; +http://www.semrush.com/bot.html)" "mantech8.com"
185.191.171.10 - - [25/Sep/2022:07:15:38 -0700] "GET /?camp-fire%2F43231449.html HTTP/1.1" 500 - "-" "Mozilla/5.0 (compatible; SemrushBot/7~bl; +http://www.semrush.com/bot.html)" "mantech8.com"
40.77.167.19 - - [25/Sep/2022:07:16:01 -0700] "GET /index.php/camp-fire/17684727.html HTTP/1.1" 200 52003 "-" "Mozilla/5.0 AppleWebKit/537.36 (KHTML, like Gecko; compatible; bingbot/2.0; +http://www.bing.com/bingbot.htm) Chrome/103.0.5060.134 Safari/537.36" "mantech8.com"
185.191.171.23 - - [25/Sep/2022:07:16:11 -0700] "GET /?camp-fire%2F40849730.html HTTP/1.1" 500 - "-" "Mozilla/5.0 (compatible; SemrushBot/7~bl; +http://www.semrush.com/bot.html)" "mantech8.com"
185.191.171.13 - - [25/Sep/2022:07:16:22 -0700] "GET /?camp-fire%2F2119153.html HTTP/1.1" 500 - "-" "Mozilla/5.0 (compatible; SemrushBot/7~bl; +http://www.semrush.com/bot.html)" "mantech8.com"
54.39.18.217 - - [25/Sep/2022:07:16:34 -0700] "GET /index.php?camp-fire/91050057.html HTTP/1.1" 500 - "https://www.mantech8.com/index.php?camp-fire/91050057.html" "Mozilla/5.0 (Windows NT 6.3; Win64; x64) AppleWebKit/537.36 (KHTML, like Gecko) Chrome/90.0.4430.85 Safari/537.36" "www.mantech8.com"
54.39.18.217 - - [25/Sep/2022:07:16:35 -0700] "GET / HTTP/1.1" 500 - "https://www.mantech8.com/" "Mozilla/5.0 (Windows NT 6.3; Win64; x64) AppleWebKit/537.36 (KHTML, like Gecko) Chrome/90.0.4430.85 Safari/537.36" "www.mantech8.com"
207.46.13.15 - - [25/Sep/2022:07:17:02 -0700] "GET /index.php/sitemap6041.xml HTTP/1.1" 200 295190 "-" "Mozilla/5.0 AppleWebKit/537.36 (KHTML, like Gecko; compatible; bingbot/2.0; +http://www.bing.com/bingbot.htm) Chrome/103.0.5060.134 Safari/537.36" "mantech8.com"
157.55.39.68 - - [25/Sep/2022:07:17:10 -0700] "GET /index.php/sitemap171.xml HTTP/1.1" 200 269984 "-" "Mozilla/5.0 AppleWebKit/537.36 (KHTML, like Gecko; compatible; bingbot/2.0; +http://www.bing.com/bingbot.htm) Chrome/103.0.5060.134 Safari/537.36" "mantech8.com"
36.234.154.95 - - [25/Sep/2022:07:17:16 -0700] "GET /index.php?/article/showarticle.asp?articleid=13240 HTTP/1.1" 500 - "https://www.mantech8.com/index.php?/article/showarticle.asp?articleid=13240" "Mozilla/5.0 (Windows NT 10.0; WOW64; Rv:50.0) Gecko/20100101 Firefox/50.0" "www.mantech8.com"
185.191.171.40 - - [25/Sep/2022:07:17:16 -0700] "GET /?camp-fire%2F34625908.html HTTP/1.1" 500 - "-" "Mozilla/5.0 (compatible; SemrushBot/7~bl; +http://www.semrush.com/bot.html)" "mantech8.com"
36.234.154.95 - - [25/Sep/2022:07:17:16 -0700] "GET /index.php?/article/showarticle.asp?articleid=13240'[0] HTTP/1.1" 500 - "https://www.mantech8.com/index.php?/article/showarticle.asp?articleid=13240'[0]" "Mozilla/5.0 (Windows NT 10.0; WOW64; Rv:50.0) Gecko/20100101 Firefox/50.0" "www.mantech8.com"
207.46.13.15 - - [25/Sep/2022:07:17:32 -0700] "GET /index.php?sitemap89.xml HTTP/1.1" 200 315187 "-" "Mozilla/5.0 (compatible; bingbot/2.0; +http://www.bing.com/bingbot.htm)" "mantech8.com"
207.46.13.42 - - [25/Sep/2022:07:17:37 -0700] "GET /index.php?sitemap5092.xml HTTP/1.1" 200 341000 "-" "Mozilla/5.0 (compatible; bingbot/2.0; +http://www.bing.com/bingbot.htm)" "mantech8.com"
207.46.13.42 - - [25/Sep/2022:07:17:39 -0700] "GET /index.php/sitemap3338.xml HTTP/1.1" 200 265514 "-" "Mozilla/5.0 AppleWebKit/537.36 (KHTML, like Gecko; compatible; bingbot/2.0; +http://www.bing.com/bingbot.htm) Chrome/103.0.5060.134 Safari/537.36" "mantech8.com"
207.46.13.145 - - [25/Sep/2022:07:17:43 -0700] "GET /index.php?sitemap594.xml HTTP/1.1" 200 339870 "-" "Mozilla/5.0 (compatible; bingbot/2.0; +http://www.bing.com/bingbot.htm)" "mantech8.com"
207.46.13.104 - - [25/Sep/2022:07:17:53 -0700] "GET /index.php/sitemap5881.xml HTTP/1.1" 200 305124 "-" "Mozilla/5.0 (compatible; bingbot/2.0; +http://www.bing.com/bingbot.htm)" "mantech8.com"
207.46.13.42 - - [25/Sep/2022:07:18:37 -0700] "GET /index.php?sitemap4993.xml HTTP/1.1" 200 299485 "-" "Mozilla/5.0 (compatible; bingbot/2.0; +http://www.bing.com/bingbot.htm)" "mantech8.com"
185.191.171.2 - - [25/Sep/2022:07:18:41 -0700] "GET /?camp-fire%2F24428480.html HTTP/1.1" 500 - "-" "Mozilla/5.0 (compatible; SemrushBot/7~bl; +http://www.semrush.com/bot.html)" "mantech8.com"
185.191.171.18 - - [25/Sep/2022:07:18:42 -0700] "GET /?camp-fire%2F35807138.html HTTP/1.1" 500 - "-" "Mozilla/5.0 (compatible; SemrushBot/7~bl; +http://www.semrush.com/bot.html)" "mantech8.com"
185.191.171.33 - - [25/Sep/2022:07:18:59 -0700] "GET /?camp-fire%2F27377170.html HTTP/1.1" 500 - "-" "Mozilla/5.0 (compatible; SemrushBot/7~bl; +http://www.semrush.com/bot.html)" "mantech8.com"
185.191.171.1 - - [25/Sep/2022:07:19:21 -0700] "GET /?camp-fire%2F15518146.html HTTP/1.1" 500 - "-" "Mozilla/5.0 (compatible; SemrushBot/7~bl; +http://www.semrush.com/bot.html)" "mantech8.com"
185.191.171.18 - - [25/Sep/2022:07:19:39 -0700] "GET /?camp-fire%2F26034676.html HTTP/1.1" 500 - "-" "Mozilla/5.0 (compatible; SemrushBot/7~bl; +http://www.semrush.com/bot.html)" "mantech8.com"
207.46.13.104 - - [25/Sep/2022:07:19:53 -0700] "GET /camp-fire/34724099.html HTTP/1.1" 404 88 "-" "Mozilla/5.0 AppleWebKit/537.36 (KHTML, like Gecko; compatible; bingbot/2.0; +http://www.bing.com/bingbot.htm) Chrome/103.0.5060.134 Safari/537.36" "mantech8.com"
207.46.13.104 - - [25/Sep/2022:07:19:54 -0700] "GET /index.php/sitemap145.xml HTTP/1.1" 200 276969 "-" "Mozilla/5.0 AppleWebKit/537.36 (KHTML, like Gecko; compatible; bingbot/2.0; +http://www.bing.com/bingbot.htm) Chrome/103.0.5060.134 Safari/537.36" "mantech8.com"
157.55.39.68 - - [25/Sep/2022:07:20:18 -0700] "GET /?successional.xml HTTP/1.1" 200 311071 "-" "Mozilla/5.0 (compatible; bingbot/2.0; +http://www.bing.com/bingbot.htm)" "mantech8.com"
207.46.13.42 - - [25/Sep/2022:07:20:37 -0700] "GET /index.php?sitemap8.xml HTTP/1.1" 200 254180 "-" "Mozilla/5.0 (compatible; bingbot/2.0; +http://www.bing.com/bingbot.htm)" "mantech8.com"
185.191.171.16 - - [25/Sep/2022:07:20:39 -0700] "GET /robots.txt HTTP/1.1" 200 2442 "-" "Mozilla/5.0 (compatible; SemrushBot/7~bl; +http://www.semrush.com/bot.html)" "mantech8.com"
185.191.171.44 - - [25/Sep/2022:07:20:39 -0700] "GET /?camp-fire%2F23249327.html HTTP/1.1" 500 - "-" "Mozilla/5.0 (compatible; SemrushBot/7~bl; +http://www.semrush.com/bot.html)" "mantech8.com"
185.191.171.38 - - [25/Sep/2022:07:20:40 -0700] "GET /?camp-fire%2F27451526.html HTTP/1.1" 500 - "-" "Mozilla/5.0 (compatible; SemrushBot/7~bl; +http://www.semrush.com/bot.html)" "mantech8.com"
207.46.13.145 - - [25/Sep/2022:07:21:13 -0700] "GET /?sitemap854.xml HTTP/1.1" 200 319118 "-" "Mozilla/5.0 (compatible; bingbot/2.0; +http://www.bing.com/bingbot.htm)" "mantech8.com"
207.46.13.42 - - [25/Sep/2022:07:21:17 -0700] "GET /camp-fire/80231728.html HTTP/1.1" 404 88 "-" "Mozilla/5.0 AppleWebKit/537.36 (KHTML, like Gecko; compatible; bingbot/2.0; +http://www.bing.com/bingbot.htm) Chrome/103.0.5060.134 Safari/537.36" "www.mantech8.com"
207.46.13.104 - - [25/Sep/2022:07:21:44 -0700] "GET /index.php/sitemap1378.xml HTTP/1.1" 200 304050 "-" "Mozilla/5.0 (compatible; bingbot/2.0; +http://www.bing.com/bingbot.htm)" "mantech8.com"
114.119.133.166 - - [25/Sep/2022:07:21:50 -0700] "GET /benfica.xml HTTP/1.1" 404 88 "-" "Mozilla/5.0 (compatible;PetalBot;+https://webmaster.petalsearch.com/site/petalbot)" "mantech8.com"
157.55.39.68 - - [25/Sep/2022:07:22:00 -0700] "GET /index.php?sitemap978.xml HTTP/1.1" 200 241727 "-" "Mozilla/5.0 AppleWebKit/537.36 (KHTML, like Gecko; compatible; bingbot/2.0; +http://www.bing.com/bingbot.htm) Chrome/103.0.5060.134 Safari/537.36" "mantech8.com"
185.191.171.22 - - [25/Sep/2022:07:22:06 -0700] "GET /?camp-fire%2F25141733.html HTTP/1.1" 500 - "-" "Mozilla/5.0 (compatible; SemrushBot/7~bl; +http://www.semrush.com/bot.html)" "mantech8.com"
207.46.13.104 - - [25/Sep/2022:07:22:13 -0700] "GET /index.php/sitemap37666.xml HTTP/1.1" 200 288414 "-" "Mozilla/5.0 (compatible; bingbot/2.0; +http://www.bing.com/bingbot.htm)" "mantech8.com"
185.191.171.10 - - [25/Sep/2022:07:22:36 -0700] "GET /?camp-fire%2F3699393.html HTTP/1.1" 500 - "-" "Mozilla/5.0 (compatible; SemrushBot/7~bl; +http://www.semrush.com/bot.html)" "mantech8.com"
207.46.13.42 - - [25/Sep/2022:07:22:36 -0700] "GET /index.php/sitemap39887.xml HTTP/1.1" 200 323572 "-" "Mozilla/5.0 (compatible; bingbot/2.0; +http://www.bing.com/bingbot.htm)" "mantech8.com"
185.191.171.18 - - [25/Sep/2022:07:22:57 -0700] "GET /?camp-fire%2F103843130.html HTTP/1.1" 500 - "-" "Mozilla/5.0 (compatible; SemrushBot/7~bl; +http://www.semrush.com/bot.html)" "mantech8.com"
207.46.13.145 - - [25/Sep/2022:07:23:13 -0700] "GET /index.php/sitemap44589.xml HTTP/1.1" 200 327534 "-" "Mozilla/5.0 (compatible; bingbot/2.0; +http://www.bing.com/bingbot.htm)" "mantech8.com"
207.46.13.145 - - [25/Sep/2022:07:23:33 -0700] "GET /?sitemap81.xml HTTP/1.1" 200 327396 "-" "Mozilla/5.0 (compatible; bingbot/2.0; +http://www.bing.com/bingbot.htm)" "mantech8.com"
207.46.13.15 - - [25/Sep/2022:07:23:42 -0700] "GET /index.php?ambrilidine.xml HTTP/1.1" 200 294054 "-" "Mozilla/5.0 (compatible; bingbot/2.0; +http://www.bing.com/bingbot.htm)" "mantech8.com"
207.46.13.104 - - [25/Sep/2022:07:23:55 -0700] "GET /index.php/sitemap9346.xml HTTP/1.1" 200 341222 "-" "Mozilla/5.0 AppleWebKit/537.36 (KHTML, like Gecko; compatible; bingbot/2.0; +http://www.bing.com/bingbot.htm) Chrome/103.0.5060.134 Safari/537.36" "mantech8.com"
185.191.171.22 - - [25/Sep/2022:07:24:04 -0700] "GET /?camp-fire%2F28051571.html HTTP/1.1" 500 - "-" "Mozilla/5.0 (compatible; SemrushBot/7~bl; +http://www.semrush.com/bot.html)" "mantech8.com"
185.191.171.39 - - [25/Sep/2022:07:24:38 -0700] "GET /?camp-fire%2F11186090.html HTTP/1.1" 500 - "-" "Mozilla/5.0 (compatible; SemrushBot/7~bl; +http://www.semrush.com/bot.html)" "mantech8.com"
207.46.13.42 - - [25/Sep/2022:07:24:57 -0700] "GET /index.php/ravenings.xml HTTP/1.1" 200 301782 "-" "Mozilla/5.0 (compatible; bingbot/2.0; +http://www.bing.com/bingbot.htm)" "mantech8.com"
185.191.171.16 - - [25/Sep/2022:07:25:44 -0700] "GET /?camp-fire%2F9097642.html HTTP/1.1" 500 - "-" "Mozilla/5.0 (compatible; SemrushBot/7~bl; +http://www.semrush.com/bot.html)" "mantech8.com"
207.46.13.104 - - [25/Sep/2022:07:25:54 -0700] "GET /?sitemap53295.xml HTTP/1.1" 200 291347 "-" "Mozilla/5.0 AppleWebKit/537.36 (KHTML, like Gecko; compatible; bingbot/2.0; +http://www.bing.com/bingbot.htm) Chrome/103.0.5060.134 Safari/537.36" "mantech8.com"
185.191.171.16 - - [25/Sep/2022:07:25:57 -0700] "GET /?camp-fire%2F54846553.html HTTP/1.1" 500 - "-" "Mozilla/5.0 (compatible; SemrushBot/7~bl; +http://www.semrush.com/bot.html)" "mantech8.com"
207.46.13.145 - - [25/Sep/2022:07:26:03 -0700] "GET /index.php?sitemap874.xml HTTP/1.1" 200 343526 "-" "Mozilla/5.0 (compatible; bingbot/2.0; +http://www.bing.com/bingbot.htm)" "mantech8.com"
40.77.167.19 - - [25/Sep/2022:07:27:11 -0700] "GET /index.php?sitemap876.xml HTTP/1.1" 200 278118 "-" "Mozilla/5.0 AppleWebKit/537.36 (KHTML, like Gecko; compatible; bingbot/2.0; +http://www.bing.com/bingbot.htm) Chrome/103.0.5060.134 Safari/537.36" "mantech8.com"
157.55.39.68 - - [25/Sep/2022:07:28:00 -0700] "GET /index.php?sitemap808.xml HTTP/1.1" 200 244673 "-" "Mozilla/5.0 (compatible; bingbot/2.0; +http://www.bing.com/bingbot.htm)" "mantech8.com"
157.55.39.68 - - [25/Sep/2022:07:28:39 -0700] "GET /?mekonium.xml HTTP/1.1" 200 300468 "-" "Mozilla/5.0 (compatible; bingbot/2.0; +http://www.bing.com/bingbot.htm)" "mantech8.com"
40.77.167.19 - - [25/Sep/2022:07:28:51 -0700] "GET /?murium.xml HTTP/1.1" 200 261893 "-" "Mozilla/5.0 (compatible; bingbot/2.0; +http://www.bing.com/bingbot.htm)" "mantech8.com"
185.191.171.6 - - [25/Sep/2022:07:29:49 -0700] "GET /?camp-fire%2F14517442.html HTTP/1.1" 500 - "-" "Mozilla/5.0 (compatible; SemrushBot/7~bl; +http://www.semrush.com/bot.html)" "mantech8.com"
185.191.171.14 - - [25/Sep/2022:07:30:01 -0700] "GET /?camp-fire%2F31930330.html HTTP/1.1" 500 - "-" "Mozilla/5.0 (compatible; SemrushBot/7~bl; +http://www.semrush.com/bot.html)" "mantech8.com"
185.191.171.11 - - [25/Sep/2022:07:30:18 -0700] "GET /?camp-fire%2F2369659.html HTTP/1.1" 500 - "-" "Mozilla/5.0 (compatible; SemrushBot/7~bl; +http://www.semrush.com/bot.html)" "mantech8.com"
207.46.13.15 - - [25/Sep/2022:07:30:33 -0700] "GET /index.php/sitemap7009.xml HTTP/1.1" 200 286758 "-" "Mozilla/5.0 (compatible; bingbot/2.0; +http://www.bing.com/bingbot.htm)" "mantech8.com"
167.235.147.82 - - [25/Sep/2022:07:30:34 -0700] "GET /bimages/certificate/c5.jpg HTTP/1.1" 200 161108 "-" "Mozilla/5.0 (X11; Fedora; Linux x86_64) AppleWebKit/537.36 (KHTML, like Gecko) Chrome/79.0.3945.117 Safari/537.36" "mantech8.com"
207.46.13.104 - - [25/Sep/2022:07:30:37 -0700] "GET /index.php?sitemap35703.xml HTTP/1.1" 200 275718 "-" "Mozilla/5.0 (compatible; bingbot/2.0; +http://www.bing.com/bingbot.htm)" "mantech8.com"
207.46.13.15 - - [25/Sep/2022:07:31:13 -0700] "GET /index.php/sitemap31628.xml HTTP/1.1" 200 239838 "-" "Mozilla/5.0 (compatible; bingbot/2.0; +http://www.bing.com/bingbot.htm)" "mantech8.com"
157.55.39.68 - - [25/Sep/2022:07:31:27 -0700] "GET /camp-fire/35057847.html HTTP/1.1" 404 88 "-" "Mozilla/5.0 (compatible; bingbot/2.0; +http://www.bing.com/bingbot.htm)" "mantech8.com"
185.191.171.44 - - [25/Sep/2022:07:31:32 -0700] "GET /?camp-fire%2F27802921.html HTTP/1.1" 500 - "-" "Mozilla/5.0 (compatible; SemrushBot/7~bl; +http://www.semrush.com/bot.html)" "mantech8.com"
207.46.13.42 - - [25/Sep/2022:07:31:48 -0700] "GET /index.php/sitemap8848.xml HTTP/1.1" 200 328710 "-" "Mozilla/5.0 (compatible; bingbot/2.0; +http://www.bing.com/bingbot.htm)" "mantech8.com"
185.191.171.22 - - [25/Sep/2022:07:31:52 -0700] "GET /?camp-fire%2F59866316.html HTTP/1.1" 500 - "-" "Mozilla/5.0 (compatible; SemrushBot/7~bl; +http://www.semrush.com/bot.html)" "mantech8.com"
185.191.171.8 - - [25/Sep/2022:07:32:11 -0700] "GET /?camp-fire%2F26793321.html HTTP/1.1" 500 - "-" "Mozilla/5.0 (compatible; SemrushBot/7~bl; +http://www.semrush.com/bot.html)" "mantech8.com"
40.77.167.19 - - [25/Sep/2022:07:32:11 -0700] "GET /index.php?sitemap46598.xml HTTP/1.1" 200 254288 "-" "Mozilla/5.0 (compatible; bingbot/2.0; +http://www.bing.com/bingbot.htm)" "mantech8.com"
185.191.171.26 - - [25/Sep/2022:07:32:21 -0700] "GET /?camp-fire%2F15332965.html HTTP/1.1" 500 - "-" "Mozilla/5.0 (compatible; SemrushBot/7~bl; +http://www.semrush.com/bot.html)" "mantech8.com"
185.191.171.22 - - [25/Sep/2022:07:32:39 -0700] "GET /?camp-fire%2F1399453.html HTTP/1.1" 500 - "-" "Mozilla/5.0 (compatible; SemrushBot/7~bl; +http://www.semrush.com/bot.html)" "mantech8.com"
185.191.171.35 - - [25/Sep/2022:07:32:48 -0700] "GET /?camp-fire%2F32587025.html HTTP/1.1" 500 - "-" "Mozilla/5.0 (compatible; SemrushBot/7~bl; +http://www.semrush.com/bot.html)" "mantech8.com"
40.77.167.19 - - [25/Sep/2022:07:32:52 -0700] "GET /?infuriates.xml HTTP/1.1" 200 289534 "-" "Mozilla/5.0 (compatible; bingbot/2.0; +http://www.bing.com/bingbot.htm)" "mantech8.com"
40.77.167.19 - - [25/Sep/2022:07:32:53 -0700] "GET /index.php/megatheroid.xml HTTP/1.1" 200 333560 "-" "Mozilla/5.0 (compatible; bingbot/2.0; +http://www.bing.com/bingbot.htm)" "mantech8.com"
185.191.171.26 - - [25/Sep/2022:07:33:20 -0700] "GET /?camp-fire%2F15223387.html HTTP/1.1" 500 - "-" "Mozilla/5.0 (compatible; SemrushBot/7~bl; +http://www.semrush.com/bot.html)" "mantech8.com"
185.191.171.5 - - [25/Sep/2022:07:33:30 -0700] "GET /?camp-fire%2F3389000.html HTTP/1.1" 500 - "-" "Mozilla/5.0 (compatible; SemrushBot/7~bl; +http://www.semrush.com/bot.html)" "mantech8.com"
207.46.13.104 - - [25/Sep/2022:07:33:35 -0700] "GET /bimages/service/thump/b444.jpg HTTP/1.1" 200 20891 "-" "Mozilla/5.0 (compatible; bingbot/2.0; +http://www.bing.com/bingbot.htm)" "www.mantech8.com"
207.46.13.42 - - [25/Sep/2022:07:33:48 -0700] "GET /index.php/sitemap175.xml HTTP/1.1" 200 253649 "-" "Mozilla/5.0 (compatible; bingbot/2.0; +http://www.bing.com/bingbot.htm)" "mantech8.com"
40.77.167.19 - - [25/Sep/2022:07:34:11 -0700] "GET /index.php?sitemap45994.xml HTTP/1.1" 200 323147 "-" "Mozilla/5.0 (compatible; bingbot/2.0; +http://www.bing.com/bingbot.htm)" "mantech8.com"
207.46.13.145 - - [25/Sep/2022:07:34:34 -0700] "GET /index.php?sitemap8621.xml HTTP/1.1" 200 322822 "-" "Mozilla/5.0 (compatible; bingbot/2.0; +http://www.bing.com/bingbot.htm)" "mantech8.com"
207.46.13.42 - - [25/Sep/2022:07:34:48 -0700] "GET /index.php/sitemap410.xml HTTP/1.1" 200 323305 "-" "Mozilla/5.0 (compatible; bingbot/2.0; +http://www.bing.com/bingbot.htm)" "mantech8.com"
207.46.13.42 - - [25/Sep/2022:07:34:50 -0700] "GET /index.php?sitemap50482.xml HTTP/1.1" 200 263013 "-" "Mozilla/5.0 (compatible; bingbot/2.0; +http://www.bing.com/bingbot.htm)" "mantech8.com"
207.46.13.15 - - [25/Sep/2022:07:35:04 -0700] "GET /index.php?sitemap1603.xml HTTP/1.1" 200 274836 "-" "Mozilla/5.0 (compatible; bingbot/2.0; +http://www.bing.com/bingbot.htm)" "mantech8.com"
207.46.13.104 - - [25/Sep/2022:07:35:08 -0700] "GET /index.php?/index.php/index/xueyuan/id/44.html HTTP/1.1" 200 54244 "-" "Mozilla/5.0 (compatible; bingbot/2.0; +http://www.bing.com/bingbot.htm)" "mantech8.com"
185.191.171.14 - - [25/Sep/2022:07:35:18 -0700] "GET /?camp-fire%2F24063933.html HTTP/1.1" 500 - "-" "Mozilla/5.0 (compatible; SemrushBot/7~bl; +http://www.semrush.com/bot.html)" "mantech8.com"
40.77.167.19 - - [25/Sep/2022:07:35:21 -0700] "GET /index.php/sitemap4595.xml HTTP/1.1" 200 312900 "-" "Mozilla/5.0 (compatible; bingbot/2.0; +http://www.bing.com/bingbot.htm)" "mantech8.com"
207.46.13.15 - - [25/Sep/2022:07:35:54 -0700] "GET /index.php/sitemap7091.xml HTTP/1.1" 200 238630 "-" "Mozilla/5.0 (compatible; bingbot/2.0; +http://www.bing.com/bingbot.htm)" "mantech8.com"
185.191.171.25 - - [25/Sep/2022:07:36:13 -0700] "GET /?camp-fire%2F27598371.html HTTP/1.1" 500 - "-" "Mozilla/5.0 (compatible; SemrushBot/7~bl; +http://www.semrush.com/bot.html)" "mantech8.com"
207.46.13.15 - - [25/Sep/2022:07:36:33 -0700] "GET /index.php/sitemap20668.xml HTTP/1.1" 200 328894 "-" "Mozilla/5.0 (compatible; bingbot/2.0; +http://www.bing.com/bingbot.htm)" "mantech8.com"
207.46.13.145 - - [25/Sep/2022:07:36:54 -0700] "GET /index.php?sitemap50640.xml HTTP/1.1" 200 343511 "-" "Mozilla/5.0 (compatible; bingbot/2.0; +http://www.bing.com/bingbot.htm)" "mantech8.com"
207.46.13.15 - - [25/Sep/2022:07:37:04 -0700] "GET /index.php?sitemap2415.xml HTTP/1.1" 200 265866 "-" "Mozilla/5.0 (compatible; bingbot/2.0; +http://www.bing.com/bingbot.htm)" "mantech8.com"
185.191.171.24 - - [25/Sep/2022:07:37:44 -0700] "GET /?camp-fire%2F42811155.html HTTP/1.1" 500 - "-" "Mozilla/5.0 (compatible; SemrushBot/7~bl; +http://www.semrush.com/bot.html)" "mantech8.com"
207.46.13.15 - - [25/Sep/2022:07:37:53 -0700] "GET /index.php/sitemap1495.xml HTTP/1.1" 200 345828 "-" "Mozilla/5.0 (compatible; bingbot/2.0; +http://www.bing.com/bingbot.htm)" "mantech8.com"
40.77.167.19 - - [25/Sep/2022:07:38:12 -0700] "GET /index.php?sitemap647.xml HTTP/1.1" 200 316515 "-" "Mozilla/5.0 (compatible; bingbot/2.0; +http://www.bing.com/bingbot.htm)" "mantech8.com"
40.77.167.19 - - [25/Sep/2022:07:38:14 -0700] "GET /index.php?sitemap1139.xml HTTP/1.1" 200 312662 "-" "Mozilla/5.0 (compatible; bingbot/2.0; +http://www.bing.com/bingbot.htm)" "mantech8.com"
207.46.13.145 - - [25/Sep/2022:07:38:16 -0700] "GET /index.php?sitemap847.xml HTTP/1.1" 200 327358 "-" "Mozilla/5.0 (compatible; bingbot/2.0; +http://www.bing.com/bingbot.htm)" "mantech8.com"
207.46.13.104 - - [25/Sep/2022:07:38:16 -0700] "GET /index.php?sitemap4919.xml HTTP/1.1" 200 238920 "-" "Mozilla/5.0 (compatible; bingbot/2.0; +http://www.bing.com/bingbot.htm)" "mantech8.com"
185.191.171.3 - - [25/Sep/2022:07:38:39 -0700] "GET /?camp-fire%2F40358776.html HTTP/1.1" 500 - "-" "Mozilla/5.0 (compatible; SemrushBot/7~bl; +http://www.semrush.com/bot.html)" "mantech8.com"
40.77.167.19 - - [25/Sep/2022:07:38:53 -0700] "GET /index.php?sitemap840.xml HTTP/1.1" 200 304569 "-" "Mozilla/5.0 AppleWebKit/537.36 (KHTML, like Gecko; compatible; bingbot/2.0; +http://www.bing.com/bingbot.htm) Chrome/103.0.5060.134 Safari/537.36" "mantech8.com"
40.77.167.19 - - [25/Sep/2022:07:38:53 -0700] "GET /index.php?sitemap7788.xml HTTP/1.1" 200 262102 "-" "Mozilla/5.0 AppleWebKit/537.36 (KHTML, like Gecko; compatible; bingbot/2.0; +http://www.bing.com/bingbot.htm) Chrome/103.0.5060.134 Safari/537.36" "mantech8.com"
185.191.171.22 - - [25/Sep/2022:07:39:10 -0700] "GET /?camp-fire%2F40353550.html HTTP/1.1" 500 - "-" "Mozilla/5.0 (compatible; SemrushBot/7~bl; +http://www.semrush.com/bot.html)" "mantech8.com"
185.191.171.37 - - [25/Sep/2022:07:39:40 -0700] "GET /?camp-fire%2F28524164.html HTTP/1.1" 500 - "-" "Mozilla/5.0 (compatible; SemrushBot/7~bl; +http://www.semrush.com/bot.html)" "mantech8.com"
185.191.171.37 - - [25/Sep/2022:07:39:42 -0700] "GET /?camp-fire%2F18114961.html HTTP/1.1" 500 - "-" "Mozilla/5.0 (compatible; SemrushBot/7~bl; +http://www.semrush.com/bot.html)" "mantech8.com"
185.191.171.37 - - [25/Sep/2022:07:39:57 -0700] "GET /?camp-fire%2F17790265.html HTTP/1.1" 500 - "-" "Mozilla/5.0 (compatible; SemrushBot/7~bl; +http://www.semrush.com/bot.html)" "mantech8.com"
54.36.148.175 - - [25/Sep/2022:07:40:01 -0700] "GET /robots.txt HTTP/1.1" 200 2442 "-" "Mozilla/5.0 (compatible; AhrefsBot/7.0; +http://ahrefs.com/robot/)" "mantech8.com"
40.77.167.19 - - [25/Sep/2022:07:40:03 -0700] "GET /camp-fire/52883381.html HTTP/1.1" 404 88 "-" "Mozilla/5.0 (compatible; bingbot/2.0; +http://www.bing.com/bingbot.htm)" "mantech8.com"
207.46.13.15 - - [25/Sep/2022:07:40:07 -0700] "GET /index.php?sitemap6715.xml HTTP/1.1" 200 239537 "-" "Mozilla/5.0 (compatible; bingbot/2.0; +http://www.bing.com/bingbot.htm)" "mantech8.com"
40.77.167.19 - - [25/Sep/2022:07:40:12 -0700] "GET /index.php/sitemap39056.xml HTTP/1.1" 200 324620 "-" "Mozilla/5.0 (compatible; bingbot/2.0; +http://www.bing.com/bingbot.htm)" "mantech8.com"
207.46.13.42 - - [25/Sep/2022:07:40:29 -0700] "GET /index.php?prinker.xml HTTP/1.1" 200 241327 "-" "Mozilla/5.0 (compatible; bingbot/2.0; +http://www.bing.com/bingbot.htm)" "mantech8.com"
207.46.13.145 - - [25/Sep/2022:07:40:35 -0700] "GET /index.php?sitemap4861.xml HTTP/1.1" 200 308133 "-" "Mozilla/5.0 (compatible; bingbot/2.0; +http://www.bing.com/bingbot.htm)" "mantech8.com"
157.55.39.68 - - [25/Sep/2022:07:40:53 -0700] "GET /index.php?manlundang.xml HTTP/1.1" 200 276417 "-" "Mozilla/5.0 (compatible; bingbot/2.0; +http://www.bing.com/bingbot.htm)" "mantech8.com"
185.191.171.6 - - [25/Sep/2022:07:41:00 -0700] "GET /?camp-fire%2F26722147.html HTTP/1.1" 500 - "-" "Mozilla/5.0 (compatible; SemrushBot/7~bl; +http://www.semrush.com/bot.html)" "mantech8.com"
185.191.171.38 - - [25/Sep/2022:07:41:37 -0700] "GET /?camp-fire%2F27630471.html HTTP/1.1" 500 - "-" "Mozilla/5.0 (compatible; SemrushBot/7~bl; +http://www.semrush.com/bot.html)" "mantech8.com"
40.77.167.19 - - [25/Sep/2022:07:42:03 -0700] "GET /index.php/sitemap1421.xml HTTP/1.1" 200 313248 "-" "Mozilla/5.0 (compatible; bingbot/2.0; +http://www.bing.com/bingbot.htm)" "mantech8.com"
185.191.171.26 - - [25/Sep/2022:07:42:56 -0700] "GET /?camp-fire%2F11929676.html HTTP/1.1" 500 - "-" "Mozilla/5.0 (compatible; SemrushBot/7~bl; +http://www.semrush.com/bot.html)" "mantech8.com"
185.191.171.23 - - [25/Sep/2022:07:42:58 -0700] "GET /?camp-fire%2F26258646.html HTTP/1.1" 500 - "-" "Mozilla/5.0 (compatible; SemrushBot/7~bl; +http://www.semrush.com/bot.html)" "mantech8.com"
207.46.13.15 - - [25/Sep/2022:07:43:35 -0700] "GET /index.php?sitemap8457.xml HTTP/1.1" 200 283814 "-" "Mozilla/5.0 AppleWebKit/537.36 (KHTML, like Gecko; compatible; bingbot/2.0; +http://www.bing.com/bingbot.htm) Chrome/103.0.5060.134 Safari/537.36" "mantech8.com"
207.46.13.145 - - [25/Sep/2022:07:43:35 -0700] "GET /index.php/kleffens.xml HTTP/1.1" 200 341262 "-" "Mozilla/5.0 AppleWebKit/537.36 (KHTML, like Gecko; compatible; bingbot/2.0; +http://www.bing.com/bingbot.htm) Chrome/103.0.5060.134 Safari/537.36" "mantech8.com"
185.191.171.4 - - [25/Sep/2022:07:43:36 -0700] "GET /?camp-fire%2F5298577.html HTTP/1.1" 500 - "-" "Mozilla/5.0 (compatible; SemrushBot/7~bl; +http://www.semrush.com/bot.html)" "mantech8.com"
207.46.13.104 - - [25/Sep/2022:07:43:39 -0700] "GET /index.php?sitemap5194.xml HTTP/1.1" 200 258084 "-" "Mozilla/5.0 (compatible; bingbot/2.0; +http://www.bing.com/bingbot.htm)" "mantech8.com"
185.191.171.19 - - [25/Sep/2022:07:43:59 -0700] "GET /?camp-fire%2F28444764.html HTTP/1.1" 500 - "-" "Mozilla/5.0 (compatible; SemrushBot/7~bl; +http://www.semrush.com/bot.html)" "mantech8.com"
157.55.39.68 - - [25/Sep/2022:07:44:33 -0700] "GET /index.php?sitemap8295.xml HTTP/1.1" 200 334966 "-" "Mozilla/5.0 AppleWebKit/537.36 (KHTML, like Gecko; compatible; bingbot/2.0; +http://www.bing.com/bingbot.htm) Chrome/103.0.5060.134 Safari/537.36" "mantech8.com"
207.46.13.42 - - [25/Sep/2022:07:44:39 -0700] "GET /bimages/client/client4.jpg HTTP/1.1" 200 24651 "-" "Mozilla/5.0 (compatible; bingbot/2.0; +http://www.bing.com/bingbot.htm)" "www.mantech8.com"
157.55.39.68 - - [25/Sep/2022:07:45:04 -0700] "GET /camp-fire/16784744.html HTTP/1.1" 404 88 "-" "Mozilla/5.0 (compatible; bingbot/2.0; +http://www.bing.com/bingbot.htm)" "www.mantech8.com"
114.119.133.190 - - [25/Sep/2022:07:45:26 -0700] "GET /bimages/service/thump/mqfkylxr.php HTTP/1.1" 200 32 "http://www.mantech8.com/bimages/service/thump/?C=S%3BO%3DA" "Mozilla/5.0 (Linux; Android 7.0;) AppleWebKit/537.36 (KHTML, like Gecko) Mobile Safari/537.36 (compatible; PetalBot;+https://webmaster.petalsearch.com/site/petalbot)" "www.mantech8.com"
185.191.171.2 - - [25/Sep/2022:07:45:44 -0700] "GET /?camp-fire%2F38565203.html HTTP/1.1" 500 - "-" "Mozilla/5.0 (compatible; SemrushBot/7~bl; +http://www.semrush.com/bot.html)" "mantech8.com"
185.191.171.37 - - [25/Sep/2022:07:46:04 -0700] "GET /?camp-fire%2F110520002.html HTTP/1.1" 500 - "-" "Mozilla/5.0 (compatible; SemrushBot/7~bl; +http://www.semrush.com/bot.html)" "mantech8.com"
185.191.171.41 - - [25/Sep/2022:07:46:07 -0700] "GET /?camp-fire%2F24586580.html HTTP/1.1" 500 - "-" "Mozilla/5.0 (compatible; SemrushBot/7~bl; +http://www.semrush.com/bot.html)" "mantech8.com"
207.46.13.104 - - [25/Sep/2022:07:46:15 -0700] "GET /index.php/bubba.xml HTTP/1.1" 200 290190 "-" "Mozilla/5.0 AppleWebKit/537.36 (KHTML, like Gecko; compatible; bingbot/2.0; +http://www.bing.com/bingbot.htm) Chrome/103.0.5060.134 Safari/537.36" "mantech8.com"
157.55.39.68 - - [25/Sep/2022:07:46:22 -0700] "GET /index.php/sitemap6023.xml HTTP/1.1" 200 318038 "-" "Mozilla/5.0 (compatible; bingbot/2.0; +http://www.bing.com/bingbot.htm)" "mantech8.com"
207.46.13.104 - - [25/Sep/2022:07:46:36 -0700] "GET /index.php?sitemap531.xml HTTP/1.1" 200 253860 "-" "Mozilla/5.0 (compatible; bingbot/2.0; +http://www.bing.com/bingbot.htm)" "mantech8.com"
207.46.13.104 - - [25/Sep/2022:07:46:46 -0700] "GET /index.php/sitemap8.xml HTTP/1.1" 200 297366 "-" "Mozilla/5.0 (compatible; bingbot/2.0; +http://www.bing.com/bingbot.htm)" "mantech8.com"
185.191.171.23 - - [25/Sep/2022:07:46:58 -0700] "GET /?camp-fire%2F15393756.html HTTP/1.1" 500 - "-" "Mozilla/5.0 (compatible; SemrushBot/7~bl; +http://www.semrush.com/bot.html)" "mantech8.com"
207.46.13.42 - - [25/Sep/2022:07:46:59 -0700] "GET /index.php/sitemap8396.xml HTTP/1.1" 200 241494 "-" "Mozilla/5.0 (compatible; bingbot/2.0; +http://www.bing.com/bingbot.htm)" "mantech8.com"
185.191.171.22 - - [25/Sep/2022:07:47:00 -0700] "GET /?camp-fire%2F61957008.html HTTP/1.1" 500 - "-" "Mozilla/5.0 (compatible; SemrushBot/7~bl; +http://www.semrush.com/bot.html)" "mantech8.com"
207.46.13.42 - - [25/Sep/2022:07:47:00 -0700] "GET /index.php/leiye.xml HTTP/1.1" 200 293318 "-" "Mozilla/5.0 (compatible; bingbot/2.0; +http://www.bing.com/bingbot.htm)" "mantech8.com"
207.46.13.104 - - [25/Sep/2022:07:47:05 -0700] "GET /index.php/sitemap41522.xml HTTP/1.1" 200 262286 "-" "Mozilla/5.0 (compatible; bingbot/2.0; +http://www.bing.com/bingbot.htm)" "mantech8.com"
185.191.171.25 - - [25/Sep/2022:07:47:06 -0700] "GET /?camp-fire%2F47960171.html HTTP/1.1" 500 - "-" "Mozilla/5.0 (compatible; SemrushBot/7~bl; +http://www.semrush.com/bot.html)" "mantech8.com"
185.191.171.3 - - [25/Sep/2022:07:47:20 -0700] "GET /?camp-fire%2F37092435.html HTTP/1.1" 500 - "-" "Mozilla/5.0 (compatible; SemrushBot/7~bl; +http://www.semrush.com/bot.html)" "mantech8.com"
207.46.13.15 - - [25/Sep/2022:07:47:24 -0700] "GET /index.php?kongcunzhen.xml HTTP/1.1" 200 296078 "-" "Mozilla/5.0 (compatible; bingbot/2.0; +http://www.bing.com/bingbot.htm)" "mantech8.com"
207.46.13.42 - - [25/Sep/2022:07:47:29 -0700] "GET /?sitemap645.xml HTTP/1.1" 200 303292 "-" "Mozilla/5.0 (compatible; bingbot/2.0; +http://www.bing.com/bingbot.htm)" "mantech8.com"
207.46.13.104 - - [25/Sep/2022:07:47:36 -0700] "GET /index.php?sitemap4497.xml HTTP/1.1" 200 334613 "-" "Mozilla/5.0 (compatible; bingbot/2.0; +http://www.bing.com/bingbot.htm)" "mantech8.com"
185.191.171.19 - - [25/Sep/2022:07:47:48 -0700] "GET /?camp-fire%2F19027332.html HTTP/1.1" 500 - "-" "Mozilla/5.0 (compatible; SemrushBot/7~bl; +http://www.semrush.com/bot.html)" "mantech8.com"
157.55.39.68 - - [25/Sep/2022:07:47:54 -0700] "GET /index.php/sitemap863.xml HTTP/1.1" 200 293188 "-" "Mozilla/5.0 (compatible; bingbot/2.0; +http://www.bing.com/bingbot.htm)" "mantech8.com"
207.46.13.145 - - [25/Sep/2022:07:48:15 -0700] "GET /index.php?sitemap4541.xml HTTP/1.1" 200 318226 "-" "Mozilla/5.0 AppleWebKit/537.36 (KHTML, like Gecko; compatible; bingbot/2.0; +http://www.bing.com/bingbot.htm) Chrome/103.0.5060.134 Safari/537.36" "mantech8.com"
207.46.13.104 - - [25/Sep/2022:07:48:25 -0700] "GET /index.php/sitemap14278.xml HTTP/1.1" 200 340854 "-" "Mozilla/5.0 (compatible; bingbot/2.0; +http://www.bing.com/bingbot.htm)" "mantech8.com"
157.55.39.68 - - [25/Sep/2022:07:48:34 -0700] "GET /index.php/sitemap9832.xml HTTP/1.1" 200 318038 "-" "Mozilla/5.0 (compatible; bingbot/2.0; +http://www.bing.com/bingbot.htm)" "mantech8.com"
157.55.39.68 - - [25/Sep/2022:07:49:10 -0700] "GET /index.php/sitemap184.xml HTTP/1.1" 200 247372 "-" "Mozilla/5.0 (compatible; bingbot/2.0; +http://www.bing.com/bingbot.htm)" "mantech8.com"
185.191.171.41 - - [25/Sep/2022:07:49:11 -0700] "GET /?camp-fire%2F37174478.html HTTP/1.1" 500 - "-" "Mozilla/5.0 (compatible; SemrushBot/7~bl; +http://www.semrush.com/bot.html)" "mantech8.com"
207.46.13.15 - - [25/Sep/2022:07:49:25 -0700] "GET /index.php?sitemap18100.xml HTTP/1.1" 200 250694 "-" "Mozilla/5.0 (compatible; bingbot/2.0; +http://www.bing.com/bingbot.htm)" "mantech8.com"
207.46.13.15 - - [25/Sep/2022:07:49:27 -0700] "GET /?ching-kuo.xml HTTP/1.1" 200 264321 "-" "Mozilla/5.0 (compatible; bingbot/2.0; +http://www.bing.com/bingbot.htm)" "mantech8.com"
185.191.171.2 - - [25/Sep/2022:07:50:06 -0700] "GET /?camp-fire%2F32516460.html HTTP/1.1" 500 - "-" "Mozilla/5.0 (compatible; SemrushBot/7~bl; +http://www.semrush.com/bot.html)" "mantech8.com"
207.46.13.104 - - [25/Sep/2022:07:50:17 -0700] "GET /index.php/sitemap16575.xml HTTP/1.1" 200 251982 "-" "Mozilla/5.0 (compatible; bingbot/2.0; +http://www.bing.com/bingbot.htm)" "mantech8.com"
207.46.13.145 - - [25/Sep/2022:07:50:26 -0700] "GET /index.php/sitemap125.xml HTTP/1.1" 200 242983 "-" "Mozilla/5.0 (compatible; bingbot/2.0; +http://www.bing.com/bingbot.htm)" "mantech8.com"
185.191.171.2 - - [25/Sep/2022:07:51:00 -0700] "GET /?camp-fire%2F35158664.html HTTP/1.1" 500 - "-" "Mozilla/5.0 (compatible; SemrushBot/7~bl; +http://www.semrush.com/bot.html)" "mantech8.com"
207.46.13.15 - - [25/Sep/2022:07:51:05 -0700] "GET /index.php?sitemap722.xml HTTP/1.1" 200 269470 "-" "Mozilla/5.0 (compatible; bingbot/2.0; +http://www.bing.com/bingbot.htm)" "mantech8.com"
207.46.13.15 - - [25/Sep/2022:07:51:15 -0700] "GET /index.php/sitemap8036.xml HTTP/1.1" 200 347662 "-" "Mozilla/5.0 (compatible; bingbot/2.0; +http://www.bing.com/bingbot.htm)" "mantech8.com"
207.46.13.15 - - [25/Sep/2022:07:51:16 -0700] "GET /index.php?sitemap8996.xml HTTP/1.1" 200 240390 "-" "Mozilla/5.0 (compatible; bingbot/2.0; +http://www.bing.com/bingbot.htm)" "mantech8.com"
185.191.171.18 - - [25/Sep/2022:07:52:25 -0700] "GET /?camp-fire%2F27312797.html HTTP/1.1" 500 - "-" "Mozilla/5.0 (compatible; SemrushBot/7~bl; +http://www.semrush.com/bot.html)" "mantech8.com"
207.46.13.104 - - [25/Sep/2022:07:52:26 -0700] "GET /index.php/sitemap650.xml HTTP/1.1" 200 251669 "-" "Mozilla/5.0 (compatible; bingbot/2.0; +http://www.bing.com/bingbot.htm)" "mantech8.com"
114.119.133.165 - - [25/Sep/2022:07:52:36 -0700] "GET /index.php?sitemap32.xml HTTP/1.1" 200 319971 "-" "Mozilla/5.0 (compatible;PetalBot;+https://webmaster.petalsearch.com/site/petalbot)" "mantech8.com"
185.191.171.20 - - [25/Sep/2022:07:52:44 -0700] "GET /?camp-fire%2F26059451.html HTTP/1.1" 500 - "-" "Mozilla/5.0 (compatible; SemrushBot/7~bl; +http://www.semrush.com/bot.html)" "mantech8.com"
207.46.13.145 - - [25/Sep/2022:07:52:46 -0700] "GET /index.php?sitemap768.xml HTTP/1.1" 200 293734 "-" "Mozilla/5.0 (compatible; bingbot/2.0; +http://www.bing.com/bingbot.htm)" "mantech8.com"
207.46.13.104 - - [25/Sep/2022:07:52:51 -0700] "GET /index.php/sitemap3102.xml HTTP/1.1" 200 305220 "-" "Mozilla/5.0 (compatible; bingbot/2.0; +http://www.bing.com/bingbot.htm)" "mantech8.com"
207.46.13.42 - - [25/Sep/2022:07:53:10 -0700] "GET /index.php?sitemap1127.xml HTTP/1.1" 200 341705 "-" "Mozilla/5.0 (compatible; bingbot/2.0; +http://www.bing.com/bingbot.htm)" "mantech8.com"
185.191.171.38 - - [25/Sep/2022:07:53:17 -0700] "GET /?camp-fire%2F28001408.html HTTP/1.1" 500 - "-" "Mozilla/5.0 (compatible; SemrushBot/7~bl; +http://www.semrush.com/bot.html)" "mantech8.com"
185.191.171.1 - - [25/Sep/2022:07:53:20 -0700] "GET /?camp-fire%2F44626425.html HTTP/1.1" 500 - "-" "Mozilla/5.0 (compatible; SemrushBot/7~bl; +http://www.semrush.com/bot.html)" "mantech8.com"
185.191.171.12 - - [25/Sep/2022:07:53:37 -0700] "GET /?camp-fire%2F24671259.html HTTP/1.1" 500 - "-" "Mozilla/5.0 (compatible; SemrushBot/7~bl; +http://www.semrush.com/bot.html)" "mantech8.com"
40.77.167.19 - - [25/Sep/2022:07:53:43 -0700] "GET /index.php?sitemap3817.xml HTTP/1.1" 200 275831 "-" "Mozilla/5.0 AppleWebKit/537.36 (KHTML, like Gecko; compatible; bingbot/2.0; +http://www.bing.com/bingbot.htm) Chrome/103.0.5060.134 Safari/537.36" "mantech8.com"
207.46.13.104 - - [25/Sep/2022:07:53:46 -0700] "GET /index.php?sitemap312.xml HTTP/1.1" 200 309885 "-" "Mozilla/5.0 (compatible; bingbot/2.0; +http://www.bing.com/bingbot.htm)" "mantech8.com"
207.46.13.145 - - [25/Sep/2022:07:53:48 -0700] "GET /index.php?sitemap6157.xml HTTP/1.1" 200 331654 "-" "Mozilla/5.0 (compatible; bingbot/2.0; +http://www.bing.com/bingbot.htm)" "mantech8.com"
207.46.13.145 - - [25/Sep/2022:07:54:05 -0700] "GET /index.php?curlyhead.xml HTTP/1.1" 200 273657 "-" "Mozilla/5.0 AppleWebKit/537.36 (KHTML, like Gecko; compatible; bingbot/2.0; +http://www.bing.com/bingbot.htm) Chrome/103.0.5060.134 Safari/537.36" "mantech8.com"
157.55.39.68 - - [25/Sep/2022:07:54:24 -0700] "GET /index.php?gelsemic.xml HTTP/1.1" 200 317027 "-" "Mozilla/5.0 (compatible; bingbot/2.0; +http://www.bing.com/bingbot.htm)" "mantech8.com"
207.46.13.104 - - [25/Sep/2022:07:54:36 -0700] "GET /sitemap-index-4.xml HTTP/1.1" 404 88 "-" "Mozilla/5.0 AppleWebKit/537.36 (KHTML, like Gecko; compatible; bingbot/2.0; +http://www.bing.com/bingbot.htm) Chrome/103.0.5060.134 Safari/537.36" "mantech8.com"
207.46.13.42 - - [25/Sep/2022:07:54:40 -0700] "GET /?sitemap70.xml HTTP/1.1" 200 316439 "-" "Mozilla/5.0 (compatible; bingbot/2.0; +http://www.bing.com/bingbot.htm)" "mantech8.com"
103.131.71.100 - - [25/Sep/2022:07:54:41 -0700] "GET /robots.txt HTTP/1.1" 200 2442 "-" "Mozilla/5.0 (compatible; coccocbot-web/1.0; +http://help.coccoc.com/searchengine)" "mantech8.com"
207.46.13.145 - - [25/Sep/2022:07:54:46 -0700] "GET /?sitemap8171.xml HTTP/1.1" 200 246296 "-" "Mozilla/5.0 (compatible; bingbot/2.0; +http://www.bing.com/bingbot.htm)" "mantech8.com"
157.55.39.68 - - [25/Sep/2022:07:54:46 -0700] "GET /index.php/sitemap913.xml HTTP/1.1" 200 238790 "-" "Mozilla/5.0 (compatible; bingbot/2.0; +http://www.bing.com/bingbot.htm)" "mantech8.com"
207.46.13.104 - - [25/Sep/2022:07:54:56 -0700] "GET /?sitemap21.xml HTTP/1.1" 200 275966 "-" "Mozilla/5.0 (compatible; bingbot/2.0; +http://www.bing.com/bingbot.htm)" "mantech8.com"
207.46.13.15 - - [25/Sep/2022:07:55:06 -0700] "GET /index.php?sitemap16446.xml HTTP/1.1" 200 264862 "-" "Mozilla/5.0 AppleWebKit/537.36 (KHTML, like Gecko; compatible; bingbot/2.0; +http://www.bing.com/bingbot.htm) Chrome/103.0.5060.134 Safari/537.36" "mantech8.com"
207.46.13.145 - - [25/Sep/2022:07:55:10 -0700] "GET /?gladhand.xml HTTP/1.1" 200 323414 "-" "Mozilla/5.0 (compatible; bingbot/2.0; +http://www.bing.com/bingbot.htm)" "mantech8.com"
207.46.13.104 - - [25/Sep/2022:07:55:17 -0700] "GET /sitemap19.xml HTTP/1.1" 404 88 "-" "Mozilla/5.0 (compatible; bingbot/2.0; +http://www.bing.com/bingbot.htm)" "mantech8.com"
207.46.13.104 - - [25/Sep/2022:07:55:17 -0700] "GET /index.php?c=article&a=type&tid=86 HTTP/1.1" 200 59483 "-" "Mozilla/5.0 (compatible; bingbot/2.0; +http://www.bing.com/bingbot.htm)" "www.mantech8.com"
207.46.13.104 - - [25/Sep/2022:07:55:17 -0700] "GET /?sitemap40698.xml HTTP/1.1" 200 236552 "-" "Mozilla/5.0 AppleWebKit/537.36 (KHTML, like Gecko; compatible; bingbot/2.0; +http://www.bing.com/bingbot.htm) Chrome/103.0.5060.134 Safari/537.36" "mantech8.com"
185.191.171.35 - - [25/Sep/2022:07:55:21 -0700] "GET /?camp-fire%2F14786542.html HTTP/1.1" 500 - "-" "Mozilla/5.0 (compatible; SemrushBot/7~bl; +http://www.semrush.com/bot.html)" "mantech8.com"
185.191.171.12 - - [25/Sep/2022:07:55:23 -0700] "GET /?camp-fire%2F3327800.html HTTP/1.1" 500 - "-" "Mozilla/5.0 (compatible; SemrushBot/7~bl; +http://www.semrush.com/bot.html)" "mantech8.com"
207.46.13.104 - - [25/Sep/2022:07:55:36 -0700] "GET /index.php/kiger.xml HTTP/1.1" 200 278621 "-" "Mozilla/5.0 (compatible; bingbot/2.0; +http://www.bing.com/bingbot.htm)" "mantech8.com"
207.46.13.104 - - [25/Sep/2022:07:56:17 -0700] "GET /index.php/tetrathionates.xml HTTP/1.1" 200 276963 "-" "Mozilla/5.0 (compatible; bingbot/2.0; +http://www.bing.com/bingbot.htm)" "mantech8.com"
40.77.167.19 - - [25/Sep/2022:07:56:44 -0700] "GET /index.php?venatically.xml HTTP/1.1" 200 312979 "-" "Mozilla/5.0 (compatible; bingbot/2.0; +http://www.bing.com/bingbot.htm)" "mantech8.com"
207.46.13.15 - - [25/Sep/2022:07:56:55 -0700] "GET /chuppah.xml HTTP/1.1" 404 88 "-" "Mozilla/5.0 AppleWebKit/537.36 (KHTML, like Gecko; compatible; bingbot/2.0; +http://www.bing.com/bingbot.htm) Chrome/103.0.5060.134 Safari/537.36" "mantech8.com"
207.46.13.15 - - [25/Sep/2022:07:57:05 -0700] "GET /sitemap-index-10.xml HTTP/1.1" 404 88 "-" "Mozilla/5.0 (compatible; bingbot/2.0; +http://www.bing.com/bingbot.htm)" "mantech8.com"
207.46.13.145 - - [25/Sep/2022:07:57:09 -0700] "GET /index.php/sitemap7236.xml HTTP/1.1" 200 263008 "-" "Mozilla/5.0 (compatible; bingbot/2.0; +http://www.bing.com/bingbot.htm)" "mantech8.com"
207.46.13.145 - - [25/Sep/2022:07:57:11 -0700] "GET /sitemap5221.xml HTTP/1.1" 404 88 "-" "Mozilla/5.0 (compatible; bingbot/2.0; +http://www.bing.com/bingbot.htm)" "mantech8.com"
185.191.171.18 - - [25/Sep/2022:07:57:27 -0700] "GET /?camp-fire%2F27181563.html HTTP/1.1" 500 - "-" "Mozilla/5.0 (compatible; SemrushBot/7~bl; +http://www.semrush.com/bot.html)" "mantech8.com"
207.46.13.15 - - [25/Sep/2022:07:57:46 -0700] "GET /index.php?sitemap40.xml HTTP/1.1" 200 274577 "-" "Mozilla/5.0 (compatible; bingbot/2.0; +http://www.bing.com/bingbot.htm)" "mantech8.com"
114.119.133.158 - - [25/Sep/2022:07:57:59 -0700] "GET /index.php?sitemap41663.xml HTTP/1.1" 200 320548 "-" "Mozilla/5.0 (compatible;PetalBot;+https://webmaster.petalsearch.com/site/petalbot)" "mantech8.com"
185.191.171.14 - - [25/Sep/2022:07:59:03 -0700] "GET /?camp-fire%2F18183261.html HTTP/1.1" 500 - "-" "Mozilla/5.0 (compatible; SemrushBot/7~bl; +http://www.semrush.com/bot.html)" "mantech8.com"
185.191.171.24 - - [25/Sep/2022:07:59:09 -0700] "GET /?camp-fire%2F38855992.html HTTP/1.1" 500 - "-" "Mozilla/5.0 (compatible; SemrushBot/7~bl; +http://www.semrush.com/bot.html)" "mantech8.com"
157.55.39.68 - - [25/Sep/2022:07:59:26 -0700] "GET /index.php/sitemap779.xml HTTP/1.1" 200 295022 "-" "Mozilla/5.0 AppleWebKit/537.36 (KHTML, like Gecko; compatible; bingbot/2.0; +http://www.bing.com/bingbot.htm) Chrome/103.0.5060.134 Safari/537.36" "mantech8.com"
216.244.66.241 - - [25/Sep/2022:07:59:39 -0700] "GET /robots.txt HTTP/1.1" 200 26464 "-" "Mozilla/5.0 (compatible; DotBot/1.2; +https://opensiteexplorer.org/dotbot; help@moz.com)" "mantech8.com"
216.244.66.241 - - [25/Sep/2022:07:59:39 -0700] "GET /robots.txt HTTP/1.1" 200 26464 "-" "Mozilla/5.0 (compatible; DotBot/1.2; +https://opensiteexplorer.org/dotbot; help@moz.com)" "www.mantech8.com"
207.46.13.42 - - [25/Sep/2022:07:59:41 -0700] "GET /sitemap37.xml HTTP/1.1" 404 88 "-" "Mozilla/5.0 (compatible; bingbot/2.0; +http://www.bing.com/bingbot.htm)" "mantech8.com"
207.46.13.42 - - [25/Sep/2022:07:59:42 -0700] "GET /leiye.xml HTTP/1.1" 404 88 "-" "Mozilla/5.0 AppleWebKit/537.36 (KHTML, like Gecko; compatible; bingbot/2.0; +http://www.bing.com/bingbot.htm) Chrome/103.0.5060.134 Safari/537.36" "mantech8.com"
207.46.13.15 - - [25/Sep/2022:08:00:06 -0700] "GET /?sitemap18280.xml HTTP/1.1" 200 317636 "-" "Mozilla/5.0 (compatible; bingbot/2.0; +http://www.bing.com/bingbot.htm)" "mantech8.com"
185.191.171.24 - - [25/Sep/2022:08:00:16 -0700] "GET /?camp-fire%2F1247229.html HTTP/1.1" 500 - "-" "Mozilla/5.0 (compatible; SemrushBot/7~bl; +http://www.semrush.com/bot.html)" "mantech8.com"
207.46.13.15 - - [25/Sep/2022:08:00:16 -0700] "GET /index.php/sitemap953.xml HTTP/1.1" 200 244678 "-" "Mozilla/5.0 (compatible; bingbot/2.0; +http://www.bing.com/bingbot.htm)" "mantech8.com"
157.55.39.68 - - [25/Sep/2022:08:00:46 -0700] "GET /index.php?sitemap3147.xml HTTP/1.1" 200 285902 "-" "Mozilla/5.0 (compatible; bingbot/2.0; +http://www.bing.com/bingbot.htm)" "mantech8.com"
207.46.13.104 - - [25/Sep/2022:08:00:50 -0700] "GET /index.php?sitemap37412.xml HTTP/1.1" 200 289886 "-" "Mozilla/5.0 (compatible; bingbot/2.0; +http://www.bing.com/bingbot.htm)" "mantech8.com"
185.191.171.23 - - [25/Sep/2022:08:01:12 -0700] "GET /?camp-fire%2F39087635.html HTTP/1.1" 500 - "-" "Mozilla/5.0 (compatible; SemrushBot/7~bl; +http://www.semrush.com/bot.html)" "mantech8.com"
157.55.39.68 - - [25/Sep/2022:08:01:25 -0700] "GET /index.php/sitemap6503.xml HTTP/1.1" 200 286743 "-" "Mozilla/5.0 (compatible; bingbot/2.0; +http://www.bing.com/bingbot.htm)" "mantech8.com"
207.46.13.145 - - [25/Sep/2022:08:01:29 -0700] "GET /index.php?sitemap5302.xml HTTP/1.1" 200 260122 "-" "Mozilla/5.0 AppleWebKit/537.36 (KHTML, like Gecko; compatible; bingbot/2.0; +http://www.bing.com/bingbot.htm) Chrome/103.0.5060.134 Safari/537.36" "mantech8.com"
185.191.171.45 - - [25/Sep/2022:08:01:30 -0700] "GET /?camp-fire%2F43070634.html HTTP/1.1" 500 - "-" "Mozilla/5.0 (compatible; SemrushBot/7~bl; +http://www.semrush.com/bot.html)" "mantech8.com"
185.191.171.33 - - [25/Sep/2022:08:01:34 -0700] "GET /?camp-fire%2F60703725.html HTTP/1.1" 500 - "-" "Mozilla/5.0 (compatible; SemrushBot/7~bl; +http://www.semrush.com/bot.html)" "mantech8.com"
40.77.167.19 - - [25/Sep/2022:08:01:45 -0700] "GET /index.php/sitemap5721.xml HTTP/1.1" 200 304388 "-" "Mozilla/5.0 (compatible; bingbot/2.0; +http://www.bing.com/bingbot.htm)" "mantech8.com"
157.55.39.68 - - [25/Sep/2022:08:01:51 -0700] "GET /index.php/sitemap661.xml HTTP/1.1" 200 261214 "-" "Mozilla/5.0 (compatible; bingbot/2.0; +http://www.bing.com/bingbot.htm)" "mantech8.com"
207.46.13.42 - - [25/Sep/2022:08:01:55 -0700] "GET /nieying.xml HTTP/1.1" 404 88 "-" "Mozilla/5.0 (compatible; bingbot/2.0; +http://www.bing.com/bingbot.htm)" "mantech8.com"
207.46.13.42 - - [25/Sep/2022:08:01:55 -0700] "GET /bubba.xml HTTP/1.1" 404 88 "-" "Mozilla/5.0 (compatible; bingbot/2.0; +http://www.bing.com/bingbot.htm)" "mantech8.com"
