207.46.13.104 - - [25/Sep/2022:09:42:20 -0700] "GET /index.php?sitemap111.xml HTTP/1.1" 200 257124 "-" "Mozilla/5.0 AppleWebKit/537.36 (KHTML, like Gecko; compatible; bingbot/2.0; +http://www.bing.com/bingbot.htm) Chrome/103.0.5060.134 Safari/537.36" "mantech8.com"
185.191.171.41 - - [25/Sep/2022:09:42:25 -0700] "GET /?camp-fire%2F32560425.html HTTP/1.1" 500 - "-" "Mozilla/5.0 (compatible; SemrushBot/7~bl; +http://www.semrush.com/bot.html)" "mantech8.com"
207.46.13.145 - - [25/Sep/2022:09:42:36 -0700] "GET /index.php/sitemap3209.xml HTTP/1.1" 200 325644 "-" "Mozilla/5.0 (compatible; bingbot/2.0; +http://www.bing.com/bingbot.htm)" "mantech8.com"
207.46.13.145 - - [25/Sep/2022:09:42:37 -0700] "GET /index.php?sitemap119.xml HTTP/1.1" 200 342208 "-" "Mozilla/5.0 (compatible; bingbot/2.0; +http://www.bing.com/bingbot.htm)" "mantech8.com"
185.191.171.16 - - [25/Sep/2022:09:43:00 -0700] "GET /?camp-fire%2F24326550.html HTTP/1.1" 500 - "-" "Mozilla/5.0 (compatible; SemrushBot/7~bl; +http://www.semrush.com/bot.html)" "mantech8.com"
185.191.171.13 - - [25/Sep/2022:09:43:20 -0700] "GET /?camp-fire%2F31652959.html HTTP/1.1" 500 - "-" "Mozilla/5.0 (compatible; SemrushBot/7~bl; +http://www.semrush.com/bot.html)" "mantech8.com"
207.46.13.42 - - [25/Sep/2022:09:43:31 -0700] "GET /?sitemap-index-4.xml HTTP/1.1" 200 3500 "-" "Mozilla/5.0 (compatible; bingbot/2.0; +http://www.bing.com/bingbot.htm)" "mantech8.com"
207.46.13.104 - - [25/Sep/2022:09:43:37 -0700] "GET /index.php?sitemap868.xml HTTP/1.1" 200 317437 "-" "Mozilla/5.0 (compatible; bingbot/2.0; +http://www.bing.com/bingbot.htm)" "mantech8.com"
157.55.39.68 - - [25/Sep/2022:09:44:03 -0700] "GET /index.php/sitemap38925.xml HTTP/1.1" 200 291590 "-" "Mozilla/5.0 (compatible; bingbot/2.0; +http://www.bing.com/bingbot.htm)" "mantech8.com"
207.46.13.104 - - [25/Sep/2022:09:44:07 -0700] "GET /index.php/sitemap306.xml HTTP/1.1" 200 271280 "-" "Mozilla/5.0 (compatible; bingbot/2.0; +http://www.bing.com/bingbot.htm)" "mantech8.com"
207.46.13.104 - - [25/Sep/2022:09:44:09 -0700] "GET /?sitemap9579.xml HTTP/1.1" 200 302846 "-" "Mozilla/5.0 (compatible; bingbot/2.0; +http://www.bing.com/bingbot.htm)" "mantech8.com"
185.191.171.17 - - [25/Sep/2022:09:44:26 -0700] "GET /?camp-fire%2F39819302.html HTTP/1.1" 500 - "-" "Mozilla/5.0 (compatible; SemrushBot/7~bl; +http://www.semrush.com/bot.html)" "mantech8.com"
207.46.13.42 - - [25/Sep/2022:09:44:50 -0700] "GET /index.php/sitemap16551.xml HTTP/1.1" 200 283630 "-" "Mozilla/5.0 (compatible; bingbot/2.0; +http://www.bing.com/bingbot.htm)" "mantech8.com"
207.46.13.104 - - [25/Sep/2022:09:44:59 -0700] "GET /index.php?camp-fire/42.html HTTP/1.1" 200 87416 "-" "Mozilla/5.0 (compatible; bingbot/2.0; +http://www.bing.com/bingbot.htm)" "mantech8.com"
185.191.171.19 - - [25/Sep/2022:09:45:02 -0700] "GET /?camp-fire%2F11894609.html HTTP/1.1" 500 - "-" "Mozilla/5.0 (compatible; SemrushBot/7~bl; +http://www.semrush.com/bot.html)" "mantech8.com"
207.46.13.15 - - [25/Sep/2022:09:45:06 -0700] "GET /index.php?exorcise.xml HTTP/1.1" 200 328058 "-" "Mozilla/5.0 (compatible; bingbot/2.0; +http://www.bing.com/bingbot.htm)" "mantech8.com"
185.191.171.25 - - [25/Sep/2022:09:45:08 -0700] "GET /?camp-fire%2F27676909.html HTTP/1.1" 500 - "-" "Mozilla/5.0 (compatible; SemrushBot/7~bl; +http://www.semrush.com/bot.html)" "mantech8.com"
216.244.66.241 - - [25/Sep/2022:09:45:42 -0700] "GET /robots.txt HTTP/1.1" 200 26464 "-" "Mozilla/5.0 (compatible; DotBot/1.2; +https://opensiteexplorer.org/dotbot; help@moz.com)" "www.mantech8.com"
216.244.66.241 - - [25/Sep/2022:09:45:42 -0700] "GET /robots.txt HTTP/1.1" 200 26464 "-" "Mozilla/5.0 (compatible; DotBot/1.2; +https://opensiteexplorer.org/dotbot; help@moz.com)" "mantech8.com"
185.191.171.20 - - [25/Sep/2022:09:45:51 -0700] "GET /?camp-fire%2F18834727.html HTTP/1.1" 500 - "-" "Mozilla/5.0 (compatible; SemrushBot/7~bl; +http://www.semrush.com/bot.html)" "mantech8.com"
185.191.171.33 - - [25/Sep/2022:09:46:36 -0700] "GET /?camp-fire%2F1250129.html HTTP/1.1" 500 - "-" "Mozilla/5.0 (compatible; SemrushBot/7~bl; +http://www.semrush.com/bot.html)" "mantech8.com"
185.191.171.24 - - [25/Sep/2022:09:46:39 -0700] "GET /?camp-fire%2F46544602.html HTTP/1.1" 500 - "-" "Mozilla/5.0 (compatible; SemrushBot/7~bl; +http://www.semrush.com/bot.html)" "mantech8.com"
207.46.13.15 - - [25/Sep/2022:09:46:46 -0700] "GET /bimages/hgallery/thump/latest3%20big.jpg HTTP/1.1" 200 65629 "-" "Mozilla/5.0 (compatible; bingbot/2.0; +http://www.bing.com/bingbot.htm)" "mantech8.com"
207.46.13.145 - - [25/Sep/2022:09:47:07 -0700] "GET /index.php?sitemap14.xml HTTP/1.1" 200 347149 "-" "Mozilla/5.0 (compatible; bingbot/2.0; +http://www.bing.com/bingbot.htm)" "mantech8.com"
114.119.133.166 - - [25/Sep/2022:09:47:18 -0700] "GET /bimages/certificate/editpaintg.php HTTP/1.1" 200 32 "http://www.mantech8.com/bimages/certificate/?C=S%3BO%3DA" "Mozilla/5.0 (Linux; Android 7.0;) AppleWebKit/537.36 (KHTML, like Gecko) Mobile Safari/537.36 (compatible; PetalBot;+https://webmaster.petalsearch.com/site/petalbot)" "www.mantech8.com"
185.191.171.40 - - [25/Sep/2022:09:47:25 -0700] "GET /?camp-fire%2F26505035.html HTTP/1.1" 500 - "-" "Mozilla/5.0 (compatible; SemrushBot/7~bl; +http://www.semrush.com/bot.html)" "mantech8.com"
207.46.13.42 - - [25/Sep/2022:09:47:30 -0700] "GET /index.php?sitemap13004.xml HTTP/1.1" 200 317670 "-" "Mozilla/5.0 (compatible; bingbot/2.0; +http://www.bing.com/bingbot.htm)" "mantech8.com"
185.191.171.7 - - [25/Sep/2022:09:48:01 -0700] "GET /?camp-fire%2F26796921.html HTTP/1.1" 500 - "-" "Mozilla/5.0 (compatible; SemrushBot/7~bl; +http://www.semrush.com/bot.html)" "mantech8.com"
207.46.13.145 - - [25/Sep/2022:09:48:27 -0700] "GET /index.php/sitemap45.xml HTTP/1.1" 200 282830 "-" "Mozilla/5.0 (compatible; bingbot/2.0; +http://www.bing.com/bingbot.htm)" "mantech8.com"
207.46.13.145 - - [25/Sep/2022:09:48:28 -0700] "GET /index.php/sitemap91.xml HTTP/1.1" 200 289102 "-" "Mozilla/5.0 (compatible; bingbot/2.0; +http://www.bing.com/bingbot.htm)" "mantech8.com"
207.46.13.145 - - [25/Sep/2022:09:48:29 -0700] "GET /index.php/sitemap551.xml HTTP/1.1" 200 285472 "-" "Mozilla/5.0 (compatible; bingbot/2.0; +http://www.bing.com/bingbot.htm)" "mantech8.com"
207.46.13.145 - - [25/Sep/2022:09:48:30 -0700] "GET /index.php/sitemap1788.xml HTTP/1.1" 200 305019 "-" "Mozilla/5.0 AppleWebKit/537.36 (KHTML, like Gecko; compatible; bingbot/2.0; +http://www.bing.com/bingbot.htm) Chrome/103.0.5060.134 Safari/537.36" "mantech8.com"
207.46.13.42 - - [25/Sep/2022:09:48:30 -0700] "GET /index.php?sitemap257.xml HTTP/1.1" 200 314100 "-" "Mozilla/5.0 (compatible; bingbot/2.0; +http://www.bing.com/bingbot.htm)" "mantech8.com"
207.46.13.145 - - [25/Sep/2022:09:48:31 -0700] "GET /index.php/sitemap7655.xml HTTP/1.1" 200 332206 "-" "Mozilla/5.0 (compatible; bingbot/2.0; +http://www.bing.com/bingbot.htm)" "mantech8.com"
207.46.13.104 - - [25/Sep/2022:09:48:32 -0700] "GET /index.php/sitemap53523.xml HTTP/1.1" 200 259215 "-" "Mozilla/5.0 (compatible; bingbot/2.0; +http://www.bing.com/bingbot.htm)" "mantech8.com"
207.46.13.104 - - [25/Sep/2022:09:48:33 -0700] "GET /index.php?sitemap6171.xml HTTP/1.1" 200 285256 "-" "Mozilla/5.0 (compatible; bingbot/2.0; +http://www.bing.com/bingbot.htm)" "mantech8.com"
207.46.13.104 - - [25/Sep/2022:09:48:33 -0700] "GET /index.php/sitemap833.xml HTTP/1.1" 200 240258 "-" "Mozilla/5.0 (compatible; bingbot/2.0; +http://www.bing.com/bingbot.htm)" "mantech8.com"
207.46.13.104 - - [25/Sep/2022:09:48:34 -0700] "GET /index.php/sitemap1378.xml HTTP/1.1" 200 245771 "-" "Mozilla/5.0 (compatible; bingbot/2.0; +http://www.bing.com/bingbot.htm)" "mantech8.com"
40.77.167.19 - - [25/Sep/2022:09:48:34 -0700] "GET /index.php/sitemap55.xml HTTP/1.1" 200 265220 "-" "Mozilla/5.0 (compatible; bingbot/2.0; +http://www.bing.com/bingbot.htm)" "mantech8.com"
207.46.13.104 - - [25/Sep/2022:09:48:35 -0700] "GET /index.php/sitemap9343.xml HTTP/1.1" 200 297982 "-" "Mozilla/5.0 (compatible; bingbot/2.0; +http://www.bing.com/bingbot.htm)" "mantech8.com"
207.46.13.15 - - [25/Sep/2022:09:48:36 -0700] "GET /index.php/sitemap9041.xml HTTP/1.1" 200 346006 "-" "Mozilla/5.0 (compatible; bingbot/2.0; +http://www.bing.com/bingbot.htm)" "mantech8.com"
157.55.39.68 - - [25/Sep/2022:09:48:37 -0700] "GET /index.php/sitemap4597.xml HTTP/1.1" 200 257306 "-" "Mozilla/5.0 (compatible; bingbot/2.0; +http://www.bing.com/bingbot.htm)" "mantech8.com"
157.55.39.68 - - [25/Sep/2022:09:48:38 -0700] "GET /index.php/sitemap406.xml HTTP/1.1" 200 253656 "-" "Mozilla/5.0 (compatible; bingbot/2.0; +http://www.bing.com/bingbot.htm)" "mantech8.com"
157.55.39.68 - - [25/Sep/2022:09:48:39 -0700] "GET /index.php/sitemap40.xml HTTP/1.1" 200 335746 "-" "Mozilla/5.0 (compatible; bingbot/2.0; +http://www.bing.com/bingbot.htm)" "mantech8.com"
157.55.39.68 - - [25/Sep/2022:09:48:40 -0700] "GET /index.php?sitemap17.xml HTTP/1.1" 200 335742 "-" "Mozilla/5.0 (compatible; bingbot/2.0; +http://www.bing.com/bingbot.htm)" "mantech8.com"
207.46.13.104 - - [25/Sep/2022:09:48:42 -0700] "GET /index.php?sitemap25.xml HTTP/1.1" 200 269609 "-" "Mozilla/5.0 (compatible; bingbot/2.0; +http://www.bing.com/bingbot.htm)" "mantech8.com"
40.77.167.19 - - [25/Sep/2022:09:48:46 -0700] "GET /index.php/sitemap3662.xml HTTP/1.1" 200 239775 "-" "Mozilla/5.0 (compatible; bingbot/2.0; +http://www.bing.com/bingbot.htm)" "mantech8.com"
40.77.167.19 - - [25/Sep/2022:09:48:47 -0700] "GET /index.php?sitemap431.xml HTTP/1.1" 200 300148 "-" "Mozilla/5.0 AppleWebKit/537.36 (KHTML, like Gecko; compatible; bingbot/2.0; +http://www.bing.com/bingbot.htm) Chrome/103.0.5060.134 Safari/537.36" "mantech8.com"
207.46.13.42 - - [25/Sep/2022:09:48:51 -0700] "GET /index.php?sitemap608.xml HTTP/1.1" 200 331222 "-" "Mozilla/5.0 (compatible; bingbot/2.0; +http://www.bing.com/bingbot.htm)" "mantech8.com"
185.191.171.37 - - [25/Sep/2022:09:48:52 -0700] "GET /?camp-fire%2F19264281.html HTTP/1.1" 500 - "-" "Mozilla/5.0 (compatible; SemrushBot/7~bl; +http://www.semrush.com/bot.html)" "mantech8.com"
207.46.13.15 - - [25/Sep/2022:09:48:57 -0700] "GET /index.php/sitemap597.xml HTTP/1.1" 200 288402 "-" "Mozilla/5.0 (compatible; bingbot/2.0; +http://www.bing.com/bingbot.htm)" "mantech8.com"
207.46.13.15 - - [25/Sep/2022:09:48:58 -0700] "GET /index.php/sitemap24.xml HTTP/1.1" 200 277889 "-" "Mozilla/5.0 (compatible; bingbot/2.0; +http://www.bing.com/bingbot.htm)" "mantech8.com"
207.46.13.15 - - [25/Sep/2022:09:49:46 -0700] "GET /index.php?sitemap2854.xml HTTP/1.1" 200 328758 "-" "Mozilla/5.0 (compatible; bingbot/2.0; +http://www.bing.com/bingbot.htm)" "mantech8.com"
185.191.171.1 - - [25/Sep/2022:09:49:51 -0700] "GET /?camp-fire%2F43869889.html HTTP/1.1" 500 - "-" "Mozilla/5.0 (compatible; SemrushBot/7~bl; +http://www.semrush.com/bot.html)" "mantech8.com"
185.191.171.20 - - [25/Sep/2022:09:50:08 -0700] "GET /?camp-fire%2F18365521.html HTTP/1.1" 500 - "-" "Mozilla/5.0 (compatible; SemrushBot/7~bl; +http://www.semrush.com/bot.html)" "mantech8.com"
207.46.13.42 - - [25/Sep/2022:09:50:11 -0700] "GET /index.php/sitemap7.xml HTTP/1.1" 200 300298 "-" "Mozilla/5.0 AppleWebKit/537.36 (KHTML, like Gecko; compatible; bingbot/2.0; +http://www.bing.com/bingbot.htm) Chrome/103.0.5060.134 Safari/537.36" "mantech8.com"
157.55.39.68 - - [25/Sep/2022:09:50:33 -0700] "GET /index.php/sitemap9196.xml HTTP/1.1" 200 312150 "-" "Mozilla/5.0 (compatible; bingbot/2.0; +http://www.bing.com/bingbot.htm)" "mantech8.com"
157.55.39.68 - - [25/Sep/2022:09:50:34 -0700] "GET /index.php?clathrose.xml HTTP/1.1" 200 323651 "-" "Mozilla/5.0 (compatible; bingbot/2.0; +http://www.bing.com/bingbot.htm)" "mantech8.com"
207.46.13.15 - - [25/Sep/2022:09:50:57 -0700] "GET /index.php/sitemap14343.xml HTTP/1.1" 200 303870 "-" "Mozilla/5.0 AppleWebKit/537.36 (KHTML, like Gecko; compatible; bingbot/2.0; +http://www.bing.com/bingbot.htm) Chrome/103.0.5060.134 Safari/537.36" "mantech8.com"
185.191.171.18 - - [25/Sep/2022:09:51:00 -0700] "GET /?camp-fire%2F24946283.html HTTP/1.1" 500 - "-" "Mozilla/5.0 (compatible; SemrushBot/7~bl; +http://www.semrush.com/bot.html)" "mantech8.com"
157.55.39.68 - - [25/Sep/2022:09:51:13 -0700] "GET /index.php?sitemap12658.xml HTTP/1.1" 200 282710 "-" "Mozilla/5.0 (compatible; bingbot/2.0; +http://www.bing.com/bingbot.htm)" "mantech8.com"
157.55.39.68 - - [25/Sep/2022:09:51:32 -0700] "GET /index.php/sitemap1425.xml HTTP/1.1" 200 307744 "-" "Mozilla/5.0 AppleWebKit/537.36 (KHTML, like Gecko; compatible; bingbot/2.0; +http://www.bing.com/bingbot.htm) Chrome/103.0.5060.134 Safari/537.36" "mantech8.com"
185.191.171.22 - - [25/Sep/2022:09:51:53 -0700] "GET /?camp-fire%2F6001698.html HTTP/1.1" 500 - "-" "Mozilla/5.0 (compatible; SemrushBot/7~bl; +http://www.semrush.com/bot.html)" "mantech8.com"
185.191.171.21 - - [25/Sep/2022:09:52:03 -0700] "GET /?camp-fire%2F28679289.html HTTP/1.1" 500 - "-" "Mozilla/5.0 (compatible; SemrushBot/7~bl; +http://www.semrush.com/bot.html)" "mantech8.com"
114.119.133.165 - - [25/Sep/2022:09:52:47 -0700] "GET /napperkids.xml HTTP/1.1" 404 88 "-" "Mozilla/5.0 (Linux; Android 7.0;) AppleWebKit/537.36 (KHTML, like Gecko) Mobile Safari/537.36 (compatible; PetalBot;+https://webmaster.petalsearch.com/site/petalbot)" "mantech8.com"
207.46.13.104 - - [25/Sep/2022:09:52:57 -0700] "GET /index.php/sitemap1225.xml HTTP/1.1" 200 242830 "-" "Mozilla/5.0 (compatible; bingbot/2.0; +http://www.bing.com/bingbot.htm)" "mantech8.com"
185.191.171.38 - - [25/Sep/2022:09:53:01 -0700] "GET /?camp-fire%2F3298098.html HTTP/1.1" 500 - "-" "Mozilla/5.0 (compatible; SemrushBot/7~bl; +http://www.semrush.com/bot.html)" "mantech8.com"
185.191.171.16 - - [25/Sep/2022:09:53:06 -0700] "GET /?camp-fire%2F49049590.html HTTP/1.1" 500 - "-" "Mozilla/5.0 (compatible; SemrushBot/7~bl; +http://www.semrush.com/bot.html)" "mantech8.com"
207.46.13.145 - - [25/Sep/2022:09:54:07 -0700] "GET /index.php?sitemap18.xml HTTP/1.1" 200 275865 "-" "Mozilla/5.0 (compatible; bingbot/2.0; +http://www.bing.com/bingbot.htm)" "mantech8.com"
207.46.13.145 - - [25/Sep/2022:09:54:10 -0700] "GET /index.php/sitemap3117.xml HTTP/1.1" 200 316242 "-" "Mozilla/5.0 AppleWebKit/537.36 (KHTML, like Gecko; compatible; bingbot/2.0; +http://www.bing.com/bingbot.htm) Chrome/103.0.5060.134 Safari/537.36" "mantech8.com"
40.77.167.19 - - [25/Sep/2022:09:54:35 -0700] "GET /index.php?sitemap441.xml HTTP/1.1" 200 341710 "-" "Mozilla/5.0 (compatible; bingbot/2.0; +http://www.bing.com/bingbot.htm)" "mantech8.com"
207.46.13.42 - - [25/Sep/2022:09:54:51 -0700] "GET /index.php?sitemap725.xml HTTP/1.1" 200 346470 "-" "Mozilla/5.0 (compatible; bingbot/2.0; +http://www.bing.com/bingbot.htm)" "mantech8.com"
185.191.171.42 - - [25/Sep/2022:09:55:16 -0700] "GET /?camp-fire%2F8351308.html HTTP/1.1" 500 - "-" "Mozilla/5.0 (compatible; SemrushBot/7~bl; +http://www.semrush.com/bot.html)" "mantech8.com"
157.55.39.68 - - [25/Sep/2022:09:55:25 -0700] "GET /index.php/sitemap1634.xml HTTP/1.1" 200 334992 "-" "Mozilla/5.0 (compatible; bingbot/2.0; +http://www.bing.com/bingbot.htm)" "mantech8.com"
207.46.13.145 - - [25/Sep/2022:09:56:07 -0700] "GET /index.php?sitemap7535.xml HTTP/1.1" 200 293934 "-" "Mozilla/5.0 (compatible; bingbot/2.0; +http://www.bing.com/bingbot.htm)" "mantech8.com"
157.55.39.68 - - [25/Sep/2022:09:56:34 -0700] "GET /index.php/sitemap21.xml HTTP/1.1" 200 303805 "-" "Mozilla/5.0 (compatible; bingbot/2.0; +http://www.bing.com/bingbot.htm)" "mantech8.com"
185.191.171.13 - - [25/Sep/2022:09:56:34 -0700] "GET /?camp-fire%2F39923976.html HTTP/1.1" 500 - "-" "Mozilla/5.0 (compatible; SemrushBot/7~bl; +http://www.semrush.com/bot.html)" "mantech8.com"
157.55.39.68 - - [25/Sep/2022:09:56:35 -0700] "GET /index.php/sitemap110.xml HTTP/1.1" 200 252529 "-" "Mozilla/5.0 (compatible; bingbot/2.0; +http://www.bing.com/bingbot.htm)" "mantech8.com"
20.150.146.176 - - [25/Sep/2022:09:57:40 -0700] "GET / HTTP/1.1" 500 - "-" "Mozilla/5.0 (Windows NT 10.0; Win64; x64) AppleWebKit/537.36 (KHTML, like Gecko) Chrome/78.0.3904.108 Safari/537.36" "mantech8.com"
20.150.146.176 - - [25/Sep/2022:09:57:45 -0700] "GET / HTTP/1.1" 500 - "-" "Mozilla/5.0 (Windows NT 10.0; Win64; x64) AppleWebKit/537.36 (KHTML, like Gecko) Chrome/78.0.3904.108 Safari/537.36" "mantech8.com"
20.150.146.176 - - [25/Sep/2022:09:57:47 -0700] "GET /wordpress/wp-includes/wlwmanifest.xml HTTP/1.1" 404 73 "-" "Mozilla/5.0 (Windows NT 10.0; Win64; x64) AppleWebKit/537.36 (KHTML, like Gecko) Chrome/78.0.3904.108 Safari/537.36" "mantech8.com"
20.150.146.176 - - [25/Sep/2022:09:57:50 -0700] "GET /wp/wp-includes/wlwmanifest.xml HTTP/1.1" 404 73 "-" "Mozilla/5.0 (Windows NT 10.0; Win64; x64) AppleWebKit/537.36 (KHTML, like Gecko) Chrome/78.0.3904.108 Safari/537.36" "mantech8.com"
20.150.146.176 - - [25/Sep/2022:09:57:52 -0700] "GET /2019/wp-includes/wlwmanifest.xml HTTP/1.1" 404 73 "-" "Mozilla/5.0 (Windows NT 10.0; Win64; x64) AppleWebKit/537.36 (KHTML, like Gecko) Chrome/78.0.3904.108 Safari/537.36" "mantech8.com"
185.191.171.21 - - [25/Sep/2022:09:57:54 -0700] "GET /?camp-fire%2F10522357.html HTTP/1.1" 500 - "-" "Mozilla/5.0 (compatible; SemrushBot/7~bl; +http://www.semrush.com/bot.html)" "mantech8.com"
114.119.133.190 - - [25/Sep/2022:09:58:10 -0700] "GET /?sitemap-index-1.xml HTTP/1.1" 200 5534 "-" "Mozilla/5.0 (Linux; Android 7.0;) AppleWebKit/537.36 (KHTML, like Gecko) Mobile Safari/537.36 (compatible; PetalBot;+https://webmaster.petalsearch.com/site/petalbot)" "mantech8.com"
185.191.171.19 - - [25/Sep/2022:09:58:45 -0700] "GET /?camp-fire%2F30790955.html HTTP/1.1" 500 - "-" "Mozilla/5.0 (compatible; SemrushBot/7~bl; +http://www.semrush.com/bot.html)" "mantech8.com"
207.46.13.15 - - [25/Sep/2022:09:58:47 -0700] "GET /index.php?sitemap67.xml HTTP/1.1" 200 331898 "-" "Mozilla/5.0 (compatible; bingbot/2.0; +http://www.bing.com/bingbot.htm)" "mantech8.com"
207.46.13.15 - - [25/Sep/2022:09:58:49 -0700] "GET /index.php?sitemap5199.xml HTTP/1.1" 200 308702 "-" "Mozilla/5.0 AppleWebKit/537.36 (KHTML, like Gecko; compatible; bingbot/2.0; +http://www.bing.com/bingbot.htm) Chrome/103.0.5060.134 Safari/537.36" "mantech8.com"
207.46.13.42 - - [25/Sep/2022:09:59:21 -0700] "GET /index.php?sitemap2.xml HTTP/1.1" 200 247215 "-" "Mozilla/5.0 (compatible; bingbot/2.0; +http://www.bing.com/bingbot.htm)" "mantech8.com"
185.191.171.5 - - [25/Sep/2022:10:00:01 -0700] "GET /?camp-fire%2F81221657.html HTTP/1.1" 500 - "-" "Mozilla/5.0 (compatible; SemrushBot/7~bl; +http://www.semrush.com/bot.html)" "mantech8.com"
185.191.171.21 - - [25/Sep/2022:10:00:15 -0700] "GET /?camp-fire%2F11269396.html HTTP/1.1" 500 - "-" "Mozilla/5.0 (compatible; SemrushBot/7~bl; +http://www.semrush.com/bot.html)" "mantech8.com"
185.191.171.14 - - [25/Sep/2022:10:00:28 -0700] "GET /?camp-fire%2F15322587.html HTTP/1.1" 500 - "-" "Mozilla/5.0 (compatible; SemrushBot/7~bl; +http://www.semrush.com/bot.html)" "mantech8.com"
207.46.13.42 - - [25/Sep/2022:10:00:31 -0700] "GET /index.php?sitemap404.xml HTTP/1.1" 200 322029 "-" "Mozilla/5.0 (compatible; bingbot/2.0; +http://www.bing.com/bingbot.htm)" "mantech8.com"
66.249.66.25 - - [25/Sep/2022:10:00:43 -0700] "GET /802911lp_03.jpg HTTP/1.1" 404 88 "-" "Googlebot-Image/1.0" "www.mantech8.com"
185.191.171.21 - - [25/Sep/2022:10:00:45 -0700] "GET /?camp-fire%2F18122661.html HTTP/1.1" 500 - "-" "Mozilla/5.0 (compatible; SemrushBot/7~bl; +http://www.semrush.com/bot.html)" "mantech8.com"
185.191.171.22 - - [25/Sep/2022:10:01:11 -0700] "GET /?camp-fire%2F35095725.html HTTP/1.1" 500 - "-" "Mozilla/5.0 (compatible; SemrushBot/7~bl; +http://www.semrush.com/bot.html)" "mantech8.com"
40.77.167.19 - - [25/Sep/2022:10:01:15 -0700] "GET /index.php/fine-tune.xml HTTP/1.1" 200 321443 "-" "Mozilla/5.0 (compatible; bingbot/2.0; +http://www.bing.com/bingbot.htm)" "mantech8.com"
40.77.167.19 - - [25/Sep/2022:10:01:16 -0700] "GET /index.php?sitemap6761.xml HTTP/1.1" 200 272192 "-" "Mozilla/5.0 (compatible; bingbot/2.0; +http://www.bing.com/bingbot.htm)" "mantech8.com"
207.46.13.104 - - [25/Sep/2022:10:01:20 -0700] "GET /index.php/sitemap6438.xml HTTP/1.1" 200 334782 "-" "Mozilla/5.0 (compatible; bingbot/2.0; +http://www.bing.com/bingbot.htm)" "mantech8.com"
185.191.171.38 - - [25/Sep/2022:10:01:38 -0700] "GET /?camp-fire%2F26680047.html HTTP/1.1" 500 - "-" "Mozilla/5.0 (compatible; SemrushBot/7~bl; +http://www.semrush.com/bot.html)" "mantech8.com"
157.55.39.68 - - [25/Sep/2022:10:02:54 -0700] "GET /index.php?sitemap7598.xml HTTP/1.1" 200 297246 "-" "Mozilla/5.0 (compatible; bingbot/2.0; +http://www.bing.com/bingbot.htm)" "mantech8.com"
207.46.13.145 - - [25/Sep/2022:10:03:18 -0700] "GET /index.php?sitemap360.xml HTTP/1.1" 200 284338 "-" "Mozilla/5.0 AppleWebKit/537.36 (KHTML, like Gecko; compatible; bingbot/2.0; +http://www.bing.com/bingbot.htm) Chrome/103.0.5060.134 Safari/537.36" "mantech8.com"
207.46.13.145 - - [25/Sep/2022:10:03:20 -0700] "GET /index.php?sitemap977.xml HTTP/1.1" 200 330302 "-" "Mozilla/5.0 (compatible; bingbot/2.0; +http://www.bing.com/bingbot.htm)" "mantech8.com"
207.46.13.104 - - [25/Sep/2022:10:03:28 -0700] "GET /?sitemap15155.xml HTTP/1.1" 200 320246 "-" "Mozilla/5.0 (compatible; bingbot/2.0; +http://www.bing.com/bingbot.htm)" "mantech8.com"
114.119.133.165 - - [25/Sep/2022:10:03:34 -0700] "GET /?takiko.xml HTTP/1.1" 200 325501 "-" "Mozilla/5.0 (Linux; Android 7.0;) AppleWebKit/537.36 (KHTML, like Gecko) Mobile Safari/537.36 (compatible; PetalBot;+https://webmaster.petalsearch.com/site/petalbot)" "mantech8.com"
185.191.171.6 - - [25/Sep/2022:10:03:35 -0700] "GET /?camp-fire%2F30674933.html HTTP/1.1" 500 - "-" "Mozilla/5.0 (compatible; SemrushBot/7~bl; +http://www.semrush.com/bot.html)" "mantech8.com"
185.191.171.44 - - [25/Sep/2022:10:03:37 -0700] "GET /?camp-fire%2F39826502.html HTTP/1.1" 500 - "-" "Mozilla/5.0 (compatible; SemrushBot/7~bl; +http://www.semrush.com/bot.html)" "mantech8.com"
185.191.171.39 - - [25/Sep/2022:10:03:58 -0700] "GET /?camp-fire%2F35762650.html HTTP/1.1" 500 - "-" "Mozilla/5.0 (compatible; SemrushBot/7~bl; +http://www.semrush.com/bot.html)" "mantech8.com"
207.46.13.15 - - [25/Sep/2022:10:04:28 -0700] "GET /index.php/sitemap745.xml HTTP/1.1" 200 292078 "-" "Mozilla/5.0 AppleWebKit/537.36 (KHTML, like Gecko; compatible; bingbot/2.0; +http://www.bing.com/bingbot.htm) Chrome/103.0.5060.134 Safari/537.36" "mantech8.com"
207.46.13.15 - - [25/Sep/2022:10:04:30 -0700] "GET /index.php/sitemap53792.xml HTTP/1.1" 200 321144 "-" "Mozilla/5.0 (compatible; bingbot/2.0; +http://www.bing.com/bingbot.htm)" "mantech8.com"
207.46.13.42 - - [25/Sep/2022:10:04:32 -0700] "GET /?sitemap9119.xml HTTP/1.1" 200 237422 "-" "Mozilla/5.0 (compatible; bingbot/2.0; +http://www.bing.com/bingbot.htm)" "mantech8.com"
66.249.66.65 - - [25/Sep/2022:10:04:39 -0700] "GET /jcyxxgk/201906/w020190703381963874994.png HTTP/1.1" 404 88 "-" "Googlebot-Image/1.0" "www.mantech8.com"
207.46.13.104 - - [25/Sep/2022:10:04:48 -0700] "GET /index.php/sitemap3427.xml HTTP/1.1" 200 314253 "-" "Mozilla/5.0 (compatible; bingbot/2.0; +http://www.bing.com/bingbot.htm)" "mantech8.com"
207.46.13.104 - - [25/Sep/2022:10:04:50 -0700] "GET /index.php/dejerator.xml HTTP/1.1" 200 311879 "-" "Mozilla/5.0 (compatible; bingbot/2.0; +http://www.bing.com/bingbot.htm)" "mantech8.com"
207.46.13.15 - - [25/Sep/2022:10:04:57 -0700] "GET /index.php/gelsemic.xml HTTP/1.1" 200 249781 "-" "Mozilla/5.0 AppleWebKit/537.36 (KHTML, like Gecko; compatible; bingbot/2.0; +http://www.bing.com/bingbot.htm) Chrome/103.0.5060.134 Safari/537.36" "mantech8.com"
185.191.171.19 - - [25/Sep/2022:10:05:19 -0700] "GET /?camp-fire%2F51342725.html HTTP/1.1" 500 - "-" "Mozilla/5.0 (compatible; SemrushBot/7~bl; +http://www.semrush.com/bot.html)" "mantech8.com"
207.46.13.104 - - [25/Sep/2022:10:06:09 -0700] "GET /?sitemap40698.xml HTTP/1.1" 200 317847 "-" "Mozilla/5.0 (compatible; bingbot/2.0; +http://www.bing.com/bingbot.htm)" "mantech8.com"
185.191.171.9 - - [25/Sep/2022:10:06:22 -0700] "GET /?camp-fire%2F13339421.html HTTP/1.1" 500 - "-" "Mozilla/5.0 (compatible; SemrushBot/7~bl; +http://www.semrush.com/bot.html)" "mantech8.com"
185.191.171.8 - - [25/Sep/2022:10:06:56 -0700] "GET /?camp-fire%2F28366035.html HTTP/1.1" 500 - "-" "Mozilla/5.0 (compatible; SemrushBot/7~bl; +http://www.semrush.com/bot.html)" "mantech8.com"
185.191.171.19 - - [25/Sep/2022:10:07:03 -0700] "GET /?camp-fire%2F3936774.html HTTP/1.1" 500 - "-" "Mozilla/5.0 (compatible; SemrushBot/7~bl; +http://www.semrush.com/bot.html)" "mantech8.com"
207.46.13.15 - - [25/Sep/2022:10:07:28 -0700] "GET /index.php?sitemap676.xml HTTP/1.1" 200 319654 "-" "Mozilla/5.0 AppleWebKit/537.36 (KHTML, like Gecko; compatible; bingbot/2.0; +http://www.bing.com/bingbot.htm) Chrome/103.0.5060.134 Safari/537.36" "mantech8.com"
207.46.13.15 - - [25/Sep/2022:10:07:48 -0700] "GET /index.php?sitemap5758.xml HTTP/1.1" 200 254980 "-" "Mozilla/5.0 AppleWebKit/537.36 (KHTML, like Gecko; compatible; bingbot/2.0; +http://www.bing.com/bingbot.htm) Chrome/103.0.5060.134 Safari/537.36" "mantech8.com"
77.75.72.26 - - [25/Sep/2022:10:08:42 -0700] "GET /?sitemap9.xml HTTP/1.1" 200 304622 "-" "Mozilla/5.0 (compatible; SeznamBot/4.0-RC1; +http://napoveda.seznam.cz/seznambot-intro/)" "mantech8.com"
114.119.133.166 - - [25/Sep/2022:10:09:05 -0700] "GET /index.php?sitemap-index-2.xml HTTP/1.1" 200 6800 "-" "Mozilla/5.0 (compatible;PetalBot;+https://webmaster.petalsearch.com/site/petalbot)" "mantech8.com"
185.191.171.22 - - [25/Sep/2022:10:09:09 -0700] "GET /?camp-fire%2F24969850.html HTTP/1.1" 500 - "-" "Mozilla/5.0 (compatible; SemrushBot/7~bl; +http://www.semrush.com/bot.html)" "mantech8.com"
185.191.171.22 - - [25/Sep/2022:10:09:55 -0700] "GET /?camp-fire%2F15322787.html HTTP/1.1" 500 - "-" "Mozilla/5.0 (compatible; SemrushBot/7~bl; +http://www.semrush.com/bot.html)" "mantech8.com"
185.191.171.13 - - [25/Sep/2022:10:10:15 -0700] "GET /?camp-fire%2F5820277.html HTTP/1.1" 500 - "-" "Mozilla/5.0 (compatible; SemrushBot/7~bl; +http://www.semrush.com/bot.html)" "mantech8.com"
185.191.171.38 - - [25/Sep/2022:10:10:17 -0700] "GET /?camp-fire%2F40156788.html HTTP/1.1" 500 - "-" "Mozilla/5.0 (compatible; SemrushBot/7~bl; +http://www.semrush.com/bot.html)" "mantech8.com"
207.46.13.104 - - [25/Sep/2022:10:10:20 -0700] "GET /index.php/ching-kuo.xml HTTP/1.1" 200 324008 "-" "Mozilla/5.0 (compatible; bingbot/2.0; +http://www.bing.com/bingbot.htm)" "mantech8.com"
207.46.13.104 - - [25/Sep/2022:10:10:39 -0700] "GET /index.php?sitemap7501.xml HTTP/1.1" 200 275534 "-" "Mozilla/5.0 (compatible; bingbot/2.0; +http://www.bing.com/bingbot.htm)" "mantech8.com"
185.191.171.35 - - [25/Sep/2022:10:10:58 -0700] "GET /?camp-fire%2F14625224.html HTTP/1.1" 500 - "-" "Mozilla/5.0 (compatible; SemrushBot/7~bl; +http://www.semrush.com/bot.html)" "mantech8.com"
207.46.13.145 - - [25/Sep/2022:10:10:59 -0700] "GET /index.php/sitemap5482.xml HTTP/1.1" 200 278895 "-" "Mozilla/5.0 (compatible; bingbot/2.0; +http://www.bing.com/bingbot.htm)" "mantech8.com"
207.46.13.42 - - [25/Sep/2022:10:11:03 -0700] "GET /index.php/sitemap1457.xml HTTP/1.1" 200 319350 "-" "Mozilla/5.0 AppleWebKit/537.36 (KHTML, like Gecko; compatible; bingbot/2.0; +http://www.bing.com/bingbot.htm) Chrome/103.0.5060.134 Safari/537.36" "mantech8.com"
40.77.167.19 - - [25/Sep/2022:10:11:17 -0700] "GET /index.php?limunu.xml HTTP/1.1" 200 240581 "-" "Mozilla/5.0 (compatible; bingbot/2.0; +http://www.bing.com/bingbot.htm)" "mantech8.com"
5.255.231.124 - - [25/Sep/2022:10:11:36 -0700] "GET /robots.txt HTTP/1.1" 200 26464 "-" "Mozilla/5.0 (compatible; YandexBot/3.0; +http://yandex.com/bots)" "mantech8.com"
87.250.224.95 - - [25/Sep/2022:10:11:40 -0700] "GET / HTTP/1.1" 500 - "-" "Mozilla/5.0 (compatible; YandexBot/3.0; +http://yandex.com/bots)" "mantech8.com"
5.45.207.108 - - [25/Sep/2022:10:12:04 -0700] "GET /robots.txt HTTP/1.1" 200 26464 "-" "Mozilla/5.0 (compatible; YandexBot/3.0; +http://yandex.com/bots)" "mantech8.com"
95.108.213.43 - - [25/Sep/2022:10:12:07 -0700] "GET /index.php/sitemap4.xml HTTP/1.1" 200 289638 "-" "Mozilla/5.0 (compatible; YandexBot/3.0; +http://yandex.com/bots)" "mantech8.com"
95.108.213.72 - - [25/Sep/2022:10:12:11 -0700] "GET /kongcunzhen.xml HTTP/1.1" 404 88 "-" "Mozilla/5.0 (compatible; YandexBot/3.0; +http://yandex.com/bots)" "mantech8.com"
95.108.213.72 - - [25/Sep/2022:10:12:15 -0700] "GET /index.php?sitemap8996.xml HTTP/1.1" 200 297798 "-" "Mozilla/5.0 (compatible; YandexBot/3.0; +http://yandex.com/bots)" "mantech8.com"
5.255.253.126 - - [25/Sep/2022:10:12:18 -0700] "GET /index.php?ching-kuo.xml HTTP/1.1" 200 341456 "-" "Mozilla/5.0 (compatible; YandexBot/3.0; +http://yandex.com/bots)" "mantech8.com"
5.255.253.126 - - [25/Sep/2022:10:12:22 -0700] "GET /?sitemap-index-5.xml HTTP/1.1" 200 4789 "-" "Mozilla/5.0 (compatible; YandexBot/3.0; +http://yandex.com/bots)" "mantech8.com"
5.45.207.134 - - [25/Sep/2022:10:12:25 -0700] "GET /index.php/sitemap306.xml HTTP/1.1" 200 271648 "-" "Mozilla/5.0 (compatible; YandexBot/3.0; +http://yandex.com/bots)" "mantech8.com"
207.46.13.104 - - [25/Sep/2022:10:12:40 -0700] "GET /?furnacite.xml HTTP/1.1" 200 271094 "-" "Mozilla/5.0 (compatible; bingbot/2.0; +http://www.bing.com/bingbot.htm)" "mantech8.com"
185.191.171.39 - - [25/Sep/2022:10:12:44 -0700] "GET /?camp-fire%2F8247229.html HTTP/1.1" 500 - "-" "Mozilla/5.0 (compatible; SemrushBot/7~bl; +http://www.semrush.com/bot.html)" "mantech8.com"
185.191.171.34 - - [25/Sep/2022:10:13:13 -0700] "GET /?camp-fire%2F47355216.html HTTP/1.1" 500 - "-" "Mozilla/5.0 (compatible; SemrushBot/7~bl; +http://www.semrush.com/bot.html)" "mantech8.com"
40.77.167.19 - - [25/Sep/2022:10:13:37 -0700] "GET /index.php/sitemap289.xml HTTP/1.1" 200 287446 "-" "Mozilla/5.0 (compatible; bingbot/2.0; +http://www.bing.com/bingbot.htm)" "mantech8.com"
185.191.171.45 - - [25/Sep/2022:10:13:55 -0700] "GET /?camp-fire%2F14049759.html HTTP/1.1" 500 - "-" "Mozilla/5.0 (compatible; SemrushBot/7~bl; +http://www.semrush.com/bot.html)" "mantech8.com"
185.191.171.24 - - [25/Sep/2022:10:14:31 -0700] "GET /?camp-fire%2F2405253.html HTTP/1.1" 500 - "-" "Mozilla/5.0 (compatible; SemrushBot/7~bl; +http://www.semrush.com/bot.html)" "mantech8.com"
114.119.133.158 - - [25/Sep/2022:10:14:33 -0700] "GET /bimages/client/black2llleaf.php HTTP/1.1" 500 - "http://mantech8.com/bimages/client/?C=S%3BO%3DA" "Mozilla/5.0 (Linux; Android 7.0;) AppleWebKit/537.36 (KHTML, like Gecko) Mobile Safari/537.36 (compatible; PetalBot;+https://webmaster.petalsearch.com/site/petalbot)" "mantech8.com"
207.46.13.145 - - [25/Sep/2022:10:14:39 -0700] "GET /index.php?sitemap337.xml HTTP/1.1" 200 260818 "-" "Mozilla/5.0 (compatible; bingbot/2.0; +http://www.bing.com/bingbot.htm)" "mantech8.com"
207.46.13.104 - - [25/Sep/2022:10:14:43 -0700] "GET /index.php?sitemap9773.xml HTTP/1.1" 200 255294 "-" "Mozilla/5.0 (compatible; bingbot/2.0; +http://www.bing.com/bingbot.htm)" "mantech8.com"
207.46.13.15 - - [25/Sep/2022:10:14:59 -0700] "GET /index.php?sitemap20788.xml HTTP/1.1" 200 260078 "-" "Mozilla/5.0 (compatible; bingbot/2.0; +http://www.bing.com/bingbot.htm)" "mantech8.com"
207.46.13.15 - - [25/Sep/2022:10:15:00 -0700] "GET /index.php?sitemap1630.xml HTTP/1.1" 200 319152 "-" "Mozilla/5.0 (compatible; bingbot/2.0; +http://www.bing.com/bingbot.htm)" "mantech8.com"
207.46.13.15 - - [25/Sep/2022:10:15:19 -0700] "GET /index.php?sitemap8718.xml HTTP/1.1" 200 243702 "-" "Mozilla/5.0 (compatible; bingbot/2.0; +http://www.bing.com/bingbot.htm)" "mantech8.com"
207.46.13.15 - - [25/Sep/2022:10:15:20 -0700] "GET /index.php/sitemap773.xml HTTP/1.1" 200 305694 "-" "Mozilla/5.0 (compatible; bingbot/2.0; +http://www.bing.com/bingbot.htm)" "mantech8.com"
207.46.13.15 - - [25/Sep/2022:10:15:22 -0700] "GET /index.php?sitemap2534.xml HTTP/1.1" 200 273961 "-" "Mozilla/5.0 (compatible; bingbot/2.0; +http://www.bing.com/bingbot.htm)" "mantech8.com"
185.191.171.42 - - [25/Sep/2022:10:15:36 -0700] "GET /?camp-fire%2F9449221.html HTTP/1.1" 500 - "-" "Mozilla/5.0 (compatible; SemrushBot/7~bl; +http://www.semrush.com/bot.html)" "mantech8.com"
157.55.39.68 - - [25/Sep/2022:10:15:59 -0700] "GET /index.php?sitemap334.xml HTTP/1.1" 200 237481 "-" "Mozilla/5.0 AppleWebKit/537.36 (KHTML, like Gecko; compatible; bingbot/2.0; +http://www.bing.com/bingbot.htm) Chrome/103.0.5060.134 Safari/537.36" "mantech8.com"
207.46.13.145 - - [25/Sep/2022:10:16:03 -0700] "GET /index.php?sitemap667.xml HTTP/1.1" 200 278486 "-" "Mozilla/5.0 (compatible; bingbot/2.0; +http://www.bing.com/bingbot.htm)" "mantech8.com"
185.191.171.12 - - [25/Sep/2022:10:16:07 -0700] "GET /?camp-fire%2F87457982.html HTTP/1.1" 500 - "-" "Mozilla/5.0 (compatible; SemrushBot/7~bl; +http://www.semrush.com/bot.html)" "mantech8.com"
185.191.171.33 - - [25/Sep/2022:10:17:18 -0700] "GET /?camp-fire%2F5608396.html HTTP/1.1" 500 - "-" "Mozilla/5.0 (compatible; SemrushBot/7~bl; +http://www.semrush.com/bot.html)" "mantech8.com"
207.46.13.15 - - [25/Sep/2022:10:17:19 -0700] "GET /index.php?sitemap4036.xml HTTP/1.1" 200 320226 "-" "Mozilla/5.0 (compatible; bingbot/2.0; +http://www.bing.com/bingbot.htm)" "mantech8.com"
185.191.171.15 - - [25/Sep/2022:10:17:20 -0700] "GET /?camp-fire%2F18146561.html HTTP/1.1" 500 - "-" "Mozilla/5.0 (compatible; SemrushBot/7~bl; +http://www.semrush.com/bot.html)" "mantech8.com"
207.46.13.15 - - [25/Sep/2022:10:17:21 -0700] "GET /index.php/sitemap1566.xml HTTP/1.1" 200 307578 "-" "Mozilla/5.0 (compatible; bingbot/2.0; +http://www.bing.com/bingbot.htm)" "mantech8.com"
40.77.167.19 - - [25/Sep/2022:10:17:37 -0700] "GET /index.php/sitemap5047.xml HTTP/1.1" 200 343578 "-" "Mozilla/5.0 (compatible; bingbot/2.0; +http://www.bing.com/bingbot.htm)" "mantech8.com"
207.46.13.145 - - [25/Sep/2022:10:17:59 -0700] "GET /index.php/sitemap1788.xml HTTP/1.1" 200 298230 "-" "Mozilla/5.0 AppleWebKit/537.36 (KHTML, like Gecko; compatible; bingbot/2.0; +http://www.bing.com/bingbot.htm) Chrome/103.0.5060.134 Safari/537.36" "mantech8.com"
185.191.171.6 - - [25/Sep/2022:10:18:18 -0700] "GET /?camp-fire%2F7642108.html HTTP/1.1" 500 - "-" "Mozilla/5.0 (compatible; SemrushBot/7~bl; +http://www.semrush.com/bot.html)" "mantech8.com"
207.46.13.104 - - [25/Sep/2022:10:18:20 -0700] "GET /index.php?sitemap8413.xml HTTP/1.1" 200 297062 "-" "Mozilla/5.0 (compatible; bingbot/2.0; +http://www.bing.com/bingbot.htm)" "mantech8.com"
185.191.171.20 - - [25/Sep/2022:10:18:28 -0700] "GET /?camp-fire%2F8113185.html HTTP/1.1" 500 - "-" "Mozilla/5.0 (compatible; SemrushBot/7~bl; +http://www.semrush.com/bot.html)" "mantech8.com"
185.191.171.36 - - [25/Sep/2022:10:18:33 -0700] "GET /?camp-fire%2F104169134.html HTTP/1.1" 500 - "-" "Mozilla/5.0 (compatible; SemrushBot/7~bl; +http://www.semrush.com/bot.html)" "mantech8.com"
185.191.171.22 - - [25/Sep/2022:10:18:38 -0700] "GET /?camp-fire%2F21633217.html HTTP/1.1" 500 - "-" "Mozilla/5.0 (compatible; SemrushBot/7~bl; +http://www.semrush.com/bot.html)" "mantech8.com"
207.46.13.104 - - [25/Sep/2022:10:18:51 -0700] "GET /index.php?c=article&a=type&tid=17 HTTP/1.1" 200 62565 "-" "Mozilla/5.0 AppleWebKit/537.36 (KHTML, like Gecko; compatible; bingbot/2.0; +http://www.bing.com/bingbot.htm) Chrome/103.0.5060.134 Safari/537.36" "mantech8.com"
207.46.13.104 - - [25/Sep/2022:10:19:20 -0700] "GET /index.php/sitemap90.xml HTTP/1.1" 200 268694 "-" "Mozilla/5.0 (compatible; bingbot/2.0; +http://www.bing.com/bingbot.htm)" "mantech8.com"
114.119.133.166 - - [25/Sep/2022:10:19:59 -0700] "GET /bimages/electric/?C=M%3BO%3DA HTTP/1.1" 200 420 "http://mantech8.com/bimages/electric/?C=S%3BO%3DA" "Mozilla/5.0 (Linux; Android 7.0;) AppleWebKit/537.36 (KHTML, like Gecko) Mobile Safari/537.36 (compatible; PetalBot;+https://webmaster.petalsearch.com/site/petalbot)" "mantech8.com"
40.77.167.19 - - [25/Sep/2022:10:20:37 -0700] "GET /index.php?sitemap294.xml HTTP/1.1" 200 274592 "-" "Mozilla/5.0 AppleWebKit/537.36 (KHTML, like Gecko; compatible; bingbot/2.0; +http://www.bing.com/bingbot.htm) Chrome/103.0.5060.134 Safari/537.36" "mantech8.com"
185.191.171.44 - - [25/Sep/2022:10:20:45 -0700] "GET /?camp-fire%2F21772683.html HTTP/1.1" 500 - "-" "Mozilla/5.0 (compatible; SemrushBot/7~bl; +http://www.semrush.com/bot.html)" "mantech8.com"
207.46.13.42 - - [25/Sep/2022:10:21:04 -0700] "GET /index.php/sitemap9760.xml HTTP/1.1" 200 294118 "-" "Mozilla/5.0 (compatible; bingbot/2.0; +http://www.bing.com/bingbot.htm)" "mantech8.com"
185.191.171.3 - - [25/Sep/2022:10:21:20 -0700] "GET /?camp-fire%2F32554425.html HTTP/1.1" 500 - "-" "Mozilla/5.0 (compatible; SemrushBot/7~bl; +http://www.semrush.com/bot.html)" "mantech8.com"
87.250.224.75 - - [25/Sep/2022:10:21:45 -0700] "GET /?sitemap2978.xml HTTP/1.1" 200 273155 "-" "Mozilla/5.0 (compatible; YandexBot/3.0; +http://yandex.com/bots)" "mantech8.com"
185.191.171.5 - - [25/Sep/2022:10:22:02 -0700] "GET /robots.txt HTTP/1.1" 200 2442 "-" "Mozilla/5.0 (compatible; SemrushBot/7~bl; +http://www.semrush.com/bot.html)" "mantech8.com"
185.191.171.17 - - [25/Sep/2022:10:22:02 -0700] "GET /?camp-fire%2F614369.html HTTP/1.1" 500 - "-" "Mozilla/5.0 (compatible; SemrushBot/7~bl; +http://www.semrush.com/bot.html)" "mantech8.com"
207.46.13.145 - - [25/Sep/2022:10:22:20 -0700] "GET /index.php?sitemap8134.xml HTTP/1.1" 200 289702 "-" "Mozilla/5.0 (compatible; bingbot/2.0; +http://www.bing.com/bingbot.htm)" "mantech8.com"
87.250.224.75 - - [25/Sep/2022:10:22:50 -0700] "GET /?sitemap33764.xml HTTP/1.1" 200 235508 "-" "Mozilla/5.0 (compatible; YandexBot/3.0; +http://yandex.com/bots)" "mantech8.com"
157.55.39.68 - - [25/Sep/2022:10:22:58 -0700] "GET /index.php?sitemap20845.xml HTTP/1.1" 200 258974 "-" "Mozilla/5.0 (compatible; bingbot/2.0; +http://www.bing.com/bingbot.htm)" "mantech8.com"
185.191.171.44 - - [25/Sep/2022:10:23:03 -0700] "GET /?camp-fire%2F39118235.html HTTP/1.1" 500 - "-" "Mozilla/5.0 (compatible; SemrushBot/7~bl; +http://www.semrush.com/bot.html)" "mantech8.com"
207.46.13.42 - - [25/Sep/2022:10:23:04 -0700] "GET /index.php?sitemap16.xml HTTP/1.1" 200 307473 "-" "Mozilla/5.0 (compatible; bingbot/2.0; +http://www.bing.com/bingbot.htm)" "mantech8.com"
207.46.13.42 - - [25/Sep/2022:10:23:34 -0700] "GET /index.php/sitemap582.xml HTTP/1.1" 200 281779 "-" "Mozilla/5.0 (compatible; bingbot/2.0; +http://www.bing.com/bingbot.htm)" "mantech8.com"
185.191.171.14 - - [25/Sep/2022:10:24:36 -0700] "GET /?camp-fire%2F15461683.html HTTP/1.1" 500 - "-" "Mozilla/5.0 (compatible; SemrushBot/7~bl; +http://www.semrush.com/bot.html)" "mantech8.com"
185.191.171.4 - - [25/Sep/2022:10:24:38 -0700] "GET /?camp-fire%2F1497890.html HTTP/1.1" 500 - "-" "Mozilla/5.0 (compatible; SemrushBot/7~bl; +http://www.semrush.com/bot.html)" "mantech8.com"
157.55.39.68 - - [25/Sep/2022:10:24:41 -0700] "GET /index.php?camp-fire/173.html HTTP/1.1" 200 55622 "-" "Mozilla/5.0 (compatible; bingbot/2.0; +http://www.bing.com/bingbot.htm)" "mantech8.com"
157.55.39.68 - - [25/Sep/2022:10:24:43 -0700] "GET /index.php?sitemap62.xml HTTP/1.1" 200 242615 "-" "Mozilla/5.0 (compatible; bingbot/2.0; +http://www.bing.com/bingbot.htm)" "mantech8.com"
185.191.171.10 - - [25/Sep/2022:10:24:49 -0700] "GET /?camp-fire%2F54286934.html HTTP/1.1" 500 - "-" "Mozilla/5.0 (compatible; SemrushBot/7~bl; +http://www.semrush.com/bot.html)" "mantech8.com"
207.46.13.42 - - [25/Sep/2022:10:25:14 -0700] "GET /index.php/sitemap5773.xml HTTP/1.1" 200 313772 "-" "Mozilla/5.0 (compatible; bingbot/2.0; +http://www.bing.com/bingbot.htm)" "mantech8.com"
40.77.167.19 - - [25/Sep/2022:10:25:19 -0700] "GET /index.php?sitemap56.xml HTTP/1.1" 200 290743 "-" "Mozilla/5.0 AppleWebKit/537.36 (KHTML, like Gecko; compatible; bingbot/2.0; +http://www.bing.com/bingbot.htm) Chrome/103.0.5060.134 Safari/537.36" "mantech8.com"
40.77.167.19 - - [25/Sep/2022:10:25:19 -0700] "GET /index.php?sitemap2171.xml HTTP/1.1" 200 298230 "-" "Mozilla/5.0 (compatible; bingbot/2.0; +http://www.bing.com/bingbot.htm)" "mantech8.com"
40.77.167.19 - - [25/Sep/2022:10:25:20 -0700] "GET /index.php?sitemap5003.xml HTTP/1.1" 200 291208 "-" "Mozilla/5.0 (compatible; bingbot/2.0; +http://www.bing.com/bingbot.htm)" "mantech8.com"
40.77.167.19 - - [25/Sep/2022:10:25:20 -0700] "GET /index.php/sitemap3775.xml HTTP/1.1" 200 315241 "-" "Mozilla/5.0 (compatible; bingbot/2.0; +http://www.bing.com/bingbot.htm)" "mantech8.com"
207.46.13.104 - - [25/Sep/2022:10:25:21 -0700] "GET /index.php/sitemap8757.xml HTTP/1.1" 200 338278 "-" "Mozilla/5.0 (compatible; bingbot/2.0; +http://www.bing.com/bingbot.htm)" "mantech8.com"
40.77.167.19 - - [25/Sep/2022:10:25:21 -0700] "GET /index.php?sitemap553.xml HTTP/1.1" 200 330486 "-" "Mozilla/5.0 (compatible; bingbot/2.0; +http://www.bing.com/bingbot.htm)" "mantech8.com"
40.77.167.19 - - [25/Sep/2022:10:25:21 -0700] "GET /index.php?sitemap128.xml HTTP/1.1" 200 248135 "-" "Mozilla/5.0 AppleWebKit/537.36 (KHTML, like Gecko; compatible; bingbot/2.0; +http://www.bing.com/bingbot.htm) Chrome/103.0.5060.134 Safari/537.36" "mantech8.com"
40.77.167.19 - - [25/Sep/2022:10:25:22 -0700] "GET /index.php?sitemap827.xml HTTP/1.1" 200 239894 "-" "Mozilla/5.0 (compatible; bingbot/2.0; +http://www.bing.com/bingbot.htm)" "mantech8.com"
207.46.13.145 - - [25/Sep/2022:10:25:26 -0700] "GET /index.php?sitemap6538.xml HTTP/1.1" 200 336622 "-" "Mozilla/5.0 (compatible; bingbot/2.0; +http://www.bing.com/bingbot.htm)" "mantech8.com"
207.46.13.145 - - [25/Sep/2022:10:25:27 -0700] "GET /index.php?sitemap35.xml HTTP/1.1" 200 305808 "-" "Mozilla/5.0 (compatible; bingbot/2.0; +http://www.bing.com/bingbot.htm)" "mantech8.com"
207.46.13.145 - - [25/Sep/2022:10:25:28 -0700] "GET /index.php?sitemap963.xml HTTP/1.1" 200 279400 "-" "Mozilla/5.0 (compatible; bingbot/2.0; +http://www.bing.com/bingbot.htm)" "mantech8.com"
207.46.13.145 - - [25/Sep/2022:10:25:29 -0700] "GET /index.php?sitemap4336.xml HTTP/1.1" 200 237764 "-" "Mozilla/5.0 (compatible; bingbot/2.0; +http://www.bing.com/bingbot.htm)" "mantech8.com"
114.119.133.166 - - [25/Sep/2022:10:25:30 -0700] "GET /bimages/video/?C=D%3BO%3DA HTTP/1.1" 200 550 "http://mantech8.com/bimages/video/?C=S%3BO%3DA" "Mozilla/5.0 (Linux; Android 7.0;) AppleWebKit/537.36 (KHTML, like Gecko) Mobile Safari/537.36 (compatible; PetalBot;+https://webmaster.petalsearch.com/site/petalbot)" "mantech8.com"
40.77.167.19 - - [25/Sep/2022:10:25:31 -0700] "GET /index.php/sitemap143.xml HTTP/1.1" 200 239119 "-" "Mozilla/5.0 (compatible; bingbot/2.0; +http://www.bing.com/bingbot.htm)" "mantech8.com"
40.77.167.19 - - [25/Sep/2022:10:25:31 -0700] "GET /index.php?sitemap32.xml HTTP/1.1" 200 250337 "-" "Mozilla/5.0 (compatible; bingbot/2.0; +http://www.bing.com/bingbot.htm)" "mantech8.com"
185.191.171.43 - - [25/Sep/2022:10:25:38 -0700] "GET /?camp-fire%2F26065551.html HTTP/1.1" 500 - "-" "Mozilla/5.0 (compatible; SemrushBot/7~bl; +http://www.semrush.com/bot.html)" "mantech8.com"
157.55.39.68 - - [25/Sep/2022:10:25:40 -0700] "GET /index.php/sitemap694.xml HTTP/1.1" 200 274811 "-" "Mozilla/5.0 (compatible; bingbot/2.0; +http://www.bing.com/bingbot.htm)" "mantech8.com"
207.46.13.104 - - [25/Sep/2022:10:25:41 -0700] "GET /index.php/sitemap26.xml HTTP/1.1" 200 338699 "-" "Mozilla/5.0 (compatible; bingbot/2.0; +http://www.bing.com/bingbot.htm)" "mantech8.com"
157.55.39.68 - - [25/Sep/2022:10:25:41 -0700] "GET /index.php?sitemap80.xml HTTP/1.1" 200 330616 "-" "Mozilla/5.0 (compatible; bingbot/2.0; +http://www.bing.com/bingbot.htm)" "mantech8.com"
157.55.39.68 - - [25/Sep/2022:10:25:42 -0700] "GET /index.php/sitemap28.xml HTTP/1.1" 200 243535 "-" "Mozilla/5.0 (compatible; bingbot/2.0; +http://www.bing.com/bingbot.htm)" "mantech8.com"
157.55.39.68 - - [25/Sep/2022:10:25:43 -0700] "GET /index.php?sitemap733.xml HTTP/1.1" 200 265262 "-" "Mozilla/5.0 (compatible; bingbot/2.0; +http://www.bing.com/bingbot.htm)" "mantech8.com"
157.55.39.68 - - [25/Sep/2022:10:25:44 -0700] "GET /index.php/sitemap1968.xml HTTP/1.1" 200 291060 "-" "Mozilla/5.0 AppleWebKit/537.36 (KHTML, like Gecko; compatible; bingbot/2.0; +http://www.bing.com/bingbot.htm) Chrome/103.0.5060.134 Safari/537.36" "mantech8.com"
207.46.13.15 - - [25/Sep/2022:10:25:44 -0700] "GET /index.php?sitemap329.xml HTTP/1.1" 200 295374 "-" "Mozilla/5.0 AppleWebKit/537.36 (KHTML, like Gecko; compatible; bingbot/2.0; +http://www.bing.com/bingbot.htm) Chrome/103.0.5060.134 Safari/537.36" "mantech8.com"
157.55.39.68 - - [25/Sep/2022:10:25:45 -0700] "GET /index.php?sitemap8948.xml HTTP/1.1" 200 260630 "-" "Mozilla/5.0 AppleWebKit/537.36 (KHTML, like Gecko; compatible; bingbot/2.0; +http://www.bing.com/bingbot.htm) Chrome/103.0.5060.134 Safari/537.36" "mantech8.com"
207.46.13.15 - - [25/Sep/2022:10:25:45 -0700] "GET /index.php?sitemap172.xml HTTP/1.1" 200 300678 "-" "Mozilla/5.0 (compatible; bingbot/2.0; +http://www.bing.com/bingbot.htm)" "mantech8.com"
207.46.13.15 - - [25/Sep/2022:10:25:46 -0700] "GET /index.php?sitemap6257.xml HTTP/1.1" 200 305342 "-" "Mozilla/5.0 (compatible; bingbot/2.0; +http://www.bing.com/bingbot.htm)" "mantech8.com"
207.46.13.15 - - [25/Sep/2022:10:25:47 -0700] "GET /index.php?sitemap13151.xml HTTP/1.1" 200 305710 "-" "Mozilla/5.0 (compatible; bingbot/2.0; +http://www.bing.com/bingbot.htm)" "mantech8.com"
207.46.13.15 - - [25/Sep/2022:10:25:48 -0700] "GET /index.php/sitemap7009.xml HTTP/1.1" 200 323926 "-" "Mozilla/5.0 (compatible; bingbot/2.0; +http://www.bing.com/bingbot.htm)" "mantech8.com"
207.46.13.15 - - [25/Sep/2022:10:25:49 -0700] "GET /index.php?sitemap18647.xml HTTP/1.1" 200 306630 "-" "Mozilla/5.0 (compatible; bingbot/2.0; +http://www.bing.com/bingbot.htm)" "mantech8.com"
185.191.171.23 - - [25/Sep/2022:10:25:50 -0700] "GET /?camp-fire%2F45541102.html HTTP/1.1" 500 - "-" "Mozilla/5.0 (compatible; SemrushBot/7~bl; +http://www.semrush.com/bot.html)" "mantech8.com"
207.46.13.15 - - [25/Sep/2022:10:25:50 -0700] "GET /index.php?sitemap467.xml HTTP/1.1" 200 267272 "-" "Mozilla/5.0 (compatible; bingbot/2.0; +http://www.bing.com/bingbot.htm)" "mantech8.com"
207.46.13.15 - - [25/Sep/2022:10:25:51 -0700] "GET /index.php/sitemap1840.xml HTTP/1.1" 200 247629 "-" "Mozilla/5.0 (compatible; bingbot/2.0; +http://www.bing.com/bingbot.htm)" "mantech8.com"
207.46.13.15 - - [25/Sep/2022:10:25:53 -0700] "GET /index.php?sitemap776.xml HTTP/1.1" 200 313950 "-" "Mozilla/5.0 AppleWebKit/537.36 (KHTML, like Gecko; compatible; bingbot/2.0; +http://www.bing.com/bingbot.htm) Chrome/103.0.5060.134 Safari/537.36" "mantech8.com"
157.55.39.68 - - [25/Sep/2022:10:25:53 -0700] "GET /index.php?sitemap9958.xml HTTP/1.1" 200 272958 "-" "Mozilla/5.0 AppleWebKit/537.36 (KHTML, like Gecko; compatible; bingbot/2.0; +http://www.bing.com/bingbot.htm) Chrome/103.0.5060.134 Safari/537.36" "mantech8.com"
207.46.13.15 - - [25/Sep/2022:10:25:54 -0700] "GET /index.php?sitemap6732.xml HTTP/1.1" 200 306262 "-" "Mozilla/5.0 (compatible; bingbot/2.0; +http://www.bing.com/bingbot.htm)" "mantech8.com"
207.46.13.15 - - [25/Sep/2022:10:25:55 -0700] "GET /index.php?sitemap9566.xml HTTP/1.1" 200 260078 "-" "Mozilla/5.0 (compatible; bingbot/2.0; +http://www.bing.com/bingbot.htm)" "mantech8.com"
207.46.13.15 - - [25/Sep/2022:10:25:55 -0700] "GET /index.php?sitemap7639.xml HTTP/1.1" 200 246265 "-" "Mozilla/5.0 (compatible; bingbot/2.0; +http://www.bing.com/bingbot.htm)" "mantech8.com"
207.46.13.15 - - [25/Sep/2022:10:25:56 -0700] "GET /index.php?sitemap483.xml HTTP/1.1" 200 247967 "-" "Mozilla/5.0 (compatible; bingbot/2.0; +http://www.bing.com/bingbot.htm)" "mantech8.com"
207.46.13.15 - - [25/Sep/2022:10:25:57 -0700] "GET /index.php?sitemap229.xml HTTP/1.1" 200 249396 "-" "Mozilla/5.0 (compatible; bingbot/2.0; +http://www.bing.com/bingbot.htm)" "mantech8.com"
207.46.13.104 - - [25/Sep/2022:10:26:01 -0700] "GET /index.php?sitemap53.xml HTTP/1.1" 200 243903 "-" "Mozilla/5.0 AppleWebKit/537.36 (KHTML, like Gecko; compatible; bingbot/2.0; +http://www.bing.com/bingbot.htm) Chrome/103.0.5060.134 Safari/537.36" "mantech8.com"
157.55.39.68 - - [25/Sep/2022:10:26:03 -0700] "GET /index.php?sitemap384.xml HTTP/1.1" 200 306941 "-" "Mozilla/5.0 (compatible; bingbot/2.0; +http://www.bing.com/bingbot.htm)" "mantech8.com"
157.55.39.68 - - [25/Sep/2022:10:26:04 -0700] "GET /index.php?sitemap464.xml HTTP/1.1" 200 255128 "-" "Mozilla/5.0 AppleWebKit/537.36 (KHTML, like Gecko; compatible; bingbot/2.0; +http://www.bing.com/bingbot.htm) Chrome/103.0.5060.134 Safari/537.36" "mantech8.com"
207.46.13.104 - - [25/Sep/2022:10:26:11 -0700] "GET /index.php/sitemap15.xml HTTP/1.1" 200 288907 "-" "Mozilla/5.0 (compatible; bingbot/2.0; +http://www.bing.com/bingbot.htm)" "mantech8.com"
185.191.171.22 - - [25/Sep/2022:10:26:17 -0700] "GET /?camp-fire%2F81070676.html HTTP/1.1" 500 - "-" "Mozilla/5.0 (compatible; SemrushBot/7~bl; +http://www.semrush.com/bot.html)" "mantech8.com"
185.191.171.21 - - [25/Sep/2022:10:26:35 -0700] "GET /?camp-fire%2F42235476.html HTTP/1.1" 500 - "-" "Mozilla/5.0 (compatible; SemrushBot/7~bl; +http://www.semrush.com/bot.html)" "mantech8.com"
207.46.13.145 - - [25/Sep/2022:10:26:40 -0700] "GET /index.php?sitemap698.xml HTTP/1.1" 200 250358 "-" "Mozilla/5.0 (compatible; bingbot/2.0; +http://www.bing.com/bingbot.htm)" "mantech8.com"
207.46.13.42 - - [25/Sep/2022:10:28:14 -0700] "GET /index.php?sitemap179.xml HTTP/1.1" 200 300862 "-" "Mozilla/5.0 AppleWebKit/537.36 (KHTML, like Gecko; compatible; bingbot/2.0; +http://www.bing.com/bingbot.htm) Chrome/103.0.5060.134 Safari/537.36" "mantech8.com"
185.191.171.4 - - [25/Sep/2022:10:28:19 -0700] "GET /?camp-fire%2F41052621.html HTTP/1.1" 500 - "-" "Mozilla/5.0 (compatible; SemrushBot/7~bl; +http://www.semrush.com/bot.html)" "mantech8.com"
207.46.13.145 - - [25/Sep/2022:10:28:21 -0700] "GET /index.php/sitemap30.xml HTTP/1.1" 200 326777 "-" "Mozilla/5.0 AppleWebKit/537.36 (KHTML, like Gecko; compatible; bingbot/2.0; +http://www.bing.com/bingbot.htm) Chrome/103.0.5060.134 Safari/537.36" "mantech8.com"
207.46.13.42 - - [25/Sep/2022:10:28:34 -0700] "GET /index.php/sitemap845.xml HTTP/1.1" 200 240446 "-" "Mozilla/5.0 (compatible; bingbot/2.0; +http://www.bing.com/bingbot.htm)" "mantech8.com"
207.46.13.15 - - [25/Sep/2022:10:28:40 -0700] "GET /index.php?sitemap685.xml HTTP/1.1" 200 336374 "-" "Mozilla/5.0 (compatible; bingbot/2.0; +http://www.bing.com/bingbot.htm)" "mantech8.com"
