185.191.171.43 - - [25/Sep/2022:03:25:21 -0700] "GET /?camp-fire%2F33118282.html HTTP/1.1" 500 - "-" "Mozilla/5.0 (compatible; SemrushBot/7~bl; +http://www.semrush.com/bot.html)" "mantech8.com"
185.191.171.5 - - [25/Sep/2022:03:25:25 -0700] "GET /?camp-fire%2F51122535.html HTTP/1.1" 500 - "-" "Mozilla/5.0 (compatible; SemrushBot/7~bl; +http://www.semrush.com/bot.html)" "mantech8.com"
207.46.13.145 - - [25/Sep/2022:03:26:01 -0700] "GET /index.php/sitemap751.xml HTTP/1.1" 200 285472 "-" "Mozilla/5.0 (compatible; bingbot/2.0; +http://www.bing.com/bingbot.htm)" "mantech8.com"
207.46.13.42 - - [25/Sep/2022:03:26:24 -0700] "GET /index.php/sitemap279.xml HTTP/1.1" 200 252364 "-" "Mozilla/5.0 (compatible; bingbot/2.0; +http://www.bing.com/bingbot.htm)" "mantech8.com"
207.46.13.42 - - [25/Sep/2022:03:26:25 -0700] "GET /index.php/sitemap47.xml HTTP/1.1" 200 303058 "-" "Mozilla/5.0 (compatible; bingbot/2.0; +http://www.bing.com/bingbot.htm)" "mantech8.com"
185.191.171.24 - - [25/Sep/2022:03:26:26 -0700] "GET /?camp-fire%2F42396150.html HTTP/1.1" 500 - "-" "Mozilla/5.0 (compatible; SemrushBot/7~bl; +http://www.semrush.com/bot.html)" "mantech8.com"
207.46.13.42 - - [25/Sep/2022:03:26:26 -0700] "GET /index.php?sitemap7057.xml HTTP/1.1" 200 263912 "-" "Mozilla/5.0 AppleWebKit/537.36 (KHTML, like Gecko; compatible; bingbot/2.0; +http://www.bing.com/bingbot.htm) Chrome/103.0.5060.134 Safari/537.36" "mantech8.com"
207.46.13.42 - - [25/Sep/2022:03:26:27 -0700] "GET /index.php?sitemap84.xml HTTP/1.1" 200 307465 "-" "Mozilla/5.0 AppleWebKit/537.36 (KHTML, like Gecko; compatible; bingbot/2.0; +http://www.bing.com/bingbot.htm) Chrome/103.0.5060.134 Safari/537.36" "mantech8.com"
157.55.39.68 - - [25/Sep/2022:03:26:44 -0700] "GET /?sitemap12592.xml HTTP/1.1" 200 302324 "-" "Mozilla/5.0 (compatible; bingbot/2.0; +http://www.bing.com/bingbot.htm)" "mantech8.com"
185.191.171.14 - - [25/Sep/2022:03:27:07 -0700] "GET /?camp-fire%2F77247277.html HTTP/1.1" 500 - "-" "Mozilla/5.0 (compatible; SemrushBot/7~bl; +http://www.semrush.com/bot.html)" "mantech8.com"
185.191.171.25 - - [25/Sep/2022:03:27:09 -0700] "GET /?camp-fire%2F33553725.html HTTP/1.1" 500 - "-" "Mozilla/5.0 (compatible; SemrushBot/7~bl; +http://www.semrush.com/bot.html)" "mantech8.com"
40.77.167.19 - - [25/Sep/2022:03:27:18 -0700] "GET /index.php?sitemap741.xml HTTP/1.1" 200 254958 "-" "Mozilla/5.0 (compatible; bingbot/2.0; +http://www.bing.com/bingbot.htm)" "mantech8.com"
207.46.13.145 - - [25/Sep/2022:03:27:40 -0700] "GET /index.php?sitemap42970.xml HTTP/1.1" 200 245726 "-" "Mozilla/5.0 (compatible; bingbot/2.0; +http://www.bing.com/bingbot.htm)" "mantech8.com"
207.46.13.42 - - [25/Sep/2022:03:28:04 -0700] "GET /index.php/sitemap4607.xml HTTP/1.1" 200 329468 "-" "Mozilla/5.0 (compatible; bingbot/2.0; +http://www.bing.com/bingbot.htm)" "mantech8.com"
185.191.171.43 - - [25/Sep/2022:03:28:31 -0700] "GET /?camp-fire%2F31891630.html HTTP/1.1" 500 - "-" "Mozilla/5.0 (compatible; SemrushBot/7~bl; +http://www.semrush.com/bot.html)" "mantech8.com"
207.46.13.42 - - [25/Sep/2022:03:28:44 -0700] "GET /index.php?sitemap6204.xml HTTP/1.1" 200 270078 "-" "Mozilla/5.0 (compatible; bingbot/2.0; +http://www.bing.com/bingbot.htm)" "mantech8.com"
185.191.171.22 - - [25/Sep/2022:03:29:05 -0700] "GET /robots.txt HTTP/1.1" 200 2442 "-" "Mozilla/5.0 (compatible; SemrushBot/7~bl; +http://www.semrush.com/bot.html)" "mantech8.com"
185.191.171.39 - - [25/Sep/2022:03:29:05 -0700] "GET /?camp-fire%2F27399597.html HTTP/1.1" 500 - "-" "Mozilla/5.0 (compatible; SemrushBot/7~bl; +http://www.semrush.com/bot.html)" "mantech8.com"
207.46.13.104 - - [25/Sep/2022:03:29:21 -0700] "GET /index.php/sitemap10.xml HTTP/1.1" 200 324917 "-" "Mozilla/5.0 (compatible; bingbot/2.0; +http://www.bing.com/bingbot.htm)" "mantech8.com"
207.46.13.145 - - [25/Sep/2022:03:30:01 -0700] "GET /index.php/sitemap5610.xml HTTP/1.1" 200 249085 "-" "Mozilla/5.0 (compatible; bingbot/2.0; +http://www.bing.com/bingbot.htm)" "mantech8.com"
114.119.133.165 - - [25/Sep/2022:03:30:44 -0700] "GET /index.php/sitemap92.xml HTTP/1.1" 200 275313 "-" "Mozilla/5.0 (Linux; Android 7.0;) AppleWebKit/537.36 (KHTML, like Gecko) Mobile Safari/537.36 (compatible; PetalBot;+https://webmaster.petalsearch.com/site/petalbot)" "mantech8.com"
185.191.171.19 - - [25/Sep/2022:03:31:17 -0700] "GET /?camp-fire%2F3341800.html HTTP/1.1" 500 - "-" "Mozilla/5.0 (compatible; SemrushBot/7~bl; +http://www.semrush.com/bot.html)" "mantech8.com"
185.191.171.23 - - [25/Sep/2022:03:31:30 -0700] "GET /?camp-fire%2F98008351.html HTTP/1.1" 500 - "-" "Mozilla/5.0 (compatible; SemrushBot/7~bl; +http://www.semrush.com/bot.html)" "mantech8.com"
185.191.171.17 - - [25/Sep/2022:03:31:44 -0700] "GET /?camp-fire%2F40258888.html HTTP/1.1" 500 - "-" "Mozilla/5.0 (compatible; SemrushBot/7~bl; +http://www.semrush.com/bot.html)" "mantech8.com"
185.191.171.17 - - [25/Sep/2022:03:32:18 -0700] "GET /?camp-fire%2F46762468.html HTTP/1.1" 500 - "-" "Mozilla/5.0 (compatible; SemrushBot/7~bl; +http://www.semrush.com/bot.html)" "mantech8.com"
207.46.13.145 - - [25/Sep/2022:03:32:21 -0700] "GET /index.php/sitemap52719.xml HTTP/1.1" 200 244317 "-" "Mozilla/5.0 (compatible; bingbot/2.0; +http://www.bing.com/bingbot.htm)" "mantech8.com"
185.191.171.24 - - [25/Sep/2022:03:32:38 -0700] "GET /?camp-fire%2F10191790.html HTTP/1.1" 500 - "-" "Mozilla/5.0 (compatible; SemrushBot/7~bl; +http://www.semrush.com/bot.html)" "mantech8.com"
185.191.171.42 - - [25/Sep/2022:03:32:48 -0700] "GET /?camp-fire%2F20282532.html HTTP/1.1" 500 - "-" "Mozilla/5.0 (compatible; SemrushBot/7~bl; +http://www.semrush.com/bot.html)" "mantech8.com"
40.77.167.19 - - [25/Sep/2022:03:32:59 -0700] "GET /index.php?sitemap24219.xml HTTP/1.1" 200 327974 "-" "Mozilla/5.0 (compatible; bingbot/2.0; +http://www.bing.com/bingbot.htm)" "mantech8.com"
207.46.13.15 - - [25/Sep/2022:03:33:04 -0700] "GET /?leiye.xml HTTP/1.1" 200 254259 "-" "Mozilla/5.0 (compatible; bingbot/2.0; +http://www.bing.com/bingbot.htm)" "mantech8.com"
185.191.171.42 - - [25/Sep/2022:03:33:39 -0700] "GET /?camp-fire%2F41803903.html HTTP/1.1" 500 - "-" "Mozilla/5.0 (compatible; SemrushBot/7~bl; +http://www.semrush.com/bot.html)" "mantech8.com"
185.191.171.34 - - [25/Sep/2022:03:33:47 -0700] "GET /?camp-fire%2F28786226.html HTTP/1.1" 500 - "-" "Mozilla/5.0 (compatible; SemrushBot/7~bl; +http://www.semrush.com/bot.html)" "mantech8.com"
185.191.171.22 - - [25/Sep/2022:03:33:49 -0700] "GET /?camp-fire%2F32130930.html HTTP/1.1" 500 - "-" "Mozilla/5.0 (compatible; SemrushBot/7~bl; +http://www.semrush.com/bot.html)" "mantech8.com"
185.191.171.25 - - [25/Sep/2022:03:33:55 -0700] "GET /?camp-fire%2F34150359.html HTTP/1.1" 500 - "-" "Mozilla/5.0 (compatible; SemrushBot/7~bl; +http://www.semrush.com/bot.html)" "mantech8.com"
185.191.171.22 - - [25/Sep/2022:03:34:11 -0700] "GET /?camp-fire%2F14524424.html HTTP/1.1" 500 - "-" "Mozilla/5.0 (compatible; SemrushBot/7~bl; +http://www.semrush.com/bot.html)" "mantech8.com"
207.46.13.42 - - [25/Sep/2022:03:34:25 -0700] "GET /index.php/sitemap21586.xml HTTP/1.1" 200 301110 "-" "Mozilla/5.0 (compatible; bingbot/2.0; +http://www.bing.com/bingbot.htm)" "mantech8.com"
207.46.13.104 - - [25/Sep/2022:03:35:01 -0700] "GET /index.php/sitemap11227.xml HTTP/1.1" 200 276270 "-" "Mozilla/5.0 (compatible; bingbot/2.0; +http://www.bing.com/bingbot.htm)" "mantech8.com"
185.191.171.20 - - [25/Sep/2022:03:35:27 -0700] "GET /?camp-fire%2F26830121.html HTTP/1.1" 500 - "-" "Mozilla/5.0 (compatible; SemrushBot/7~bl; +http://www.semrush.com/bot.html)" "mantech8.com"
207.46.13.15 - - [25/Sep/2022:03:35:41 -0700] "GET /?psammo.xml HTTP/1.1" 200 250616 "-" "Mozilla/5.0 (compatible; bingbot/2.0; +http://www.bing.com/bingbot.htm)" "mantech8.com"
207.46.13.104 - - [25/Sep/2022:03:36:03 -0700] "GET /index.php?sitemap53.xml HTTP/1.1" 200 296446 "-" "Mozilla/5.0 (compatible; bingbot/2.0; +http://www.bing.com/bingbot.htm)" "mantech8.com"
207.46.13.42 - - [25/Sep/2022:03:36:07 -0700] "GET /index.php?fine-tune.xml HTTP/1.1" 200 246111 "-" "Mozilla/5.0 (compatible; bingbot/2.0; +http://www.bing.com/bingbot.htm)" "mantech8.com"
207.46.13.42 - - [25/Sep/2022:03:36:35 -0700] "GET /index.php/sitemap3025.xml HTTP/1.1" 200 346419 "-" "Mozilla/5.0 (compatible; bingbot/2.0; +http://www.bing.com/bingbot.htm)" "mantech8.com"
185.191.171.9 - - [25/Sep/2022:03:36:37 -0700] "GET /?camp-fire%2F1919251.html HTTP/1.1" 500 - "-" "Mozilla/5.0 (compatible; SemrushBot/7~bl; +http://www.semrush.com/bot.html)" "mantech8.com"
207.46.13.104 - - [25/Sep/2022:03:36:43 -0700] "GET /index.php/sitemap1751.xml HTTP/1.1" 200 265488 "-" "Mozilla/5.0 (compatible; bingbot/2.0; +http://www.bing.com/bingbot.htm)" "mantech8.com"
216.244.66.241 - - [25/Sep/2022:03:37:02 -0700] "GET /robots.txt HTTP/1.1" 200 26464 "-" "Mozilla/5.0 (compatible; DotBot/1.2; +https://opensiteexplorer.org/dotbot; help@moz.com)" "www.mantech8.com"
216.244.66.241 - - [25/Sep/2022:03:37:02 -0700] "GET /robots.txt HTTP/1.1" 200 26464 "-" "Mozilla/5.0 (compatible; DotBot/1.2; +https://opensiteexplorer.org/dotbot; help@moz.com)" "mantech8.com"
185.191.171.37 - - [25/Sep/2022:03:37:10 -0700] "GET /?camp-fire%2F82127890.html HTTP/1.1" 500 - "-" "Mozilla/5.0 (compatible; SemrushBot/7~bl; +http://www.semrush.com/bot.html)" "mantech8.com"
40.77.167.19 - - [25/Sep/2022:03:37:19 -0700] "GET /index.php/sitemap548.xml HTTP/1.1" 200 240609 "-" "Mozilla/5.0 (compatible; bingbot/2.0; +http://www.bing.com/bingbot.htm)" "mantech8.com"
185.191.171.14 - - [25/Sep/2022:03:37:33 -0700] "GET /?camp-fire%2F37644155.html HTTP/1.1" 500 - "-" "Mozilla/5.0 (compatible; SemrushBot/7~bl; +http://www.semrush.com/bot.html)" "mantech8.com"
207.46.13.145 - - [25/Sep/2022:03:38:02 -0700] "GET /index.php?sitemap1332.xml HTTP/1.1" 200 313594 "-" "Mozilla/5.0 (compatible; bingbot/2.0; +http://www.bing.com/bingbot.htm)" "mantech8.com"
185.191.171.6 - - [25/Sep/2022:03:38:18 -0700] "GET /?camp-fire%2F26162882.html HTTP/1.1" 500 - "-" "Mozilla/5.0 (compatible; SemrushBot/7~bl; +http://www.semrush.com/bot.html)" "mantech8.com"
185.191.171.19 - - [25/Sep/2022:03:38:32 -0700] "GET /?camp-fire%2F28299163.html HTTP/1.1" 500 - "-" "Mozilla/5.0 (compatible; SemrushBot/7~bl; +http://www.semrush.com/bot.html)" "mantech8.com"
185.191.171.21 - - [25/Sep/2022:03:38:35 -0700] "GET /?camp-fire%2F19257132.html HTTP/1.1" 500 - "-" "Mozilla/5.0 (compatible; SemrushBot/7~bl; +http://www.semrush.com/bot.html)" "mantech8.com"
185.191.171.10 - - [25/Sep/2022:03:38:40 -0700] "GET /?camp-fire%2F30593541.html HTTP/1.1" 500 - "-" "Mozilla/5.0 (compatible; SemrushBot/7~bl; +http://www.semrush.com/bot.html)" "mantech8.com"
207.46.13.15 - - [25/Sep/2022:03:38:41 -0700] "GET /index.php/sitemap630.xml HTTP/1.1" 200 246332 "-" "Mozilla/5.0 (compatible; bingbot/2.0; +http://www.bing.com/bingbot.htm)" "mantech8.com"
157.55.39.68 - - [25/Sep/2022:03:39:04 -0700] "GET /index.php/sitemap35088.xml HTTP/1.1" 200 321772 "-" "Mozilla/5.0 (compatible; bingbot/2.0; +http://www.bing.com/bingbot.htm)" "mantech8.com"
185.191.171.12 - - [25/Sep/2022:03:40:10 -0700] "GET /?camp-fire%2F27969726.html HTTP/1.1" 500 - "-" "Mozilla/5.0 (compatible; SemrushBot/7~bl; +http://www.semrush.com/bot.html)" "mantech8.com"
207.46.13.104 - - [25/Sep/2022:03:40:43 -0700] "GET /index.php/sitemap4022.xml HTTP/1.1" 200 253392 "-" "Mozilla/5.0 (compatible; bingbot/2.0; +http://www.bing.com/bingbot.htm)" "mantech8.com"
207.46.13.104 - - [25/Sep/2022:03:40:53 -0700] "GET /index.php?sitemap8394.xml HTTP/1.1" 200 289334 "-" "Mozilla/5.0 (compatible; bingbot/2.0; +http://www.bing.com/bingbot.htm)" "mantech8.com"
207.46.13.145 - - [25/Sep/2022:03:41:01 -0700] "GET /index.php?scillism.xml HTTP/1.1" 200 323808 "-" "Mozilla/5.0 AppleWebKit/537.36 (KHTML, like Gecko; compatible; bingbot/2.0; +http://www.bing.com/bingbot.htm) Chrome/103.0.5060.134 Safari/537.36" "mantech8.com"
185.191.171.40 - - [25/Sep/2022:03:41:03 -0700] "GET /?camp-fire%2F64923209.html HTTP/1.1" 500 - "-" "Mozilla/5.0 (compatible; SemrushBot/7~bl; +http://www.semrush.com/bot.html)" "mantech8.com"
185.191.171.21 - - [25/Sep/2022:03:41:48 -0700] "GET /?camp-fire%2F35723738.html HTTP/1.1" 500 - "-" "Mozilla/5.0 (compatible; SemrushBot/7~bl; +http://www.semrush.com/bot.html)" "mantech8.com"
185.191.171.16 - - [25/Sep/2022:03:42:06 -0700] "GET /?camp-fire%2F28630189.html HTTP/1.1" 500 - "-" "Mozilla/5.0 (compatible; SemrushBot/7~bl; +http://www.semrush.com/bot.html)" "mantech8.com"
185.191.171.5 - - [25/Sep/2022:03:42:47 -0700] "GET /?camp-fire%2F17584600.html HTTP/1.1" 500 - "-" "Mozilla/5.0 (compatible; SemrushBot/7~bl; +http://www.semrush.com/bot.html)" "mantech8.com"
40.77.167.19 - - [25/Sep/2022:03:42:49 -0700] "GET /?umbilic.xml HTTP/1.1" 200 254591 "-" "Mozilla/5.0 AppleWebKit/537.36 (KHTML, like Gecko; compatible; bingbot/2.0; +http://www.bing.com/bingbot.htm) Chrome/103.0.5060.134 Safari/537.36" "mantech8.com"
157.55.39.68 - - [25/Sep/2022:03:42:55 -0700] "GET /sitemap4.xml HTTP/1.1" 404 88 "-" "Mozilla/5.0 (compatible; bingbot/2.0; +http://www.bing.com/bingbot.htm)" "mantech8.com"
207.46.13.145 - - [25/Sep/2022:03:43:02 -0700] "GET /curlyhead.xml HTTP/1.1" 404 88 "-" "Mozilla/5.0 AppleWebKit/537.36 (KHTML, like Gecko; compatible; bingbot/2.0; +http://www.bing.com/bingbot.htm) Chrome/103.0.5060.134 Safari/537.36" "mantech8.com"
207.46.13.104 - - [25/Sep/2022:03:43:23 -0700] "GET /index.php/mekonium.xml HTTP/1.1" 200 345677 "-" "Mozilla/5.0 (compatible; bingbot/2.0; +http://www.bing.com/bingbot.htm)" "mantech8.com"
207.46.13.104 - - [25/Sep/2022:03:43:24 -0700] "GET /index.php?sitemap5655.xml HTTP/1.1" 200 249818 "-" "Mozilla/5.0 (compatible; bingbot/2.0; +http://www.bing.com/bingbot.htm)" "mantech8.com"
185.191.171.23 - - [25/Sep/2022:03:43:33 -0700] "GET /?camp-fire%2F30143666.html HTTP/1.1" 500 - "-" "Mozilla/5.0 (compatible; SemrushBot/7~bl; +http://www.semrush.com/bot.html)" "mantech8.com"
185.191.171.5 - - [25/Sep/2022:03:43:41 -0700] "GET /?camp-fire%2F21302235.html HTTP/1.1" 500 - "-" "Mozilla/5.0 (compatible; SemrushBot/7~bl; +http://www.semrush.com/bot.html)" "mantech8.com"
207.46.13.145 - - [25/Sep/2022:03:43:42 -0700] "GET /sitemap1.xml HTTP/1.1" 404 88 "-" "Mozilla/5.0 (compatible; bingbot/2.0; +http://www.bing.com/bingbot.htm)" "mantech8.com"
207.46.13.104 - - [25/Sep/2022:03:43:46 -0700] "GET /?sitemap6739.xml HTTP/1.1" 200 261593 "-" "Mozilla/5.0 (compatible; bingbot/2.0; +http://www.bing.com/bingbot.htm)" "mantech8.com"
185.191.171.35 - - [25/Sep/2022:03:43:49 -0700] "GET /?camp-fire%2F28842066.html HTTP/1.1" 500 - "-" "Mozilla/5.0 (compatible; SemrushBot/7~bl; +http://www.semrush.com/bot.html)" "mantech8.com"
207.46.13.42 - - [25/Sep/2022:03:43:56 -0700] "GET /limunu.xml HTTP/1.1" 404 88 "-" "Mozilla/5.0 (compatible; bingbot/2.0; +http://www.bing.com/bingbot.htm)" "mantech8.com"
40.77.167.19 - - [25/Sep/2022:03:44:01 -0700] "GET /sitemap9.xml HTTP/1.1" 404 88 "-" "Mozilla/5.0 (compatible; bingbot/2.0; +http://www.bing.com/bingbot.htm)" "mantech8.com"
157.55.39.68 - - [25/Sep/2022:03:44:06 -0700] "GET /index.php?/mailto:chin.chin.hachiouji@gmail.com HTTP/1.1" 200 35757 "-" "Mozilla/5.0 (compatible; bingbot/2.0; +http://www.bing.com/bingbot.htm)" "mantech8.com"
185.191.171.43 - - [25/Sep/2022:03:44:10 -0700] "GET /?camp-fire%2F61601093.html HTTP/1.1" 500 - "-" "Mozilla/5.0 (compatible; SemrushBot/7~bl; +http://www.semrush.com/bot.html)" "mantech8.com"
207.46.13.145 - - [25/Sep/2022:03:44:13 -0700] "GET /sitemap2882.xml HTTP/1.1" 404 88 "-" "Mozilla/5.0 (compatible; bingbot/2.0; +http://www.bing.com/bingbot.htm)" "mantech8.com"
207.46.13.145 - - [25/Sep/2022:03:44:12 -0700] "GET /sitemap1404.xml HTTP/1.1" 404 88 "-" "Mozilla/5.0 (compatible; bingbot/2.0; +http://www.bing.com/bingbot.htm)" "mantech8.com"
40.77.167.19 - - [25/Sep/2022:03:44:30 -0700] "GET /sitemap26.xml HTTP/1.1" 404 88 "-" "Mozilla/5.0 (compatible; bingbot/2.0; +http://www.bing.com/bingbot.htm)" "mantech8.com"
207.46.13.104 - - [25/Sep/2022:03:44:33 -0700] "GET /exorcise.xml HTTP/1.1" 404 88 "-" "Mozilla/5.0 AppleWebKit/537.36 (KHTML, like Gecko; compatible; bingbot/2.0; +http://www.bing.com/bingbot.htm) Chrome/103.0.5060.134 Safari/537.36" "mantech8.com"
207.46.13.145 - - [25/Sep/2022:03:44:34 -0700] "GET /sitemap876.xml HTTP/1.1" 404 88 "-" "Mozilla/5.0 (compatible; bingbot/2.0; +http://www.bing.com/bingbot.htm)" "mantech8.com"
40.77.167.19 - - [25/Sep/2022:03:44:40 -0700] "GET /sitemap9852.xml HTTP/1.1" 404 88 "-" "Mozilla/5.0 (compatible; bingbot/2.0; +http://www.bing.com/bingbot.htm)" "mantech8.com"
207.46.13.104 - - [25/Sep/2022:03:44:45 -0700] "GET /benfica.xml HTTP/1.1" 404 88 "-" "Mozilla/5.0 (compatible; bingbot/2.0; +http://www.bing.com/bingbot.htm)" "mantech8.com"
207.46.13.42 - - [25/Sep/2022:03:44:50 -0700] "GET /biters.xml HTTP/1.1" 404 88 "-" "Mozilla/5.0 (compatible; bingbot/2.0; +http://www.bing.com/bingbot.htm)" "mantech8.com"
40.77.167.19 - - [25/Sep/2022:03:44:55 -0700] "GET /sitemap6.xml HTTP/1.1" 404 88 "-" "Mozilla/5.0 (compatible; bingbot/2.0; +http://www.bing.com/bingbot.htm)" "mantech8.com"
185.191.171.36 - - [25/Sep/2022:03:44:56 -0700] "GET /?camp-fire%2F26160376.html HTTP/1.1" 500 - "-" "Mozilla/5.0 (compatible; SemrushBot/7~bl; +http://www.semrush.com/bot.html)" "mantech8.com"
207.46.13.15 - - [25/Sep/2022:03:45:02 -0700] "GET /?fine-tune.xml HTTP/1.1" 200 303235 "-" "Mozilla/5.0 (compatible; bingbot/2.0; +http://www.bing.com/bingbot.htm)" "mantech8.com"
185.191.171.41 - - [25/Sep/2022:03:45:03 -0700] "GET /?camp-fire%2F39823235.html HTTP/1.1" 500 - "-" "Mozilla/5.0 (compatible; SemrushBot/7~bl; +http://www.semrush.com/bot.html)" "mantech8.com"
157.55.39.68 - - [25/Sep/2022:03:45:06 -0700] "GET /index.php/sitemap6691.xml HTTP/1.1" 200 255776 "-" "Mozilla/5.0 (compatible; bingbot/2.0; +http://www.bing.com/bingbot.htm)" "mantech8.com"
185.191.171.4 - - [25/Sep/2022:03:45:10 -0700] "GET /?camp-fire%2F45179216.html HTTP/1.1" 500 - "-" "Mozilla/5.0 (compatible; SemrushBot/7~bl; +http://www.semrush.com/bot.html)" "mantech8.com"
185.191.171.17 - - [25/Sep/2022:03:47:21 -0700] "GET /?camp-fire%2F26018732.html HTTP/1.1" 500 - "-" "Mozilla/5.0 (compatible; SemrushBot/7~bl; +http://www.semrush.com/bot.html)" "mantech8.com"
185.191.171.1 - - [25/Sep/2022:03:47:25 -0700] "GET /?camp-fire%2F10166200.html HTTP/1.1" 500 - "-" "Mozilla/5.0 (compatible; SemrushBot/7~bl; +http://www.semrush.com/bot.html)" "mantech8.com"
114.119.133.182 - - [25/Sep/2022:03:47:32 -0700] "GET /?kujienavaca.xml HTTP/1.1" 200 324955 "-" "Mozilla/5.0 (compatible;PetalBot;+https://webmaster.petalsearch.com/site/petalbot)" "mantech8.com"
207.46.13.145 - - [25/Sep/2022:03:47:43 -0700] "GET /?sitemap1.xml HTTP/1.1" 200 287597 "-" "Mozilla/5.0 (compatible; bingbot/2.0; +http://www.bing.com/bingbot.htm)" "mantech8.com"
157.55.39.68 - - [25/Sep/2022:03:47:47 -0700] "GET /index.php?sitemap10739.xml HTTP/1.1" 200 264126 "-" "Mozilla/5.0 AppleWebKit/537.36 (KHTML, like Gecko; compatible; bingbot/2.0; +http://www.bing.com/bingbot.htm) Chrome/103.0.5060.134 Safari/537.36" "mantech8.com"
185.191.171.24 - - [25/Sep/2022:03:47:52 -0700] "GET /?camp-fire%2F61602193.html HTTP/1.1" 500 - "-" "Mozilla/5.0 (compatible; SemrushBot/7~bl; +http://www.semrush.com/bot.html)" "mantech8.com"
207.46.13.15 - - [25/Sep/2022:03:48:02 -0700] "GET /index.php?sitemap17157.xml HTTP/1.1" 200 238734 "-" "Mozilla/5.0 (compatible; bingbot/2.0; +http://www.bing.com/bingbot.htm)" "mantech8.com"
207.46.13.15 - - [25/Sep/2022:03:48:03 -0700] "GET /?unpower.xml HTTP/1.1" 200 297513 "-" "Mozilla/5.0 (compatible; bingbot/2.0; +http://www.bing.com/bingbot.htm)" "mantech8.com"
207.46.13.104 - - [25/Sep/2022:03:48:43 -0700] "GET /index.php/sitemap298.xml HTTP/1.1" 200 330652 "-" "Mozilla/5.0 (compatible; bingbot/2.0; +http://www.bing.com/bingbot.htm)" "mantech8.com"
207.46.13.104 - - [25/Sep/2022:03:48:45 -0700] "GET /index.php?sitemap8484.xml HTTP/1.1" 200 264862 "-" "Mozilla/5.0 (compatible; bingbot/2.0; +http://www.bing.com/bingbot.htm)" "mantech8.com"
185.191.171.42 - - [25/Sep/2022:03:48:54 -0700] "GET /?camp-fire%2F62478706.html HTTP/1.1" 500 - "-" "Mozilla/5.0 (compatible; SemrushBot/7~bl; +http://www.semrush.com/bot.html)" "mantech8.com"
185.191.171.9 - - [25/Sep/2022:03:49:20 -0700] "GET /?camp-fire%2F42123934.html HTTP/1.1" 500 - "-" "Mozilla/5.0 (compatible; SemrushBot/7~bl; +http://www.semrush.com/bot.html)" "mantech8.com"
40.77.167.19 - - [25/Sep/2022:03:49:41 -0700] "GET /index.php/sitemap2946.xml HTTP/1.1" 200 305590 "-" "Mozilla/5.0 (compatible; bingbot/2.0; +http://www.bing.com/bingbot.htm)" "mantech8.com"
40.77.167.19 - - [25/Sep/2022:03:49:41 -0700] "GET /index.php?sitemap732.xml HTTP/1.1" 200 248150 "-" "Mozilla/5.0 (compatible; bingbot/2.0; +http://www.bing.com/bingbot.htm)" "mantech8.com"
207.46.13.15 - - [25/Sep/2022:03:50:02 -0700] "GET /index.php/sitemap53234.xml HTTP/1.1" 200 290338 "-" "Mozilla/5.0 (compatible; bingbot/2.0; +http://www.bing.com/bingbot.htm)" "mantech8.com"
207.46.13.104 - - [25/Sep/2022:03:50:07 -0700] "GET /index.php/sitemap782.xml HTTP/1.1" 200 271678 "-" "Mozilla/5.0 (compatible; bingbot/2.0; +http://www.bing.com/bingbot.htm)" "mantech8.com"
185.191.171.18 - - [25/Sep/2022:03:50:08 -0700] "GET /?camp-fire%2F28230176.html HTTP/1.1" 500 - "-" "Mozilla/5.0 (compatible; SemrushBot/7~bl; +http://www.semrush.com/bot.html)" "mantech8.com"
185.191.171.1 - - [25/Sep/2022:03:50:13 -0700] "GET /?camp-fire%2F2407493.html HTTP/1.1" 500 - "-" "Mozilla/5.0 (compatible; SemrushBot/7~bl; +http://www.semrush.com/bot.html)" "mantech8.com"
207.46.13.15 - - [25/Sep/2022:03:50:43 -0700] "GET /index.php/sitemap573.xml HTTP/1.1" 200 238962 "-" "Mozilla/5.0 (compatible; bingbot/2.0; +http://www.bing.com/bingbot.htm)" "mantech8.com"
185.191.171.23 - - [25/Sep/2022:03:51:12 -0700] "GET /?camp-fire%2F62476272.html HTTP/1.1" 500 - "-" "Mozilla/5.0 (compatible; SemrushBot/7~bl; +http://www.semrush.com/bot.html)" "mantech8.com"
185.191.171.16 - - [25/Sep/2022:03:51:14 -0700] "GET /?camp-fire%2F44938572.html HTTP/1.1" 500 - "-" "Mozilla/5.0 (compatible; SemrushBot/7~bl; +http://www.semrush.com/bot.html)" "mantech8.com"
185.191.171.11 - - [25/Sep/2022:03:51:16 -0700] "GET /?camp-fire%2F21628417.html HTTP/1.1" 500 - "-" "Mozilla/5.0 (compatible; SemrushBot/7~bl; +http://www.semrush.com/bot.html)" "mantech8.com"
185.191.171.17 - - [25/Sep/2022:03:51:31 -0700] "GET /?camp-fire%2F33061030.html HTTP/1.1" 500 - "-" "Mozilla/5.0 (compatible; SemrushBot/7~bl; +http://www.semrush.com/bot.html)" "mantech8.com"
185.191.171.35 - - [25/Sep/2022:03:51:42 -0700] "GET /?camp-fire%2F41415171.html HTTP/1.1" 500 - "-" "Mozilla/5.0 (compatible; SemrushBot/7~bl; +http://www.semrush.com/bot.html)" "mantech8.com"
207.46.13.42 - - [25/Sep/2022:03:51:46 -0700] "GET /index.php/sitemap7356.xml HTTP/1.1" 200 302214 "-" "Mozilla/5.0 (compatible; bingbot/2.0; +http://www.bing.com/bingbot.htm)" "mantech8.com"
207.46.13.145 - - [25/Sep/2022:03:52:43 -0700] "GET /index.php/sitemap199.xml HTTP/1.1" 200 285264 "-" "Mozilla/5.0 AppleWebKit/537.36 (KHTML, like Gecko; compatible; bingbot/2.0; +http://www.bing.com/bingbot.htm) Chrome/103.0.5060.134 Safari/537.36" "mantech8.com"
185.191.171.23 - - [25/Sep/2022:03:53:02 -0700] "GET /?camp-fire%2F48402771.html HTTP/1.1" 500 - "-" "Mozilla/5.0 (compatible; SemrushBot/7~bl; +http://www.semrush.com/bot.html)" "mantech8.com"
114.119.133.166 - - [25/Sep/2022:03:53:07 -0700] "GET /index.php/sitemap2865.xml HTTP/1.1" 200 275249 "-" "Mozilla/5.0 (compatible;PetalBot;+https://webmaster.petalsearch.com/site/petalbot)" "mantech8.com"
207.46.13.15 - - [25/Sep/2022:03:53:22 -0700] "GET /index.php/sitemap1840.xml HTTP/1.1" 200 305939 "-" "Mozilla/5.0 (compatible; bingbot/2.0; +http://www.bing.com/bingbot.htm)" "mantech8.com"
40.77.167.19 - - [25/Sep/2022:03:53:40 -0700] "GET /index.php?sitemap778.xml HTTP/1.1" 200 303831 "-" "Mozilla/5.0 (compatible; bingbot/2.0; +http://www.bing.com/bingbot.htm)" "mantech8.com"
207.46.13.145 - - [25/Sep/2022:03:53:45 -0700] "GET /?sitemap659.xml HTTP/1.1" 200 289064 "-" "Mozilla/5.0 (compatible; bingbot/2.0; +http://www.bing.com/bingbot.htm)" "mantech8.com"
157.55.39.68 - - [25/Sep/2022:03:54:07 -0700] "GET /index.php/infuriates.xml HTTP/1.1" 200 307485 "-" "Mozilla/5.0 (compatible; bingbot/2.0; +http://www.bing.com/bingbot.htm)" "mantech8.com"
157.55.39.68 - - [25/Sep/2022:03:54:17 -0700] "GET /index.php?sitemap9894.xml HTTP/1.1" 200 347294 "-" "Mozilla/5.0 (compatible; bingbot/2.0; +http://www.bing.com/bingbot.htm)" "mantech8.com"
185.191.171.1 - - [25/Sep/2022:03:54:41 -0700] "GET /?camp-fire%2F42138934.html HTTP/1.1" 500 - "-" "Mozilla/5.0 (compatible; SemrushBot/7~bl; +http://www.semrush.com/bot.html)" "mantech8.com"
185.191.171.1 - - [25/Sep/2022:03:54:59 -0700] "GET /?camp-fire%2F1514553.html HTTP/1.1" 500 - "-" "Mozilla/5.0 (compatible; SemrushBot/7~bl; +http://www.semrush.com/bot.html)" "mantech8.com"
185.191.171.4 - - [25/Sep/2022:03:55:19 -0700] "GET /?camp-fire%2F28898271.html HTTP/1.1" 500 - "-" "Mozilla/5.0 (compatible; SemrushBot/7~bl; +http://www.semrush.com/bot.html)" "mantech8.com"
207.46.13.42 - - [25/Sep/2022:03:55:27 -0700] "GET /index.php?sitemap748.xml HTTP/1.1" 200 307336 "-" "Mozilla/5.0 (compatible; bingbot/2.0; +http://www.bing.com/bingbot.htm)" "mantech8.com"
185.191.171.9 - - [25/Sep/2022:03:55:42 -0700] "GET /?camp-fire%2F27253969.html HTTP/1.1" 500 - "-" "Mozilla/5.0 (compatible; SemrushBot/7~bl; +http://www.semrush.com/bot.html)" "mantech8.com"
185.191.171.42 - - [25/Sep/2022:03:55:44 -0700] "GET /?camp-fire%2F58468472.html HTTP/1.1" 500 - "-" "Mozilla/5.0 (compatible; SemrushBot/7~bl; +http://www.semrush.com/bot.html)" "mantech8.com"
185.191.171.6 - - [25/Sep/2022:03:56:00 -0700] "GET /?camp-fire%2F7266680.html HTTP/1.1" 500 - "-" "Mozilla/5.0 (compatible; SemrushBot/7~bl; +http://www.semrush.com/bot.html)" "mantech8.com"
207.46.13.42 - - [25/Sep/2022:03:56:57 -0700] "GET /?venatically.xml HTTP/1.1" 200 309494 "-" "Mozilla/5.0 (compatible; bingbot/2.0; +http://www.bing.com/bingbot.htm)" "mantech8.com"
185.191.171.23 - - [25/Sep/2022:03:57:43 -0700] "GET /?camp-fire%2F47655660.html HTTP/1.1" 500 - "-" "Mozilla/5.0 (compatible; SemrushBot/7~bl; +http://www.semrush.com/bot.html)" "mantech8.com"
185.191.171.38 - - [25/Sep/2022:03:58:09 -0700] "GET /?camp-fire%2F32739368.html HTTP/1.1" 500 - "-" "Mozilla/5.0 (compatible; SemrushBot/7~bl; +http://www.semrush.com/bot.html)" "mantech8.com"
185.191.171.12 - - [25/Sep/2022:03:58:21 -0700] "GET /?camp-fire%2F28833266.html HTTP/1.1" 500 - "-" "Mozilla/5.0 (compatible; SemrushBot/7~bl; +http://www.semrush.com/bot.html)" "mantech8.com"
185.191.171.9 - - [25/Sep/2022:03:58:26 -0700] "GET /?camp-fire%2F27319597.html HTTP/1.1" 500 - "-" "Mozilla/5.0 (compatible; SemrushBot/7~bl; +http://www.semrush.com/bot.html)" "mantech8.com"
114.119.133.190 - - [25/Sep/2022:03:58:44 -0700] "GET /nieying.xml HTTP/1.1" 404 88 "-" "Mozilla/5.0 (compatible;PetalBot;+https://webmaster.petalsearch.com/site/petalbot)" "mantech8.com"
157.55.39.68 - - [25/Sep/2022:03:59:07 -0700] "GET /index.php?sitemap3325.xml HTTP/1.1" 200 276736 "-" "Mozilla/5.0 (compatible; bingbot/2.0; +http://www.bing.com/bingbot.htm)" "mantech8.com"
185.191.171.2 - - [25/Sep/2022:03:59:21 -0700] "GET /?camp-fire%2F15394256.html HTTP/1.1" 500 - "-" "Mozilla/5.0 (compatible; SemrushBot/7~bl; +http://www.semrush.com/bot.html)" "mantech8.com"
185.191.171.21 - - [25/Sep/2022:03:59:41 -0700] "GET /?camp-fire%2F39892176.html HTTP/1.1" 500 - "-" "Mozilla/5.0 (compatible; SemrushBot/7~bl; +http://www.semrush.com/bot.html)" "mantech8.com"
207.46.13.15 - - [25/Sep/2022:03:59:43 -0700] "GET /index.php/exorcise.xml HTTP/1.1" 200 338528 "-" "Mozilla/5.0 (compatible; bingbot/2.0; +http://www.bing.com/bingbot.htm)" "mantech8.com"
185.191.171.34 - - [25/Sep/2022:03:59:52 -0700] "GET /?camp-fire%2F40332035.html HTTP/1.1" 500 - "-" "Mozilla/5.0 (compatible; SemrushBot/7~bl; +http://www.semrush.com/bot.html)" "mantech8.com"
40.77.167.19 - - [25/Sep/2022:04:00:02 -0700] "GET /index.php?sitemap8022.xml HTTP/1.1" 200 338462 "-" "Mozilla/5.0 AppleWebKit/537.36 (KHTML, like Gecko; compatible; bingbot/2.0; +http://www.bing.com/bingbot.htm) Chrome/103.0.5060.134 Safari/537.36" "mantech8.com"
185.191.171.7 - - [25/Sep/2022:04:00:12 -0700] "GET /?camp-fire%2F70304556.html HTTP/1.1" 500 - "-" "Mozilla/5.0 (compatible; SemrushBot/7~bl; +http://www.semrush.com/bot.html)" "mantech8.com"
185.191.171.1 - - [25/Sep/2022:04:00:16 -0700] "GET /?camp-fire%2F27287482.html HTTP/1.1" 500 - "-" "Mozilla/5.0 (compatible; SemrushBot/7~bl; +http://www.semrush.com/bot.html)" "mantech8.com"
185.191.171.24 - - [25/Sep/2022:04:00:36 -0700] "GET /?camp-fire%2F76171472.html HTTP/1.1" 500 - "-" "Mozilla/5.0 (compatible; SemrushBot/7~bl; +http://www.semrush.com/bot.html)" "mantech8.com"
185.191.171.36 - - [25/Sep/2022:04:01:00 -0700] "GET /robots.txt HTTP/1.1" 200 2442 "-" "Mozilla/5.0 (compatible; SemrushBot/7~bl; +http://www.semrush.com/bot.html)" "www.mantech8.com"
185.191.171.33 - - [25/Sep/2022:04:01:00 -0700] "GET /bimages/gallery/thump/kallakisse.php HTTP/1.1" 200 65175 "-" "Mozilla/5.0 (compatible; SemrushBot/7~bl; +http://www.semrush.com/bot.html)" "www.mantech8.com"
185.191.171.11 - - [25/Sep/2022:04:01:24 -0700] "GET /?camp-fire%2F4286896.html HTTP/1.1" 500 - "-" "Mozilla/5.0 (compatible; SemrushBot/7~bl; +http://www.semrush.com/bot.html)" "mantech8.com"
207.46.13.15 - - [25/Sep/2022:04:01:23 -0700] "GET /index.php/sitemap58.xml HTTP/1.1" 200 272020 "-" "Mozilla/5.0 (compatible; bingbot/2.0; +http://www.bing.com/bingbot.htm)" "mantech8.com"
185.191.171.5 - - [25/Sep/2022:04:02:45 -0700] "GET /?camp-fire%2F18587472.html HTTP/1.1" 500 - "-" "Mozilla/5.0 (compatible; SemrushBot/7~bl; +http://www.semrush.com/bot.html)" "mantech8.com"
185.191.171.11 - - [25/Sep/2022:04:02:56 -0700] "GET /?camp-fire%2F35759738.html HTTP/1.1" 500 - "-" "Mozilla/5.0 (compatible; SemrushBot/7~bl; +http://www.semrush.com/bot.html)" "mantech8.com"
207.46.13.15 - - [25/Sep/2022:04:03:23 -0700] "GET /index.php/sitemap3.xml HTTP/1.1" 200 251263 "-" "Mozilla/5.0 (compatible; bingbot/2.0; +http://www.bing.com/bingbot.htm)" "mantech8.com"
207.46.13.145 - - [25/Sep/2022:04:03:28 -0700] "GET /index.php?sitemap657.xml HTTP/1.1" 200 277566 "-" "Mozilla/5.0 AppleWebKit/537.36 (KHTML, like Gecko; compatible; bingbot/2.0; +http://www.bing.com/bingbot.htm) Chrome/103.0.5060.134 Safari/537.36" "mantech8.com"
185.191.171.21 - - [25/Sep/2022:04:04:11 -0700] "GET /?camp-fire%2F2584751.html HTTP/1.1" 500 - "-" "Mozilla/5.0 (compatible; SemrushBot/7~bl; +http://www.semrush.com/bot.html)" "mantech8.com"
114.119.133.158 - - [25/Sep/2022:04:04:19 -0700] "GET /index.php?camp-fire/57067341.html HTTP/1.1" 500 - "-" "Mozilla/5.0 (Linux; Android 7.0;) AppleWebKit/537.36 (KHTML, like Gecko) Mobile Safari/537.36 (compatible; PetalBot;+https://webmaster.petalsearch.com/site/petalbot)" "www.mantech8.com"
185.191.171.3 - - [25/Sep/2022:04:04:25 -0700] "GET /?camp-fire%2F34164693.html HTTP/1.1" 500 - "-" "Mozilla/5.0 (compatible; SemrushBot/7~bl; +http://www.semrush.com/bot.html)" "mantech8.com"
40.77.167.19 - - [25/Sep/2022:04:04:42 -0700] "GET /index.php?sitemap47.xml HTTP/1.1" 200 340709 "-" "Mozilla/5.0 (compatible; bingbot/2.0; +http://www.bing.com/bingbot.htm)" "mantech8.com"
185.191.171.44 - - [25/Sep/2022:04:04:47 -0700] "GET /?camp-fire%2F16237351.html HTTP/1.1" 500 - "-" "Mozilla/5.0 (compatible; SemrushBot/7~bl; +http://www.semrush.com/bot.html)" "mantech8.com"
207.46.13.42 - - [25/Sep/2022:04:05:08 -0700] "GET /index.php?sitemap179.xml HTTP/1.1" 200 322354 "-" "Mozilla/5.0 AppleWebKit/537.36 (KHTML, like Gecko; compatible; bingbot/2.0; +http://www.bing.com/bingbot.htm) Chrome/103.0.5060.134 Safari/537.36" "mantech8.com"
185.191.171.19 - - [25/Sep/2022:04:05:14 -0700] "GET /?camp-fire%2F32619868.html HTTP/1.1" 500 - "-" "Mozilla/5.0 (compatible; SemrushBot/7~bl; +http://www.semrush.com/bot.html)" "mantech8.com"
207.46.13.15 - - [25/Sep/2022:04:05:14 -0700] "GET /index.php/sitemap115.xml HTTP/1.1" 200 282473 "-" "Mozilla/5.0 AppleWebKit/537.36 (KHTML, like Gecko; compatible; bingbot/2.0; +http://www.bing.com/bingbot.htm) Chrome/103.0.5060.134 Safari/537.36" "mantech8.com"
40.77.167.19 - - [25/Sep/2022:04:05:22 -0700] "GET /index.php?sitemap306.xml HTTP/1.1" 200 292782 "-" "Mozilla/5.0 (compatible; bingbot/2.0; +http://www.bing.com/bingbot.htm)" "mantech8.com"
207.46.13.42 - - [25/Sep/2022:04:05:38 -0700] "GET /index.php/sitemap29.xml HTTP/1.1" 200 298286 "-" "Mozilla/5.0 (compatible; bingbot/2.0; +http://www.bing.com/bingbot.htm)" "mantech8.com"
40.77.167.19 - - [25/Sep/2022:04:05:42 -0700] "GET /index.php/sitemap7066.xml HTTP/1.1" 200 291174 "-" "Mozilla/5.0 AppleWebKit/537.36 (KHTML, like Gecko; compatible; bingbot/2.0; +http://www.bing.com/bingbot.htm) Chrome/103.0.5060.134 Safari/537.36" "mantech8.com"
185.191.171.37 - - [25/Sep/2022:04:06:03 -0700] "GET /?camp-fire%2F17497265.html HTTP/1.1" 500 - "-" "Mozilla/5.0 (compatible; SemrushBot/7~bl; +http://www.semrush.com/bot.html)" "mantech8.com"
185.191.171.14 - - [25/Sep/2022:04:06:04 -0700] "GET /?camp-fire%2F23684126.html HTTP/1.1" 500 - "-" "Mozilla/5.0 (compatible; SemrushBot/7~bl; +http://www.semrush.com/bot.html)" "mantech8.com"
207.46.13.42 - - [25/Sep/2022:04:06:28 -0700] "GET /index.php?sitemap-index-8.xml HTTP/1.1" 200 7738 "-" "Mozilla/5.0 AppleWebKit/537.36 (KHTML, like Gecko; compatible; bingbot/2.0; +http://www.bing.com/bingbot.htm) Chrome/103.0.5060.134 Safari/537.36" "mantech8.com"
185.191.171.33 - - [25/Sep/2022:04:06:37 -0700] "GET /?camp-fire%2F7121853.html HTTP/1.1" 500 - "-" "Mozilla/5.0 (compatible; SemrushBot/7~bl; +http://www.semrush.com/bot.html)" "mantech8.com"
207.46.13.104 - - [25/Sep/2022:04:06:44 -0700] "GET /index.php?sitemap6044.xml HTTP/1.1" 200 240996 "-" "Mozilla/5.0 (compatible; bingbot/2.0; +http://www.bing.com/bingbot.htm)" "mantech8.com"
40.77.167.19 - - [25/Sep/2022:04:06:52 -0700] "GET /index.php?sitemap47114.xml HTTP/1.1" 200 335790 "-" "Mozilla/5.0 (compatible; bingbot/2.0; +http://www.bing.com/bingbot.htm)" "mantech8.com"
40.77.167.19 - - [25/Sep/2022:04:07:02 -0700] "GET /?nobeliums.xml HTTP/1.1" 200 286580 "-" "Mozilla/5.0 (compatible; bingbot/2.0; +http://www.bing.com/bingbot.htm)" "mantech8.com"
207.46.13.145 - - [25/Sep/2022:04:07:15 -0700] "GET /index.php/sitemap30.xml HTTP/1.1" 200 317015 "-" "Mozilla/5.0 (compatible; bingbot/2.0; +http://www.bing.com/bingbot.htm)" "mantech8.com"
185.191.171.37 - - [25/Sep/2022:04:07:17 -0700] "GET /?camp-fire%2F15171156.html HTTP/1.1" 500 - "-" "Mozilla/5.0 (compatible; SemrushBot/7~bl; +http://www.semrush.com/bot.html)" "mantech8.com"
185.191.171.22 - - [25/Sep/2022:04:07:30 -0700] "GET /?camp-fire%2F69469678.html HTTP/1.1" 500 - "-" "Mozilla/5.0 (compatible; SemrushBot/7~bl; +http://www.semrush.com/bot.html)" "mantech8.com"
185.191.171.5 - - [25/Sep/2022:04:07:37 -0700] "GET /?camp-fire%2F49466425.html HTTP/1.1" 500 - "-" "Mozilla/5.0 (compatible; SemrushBot/7~bl; +http://www.semrush.com/bot.html)" "mantech8.com"
207.46.13.15 - - [25/Sep/2022:04:08:04 -0700] "GET /index.php/sitemap3672.xml HTTP/1.1" 200 332156 "-" "Mozilla/5.0 (compatible; bingbot/2.0; +http://www.bing.com/bingbot.htm)" "mantech8.com"
207.46.13.145 - - [25/Sep/2022:04:08:35 -0700] "GET /index.php/sitemap-index-4.xml HTTP/1.1" 200 4705 "-" "Mozilla/5.0 AppleWebKit/537.36 (KHTML, like Gecko; compatible; bingbot/2.0; +http://www.bing.com/bingbot.htm) Chrome/103.0.5060.134 Safari/537.36" "mantech8.com"
185.191.171.37 - - [25/Sep/2022:04:08:49 -0700] "GET /?camp-fire%2F3908874.html HTTP/1.1" 500 - "-" "Mozilla/5.0 (compatible; SemrushBot/7~bl; +http://www.semrush.com/bot.html)" "mantech8.com"
185.191.171.6 - - [25/Sep/2022:04:09:10 -0700] "GET /?camp-fire%2F18723681.html HTTP/1.1" 500 - "-" "Mozilla/5.0 (compatible; SemrushBot/7~bl; +http://www.semrush.com/bot.html)" "mantech8.com"
185.191.171.45 - - [25/Sep/2022:04:09:44 -0700] "GET /?camp-fire%2F40625859.html HTTP/1.1" 500 - "-" "Mozilla/5.0 (compatible; SemrushBot/7~bl; +http://www.semrush.com/bot.html)" "mantech8.com"
114.119.133.166 - - [25/Sep/2022:04:09:57 -0700] "GET /bimages/client/ HTTP/1.1" 200 706 "http://www.mantech8.com/bimages/" "Mozilla/5.0 (Linux; Android 7.0;) AppleWebKit/537.36 (KHTML, like Gecko) Mobile Safari/537.36 (compatible; PetalBot;+https://webmaster.petalsearch.com/site/petalbot)" "www.mantech8.com"
207.46.13.42 - - [25/Sep/2022:04:10:29 -0700] "GET /index.php/sitemap2364.xml HTTP/1.1" 200 295654 "-" "Mozilla/5.0 (compatible; bingbot/2.0; +http://www.bing.com/bingbot.htm)" "mantech8.com"
185.191.171.5 - - [25/Sep/2022:04:10:39 -0700] "GET /?camp-fire%2F29136889.html HTTP/1.1" 500 - "-" "Mozilla/5.0 (compatible; SemrushBot/7~bl; +http://www.semrush.com/bot.html)" "mantech8.com"
185.191.171.25 - - [25/Sep/2022:04:11:06 -0700] "GET /?camp-fire%2F26101351.html HTTP/1.1" 500 - "-" "Mozilla/5.0 (compatible; SemrushBot/7~bl; +http://www.semrush.com/bot.html)" "mantech8.com"
185.191.171.12 - - [25/Sep/2022:04:11:18 -0700] "GET /?camp-fire%2F23829061.html HTTP/1.1" 500 - "-" "Mozilla/5.0 (compatible; SemrushBot/7~bl; +http://www.semrush.com/bot.html)" "mantech8.com"
185.191.171.15 - - [25/Sep/2022:04:11:36 -0700] "GET /?camp-fire%2F1444290.html HTTP/1.1" 500 - "-" "Mozilla/5.0 (compatible; SemrushBot/7~bl; +http://www.semrush.com/bot.html)" "mantech8.com"
45.138.74.197 - - [25/Sep/2022:04:11:42 -0700] "GET /contact.php HTTP/1.1" 200 29238 "https://sauna-v-ufe.ru/" "Mozilla/4.0 (compatible; MSIE 5.5; Windows 95)" "mantech8.com"
45.138.74.197 - - [25/Sep/2022:04:11:43 -0700] "GET /contact.php HTTP/1.1" 200 29238 "https://sauna-v-ufe.ru/" "Mozilla/4.0 (compatible; MSIE 5.5; Windows 95)" "mantech8.com"
45.138.74.197 - - [25/Sep/2022:04:11:44 -0700] "GET /contact.php HTTP/1.1" 200 29238 "https://sauna-v-ufe.ru/" "Mozilla/4.0 (compatible; MSIE 5.5; Windows 95)" "mantech8.com"
207.46.13.15 - - [25/Sep/2022:04:12:04 -0700] "GET /index.php/sitemap5515.xml HTTP/1.1" 200 296014 "-" "Mozilla/5.0 (compatible; bingbot/2.0; +http://www.bing.com/bingbot.htm)" "mantech8.com"
185.191.171.8 - - [25/Sep/2022:04:12:22 -0700] "GET /?camp-fire%2F49988908.html HTTP/1.1" 500 - "-" "Mozilla/5.0 (compatible; SemrushBot/7~bl; +http://www.semrush.com/bot.html)" "mantech8.com"
185.191.171.20 - - [25/Sep/2022:04:12:43 -0700] "GET /?camp-fire%2F28020959.html HTTP/1.1" 500 - "-" "Mozilla/5.0 (compatible; SemrushBot/7~bl; +http://www.semrush.com/bot.html)" "mantech8.com"
207.46.13.15 - - [25/Sep/2022:04:12:44 -0700] "GET /index.php/sitemap363.xml HTTP/1.1" 200 264682 "-" "Mozilla/5.0 (compatible; bingbot/2.0; +http://www.bing.com/bingbot.htm)" "mantech8.com"
40.77.167.19 - - [25/Sep/2022:04:13:02 -0700] "GET /index.php/sitemap8735.xml HTTP/1.1" 200 320430 "-" "Mozilla/5.0 (compatible; bingbot/2.0; +http://www.bing.com/bingbot.htm)" "mantech8.com"
185.191.171.23 - - [25/Sep/2022:04:13:18 -0700] "GET /?camp-fire%2F27576221.html HTTP/1.1" 500 - "-" "Mozilla/5.0 (compatible; SemrushBot/7~bl; +http://www.semrush.com/bot.html)" "mantech8.com"
185.191.171.34 - - [25/Sep/2022:04:13:47 -0700] "GET /?camp-fire%2F37057026.html HTTP/1.1" 500 - "-" "Mozilla/5.0 (compatible; SemrushBot/7~bl; +http://www.semrush.com/bot.html)" "mantech8.com"
207.46.13.42 - - [25/Sep/2022:04:13:49 -0700] "GET /index.php?pettygod.xml HTTP/1.1" 200 303227 "-" "Mozilla/5.0 AppleWebKit/537.36 (KHTML, like Gecko; compatible; bingbot/2.0; +http://www.bing.com/bingbot.htm) Chrome/103.0.5060.134 Safari/537.36" "mantech8.com"
40.77.167.19 - - [25/Sep/2022:04:14:23 -0700] "GET /index.php?sitemap44.xml HTTP/1.1" 200 245532 "-" "Mozilla/5.0 (compatible; bingbot/2.0; +http://www.bing.com/bingbot.htm)" "mantech8.com"
207.46.13.145 - - [25/Sep/2022:04:14:35 -0700] "GET /index.php?sitemap9531.xml HTTP/1.1" 200 268910 "-" "Mozilla/5.0 (compatible; bingbot/2.0; +http://www.bing.com/bingbot.htm)" "mantech8.com"
185.191.171.39 - - [25/Sep/2022:04:14:41 -0700] "GET /?camp-fire%2F36904647.html HTTP/1.1" 500 - "-" "Mozilla/5.0 (compatible; SemrushBot/7~bl; +http://www.semrush.com/bot.html)" "mantech8.com"
40.77.167.19 - - [25/Sep/2022:04:14:43 -0700] "GET /index.php/sitemap5884.xml HTTP/1.1" 200 240812 "-" "Mozilla/5.0 (compatible; bingbot/2.0; +http://www.bing.com/bingbot.htm)" "mantech8.com"
185.191.171.7 - - [25/Sep/2022:04:15:26 -0700] "GET /?camp-fire%2F45155871.html HTTP/1.1" 500 - "-" "Mozilla/5.0 (compatible; SemrushBot/7~bl; +http://www.semrush.com/bot.html)" "mantech8.com"
114.119.133.182 - - [25/Sep/2022:04:15:36 -0700] "GET /bimages/scafg/thump/tdzkwgpdvx.php HTTP/1.1" 200 32 "http://mantech8.com/bimages/scafg/thump/?C=N%3BO%3DD" "Mozilla/5.0 (Linux; Android 7.0;) AppleWebKit/537.36 (KHTML, like Gecko) Mobile Safari/537.36 (compatible; PetalBot;+https://webmaster.petalsearch.com/site/petalbot)" "mantech8.com"
185.191.171.3 - - [25/Sep/2022:04:15:55 -0700] "GET /?camp-fire%2F1508653.html HTTP/1.1" 500 - "-" "Mozilla/5.0 (compatible; SemrushBot/7~bl; +http://www.semrush.com/bot.html)" "mantech8.com"
185.191.171.3 - - [25/Sep/2022:04:16:14 -0700] "GET /?camp-fire%2F103086406.html HTTP/1.1" 500 - "-" "Mozilla/5.0 (compatible; SemrushBot/7~bl; +http://www.semrush.com/bot.html)" "mantech8.com"
185.191.171.5 - - [25/Sep/2022:04:16:58 -0700] "GET /?camp-fire%2F24667230.html HTTP/1.1" 500 - "-" "Mozilla/5.0 (compatible; SemrushBot/7~bl; +http://www.semrush.com/bot.html)" "mantech8.com"
185.191.171.9 - - [25/Sep/2022:04:17:05 -0700] "GET /?camp-fire%2F20897135.html HTTP/1.1" 500 - "-" "Mozilla/5.0 (compatible; SemrushBot/7~bl; +http://www.semrush.com/bot.html)" "mantech8.com"
185.191.171.5 - - [25/Sep/2022:04:17:30 -0700] "GET /?camp-fire%2F5054472.html HTTP/1.1" 500 - "-" "Mozilla/5.0 (compatible; SemrushBot/7~bl; +http://www.semrush.com/bot.html)" "mantech8.com"
185.191.171.42 - - [25/Sep/2022:04:18:03 -0700] "GET /?camp-fire%2F27129282.html HTTP/1.1" 500 - "-" "Mozilla/5.0 (compatible; SemrushBot/7~bl; +http://www.semrush.com/bot.html)" "mantech8.com"
185.191.171.42 - - [25/Sep/2022:04:18:16 -0700] "GET /?camp-fire%2F28314135.html HTTP/1.1" 500 - "-" "Mozilla/5.0 (compatible; SemrushBot/7~bl; +http://www.semrush.com/bot.html)" "mantech8.com"
185.191.171.25 - - [25/Sep/2022:04:18:32 -0700] "GET /?camp-fire%2F94987246.html HTTP/1.1" 500 - "-" "Mozilla/5.0 (compatible; SemrushBot/7~bl; +http://www.semrush.com/bot.html)" "mantech8.com"
207.46.13.42 - - [25/Sep/2022:04:18:39 -0700] "GET /index.php/sitemap88.xml HTTP/1.1" 200 253076 "-" "Mozilla/5.0 (compatible; bingbot/2.0; +http://www.bing.com/bingbot.htm)" "mantech8.com"
185.191.171.45 - - [25/Sep/2022:04:18:49 -0700] "GET /?camp-fire%2F53364478.html HTTP/1.1" 500 - "-" "Mozilla/5.0 (compatible; SemrushBot/7~bl; +http://www.semrush.com/bot.html)" "mantech8.com"
157.55.39.68 - - [25/Sep/2022:04:18:49 -0700] "GET /index.php?sitemap910.xml HTTP/1.1" 200 316873 "-" "Mozilla/5.0 (compatible; bingbot/2.0; +http://www.bing.com/bingbot.htm)" "mantech8.com"
207.46.13.145 - - [25/Sep/2022:04:18:55 -0700] "GET /index.php/sitemap761.xml HTTP/1.1" 200 306958 "-" "Mozilla/5.0 (compatible; bingbot/2.0; +http://www.bing.com/bingbot.htm)" "mantech8.com"
185.191.171.12 - - [25/Sep/2022:04:19:23 -0700] "GET /?camp-fire%2F8147478.html HTTP/1.1" 500 - "-" "Mozilla/5.0 (compatible; SemrushBot/7~bl; +http://www.semrush.com/bot.html)" "mantech8.com"
185.191.171.15 - - [25/Sep/2022:04:19:29 -0700] "GET /?camp-fire%2F55149192.html HTTP/1.1" 500 - "-" "Mozilla/5.0 (compatible; SemrushBot/7~bl; +http://www.semrush.com/bot.html)" "mantech8.com"
207.46.13.15 - - [25/Sep/2022:04:19:35 -0700] "GET /index.php?camp-fire/271.html HTTP/1.1" 200 43853 "-" "Mozilla/5.0 (compatible; bingbot/2.0; +http://www.bing.com/bingbot.htm)" "mantech8.com"
207.46.13.145 - - [25/Sep/2022:04:20:36 -0700] "GET /index.php?sitemap3925.xml HTTP/1.1" 200 257434 "-" "Mozilla/5.0 (compatible; bingbot/2.0; +http://www.bing.com/bingbot.htm)" "mantech8.com"
207.46.13.104 - - [25/Sep/2022:04:20:41 -0700] "GET /index.php?sitemap346.xml HTTP/1.1" 200 347743 "-" "Mozilla/5.0 (compatible; bingbot/2.0; +http://www.bing.com/bingbot.htm)" "mantech8.com"
114.119.133.190 - - [25/Sep/2022:04:21:22 -0700] "GET /bimages/client/blackleaf.php HTTP/1.1" 200 7300 "http://www.mantech8.com/bimages/client/?C=S%3BO%3DA" "Mozilla/5.0 (Linux; Android 7.0;) AppleWebKit/537.36 (KHTML, like Gecko) Mobile Safari/537.36 (compatible; PetalBot;+https://webmaster.petalsearch.com/site/petalbot)" "www.mantech8.com"
185.191.171.3 - - [25/Sep/2022:04:21:36 -0700] "GET /?camp-fire%2F27308197.html HTTP/1.1" 500 - "-" "Mozilla/5.0 (compatible; SemrushBot/7~bl; +http://www.semrush.com/bot.html)" "mantech8.com"
185.191.171.20 - - [25/Sep/2022:04:21:49 -0700] "GET /?camp-fire%2F17645627.html HTTP/1.1" 500 - "-" "Mozilla/5.0 (compatible; SemrushBot/7~bl; +http://www.semrush.com/bot.html)" "mantech8.com"
40.77.167.19 - - [25/Sep/2022:04:21:54 -0700] "GET /index.php/sitemap46922.xml HTTP/1.1" 200 248919 "-" "Mozilla/5.0 (compatible; bingbot/2.0; +http://www.bing.com/bingbot.htm)" "mantech8.com"
185.191.171.17 - - [25/Sep/2022:04:22:22 -0700] "GET /?camp-fire%2F42111938.html HTTP/1.1" 500 - "-" "Mozilla/5.0 (compatible; SemrushBot/7~bl; +http://www.semrush.com/bot.html)" "mantech8.com"
207.46.13.42 - - [25/Sep/2022:04:22:59 -0700] "GET /index.php/sitemap6898.xml HTTP/1.1" 200 267776 "-" "Mozilla/5.0 (compatible; bingbot/2.0; +http://www.bing.com/bingbot.htm)" "mantech8.com"
185.191.171.1 - - [25/Sep/2022:04:23:00 -0700] "GET /?camp-fire%2F60514188.html HTTP/1.1" 500 - "-" "Mozilla/5.0 (compatible; SemrushBot/7~bl; +http://www.semrush.com/bot.html)" "mantech8.com"
185.191.171.7 - - [25/Sep/2022:04:23:17 -0700] "GET /robots.txt HTTP/1.1" 200 2442 "-" "Mozilla/5.0 (compatible; SemrushBot/7~bl; +http://www.semrush.com/bot.html)" "mantech8.com"
185.191.171.13 - - [25/Sep/2022:04:23:17 -0700] "GET /?camp-fire%2F28850671.html HTTP/1.1" 500 - "-" "Mozilla/5.0 (compatible; SemrushBot/7~bl; +http://www.semrush.com/bot.html)" "mantech8.com"
207.46.13.15 - - [25/Sep/2022:04:23:55 -0700] "GET /?camp-fire/115221634.html HTTP/1.1" 200 47684 "-" "Mozilla/5.0 AppleWebKit/537.36 (KHTML, like Gecko; compatible; bingbot/2.0; +http://www.bing.com/bingbot.htm) Chrome/103.0.5060.134 Safari/537.36" "mantech8.com"
185.191.171.43 - - [25/Sep/2022:04:24:04 -0700] "GET /?camp-fire%2F21501835.html HTTP/1.1" 500 - "-" "Mozilla/5.0 (compatible; SemrushBot/7~bl; +http://www.semrush.com/bot.html)" "mantech8.com"
157.55.39.68 - - [25/Sep/2022:04:24:08 -0700] "GET /?camp-fire/17441842.html HTTP/1.1" 200 42421 "-" "Mozilla/5.0 (compatible; bingbot/2.0; +http://www.bing.com/bingbot.htm)" "mantech8.com"
185.191.171.40 - - [25/Sep/2022:04:24:26 -0700] "GET /?camp-fire%2F43780534.html HTTP/1.1" 500 - "-" "Mozilla/5.0 (compatible; SemrushBot/7~bl; +http://www.semrush.com/bot.html)" "mantech8.com"
207.46.13.145 - - [25/Sep/2022:04:24:46 -0700] "GET /index.php/sitemap3394.xml HTTP/1.1" 200 282256 "-" "Mozilla/5.0 (compatible; bingbot/2.0; +http://www.bing.com/bingbot.htm)" "mantech8.com"
40.77.167.19 - - [25/Sep/2022:04:25:04 -0700] "GET /index.php?sitemap805.xml HTTP/1.1" 200 281430 "-" "Mozilla/5.0 (compatible; bingbot/2.0; +http://www.bing.com/bingbot.htm)" "mantech8.com"
185.191.171.16 - - [25/Sep/2022:04:25:13 -0700] "GET /?camp-fire%2F26237582.html HTTP/1.1" 500 - "-" "Mozilla/5.0 (compatible; SemrushBot/7~bl; +http://www.semrush.com/bot.html)" "mantech8.com"
185.191.171.25 - - [25/Sep/2022:04:25:45 -0700] "GET /?camp-fire%2F14544624.html HTTP/1.1" 500 - "-" "Mozilla/5.0 (compatible; SemrushBot/7~bl; +http://www.semrush.com/bot.html)" "mantech8.com"
185.191.171.24 - - [25/Sep/2022:04:25:53 -0700] "GET /?camp-fire%2F40594264.html HTTP/1.1" 500 - "-" "Mozilla/5.0 (compatible; SemrushBot/7~bl; +http://www.semrush.com/bot.html)" "mantech8.com"
207.46.13.145 - - [25/Sep/2022:04:25:56 -0700] "GET /index.php/sitemap4612.xml HTTP/1.1" 200 274794 "-" "Mozilla/5.0 (compatible; bingbot/2.0; +http://www.bing.com/bingbot.htm)" "mantech8.com"
157.55.39.68 - - [25/Sep/2022:04:26:10 -0700] "GET /index.php/sitemap7391.xml HTTP/1.1" 200 240730 "-" "Mozilla/5.0 (compatible; bingbot/2.0; +http://www.bing.com/bingbot.htm)" "mantech8.com"
207.46.13.145 - - [25/Sep/2022:04:26:16 -0700] "GET /index.php?sitemap30.xml HTTP/1.1" 200 310960 "-" "Mozilla/5.0 AppleWebKit/537.36 (KHTML, like Gecko; compatible; bingbot/2.0; +http://www.bing.com/bingbot.htm) Chrome/103.0.5060.134 Safari/537.36" "mantech8.com"
185.191.171.7 - - [25/Sep/2022:04:26:23 -0700] "GET /?camp-fire%2F16657465.html HTTP/1.1" 500 - "-" "Mozilla/5.0 (compatible; SemrushBot/7~bl; +http://www.semrush.com/bot.html)" "mantech8.com"
185.191.171.26 - - [25/Sep/2022:04:26:34 -0700] "GET /?camp-fire%2F48562483.html HTTP/1.1" 500 - "-" "Mozilla/5.0 (compatible; SemrushBot/7~bl; +http://www.semrush.com/bot.html)" "mantech8.com"
114.119.133.166 - - [25/Sep/2022:04:26:49 -0700] "GET /bimages/mission/?C=N%3BO%3DD HTTP/1.1" 200 416 "http://www.mantech8.com/bimages/mission/?C=S%3BO%3DA" "Mozilla/5.0 (Linux; Android 7.0;) AppleWebKit/537.36 (KHTML, like Gecko) Mobile Safari/537.36 (compatible; PetalBot;+https://webmaster.petalsearch.com/site/petalbot)" "www.mantech8.com"
207.46.13.42 - - [25/Sep/2022:04:26:50 -0700] "GET /index.php?sitemap3086.xml HTTP/1.1" 200 346051 "-" "Mozilla/5.0 AppleWebKit/537.36 (KHTML, like Gecko; compatible; bingbot/2.0; +http://www.bing.com/bingbot.htm) Chrome/103.0.5060.134 Safari/537.36" "mantech8.com"
185.191.171.13 - - [25/Sep/2022:04:26:50 -0700] "GET /?camp-fire%2F1970329.html HTTP/1.1" 500 - "-" "Mozilla/5.0 (compatible; SemrushBot/7~bl; +http://www.semrush.com/bot.html)" "mantech8.com"
207.46.13.145 - - [25/Sep/2022:04:26:57 -0700] "GET /camp-fire/51147894.html HTTP/1.1" 404 88 "-" "Mozilla/5.0 (compatible; bingbot/2.0; +http://www.bing.com/bingbot.htm)" "mantech8.com"
185.191.171.23 - - [25/Sep/2022:04:27:00 -0700] "GET /?camp-fire%2F12295277.html HTTP/1.1" 500 - "-" "Mozilla/5.0 (compatible; SemrushBot/7~bl; +http://www.semrush.com/bot.html)" "mantech8.com"
