185.191.171.19 - - [24/Sep/2022:21:45:37 -0700] "GET /?camp-fire%2F28939063.html HTTP/1.1" 500 - "-" "Mozilla/5.0 (compatible; SemrushBot/7~bl; +http://www.semrush.com/bot.html)" "mantech8.com"
5.255.253.141 - - [24/Sep/2022:21:45:45 -0700] "GET /robots.txt HTTP/1.1" 200 26464 "-" "Mozilla/5.0 (compatible; YandexBot/3.0; +http://yandex.com/bots)" "www.mantech8.com"
5.255.253.153 - - [24/Sep/2022:21:45:49 -0700] "GET /images/tankcln.jpg HTTP/1.1" 200 65060 "-" "Mozilla/5.0 (compatible; YandexImages/3.0; +http://yandex.com/bots)" "www.mantech8.com"
5.255.231.250 - - [24/Sep/2022:21:46:00 -0700] "GET /robots.txt HTTP/1.1" 200 26464 "-" "Mozilla/5.0 (compatible; YandexBot/3.0; +http://yandex.com/bots)" "mantech8.com"
87.250.224.8 - - [24/Sep/2022:21:46:03 -0700] "GET /?sitemap19872.xml HTTP/1.1" 200 283706 "-" "Mozilla/5.0 (compatible; YandexBot/3.0; +http://yandex.com/bots)" "mantech8.com"
5.45.207.119 - - [24/Sep/2022:21:46:05 -0700] "GET /index.php?sitemap-index-8.xml HTTP/1.1" 200 7350 "-" "Mozilla/5.0 (compatible; YandexBot/3.0; +http://yandex.com/bots)" "mantech8.com"
95.108.213.72 - - [24/Sep/2022:21:46:08 -0700] "GET /?sitemap4113.xml HTTP/1.1" 200 259809 "-" "Mozilla/5.0 (compatible; YandexBot/3.0; +http://yandex.com/bots)" "mantech8.com"
5.45.207.134 - - [24/Sep/2022:21:46:11 -0700] "GET /sitemap6.xml HTTP/1.1" 404 88 "-" "Mozilla/5.0 (compatible; YandexBot/3.0; +http://yandex.com/bots)" "mantech8.com"
87.250.224.126 - - [24/Sep/2022:21:46:13 -0700] "GET /sitemap2882.xml HTTP/1.1" 404 88 "-" "Mozilla/5.0 (compatible; YandexBot/3.0; +http://yandex.com/bots)" "mantech8.com"
87.250.224.14 - - [24/Sep/2022:21:46:16 -0700] "GET /index.php?sitemap3925.xml HTTP/1.1" 200 305121 "-" "Mozilla/5.0 (compatible; YandexBot/3.0; +http://yandex.com/bots)" "mantech8.com"
185.191.171.10 - - [24/Sep/2022:21:46:17 -0700] "GET /?camp-fire%2F93231130.html HTTP/1.1" 500 - "-" "Mozilla/5.0 (compatible; SemrushBot/7~bl; +http://www.semrush.com/bot.html)" "mantech8.com"
87.250.224.8 - - [24/Sep/2022:21:46:19 -0700] "GET /index.php/sitemap-index-2.xml HTTP/1.1" 200 6981 "-" "Mozilla/5.0 (compatible; YandexBot/3.0; +http://yandex.com/bots)" "mantech8.com"
87.250.224.107 - - [24/Sep/2022:21:46:21 -0700] "GET /?guangheng.xml HTTP/1.1" 200 279446 "-" "Mozilla/5.0 (compatible; YandexBot/3.0; +http://yandex.com/bots)" "mantech8.com"
185.191.171.26 - - [24/Sep/2022:21:46:22 -0700] "GET /?camp-fire%2F18533065.html HTTP/1.1" 500 - "-" "Mozilla/5.0 (compatible; SemrushBot/7~bl; +http://www.semrush.com/bot.html)" "mantech8.com"
5.255.253.111 - - [24/Sep/2022:21:46:24 -0700] "GET /index.php/sitemap8428.xml HTTP/1.1" 200 346926 "-" "Mozilla/5.0 (compatible; YandexBot/3.0; +http://yandex.com/bots)" "mantech8.com"
5.255.253.187 - - [24/Sep/2022:21:46:27 -0700] "GET /index.php?sitemap445.xml HTTP/1.1" 200 263030 "-" "Mozilla/5.0 (compatible; YandexBot/3.0; +http://yandex.com/bots)" "mantech8.com"
87.250.224.126 - - [24/Sep/2022:21:46:30 -0700] "GET /index.php/interphalangeal.xml HTTP/1.1" 200 326936 "-" "Mozilla/5.0 (compatible; YandexBot/3.0; +http://yandex.com/bots)" "mantech8.com"
87.250.224.45 - - [24/Sep/2022:21:46:32 -0700] "GET /?sitemap59.xml HTTP/1.1" 200 284480 "-" "Mozilla/5.0 (compatible; YandexBot/3.0; +http://yandex.com/bots)" "mantech8.com"
5.45.207.119 - - [24/Sep/2022:21:46:35 -0700] "GET /?sitemap7905.xml HTTP/1.1" 200 251690 "-" "Mozilla/5.0 (compatible; YandexBot/3.0; +http://yandex.com/bots)" "mantech8.com"
95.108.213.72 - - [24/Sep/2022:21:46:37 -0700] "GET /index.php/nobeliums.xml HTTP/1.1" 200 326016 "-" "Mozilla/5.0 (compatible; YandexBot/3.0; +http://yandex.com/bots)" "mantech8.com"
87.250.224.120 - - [24/Sep/2022:21:46:40 -0700] "GET /index.php/sitemap8428.xml HTTP/1.1" 200 275718 "-" "Mozilla/5.0 (compatible; YandexBot/3.0; +http://yandex.com/bots)" "mantech8.com"
185.191.171.26 - - [24/Sep/2022:21:47:03 -0700] "GET /?camp-fire%2F40379035.html HTTP/1.1" 500 - "-" "Mozilla/5.0 (compatible; SemrushBot/7~bl; +http://www.semrush.com/bot.html)" "mantech8.com"
5.255.253.136 - - [24/Sep/2022:21:47:08 -0700] "GET /index.php/sitemap7621.xml HTTP/1.1" 200 303318 "-" "Mozilla/5.0 (compatible; YandexBot/3.0; +http://yandex.com/bots)" "mantech8.com"
95.108.213.72 - - [24/Sep/2022:21:47:53 -0700] "GET /index.php?sitemap9773.xml HTTP/1.1" 200 294302 "-" "Mozilla/5.0 (compatible; YandexBot/3.0; +http://yandex.com/bots)" "mantech8.com"
114.119.133.166 - - [24/Sep/2022:21:48:01 -0700] "GET /index.php/sitemap96.xml HTTP/1.1" 200 268321 "-" "Mozilla/5.0 (compatible;PetalBot;+https://webmaster.petalsearch.com/site/petalbot)" "mantech8.com"
5.45.207.139 - - [24/Sep/2022:21:48:29 -0700] "GET /index.php?sitemap8621.xml HTTP/1.1" 200 272222 "-" "Mozilla/5.0 (compatible; YandexBot/3.0; +http://yandex.com/bots)" "mantech8.com"
185.191.171.16 - - [24/Sep/2022:21:48:30 -0700] "GET /?camp-fire%2F32560925.html HTTP/1.1" 500 - "-" "Mozilla/5.0 (compatible; SemrushBot/7~bl; +http://www.semrush.com/bot.html)" "mantech8.com"
5.45.207.97 - - [24/Sep/2022:21:48:32 -0700] "GET /index.php?sitemap7373.xml HTTP/1.1" 200 286574 "-" "Mozilla/5.0 (compatible; YandexBot/3.0; +http://yandex.com/bots)" "mantech8.com"
87.250.224.171 - - [24/Sep/2022:21:48:35 -0700] "GET /index.php?sitemap7373.xml HTTP/1.1" 200 326502 "-" "Mozilla/5.0 (compatible; YandexBot/3.0; +http://yandex.com/bots)" "mantech8.com"
5.255.253.141 - - [24/Sep/2022:21:48:46 -0700] "GET /index.php/sitemap2946.xml HTTP/1.1" 200 280765 "-" "Mozilla/5.0 (compatible; YandexBot/3.0; +http://yandex.com/bots)" "mantech8.com"
87.250.224.143 - - [24/Sep/2022:21:49:01 -0700] "GET /index.php/sitemap2628.xml HTTP/1.1" 200 264044 "-" "Mozilla/5.0 (compatible; YandexBot/3.0; +http://yandex.com/bots)" "mantech8.com"
185.191.171.1 - - [24/Sep/2022:21:49:03 -0700] "GET /?camp-fire%2F30035582.html HTTP/1.1" 500 - "-" "Mozilla/5.0 (compatible; SemrushBot/7~bl; +http://www.semrush.com/bot.html)" "mantech8.com"
185.191.171.24 - - [24/Sep/2022:21:49:07 -0700] "GET /?camp-fire%2F601969.html HTTP/1.1" 500 - "-" "Mozilla/5.0 (compatible; SemrushBot/7~bl; +http://www.semrush.com/bot.html)" "mantech8.com"
5.45.207.139 - - [24/Sep/2022:21:49:20 -0700] "GET /index.php?sitemap42423.xml HTTP/1.1" 200 334995 "-" "Mozilla/5.0 (compatible; YandexBot/3.0; +http://yandex.com/bots)" "mantech8.com"
185.191.171.20 - - [24/Sep/2022:21:49:24 -0700] "GET /?camp-fire%2F28735389.html HTTP/1.1" 500 - "-" "Mozilla/5.0 (compatible; SemrushBot/7~bl; +http://www.semrush.com/bot.html)" "mantech8.com"
207.46.13.104 - - [24/Sep/2022:21:49:39 -0700] "GET /?sitemap7905.xml HTTP/1.1" 200 272744 "-" "Mozilla/5.0 (compatible; bingbot/2.0; +http://www.bing.com/bingbot.htm)" "mantech8.com"
87.250.224.126 - - [24/Sep/2022:21:49:39 -0700] "GET /index.php?sitemap50.xml HTTP/1.1" 200 250153 "-" "Mozilla/5.0 (compatible; YandexBot/3.0; +http://yandex.com/bots)" "mantech8.com"
185.191.171.12 - - [24/Sep/2022:21:49:50 -0700] "GET /?camp-fire%2F38842092.html HTTP/1.1" 500 - "-" "Mozilla/5.0 (compatible; SemrushBot/7~bl; +http://www.semrush.com/bot.html)" "mantech8.com"
185.191.171.3 - - [24/Sep/2022:21:50:10 -0700] "GET /?camp-fire%2F40998266.html HTTP/1.1" 500 - "-" "Mozilla/5.0 (compatible; SemrushBot/7~bl; +http://www.semrush.com/bot.html)" "mantech8.com"
207.46.13.104 - - [24/Sep/2022:21:50:18 -0700] "GET /index.php/sitemap36010.xml HTTP/1.1" 200 339100 "-" "Mozilla/5.0 (compatible; bingbot/2.0; +http://www.bing.com/bingbot.htm)" "mantech8.com"
185.191.171.3 - - [24/Sep/2022:21:50:23 -0700] "GET /?camp-fire%2F4295374.html HTTP/1.1" 500 - "-" "Mozilla/5.0 (compatible; SemrushBot/7~bl; +http://www.semrush.com/bot.html)" "mantech8.com"
185.191.171.17 - - [24/Sep/2022:21:50:26 -0700] "GET /?camp-fire%2F8248178.html HTTP/1.1" 500 - "-" "Mozilla/5.0 (compatible; SemrushBot/7~bl; +http://www.semrush.com/bot.html)" "mantech8.com"
87.250.224.126 - - [24/Sep/2022:21:50:34 -0700] "GET /index.php/sitemap64.xml HTTP/1.1" 200 306382 "-" "Mozilla/5.0 (compatible; YandexBot/3.0; +http://yandex.com/bots)" "mantech8.com"
5.255.231.124 - - [24/Sep/2022:21:50:50 -0700] "GET /index.php?sitemap15.xml HTTP/1.1" 200 314079 "-" "Mozilla/5.0 (compatible; YandexBot/3.0; +http://yandex.com/bots)" "mantech8.com"
36.150.60.34 - - [24/Sep/2022:21:50:54 -0700] "GET / HTTP/1.1" 500 - "-" "Mozilla/5.0 (Macintosh; U; Intel Mac OS X 10_6_7; da-dk) AppleWebKit/533.21.1 (KHTML, like Gecko) Version/5.0.5 Safari/533.21.1" "mantech8.com"
5.45.207.107 - - [24/Sep/2022:21:50:54 -0700] "GET /index.php?sitemap1139.xml HTTP/1.1" 200 341728 "-" "Mozilla/5.0 (compatible; YandexBot/3.0; +http://yandex.com/bots)" "mantech8.com"
207.46.13.15 - - [24/Sep/2022:21:50:57 -0700] "GET /index.php/sitemap4749.xml HTTP/1.1" 200 269822 "-" "Mozilla/5.0 (compatible; bingbot/2.0; +http://www.bing.com/bingbot.htm)" "mantech8.com"
95.108.213.3 - - [24/Sep/2022:21:51:00 -0700] "GET /index.php?sitemap788.xml HTTP/1.1" 200 270574 "-" "Mozilla/5.0 (compatible; YandexBot/3.0; +http://yandex.com/bots)" "mantech8.com"
157.55.39.68 - - [24/Sep/2022:21:51:01 -0700] "GET /index.php/sitemap67.xml HTTP/1.1" 200 285233 "-" "Mozilla/5.0 (compatible; bingbot/2.0; +http://www.bing.com/bingbot.htm)" "mantech8.com"
87.250.224.143 - - [24/Sep/2022:21:51:07 -0700] "GET /index.php/sitemap9818.xml HTTP/1.1" 200 291358 "-" "Mozilla/5.0 (compatible; YandexBot/3.0; +http://yandex.com/bots)" "mantech8.com"
87.250.224.46 - - [24/Sep/2022:21:51:09 -0700] "GET /index.php/sitemap9818.xml HTTP/1.1" 200 295774 "-" "Mozilla/5.0 (compatible; YandexBot/3.0; +http://yandex.com/bots)" "mantech8.com"
185.191.171.35 - - [24/Sep/2022:21:51:32 -0700] "GET /?camp-fire%2F46041350.html HTTP/1.1" 500 - "-" "Mozilla/5.0 (compatible; SemrushBot/7~bl; +http://www.semrush.com/bot.html)" "mantech8.com"
5.255.253.187 - - [24/Sep/2022:21:51:48 -0700] "GET /index.php/sitemap39887.xml HTTP/1.1" 200 294046 "-" "Mozilla/5.0 (compatible; YandexBot/3.0; +http://yandex.com/bots)" "mantech8.com"
5.45.207.139 - - [24/Sep/2022:21:52:23 -0700] "GET /index.php/sitemap16058.xml HTTP/1.1" 200 241862 "-" "Mozilla/5.0 (compatible; YandexBot/3.0; +http://yandex.com/bots)" "mantech8.com"
207.46.13.145 - - [24/Sep/2022:21:52:38 -0700] "GET /index.php?reym.xml HTTP/1.1" 200 331352 "-" "Mozilla/5.0 (compatible; bingbot/2.0; +http://www.bing.com/bingbot.htm)" "mantech8.com"
5.45.207.139 - - [24/Sep/2022:21:52:51 -0700] "GET /index.php/sitemap5552.xml HTTP/1.1" 200 269511 "-" "Mozilla/5.0 (compatible; YandexBot/3.0; +http://yandex.com/bots)" "mantech8.com"
87.250.224.143 - - [24/Sep/2022:21:52:54 -0700] "GET /index.php?sitemap741.xml HTTP/1.1" 200 242654 "-" "Mozilla/5.0 (compatible; YandexBot/3.0; +http://yandex.com/bots)" "mantech8.com"
157.55.39.87 - - [24/Sep/2022:21:52:57 -0700] "GET /index.php/angse.xml HTTP/1.1" 200 258780 "-" "Mozilla/5.0 (compatible; bingbot/2.0; +http://www.bing.com/bingbot.htm)" "mantech8.com"
207.46.13.104 - - [24/Sep/2022:21:53:01 -0700] "GET /index.php/sitemap7877.xml HTTP/1.1" 200 300926 "-" "Mozilla/5.0 AppleWebKit/537.36 (KHTML, like Gecko; compatible; bingbot/2.0; +http://www.bing.com/bingbot.htm) Chrome/103.0.5060.134 Safari/537.36" "mantech8.com"
185.191.171.38 - - [24/Sep/2022:21:53:26 -0700] "GET /?camp-fire%2F26915721.html HTTP/1.1" 500 - "-" "Mozilla/5.0 (compatible; SemrushBot/7~bl; +http://www.semrush.com/bot.html)" "mantech8.com"
87.250.224.97 - - [24/Sep/2022:21:53:25 -0700] "GET /index.php/sitemap42.xml HTTP/1.1" 200 324378 "-" "Mozilla/5.0 (compatible; YandexBot/3.0; +http://yandex.com/bots)" "mantech8.com"
87.250.224.176 - - [24/Sep/2022:21:53:33 -0700] "GET /index.php?sitemap698.xml HTTP/1.1" 200 320919 "-" "Mozilla/5.0 (compatible; YandexBot/3.0; +http://yandex.com/bots)" "mantech8.com"
157.55.39.68 - - [24/Sep/2022:21:53:39 -0700] "GET /index.php?sitemap26918.xml HTTP/1.1" 200 253454 "-" "Mozilla/5.0 (compatible; bingbot/2.0; +http://www.bing.com/bingbot.htm)" "mantech8.com"
114.119.133.190 - - [24/Sep/2022:21:53:42 -0700] "GET /bimages/ele/?C=S%3BO%3DA HTTP/1.1" 200 426 "http://mantech8.com/bimages/ele/?C=N%3BO%3DD" "Mozilla/5.0 (Linux; Android 7.0;) AppleWebKit/537.36 (KHTML, like Gecko) Mobile Safari/537.36 (compatible; PetalBot;+https://webmaster.petalsearch.com/site/petalbot)" "mantech8.com"
185.191.171.13 - - [24/Sep/2022:21:53:46 -0700] "GET /?camp-fire%2F26882487.html HTTP/1.1" 500 - "-" "Mozilla/5.0 (compatible; SemrushBot/7~bl; +http://www.semrush.com/bot.html)" "mantech8.com"
185.191.171.17 - - [24/Sep/2022:21:54:09 -0700] "GET /?camp-fire%2F33087930.html HTTP/1.1" 500 - "-" "Mozilla/5.0 (compatible; SemrushBot/7~bl; +http://www.semrush.com/bot.html)" "mantech8.com"
87.250.224.176 - - [24/Sep/2022:21:54:23 -0700] "GET /index.php?sitemap1603.xml HTTP/1.1" 200 311258 "-" "Mozilla/5.0 (compatible; YandexBot/3.0; +http://yandex.com/bots)" "mantech8.com"
185.191.171.13 - - [24/Sep/2022:21:54:29 -0700] "GET /?camp-fire%2F28275070.html HTTP/1.1" 500 - "-" "Mozilla/5.0 (compatible; SemrushBot/7~bl; +http://www.semrush.com/bot.html)" "mantech8.com"
87.250.224.14 - - [24/Sep/2022:21:54:34 -0700] "GET /index.php/sitemap44589.xml HTTP/1.1" 200 341669 "-" "Mozilla/5.0 (compatible; YandexBot/3.0; +http://yandex.com/bots)" "mantech8.com"
157.55.39.87 - - [24/Sep/2022:21:54:37 -0700] "GET /?camp-fire/17640180.html HTTP/1.1" 200 63989 "-" "Mozilla/5.0 (compatible; bingbot/2.0; +http://www.bing.com/bingbot.htm)" "mantech8.com"
185.191.171.23 - - [24/Sep/2022:21:54:41 -0700] "GET /?camp-fire%2F2403893.html HTTP/1.1" 500 - "-" "Mozilla/5.0 (compatible; SemrushBot/7~bl; +http://www.semrush.com/bot.html)" "mantech8.com"
87.250.224.102 - - [24/Sep/2022:21:54:42 -0700] "GET /index.php?sitemap9.xml HTTP/1.1" 200 338869 "-" "Mozilla/5.0 (compatible; YandexBot/3.0; +http://yandex.com/bots)" "mantech8.com"
87.250.224.97 - - [24/Sep/2022:21:54:47 -0700] "GET /index.php/sitemap277.xml HTTP/1.1" 200 290022 "-" "Mozilla/5.0 (compatible; YandexBot/3.0; +http://yandex.com/bots)" "mantech8.com"
87.250.224.126 - - [24/Sep/2022:21:54:49 -0700] "GET /index.php/sitemap93.xml HTTP/1.1" 200 237831 "-" "Mozilla/5.0 (compatible; YandexBot/3.0; +http://yandex.com/bots)" "mantech8.com"
87.250.224.143 - - [24/Sep/2022:21:54:54 -0700] "GET /index.php?sitemap647.xml HTTP/1.1" 200 273150 "-" "Mozilla/5.0 (compatible; YandexBot/3.0; +http://yandex.com/bots)" "mantech8.com"
185.191.171.18 - - [24/Sep/2022:21:54:54 -0700] "GET /?camp-fire%2F16922526.html HTTP/1.1" 500 - "-" "Mozilla/5.0 (compatible; SemrushBot/7~bl; +http://www.semrush.com/bot.html)" "mantech8.com"
87.250.224.143 - - [24/Sep/2022:21:54:56 -0700] "GET /index.php?sitemap647.xml HTTP/1.1" 200 258267 "-" "Mozilla/5.0 (compatible; YandexBot/3.0; +http://yandex.com/bots)" "mantech8.com"
185.191.171.12 - - [24/Sep/2022:21:54:59 -0700] "GET /?camp-fire%2F16503584.html HTTP/1.1" 500 - "-" "Mozilla/5.0 (compatible; SemrushBot/7~bl; +http://www.semrush.com/bot.html)" "mantech8.com"
185.191.171.11 - - [24/Sep/2022:21:55:02 -0700] "GET /?camp-fire%2F74974796.html HTTP/1.1" 500 - "-" "Mozilla/5.0 (compatible; SemrushBot/7~bl; +http://www.semrush.com/bot.html)" "mantech8.com"
185.191.171.21 - - [24/Sep/2022:21:55:19 -0700] "GET /?camp-fire%2F4787155.html HTTP/1.1" 500 - "-" "Mozilla/5.0 (compatible; SemrushBot/7~bl; +http://www.semrush.com/bot.html)" "mantech8.com"
5.45.207.66 - - [24/Sep/2022:21:55:43 -0700] "GET /index.php/sitemap42993.xml HTTP/1.1" 200 341965 "-" "Mozilla/5.0 (compatible; YandexBot/3.0; +http://yandex.com/bots)" "mantech8.com"
87.250.224.97 - - [24/Sep/2022:21:55:48 -0700] "GET /index.php/sitemap10000.xml HTTP/1.1" 200 286022 "-" "Mozilla/5.0 (compatible; YandexBot/3.0; +http://yandex.com/bots)" "mantech8.com"
87.250.224.45 - - [24/Sep/2022:21:56:18 -0700] "GET /index.php?sitemap910.xml HTTP/1.1" 200 323310 "-" "Mozilla/5.0 (compatible; YandexBot/3.0; +http://yandex.com/bots)" "mantech8.com"
185.191.171.8 - - [24/Sep/2022:21:56:24 -0700] "GET /?camp-fire%2F18627261.html HTTP/1.1" 500 - "-" "Mozilla/5.0 (compatible; SemrushBot/7~bl; +http://www.semrush.com/bot.html)" "mantech8.com"
185.191.171.18 - - [24/Sep/2022:21:56:29 -0700] "GET /?camp-fire%2F27369297.html HTTP/1.1" 500 - "-" "Mozilla/5.0 (compatible; SemrushBot/7~bl; +http://www.semrush.com/bot.html)" "mantech8.com"
185.191.171.14 - - [24/Sep/2022:21:56:34 -0700] "GET /?camp-fire%2F16588998.html HTTP/1.1" 500 - "-" "Mozilla/5.0 (compatible; SemrushBot/7~bl; +http://www.semrush.com/bot.html)" "mantech8.com"
36.150.60.34 - - [24/Sep/2022:21:56:39 -0700] "GET / HTTP/1.1" 500 - "-" "Mozilla/5.0 (Windows; U; Windows NT 5.1; en-US; rv:1.9.2.10) Gecko/20100914 Firefox/3.6.10 ( .NET CLR 3.5.30729)" "mantech8.com"
5.45.207.101 - - [24/Sep/2022:21:56:41 -0700] "GET /index.php?sitemap79.xml HTTP/1.1" 200 314075 "-" "Mozilla/5.0 (compatible; YandexBot/3.0; +http://yandex.com/bots)" "mantech8.com"
36.150.60.34 - - [24/Sep/2022:21:56:43 -0700] "GET / HTTP/1.1" 500 - "-" "Mozilla/5.0 (Windows; U; Windows NT 5.1; en-US; rv:1.9.2.10) Gecko/20100914 Firefox/3.6.10 ( .NET CLR 3.5.30729)" "mantech8.com"
185.191.171.13 - - [24/Sep/2022:21:56:44 -0700] "GET /?camp-fire%2F34358616.html HTTP/1.1" 500 - "-" "Mozilla/5.0 (compatible; SemrushBot/7~bl; +http://www.semrush.com/bot.html)" "mantech8.com"
5.255.253.187 - - [24/Sep/2022:21:56:44 -0700] "GET /index.php?sitemap6516.xml HTTP/1.1" 200 343982 "-" "Mozilla/5.0 (compatible; YandexBot/3.0; +http://yandex.com/bots)" "mantech8.com"
36.150.60.34 - - [24/Sep/2022:21:56:45 -0700] "GET / HTTP/1.1" 500 - "-" "Mozilla/5.0 (Windows; U; Windows NT 5.1; en-US; rv:1.9.2.10) Gecko/20100914 Firefox/3.6.10 ( .NET CLR 3.5.30729)" "mantech8.com"
185.191.171.12 - - [24/Sep/2022:21:56:55 -0700] "GET /?camp-fire%2F41480771.html HTTP/1.1" 500 - "-" "Mozilla/5.0 (compatible; SemrushBot/7~bl; +http://www.semrush.com/bot.html)" "mantech8.com"
185.191.171.35 - - [24/Sep/2022:21:57:01 -0700] "GET /?camp-fire%2F62435649.html HTTP/1.1" 500 - "-" "Mozilla/5.0 (compatible; SemrushBot/7~bl; +http://www.semrush.com/bot.html)" "mantech8.com"
185.191.171.33 - - [24/Sep/2022:21:57:05 -0700] "GET /?camp-fire%2F43759726.html HTTP/1.1" 500 - "-" "Mozilla/5.0 (compatible; SemrushBot/7~bl; +http://www.semrush.com/bot.html)" "mantech8.com"
185.191.171.35 - - [24/Sep/2022:21:57:57 -0700] "GET /?camp-fire%2F1379300.html HTTP/1.1" 500 - "-" "Mozilla/5.0 (compatible; SemrushBot/7~bl; +http://www.semrush.com/bot.html)" "mantech8.com"
103.131.71.104 - - [24/Sep/2022:21:58:28 -0700] "GET /robots.txt HTTP/1.1" 200 2442 "-" "Mozilla/5.0 (compatible; coccocbot-web/1.0; +http://help.coccoc.com/searchengine)" "mantech8.com"
114.119.133.165 - - [24/Sep/2022:21:59:20 -0700] "GET /index.php?biopoesis.xml HTTP/1.1" 200 281753 "-" "Mozilla/5.0 (Linux; Android 7.0;) AppleWebKit/537.36 (KHTML, like Gecko) Mobile Safari/537.36 (compatible; PetalBot;+https://webmaster.petalsearch.com/site/petalbot)" "mantech8.com"
185.191.171.44 - - [24/Sep/2022:22:00:20 -0700] "GET /?camp-fire%2F4096365.html HTTP/1.1" 500 - "-" "Mozilla/5.0 (compatible; SemrushBot/7~bl; +http://www.semrush.com/bot.html)" "mantech8.com"
185.191.171.5 - - [24/Sep/2022:22:00:38 -0700] "GET /?camp-fire%2F34936759.html HTTP/1.1" 500 - "-" "Mozilla/5.0 (compatible; SemrushBot/7~bl; +http://www.semrush.com/bot.html)" "mantech8.com"
185.191.171.8 - - [24/Sep/2022:22:00:44 -0700] "GET /?camp-fire%2F41416871.html HTTP/1.1" 500 - "-" "Mozilla/5.0 (compatible; SemrushBot/7~bl; +http://www.semrush.com/bot.html)" "mantech8.com"
185.191.171.10 - - [24/Sep/2022:22:01:08 -0700] "GET /?camp-fire%2F4018174.html HTTP/1.1" 500 - "-" "Mozilla/5.0 (compatible; SemrushBot/7~bl; +http://www.semrush.com/bot.html)" "mantech8.com"
185.191.171.38 - - [24/Sep/2022:22:01:11 -0700] "GET /?camp-fire%2F35287238.html HTTP/1.1" 500 - "-" "Mozilla/5.0 (compatible; SemrushBot/7~bl; +http://www.semrush.com/bot.html)" "mantech8.com"
185.191.171.12 - - [24/Sep/2022:22:01:39 -0700] "GET /?camp-fire%2F28850071.html HTTP/1.1" 500 - "-" "Mozilla/5.0 (compatible; SemrushBot/7~bl; +http://www.semrush.com/bot.html)" "mantech8.com"
185.191.171.1 - - [24/Sep/2022:22:01:42 -0700] "GET /?camp-fire%2F3440900.html HTTP/1.1" 500 - "-" "Mozilla/5.0 (compatible; SemrushBot/7~bl; +http://www.semrush.com/bot.html)" "mantech8.com"
185.191.171.15 - - [24/Sep/2022:22:02:01 -0700] "GET /?camp-fire%2F4102965.html HTTP/1.1" 500 - "-" "Mozilla/5.0 (compatible; SemrushBot/7~bl; +http://www.semrush.com/bot.html)" "mantech8.com"
185.191.171.44 - - [24/Sep/2022:22:02:23 -0700] "GET /?camp-fire%2F37364663.html HTTP/1.1" 500 - "-" "Mozilla/5.0 (compatible; SemrushBot/7~bl; +http://www.semrush.com/bot.html)" "mantech8.com"
185.191.171.7 - - [24/Sep/2022:22:03:57 -0700] "GET /?camp-fire%2F4332600.html HTTP/1.1" 500 - "-" "Mozilla/5.0 (compatible; SemrushBot/7~bl; +http://www.semrush.com/bot.html)" "mantech8.com"
207.46.13.145 - - [24/Sep/2022:22:04:39 -0700] "GET /bimages/client/comingsoon.jpg HTTP/1.1" 200 72363 "-" "Mozilla/5.0 (compatible; bingbot/2.0; +http://www.bing.com/bingbot.htm)" "www.mantech8.com"
185.191.171.25 - - [24/Sep/2022:22:04:44 -0700] "GET /?camp-fire%2F495569.html HTTP/1.1" 500 - "-" "Mozilla/5.0 (compatible; SemrushBot/7~bl; +http://www.semrush.com/bot.html)" "mantech8.com"
114.119.133.158 - - [24/Sep/2022:22:05:01 -0700] "GET /bimages/electric/ HTTP/1.1" 200 420 "http://www.mantech8.com/bimages/" "Mozilla/5.0 (Linux; Android 7.0;) AppleWebKit/537.36 (KHTML, like Gecko) Mobile Safari/537.36 (compatible; PetalBot;+https://webmaster.petalsearch.com/site/petalbot)" "www.mantech8.com"
185.191.171.15 - - [24/Sep/2022:22:05:25 -0700] "GET /?camp-fire%2F29283071.html HTTP/1.1" 500 - "-" "Mozilla/5.0 (compatible; SemrushBot/7~bl; +http://www.semrush.com/bot.html)" "mantech8.com"
185.191.171.23 - - [24/Sep/2022:22:05:26 -0700] "GET /?camp-fire%2F4400769.html HTTP/1.1" 500 - "-" "Mozilla/5.0 (compatible; SemrushBot/7~bl; +http://www.semrush.com/bot.html)" "mantech8.com"
185.191.171.7 - - [24/Sep/2022:22:06:09 -0700] "GET /?camp-fire%2F32961382.html HTTP/1.1" 500 - "-" "Mozilla/5.0 (compatible; SemrushBot/7~bl; +http://www.semrush.com/bot.html)" "mantech8.com"
185.191.171.11 - - [24/Sep/2022:22:06:30 -0700] "GET /?camp-fire%2F3919474.html HTTP/1.1" 500 - "-" "Mozilla/5.0 (compatible; SemrushBot/7~bl; +http://www.semrush.com/bot.html)" "mantech8.com"
185.191.171.43 - - [24/Sep/2022:22:07:04 -0700] "GET /?camp-fire%2F33862408.html HTTP/1.1" 500 - "-" "Mozilla/5.0 (compatible; SemrushBot/7~bl; +http://www.semrush.com/bot.html)" "mantech8.com"
185.191.171.36 - - [24/Sep/2022:22:07:05 -0700] "GET /?camp-fire%2F98070282.html HTTP/1.1" 500 - "-" "Mozilla/5.0 (compatible; SemrushBot/7~bl; +http://www.semrush.com/bot.html)" "mantech8.com"
207.46.13.145 - - [24/Sep/2022:22:07:10 -0700] "GET /camp-fire/17602001.html HTTP/1.1" 404 88 "-" "Mozilla/5.0 AppleWebKit/537.36 (KHTML, like Gecko; compatible; bingbot/2.0; +http://www.bing.com/bingbot.htm) Chrome/103.0.5060.134 Safari/537.36" "mantech8.com"
185.191.171.8 - - [24/Sep/2022:22:07:14 -0700] "GET /?camp-fire%2F75275600.html HTTP/1.1" 500 - "-" "Mozilla/5.0 (compatible; SemrushBot/7~bl; +http://www.semrush.com/bot.html)" "mantech8.com"
185.191.171.36 - - [24/Sep/2022:22:07:51 -0700] "GET /?camp-fire%2F1375500.html HTTP/1.1" 500 - "-" "Mozilla/5.0 (compatible; SemrushBot/7~bl; +http://www.semrush.com/bot.html)" "mantech8.com"
37.44.193.200 - - [24/Sep/2022:22:08:57 -0700] "GET /index.php?/newsinfo.asp?newsid=486 HTTP/1.1" 500 - "https://www.mantech8.com/index.php?/newsinfo.asp?newsid=486" "Mozilla/5.0 (Windows NT 10.0; WOW64; Rv:50.0) Gecko/20100101 Firefox/50.0" "www.mantech8.com"
185.191.171.9 - - [24/Sep/2022:22:08:58 -0700] "GET /?camp-fire%2F27341897.html HTTP/1.1" 500 - "-" "Mozilla/5.0 (compatible; SemrushBot/7~bl; +http://www.semrush.com/bot.html)" "mantech8.com"
157.55.39.87 - - [24/Sep/2022:22:08:59 -0700] "GET /camp-fire/26430010.html HTTP/1.1" 404 88 "-" "Mozilla/5.0 (compatible; bingbot/2.0; +http://www.bing.com/bingbot.htm)" "www.mantech8.com"
85.239.44.110 - - [24/Sep/2022:22:08:59 -0700] "GET /index.php?/newsinfo.asp?newsid=486'[0] HTTP/1.1" 500 - "https://www.mantech8.com/index.php?/newsinfo.asp?newsid=486'[0]" "Mozilla/5.0 (Windows NT 10.0; WOW64; Rv:50.0) Gecko/20100101 Firefox/50.0" "www.mantech8.com"
185.191.171.1 - - [24/Sep/2022:22:09:00 -0700] "GET /?camp-fire%2F26136551.html HTTP/1.1" 500 - "-" "Mozilla/5.0 (compatible; SemrushBot/7~bl; +http://www.semrush.com/bot.html)" "mantech8.com"
185.191.171.5 - - [24/Sep/2022:22:09:21 -0700] "GET /?camp-fire%2F36184176.html HTTP/1.1" 500 - "-" "Mozilla/5.0 (compatible; SemrushBot/7~bl; +http://www.semrush.com/bot.html)" "mantech8.com"
185.191.171.19 - - [24/Sep/2022:22:09:26 -0700] "GET /?camp-fire%2F1202872.html HTTP/1.1" 500 - "-" "Mozilla/5.0 (compatible; SemrushBot/7~bl; +http://www.semrush.com/bot.html)" "mantech8.com"
185.191.171.1 - - [24/Sep/2022:22:09:49 -0700] "GET /?camp-fire%2F33691259.html HTTP/1.1" 500 - "-" "Mozilla/5.0 (compatible; SemrushBot/7~bl; +http://www.semrush.com/bot.html)" "mantech8.com"
185.191.171.36 - - [24/Sep/2022:22:10:13 -0700] "GET /?camp-fire%2F49938159.html HTTP/1.1" 500 - "-" "Mozilla/5.0 (compatible; SemrushBot/7~bl; +http://www.semrush.com/bot.html)" "mantech8.com"
114.119.133.166 - - [24/Sep/2022:22:10:43 -0700] "GET /bimages/certificate/?C=M%3BO%3DA HTTP/1.1" 200 651 "http://mantech8.com/bimages/certificate/?C=N%3BO%3DD" "Mozilla/5.0 (Linux; Android 7.0;) AppleWebKit/537.36 (KHTML, like Gecko) Mobile Safari/537.36 (compatible; PetalBot;+https://webmaster.petalsearch.com/site/petalbot)" "mantech8.com"
216.244.66.241 - - [24/Sep/2022:22:11:31 -0700] "GET /robots.txt HTTP/1.1" 200 26464 "-" "Mozilla/5.0 (compatible; DotBot/1.2; +https://opensiteexplorer.org/dotbot; help@moz.com)" "mantech8.com"
216.244.66.241 - - [24/Sep/2022:22:11:31 -0700] "GET /robots.txt HTTP/1.1" 200 26464 "-" "Mozilla/5.0 (compatible; DotBot/1.2; +https://opensiteexplorer.org/dotbot; help@moz.com)" "www.mantech8.com"
185.191.171.13 - - [24/Sep/2022:22:11:35 -0700] "GET /?camp-fire%2F20910435.html HTTP/1.1" 500 - "-" "Mozilla/5.0 (compatible; SemrushBot/7~bl; +http://www.semrush.com/bot.html)" "mantech8.com"
185.191.171.10 - - [24/Sep/2022:22:11:48 -0700] "GET /?camp-fire%2F28487435.html HTTP/1.1" 500 - "-" "Mozilla/5.0 (compatible; SemrushBot/7~bl; +http://www.semrush.com/bot.html)" "mantech8.com"
185.191.171.3 - - [24/Sep/2022:22:12:01 -0700] "GET /?camp-fire%2F35045625.html HTTP/1.1" 500 - "-" "Mozilla/5.0 (compatible; SemrushBot/7~bl; +http://www.semrush.com/bot.html)" "mantech8.com"
185.191.171.10 - - [24/Sep/2022:22:12:05 -0700] "GET /?camp-fire%2F1269200.html HTTP/1.1" 500 - "-" "Mozilla/5.0 (compatible; SemrushBot/7~bl; +http://www.semrush.com/bot.html)" "mantech8.com"
185.191.171.24 - - [24/Sep/2022:22:12:38 -0700] "GET /?camp-fire%2F16242057.html HTTP/1.1" 500 - "-" "Mozilla/5.0 (compatible; SemrushBot/7~bl; +http://www.semrush.com/bot.html)" "mantech8.com"
185.191.171.19 - - [24/Sep/2022:22:13:33 -0700] "GET /?camp-fire%2F27279070.html HTTP/1.1" 500 - "-" "Mozilla/5.0 (compatible; SemrushBot/7~bl; +http://www.semrush.com/bot.html)" "mantech8.com"
185.191.171.21 - - [24/Sep/2022:22:14:12 -0700] "GET /?camp-fire%2F11549909.html HTTP/1.1" 500 - "-" "Mozilla/5.0 (compatible; SemrushBot/7~bl; +http://www.semrush.com/bot.html)" "mantech8.com"
185.191.171.4 - - [24/Sep/2022:22:15:01 -0700] "GET /?camp-fire%2F7526051.html HTTP/1.1" 500 - "-" "Mozilla/5.0 (compatible; SemrushBot/7~bl; +http://www.semrush.com/bot.html)" "mantech8.com"
185.191.171.7 - - [24/Sep/2022:22:15:19 -0700] "GET /?camp-fire%2F27848580.html HTTP/1.1" 500 - "-" "Mozilla/5.0 (compatible; SemrushBot/7~bl; +http://www.semrush.com/bot.html)" "mantech8.com"
185.191.171.5 - - [24/Sep/2022:22:15:38 -0700] "GET /?camp-fire%2F63121150.html HTTP/1.1" 500 - "-" "Mozilla/5.0 (compatible; SemrushBot/7~bl; +http://www.semrush.com/bot.html)" "mantech8.com"
185.191.171.44 - - [24/Sep/2022:22:15:41 -0700] "GET /?camp-fire%2F28617989.html HTTP/1.1" 500 - "-" "Mozilla/5.0 (compatible; SemrushBot/7~bl; +http://www.semrush.com/bot.html)" "mantech8.com"
185.191.171.19 - - [24/Sep/2022:22:15:58 -0700] "GET /?camp-fire%2F39452603.html HTTP/1.1" 500 - "-" "Mozilla/5.0 (compatible; SemrushBot/7~bl; +http://www.semrush.com/bot.html)" "mantech8.com"
185.191.171.34 - - [24/Sep/2022:22:16:06 -0700] "GET /?camp-fire%2F33690408.html HTTP/1.1" 500 - "-" "Mozilla/5.0 (compatible; SemrushBot/7~bl; +http://www.semrush.com/bot.html)" "mantech8.com"
114.119.133.182 - - [24/Sep/2022:22:16:30 -0700] "GET /bimages/gallery/thump/ HTTP/1.1" 200 1142 "http://www.mantech8.com/bimages/gallery/?C=M%3BO%3DA" "Mozilla/5.0 (Linux; Android 7.0;) AppleWebKit/537.36 (KHTML, like Gecko) Mobile Safari/537.36 (compatible; PetalBot;+https://webmaster.petalsearch.com/site/petalbot)" "www.mantech8.com"
185.191.171.21 - - [24/Sep/2022:22:16:41 -0700] "GET /?camp-fire%2F40405908.html HTTP/1.1" 500 - "-" "Mozilla/5.0 (compatible; SemrushBot/7~bl; +http://www.semrush.com/bot.html)" "mantech8.com"
185.191.171.17 - - [24/Sep/2022:22:17:32 -0700] "GET /?camp-fire%2F48801064.html HTTP/1.1" 500 - "-" "Mozilla/5.0 (compatible; SemrushBot/7~bl; +http://www.semrush.com/bot.html)" "mantech8.com"
185.191.171.7 - - [24/Sep/2022:22:18:46 -0700] "GET /?camp-fire%2F28344735.html HTTP/1.1" 500 - "-" "Mozilla/5.0 (compatible; SemrushBot/7~bl; +http://www.semrush.com/bot.html)" "mantech8.com"
185.191.171.8 - - [24/Sep/2022:22:19:05 -0700] "GET /?camp-fire%2F15324965.html HTTP/1.1" 500 - "-" "Mozilla/5.0 (compatible; SemrushBot/7~bl; +http://www.semrush.com/bot.html)" "mantech8.com"
185.191.171.4 - - [24/Sep/2022:22:19:07 -0700] "GET /?camp-fire%2F7750308.html HTTP/1.1" 500 - "-" "Mozilla/5.0 (compatible; SemrushBot/7~bl; +http://www.semrush.com/bot.html)" "mantech8.com"
185.191.171.3 - - [24/Sep/2022:22:19:13 -0700] "GET /?camp-fire%2F42073649.html HTTP/1.1" 500 - "-" "Mozilla/5.0 (compatible; SemrushBot/7~bl; +http://www.semrush.com/bot.html)" "mantech8.com"
185.191.171.18 - - [24/Sep/2022:22:19:33 -0700] "GET /?camp-fire%2F40797008.html HTTP/1.1" 500 - "-" "Mozilla/5.0 (compatible; SemrushBot/7~bl; +http://www.semrush.com/bot.html)" "mantech8.com"
185.191.171.40 - - [24/Sep/2022:22:20:01 -0700] "GET /?camp-fire%2F2811051.html HTTP/1.1" 500 - "-" "Mozilla/5.0 (compatible; SemrushBot/7~bl; +http://www.semrush.com/bot.html)" "mantech8.com"
185.191.171.40 - - [24/Sep/2022:22:20:53 -0700] "GET /?camp-fire%2F16143572.html HTTP/1.1" 500 - "-" "Mozilla/5.0 (compatible; SemrushBot/7~bl; +http://www.semrush.com/bot.html)" "mantech8.com"
185.191.171.45 - - [24/Sep/2022:22:21:07 -0700] "GET /?camp-fire%2F22173051.html HTTP/1.1" 500 - "-" "Mozilla/5.0 (compatible; SemrushBot/7~bl; +http://www.semrush.com/bot.html)" "mantech8.com"
185.191.171.24 - - [24/Sep/2022:22:21:35 -0700] "GET /?camp-fire%2F2376390.html HTTP/1.1" 500 - "-" "Mozilla/5.0 (compatible; SemrushBot/7~bl; +http://www.semrush.com/bot.html)" "mantech8.com"
185.191.171.40 - - [24/Sep/2022:22:21:38 -0700] "GET /?camp-fire%2F42897134.html HTTP/1.1" 500 - "-" "Mozilla/5.0 (compatible; SemrushBot/7~bl; +http://www.semrush.com/bot.html)" "mantech8.com"
114.119.133.182 - - [24/Sep/2022:22:22:04 -0700] "GET /bimages/ework/?C=S%3BO%3DA HTTP/1.1" 200 419 "http://www.mantech8.com/bimages/ework/?C=D%3BO%3DA" "Mozilla/5.0 (Linux; Android 7.0;) AppleWebKit/537.36 (KHTML, like Gecko) Mobile Safari/537.36 (compatible; PetalBot;+https://webmaster.petalsearch.com/site/petalbot)" "www.mantech8.com"
185.191.171.18 - - [24/Sep/2022:22:22:08 -0700] "GET /?camp-fire%2F15601546.html HTTP/1.1" 500 - "-" "Mozilla/5.0 (compatible; SemrushBot/7~bl; +http://www.semrush.com/bot.html)" "mantech8.com"
185.191.171.5 - - [24/Sep/2022:22:22:55 -0700] "GET /?camp-fire%2F15338484.html HTTP/1.1" 500 - "-" "Mozilla/5.0 (compatible; SemrushBot/7~bl; +http://www.semrush.com/bot.html)" "mantech8.com"
185.191.171.6 - - [24/Sep/2022:22:23:15 -0700] "GET /?camp-fire%2F17708353.html HTTP/1.1" 500 - "-" "Mozilla/5.0 (compatible; SemrushBot/7~bl; +http://www.semrush.com/bot.html)" "mantech8.com"
185.191.171.39 - - [24/Sep/2022:22:23:22 -0700] "GET /?camp-fire%2F15513546.html HTTP/1.1" 500 - "-" "Mozilla/5.0 (compatible; SemrushBot/7~bl; +http://www.semrush.com/bot.html)" "mantech8.com"
185.191.171.2 - - [24/Sep/2022:22:24:57 -0700] "GET /?camp-fire%2F33915508.html HTTP/1.1" 500 - "-" "Mozilla/5.0 (compatible; SemrushBot/7~bl; +http://www.semrush.com/bot.html)" "mantech8.com"
185.191.171.13 - - [24/Sep/2022:22:25:25 -0700] "GET /?camp-fire%2F18066081.html HTTP/1.1" 500 - "-" "Mozilla/5.0 (compatible; SemrushBot/7~bl; +http://www.semrush.com/bot.html)" "mantech8.com"
185.191.171.2 - - [24/Sep/2022:22:25:26 -0700] "GET /?camp-fire%2F14625624.html HTTP/1.1" 500 - "-" "Mozilla/5.0 (compatible; SemrushBot/7~bl; +http://www.semrush.com/bot.html)" "mantech8.com"
185.191.171.11 - - [24/Sep/2022:22:26:32 -0700] "GET /?camp-fire%2F42879934.html HTTP/1.1" 500 - "-" "Mozilla/5.0 (compatible; SemrushBot/7~bl; +http://www.semrush.com/bot.html)" "mantech8.com"
185.191.171.1 - - [24/Sep/2022:22:26:33 -0700] "GET /?camp-fire%2F22048342.html HTTP/1.1" 500 - "-" "Mozilla/5.0 (compatible; SemrushBot/7~bl; +http://www.semrush.com/bot.html)" "mantech8.com"
185.191.171.6 - - [24/Sep/2022:22:27:04 -0700] "GET /?camp-fire%2F66995692.html HTTP/1.1" 500 - "-" "Mozilla/5.0 (compatible; SemrushBot/7~bl; +http://www.semrush.com/bot.html)" "mantech8.com"
114.119.133.158 - - [24/Sep/2022:22:27:43 -0700] "GET /bimages/scafg/thump/ HTTP/1.1" 200 535 "http://www.mantech8.com/bimages/scafg/?C=S%3BO%3DA" "Mozilla/5.0 (Linux; Android 7.0;) AppleWebKit/537.36 (KHTML, like Gecko) Mobile Safari/537.36 (compatible; PetalBot;+https://webmaster.petalsearch.com/site/petalbot)" "www.mantech8.com"
185.191.171.8 - - [24/Sep/2022:22:27:44 -0700] "GET /?camp-fire%2F1369900.html HTTP/1.1" 500 - "-" "Mozilla/5.0 (compatible; SemrushBot/7~bl; +http://www.semrush.com/bot.html)" "mantech8.com"
185.191.171.8 - - [24/Sep/2022:22:28:13 -0700] "GET /?camp-fire%2F30333906.html HTTP/1.1" 500 - "-" "Mozilla/5.0 (compatible; SemrushBot/7~bl; +http://www.semrush.com/bot.html)" "mantech8.com"
185.191.171.2 - - [24/Sep/2022:22:28:46 -0700] "GET /?camp-fire%2F10411883.html HTTP/1.1" 500 - "-" "Mozilla/5.0 (compatible; SemrushBot/7~bl; +http://www.semrush.com/bot.html)" "mantech8.com"
185.191.171.38 - - [24/Sep/2022:22:29:34 -0700] "GET /?camp-fire%2F628569.html HTTP/1.1" 500 - "-" "Mozilla/5.0 (compatible; SemrushBot/7~bl; +http://www.semrush.com/bot.html)" "mantech8.com"
185.191.171.2 - - [24/Sep/2022:22:30:18 -0700] "GET /?camp-fire%2F21092255.html HTTP/1.1" 500 - "-" "Mozilla/5.0 (compatible; SemrushBot/7~bl; +http://www.semrush.com/bot.html)" "mantech8.com"
185.191.171.19 - - [24/Sep/2022:22:30:19 -0700] "GET /robots.txt HTTP/1.1" 200 2442 "-" "Mozilla/5.0 (compatible; SemrushBot/7~bl; +http://www.semrush.com/bot.html)" "mantech8.com"
185.191.171.4 - - [24/Sep/2022:22:30:19 -0700] "GET /?camp-fire%2F27270070.html HTTP/1.1" 500 - "-" "Mozilla/5.0 (compatible; SemrushBot/7~bl; +http://www.semrush.com/bot.html)" "mantech8.com"
185.191.171.8 - - [24/Sep/2022:22:30:42 -0700] "GET /?camp-fire%2F48986589.html HTTP/1.1" 500 - "-" "Mozilla/5.0 (compatible; SemrushBot/7~bl; +http://www.semrush.com/bot.html)" "mantech8.com"
185.191.171.20 - - [24/Sep/2022:22:31:23 -0700] "GET /?camp-fire%2F14973578.html HTTP/1.1" 500 - "-" "Mozilla/5.0 (compatible; SemrushBot/7~bl; +http://www.semrush.com/bot.html)" "mantech8.com"
185.191.171.3 - - [24/Sep/2022:22:31:35 -0700] "GET /?camp-fire%2F39834402.html HTTP/1.1" 500 - "-" "Mozilla/5.0 (compatible; SemrushBot/7~bl; +http://www.semrush.com/bot.html)" "mantech8.com"
185.191.171.40 - - [24/Sep/2022:22:31:48 -0700] "GET /?camp-fire%2F52480750.html HTTP/1.1" 500 - "-" "Mozilla/5.0 (compatible; SemrushBot/7~bl; +http://www.semrush.com/bot.html)" "mantech8.com"
185.191.171.23 - - [24/Sep/2022:22:32:22 -0700] "GET /?camp-fire%2F88591093.html HTTP/1.1" 500 - "-" "Mozilla/5.0 (compatible; SemrushBot/7~bl; +http://www.semrush.com/bot.html)" "mantech8.com"
185.191.171.2 - - [24/Sep/2022:22:32:31 -0700] "GET /?camp-fire%2F27902159.html HTTP/1.1" 500 - "-" "Mozilla/5.0 (compatible; SemrushBot/7~bl; +http://www.semrush.com/bot.html)" "mantech8.com"
185.191.171.14 - - [24/Sep/2022:22:33:03 -0700] "GET /?camp-fire%2F41325550.html HTTP/1.1" 500 - "-" "Mozilla/5.0 (compatible; SemrushBot/7~bl; +http://www.semrush.com/bot.html)" "mantech8.com"
114.119.133.190 - - [24/Sep/2022:22:33:26 -0700] "GET /bimages/hydrog/?C=N%3BO%3DD HTTP/1.1" 200 486 "http://mantech8.com/bimages/hydrog/?C=S%3BO%3DA" "Mozilla/5.0 (Linux; Android 7.0;) AppleWebKit/537.36 (KHTML, like Gecko) Mobile Safari/537.36 (compatible; PetalBot;+https://webmaster.petalsearch.com/site/petalbot)" "mantech8.com"
185.191.171.15 - - [24/Sep/2022:22:34:11 -0700] "GET /?camp-fire%2F73198429.html HTTP/1.1" 500 - "-" "Mozilla/5.0 (compatible; SemrushBot/7~bl; +http://www.semrush.com/bot.html)" "mantech8.com"
185.191.171.7 - - [24/Sep/2022:22:34:13 -0700] "GET /?camp-fire%2F14917687.html HTTP/1.1" 500 - "-" "Mozilla/5.0 (compatible; SemrushBot/7~bl; +http://www.semrush.com/bot.html)" "mantech8.com"
185.191.171.6 - - [24/Sep/2022:22:34:16 -0700] "GET /?camp-fire%2F23736406.html HTTP/1.1" 500 - "-" "Mozilla/5.0 (compatible; SemrushBot/7~bl; +http://www.semrush.com/bot.html)" "mantech8.com"
185.191.171.2 - - [24/Sep/2022:22:34:48 -0700] "GET /?camp-fire%2F26836721.html HTTP/1.1" 500 - "-" "Mozilla/5.0 (compatible; SemrushBot/7~bl; +http://www.semrush.com/bot.html)" "mantech8.com"
185.191.171.2 - - [24/Sep/2022:22:35:23 -0700] "GET /?camp-fire%2F24263950.html HTTP/1.1" 500 - "-" "Mozilla/5.0 (compatible; SemrushBot/7~bl; +http://www.semrush.com/bot.html)" "mantech8.com"
185.191.171.16 - - [24/Sep/2022:22:35:25 -0700] "GET /?camp-fire%2F17672659.html HTTP/1.1" 500 - "-" "Mozilla/5.0 (compatible; SemrushBot/7~bl; +http://www.semrush.com/bot.html)" "mantech8.com"
157.55.39.87 - - [24/Sep/2022:22:35:42 -0700] "GET /about.php HTTP/1.1" 404 88 "-" "Mozilla/5.0 (compatible; bingbot/2.0; +http://www.bing.com/bingbot.htm)" "mantech8.com"
185.191.171.6 - - [24/Sep/2022:22:35:44 -0700] "GET /?camp-fire%2F3339700.html HTTP/1.1" 500 - "-" "Mozilla/5.0 (compatible; SemrushBot/7~bl; +http://www.semrush.com/bot.html)" "mantech8.com"
185.191.171.5 - - [24/Sep/2022:22:35:56 -0700] "GET /?camp-fire%2F70135826.html HTTP/1.1" 500 - "-" "Mozilla/5.0 (compatible; SemrushBot/7~bl; +http://www.semrush.com/bot.html)" "mantech8.com"
185.191.171.3 - - [24/Sep/2022:22:36:51 -0700] "GET /?camp-fire%2F35778850.html HTTP/1.1" 500 - "-" "Mozilla/5.0 (compatible; SemrushBot/7~bl; +http://www.semrush.com/bot.html)" "mantech8.com"
185.191.171.45 - - [24/Sep/2022:22:38:22 -0700] "GET /?camp-fire%2F24944861.html HTTP/1.1" 500 - "-" "Mozilla/5.0 (compatible; SemrushBot/7~bl; +http://www.semrush.com/bot.html)" "mantech8.com"
207.46.13.48 - - [24/Sep/2022:22:38:24 -0700] "GET /index.php/nieying.xml HTTP/1.1" 200 256204 "-" "Mozilla/5.0 AppleWebKit/537.36 (KHTML, like Gecko; compatible; bingbot/2.0; +http://www.bing.com/bingbot.htm) Chrome/103.0.5060.134 Safari/537.36" "mantech8.com"
185.191.171.25 - - [24/Sep/2022:22:38:45 -0700] "GET /?camp-fire%2F27117163.html HTTP/1.1" 500 - "-" "Mozilla/5.0 (compatible; SemrushBot/7~bl; +http://www.semrush.com/bot.html)" "mantech8.com"
185.191.171.34 - - [24/Sep/2022:22:39:09 -0700] "GET /?camp-fire%2F17697498.html HTTP/1.1" 500 - "-" "Mozilla/5.0 (compatible; SemrushBot/7~bl; +http://www.semrush.com/bot.html)" "mantech8.com"
185.191.171.4 - - [24/Sep/2022:22:39:10 -0700] "GET /?camp-fire%2F1517653.html HTTP/1.1" 500 - "-" "Mozilla/5.0 (compatible; SemrushBot/7~bl; +http://www.semrush.com/bot.html)" "mantech8.com"
114.119.133.190 - - [24/Sep/2022:22:39:11 -0700] "GET /bimages/gallery/?C=D%3BO%3DA HTTP/1.1" 200 1163 "http://mantech8.com/bimages/gallery/?C=N%3BO%3DD" "Mozilla/5.0 (Linux; Android 7.0;) AppleWebKit/537.36 (KHTML, like Gecko) Mobile Safari/537.36 (compatible; PetalBot;+https://webmaster.petalsearch.com/site/petalbot)" "mantech8.com"
185.191.171.2 - - [24/Sep/2022:22:39:49 -0700] "GET /?camp-fire%2F45817749.html HTTP/1.1" 500 - "-" "Mozilla/5.0 (compatible; SemrushBot/7~bl; +http://www.semrush.com/bot.html)" "mantech8.com"
207.46.13.145 - - [24/Sep/2022:22:40:53 -0700] "GET /index.php?c=product&a=type&tid=53 HTTP/1.1" 200 35961 "-" "Mozilla/5.0 (compatible; bingbot/2.0; +http://www.bing.com/bingbot.htm)" "www.mantech8.com"
185.191.171.1 - - [24/Sep/2022:22:40:54 -0700] "GET /?camp-fire%2F89475727.html HTTP/1.1" 500 - "-" "Mozilla/5.0 (compatible; SemrushBot/7~bl; +http://www.semrush.com/bot.html)" "mantech8.com"
185.191.171.11 - - [24/Sep/2022:22:41:16 -0700] "GET /?camp-fire%2F66585002.html HTTP/1.1" 500 - "-" "Mozilla/5.0 (compatible; SemrushBot/7~bl; +http://www.semrush.com/bot.html)" "mantech8.com"
185.191.171.7 - - [24/Sep/2022:22:41:18 -0700] "GET /?camp-fire%2F25935776.html HTTP/1.1" 500 - "-" "Mozilla/5.0 (compatible; SemrushBot/7~bl; +http://www.semrush.com/bot.html)" "mantech8.com"
185.191.171.40 - - [24/Sep/2022:22:41:30 -0700] "GET /?camp-fire%2F34339689.html HTTP/1.1" 500 - "-" "Mozilla/5.0 (compatible; SemrushBot/7~bl; +http://www.semrush.com/bot.html)" "mantech8.com"
185.191.171.20 - - [24/Sep/2022:22:41:54 -0700] "GET /?camp-fire%2F34314581.html HTTP/1.1" 500 - "-" "Mozilla/5.0 (compatible; SemrushBot/7~bl; +http://www.semrush.com/bot.html)" "mantech8.com"
185.191.171.1 - - [24/Sep/2022:22:42:08 -0700] "GET /?camp-fire%2F32494960.html HTTP/1.1" 500 - "-" "Mozilla/5.0 (compatible; SemrushBot/7~bl; +http://www.semrush.com/bot.html)" "mantech8.com"
120.244.123.215 - - [24/Sep/2022:22:42:16 -0700] "GET /robots.txt HTTP/1.1" 200 2442 "-" "Mozilla/5.0 (Windows NT 10.0; Win64; x64) AppleWebKit/537.36 (KHTML, like Gecko) Chrome/92.0.4515.159 Safari/537.36" "www.mantech8.com"
185.191.171.16 - - [24/Sep/2022:22:42:27 -0700] "GET /?camp-fire%2F35725138.html HTTP/1.1" 500 - "-" "Mozilla/5.0 (compatible; SemrushBot/7~bl; +http://www.semrush.com/bot.html)" "mantech8.com"
185.191.171.1 - - [24/Sep/2022:22:42:29 -0700] "GET /?camp-fire%2F27525826.html HTTP/1.1" 500 - "-" "Mozilla/5.0 (compatible; SemrushBot/7~bl; +http://www.semrush.com/bot.html)" "mantech8.com"
207.46.13.48 - - [24/Sep/2022:22:43:23 -0700] "GET /index.php/camp-fire/43775234.html HTTP/1.1" 200 50665 "-" "Mozilla/5.0 (compatible; bingbot/2.0; +http://www.bing.com/bingbot.htm)" "mantech8.com"
185.191.171.11 - - [24/Sep/2022:22:43:26 -0700] "GET /?camp-fire%2F15157456.html HTTP/1.1" 500 - "-" "Mozilla/5.0 (compatible; SemrushBot/7~bl; +http://www.semrush.com/bot.html)" "mantech8.com"
207.46.13.15 - - [24/Sep/2022:22:43:28 -0700] "GET /?camp-fire/27597371.html HTTP/1.1" 200 73745 "-" "Mozilla/5.0 (compatible; bingbot/2.0; +http://www.bing.com/bingbot.htm)" "mantech8.com"
207.46.13.15 - - [24/Sep/2022:22:43:29 -0700] "GET /index.php/camp-fire/28710709.html HTTP/1.1" 200 64134 "-" "Mozilla/5.0 (compatible; bingbot/2.0; +http://www.bing.com/bingbot.htm)" "mantech8.com"
207.46.13.15 - - [24/Sep/2022:22:43:29 -0700] "GET /index.php?camp-fire/31927230.html HTTP/1.1" 200 73740 "-" "Mozilla/5.0 AppleWebKit/537.36 (KHTML, like Gecko; compatible; bingbot/2.0; +http://www.bing.com/bingbot.htm) Chrome/103.0.5060.134 Safari/537.36" "mantech8.com"
207.46.13.15 - - [24/Sep/2022:22:43:29 -0700] "GET /index.php?camp-fire/98996435.html HTTP/1.1" 200 51260 "-" "Mozilla/5.0 (compatible; bingbot/2.0; +http://www.bing.com/bingbot.htm)" "mantech8.com"
157.55.39.87 - - [24/Sep/2022:22:43:33 -0700] "GET /index.php/camp-fire/13119476.html HTTP/1.1" 200 67452 "-" "Mozilla/5.0 (compatible; bingbot/2.0; +http://www.bing.com/bingbot.htm)" "mantech8.com"
157.55.39.87 - - [24/Sep/2022:22:43:33 -0700] "GET /index.php/camp-fire/27442497.html HTTP/1.1" 200 79778 "-" "Mozilla/5.0 (compatible; bingbot/2.0; +http://www.bing.com/bingbot.htm)" "mantech8.com"
157.55.39.87 - - [24/Sep/2022:22:43:34 -0700] "GET /index.php?camp-fire/22078935.html HTTP/1.1" 200 47900 "-" "Mozilla/5.0 (compatible; bingbot/2.0; +http://www.bing.com/bingbot.htm)" "mantech8.com"
157.55.39.87 - - [24/Sep/2022:22:43:34 -0700] "GET /index.php?camp-fire/40467788.html HTTP/1.1" 200 45990 "-" "Mozilla/5.0 (compatible; bingbot/2.0; +http://www.bing.com/bingbot.htm)" "mantech8.com"
207.46.13.145 - - [24/Sep/2022:22:43:37 -0700] "GET /index.php?camp-fire/12639809.html HTTP/1.1" 200 71595 "-" "Mozilla/5.0 (compatible; bingbot/2.0; +http://www.bing.com/bingbot.htm)" "mantech8.com"
185.191.171.15 - - [24/Sep/2022:22:43:57 -0700] "GET /?camp-fire%2F1376859.html HTTP/1.1" 500 - "-" "Mozilla/5.0 (compatible; SemrushBot/7~bl; +http://www.semrush.com/bot.html)" "mantech8.com"
185.191.171.17 - - [24/Sep/2022:22:44:30 -0700] "GET /?camp-fire%2F40272588.html HTTP/1.1" 500 - "-" "Mozilla/5.0 (compatible; SemrushBot/7~bl; +http://www.semrush.com/bot.html)" "mantech8.com"
185.191.171.37 - - [24/Sep/2022:22:44:46 -0700] "GET /?camp-fire%2F8145678.html HTTP/1.1" 500 - "-" "Mozilla/5.0 (compatible; SemrushBot/7~bl; +http://www.semrush.com/bot.html)" "mantech8.com"
114.119.133.158 - - [24/Sep/2022:22:44:49 -0700] "GET /index.php/sitemap7655.xml HTTP/1.1" 200 265966 "-" "Mozilla/5.0 (compatible;PetalBot;+https://webmaster.petalsearch.com/site/petalbot)" "mantech8.com"
185.191.171.5 - - [24/Sep/2022:22:45:37 -0700] "GET /?camp-fire%2F10525957.html HTTP/1.1" 500 - "-" "Mozilla/5.0 (compatible; SemrushBot/7~bl; +http://www.semrush.com/bot.html)" "mantech8.com"
185.191.171.37 - - [24/Sep/2022:22:45:38 -0700] "GET /?camp-fire%2F35096025.html HTTP/1.1" 500 - "-" "Mozilla/5.0 (compatible; SemrushBot/7~bl; +http://www.semrush.com/bot.html)" "mantech8.com"
185.191.171.16 - - [24/Sep/2022:22:46:24 -0700] "GET /?camp-fire%2F18380808.html HTTP/1.1" 500 - "-" "Mozilla/5.0 (compatible; SemrushBot/7~bl; +http://www.semrush.com/bot.html)" "mantech8.com"
185.191.171.19 - - [24/Sep/2022:22:46:29 -0700] "GET /?camp-fire%2F55418065.html HTTP/1.1" 500 - "-" "Mozilla/5.0 (compatible; SemrushBot/7~bl; +http://www.semrush.com/bot.html)" "mantech8.com"
185.191.171.11 - - [24/Sep/2022:22:47:03 -0700] "GET /?camp-fire%2F38877517.html HTTP/1.1" 500 - "-" "Mozilla/5.0 (compatible; SemrushBot/7~bl; +http://www.semrush.com/bot.html)" "mantech8.com"
185.191.171.12 - - [24/Sep/2022:22:48:08 -0700] "GET /?camp-fire%2F27634871.html HTTP/1.1" 500 - "-" "Mozilla/5.0 (compatible; SemrushBot/7~bl; +http://www.semrush.com/bot.html)" "mantech8.com"
185.191.171.9 - - [24/Sep/2022:22:48:14 -0700] "GET /?camp-fire%2F28169426.html HTTP/1.1" 500 - "-" "Mozilla/5.0 (compatible; SemrushBot/7~bl; +http://www.semrush.com/bot.html)" "mantech8.com"
185.191.171.45 - - [24/Sep/2022:22:49:27 -0700] "GET /?camp-fire%2F26072751.html HTTP/1.1" 500 - "-" "Mozilla/5.0 (compatible; SemrushBot/7~bl; +http://www.semrush.com/bot.html)" "mantech8.com"
185.191.171.17 - - [24/Sep/2022:22:49:43 -0700] "GET /?camp-fire%2F40362950.html HTTP/1.1" 500 - "-" "Mozilla/5.0 (compatible; SemrushBot/7~bl; +http://www.semrush.com/bot.html)" "mantech8.com"
185.191.171.45 - - [24/Sep/2022:22:49:57 -0700] "GET /?camp-fire%2F41403071.html HTTP/1.1" 500 - "-" "Mozilla/5.0 (compatible; SemrushBot/7~bl; +http://www.semrush.com/bot.html)" "mantech8.com"
185.191.171.24 - - [24/Sep/2022:22:50:05 -0700] "GET /?camp-fire%2F33160416.html HTTP/1.1" 500 - "-" "Mozilla/5.0 (compatible; SemrushBot/7~bl; +http://www.semrush.com/bot.html)" "mantech8.com"
185.191.171.34 - - [24/Sep/2022:22:50:23 -0700] "GET /?camp-fire%2F32509768.html HTTP/1.1" 500 - "-" "Mozilla/5.0 (compatible; SemrushBot/7~bl; +http://www.semrush.com/bot.html)" "mantech8.com"
114.119.133.166 - - [24/Sep/2022:22:50:33 -0700] "GET /?rebeginner.xml HTTP/1.1" 200 239849 "-" "Mozilla/5.0 (compatible;PetalBot;+https://webmaster.petalsearch.com/site/petalbot)" "mantech8.com"
157.55.39.68 - - [24/Sep/2022:22:50:43 -0700] "GET /index.php?/index.php/index/news/id/100.html HTTP/1.1" 200 62757 "-" "Mozilla/5.0 (compatible; bingbot/2.0; +http://www.bing.com/bingbot.htm)" "mantech8.com"
185.191.171.3 - - [24/Sep/2022:22:51:55 -0700] "GET /?camp-fire%2F4280596.html HTTP/1.1" 500 - "-" "Mozilla/5.0 (compatible; SemrushBot/7~bl; +http://www.semrush.com/bot.html)" "mantech8.com"
185.191.171.6 - - [24/Sep/2022:22:52:13 -0700] "GET /?camp-fire%2F18307727.html HTTP/1.1" 500 - "-" "Mozilla/5.0 (compatible; SemrushBot/7~bl; +http://www.semrush.com/bot.html)" "mantech8.com"
40.77.167.95 - - [24/Sep/2022:22:52:39 -0700] "GET /robots.txt HTTP/1.1" 200 2442 "-" "Mozilla/5.0 (compatible; bingbot/2.0; +http://www.bing.com/bingbot.htm)" "www.mantech8.com"
157.55.39.87 - - [24/Sep/2022:22:52:42 -0700] "GET /index.php?c=product&a=type&tid=3 HTTP/1.1" 200 38225 "-" "Mozilla/5.0 (compatible; bingbot/2.0; +http://www.bing.com/bingbot.htm)" "www.mantech8.com"
185.191.171.15 - - [24/Sep/2022:22:52:53 -0700] "GET /?camp-fire%2F30261830.html HTTP/1.1" 500 - "-" "Mozilla/5.0 (compatible; SemrushBot/7~bl; +http://www.semrush.com/bot.html)" "mantech8.com"
185.191.171.33 - - [24/Sep/2022:22:53:07 -0700] "GET /?camp-fire%2F32463060.html HTTP/1.1" 500 - "-" "Mozilla/5.0 (compatible; SemrushBot/7~bl; +http://www.semrush.com/bot.html)" "mantech8.com"
185.191.171.37 - - [24/Sep/2022:22:53:38 -0700] "GET /?camp-fire%2F43867203.html HTTP/1.1" 500 - "-" "Mozilla/5.0 (compatible; SemrushBot/7~bl; +http://www.semrush.com/bot.html)" "mantech8.com"
185.191.171.20 - - [24/Sep/2022:22:55:19 -0700] "GET /?camp-fire%2F85212124.html HTTP/1.1" 500 - "-" "Mozilla/5.0 (compatible; SemrushBot/7~bl; +http://www.semrush.com/bot.html)" "mantech8.com"
185.191.171.38 - - [24/Sep/2022:22:55:53 -0700] "GET /?camp-fire%2F56659571.html HTTP/1.1" 500 - "-" "Mozilla/5.0 (compatible; SemrushBot/7~bl; +http://www.semrush.com/bot.html)" "mantech8.com"
114.119.133.182 - - [24/Sep/2022:22:56:09 -0700] "GET /index.php?interphalangeal.xml HTTP/1.1" 200 271265 "-" "Mozilla/5.0 (Linux; Android 7.0;) AppleWebKit/537.36 (KHTML, like Gecko) Mobile Safari/537.36 (compatible; PetalBot;+https://webmaster.petalsearch.com/site/petalbot)" "mantech8.com"
