185.191.171.36 - - [24/Sep/2022:20:19:03 -0700] "GET /?camp-fire%2F27121863.html HTTP/1.1" 500 - "-" "Mozilla/5.0 (compatible; SemrushBot/7~bl; +http://www.semrush.com/bot.html)" "mantech8.com"
185.191.171.23 - - [24/Sep/2022:20:19:29 -0700] "GET /?camp-fire%2F49054108.html HTTP/1.1" 500 - "-" "Mozilla/5.0 (compatible; SemrushBot/7~bl; +http://www.semrush.com/bot.html)" "mantech8.com"
185.191.171.42 - - [24/Sep/2022:20:19:38 -0700] "GET /?camp-fire%2F11856157.html HTTP/1.1" 500 - "-" "Mozilla/5.0 (compatible; SemrushBot/7~bl; +http://www.semrush.com/bot.html)" "mantech8.com"
185.191.171.10 - - [24/Sep/2022:20:20:06 -0700] "GET /?camp-fire%2F74230135.html HTTP/1.1" 500 - "-" "Mozilla/5.0 (compatible; SemrushBot/7~bl; +http://www.semrush.com/bot.html)" "mantech8.com"
185.191.171.26 - - [24/Sep/2022:20:20:24 -0700] "GET /?camp-fire%2F4114578.html HTTP/1.1" 500 - "-" "Mozilla/5.0 (compatible; SemrushBot/7~bl; +http://www.semrush.com/bot.html)" "mantech8.com"
185.191.171.40 - - [24/Sep/2022:20:20:28 -0700] "GET /?camp-fire%2F20185674.html HTTP/1.1" 500 - "-" "Mozilla/5.0 (compatible; SemrushBot/7~bl; +http://www.semrush.com/bot.html)" "mantech8.com"
185.191.171.38 - - [24/Sep/2022:20:20:58 -0700] "GET /?camp-fire%2F39129260.html HTTP/1.1" 500 - "-" "Mozilla/5.0 (compatible; SemrushBot/7~bl; +http://www.semrush.com/bot.html)" "mantech8.com"
114.119.133.190 - - [24/Sep/2022:20:21:19 -0700] "GET /bimages/video/ HTTP/1.1" 200 550 "http://www.mantech8.com/bimages/" "Mozilla/5.0 (Linux; Android 7.0;) AppleWebKit/537.36 (KHTML, like Gecko) Mobile Safari/537.36 (compatible; PetalBot;+https://webmaster.petalsearch.com/site/petalbot)" "www.mantech8.com"
185.191.171.17 - - [24/Sep/2022:20:21:26 -0700] "GET /?camp-fire%2F13478853.html HTTP/1.1" 500 - "-" "Mozilla/5.0 (compatible; SemrushBot/7~bl; +http://www.semrush.com/bot.html)" "mantech8.com"
185.191.171.9 - - [24/Sep/2022:20:21:44 -0700] "GET /?camp-fire%2F32989470.html HTTP/1.1" 500 - "-" "Mozilla/5.0 (compatible; SemrushBot/7~bl; +http://www.semrush.com/bot.html)" "mantech8.com"
185.191.171.19 - - [24/Sep/2022:20:22:15 -0700] "GET /?camp-fire%2F7917942.html HTTP/1.1" 500 - "-" "Mozilla/5.0 (compatible; SemrushBot/7~bl; +http://www.semrush.com/bot.html)" "mantech8.com"
185.191.171.5 - - [24/Sep/2022:20:22:26 -0700] "GET /?camp-fire%2F19801432.html HTTP/1.1" 500 - "-" "Mozilla/5.0 (compatible; SemrushBot/7~bl; +http://www.semrush.com/bot.html)" "mantech8.com"
185.191.171.25 - - [24/Sep/2022:20:22:57 -0700] "GET /?camp-fire%2F39829102.html HTTP/1.1" 500 - "-" "Mozilla/5.0 (compatible; SemrushBot/7~bl; +http://www.semrush.com/bot.html)" "mantech8.com"
207.46.13.104 - - [24/Sep/2022:20:23:11 -0700] "GET /bimages/gallery/thump/sb6.jpg HTTP/1.1" 200 95955 "-" "Mozilla/5.0 (compatible; bingbot/2.0; +http://www.bing.com/bingbot.htm)" "www.mantech8.com"
185.191.171.6 - - [24/Sep/2022:20:24:54 -0700] "GET /?camp-fire%2F42081349.html HTTP/1.1" 500 - "-" "Mozilla/5.0 (compatible; SemrushBot/7~bl; +http://www.semrush.com/bot.html)" "mantech8.com"
185.191.171.7 - - [24/Sep/2022:20:25:01 -0700] "GET /?camp-fire%2F41391450.html HTTP/1.1" 500 - "-" "Mozilla/5.0 (compatible; SemrushBot/7~bl; +http://www.semrush.com/bot.html)" "mantech8.com"
185.191.171.15 - - [24/Sep/2022:20:25:04 -0700] "GET /?camp-fire%2F83948841.html HTTP/1.1" 500 - "-" "Mozilla/5.0 (compatible; SemrushBot/7~bl; +http://www.semrush.com/bot.html)" "mantech8.com"
216.244.66.241 - - [24/Sep/2022:20:25:09 -0700] "GET /robots.txt HTTP/1.1" 200 26464 "-" "Mozilla/5.0 (compatible; DotBot/1.2; +https://opensiteexplorer.org/dotbot; help@moz.com)" "mantech8.com"
216.244.66.241 - - [24/Sep/2022:20:25:09 -0700] "GET /robots.txt HTTP/1.1" 200 26464 "-" "Mozilla/5.0 (compatible; DotBot/1.2; +https://opensiteexplorer.org/dotbot; help@moz.com)" "www.mantech8.com"
185.191.171.4 - - [24/Sep/2022:20:25:14 -0700] "GET /?camp-fire%2F32945735.html HTTP/1.1" 500 - "-" "Mozilla/5.0 (compatible; SemrushBot/7~bl; +http://www.semrush.com/bot.html)" "mantech8.com"
185.191.171.23 - - [24/Sep/2022:20:26:16 -0700] "GET /?camp-fire%2F281798.html HTTP/1.1" 500 - "-" "Mozilla/5.0 (compatible; SemrushBot/7~bl; +http://www.semrush.com/bot.html)" "mantech8.com"
185.191.171.6 - - [24/Sep/2022:20:26:30 -0700] "GET /?camp-fire%2F1141872.html HTTP/1.1" 500 - "-" "Mozilla/5.0 (compatible; SemrushBot/7~bl; +http://www.semrush.com/bot.html)" "mantech8.com"
114.119.133.182 - - [24/Sep/2022:20:27:18 -0700] "GET /sitemap876.xml HTTP/1.1" 404 88 "-" "Mozilla/5.0 (compatible;PetalBot;+https://webmaster.petalsearch.com/site/petalbot)" "mantech8.com"
185.191.171.13 - - [24/Sep/2022:20:27:22 -0700] "GET /?camp-fire%2F15258659.html HTTP/1.1" 500 - "-" "Mozilla/5.0 (compatible; SemrushBot/7~bl; +http://www.semrush.com/bot.html)" "mantech8.com"
185.191.171.11 - - [24/Sep/2022:20:27:24 -0700] "GET /?camp-fire%2F43848016.html HTTP/1.1" 500 - "-" "Mozilla/5.0 (compatible; SemrushBot/7~bl; +http://www.semrush.com/bot.html)" "mantech8.com"
185.191.171.25 - - [24/Sep/2022:20:27:26 -0700] "GET /?camp-fire%2F53672387.html HTTP/1.1" 500 - "-" "Mozilla/5.0 (compatible; SemrushBot/7~bl; +http://www.semrush.com/bot.html)" "mantech8.com"
185.191.171.7 - - [24/Sep/2022:20:27:48 -0700] "GET /?camp-fire%2F3951274.html HTTP/1.1" 500 - "-" "Mozilla/5.0 (compatible; SemrushBot/7~bl; +http://www.semrush.com/bot.html)" "mantech8.com"
185.191.171.2 - - [24/Sep/2022:20:28:55 -0700] "GET /?camp-fire%2F28845666.html HTTP/1.1" 500 - "-" "Mozilla/5.0 (compatible; SemrushBot/7~bl; +http://www.semrush.com/bot.html)" "mantech8.com"
185.191.171.39 - - [24/Sep/2022:20:29:08 -0700] "GET /?camp-fire%2F29768764.html HTTP/1.1" 500 - "-" "Mozilla/5.0 (compatible; SemrushBot/7~bl; +http://www.semrush.com/bot.html)" "mantech8.com"
185.191.171.17 - - [24/Sep/2022:20:29:13 -0700] "GET /?camp-fire%2F6042755.html HTTP/1.1" 500 - "-" "Mozilla/5.0 (compatible; SemrushBot/7~bl; +http://www.semrush.com/bot.html)" "mantech8.com"
185.191.171.12 - - [24/Sep/2022:20:30:49 -0700] "GET /?camp-fire%2F20509285.html HTTP/1.1" 500 - "-" "Mozilla/5.0 (compatible; SemrushBot/7~bl; +http://www.semrush.com/bot.html)" "mantech8.com"
185.191.171.5 - - [24/Sep/2022:20:31:03 -0700] "GET /?camp-fire%2F33190716.html HTTP/1.1" 500 - "-" "Mozilla/5.0 (compatible; SemrushBot/7~bl; +http://www.semrush.com/bot.html)" "mantech8.com"
185.191.171.6 - - [24/Sep/2022:20:31:08 -0700] "GET /?camp-fire%2F16394372.html HTTP/1.1" 500 - "-" "Mozilla/5.0 (compatible; SemrushBot/7~bl; +http://www.semrush.com/bot.html)" "mantech8.com"
185.191.171.10 - - [24/Sep/2022:20:31:21 -0700] "GET /?camp-fire%2F111373530.html HTTP/1.1" 500 - "-" "Mozilla/5.0 (compatible; SemrushBot/7~bl; +http://www.semrush.com/bot.html)" "mantech8.com"
185.191.171.24 - - [24/Sep/2022:20:31:23 -0700] "GET /?camp-fire%2F35400838.html HTTP/1.1" 500 - "-" "Mozilla/5.0 (compatible; SemrushBot/7~bl; +http://www.semrush.com/bot.html)" "mantech8.com"
46.161.27.156 - - [24/Sep/2022:20:31:57 -0700] "GET /wp-login.php HTTP/1.1" 404 88 "-" "Mozilla/5.0 (Windows NT 10.0; Win64; x64) AppleWebKit/537.36 (KHTML, like Gecko) Chrome/64.0.3282.140 Safari/537.36 Edge/18.17763" "mantech8.com"
185.191.171.37 - - [24/Sep/2022:20:32:31 -0700] "GET /?camp-fire%2F18038881.html HTTP/1.1" 500 - "-" "Mozilla/5.0 (compatible; SemrushBot/7~bl; +http://www.semrush.com/bot.html)" "mantech8.com"
185.191.171.11 - - [24/Sep/2022:20:32:47 -0700] "GET /?camp-fire%2F42075149.html HTTP/1.1" 500 - "-" "Mozilla/5.0 (compatible; SemrushBot/7~bl; +http://www.semrush.com/bot.html)" "mantech8.com"
114.119.133.190 - - [24/Sep/2022:20:33:02 -0700] "GET /paintinggal.php HTTP/1.1" 200 18549 "http://www.mantech8.com/scaffoldinggal.php" "Mozilla/5.0 (Linux; Android 7.0;) AppleWebKit/537.36 (KHTML, like Gecko) Mobile Safari/537.36 (compatible; PetalBot;+https://webmaster.petalsearch.com/site/petalbot)" "www.mantech8.com"
157.55.39.86 - - [24/Sep/2022:20:33:24 -0700] "GET /robots.txt HTTP/1.1" 200 2442 "-" "Mozilla/5.0 (compatible; bingbot/2.0; +http://www.bing.com/bingbot.htm)" "mantech8.com"
157.55.39.86 - - [24/Sep/2022:20:33:25 -0700] "GET /robots.txt HTTP/1.1" 200 2442 "-" "Mozilla/5.0 (compatible; bingbot/2.0; +http://www.bing.com/bingbot.htm)" "mantech8.com"
157.55.39.68 - - [24/Sep/2022:20:33:33 -0700] "GET /index.php?/index.php/index/ndetail/id/109.html HTTP/1.1" 200 44435 "-" "Mozilla/5.0 (compatible; bingbot/2.0; +http://www.bing.com/bingbot.htm)" "mantech8.com"
185.191.171.24 - - [24/Sep/2022:20:33:43 -0700] "GET /?camp-fire%2F26178951.html HTTP/1.1" 500 - "-" "Mozilla/5.0 (compatible; SemrushBot/7~bl; +http://www.semrush.com/bot.html)" "mantech8.com"
185.191.171.16 - - [24/Sep/2022:20:33:46 -0700] "GET /?camp-fire%2F35270564.html HTTP/1.1" 500 - "-" "Mozilla/5.0 (compatible; SemrushBot/7~bl; +http://www.semrush.com/bot.html)" "mantech8.com"
185.191.171.20 - - [24/Sep/2022:20:33:47 -0700] "GET /?camp-fire%2F32517768.html HTTP/1.1" 500 - "-" "Mozilla/5.0 (compatible; SemrushBot/7~bl; +http://www.semrush.com/bot.html)" "mantech8.com"
185.191.171.1 - - [24/Sep/2022:20:33:51 -0700] "GET /?camp-fire%2F27269070.html HTTP/1.1" 500 - "-" "Mozilla/5.0 (compatible; SemrushBot/7~bl; +http://www.semrush.com/bot.html)" "mantech8.com"
185.191.171.18 - - [24/Sep/2022:20:34:23 -0700] "GET /?camp-fire%2F26923521.html HTTP/1.1" 500 - "-" "Mozilla/5.0 (compatible; SemrushBot/7~bl; +http://www.semrush.com/bot.html)" "mantech8.com"
185.191.171.26 - - [24/Sep/2022:20:36:05 -0700] "GET /?camp-fire%2F32539261.html HTTP/1.1" 500 - "-" "Mozilla/5.0 (compatible; SemrushBot/7~bl; +http://www.semrush.com/bot.html)" "mantech8.com"
207.46.13.104 - - [24/Sep/2022:20:36:32 -0700] "GET /camp-fire/86023870.html HTTP/1.1" 404 88 "-" "Mozilla/5.0 (compatible; bingbot/2.0; +http://www.bing.com/bingbot.htm)" "www.mantech8.com"
185.191.171.26 - - [24/Sep/2022:20:36:34 -0700] "GET /?camp-fire%2F7646008.html HTTP/1.1" 500 - "-" "Mozilla/5.0 (compatible; SemrushBot/7~bl; +http://www.semrush.com/bot.html)" "mantech8.com"
185.191.171.40 - - [24/Sep/2022:20:36:46 -0700] "GET /?camp-fire%2F27916559.html HTTP/1.1" 500 - "-" "Mozilla/5.0 (compatible; SemrushBot/7~bl; +http://www.semrush.com/bot.html)" "mantech8.com"
185.191.171.5 - - [24/Sep/2022:20:36:47 -0700] "GET /?camp-fire%2F44057930.html HTTP/1.1" 500 - "-" "Mozilla/5.0 (compatible; SemrushBot/7~bl; +http://www.semrush.com/bot.html)" "mantech8.com"
185.191.171.6 - - [24/Sep/2022:20:36:57 -0700] "GET /?camp-fire%2F42251434.html HTTP/1.1" 500 - "-" "Mozilla/5.0 (compatible; SemrushBot/7~bl; +http://www.semrush.com/bot.html)" "mantech8.com"
157.55.39.87 - - [24/Sep/2022:20:37:31 -0700] "GET /camp-fire/8189194.html HTTP/1.1" 404 88 "-" "Mozilla/5.0 (compatible; bingbot/2.0; +http://www.bing.com/bingbot.htm)" "www.mantech8.com"
185.191.171.18 - - [24/Sep/2022:20:38:14 -0700] "GET /?camp-fire%2F27275484.html HTTP/1.1" 500 - "-" "Mozilla/5.0 (compatible; SemrushBot/7~bl; +http://www.semrush.com/bot.html)" "mantech8.com"
185.191.171.36 - - [24/Sep/2022:20:38:43 -0700] "GET /?camp-fire%2F27490426.html HTTP/1.1" 500 - "-" "Mozilla/5.0 (compatible; SemrushBot/7~bl; +http://www.semrush.com/bot.html)" "mantech8.com"
114.119.133.190 - - [24/Sep/2022:20:38:52 -0700] "GET /?sitemap39.xml HTTP/1.1" 200 267641 "-" "Mozilla/5.0 (Linux; Android 7.0;) AppleWebKit/537.36 (KHTML, like Gecko) Mobile Safari/537.36 (compatible; PetalBot;+https://webmaster.petalsearch.com/site/petalbot)" "mantech8.com"
185.191.171.5 - - [24/Sep/2022:20:40:06 -0700] "GET /?camp-fire%2F99923771.html HTTP/1.1" 500 - "-" "Mozilla/5.0 (compatible; SemrushBot/7~bl; +http://www.semrush.com/bot.html)" "mantech8.com"
185.191.171.26 - - [24/Sep/2022:20:40:09 -0700] "GET /?camp-fire%2F17414465.html HTTP/1.1" 500 - "-" "Mozilla/5.0 (compatible; SemrushBot/7~bl; +http://www.semrush.com/bot.html)" "mantech8.com"
185.191.171.38 - - [24/Sep/2022:20:40:19 -0700] "GET /?camp-fire%2F27520906.html HTTP/1.1" 500 - "-" "Mozilla/5.0 (compatible; SemrushBot/7~bl; +http://www.semrush.com/bot.html)" "mantech8.com"
185.191.171.2 - - [24/Sep/2022:20:40:30 -0700] "GET /?camp-fire%2F15457724.html HTTP/1.1" 500 - "-" "Mozilla/5.0 (compatible; SemrushBot/7~bl; +http://www.semrush.com/bot.html)" "mantech8.com"
185.191.171.38 - - [24/Sep/2022:20:40:36 -0700] "GET /?camp-fire%2F38100572.html HTTP/1.1" 500 - "-" "Mozilla/5.0 (compatible; SemrushBot/7~bl; +http://www.semrush.com/bot.html)" "mantech8.com"
185.191.171.15 - - [24/Sep/2022:20:41:03 -0700] "GET /?camp-fire%2F37116278.html HTTP/1.1" 500 - "-" "Mozilla/5.0 (compatible; SemrushBot/7~bl; +http://www.semrush.com/bot.html)" "mantech8.com"
185.191.171.35 - - [24/Sep/2022:20:41:51 -0700] "GET /?camp-fire%2F24429580.html HTTP/1.1" 500 - "-" "Mozilla/5.0 (compatible; SemrushBot/7~bl; +http://www.semrush.com/bot.html)" "mantech8.com"
185.191.171.26 - - [24/Sep/2022:20:42:46 -0700] "GET /?camp-fire%2F39820502.html HTTP/1.1" 500 - "-" "Mozilla/5.0 (compatible; SemrushBot/7~bl; +http://www.semrush.com/bot.html)" "mantech8.com"
185.191.171.33 - - [24/Sep/2022:20:43:00 -0700] "GET /?camp-fire%2F8146278.html HTTP/1.1" 500 - "-" "Mozilla/5.0 (compatible; SemrushBot/7~bl; +http://www.semrush.com/bot.html)" "mantech8.com"
185.191.171.33 - - [24/Sep/2022:20:44:08 -0700] "GET /?camp-fire%2F7744821.html HTTP/1.1" 500 - "-" "Mozilla/5.0 (compatible; SemrushBot/7~bl; +http://www.semrush.com/bot.html)" "mantech8.com"
185.191.171.44 - - [24/Sep/2022:20:44:16 -0700] "GET /?camp-fire%2F27461826.html HTTP/1.1" 500 - "-" "Mozilla/5.0 (compatible; SemrushBot/7~bl; +http://www.semrush.com/bot.html)" "mantech8.com"
185.191.171.7 - - [24/Sep/2022:20:44:19 -0700] "GET /?camp-fire%2F44377759.html HTTP/1.1" 500 - "-" "Mozilla/5.0 (compatible; SemrushBot/7~bl; +http://www.semrush.com/bot.html)" "mantech8.com"
185.191.171.5 - - [24/Sep/2022:20:44:22 -0700] "GET /?camp-fire%2F27678009.html HTTP/1.1" 500 - "-" "Mozilla/5.0 (compatible; SemrushBot/7~bl; +http://www.semrush.com/bot.html)" "mantech8.com"
114.119.133.165 - - [24/Sep/2022:20:44:42 -0700] "GET /index.php?sitemap84.xml HTTP/1.1" 200 313899 "-" "Mozilla/5.0 (Linux; Android 7.0;) AppleWebKit/537.36 (KHTML, like Gecko) Mobile Safari/537.36 (compatible; PetalBot;+https://webmaster.petalsearch.com/site/petalbot)" "mantech8.com"
185.191.171.35 - - [24/Sep/2022:20:44:45 -0700] "GET /?camp-fire%2F60496017.html HTTP/1.1" 500 - "-" "Mozilla/5.0 (compatible; SemrushBot/7~bl; +http://www.semrush.com/bot.html)" "mantech8.com"
185.191.171.33 - - [24/Sep/2022:20:45:10 -0700] "GET /?camp-fire%2F27688570.html HTTP/1.1" 500 - "-" "Mozilla/5.0 (compatible; SemrushBot/7~bl; +http://www.semrush.com/bot.html)" "mantech8.com"
185.191.171.12 - - [24/Sep/2022:20:45:22 -0700] "GET /?camp-fire%2F44170034.html HTTP/1.1" 500 - "-" "Mozilla/5.0 (compatible; SemrushBot/7~bl; +http://www.semrush.com/bot.html)" "mantech8.com"
185.191.171.7 - - [24/Sep/2022:20:45:29 -0700] "GET /?camp-fire%2F32183064.html HTTP/1.1" 500 - "-" "Mozilla/5.0 (compatible; SemrushBot/7~bl; +http://www.semrush.com/bot.html)" "mantech8.com"
207.46.13.145 - - [24/Sep/2022:20:46:32 -0700] "GET /index.php/camp-fire/101527706.html HTTP/1.1" 200 48485 "-" "Mozilla/5.0 AppleWebKit/537.36 (KHTML, like Gecko; compatible; bingbot/2.0; +http://www.bing.com/bingbot.htm) Chrome/103.0.5060.134 Safari/537.36" "mantech8.com"
185.191.171.40 - - [24/Sep/2022:20:46:41 -0700] "GET /?camp-fire%2F35268725.html HTTP/1.1" 500 - "-" "Mozilla/5.0 (compatible; SemrushBot/7~bl; +http://www.semrush.com/bot.html)" "mantech8.com"
185.191.171.25 - - [24/Sep/2022:20:46:47 -0700] "GET /?camp-fire%2F40518808.html HTTP/1.1" 500 - "-" "Mozilla/5.0 (compatible; SemrushBot/7~bl; +http://www.semrush.com/bot.html)" "mantech8.com"
185.191.171.7 - - [24/Sep/2022:20:47:15 -0700] "GET /?camp-fire%2F65211174.html HTTP/1.1" 500 - "-" "Mozilla/5.0 (compatible; SemrushBot/7~bl; +http://www.semrush.com/bot.html)" "mantech8.com"
185.191.171.37 - - [24/Sep/2022:20:47:38 -0700] "GET /?camp-fire%2F39202333.html HTTP/1.1" 500 - "-" "Mozilla/5.0 (compatible; SemrushBot/7~bl; +http://www.semrush.com/bot.html)" "mantech8.com"
185.191.171.2 - - [24/Sep/2022:20:48:38 -0700] "GET /?camp-fire%2F36916765.html HTTP/1.1" 500 - "-" "Mozilla/5.0 (compatible; SemrushBot/7~bl; +http://www.semrush.com/bot.html)" "mantech8.com"
185.191.171.2 - - [24/Sep/2022:20:48:45 -0700] "GET /?camp-fire%2F17267965.html HTTP/1.1" 500 - "-" "Mozilla/5.0 (compatible; SemrushBot/7~bl; +http://www.semrush.com/bot.html)" "mantech8.com"
207.46.13.48 - - [24/Sep/2022:20:49:12 -0700] "GET /index.php?camp-fire/1123.html HTTP/1.1" 200 49122 "-" "Mozilla/5.0 (compatible; bingbot/2.0; +http://www.bing.com/bingbot.htm)" "mantech8.com"
185.191.171.44 - - [24/Sep/2022:20:49:34 -0700] "GET /robots.txt HTTP/1.1" 200 2442 "-" "Mozilla/5.0 (compatible; SemrushBot/7~bl; +http://www.semrush.com/bot.html)" "mantech8.com"
185.191.171.21 - - [24/Sep/2022:20:49:34 -0700] "GET /?camp-fire%2F20909935.html HTTP/1.1" 500 - "-" "Mozilla/5.0 (compatible; SemrushBot/7~bl; +http://www.semrush.com/bot.html)" "mantech8.com"
114.119.133.165 - - [24/Sep/2022:20:50:26 -0700] "GET /bimages/hgallery/thump/?C=M%3BO%3DA HTTP/1.1" 200 506 "http://www.mantech8.com/bimages/hgallery/thump/?C=D%3BO%3DA" "Mozilla/5.0 (Linux; Android 7.0;) AppleWebKit/537.36 (KHTML, like Gecko) Mobile Safari/537.36 (compatible; PetalBot;+https://webmaster.petalsearch.com/site/petalbot)" "www.mantech8.com"
185.191.171.15 - - [24/Sep/2022:20:50:43 -0700] "GET /?camp-fire%2F5305577.html HTTP/1.1" 500 - "-" "Mozilla/5.0 (compatible; SemrushBot/7~bl; +http://www.semrush.com/bot.html)" "mantech8.com"
185.191.171.7 - - [24/Sep/2022:20:50:47 -0700] "GET /?camp-fire%2F1411053.html HTTP/1.1" 500 - "-" "Mozilla/5.0 (compatible; SemrushBot/7~bl; +http://www.semrush.com/bot.html)" "mantech8.com"
185.191.171.12 - - [24/Sep/2022:20:51:21 -0700] "GET /?camp-fire%2F27341097.html HTTP/1.1" 500 - "-" "Mozilla/5.0 (compatible; SemrushBot/7~bl; +http://www.semrush.com/bot.html)" "mantech8.com"
207.46.13.104 - - [24/Sep/2022:20:51:43 -0700] "GET /index.php?/index.php/index/hai/id/97.html HTTP/1.1" 200 45792 "-" "Mozilla/5.0 (compatible; bingbot/2.0; +http://www.bing.com/bingbot.htm)" "mantech8.com"
185.191.171.8 - - [24/Sep/2022:20:51:45 -0700] "GET /?camp-fire%2F65976963.html HTTP/1.1" 500 - "-" "Mozilla/5.0 (compatible; SemrushBot/7~bl; +http://www.semrush.com/bot.html)" "mantech8.com"
185.191.171.11 - - [24/Sep/2022:20:52:11 -0700] "GET /?camp-fire%2F38891430.html HTTP/1.1" 500 - "-" "Mozilla/5.0 (compatible; SemrushBot/7~bl; +http://www.semrush.com/bot.html)" "mantech8.com"
185.191.171.20 - - [24/Sep/2022:20:52:20 -0700] "GET /?camp-fire%2F93337276.html HTTP/1.1" 500 - "-" "Mozilla/5.0 (compatible; SemrushBot/7~bl; +http://www.semrush.com/bot.html)" "mantech8.com"
185.191.171.4 - - [24/Sep/2022:20:52:23 -0700] "GET /?camp-fire%2F21739190.html HTTP/1.1" 500 - "-" "Mozilla/5.0 (compatible; SemrushBot/7~bl; +http://www.semrush.com/bot.html)" "mantech8.com"
77.75.79.31 - - [24/Sep/2022:20:52:36 -0700] "GET /sitemap53.xml HTTP/1.1" 404 88 "-" "Mozilla/5.0 (compatible; SeznamBot/4.0-RC1; +http://napoveda.seznam.cz/seznambot-intro/)" "mantech8.com"
185.191.171.14 - - [24/Sep/2022:20:53:00 -0700] "GET /?camp-fire%2F27906359.html HTTP/1.1" 500 - "-" "Mozilla/5.0 (compatible; SemrushBot/7~bl; +http://www.semrush.com/bot.html)" "mantech8.com"
185.191.171.5 - - [24/Sep/2022:20:53:19 -0700] "GET /?camp-fire%2F27631371.html HTTP/1.1" 500 - "-" "Mozilla/5.0 (compatible; SemrushBot/7~bl; +http://www.semrush.com/bot.html)" "mantech8.com"
185.191.171.23 - - [24/Sep/2022:20:53:40 -0700] "GET /?camp-fire%2F13220172.html HTTP/1.1" 500 - "-" "Mozilla/5.0 (compatible; SemrushBot/7~bl; +http://www.semrush.com/bot.html)" "mantech8.com"
185.191.171.5 - - [24/Sep/2022:20:55:47 -0700] "GET /?camp-fire%2F76047365.html HTTP/1.1" 500 - "-" "Mozilla/5.0 (compatible; SemrushBot/7~bl; +http://www.semrush.com/bot.html)" "mantech8.com"
207.46.13.145 - - [24/Sep/2022:20:55:53 -0700] "GET /camp-fire/72474929.html HTTP/1.1" 404 88 "-" "Mozilla/5.0 (compatible; bingbot/2.0; +http://www.bing.com/bingbot.htm)" "mantech8.com"
185.191.171.11 - - [24/Sep/2022:20:55:55 -0700] "GET /?camp-fire%2F16457783.html HTTP/1.1" 500 - "-" "Mozilla/5.0 (compatible; SemrushBot/7~bl; +http://www.semrush.com/bot.html)" "mantech8.com"
114.119.133.166 - - [24/Sep/2022:20:56:08 -0700] "GET /index.php?pettygod.xml HTTP/1.1" 200 292225 "-" "Mozilla/5.0 (Linux; Android 7.0;) AppleWebKit/537.36 (KHTML, like Gecko) Mobile Safari/537.36 (compatible; PetalBot;+https://webmaster.petalsearch.com/site/petalbot)" "mantech8.com"
157.55.39.87 - - [24/Sep/2022:20:56:12 -0700] "GET /bimages/gallery/thump/IDN%20B4.jpg HTTP/1.1" 200 464681 "-" "Mozilla/5.0 (compatible; bingbot/2.0; +http://www.bing.com/bingbot.htm)" "www.mantech8.com"
185.191.171.13 - - [24/Sep/2022:20:56:15 -0700] "GET /?camp-fire%2F70305056.html HTTP/1.1" 500 - "-" "Mozilla/5.0 (compatible; SemrushBot/7~bl; +http://www.semrush.com/bot.html)" "mantech8.com"
185.191.171.14 - - [24/Sep/2022:20:56:17 -0700] "GET /?camp-fire%2F1268072.html HTTP/1.1" 500 - "-" "Mozilla/5.0 (compatible; SemrushBot/7~bl; +http://www.semrush.com/bot.html)" "mantech8.com"
185.191.171.7 - - [24/Sep/2022:20:56:56 -0700] "GET /?camp-fire%2F1370990.html HTTP/1.1" 500 - "-" "Mozilla/5.0 (compatible; SemrushBot/7~bl; +http://www.semrush.com/bot.html)" "mantech8.com"
185.191.171.41 - - [24/Sep/2022:20:56:59 -0700] "GET /?camp-fire%2F4239585.html HTTP/1.1" 500 - "-" "Mozilla/5.0 (compatible; SemrushBot/7~bl; +http://www.semrush.com/bot.html)" "mantech8.com"
185.191.171.4 - - [24/Sep/2022:20:57:18 -0700] "GET /?camp-fire%2F118317692.html HTTP/1.1" 500 - "-" "Mozilla/5.0 (compatible; SemrushBot/7~bl; +http://www.semrush.com/bot.html)" "mantech8.com"
185.191.171.7 - - [24/Sep/2022:20:59:53 -0700] "GET /?camp-fire%2F66773159.html HTTP/1.1" 500 - "-" "Mozilla/5.0 (compatible; SemrushBot/7~bl; +http://www.semrush.com/bot.html)" "mantech8.com"
185.191.171.38 - - [24/Sep/2022:21:00:28 -0700] "GET /?camp-fire%2F18115261.html HTTP/1.1" 500 - "-" "Mozilla/5.0 (compatible; SemrushBot/7~bl; +http://www.semrush.com/bot.html)" "mantech8.com"
185.191.171.2 - - [24/Sep/2022:21:00:51 -0700] "GET /?camp-fire%2F27238456.html HTTP/1.1" 500 - "-" "Mozilla/5.0 (compatible; SemrushBot/7~bl; +http://www.semrush.com/bot.html)" "mantech8.com"
185.191.171.39 - - [24/Sep/2022:21:01:37 -0700] "GET /?camp-fire%2F48057808.html HTTP/1.1" 500 - "-" "Mozilla/5.0 (compatible; SemrushBot/7~bl; +http://www.semrush.com/bot.html)" "mantech8.com"
185.191.171.13 - - [24/Sep/2022:21:01:45 -0700] "GET /?camp-fire%2F54576550.html HTTP/1.1" 500 - "-" "Mozilla/5.0 (compatible; SemrushBot/7~bl; +http://www.semrush.com/bot.html)" "mantech8.com"
185.191.171.24 - - [24/Sep/2022:21:01:48 -0700] "GET /?camp-fire%2F45540302.html HTTP/1.1" 500 - "-" "Mozilla/5.0 (compatible; SemrushBot/7~bl; +http://www.semrush.com/bot.html)" "mantech8.com"
114.119.133.165 - - [24/Sep/2022:21:01:58 -0700] "GET /bimages/paintg/thump/?C=M%3BO%3DA HTTP/1.1" 200 483 "http://mantech8.com/bimages/paintg/thump/" "Mozilla/5.0 (Linux; Android 7.0;) AppleWebKit/537.36 (KHTML, like Gecko) Mobile Safari/537.36 (compatible; PetalBot;+https://webmaster.petalsearch.com/site/petalbot)" "mantech8.com"
185.191.171.17 - - [24/Sep/2022:21:02:29 -0700] "GET /?camp-fire%2F20233224.html HTTP/1.1" 500 - "-" "Mozilla/5.0 (compatible; SemrushBot/7~bl; +http://www.semrush.com/bot.html)" "mantech8.com"
185.191.171.21 - - [24/Sep/2022:21:02:46 -0700] "GET /?camp-fire%2F21700917.html HTTP/1.1" 500 - "-" "Mozilla/5.0 (compatible; SemrushBot/7~bl; +http://www.semrush.com/bot.html)" "mantech8.com"
185.191.171.1 - - [24/Sep/2022:21:03:09 -0700] "GET /?camp-fire%2F22885908.html HTTP/1.1" 500 - "-" "Mozilla/5.0 (compatible; SemrushBot/7~bl; +http://www.semrush.com/bot.html)" "mantech8.com"
185.191.171.26 - - [24/Sep/2022:21:03:12 -0700] "GET /?camp-fire%2F5789355.html HTTP/1.1" 500 - "-" "Mozilla/5.0 (compatible; SemrushBot/7~bl; +http://www.semrush.com/bot.html)" "mantech8.com"
185.191.171.43 - - [24/Sep/2022:21:03:28 -0700] "GET /?camp-fire%2F5533296.html HTTP/1.1" 500 - "-" "Mozilla/5.0 (compatible; SemrushBot/7~bl; +http://www.semrush.com/bot.html)" "mantech8.com"
185.191.171.18 - - [24/Sep/2022:21:04:11 -0700] "GET /?camp-fire%2F35748638.html HTTP/1.1" 500 - "-" "Mozilla/5.0 (compatible; SemrushBot/7~bl; +http://www.semrush.com/bot.html)" "mantech8.com"
185.191.171.39 - - [24/Sep/2022:21:04:46 -0700] "GET /?camp-fire%2F5333177.html HTTP/1.1" 500 - "-" "Mozilla/5.0 (compatible; SemrushBot/7~bl; +http://www.semrush.com/bot.html)" "mantech8.com"
185.191.171.22 - - [24/Sep/2022:21:04:53 -0700] "GET /?camp-fire%2F28849159.html HTTP/1.1" 500 - "-" "Mozilla/5.0 (compatible; SemrushBot/7~bl; +http://www.semrush.com/bot.html)" "mantech8.com"
185.191.171.5 - - [24/Sep/2022:21:05:12 -0700] "GET /?camp-fire%2F10746269.html HTTP/1.1" 500 - "-" "Mozilla/5.0 (compatible; SemrushBot/7~bl; +http://www.semrush.com/bot.html)" "mantech8.com"
185.191.171.18 - - [24/Sep/2022:21:06:47 -0700] "GET /?camp-fire%2F17824680.html HTTP/1.1" 500 - "-" "Mozilla/5.0 (compatible; SemrushBot/7~bl; +http://www.semrush.com/bot.html)" "mantech8.com"
185.191.171.25 - - [24/Sep/2022:21:07:19 -0700] "GET /?camp-fire%2F19952542.html HTTP/1.1" 500 - "-" "Mozilla/5.0 (compatible; SemrushBot/7~bl; +http://www.semrush.com/bot.html)" "mantech8.com"
185.191.171.41 - - [24/Sep/2022:21:07:26 -0700] "GET /?camp-fire%2F35796406.html HTTP/1.1" 500 - "-" "Mozilla/5.0 (compatible; SemrushBot/7~bl; +http://www.semrush.com/bot.html)" "mantech8.com"
114.119.133.182 - - [24/Sep/2022:21:07:44 -0700] "GET /sitemap-index-8.xml HTTP/1.1" 404 88 "-" "Mozilla/5.0 (compatible;PetalBot;+https://webmaster.petalsearch.com/site/petalbot)" "mantech8.com"
185.191.171.37 - - [24/Sep/2022:21:07:44 -0700] "GET /?camp-fire%2F29671333.html HTTP/1.1" 500 - "-" "Mozilla/5.0 (compatible; SemrushBot/7~bl; +http://www.semrush.com/bot.html)" "mantech8.com"
185.191.171.5 - - [24/Sep/2022:21:07:55 -0700] "GET /?camp-fire%2F33816008.html HTTP/1.1" 500 - "-" "Mozilla/5.0 (compatible; SemrushBot/7~bl; +http://www.semrush.com/bot.html)" "mantech8.com"
185.191.171.40 - - [24/Sep/2022:21:07:58 -0700] "GET /?camp-fire%2F34101163.html HTTP/1.1" 500 - "-" "Mozilla/5.0 (compatible; SemrushBot/7~bl; +http://www.semrush.com/bot.html)" "mantech8.com"
185.191.171.25 - - [24/Sep/2022:21:08:32 -0700] "GET /?camp-fire%2F15286056.html HTTP/1.1" 500 - "-" "Mozilla/5.0 (compatible; SemrushBot/7~bl; +http://www.semrush.com/bot.html)" "mantech8.com"
185.191.171.3 - - [24/Sep/2022:21:09:07 -0700] "GET /?camp-fire%2F32674730.html HTTP/1.1" 500 - "-" "Mozilla/5.0 (compatible; SemrushBot/7~bl; +http://www.semrush.com/bot.html)" "mantech8.com"
185.191.171.36 - - [24/Sep/2022:21:09:26 -0700] "GET /?camp-fire%2F7661121.html HTTP/1.1" 500 - "-" "Mozilla/5.0 (compatible; SemrushBot/7~bl; +http://www.semrush.com/bot.html)" "mantech8.com"
185.191.171.8 - - [24/Sep/2022:21:10:07 -0700] "GET /?camp-fire%2F56132171.html HTTP/1.1" 500 - "-" "Mozilla/5.0 (compatible; SemrushBot/7~bl; +http://www.semrush.com/bot.html)" "mantech8.com"
185.191.171.14 - - [24/Sep/2022:21:10:34 -0700] "GET /?camp-fire%2F1265500.html HTTP/1.1" 500 - "-" "Mozilla/5.0 (compatible; SemrushBot/7~bl; +http://www.semrush.com/bot.html)" "mantech8.com"
185.191.171.14 - - [24/Sep/2022:21:12:09 -0700] "GET /?camp-fire%2F106745770.html HTTP/1.1" 500 - "-" "Mozilla/5.0 (compatible; SemrushBot/7~bl; +http://www.semrush.com/bot.html)" "mantech8.com"
185.191.171.26 - - [24/Sep/2022:21:12:21 -0700] "GET /?camp-fire%2F1378329.html HTTP/1.1" 500 - "-" "Mozilla/5.0 (compatible; SemrushBot/7~bl; +http://www.semrush.com/bot.html)" "mantech8.com"
185.191.171.4 - - [24/Sep/2022:21:12:28 -0700] "GET /?camp-fire%2F94650833.html HTTP/1.1" 500 - "-" "Mozilla/5.0 (compatible; SemrushBot/7~bl; +http://www.semrush.com/bot.html)" "mantech8.com"
185.191.171.26 - - [24/Sep/2022:21:12:44 -0700] "GET /?camp-fire%2F35045325.html HTTP/1.1" 500 - "-" "Mozilla/5.0 (compatible; SemrushBot/7~bl; +http://www.semrush.com/bot.html)" "mantech8.com"
185.191.171.19 - - [24/Sep/2022:21:13:03 -0700] "GET /?camp-fire%2F39888176.html HTTP/1.1" 500 - "-" "Mozilla/5.0 (compatible; SemrushBot/7~bl; +http://www.semrush.com/bot.html)" "mantech8.com"
114.119.133.190 - - [24/Sep/2022:21:13:27 -0700] "GET /index.php?sitemap-index-9.xml HTTP/1.1" 200 4871 "-" "Mozilla/5.0 (Linux; Android 7.0;) AppleWebKit/537.36 (KHTML, like Gecko) Mobile Safari/537.36 (compatible; PetalBot;+https://webmaster.petalsearch.com/site/petalbot)" "mantech8.com"
185.191.171.3 - - [24/Sep/2022:21:13:46 -0700] "GET /?camp-fire%2F17694426.html HTTP/1.1" 500 - "-" "Mozilla/5.0 (compatible; SemrushBot/7~bl; +http://www.semrush.com/bot.html)" "mantech8.com"
185.191.171.38 - - [24/Sep/2022:21:14:56 -0700] "GET /?camp-fire%2F1505459.html HTTP/1.1" 500 - "-" "Mozilla/5.0 (compatible; SemrushBot/7~bl; +http://www.semrush.com/bot.html)" "mantech8.com"
185.191.171.39 - - [24/Sep/2022:21:15:23 -0700] "GET /?camp-fire%2F47549635.html HTTP/1.1" 500 - "-" "Mozilla/5.0 (compatible; SemrushBot/7~bl; +http://www.semrush.com/bot.html)" "mantech8.com"
185.191.171.41 - - [24/Sep/2022:21:15:46 -0700] "GET /?camp-fire%2F33792021.html HTTP/1.1" 500 - "-" "Mozilla/5.0 (compatible; SemrushBot/7~bl; +http://www.semrush.com/bot.html)" "mantech8.com"
185.191.171.10 - - [24/Sep/2022:21:15:56 -0700] "GET /?camp-fire%2F27811247.html HTTP/1.1" 500 - "-" "Mozilla/5.0 (compatible; SemrushBot/7~bl; +http://www.semrush.com/bot.html)" "mantech8.com"
185.191.171.35 - - [24/Sep/2022:21:16:51 -0700] "GET /?camp-fire%2F70280734.html HTTP/1.1" 500 - "-" "Mozilla/5.0 (compatible; SemrushBot/7~bl; +http://www.semrush.com/bot.html)" "mantech8.com"
185.191.171.25 - - [24/Sep/2022:21:17:21 -0700] "GET /?camp-fire%2F3140551.html HTTP/1.1" 500 - "-" "Mozilla/5.0 (compatible; SemrushBot/7~bl; +http://www.semrush.com/bot.html)" "mantech8.com"
185.191.171.34 - - [24/Sep/2022:21:17:36 -0700] "GET /?camp-fire%2F33812908.html HTTP/1.1" 500 - "-" "Mozilla/5.0 (compatible; SemrushBot/7~bl; +http://www.semrush.com/bot.html)" "mantech8.com"
185.191.171.45 - - [24/Sep/2022:21:17:40 -0700] "GET /?camp-fire%2F10225290.html HTTP/1.1" 500 - "-" "Mozilla/5.0 (compatible; SemrushBot/7~bl; +http://www.semrush.com/bot.html)" "mantech8.com"
114.119.133.158 - - [24/Sep/2022:21:19:10 -0700] "GET /bimages/pipeg/?C=S%3BO%3DA HTTP/1.1" 200 569 "http://mantech8.com/bimages/pipeg/?C=D%3BO%3DA" "Mozilla/5.0 (Linux; Android 7.0;) AppleWebKit/537.36 (KHTML, like Gecko) Mobile Safari/537.36 (compatible; PetalBot;+https://webmaster.petalsearch.com/site/petalbot)" "mantech8.com"
216.244.66.241 - - [24/Sep/2022:21:19:30 -0700] "GET /robots.txt HTTP/1.1" 200 26464 "-" "Mozilla/5.0 (compatible; DotBot/1.2; +https://opensiteexplorer.org/dotbot; help@moz.com)" "mantech8.com"
216.244.66.241 - - [24/Sep/2022:21:19:30 -0700] "GET /robots.txt HTTP/1.1" 200 26464 "-" "Mozilla/5.0 (compatible; DotBot/1.2; +https://opensiteexplorer.org/dotbot; help@moz.com)" "www.mantech8.com"
185.191.171.44 - - [24/Sep/2022:21:20:18 -0700] "GET /?camp-fire%2F26163182.html HTTP/1.1" 500 - "-" "Mozilla/5.0 (compatible; SemrushBot/7~bl; +http://www.semrush.com/bot.html)" "mantech8.com"
185.191.171.36 - - [24/Sep/2022:21:20:30 -0700] "GET /?camp-fire%2F33741408.html HTTP/1.1" 500 - "-" "Mozilla/5.0 (compatible; SemrushBot/7~bl; +http://www.semrush.com/bot.html)" "mantech8.com"
185.191.171.4 - - [24/Sep/2022:21:20:58 -0700] "GET /?camp-fire%2F97806863.html HTTP/1.1" 500 - "-" "Mozilla/5.0 (compatible; SemrushBot/7~bl; +http://www.semrush.com/bot.html)" "mantech8.com"
185.191.171.39 - - [24/Sep/2022:21:21:51 -0700] "GET /?camp-fire%2F19422546.html HTTP/1.1" 500 - "-" "Mozilla/5.0 (compatible; SemrushBot/7~bl; +http://www.semrush.com/bot.html)" "mantech8.com"
185.191.171.39 - - [24/Sep/2022:21:21:58 -0700] "GET /?camp-fire%2F42070649.html HTTP/1.1" 500 - "-" "Mozilla/5.0 (compatible; SemrushBot/7~bl; +http://www.semrush.com/bot.html)" "mantech8.com"
185.191.171.5 - - [24/Sep/2022:21:21:59 -0700] "GET /?camp-fire%2F25585950.html HTTP/1.1" 500 - "-" "Mozilla/5.0 (compatible; SemrushBot/7~bl; +http://www.semrush.com/bot.html)" "mantech8.com"
185.191.171.21 - - [24/Sep/2022:21:22:01 -0700] "GET /?camp-fire%2F25062406.html HTTP/1.1" 500 - "-" "Mozilla/5.0 (compatible; SemrushBot/7~bl; +http://www.semrush.com/bot.html)" "mantech8.com"
185.191.171.37 - - [24/Sep/2022:21:22:15 -0700] "GET /?camp-fire%2F3083129.html HTTP/1.1" 500 - "-" "Mozilla/5.0 (compatible; SemrushBot/7~bl; +http://www.semrush.com/bot.html)" "mantech8.com"
185.191.171.36 - - [24/Sep/2022:21:22:16 -0700] "GET /?camp-fire%2F7118698.html HTTP/1.1" 500 - "-" "Mozilla/5.0 (compatible; SemrushBot/7~bl; +http://www.semrush.com/bot.html)" "mantech8.com"
185.191.171.44 - - [24/Sep/2022:21:22:57 -0700] "GET /?camp-fire%2F45566592.html HTTP/1.1" 500 - "-" "Mozilla/5.0 (compatible; SemrushBot/7~bl; +http://www.semrush.com/bot.html)" "mantech8.com"
185.191.171.22 - - [24/Sep/2022:21:22:59 -0700] "GET /?camp-fire%2F25091406.html HTTP/1.1" 500 - "-" "Mozilla/5.0 (compatible; SemrushBot/7~bl; +http://www.semrush.com/bot.html)" "mantech8.com"
185.191.171.11 - - [24/Sep/2022:21:23:32 -0700] "GET /?camp-fire%2F80393783.html HTTP/1.1" 500 - "-" "Mozilla/5.0 (compatible; SemrushBot/7~bl; +http://www.semrush.com/bot.html)" "mantech8.com"
185.191.171.41 - - [24/Sep/2022:21:23:50 -0700] "GET /?camp-fire%2F38876289.html HTTP/1.1" 500 - "-" "Mozilla/5.0 (compatible; SemrushBot/7~bl; +http://www.semrush.com/bot.html)" "mantech8.com"
114.119.133.165 - - [24/Sep/2022:21:24:57 -0700] "GET /bimages/himage/?C=M%3BO%3DA HTTP/1.1" 200 443 "http://mantech8.com/bimages/himage/?C=D%3BO%3DA" "Mozilla/5.0 (Linux; Android 7.0;) AppleWebKit/537.36 (KHTML, like Gecko) Mobile Safari/537.36 (compatible; PetalBot;+https://webmaster.petalsearch.com/site/petalbot)" "mantech8.com"
185.191.171.24 - - [24/Sep/2022:21:25:08 -0700] "GET /?camp-fire%2F43317434.html HTTP/1.1" 500 - "-" "Mozilla/5.0 (compatible; SemrushBot/7~bl; +http://www.semrush.com/bot.html)" "mantech8.com"
185.191.171.19 - - [24/Sep/2022:21:26:04 -0700] "GET /?camp-fire%2F27430582.html HTTP/1.1" 500 - "-" "Mozilla/5.0 (compatible; SemrushBot/7~bl; +http://www.semrush.com/bot.html)" "mantech8.com"
185.191.171.6 - - [24/Sep/2022:21:26:21 -0700] "GET /?camp-fire%2F21669717.html HTTP/1.1" 500 - "-" "Mozilla/5.0 (compatible; SemrushBot/7~bl; +http://www.semrush.com/bot.html)" "mantech8.com"
185.191.171.25 - - [24/Sep/2022:21:26:39 -0700] "GET /?camp-fire%2F35947242.html HTTP/1.1" 500 - "-" "Mozilla/5.0 (compatible; SemrushBot/7~bl; +http://www.semrush.com/bot.html)" "mantech8.com"
185.191.171.40 - - [24/Sep/2022:21:26:41 -0700] "GET /?camp-fire%2F40003376.html HTTP/1.1" 500 - "-" "Mozilla/5.0 (compatible; SemrushBot/7~bl; +http://www.semrush.com/bot.html)" "mantech8.com"
112.199.155.114 - - [24/Sep/2022:21:26:59 -0700] "GET /css/style2.css HTTP/1.1" 200 8414 "http://webcache.googleusercontent.com/" "Mozilla/5.0 (Windows NT 10.0; Win64; x64) AppleWebKit/537.36 (KHTML, like Gecko) Chrome/105.0.0.0 Safari/537.36" "www.mantech8.com"
112.199.155.114 - - [24/Sep/2022:21:26:59 -0700] "GET /css/responsive1.css HTTP/1.1" 200 1710 "http://webcache.googleusercontent.com/" "Mozilla/5.0 (Windows NT 10.0; Win64; x64) AppleWebKit/537.36 (KHTML, like Gecko) Chrome/105.0.0.0 Safari/537.36" "www.mantech8.com"
112.199.155.114 - - [24/Sep/2022:21:26:59 -0700] "GET /engine1/jquery.js HTTP/1.1" 200 33282 "http://webcache.googleusercontent.com/" "Mozilla/5.0 (Windows NT 10.0; Win64; x64) AppleWebKit/537.36 (KHTML, like Gecko) Chrome/105.0.0.0 Safari/537.36" "www.mantech8.com"
112.199.155.114 - - [24/Sep/2022:21:26:59 -0700] "GET /css/animate.css HTTP/1.1" 200 4264 "http://www.mantech8.com/css/style2.css" "Mozilla/5.0 (Windows NT 10.0; Win64; x64) AppleWebKit/537.36 (KHTML, like Gecko) Chrome/105.0.0.0 Safari/537.36" "www.mantech8.com"
112.199.155.114 - - [24/Sep/2022:21:26:59 -0700] "GET /css/style.css HTTP/1.1" 200 126990 "http://webcache.googleusercontent.com/" "Mozilla/5.0 (Windows NT 10.0; Win64; x64) AppleWebKit/537.36 (KHTML, like Gecko) Chrome/105.0.0.0 Safari/537.36" "www.mantech8.com"
112.199.155.114 - - [24/Sep/2022:21:27:00 -0700] "GET /css/hover.css HTTP/1.1" 200 8530 "http://www.mantech8.com/css/style2.css" "Mozilla/5.0 (Windows NT 10.0; Win64; x64) AppleWebKit/537.36 (KHTML, like Gecko) Chrome/105.0.0.0 Safari/537.36" "www.mantech8.com"
112.199.155.114 - - [24/Sep/2022:21:27:00 -0700] "GET /css/flaticon.css HTTP/1.1" 200 321 "http://www.mantech8.com/css/style2.css" "Mozilla/5.0 (Windows NT 10.0; Win64; x64) AppleWebKit/537.36 (KHTML, like Gecko) Chrome/105.0.0.0 Safari/537.36" "www.mantech8.com"
112.199.155.114 - - [24/Sep/2022:21:27:00 -0700] "GET /css/font-awesome.css HTTP/1.1" 200 5793 "http://www.mantech8.com/css/style2.css" "Mozilla/5.0 (Windows NT 10.0; Win64; x64) AppleWebKit/537.36 (KHTML, like Gecko) Chrome/105.0.0.0 Safari/537.36" "www.mantech8.com"
112.199.155.114 - - [24/Sep/2022:21:27:00 -0700] "GET /js/core.min.js HTTP/1.1" 200 42721 "http://webcache.googleusercontent.com/" "Mozilla/5.0 (Windows NT 10.0; Win64; x64) AppleWebKit/537.36 (KHTML, like Gecko) Chrome/105.0.0.0 Safari/537.36" "www.mantech8.com"
112.199.155.114 - - [24/Sep/2022:21:27:00 -0700] "GET /js/script1.js HTTP/1.1" 200 2007 "http://webcache.googleusercontent.com/" "Mozilla/5.0 (Windows NT 10.0; Win64; x64) AppleWebKit/537.36 (KHTML, like Gecko) Chrome/105.0.0.0 Safari/537.36" "www.mantech8.com"
112.199.155.114 - - [24/Sep/2022:21:27:01 -0700] "GET /js/bootstrap.min.js HTTP/1.1" 200 9765 "http://webcache.googleusercontent.com/" "Mozilla/5.0 (Windows NT 10.0; Win64; x64) AppleWebKit/537.36 (KHTML, like Gecko) Chrome/105.0.0.0 Safari/537.36" "www.mantech8.com"
112.199.155.114 - - [24/Sep/2022:21:27:01 -0700] "GET /js/script.js HTTP/1.1" 200 7687 "http://webcache.googleusercontent.com/" "Mozilla/5.0 (Windows NT 10.0; Win64; x64) AppleWebKit/537.36 (KHTML, like Gecko) Chrome/105.0.0.0 Safari/537.36" "www.mantech8.com"
112.199.155.114 - - [24/Sep/2022:21:27:01 -0700] "GET /images/flag-23-gif.gif HTTP/1.1" 200 20141 "http://webcache.googleusercontent.com/" "Mozilla/5.0 (Windows NT 10.0; Win64; x64) AppleWebKit/537.36 (KHTML, like Gecko) Chrome/105.0.0.0 Safari/537.36" "www.mantech8.com"
112.199.155.114 - - [24/Sep/2022:21:27:01 -0700] "GET /bimages/tank/sh1.jpg HTTP/1.1" 200 138317 "http://webcache.googleusercontent.com/" "Mozilla/5.0 (Windows NT 10.0; Win64; x64) AppleWebKit/537.36 (KHTML, like Gecko) Chrome/105.0.0.0 Safari/537.36" "www.mantech8.com"
112.199.155.114 - - [24/Sep/2022:21:27:01 -0700] "GET /images/logo1.png HTTP/1.1" 200 2143 "http://webcache.googleusercontent.com/" "Mozilla/5.0 (Windows NT 10.0; Win64; x64) AppleWebKit/537.36 (KHTML, like Gecko) Chrome/105.0.0.0 Safari/537.36" "www.mantech8.com"
112.199.155.114 - - [24/Sep/2022:21:27:02 -0700] "GET /js/wow.min.js HTTP/1.1" 200 2731 "http://webcache.googleusercontent.com/" "Mozilla/5.0 (Windows NT 10.0; Win64; x64) AppleWebKit/537.36 (KHTML, like Gecko) Chrome/105.0.0.0 Safari/537.36" "www.mantech8.com"
112.199.155.114 - - [24/Sep/2022:21:27:02 -0700] "GET /js/jquery.ui.totop.min.js HTTP/1.1" 200 510 "http://webcache.googleusercontent.com/" "Mozilla/5.0 (Windows NT 10.0; Win64; x64) AppleWebKit/537.36 (KHTML, like Gecko) Chrome/105.0.0.0 Safari/537.36" "www.mantech8.com"
112.199.155.114 - - [24/Sep/2022:21:27:03 -0700] "GET /fonts/fontawesome-webfont.woff2?v=4.5.0 HTTP/1.1" 200 66624 "http://www.mantech8.com/css/style.css" "Mozilla/5.0 (Windows NT 10.0; Win64; x64) AppleWebKit/537.36 (KHTML, like Gecko) Chrome/105.0.0.0 Safari/537.36" "www.mantech8.com"
112.199.155.114 - - [24/Sep/2022:21:27:03 -0700] "GET /fonts/MaterialIcons-Regular.woff2 HTTP/1.1" 200 36888 "http://www.mantech8.com/css/style.css" "Mozilla/5.0 (Windows NT 10.0; Win64; x64) AppleWebKit/537.36 (KHTML, like Gecko) Chrome/105.0.0.0 Safari/537.36" "www.mantech8.com"
112.199.155.114 - - [24/Sep/2022:21:27:03 -0700] "GET /fonts/fontawesome-webfont.woff?v=4.5.0 HTTP/1.1" 200 83588 "http://www.mantech8.com/css/style.css" "Mozilla/5.0 (Windows NT 10.0; Win64; x64) AppleWebKit/537.36 (KHTML, like Gecko) Chrome/105.0.0.0 Safari/537.36" "www.mantech8.com"
112.199.155.114 - - [24/Sep/2022:21:27:03 -0700] "GET /fonts/MaterialIcons-Regular.woff HTTP/1.1" 200 63988 "http://www.mantech8.com/css/style.css" "Mozilla/5.0 (Windows NT 10.0; Win64; x64) AppleWebKit/537.36 (KHTML, like Gecko) Chrome/105.0.0.0 Safari/537.36" "www.mantech8.com"
112.199.155.114 - - [24/Sep/2022:21:27:03 -0700] "GET /fonts/fontawesome-webfont.ttf?v=4.5.0 HTTP/1.1" 200 142072 "http://www.mantech8.com/css/style.css" "Mozilla/5.0 (Windows NT 10.0; Win64; x64) AppleWebKit/537.36 (KHTML, like Gecko) Chrome/105.0.0.0 Safari/537.36" "www.mantech8.com"
112.199.155.114 - - [24/Sep/2022:21:27:04 -0700] "GET /fonts/MaterialIcons-Regular.ttf HTTP/1.1" 200 107780 "http://www.mantech8.com/css/style.css" "Mozilla/5.0 (Windows NT 10.0; Win64; x64) AppleWebKit/537.36 (KHTML, like Gecko) Chrome/105.0.0.0 Safari/537.36" "www.mantech8.com"
112.199.155.114 - - [24/Sep/2022:21:27:04 -0700] "GET /fonts/fontawesome-webfonte0a5.html?v=4.3.0 HTTP/1.1" 404 88 "http://www.mantech8.com/css/font-awesome.css" "Mozilla/5.0 (Windows NT 10.0; Win64; x64) AppleWebKit/537.36 (KHTML, like Gecko) Chrome/105.0.0.0 Safari/537.36" "www.mantech8.com"
112.199.155.114 - - [24/Sep/2022:21:27:05 -0700] "GET /fonts/fontawesome-webfonte0a5.woff?v=4.3.0 HTTP/1.1" 404 88 "http://www.mantech8.com/css/font-awesome.css" "Mozilla/5.0 (Windows NT 10.0; Win64; x64) AppleWebKit/537.36 (KHTML, like Gecko) Chrome/105.0.0.0 Safari/537.36" "www.mantech8.com"
112.199.155.114 - - [24/Sep/2022:21:27:05 -0700] "GET /fonts/fontawesome-webfonte0a5.ttf?v=4.3.0 HTTP/1.1" 404 88 "http://www.mantech8.com/css/font-awesome.css" "Mozilla/5.0 (Windows NT 10.0; Win64; x64) AppleWebKit/537.36 (KHTML, like Gecko) Chrome/105.0.0.0 Safari/537.36" "www.mantech8.com"
185.191.171.36 - - [24/Sep/2022:21:27:13 -0700] "GET /?camp-fire%2F33454393.html HTTP/1.1" 500 - "-" "Mozilla/5.0 (compatible; SemrushBot/7~bl; +http://www.semrush.com/bot.html)" "mantech8.com"
185.191.171.7 - - [24/Sep/2022:21:27:59 -0700] "GET /?camp-fire%2F40468559.html HTTP/1.1" 500 - "-" "Mozilla/5.0 (compatible; SemrushBot/7~bl; +http://www.semrush.com/bot.html)" "mantech8.com"
185.191.171.33 - - [24/Sep/2022:21:28:25 -0700] "GET /?camp-fire%2F43352784.html HTTP/1.1" 500 - "-" "Mozilla/5.0 (compatible; SemrushBot/7~bl; +http://www.semrush.com/bot.html)" "mantech8.com"
185.191.171.9 - - [24/Sep/2022:21:30:39 -0700] "GET /?camp-fire%2F5932065.html HTTP/1.1" 500 - "-" "Mozilla/5.0 (compatible; SemrushBot/7~bl; +http://www.semrush.com/bot.html)" "mantech8.com"
114.119.133.182 - - [24/Sep/2022:21:30:42 -0700] "GET /bimages/client/client4.jpg HTTP/1.1" 200 24651 "http://mantech8.com/clients.php" "Mozilla/5.0 (Linux; Android 7.0;) AppleWebKit/537.36 (KHTML, like Gecko) Mobile Safari/537.36 (compatible; PetalBot;+https://webmaster.petalsearch.com/site/petalbot)" "mantech8.com"
185.191.171.43 - - [24/Sep/2022:21:31:23 -0700] "GET /?camp-fire%2F21268657.html HTTP/1.1" 500 - "-" "Mozilla/5.0 (compatible; SemrushBot/7~bl; +http://www.semrush.com/bot.html)" "mantech8.com"
185.191.171.19 - - [24/Sep/2022:21:31:43 -0700] "GET /?camp-fire%2F8012865.html HTTP/1.1" 500 - "-" "Mozilla/5.0 (compatible; SemrushBot/7~bl; +http://www.semrush.com/bot.html)" "mantech8.com"
185.191.171.9 - - [24/Sep/2022:21:31:53 -0700] "GET /?camp-fire%2F23632698.html HTTP/1.1" 500 - "-" "Mozilla/5.0 (compatible; SemrushBot/7~bl; +http://www.semrush.com/bot.html)" "mantech8.com"
185.191.171.45 - - [24/Sep/2022:21:32:15 -0700] "GET /?camp-fire%2F33723808.html HTTP/1.1" 500 - "-" "Mozilla/5.0 (compatible; SemrushBot/7~bl; +http://www.semrush.com/bot.html)" "mantech8.com"
185.191.171.2 - - [24/Sep/2022:21:32:46 -0700] "GET /?camp-fire%2F66996092.html HTTP/1.1" 500 - "-" "Mozilla/5.0 (compatible; SemrushBot/7~bl; +http://www.semrush.com/bot.html)" "mantech8.com"
185.191.171.6 - - [24/Sep/2022:21:32:55 -0700] "GET /?camp-fire%2F1374459.html HTTP/1.1" 500 - "-" "Mozilla/5.0 (compatible; SemrushBot/7~bl; +http://www.semrush.com/bot.html)" "mantech8.com"
185.191.171.20 - - [24/Sep/2022:21:33:46 -0700] "GET /?camp-fire%2F20785635.html HTTP/1.1" 500 - "-" "Mozilla/5.0 (compatible; SemrushBot/7~bl; +http://www.semrush.com/bot.html)" "mantech8.com"
185.191.171.4 - - [24/Sep/2022:21:34:25 -0700] "GET /?camp-fire%2F79757298.html HTTP/1.1" 500 - "-" "Mozilla/5.0 (compatible; SemrushBot/7~bl; +http://www.semrush.com/bot.html)" "mantech8.com"
185.191.171.2 - - [24/Sep/2022:21:34:36 -0700] "GET /?camp-fire%2F27542526.html HTTP/1.1" 500 - "-" "Mozilla/5.0 (compatible; SemrushBot/7~bl; +http://www.semrush.com/bot.html)" "mantech8.com"
185.191.171.34 - - [24/Sep/2022:21:35:14 -0700] "GET /?camp-fire%2F8563021.html HTTP/1.1" 500 - "-" "Mozilla/5.0 (compatible; SemrushBot/7~bl; +http://www.semrush.com/bot.html)" "mantech8.com"
185.191.171.4 - - [24/Sep/2022:21:35:23 -0700] "GET /?camp-fire%2F7641108.html HTTP/1.1" 500 - "-" "Mozilla/5.0 (compatible; SemrushBot/7~bl; +http://www.semrush.com/bot.html)" "mantech8.com"
185.191.171.38 - - [24/Sep/2022:21:36:14 -0700] "GET /?camp-fire%2F9050377.html HTTP/1.1" 500 - "-" "Mozilla/5.0 (compatible; SemrushBot/7~bl; +http://www.semrush.com/bot.html)" "mantech8.com"
114.119.133.182 - - [24/Sep/2022:21:36:28 -0700] "GET /bimages/door/?C=S%3BO%3DA HTTP/1.1" 200 447 "http://www.mantech8.com/bimages/door/?C=M%3BO%3DA" "Mozilla/5.0 (Linux; Android 7.0;) AppleWebKit/537.36 (KHTML, like Gecko) Mobile Safari/537.36 (compatible; PetalBot;+https://webmaster.petalsearch.com/site/petalbot)" "www.mantech8.com"
185.191.171.10 - - [24/Sep/2022:21:36:55 -0700] "GET /?camp-fire%2F33643159.html HTTP/1.1" 500 - "-" "Mozilla/5.0 (compatible; SemrushBot/7~bl; +http://www.semrush.com/bot.html)" "mantech8.com"
185.191.171.39 - - [24/Sep/2022:21:37:27 -0700] "GET /?camp-fire%2F21658517.html HTTP/1.1" 500 - "-" "Mozilla/5.0 (compatible; SemrushBot/7~bl; +http://www.semrush.com/bot.html)" "mantech8.com"
185.191.171.42 - - [24/Sep/2022:21:38:00 -0700] "GET /?camp-fire%2F17571627.html HTTP/1.1" 500 - "-" "Mozilla/5.0 (compatible; SemrushBot/7~bl; +http://www.semrush.com/bot.html)" "mantech8.com"
185.191.171.38 - - [24/Sep/2022:21:38:05 -0700] "GET /?camp-fire%2F27269970.html HTTP/1.1" 500 - "-" "Mozilla/5.0 (compatible; SemrushBot/7~bl; +http://www.semrush.com/bot.html)" "mantech8.com"
157.55.39.87 - - [24/Sep/2022:21:38:15 -0700] "GET /index.php?/index.php/index/zhongxin/id/26.html HTTP/1.1" 200 65623 "-" "Mozilla/5.0 (compatible; bingbot/2.0; +http://www.bing.com/bingbot.htm)" "mantech8.com"
185.191.171.36 - - [24/Sep/2022:21:38:24 -0700] "GET /?camp-fire%2F52306588.html HTTP/1.1" 500 - "-" "Mozilla/5.0 (compatible; SemrushBot/7~bl; +http://www.semrush.com/bot.html)" "mantech8.com"
185.191.171.24 - - [24/Sep/2022:21:38:55 -0700] "GET /?camp-fire%2F28130359.html HTTP/1.1" 500 - "-" "Mozilla/5.0 (compatible; SemrushBot/7~bl; +http://www.semrush.com/bot.html)" "mantech8.com"
185.191.171.1 - - [24/Sep/2022:21:40:15 -0700] "GET /?camp-fire%2F19711708.html HTTP/1.1" 500 - "-" "Mozilla/5.0 (compatible; SemrushBot/7~bl; +http://www.semrush.com/bot.html)" "mantech8.com"
185.191.171.6 - - [24/Sep/2022:21:40:16 -0700] "GET /?camp-fire%2F15210784.html HTTP/1.1" 500 - "-" "Mozilla/5.0 (compatible; SemrushBot/7~bl; +http://www.semrush.com/bot.html)" "mantech8.com"
185.191.171.13 - - [24/Sep/2022:21:40:39 -0700] "GET /?camp-fire%2F23988933.html HTTP/1.1" 500 - "-" "Mozilla/5.0 (compatible; SemrushBot/7~bl; +http://www.semrush.com/bot.html)" "mantech8.com"
207.46.13.104 - - [24/Sep/2022:21:40:39 -0700] "GET /index.php?camp-fire/39735966.html HTTP/1.1" 200 40838 "-" "Mozilla/5.0 (compatible; bingbot/2.0; +http://www.bing.com/bingbot.htm)" "mantech8.com"
185.191.171.33 - - [24/Sep/2022:21:40:44 -0700] "GET /?camp-fire%2F29446035.html HTTP/1.1" 500 - "-" "Mozilla/5.0 (compatible; SemrushBot/7~bl; +http://www.semrush.com/bot.html)" "mantech8.com"
185.191.171.35 - - [24/Sep/2022:21:41:23 -0700] "GET /robots.txt HTTP/1.1" 200 2442 "-" "Mozilla/5.0 (compatible; SemrushBot/7~bl; +http://www.semrush.com/bot.html)" "mantech8.com"
185.191.171.22 - - [24/Sep/2022:21:41:23 -0700] "GET /?camp-fire%2F15955474.html HTTP/1.1" 500 - "-" "Mozilla/5.0 (compatible; SemrushBot/7~bl; +http://www.semrush.com/bot.html)" "mantech8.com"
185.191.171.40 - - [24/Sep/2022:21:41:35 -0700] "GET /?camp-fire%2F28248335.html HTTP/1.1" 500 - "-" "Mozilla/5.0 (compatible; SemrushBot/7~bl; +http://www.semrush.com/bot.html)" "mantech8.com"
185.191.171.1 - - [24/Sep/2022:21:42:01 -0700] "GET /?camp-fire%2F20816535.html HTTP/1.1" 500 - "-" "Mozilla/5.0 (compatible; SemrushBot/7~bl; +http://www.semrush.com/bot.html)" "mantech8.com"
114.119.133.190 - - [24/Sep/2022:21:42:15 -0700] "GET /sitemap5587.xml HTTP/1.1" 404 88 "-" "Mozilla/5.0 (compatible;PetalBot;+https://webmaster.petalsearch.com/site/petalbot)" "mantech8.com"
207.46.13.104 - - [24/Sep/2022:21:43:28 -0700] "GET /bimages/certificate/C11.jpg HTTP/1.1" 200 408902 "-" "Mozilla/5.0 (compatible; bingbot/2.0; +http://www.bing.com/bingbot.htm)" "mantech8.com"
185.191.171.2 - - [24/Sep/2022:21:43:50 -0700] "GET /?camp-fire%2F41918909.html HTTP/1.1" 500 - "-" "Mozilla/5.0 (compatible; SemrushBot/7~bl; +http://www.semrush.com/bot.html)" "mantech8.com"
185.191.171.18 - - [24/Sep/2022:21:44:05 -0700] "GET /?camp-fire%2F18525381.html HTTP/1.1" 500 - "-" "Mozilla/5.0 (compatible; SemrushBot/7~bl; +http://www.semrush.com/bot.html)" "mantech8.com"
185.191.171.36 - - [24/Sep/2022:21:44:11 -0700] "GET /?camp-fire%2F33670168.html HTTP/1.1" 500 - "-" "Mozilla/5.0 (compatible; SemrushBot/7~bl; +http://www.semrush.com/bot.html)" "mantech8.com"
185.191.171.11 - - [24/Sep/2022:21:44:24 -0700] "GET /?camp-fire%2F22932717.html HTTP/1.1" 500 - "-" "Mozilla/5.0 (compatible; SemrushBot/7~bl; +http://www.semrush.com/bot.html)" "mantech8.com"
