207.46.13.104 - - [25/Sep/2022:09:02:15 -0700] "GET /index.php?camp-fire/38304572.html HTTP/1.1" 200 59303 "-" "Mozilla/5.0 (compatible; bingbot/2.0; +http://www.bing.com/bingbot.htm)" "mantech8.com"
207.46.13.104 - - [25/Sep/2022:09:02:16 -0700] "GET /?furnacite.xml HTTP/1.1" 200 277010 "-" "Mozilla/5.0 (compatible; bingbot/2.0; +http://www.bing.com/bingbot.htm)" "mantech8.com"
207.46.13.104 - - [25/Sep/2022:09:02:17 -0700] "GET /index.php?mekonium.xml HTTP/1.1" 200 250691 "-" "Mozilla/5.0 AppleWebKit/537.36 (KHTML, like Gecko; compatible; bingbot/2.0; +http://www.bing.com/bingbot.htm) Chrome/103.0.5060.134 Safari/537.36" "mantech8.com"
207.46.13.104 - - [25/Sep/2022:09:02:17 -0700] "GET /?interphalangeal.xml HTTP/1.1" 200 240359 "-" "Mozilla/5.0 (compatible; bingbot/2.0; +http://www.bing.com/bingbot.htm)" "mantech8.com"
207.46.13.104 - - [25/Sep/2022:09:02:18 -0700] "GET /index.php?sitemap1.xml HTTP/1.1" 200 319033 "-" "Mozilla/5.0 (compatible; bingbot/2.0; +http://www.bing.com/bingbot.htm)" "mantech8.com"
207.46.13.104 - - [25/Sep/2022:09:02:23 -0700] "GET /index.php/crystalgazer.xml HTTP/1.1" 200 314990 "-" "Mozilla/5.0 (compatible; bingbot/2.0; +http://www.bing.com/bingbot.htm)" "mantech8.com"
207.46.13.104 - - [25/Sep/2022:09:02:24 -0700] "GET /?impenetration.xml HTTP/1.1" 200 310016 "-" "Mozilla/5.0 AppleWebKit/537.36 (KHTML, like Gecko; compatible; bingbot/2.0; +http://www.bing.com/bingbot.htm) Chrome/103.0.5060.134 Safari/537.36" "mantech8.com"
207.46.13.104 - - [25/Sep/2022:09:02:25 -0700] "GET /benfica.xml HTTP/1.1" 404 88 "-" "Mozilla/5.0 (compatible; bingbot/2.0; +http://www.bing.com/bingbot.htm)" "mantech8.com"
207.46.13.104 - - [25/Sep/2022:09:02:25 -0700] "GET /index.php/ascensor.xml HTTP/1.1" 200 252716 "-" "Mozilla/5.0 (compatible; bingbot/2.0; +http://www.bing.com/bingbot.htm)" "mantech8.com"
207.46.13.104 - - [25/Sep/2022:09:02:26 -0700] "GET /?sitemap7905.xml HTTP/1.1" 200 258998 "-" "Mozilla/5.0 (compatible; bingbot/2.0; +http://www.bing.com/bingbot.htm)" "mantech8.com"
207.46.13.104 - - [25/Sep/2022:09:02:27 -0700] "GET /index.php/sitemap827.xml HTTP/1.1" 200 257350 "-" "Mozilla/5.0 (compatible; bingbot/2.0; +http://www.bing.com/bingbot.htm)" "mantech8.com"
207.46.13.104 - - [25/Sep/2022:09:02:28 -0700] "GET /gelsemic.xml HTTP/1.1" 404 88 "-" "Mozilla/5.0 (compatible; bingbot/2.0; +http://www.bing.com/bingbot.htm)" "mantech8.com"
207.46.13.104 - - [25/Sep/2022:09:02:28 -0700] "GET /?sitemap21.xml HTTP/1.1" 200 246092 "-" "Mozilla/5.0 AppleWebKit/537.36 (KHTML, like Gecko; compatible; bingbot/2.0; +http://www.bing.com/bingbot.htm) Chrome/103.0.5060.134 Safari/537.36" "mantech8.com"
207.46.13.104 - - [25/Sep/2022:09:02:28 -0700] "GET /index.php?sitemap4497.xml HTTP/1.1" 200 274976 "-" "Mozilla/5.0 (compatible; bingbot/2.0; +http://www.bing.com/bingbot.htm)" "mantech8.com"
207.46.13.104 - - [25/Sep/2022:09:02:29 -0700] "GET /sitemap-index-7.xml HTTP/1.1" 404 88 "-" "Mozilla/5.0 (compatible; bingbot/2.0; +http://www.bing.com/bingbot.htm)" "mantech8.com"
207.46.13.104 - - [25/Sep/2022:09:02:29 -0700] "GET /?sitemap4113.xml HTTP/1.1" 200 290452 "-" "Mozilla/5.0 (compatible; bingbot/2.0; +http://www.bing.com/bingbot.htm)" "mantech8.com"
207.46.13.104 - - [25/Sep/2022:09:02:30 -0700] "GET /?prinker.xml HTTP/1.1" 200 243830 "-" "Mozilla/5.0 AppleWebKit/537.36 (KHTML, like Gecko; compatible; bingbot/2.0; +http://www.bing.com/bingbot.htm) Chrome/103.0.5060.134 Safari/537.36" "mantech8.com"
207.46.13.104 - - [25/Sep/2022:09:02:31 -0700] "GET /index.php/sitemap6270.xml HTTP/1.1" 200 281391 "-" "Mozilla/5.0 (compatible; bingbot/2.0; +http://www.bing.com/bingbot.htm)" "mantech8.com"
207.46.13.104 - - [25/Sep/2022:09:02:32 -0700] "GET /index.php/sitemap3113.xml HTTP/1.1" 200 255212 "-" "Mozilla/5.0 AppleWebKit/537.36 (KHTML, like Gecko; compatible; bingbot/2.0; +http://www.bing.com/bingbot.htm) Chrome/103.0.5060.134 Safari/537.36" "mantech8.com"
207.46.13.104 - - [25/Sep/2022:09:02:33 -0700] "GET /?biopoesis.xml HTTP/1.1" 200 242264 "-" "Mozilla/5.0 (compatible; bingbot/2.0; +http://www.bing.com/bingbot.htm)" "mantech8.com"
207.46.13.104 - - [25/Sep/2022:09:02:33 -0700] "GET /index.php/sitemap8428.xml HTTP/1.1" 200 253454 "-" "Mozilla/5.0 (compatible; bingbot/2.0; +http://www.bing.com/bingbot.htm)" "mantech8.com"
207.46.13.104 - - [25/Sep/2022:09:02:34 -0700] "GET /index.php/impenetration.xml HTTP/1.1" 200 324008 "-" "Mozilla/5.0 (compatible; bingbot/2.0; +http://www.bing.com/bingbot.htm)" "mantech8.com"
207.46.13.104 - - [25/Sep/2022:09:02:35 -0700] "GET /index.php?dehydrochlorinases.xml HTTP/1.1" 200 318108 "-" "Mozilla/5.0 (compatible; bingbot/2.0; +http://www.bing.com/bingbot.htm)" "mantech8.com"
207.46.13.104 - - [25/Sep/2022:09:02:36 -0700] "GET /?sitemap9579.xml HTTP/1.1" 200 279356 "-" "Mozilla/5.0 (compatible; bingbot/2.0; +http://www.bing.com/bingbot.htm)" "mantech8.com"
207.46.13.104 - - [25/Sep/2022:09:02:37 -0700] "GET /?sitemap9084.xml HTTP/1.1" 200 280226 "-" "Mozilla/5.0 AppleWebKit/537.36 (KHTML, like Gecko; compatible; bingbot/2.0; +http://www.bing.com/bingbot.htm) Chrome/103.0.5060.134 Safari/537.36" "mantech8.com"
207.46.13.104 - - [25/Sep/2022:09:02:38 -0700] "GET /index.php/kiger.xml HTTP/1.1" 200 300862 "-" "Mozilla/5.0 (compatible; bingbot/2.0; +http://www.bing.com/bingbot.htm)" "mantech8.com"
207.46.13.104 - - [25/Sep/2022:09:02:39 -0700] "GET /index.php/sitemap306.xml HTTP/1.1" 200 289493 "-" "Mozilla/5.0 (compatible; bingbot/2.0; +http://www.bing.com/bingbot.htm)" "mantech8.com"
207.46.13.104 - - [25/Sep/2022:09:02:40 -0700] "GET /?sitemap12394.xml HTTP/1.1" 200 311894 "-" "Mozilla/5.0 (compatible; bingbot/2.0; +http://www.bing.com/bingbot.htm)" "mantech8.com"
207.46.13.104 - - [25/Sep/2022:09:02:41 -0700] "GET /?sitemap40698.xml HTTP/1.1" 200 298829 "-" "Mozilla/5.0 AppleWebKit/537.36 (KHTML, like Gecko; compatible; bingbot/2.0; +http://www.bing.com/bingbot.htm) Chrome/103.0.5060.134 Safari/537.36" "mantech8.com"
207.46.13.104 - - [25/Sep/2022:09:02:42 -0700] "GET /index.php/larges.xml HTTP/1.1" 200 308398 "-" "Mozilla/5.0 (compatible; bingbot/2.0; +http://www.bing.com/bingbot.htm)" "mantech8.com"
207.46.13.104 - - [25/Sep/2022:09:02:43 -0700] "GET /index.php?psammo.xml HTTP/1.1" 200 261158 "-" "Mozilla/5.0 (compatible; bingbot/2.0; +http://www.bing.com/bingbot.htm)" "mantech8.com"
207.46.13.104 - - [25/Sep/2022:09:02:44 -0700] "GET /index.php/tetrathionates.xml HTTP/1.1" 200 310403 "-" "Mozilla/5.0 (compatible; bingbot/2.0; +http://www.bing.com/bingbot.htm)" "mantech8.com"
207.46.13.104 - - [25/Sep/2022:09:02:44 -0700] "GET /kleffens.xml HTTP/1.1" 404 88 "-" "Mozilla/5.0 AppleWebKit/537.36 (KHTML, like Gecko; compatible; bingbot/2.0; +http://www.bing.com/bingbot.htm) Chrome/103.0.5060.134 Safari/537.36" "mantech8.com"
207.46.13.104 - - [25/Sep/2022:09:02:45 -0700] "GET /?sitemap348.xml HTTP/1.1" 200 253239 "-" "Mozilla/5.0 (compatible; bingbot/2.0; +http://www.bing.com/bingbot.htm)" "mantech8.com"
207.46.13.104 - - [25/Sep/2022:09:02:45 -0700] "GET /index.php/sitemap9346.xml HTTP/1.1" 200 327238 "-" "Mozilla/5.0 (compatible; bingbot/2.0; +http://www.bing.com/bingbot.htm)" "mantech8.com"
207.46.13.104 - - [25/Sep/2022:09:02:53 -0700] "GET /index.php/sitemap7131.xml HTTP/1.1" 200 346190 "-" "Mozilla/5.0 (compatible; bingbot/2.0; +http://www.bing.com/bingbot.htm)" "mantech8.com"
207.46.13.104 - - [25/Sep/2022:09:02:55 -0700] "GET /sitemap72.xml HTTP/1.1" 404 88 "-" "Mozilla/5.0 (compatible; bingbot/2.0; +http://www.bing.com/bingbot.htm)" "mantech8.com"
207.46.13.104 - - [25/Sep/2022:09:02:55 -0700] "GET /index.php/ching-kuo.xml HTTP/1.1" 200 336854 "-" "Mozilla/5.0 (compatible; bingbot/2.0; +http://www.bing.com/bingbot.htm)" "mantech8.com"
207.46.13.104 - - [25/Sep/2022:09:02:56 -0700] "GET /unpower.xml HTTP/1.1" 404 88 "-" "Mozilla/5.0 (compatible; bingbot/2.0; +http://www.bing.com/bingbot.htm)" "mantech8.com"
207.46.13.104 - - [25/Sep/2022:09:02:56 -0700] "GET /kiger.xml HTTP/1.1" 404 88 "-" "Mozilla/5.0 (compatible; bingbot/2.0; +http://www.bing.com/bingbot.htm)" "mantech8.com"
207.46.13.104 - - [25/Sep/2022:09:02:56 -0700] "GET /index.php/sitemap59.xml HTTP/1.1" 200 259332 "-" "Mozilla/5.0 (compatible; bingbot/2.0; +http://www.bing.com/bingbot.htm)" "mantech8.com"
207.46.13.42 - - [25/Sep/2022:09:02:56 -0700] "GET /index.php?sitemap4733.xml HTTP/1.1" 200 283097 "-" "Mozilla/5.0 (compatible; bingbot/2.0; +http://www.bing.com/bingbot.htm)" "mantech8.com"
207.46.13.104 - - [25/Sep/2022:09:02:57 -0700] "GET /sitemap271.xml HTTP/1.1" 404 88 "-" "Mozilla/5.0 (compatible; bingbot/2.0; +http://www.bing.com/bingbot.htm)" "mantech8.com"
207.46.13.104 - - [25/Sep/2022:09:02:57 -0700] "GET /index.php/sitemap-index-9.xml HTTP/1.1" 200 4943 "-" "Mozilla/5.0 AppleWebKit/537.36 (KHTML, like Gecko; compatible; bingbot/2.0; +http://www.bing.com/bingbot.htm) Chrome/103.0.5060.134 Safari/537.36" "mantech8.com"
207.46.13.104 - - [25/Sep/2022:09:02:57 -0700] "GET /sitemap53.xml HTTP/1.1" 404 88 "-" "Mozilla/5.0 (compatible; bingbot/2.0; +http://www.bing.com/bingbot.htm)" "mantech8.com"
207.46.13.104 - - [25/Sep/2022:09:02:57 -0700] "GET /infuriates.xml HTTP/1.1" 404 88 "-" "Mozilla/5.0 (compatible; bingbot/2.0; +http://www.bing.com/bingbot.htm)" "mantech8.com"
207.46.13.104 - - [25/Sep/2022:09:02:57 -0700] "GET /index.php/pettygod.xml HTTP/1.1" 200 244616 "-" "Mozilla/5.0 (compatible; bingbot/2.0; +http://www.bing.com/bingbot.htm)" "mantech8.com"
207.46.13.104 - - [25/Sep/2022:09:02:58 -0700] "GET /?sitemap53295.xml HTTP/1.1" 200 322249 "-" "Mozilla/5.0 (compatible; bingbot/2.0; +http://www.bing.com/bingbot.htm)" "mantech8.com"
207.46.13.104 - - [25/Sep/2022:09:02:59 -0700] "GET /megatheroid.xml HTTP/1.1" 404 88 "-" "Mozilla/5.0 (compatible; bingbot/2.0; +http://www.bing.com/bingbot.htm)" "mantech8.com"
207.46.13.104 - - [25/Sep/2022:09:02:59 -0700] "GET /index.php/mekonium.xml HTTP/1.1" 200 330984 "-" "Mozilla/5.0 (compatible; bingbot/2.0; +http://www.bing.com/bingbot.htm)" "mantech8.com"
207.46.13.104 - - [25/Sep/2022:09:03:00 -0700] "GET /tarandean.xml HTTP/1.1" 404 88 "-" "Mozilla/5.0 (compatible; bingbot/2.0; +http://www.bing.com/bingbot.htm)" "mantech8.com"
207.46.13.104 - - [25/Sep/2022:09:03:00 -0700] "GET /sitemap751.xml HTTP/1.1" 404 88 "-" "Mozilla/5.0 (compatible; bingbot/2.0; +http://www.bing.com/bingbot.htm)" "mantech8.com"
207.46.13.104 - - [25/Sep/2022:09:03:00 -0700] "GET /sitemap-index-4.xml HTTP/1.1" 404 88 "-" "Mozilla/5.0 (compatible; bingbot/2.0; +http://www.bing.com/bingbot.htm)" "mantech8.com"
207.46.13.104 - - [25/Sep/2022:09:03:00 -0700] "GET /index.php/sitemap8.xml HTTP/1.1" 200 328776 "-" "Mozilla/5.0 AppleWebKit/537.36 (KHTML, like Gecko; compatible; bingbot/2.0; +http://www.bing.com/bingbot.htm) Chrome/103.0.5060.134 Safari/537.36" "mantech8.com"
207.46.13.104 - - [25/Sep/2022:09:03:01 -0700] "GET /?sitemap43154.xml HTTP/1.1" 200 239684 "-" "Mozilla/5.0 (compatible; bingbot/2.0; +http://www.bing.com/bingbot.htm)" "mantech8.com"
207.46.13.104 - - [25/Sep/2022:09:03:02 -0700] "GET /successional.xml HTTP/1.1" 404 88 "-" "Mozilla/5.0 (compatible; bingbot/2.0; +http://www.bing.com/bingbot.htm)" "mantech8.com"
207.46.13.104 - - [25/Sep/2022:09:03:02 -0700] "GET /sitemap926.xml HTTP/1.1" 404 88 "-" "Mozilla/5.0 (compatible; bingbot/2.0; +http://www.bing.com/bingbot.htm)" "mantech8.com"
207.46.13.104 - - [25/Sep/2022:09:03:02 -0700] "GET /index.php/sitemap-index-3.xml HTTP/1.1" 200 5253 "-" "Mozilla/5.0 (compatible; bingbot/2.0; +http://www.bing.com/bingbot.htm)" "mantech8.com"
207.46.13.104 - - [25/Sep/2022:09:03:03 -0700] "GET /?gelsemic.xml HTTP/1.1" 200 260855 "-" "Mozilla/5.0 (compatible; bingbot/2.0; +http://www.bing.com/bingbot.htm)" "mantech8.com"
207.46.13.104 - - [25/Sep/2022:09:03:03 -0700] "GET /?sitemap15155.xml HTTP/1.1" 200 325118 "-" "Mozilla/5.0 (compatible; bingbot/2.0; +http://www.bing.com/bingbot.htm)" "mantech8.com"
207.46.13.104 - - [25/Sep/2022:09:03:04 -0700] "GET /scillism.xml HTTP/1.1" 404 88 "-" "Mozilla/5.0 (compatible; bingbot/2.0; +http://www.bing.com/bingbot.htm)" "mantech8.com"
207.46.13.104 - - [25/Sep/2022:09:03:05 -0700] "GET /?reym.xml HTTP/1.1" 200 263461 "-" "Mozilla/5.0 AppleWebKit/537.36 (KHTML, like Gecko; compatible; bingbot/2.0; +http://www.bing.com/bingbot.htm) Chrome/103.0.5060.134 Safari/537.36" "mantech8.com"
207.46.13.104 - - [25/Sep/2022:09:03:05 -0700] "GET /sitemap19.xml HTTP/1.1" 404 88 "-" "Mozilla/5.0 (compatible; bingbot/2.0; +http://www.bing.com/bingbot.htm)" "mantech8.com"
207.46.13.104 - - [25/Sep/2022:09:03:06 -0700] "GET /index.php?sitemap-index-4.xml HTTP/1.1" 200 6106 "-" "Mozilla/5.0 AppleWebKit/537.36 (KHTML, like Gecko; compatible; bingbot/2.0; +http://www.bing.com/bingbot.htm) Chrome/103.0.5060.134 Safari/537.36" "mantech8.com"
207.46.13.104 - - [25/Sep/2022:09:03:06 -0700] "GET /index.php/dejerator.xml HTTP/1.1" 200 262276 "-" "Mozilla/5.0 (compatible; bingbot/2.0; +http://www.bing.com/bingbot.htm)" "mantech8.com"
207.46.13.104 - - [25/Sep/2022:09:03:07 -0700] "GET /exorcise.xml HTTP/1.1" 404 88 "-" "Mozilla/5.0 (compatible; bingbot/2.0; +http://www.bing.com/bingbot.htm)" "mantech8.com"
185.191.171.23 - - [25/Sep/2022:09:03:16 -0700] "GET /?camp-fire%2F32539861.html HTTP/1.1" 500 - "-" "Mozilla/5.0 (compatible; SemrushBot/7~bl; +http://www.semrush.com/bot.html)" "mantech8.com"
185.191.171.9 - - [25/Sep/2022:09:03:20 -0700] "GET /?camp-fire%2F30545841.html HTTP/1.1" 500 - "-" "Mozilla/5.0 (compatible; SemrushBot/7~bl; +http://www.semrush.com/bot.html)" "mantech8.com"
207.46.13.104 - - [25/Sep/2022:09:03:23 -0700] "GET /index.php/viton.xml HTTP/1.1" 200 334650 "-" "Mozilla/5.0 AppleWebKit/537.36 (KHTML, like Gecko; compatible; bingbot/2.0; +http://www.bing.com/bingbot.htm) Chrome/103.0.5060.134 Safari/537.36" "mantech8.com"
207.46.13.104 - - [25/Sep/2022:09:03:24 -0700] "GET /sitemap8718.xml HTTP/1.1" 404 88 "-" "Mozilla/5.0 AppleWebKit/537.36 (KHTML, like Gecko; compatible; bingbot/2.0; +http://www.bing.com/bingbot.htm) Chrome/103.0.5060.134 Safari/537.36" "mantech8.com"
207.46.13.104 - - [25/Sep/2022:09:03:24 -0700] "GET /?sitemap6739.xml HTTP/1.1" 200 240658 "-" "Mozilla/5.0 (compatible; bingbot/2.0; +http://www.bing.com/bingbot.htm)" "mantech8.com"
207.46.13.104 - - [25/Sep/2022:09:03:25 -0700] "GET /index.php?sitemap7.xml HTTP/1.1" 200 298090 "-" "Mozilla/5.0 (compatible; bingbot/2.0; +http://www.bing.com/bingbot.htm)" "mantech8.com"
207.46.13.104 - - [25/Sep/2022:09:03:25 -0700] "GET /index.php?sitemap892.xml HTTP/1.1" 200 303462 "-" "Mozilla/5.0 AppleWebKit/537.36 (KHTML, like Gecko; compatible; bingbot/2.0; +http://www.bing.com/bingbot.htm) Chrome/103.0.5060.134 Safari/537.36" "mantech8.com"
207.46.13.104 - - [25/Sep/2022:09:03:26 -0700] "GET /dejerator.xml HTTP/1.1" 404 88 "-" "Mozilla/5.0 AppleWebKit/537.36 (KHTML, like Gecko; compatible; bingbot/2.0; +http://www.bing.com/bingbot.htm) Chrome/103.0.5060.134 Safari/537.36" "mantech8.com"
207.46.13.104 - - [25/Sep/2022:09:03:26 -0700] "GET /index.php/bubba.xml HTTP/1.1" 200 261908 "-" "Mozilla/5.0 AppleWebKit/537.36 (KHTML, like Gecko; compatible; bingbot/2.0; +http://www.bing.com/bingbot.htm) Chrome/103.0.5060.134 Safari/537.36" "mantech8.com"
207.46.13.104 - - [25/Sep/2022:09:03:27 -0700] "GET /index.php/sitemap1029.xml HTTP/1.1" 200 300174 "-" "Mozilla/5.0 AppleWebKit/537.36 (KHTML, like Gecko; compatible; bingbot/2.0; +http://www.bing.com/bingbot.htm) Chrome/103.0.5060.134 Safari/537.36" "mantech8.com"
207.46.13.104 - - [25/Sep/2022:09:03:28 -0700] "GET /?sitemap21.xml HTTP/1.1" 200 243134 "-" "Mozilla/5.0 (compatible; bingbot/2.0; +http://www.bing.com/bingbot.htm)" "mantech8.com"
40.77.167.19 - - [25/Sep/2022:09:03:30 -0700] "GET /index.php?athermallize.xml HTTP/1.1" 200 340531 "-" "Mozilla/5.0 (compatible; bingbot/2.0; +http://www.bing.com/bingbot.htm)" "mantech8.com"
207.46.13.104 - - [25/Sep/2022:09:03:32 -0700] "GET /index.php?dejerator.xml HTTP/1.1" 200 277705 "-" "Mozilla/5.0 AppleWebKit/537.36 (KHTML, like Gecko; compatible; bingbot/2.0; +http://www.bing.com/bingbot.htm) Chrome/103.0.5060.134 Safari/537.36" "mantech8.com"
207.46.13.15 - - [25/Sep/2022:09:03:32 -0700] "GET /index.php/sitemap42974.xml HTTP/1.1" 200 297185 "-" "Mozilla/5.0 (compatible; bingbot/2.0; +http://www.bing.com/bingbot.htm)" "mantech8.com"
207.46.13.145 - - [25/Sep/2022:09:03:33 -0700] "GET /camp-fire/48204752.html HTTP/1.1" 404 88 "-" "Mozilla/5.0 AppleWebKit/537.36 (KHTML, like Gecko; compatible; bingbot/2.0; +http://www.bing.com/bingbot.htm) Chrome/103.0.5060.134 Safari/537.36" "mantech8.com"
207.46.13.104 - - [25/Sep/2022:09:03:33 -0700] "GET /index.php/sitemap14278.xml HTTP/1.1" 200 268358 "-" "Mozilla/5.0 (compatible; bingbot/2.0; +http://www.bing.com/bingbot.htm)" "mantech8.com"
207.46.13.104 - - [25/Sep/2022:09:03:34 -0700] "GET /index.php/sitemap151.xml HTTP/1.1" 200 254548 "-" "Mozilla/5.0 (compatible; bingbot/2.0; +http://www.bing.com/bingbot.htm)" "mantech8.com"
185.191.171.24 - - [25/Sep/2022:09:03:34 -0700] "GET /?camp-fire%2F13340500.html HTTP/1.1" 500 - "-" "Mozilla/5.0 (compatible; SemrushBot/7~bl; +http://www.semrush.com/bot.html)" "mantech8.com"
207.46.13.104 - - [25/Sep/2022:09:03:34 -0700] "GET /sitemap19609.xml HTTP/1.1" 404 88 "-" "Mozilla/5.0 (compatible; bingbot/2.0; +http://www.bing.com/bingbot.htm)" "mantech8.com"
207.46.13.104 - - [25/Sep/2022:09:03:35 -0700] "GET /index.php?ching-kuo.xml HTTP/1.1" 200 254916 "-" "Mozilla/5.0 AppleWebKit/537.36 (KHTML, like Gecko; compatible; bingbot/2.0; +http://www.bing.com/bingbot.htm) Chrome/103.0.5060.134 Safari/537.36" "mantech8.com"
207.46.13.104 - - [25/Sep/2022:09:03:35 -0700] "GET /index.php/kongcunzhen.xml HTTP/1.1" 200 344389 "-" "Mozilla/5.0 AppleWebKit/537.36 (KHTML, like Gecko; compatible; bingbot/2.0; +http://www.bing.com/bingbot.htm) Chrome/103.0.5060.134 Safari/537.36" "mantech8.com"
207.46.13.104 - - [25/Sep/2022:09:03:36 -0700] "GET /?diethers.xml HTTP/1.1" 200 237218 "-" "Mozilla/5.0 (compatible; bingbot/2.0; +http://www.bing.com/bingbot.htm)" "mantech8.com"
207.46.13.104 - - [25/Sep/2022:09:03:37 -0700] "GET /?sitemap86.xml HTTP/1.1" 200 236884 "-" "Mozilla/5.0 (compatible; bingbot/2.0; +http://www.bing.com/bingbot.htm)" "mantech8.com"
114.119.133.165 - - [25/Sep/2022:09:03:38 -0700] "GET /bimages/paintg/sidebar.php HTTP/1.1" 200 32 "http://www.mantech8.com/bimages/paintg/?C=M%3BO%3DA" "Mozilla/5.0 (Linux; Android 7.0;) AppleWebKit/537.36 (KHTML, like Gecko) Mobile Safari/537.36 (compatible; PetalBot;+https://webmaster.petalsearch.com/site/petalbot)" "www.mantech8.com"
207.46.13.104 - - [25/Sep/2022:09:03:38 -0700] "GET /index.php?interphalangeal.xml HTTP/1.1" 200 331167 "-" "Mozilla/5.0 (compatible; bingbot/2.0; +http://www.bing.com/bingbot.htm)" "mantech8.com"
207.46.13.104 - - [25/Sep/2022:09:03:39 -0700] "GET /ambrilidine.xml HTTP/1.1" 404 88 "-" "Mozilla/5.0 (compatible; bingbot/2.0; +http://www.bing.com/bingbot.htm)" "mantech8.com"
207.46.13.104 - - [25/Sep/2022:09:03:39 -0700] "GET /index.php/successional.xml HTTP/1.1" 200 325648 "-" "Mozilla/5.0 (compatible; bingbot/2.0; +http://www.bing.com/bingbot.htm)" "mantech8.com"
207.46.13.42 - - [25/Sep/2022:09:03:43 -0700] "GET /index.php/sitemap-index-5.xml HTTP/1.1" 200 5589 "-" "Mozilla/5.0 AppleWebKit/537.36 (KHTML, like Gecko; compatible; bingbot/2.0; +http://www.bing.com/bingbot.htm) Chrome/103.0.5060.134 Safari/537.36" "mantech8.com"
185.191.171.11 - - [25/Sep/2022:09:03:50 -0700] "GET /?camp-fire%2F32464360.html HTTP/1.1" 500 - "-" "Mozilla/5.0 (compatible; SemrushBot/7~bl; +http://www.semrush.com/bot.html)" "mantech8.com"
207.46.13.15 - - [25/Sep/2022:09:04:02 -0700] "GET /sitemap5787.xml HTTP/1.1" 404 88 "-" "Mozilla/5.0 (compatible; bingbot/2.0; +http://www.bing.com/bingbot.htm)" "mantech8.com"
185.191.171.25 - - [25/Sep/2022:09:04:12 -0700] "GET /?camp-fire%2F27122563.html HTTP/1.1" 500 - "-" "Mozilla/5.0 (compatible; SemrushBot/7~bl; +http://www.semrush.com/bot.html)" "mantech8.com"
207.46.13.15 - - [25/Sep/2022:09:04:12 -0700] "GET /index.php?infuriates.xml HTTP/1.1" 200 251985 "-" "Mozilla/5.0 AppleWebKit/537.36 (KHTML, like Gecko; compatible; bingbot/2.0; +http://www.bing.com/bingbot.htm) Chrome/103.0.5060.134 Safari/537.36" "mantech8.com"
185.191.171.11 - - [25/Sep/2022:09:04:49 -0700] "GET /?camp-fire%2F72550808.html HTTP/1.1" 500 - "-" "Mozilla/5.0 (compatible; SemrushBot/7~bl; +http://www.semrush.com/bot.html)" "mantech8.com"
207.46.13.42 - - [25/Sep/2022:09:04:57 -0700] "GET /index.php?sitemap426.xml HTTP/1.1" 200 245401 "-" "Mozilla/5.0 (compatible; bingbot/2.0; +http://www.bing.com/bingbot.htm)" "mantech8.com"
207.46.13.145 - - [25/Sep/2022:09:06:13 -0700] "GET /index.php?sitemap6538.xml HTTP/1.1" 200 308838 "-" "Mozilla/5.0 (compatible; bingbot/2.0; +http://www.bing.com/bingbot.htm)" "mantech8.com"
207.46.13.42 - - [25/Sep/2022:09:07:07 -0700] "GET /index.php?sitemap777.xml HTTP/1.1" 200 303669 "-" "Mozilla/5.0 (compatible; bingbot/2.0; +http://www.bing.com/bingbot.htm)" "mantech8.com"
207.46.13.42 - - [25/Sep/2022:09:07:09 -0700] "GET /index.php?sitemap380.xml HTTP/1.1" 200 239315 "-" "Mozilla/5.0 (compatible; bingbot/2.0; +http://www.bing.com/bingbot.htm)" "mantech8.com"
185.191.171.11 - - [25/Sep/2022:09:07:31 -0700] "GET /?camp-fire%2F9693883.html HTTP/1.1" 500 - "-" "Mozilla/5.0 (compatible; SemrushBot/7~bl; +http://www.semrush.com/bot.html)" "mantech8.com"
207.46.13.42 - - [25/Sep/2022:09:07:47 -0700] "GET /index.php?sitemap7849.xml HTTP/1.1" 200 341774 "-" "Mozilla/5.0 (compatible; bingbot/2.0; +http://www.bing.com/bingbot.htm)" "mantech8.com"
40.77.167.19 - - [25/Sep/2022:09:08:01 -0700] "GET /index.php?kujienavaca.xml HTTP/1.1" 200 260248 "-" "Mozilla/5.0 (compatible; bingbot/2.0; +http://www.bing.com/bingbot.htm)" "mantech8.com"
185.191.171.33 - - [25/Sep/2022:09:08:35 -0700] "GET /?camp-fire%2F40179588.html HTTP/1.1" 500 - "-" "Mozilla/5.0 (compatible; SemrushBot/7~bl; +http://www.semrush.com/bot.html)" "mantech8.com"
185.191.171.45 - - [25/Sep/2022:09:08:41 -0700] "GET /?camp-fire%2F3326000.html HTTP/1.1" 500 - "-" "Mozilla/5.0 (compatible; SemrushBot/7~bl; +http://www.semrush.com/bot.html)" "mantech8.com"
114.119.133.190 - - [25/Sep/2022:09:09:06 -0700] "GET /bimages/scafg/thump/tdzkwgpdvx.php HTTP/1.1" 200 32 "http://mantech8.com/bimages/scafg/thump/?C=N%3BO%3DD" "Mozilla/5.0 (Linux; Android 7.0;) AppleWebKit/537.36 (KHTML, like Gecko) Mobile Safari/537.36 (compatible; PetalBot;+https://webmaster.petalsearch.com/site/petalbot)" "mantech8.com"
40.77.167.19 - - [25/Sep/2022:09:09:11 -0700] "GET /index.php/sitemap3400.xml HTTP/1.1" 200 338946 "-" "Mozilla/5.0 (compatible; bingbot/2.0; +http://www.bing.com/bingbot.htm)" "mantech8.com"
185.191.171.43 - - [25/Sep/2022:09:09:14 -0700] "GET /?camp-fire%2F38876021.html HTTP/1.1" 500 - "-" "Mozilla/5.0 (compatible; SemrushBot/7~bl; +http://www.semrush.com/bot.html)" "mantech8.com"
207.46.13.104 - - [25/Sep/2022:09:09:16 -0700] "GET /index.php/sitemap8384.xml HTTP/1.1" 200 318222 "-" "Mozilla/5.0 (compatible; bingbot/2.0; +http://www.bing.com/bingbot.htm)" "mantech8.com"
207.46.13.42 - - [25/Sep/2022:09:09:17 -0700] "GET /html/2151372346.html HTTP/1.1" 404 88 "-" "Mozilla/5.0 AppleWebKit/537.36 (KHTML, like Gecko; compatible; bingbot/2.0; +http://www.bing.com/bingbot.htm) Chrome/103.0.5060.134 Safari/537.36" "www.mantech8.com"
77.75.73.26 - - [25/Sep/2022:09:09:22 -0700] "GET /sitemap3607.xml HTTP/1.1" 404 88 "-" "Mozilla/5.0 (compatible; SeznamBot/4.0-RC1; +http://napoveda.seznam.cz/seznambot-intro/)" "mantech8.com"
185.191.171.43 - - [25/Sep/2022:09:09:30 -0700] "GET /?camp-fire%2F48058508.html HTTP/1.1" 500 - "-" "Mozilla/5.0 (compatible; SemrushBot/7~bl; +http://www.semrush.com/bot.html)" "mantech8.com"
207.46.13.42 - - [25/Sep/2022:09:10:07 -0700] "GET /index.php?sitemap50086.xml HTTP/1.1" 200 346447 "-" "Mozilla/5.0 (compatible; bingbot/2.0; +http://www.bing.com/bingbot.htm)" "mantech8.com"
40.77.167.19 - - [25/Sep/2022:09:10:11 -0700] "GET /index.php?sitemap6281.xml HTTP/1.1" 200 308838 "-" "Mozilla/5.0 (compatible; bingbot/2.0; +http://www.bing.com/bingbot.htm)" "mantech8.com"
207.46.13.104 - - [25/Sep/2022:09:10:14 -0700] "GET /index.php/sitemap593.xml HTTP/1.1" 200 272234 "-" "Mozilla/5.0 (compatible; bingbot/2.0; +http://www.bing.com/bingbot.htm)" "mantech8.com"
207.46.13.15 - - [25/Sep/2022:09:10:16 -0700] "GET /index.php?sitemap76.xml HTTP/1.1" 200 247385 "-" "Mozilla/5.0 (compatible; bingbot/2.0; +http://www.bing.com/bingbot.htm)" "mantech8.com"
185.191.171.10 - - [25/Sep/2022:09:10:30 -0700] "GET /?camp-fire%2F19415061.html HTTP/1.1" 500 - "-" "Mozilla/5.0 (compatible; SemrushBot/7~bl; +http://www.semrush.com/bot.html)" "mantech8.com"
185.191.171.36 - - [25/Sep/2022:09:10:36 -0700] "GET /?camp-fire%2F42586649.html HTTP/1.1" 500 - "-" "Mozilla/5.0 (compatible; SemrushBot/7~bl; +http://www.semrush.com/bot.html)" "mantech8.com"
207.46.13.145 - - [25/Sep/2022:09:10:53 -0700] "GET /index.php?sitemap4660.xml HTTP/1.1" 200 326527 "-" "Mozilla/5.0 (compatible; bingbot/2.0; +http://www.bing.com/bingbot.htm)" "mantech8.com"
157.55.39.68 - - [25/Sep/2022:09:10:58 -0700] "GET /index.php?sitemap3125.xml HTTP/1.1" 200 306884 "-" "Mozilla/5.0 (compatible; bingbot/2.0; +http://www.bing.com/bingbot.htm)" "mantech8.com"
207.46.13.104 - - [25/Sep/2022:09:11:24 -0700] "GET /index.php/sitemap8807.xml HTTP/1.1" 200 339934 "-" "Mozilla/5.0 (compatible; bingbot/2.0; +http://www.bing.com/bingbot.htm)" "mantech8.com"
157.55.39.68 - - [25/Sep/2022:09:11:33 -0700] "GET /index.php?camp-fire/38500872.html HTTP/1.1" 200 130373 "-" "Mozilla/5.0 (compatible; bingbot/2.0; +http://www.bing.com/bingbot.htm)" "mantech8.com"
207.46.13.15 - - [25/Sep/2022:09:11:42 -0700] "GET /index.php/sitemap3781.xml HTTP/1.1" 200 263672 "-" "Mozilla/5.0 AppleWebKit/537.36 (KHTML, like Gecko; compatible; bingbot/2.0; +http://www.bing.com/bingbot.htm) Chrome/103.0.5060.134 Safari/537.36" "mantech8.com"
40.77.167.19 - - [25/Sep/2022:09:12:52 -0700] "GET /index.php?sitemap66.xml HTTP/1.1" 200 251972 "-" "Mozilla/5.0 (compatible; bingbot/2.0; +http://www.bing.com/bingbot.htm)" "mantech8.com"
185.191.171.12 - - [25/Sep/2022:09:13:36 -0700] "GET /?camp-fire%2F48814568.html HTTP/1.1" 500 - "-" "Mozilla/5.0 (compatible; SemrushBot/7~bl; +http://www.semrush.com/bot.html)" "mantech8.com"
207.46.13.15 - - [25/Sep/2022:09:14:13 -0700] "GET /index.php?sitemap41739.xml HTTP/1.1" 200 275425 "-" "Mozilla/5.0 (compatible; bingbot/2.0; +http://www.bing.com/bingbot.htm)" "mantech8.com"
114.119.133.158 - - [25/Sep/2022:09:14:33 -0700] "GET /piping.php HTTP/1.1" 200 13582 "http://mantech8.com/services.php" "Mozilla/5.0 (Linux; Android 7.0;) AppleWebKit/537.36 (KHTML, like Gecko) Mobile Safari/537.36 (compatible; PetalBot;+https://webmaster.petalsearch.com/site/petalbot)" "mantech8.com"
185.191.171.25 - - [25/Sep/2022:09:14:51 -0700] "GET /?camp-fire%2F37592808.html HTTP/1.1" 500 - "-" "Mozilla/5.0 (compatible; SemrushBot/7~bl; +http://www.semrush.com/bot.html)" "mantech8.com"
185.191.171.45 - - [25/Sep/2022:09:14:52 -0700] "GET /?camp-fire%2F25748032.html HTTP/1.1" 500 - "-" "Mozilla/5.0 (compatible; SemrushBot/7~bl; +http://www.semrush.com/bot.html)" "mantech8.com"
207.46.13.145 - - [25/Sep/2022:09:15:03 -0700] "GET /index.php/kujienavaca.xml HTTP/1.1" 200 333928 "-" "Mozilla/5.0 (compatible; bingbot/2.0; +http://www.bing.com/bingbot.htm)" "mantech8.com"
185.191.171.19 - - [25/Sep/2022:09:15:11 -0700] "GET /?camp-fire%2F42128849.html HTTP/1.1" 500 - "-" "Mozilla/5.0 (compatible; SemrushBot/7~bl; +http://www.semrush.com/bot.html)" "mantech8.com"
207.46.13.15 - - [25/Sep/2022:09:15:23 -0700] "GET /index.php/sitemap7168.xml HTTP/1.1" 200 250116 "-" "Mozilla/5.0 AppleWebKit/537.36 (KHTML, like Gecko; compatible; bingbot/2.0; +http://www.bing.com/bingbot.htm) Chrome/103.0.5060.134 Safari/537.36" "mantech8.com"
207.46.13.15 - - [25/Sep/2022:09:15:24 -0700] "GET /index.php?sitemap837.xml HTTP/1.1" 200 238606 "-" "Mozilla/5.0 AppleWebKit/537.36 (KHTML, like Gecko; compatible; bingbot/2.0; +http://www.bing.com/bingbot.htm) Chrome/103.0.5060.134 Safari/537.36" "mantech8.com"
185.191.171.19 - - [25/Sep/2022:09:15:25 -0700] "GET /?camp-fire%2F20185774.html HTTP/1.1" 500 - "-" "Mozilla/5.0 (compatible; SemrushBot/7~bl; +http://www.semrush.com/bot.html)" "mantech8.com"
40.77.167.19 - - [25/Sep/2022:09:15:31 -0700] "GET /?sitemap995.xml HTTP/1.1" 200 290280 "-" "Mozilla/5.0 (compatible; bingbot/2.0; +http://www.bing.com/bingbot.htm)" "mantech8.com"
185.191.171.25 - - [25/Sep/2022:09:15:54 -0700] "GET /?camp-fire%2F46616076.html HTTP/1.1" 500 - "-" "Mozilla/5.0 (compatible; SemrushBot/7~bl; +http://www.semrush.com/bot.html)" "mantech8.com"
157.55.39.68 - - [25/Sep/2022:09:15:57 -0700] "GET /index.php?sitemap7789.xml HTTP/1.1" 200 339566 "-" "Mozilla/5.0 (compatible; bingbot/2.0; +http://www.bing.com/bingbot.htm)" "mantech8.com"
103.122.176.181 - - [25/Sep/2022:09:16:13 -0700] "GET /index.php?camp-fire/63098980.html HTTP/1.1" 500 - "-" "Mozilla/5.0 (Windows NT 10.0; WOW64; Rv:50.0) Gecko/20100101 Firefox/50.0" "www.mantech8.com"
207.46.13.42 - - [25/Sep/2022:09:16:28 -0700] "GET /index.php?sitemap429.xml HTTP/1.1" 200 292798 "-" "Mozilla/5.0 AppleWebKit/537.36 (KHTML, like Gecko; compatible; bingbot/2.0; +http://www.bing.com/bingbot.htm) Chrome/103.0.5060.134 Safari/537.36" "mantech8.com"
207.46.13.42 - - [25/Sep/2022:09:17:07 -0700] "GET /index.php/sitemap7953.xml HTTP/1.1" 200 338278 "-" "Mozilla/5.0 (compatible; bingbot/2.0; +http://www.bing.com/bingbot.htm)" "mantech8.com"
207.46.13.145 - - [25/Sep/2022:09:17:14 -0700] "GET /index.php/sitemap9483.xml HTTP/1.1" 200 337358 "-" "Mozilla/5.0 AppleWebKit/537.36 (KHTML, like Gecko; compatible; bingbot/2.0; +http://www.bing.com/bingbot.htm) Chrome/103.0.5060.134 Safari/537.36" "mantech8.com"
207.46.13.42 - - [25/Sep/2022:09:17:28 -0700] "GET /index.php?sitemap3401.xml HTTP/1.1" 200 310021 "-" "Mozilla/5.0 (compatible; bingbot/2.0; +http://www.bing.com/bingbot.htm)" "mantech8.com"
185.191.171.7 - - [25/Sep/2022:09:17:44 -0700] "GET /?camp-fire%2F1154972.html HTTP/1.1" 500 - "-" "Mozilla/5.0 (compatible; SemrushBot/7~bl; +http://www.semrush.com/bot.html)" "mantech8.com"
185.191.171.1 - - [25/Sep/2022:09:18:43 -0700] "GET /?camp-fire%2F3223578.html HTTP/1.1" 500 - "-" "Mozilla/5.0 (compatible; SemrushBot/7~bl; +http://www.semrush.com/bot.html)" "mantech8.com"
157.55.39.68 - - [25/Sep/2022:09:19:08 -0700] "GET /index.php?sitemap733.xml HTTP/1.1" 200 328462 "-" "Mozilla/5.0 (compatible; bingbot/2.0; +http://www.bing.com/bingbot.htm)" "mantech8.com"
40.77.167.19 - - [25/Sep/2022:09:19:11 -0700] "GET /index.php?sitemap7477.xml HTTP/1.1" 200 267806 "-" "Mozilla/5.0 (compatible; bingbot/2.0; +http://www.bing.com/bingbot.htm)" "mantech8.com"
207.46.13.42 - - [25/Sep/2022:09:19:18 -0700] "GET /index.php?sitemap26498.xml HTTP/1.1" 200 280134 "-" "Mozilla/5.0 (compatible; bingbot/2.0; +http://www.bing.com/bingbot.htm)" "mantech8.com"
185.191.171.8 - - [25/Sep/2022:09:19:21 -0700] "GET /?camp-fire%2F16588265.html HTTP/1.1" 500 - "-" "Mozilla/5.0 (compatible; SemrushBot/7~bl; +http://www.semrush.com/bot.html)" "mantech8.com"
185.191.171.25 - - [25/Sep/2022:09:19:45 -0700] "GET /?camp-fire%2F46885076.html HTTP/1.1" 500 - "-" "Mozilla/5.0 (compatible; SemrushBot/7~bl; +http://www.semrush.com/bot.html)" "mantech8.com"
207.46.13.15 - - [25/Sep/2022:09:19:54 -0700] "GET /index.php/diethers.xml HTTP/1.1" 200 342181 "-" "Mozilla/5.0 (compatible; bingbot/2.0; +http://www.bing.com/bingbot.htm)" "mantech8.com"
114.119.133.182 - - [25/Sep/2022:09:20:00 -0700] "GET /bimages/pipeg/thump/?C=N%3BO%3DD HTTP/1.1" 200 568 "http://www.mantech8.com/bimages/pipeg/thump/?C=D%3BO%3DA" "Mozilla/5.0 (Linux; Android 7.0;) AppleWebKit/537.36 (KHTML, like Gecko) Mobile Safari/537.36 (compatible; PetalBot;+https://webmaster.petalsearch.com/site/petalbot)" "www.mantech8.com"
185.191.171.23 - - [25/Sep/2022:09:20:13 -0700] "GET /?camp-fire%2F98291871.html HTTP/1.1" 500 - "-" "Mozilla/5.0 (compatible; SemrushBot/7~bl; +http://www.semrush.com/bot.html)" "mantech8.com"
207.46.13.104 - - [25/Sep/2022:09:20:14 -0700] "GET /index.php/sitemap7621.xml HTTP/1.1" 200 327054 "-" "Mozilla/5.0 (compatible; bingbot/2.0; +http://www.bing.com/bingbot.htm)" "mantech8.com"
157.55.39.68 - - [25/Sep/2022:09:20:31 -0700] "GET /index.php/sitemap4099.xml HTTP/1.1" 200 308617 "-" "Mozilla/5.0 (compatible; bingbot/2.0; +http://www.bing.com/bingbot.htm)" "mantech8.com"
185.191.171.38 - - [25/Sep/2022:09:21:01 -0700] "GET /?camp-fire%2F24260350.html HTTP/1.1" 500 - "-" "Mozilla/5.0 (compatible; SemrushBot/7~bl; +http://www.semrush.com/bot.html)" "mantech8.com"
185.191.171.4 - - [25/Sep/2022:09:21:03 -0700] "GET /?camp-fire%2F89310371.html HTTP/1.1" 500 - "-" "Mozilla/5.0 (compatible; SemrushBot/7~bl; +http://www.semrush.com/bot.html)" "mantech8.com"
185.191.171.38 - - [25/Sep/2022:09:21:10 -0700] "GET /?camp-fire%2F12194809.html HTTP/1.1" 500 - "-" "Mozilla/5.0 (compatible; SemrushBot/7~bl; +http://www.semrush.com/bot.html)" "mantech8.com"
40.77.167.19 - - [25/Sep/2022:09:21:12 -0700] "GET /index.php/sitemap340.xml HTTP/1.1" 200 255855 "-" "Mozilla/5.0 (compatible; bingbot/2.0; +http://www.bing.com/bingbot.htm)" "mantech8.com"
185.191.171.44 - - [25/Sep/2022:09:21:57 -0700] "GET /robots.txt HTTP/1.1" 200 2442 "-" "Mozilla/5.0 (compatible; SemrushBot/7~bl; +http://www.semrush.com/bot.html)" "mantech8.com"
185.191.171.23 - - [25/Sep/2022:09:21:58 -0700] "GET /?camp-fire%2F36190250.html HTTP/1.1" 500 - "-" "Mozilla/5.0 (compatible; SemrushBot/7~bl; +http://www.semrush.com/bot.html)" "mantech8.com"
157.55.39.68 - - [25/Sep/2022:09:21:59 -0700] "GET /?ascensor.xml HTTP/1.1" 200 233743 "-" "Mozilla/5.0 (compatible; bingbot/2.0; +http://www.bing.com/bingbot.htm)" "mantech8.com"
185.191.171.45 - - [25/Sep/2022:09:22:11 -0700] "GET /?camp-fire%2F119622388.html HTTP/1.1" 500 - "-" "Mozilla/5.0 (compatible; SemrushBot/7~bl; +http://www.semrush.com/bot.html)" "mantech8.com"
207.46.13.15 - - [25/Sep/2022:09:22:33 -0700] "GET /index.php/sitemap62.xml HTTP/1.1" 200 344389 "-" "Mozilla/5.0 (compatible; bingbot/2.0; +http://www.bing.com/bingbot.htm)" "mantech8.com"
207.46.13.145 - - [25/Sep/2022:09:22:38 -0700] "GET /index.php/biopoesis.xml HTTP/1.1" 200 306560 "-" "Mozilla/5.0 (compatible; bingbot/2.0; +http://www.bing.com/bingbot.htm)" "mantech8.com"
185.191.171.40 - - [25/Sep/2022:09:23:04 -0700] "GET /?camp-fire%2F25030450.html HTTP/1.1" 500 - "-" "Mozilla/5.0 (compatible; SemrushBot/7~bl; +http://www.semrush.com/bot.html)" "mantech8.com"
185.191.171.23 - - [25/Sep/2022:09:23:07 -0700] "GET /?camp-fire%2F41409571.html HTTP/1.1" 500 - "-" "Mozilla/5.0 (compatible; SemrushBot/7~bl; +http://www.semrush.com/bot.html)" "mantech8.com"
40.77.167.19 - - [25/Sep/2022:09:23:12 -0700] "GET /index.php?sitemap95.xml HTTP/1.1" 200 242431 "-" "Mozilla/5.0 (compatible; bingbot/2.0; +http://www.bing.com/bingbot.htm)" "mantech8.com"
185.191.171.10 - - [25/Sep/2022:09:23:22 -0700] "GET /?camp-fire%2F15206384.html HTTP/1.1" 500 - "-" "Mozilla/5.0 (compatible; SemrushBot/7~bl; +http://www.semrush.com/bot.html)" "mantech8.com"
207.46.13.104 - - [25/Sep/2022:09:23:34 -0700] "GET /?sitemap9084.xml HTTP/1.1" 200 324596 "-" "Mozilla/5.0 AppleWebKit/537.36 (KHTML, like Gecko; compatible; bingbot/2.0; +http://www.bing.com/bingbot.htm) Chrome/103.0.5060.134 Safari/537.36" "mantech8.com"
185.191.171.6 - - [25/Sep/2022:09:25:23 -0700] "GET /?camp-fire%2F15516746.html HTTP/1.1" 500 - "-" "Mozilla/5.0 (compatible; SemrushBot/7~bl; +http://www.semrush.com/bot.html)" "mantech8.com"
114.119.133.166 - - [25/Sep/2022:09:25:24 -0700] "GET /bimages/?C=S%3BO%3DA HTTP/1.1" 200 726 "http://mantech8.com/bimages/?C=N%3BO%3DD" "Mozilla/5.0 (Linux; Android 7.0;) AppleWebKit/537.36 (KHTML, like Gecko) Mobile Safari/537.36 (compatible; PetalBot;+https://webmaster.petalsearch.com/site/petalbot)" "mantech8.com"
185.191.171.24 - - [25/Sep/2022:09:25:31 -0700] "GET /?camp-fire%2F10531857.html HTTP/1.1" 500 - "-" "Mozilla/5.0 (compatible; SemrushBot/7~bl; +http://www.semrush.com/bot.html)" "mantech8.com"
207.46.13.15 - - [25/Sep/2022:09:25:54 -0700] "GET /index.php?sitemap449.xml HTTP/1.1" 200 308614 "-" "Mozilla/5.0 (compatible; bingbot/2.0; +http://www.bing.com/bingbot.htm)" "mantech8.com"
185.191.171.43 - - [25/Sep/2022:09:26:18 -0700] "GET /?camp-fire%2F40379482.html HTTP/1.1" 500 - "-" "Mozilla/5.0 (compatible; SemrushBot/7~bl; +http://www.semrush.com/bot.html)" "mantech8.com"
40.77.167.19 - - [25/Sep/2022:09:26:32 -0700] "GET /camp-fire/56528697.html HTTP/1.1" 404 88 "-" "Mozilla/5.0 AppleWebKit/537.36 (KHTML, like Gecko; compatible; bingbot/2.0; +http://www.bing.com/bingbot.htm) Chrome/103.0.5060.134 Safari/537.36" "mantech8.com"
5.227.27.161 - - [25/Sep/2022:09:26:39 -0700] "GET /contact.php HTTP/1.1" 200 29238 "http://mantech8.com/contact.php" "Mozilla/5.0 (Windows NT 6.1; Win64; x64) AppleWebKit/537.36 (KHTML, like Gecko) Chrome/90.0.4430.72 Safari/537.36" "mantech8.com"
5.227.27.161 - - [25/Sep/2022:09:26:39 -0700] "GET /verificationimage.php?8099 HTTP/1.1" 200 1385 "http://mantech8.com/contact.php" "Mozilla/5.0 (Windows NT 6.1; Win64; x64) AppleWebKit/537.36 (KHTML, like Gecko) Chrome/90.0.4430.72 Safari/537.36" "mantech8.com"
5.227.27.161 - - [25/Sep/2022:09:26:40 -0700] "POST /mailer.php HTTP/1.1" 500 - "http://mantech8.com/contact.php" "Mozilla/5.0 (Windows NT 6.1; Win64; x64) AppleWebKit/537.36 (KHTML, like Gecko) Chrome/90.0.4430.72 Safari/537.36" "mantech8.com"
185.191.171.45 - - [25/Sep/2022:09:27:35 -0700] "GET /?camp-fire%2F47520703.html HTTP/1.1" 500 - "-" "Mozilla/5.0 (compatible; SemrushBot/7~bl; +http://www.semrush.com/bot.html)" "mantech8.com"
207.46.13.15 - - [25/Sep/2022:09:27:54 -0700] "GET /?biters.xml HTTP/1.1" 200 293339 "-" "Mozilla/5.0 (compatible; bingbot/2.0; +http://www.bing.com/bingbot.htm)" "mantech8.com"
157.55.39.68 - - [25/Sep/2022:09:28:00 -0700] "GET /index.php?steaded.xml HTTP/1.1" 200 304900 "-" "Mozilla/5.0 (compatible; bingbot/2.0; +http://www.bing.com/bingbot.htm)" "mantech8.com"
40.77.167.19 - - [25/Sep/2022:09:28:33 -0700] "GET /index.php/benfica.xml HTTP/1.1" 200 347344 "-" "Mozilla/5.0 (compatible; bingbot/2.0; +http://www.bing.com/bingbot.htm)" "mantech8.com"
157.55.39.68 - - [25/Sep/2022:09:28:44 -0700] "GET /index.php?sitemap39698.xml HTTP/1.1" 200 345277 "-" "Mozilla/5.0 (compatible; bingbot/2.0; +http://www.bing.com/bingbot.htm)" "mantech8.com"
185.191.171.38 - - [25/Sep/2022:09:28:46 -0700] "GET /?camp-fire%2F7631021.html HTTP/1.1" 500 - "-" "Mozilla/5.0 (compatible; SemrushBot/7~bl; +http://www.semrush.com/bot.html)" "mantech8.com"
157.55.39.68 - - [25/Sep/2022:09:28:46 -0700] "GET /index.php?sitemap8948.xml HTTP/1.1" 200 289702 "-" "Mozilla/5.0 (compatible; bingbot/2.0; +http://www.bing.com/bingbot.htm)" "mantech8.com"
207.46.13.145 - - [25/Sep/2022:09:29:15 -0700] "GET /index.php?sitemap49.xml HTTP/1.1" 200 309851 "-" "Mozilla/5.0 (compatible; bingbot/2.0; +http://www.bing.com/bingbot.htm)" "mantech8.com"
157.55.39.68 - - [25/Sep/2022:09:29:31 -0700] "GET /index.php?sitemap440.xml HTTP/1.1" 200 307493 "-" "Mozilla/5.0 (compatible; bingbot/2.0; +http://www.bing.com/bingbot.htm)" "mantech8.com"
207.46.13.42 - - [25/Sep/2022:09:30:09 -0700] "GET /?guangheng.xml HTTP/1.1" 200 304459 "-" "Mozilla/5.0 (compatible; bingbot/2.0; +http://www.bing.com/bingbot.htm)" "mantech8.com"
207.46.13.15 - - [25/Sep/2022:09:30:14 -0700] "GET /index.php/sitemap3519.xml HTTP/1.1" 200 273056 "-" "Mozilla/5.0 (compatible; bingbot/2.0; +http://www.bing.com/bingbot.htm)" "mantech8.com"
207.46.13.15 - - [25/Sep/2022:09:30:16 -0700] "GET /index.php?sitemap9566.xml HTTP/1.1" 200 315094 "-" "Mozilla/5.0 (compatible; bingbot/2.0; +http://www.bing.com/bingbot.htm)" "mantech8.com"
157.55.39.68 - - [25/Sep/2022:09:30:20 -0700] "GET /index.php/sitemap754.xml HTTP/1.1" 200 328094 "-" "Mozilla/5.0 AppleWebKit/537.36 (KHTML, like Gecko; compatible; bingbot/2.0; +http://www.bing.com/bingbot.htm) Chrome/103.0.5060.134 Safari/537.36" "mantech8.com"
207.46.13.104 - - [25/Sep/2022:09:30:26 -0700] "GET /index.php/successional.xml HTTP/1.1" 200 332446 "-" "Mozilla/5.0 (compatible; bingbot/2.0; +http://www.bing.com/bingbot.htm)" "mantech8.com"
207.46.13.145 - - [25/Sep/2022:09:30:35 -0700] "GET /index.php/sitemap12.xml HTTP/1.1" 200 265014 "-" "Mozilla/5.0 (compatible; bingbot/2.0; +http://www.bing.com/bingbot.htm)" "mantech8.com"
114.119.133.182 - - [25/Sep/2022:09:30:51 -0700] "GET /index.php?crystalgazer.xml HTTP/1.1" 200 257860 "-" "Mozilla/5.0 (Linux; Android 7.0;) AppleWebKit/537.36 (KHTML, like Gecko) Mobile Safari/537.36 (compatible; PetalBot;+https://webmaster.petalsearch.com/site/petalbot)" "mantech8.com"
185.191.171.7 - - [25/Sep/2022:09:30:52 -0700] "GET /?camp-fire%2F41797503.html HTTP/1.1" 500 - "-" "Mozilla/5.0 (compatible; SemrushBot/7~bl; +http://www.semrush.com/bot.html)" "mantech8.com"
185.191.171.45 - - [25/Sep/2022:09:31:33 -0700] "GET /?camp-fire%2F30028666.html HTTP/1.1" 500 - "-" "Mozilla/5.0 (compatible; SemrushBot/7~bl; +http://www.semrush.com/bot.html)" "mantech8.com"
185.191.171.13 - - [25/Sep/2022:09:31:37 -0700] "GET /?camp-fire%2F21734717.html HTTP/1.1" 500 - "-" "Mozilla/5.0 (compatible; SemrushBot/7~bl; +http://www.semrush.com/bot.html)" "mantech8.com"
40.77.167.19 - - [25/Sep/2022:09:31:53 -0700] "GET /index.php?sitemap21688.xml HTTP/1.1" 200 273694 "-" "Mozilla/5.0 (compatible; bingbot/2.0; +http://www.bing.com/bingbot.htm)" "mantech8.com"
40.77.167.19 - - [25/Sep/2022:09:32:14 -0700] "GET /index.php?biters.xml HTTP/1.1" 200 254566 "-" "Mozilla/5.0 (compatible; bingbot/2.0; +http://www.bing.com/bingbot.htm)" "mantech8.com"
207.46.13.145 - - [25/Sep/2022:09:32:18 -0700] "GET /index.php/sitemap9600.xml HTTP/1.1" 200 314726 "-" "Mozilla/5.0 (compatible; bingbot/2.0; +http://www.bing.com/bingbot.htm)" "mantech8.com"
185.191.171.17 - - [25/Sep/2022:09:32:27 -0700] "GET /?camp-fire%2F30541041.html HTTP/1.1" 500 - "-" "Mozilla/5.0 (compatible; SemrushBot/7~bl; +http://www.semrush.com/bot.html)" "mantech8.com"
157.55.39.68 - - [25/Sep/2022:09:32:31 -0700] "GET /index.php?sitemap819.xml HTTP/1.1" 200 335822 "-" "Mozilla/5.0 (compatible; bingbot/2.0; +http://www.bing.com/bingbot.htm)" "mantech8.com"
207.46.13.42 - - [25/Sep/2022:09:32:49 -0700] "GET /index.php?sitemap20662.xml HTTP/1.1" 200 256950 "-" "Mozilla/5.0 (compatible; bingbot/2.0; +http://www.bing.com/bingbot.htm)" "mantech8.com"
207.46.13.42 - - [25/Sep/2022:09:33:09 -0700] "GET /index.php?sitemap992.xml HTTP/1.1" 200 268201 "-" "Mozilla/5.0 (compatible; bingbot/2.0; +http://www.bing.com/bingbot.htm)" "mantech8.com"
185.191.171.36 - - [25/Sep/2022:09:33:27 -0700] "GET /?camp-fire%2F51583038.html HTTP/1.1" 500 - "-" "Mozilla/5.0 (compatible; SemrushBot/7~bl; +http://www.semrush.com/bot.html)" "mantech8.com"
40.77.167.19 - - [25/Sep/2022:09:33:33 -0700] "GET /index.php?sitemap2099.xml HTTP/1.1" 200 270833 "-" "Mozilla/5.0 (compatible; bingbot/2.0; +http://www.bing.com/bingbot.htm)" "mantech8.com"
185.191.171.6 - - [25/Sep/2022:09:33:34 -0700] "GET /?camp-fire%2F47313778.html HTTP/1.1" 500 - "-" "Mozilla/5.0 (compatible; SemrushBot/7~bl; +http://www.semrush.com/bot.html)" "mantech8.com"
185.191.171.41 - - [25/Sep/2022:09:33:38 -0700] "GET /?camp-fire%2F87268842.html HTTP/1.1" 500 - "-" "Mozilla/5.0 (compatible; SemrushBot/7~bl; +http://www.semrush.com/bot.html)" "mantech8.com"
185.191.171.17 - - [25/Sep/2022:09:33:39 -0700] "GET /?camp-fire%2F60661068.html HTTP/1.1" 500 - "-" "Mozilla/5.0 (compatible; SemrushBot/7~bl; +http://www.semrush.com/bot.html)" "mantech8.com"
207.46.13.42 - - [25/Sep/2022:09:34:29 -0700] "GET /index.php/steaded.xml HTTP/1.1" 200 308931 "-" "Mozilla/5.0 AppleWebKit/537.36 (KHTML, like Gecko; compatible; bingbot/2.0; +http://www.bing.com/bingbot.htm) Chrome/103.0.5060.134 Safari/537.36" "mantech8.com"
157.55.39.68 - - [25/Sep/2022:09:34:39 -0700] "GET /index.php?sitemap798.xml HTTP/1.1" 200 318550 "-" "Mozilla/5.0 (compatible; bingbot/2.0; +http://www.bing.com/bingbot.htm)" "mantech8.com"
185.191.171.21 - - [25/Sep/2022:09:34:49 -0700] "GET /?camp-fire%2F25568206.html HTTP/1.1" 500 - "-" "Mozilla/5.0 (compatible; SemrushBot/7~bl; +http://www.semrush.com/bot.html)" "mantech8.com"
207.46.13.104 - - [25/Sep/2022:09:34:56 -0700] "GET /index.php/sitemap139.xml HTTP/1.1" 200 287089 "-" "Mozilla/5.0 (compatible; bingbot/2.0; +http://www.bing.com/bingbot.htm)" "mantech8.com"
40.77.167.19 - - [25/Sep/2022:09:35:13 -0700] "GET /index.php?sitemap481.xml HTTP/1.1" 200 323690 "-" "Mozilla/5.0 AppleWebKit/537.36 (KHTML, like Gecko; compatible; bingbot/2.0; +http://www.bing.com/bingbot.htm) Chrome/103.0.5060.134 Safari/537.36" "mantech8.com"
207.46.13.15 - - [25/Sep/2022:09:35:35 -0700] "GET /index.php?sitemap8947.xml HTTP/1.1" 200 260446 "-" "Mozilla/5.0 (compatible; bingbot/2.0; +http://www.bing.com/bingbot.htm)" "mantech8.com"
185.191.171.26 - - [25/Sep/2022:09:35:57 -0700] "GET /?camp-fire%2F998698.html HTTP/1.1" 500 - "-" "Mozilla/5.0 (compatible; SemrushBot/7~bl; +http://www.semrush.com/bot.html)" "mantech8.com"
157.55.39.68 - - [25/Sep/2022:09:36:12 -0700] "GET /index.php/sitemap9016.xml HTTP/1.1" 200 297798 "-" "Mozilla/5.0 (compatible; bingbot/2.0; +http://www.bing.com/bingbot.htm)" "mantech8.com"
185.191.171.22 - - [25/Sep/2022:09:36:13 -0700] "GET /?camp-fire%2F40998466.html HTTP/1.1" 500 - "-" "Mozilla/5.0 (compatible; SemrushBot/7~bl; +http://www.semrush.com/bot.html)" "mantech8.com"
207.46.13.145 - - [25/Sep/2022:09:36:16 -0700] "GET /?gladhand.xml HTTP/1.1" 200 258089 "-" "Mozilla/5.0 (compatible; bingbot/2.0; +http://www.bing.com/bingbot.htm)" "mantech8.com"
114.119.133.158 - - [25/Sep/2022:09:36:19 -0700] "GET /bimages/client/blackleaf.php HTTP/1.1" 200 7300 "http://www.mantech8.com/bimages/client/?C=S%3BO%3DA" "Mozilla/5.0 (Linux; Android 7.0;) AppleWebKit/537.36 (KHTML, like Gecko) Mobile Safari/537.36 (compatible; PetalBot;+https://webmaster.petalsearch.com/site/petalbot)" "www.mantech8.com"
185.191.171.16 - - [25/Sep/2022:09:36:36 -0700] "GET /?camp-fire%2F38254403.html HTTP/1.1" 500 - "-" "Mozilla/5.0 (compatible; SemrushBot/7~bl; +http://www.semrush.com/bot.html)" "mantech8.com"
207.46.13.15 - - [25/Sep/2022:09:37:25 -0700] "GET /index.php/sitemap54980.xml HTTP/1.1" 200 322317 "-" "Mozilla/5.0 (compatible; bingbot/2.0; +http://www.bing.com/bingbot.htm)" "mantech8.com"
207.46.13.15 - - [25/Sep/2022:09:37:27 -0700] "GET /index.php?sitemap545.xml HTTP/1.1" 200 265262 "-" "Mozilla/5.0 (compatible; bingbot/2.0; +http://www.bing.com/bingbot.htm)" "mantech8.com"
207.46.13.145 - - [25/Sep/2022:09:37:36 -0700] "GET /index.php?megatheroid.xml HTTP/1.1" 200 330432 "-" "Mozilla/5.0 (compatible; bingbot/2.0; +http://www.bing.com/bingbot.htm)" "mantech8.com"
207.46.13.42 - - [25/Sep/2022:09:38:30 -0700] "GET /index.php/sitemap8247.xml HTTP/1.1" 200 281606 "-" "Mozilla/5.0 (compatible; bingbot/2.0; +http://www.bing.com/bingbot.htm)" "mantech8.com"
185.191.171.13 - - [25/Sep/2022:09:38:52 -0700] "GET /?camp-fire%2F43227971.html HTTP/1.1" 500 - "-" "Mozilla/5.0 (compatible; SemrushBot/7~bl; +http://www.semrush.com/bot.html)" "mantech8.com"
207.46.13.15 - - [25/Sep/2022:09:39:35 -0700] "GET /index.php/sitemap13974.xml HTTP/1.1" 200 296878 "-" "Mozilla/5.0 AppleWebKit/537.36 (KHTML, like Gecko; compatible; bingbot/2.0; +http://www.bing.com/bingbot.htm) Chrome/103.0.5060.134 Safari/537.36" "mantech8.com"
207.46.13.145 - - [25/Sep/2022:09:39:39 -0700] "GET /index.php?sitemap865.xml HTTP/1.1" 200 276462 "-" "Mozilla/5.0 AppleWebKit/537.36 (KHTML, like Gecko; compatible; bingbot/2.0; +http://www.bing.com/bingbot.htm) Chrome/103.0.5060.134 Safari/537.36" "mantech8.com"
207.46.13.104 - - [25/Sep/2022:09:39:46 -0700] "GET /camp-fire/14050730.html HTTP/1.1" 404 88 "-" "Mozilla/5.0 AppleWebKit/537.36 (KHTML, like Gecko; compatible; bingbot/2.0; +http://www.bing.com/bingbot.htm) Chrome/103.0.5060.134 Safari/537.36" "www.mantech8.com"
207.46.13.42 - - [25/Sep/2022:09:40:50 -0700] "GET /index.php/sitemap854.xml HTTP/1.1" 200 285478 "-" "Mozilla/5.0 (compatible; bingbot/2.0; +http://www.bing.com/bingbot.htm)" "mantech8.com"
185.191.171.34 - - [25/Sep/2022:09:40:51 -0700] "GET /?camp-fire%2F7796842.html HTTP/1.1" 500 - "-" "Mozilla/5.0 (compatible; SemrushBot/7~bl; +http://www.semrush.com/bot.html)" "mantech8.com"
207.46.13.15 - - [25/Sep/2022:09:41:16 -0700] "GET /index.php?sitemap64.xml HTTP/1.1" 200 302324 "-" "Mozilla/5.0 (compatible; bingbot/2.0; +http://www.bing.com/bingbot.htm)" "mantech8.com"
207.46.13.15 - - [25/Sep/2022:09:41:36 -0700] "GET /index.php?sitemap635.xml HTTP/1.1" 200 341710 "-" "Mozilla/5.0 AppleWebKit/537.36 (KHTML, like Gecko; compatible; bingbot/2.0; +http://www.bing.com/bingbot.htm) Chrome/103.0.5060.134 Safari/537.36" "mantech8.com"
185.191.171.1 - - [25/Sep/2022:09:41:40 -0700] "GET /?camp-fire%2F24653630.html HTTP/1.1" 500 - "-" "Mozilla/5.0 (compatible; SemrushBot/7~bl; +http://www.semrush.com/bot.html)" "mantech8.com"
114.119.133.158 - - [25/Sep/2022:09:41:48 -0700] "GET /bimages/hydrog/?C=M%3BO%3DA HTTP/1.1" 200 486 "http://www.mantech8.com/bimages/hydrog/?C=D%3BO%3DA" "Mozilla/5.0 (Linux; Android 7.0;) AppleWebKit/537.36 (KHTML, like Gecko) Mobile Safari/537.36 (compatible; PetalBot;+https://webmaster.petalsearch.com/site/petalbot)" "www.mantech8.com"
207.46.13.15 - - [25/Sep/2022:09:41:55 -0700] "GET /index.php/sitemap57.xml HTTP/1.1" 200 263738 "-" "Mozilla/5.0 (compatible; bingbot/2.0; +http://www.bing.com/bingbot.htm)" "mantech8.com"
207.46.13.104 - - [25/Sep/2022:09:42:16 -0700] "GET /index.php/sitemap4806.xml HTTP/1.1" 200 301870 "-" "Mozilla/5.0 (compatible; bingbot/2.0; +http://www.bing.com/bingbot.htm)" "mantech8.com"
207.46.13.104 - - [25/Sep/2022:09:42:18 -0700] "GET /index.php/sitemap516.xml HTTP/1.1" 200 251268 "-" "Mozilla/5.0 (compatible; bingbot/2.0; +http://www.bing.com/bingbot.htm)" "mantech8.com"
