136.243.220.213 - - [22/Sep/2022:21:03:39 -0700] "GET /?camp-fire/36856716.html HTTP/1.1" 500 - "-" "Mozilla/5.0 (compatible; DataForSeoBot/1.0; +https://dataforseo.com/dataforseo-bot)" "mantech8.com"
136.243.220.213 - - [22/Sep/2022:21:03:43 -0700] "GET /?camp-fire/39426950.html HTTP/1.1" 500 - "-" "Mozilla/5.0 (compatible; DataForSeoBot/1.0; +https://dataforseo.com/dataforseo-bot)" "mantech8.com"
136.243.220.213 - - [22/Sep/2022:21:03:48 -0700] "GET /?camp-fire/15232409.html HTTP/1.1" 500 - "-" "Mozilla/5.0 (compatible; DataForSeoBot/1.0; +https://dataforseo.com/dataforseo-bot)" "mantech8.com"
136.243.220.213 - - [22/Sep/2022:21:03:52 -0700] "GET /?camp-fire/21348180.html HTTP/1.1" 500 - "-" "Mozilla/5.0 (compatible; DataForSeoBot/1.0; +https://dataforseo.com/dataforseo-bot)" "mantech8.com"
136.243.220.213 - - [22/Sep/2022:21:03:54 -0700] "GET /?camp-fire/42597392.html HTTP/1.1" 500 - "-" "Mozilla/5.0 (compatible; DataForSeoBot/1.0; +https://dataforseo.com/dataforseo-bot)" "mantech8.com"
136.243.220.213 - - [22/Sep/2022:21:03:58 -0700] "GET /?camp-fire/6150093.html HTTP/1.1" 500 - "-" "Mozilla/5.0 (compatible; DataForSeoBot/1.0; +https://dataforseo.com/dataforseo-bot)" "mantech8.com"
185.191.171.14 - - [22/Sep/2022:21:04:00 -0700] "GET /?camp-fire%2F28112763.html HTTP/1.1" 500 - "-" "Mozilla/5.0 (compatible; SemrushBot/7~bl; +http://www.semrush.com/bot.html)" "mantech8.com"
136.243.220.213 - - [22/Sep/2022:21:04:02 -0700] "GET /?camp-fire/21285827.html HTTP/1.1" 500 - "-" "Mozilla/5.0 (compatible; DataForSeoBot/1.0; +https://dataforseo.com/dataforseo-bot)" "mantech8.com"
40.77.167.51 - - [22/Sep/2022:21:04:03 -0700] "GET /index.php/sitemap6978.xml HTTP/1.1" 200 318222 "-" "Mozilla/5.0 (compatible; bingbot/2.0; +http://www.bing.com/bingbot.htm)" "mantech8.com"
136.243.220.213 - - [22/Sep/2022:21:04:06 -0700] "GET /?camp-fire/21284927.html HTTP/1.1" 500 - "-" "Mozilla/5.0 (compatible; DataForSeoBot/1.0; +https://dataforseo.com/dataforseo-bot)" "mantech8.com"
136.243.220.213 - - [22/Sep/2022:21:04:10 -0700] "GET /?camp-fire/43902988.html HTTP/1.1" 500 - "-" "Mozilla/5.0 (compatible; DataForSeoBot/1.0; +https://dataforseo.com/dataforseo-bot)" "mantech8.com"
136.243.220.213 - - [22/Sep/2022:21:04:14 -0700] "GET /?camp-fire/43902588.html HTTP/1.1" 500 - "-" "Mozilla/5.0 (compatible; DataForSeoBot/1.0; +https://dataforseo.com/dataforseo-bot)" "mantech8.com"
136.243.220.213 - - [22/Sep/2022:21:04:18 -0700] "GET /?camp-fire/13450583.html HTTP/1.1" 500 - "-" "Mozilla/5.0 (compatible; DataForSeoBot/1.0; +https://dataforseo.com/dataforseo-bot)" "mantech8.com"
185.191.171.40 - - [22/Sep/2022:21:04:22 -0700] "GET /?camp-fire%2F93978317.html HTTP/1.1" 500 - "-" "Mozilla/5.0 (compatible; SemrushBot/7~bl; +http://www.semrush.com/bot.html)" "mantech8.com"
136.243.220.213 - - [22/Sep/2022:21:04:23 -0700] "GET /?camp-fire/5007829.html HTTP/1.1" 500 - "-" "Mozilla/5.0 (compatible; DataForSeoBot/1.0; +https://dataforseo.com/dataforseo-bot)" "mantech8.com"
136.243.220.213 - - [22/Sep/2022:21:04:24 -0700] "GET /?camp-fire/43902288.html HTTP/1.1" 500 - "-" "Mozilla/5.0 (compatible; DataForSeoBot/1.0; +https://dataforseo.com/dataforseo-bot)" "mantech8.com"
185.191.171.10 - - [22/Sep/2022:21:04:24 -0700] "GET /?camp-fire%2F4792896.html HTTP/1.1" 500 - "-" "Mozilla/5.0 (compatible; SemrushBot/7~bl; +http://www.semrush.com/bot.html)" "mantech8.com"
136.243.220.213 - - [22/Sep/2022:21:04:26 -0700] "GET /?camp-fire/19268046.html HTTP/1.1" 500 - "-" "Mozilla/5.0 (compatible; DataForSeoBot/1.0; +https://dataforseo.com/dataforseo-bot)" "mantech8.com"
136.243.220.213 - - [22/Sep/2022:21:04:28 -0700] "GET /?camp-fire/4245269.html HTTP/1.1" 500 - "-" "Mozilla/5.0 (compatible; DataForSeoBot/1.0; +https://dataforseo.com/dataforseo-bot)" "mantech8.com"
136.243.220.213 - - [22/Sep/2022:21:04:31 -0700] "GET /?camp-fire/4898372.html HTTP/1.1" 500 - "-" "Mozilla/5.0 (compatible; DataForSeoBot/1.0; +https://dataforseo.com/dataforseo-bot)" "mantech8.com"
136.243.220.213 - - [22/Sep/2022:21:04:35 -0700] "GET /?camp-fire/11547442.html HTTP/1.1" 500 - "-" "Mozilla/5.0 (compatible; DataForSeoBot/1.0; +https://dataforseo.com/dataforseo-bot)" "mantech8.com"
136.243.220.213 - - [22/Sep/2022:21:04:40 -0700] "GET /?camp-fire/18595072.html HTTP/1.1" 500 - "-" "Mozilla/5.0 (compatible; DataForSeoBot/1.0; +https://dataforseo.com/dataforseo-bot)" "mantech8.com"
136.243.220.213 - - [22/Sep/2022:21:04:43 -0700] "GET /?camp-fire/13450983.html HTTP/1.1" 500 - "-" "Mozilla/5.0 (compatible; DataForSeoBot/1.0; +https://dataforseo.com/dataforseo-bot)" "mantech8.com"
216.244.66.241 - - [22/Sep/2022:21:04:45 -0700] "GET /robots.txt HTTP/1.1" 200 26464 "-" "Mozilla/5.0 (compatible; DotBot/1.2; +https://opensiteexplorer.org/dotbot; help@moz.com)" "www.mantech8.com"
216.244.66.241 - - [22/Sep/2022:21:04:45 -0700] "GET /robots.txt HTTP/1.1" 200 26464 "-" "Mozilla/5.0 (compatible; DotBot/1.2; +https://opensiteexplorer.org/dotbot; help@moz.com)" "mantech8.com"
136.243.220.213 - - [22/Sep/2022:21:04:47 -0700] "GET /?camp-fire/4244769.html HTTP/1.1" 500 - "-" "Mozilla/5.0 (compatible; DataForSeoBot/1.0; +https://dataforseo.com/dataforseo-bot)" "mantech8.com"
136.243.220.213 - - [22/Sep/2022:21:04:51 -0700] "GET /?camp-fire/7085100.html HTTP/1.1" 500 - "-" "Mozilla/5.0 (compatible; DataForSeoBot/1.0; +https://dataforseo.com/dataforseo-bot)" "mantech8.com"
136.243.220.213 - - [22/Sep/2022:21:04:55 -0700] "GET /?camp-fire/19081165.html HTTP/1.1" 500 - "-" "Mozilla/5.0 (compatible; DataForSeoBot/1.0; +https://dataforseo.com/dataforseo-bot)" "mantech8.com"
136.243.220.213 - - [22/Sep/2022:21:04:59 -0700] "GET /?camp-fire/13450183.html HTTP/1.1" 500 - "-" "Mozilla/5.0 (compatible; DataForSeoBot/1.0; +https://dataforseo.com/dataforseo-bot)" "mantech8.com"
136.243.220.213 - - [22/Sep/2022:21:05:03 -0700] "GET /?camp-fire/14277557.html HTTP/1.1" 500 - "-" "Mozilla/5.0 (compatible; DataForSeoBot/1.0; +https://dataforseo.com/dataforseo-bot)" "mantech8.com"
185.191.171.34 - - [22/Sep/2022:21:05:07 -0700] "GET /?camp-fire%2F16493656.html HTTP/1.1" 500 - "-" "Mozilla/5.0 (compatible; SemrushBot/7~bl; +http://www.semrush.com/bot.html)" "mantech8.com"
136.243.220.213 - - [22/Sep/2022:21:05:07 -0700] "GET /?camp-fire/11375321.html HTTP/1.1" 500 - "-" "Mozilla/5.0 (compatible; DataForSeoBot/1.0; +https://dataforseo.com/dataforseo-bot)" "mantech8.com"
40.77.167.11 - - [22/Sep/2022:21:05:09 -0700] "GET /index.php?kleffens.xml HTTP/1.1" 200 254552 "-" "Mozilla/5.0 (compatible; bingbot/2.0; +http://www.bing.com/bingbot.htm)" "mantech8.com"
136.243.220.213 - - [22/Sep/2022:21:05:11 -0700] "GET /?camp-fire/21864461.html HTTP/1.1" 500 - "-" "Mozilla/5.0 (compatible; DataForSeoBot/1.0; +https://dataforseo.com/dataforseo-bot)" "mantech8.com"
136.243.220.213 - - [22/Sep/2022:21:05:15 -0700] "GET /?camp-fire/31065797.html HTTP/1.1" 500 - "-" "Mozilla/5.0 (compatible; DataForSeoBot/1.0; +https://dataforseo.com/dataforseo-bot)" "mantech8.com"
136.243.220.213 - - [22/Sep/2022:21:05:20 -0700] "GET /?camp-fire/46592734.html HTTP/1.1" 500 - "-" "Mozilla/5.0 (compatible; DataForSeoBot/1.0; +https://dataforseo.com/dataforseo-bot)" "mantech8.com"
136.243.220.213 - - [22/Sep/2022:21:05:22 -0700] "GET /?camp-fire/39427750.html HTTP/1.1" 500 - "-" "Mozilla/5.0 (compatible; DataForSeoBot/1.0; +https://dataforseo.com/dataforseo-bot)" "mantech8.com"
136.243.220.213 - - [22/Sep/2022:21:05:26 -0700] "GET /?camp-fire/24540635.html HTTP/1.1" 500 - "-" "Mozilla/5.0 (compatible; DataForSeoBot/1.0; +https://dataforseo.com/dataforseo-bot)" "mantech8.com"
136.243.220.213 - - [22/Sep/2022:21:05:26 -0700] "GET /?camp-fire/45556903.html HTTP/1.1" 500 - "-" "Mozilla/5.0 (compatible; DataForSeoBot/1.0; +https://dataforseo.com/dataforseo-bot)" "mantech8.com"
136.243.220.213 - - [22/Sep/2022:21:05:28 -0700] "GET /?camp-fire/5121559.html HTTP/1.1" 500 - "-" "Mozilla/5.0 (compatible; DataForSeoBot/1.0; +https://dataforseo.com/dataforseo-bot)" "mantech8.com"
207.46.13.48 - - [22/Sep/2022:21:05:29 -0700] "GET /ravenings.xml HTTP/1.1" 404 88 "-" "Mozilla/5.0 AppleWebKit/537.36 (KHTML, like Gecko; compatible; bingbot/2.0; +http://www.bing.com/bingbot.htm) Chrome/103.0.5060.134 Safari/537.36" "mantech8.com"
136.243.220.213 - - [22/Sep/2022:21:05:31 -0700] "GET /?camp-fire/13450683.html HTTP/1.1" 500 - "-" "Mozilla/5.0 (compatible; DataForSeoBot/1.0; +https://dataforseo.com/dataforseo-bot)" "mantech8.com"
136.243.220.213 - - [22/Sep/2022:21:05:35 -0700] "GET /?camp-fire/7957385.html HTTP/1.1" 500 - "-" "Mozilla/5.0 (compatible; DataForSeoBot/1.0; +https://dataforseo.com/dataforseo-bot)" "mantech8.com"
136.243.220.213 - - [22/Sep/2022:21:05:39 -0700] "GET /?camp-fire/4245569.html HTTP/1.1" 500 - "-" "Mozilla/5.0 (compatible; DataForSeoBot/1.0; +https://dataforseo.com/dataforseo-bot)" "mantech8.com"
136.243.220.213 - - [22/Sep/2022:21:05:40 -0700] "GET /?camp-fire/7022298.html HTTP/1.1" 500 - "-" "Mozilla/5.0 (compatible; DataForSeoBot/1.0; +https://dataforseo.com/dataforseo-bot)" "mantech8.com"
207.46.13.104 - - [22/Sep/2022:21:05:41 -0700] "GET /index.php?sitemap8699.xml HTTP/1.1" 200 311966 "-" "Mozilla/5.0 (compatible; bingbot/2.0; +http://www.bing.com/bingbot.htm)" "mantech8.com"
136.243.220.213 - - [22/Sep/2022:21:05:43 -0700] "GET /?camp-fire/37436708.html HTTP/1.1" 500 - "-" "Mozilla/5.0 (compatible; DataForSeoBot/1.0; +https://dataforseo.com/dataforseo-bot)" "mantech8.com"
136.243.220.213 - - [22/Sep/2022:21:05:43 -0700] "GET /?camp-fire/18561287.html HTTP/1.1" 500 - "-" "Mozilla/5.0 (compatible; DataForSeoBot/1.0; +https://dataforseo.com/dataforseo-bot)" "mantech8.com"
136.243.220.213 - - [22/Sep/2022:21:05:48 -0700] "GET /?camp-fire/39472538.html HTTP/1.1" 500 - "-" "Mozilla/5.0 (compatible; DataForSeoBot/1.0; +https://dataforseo.com/dataforseo-bot)" "mantech8.com"
185.191.171.11 - - [22/Sep/2022:21:05:49 -0700] "GET /?camp-fire%2F1849151.html HTTP/1.1" 500 - "-" "Mozilla/5.0 (compatible; SemrushBot/7~bl; +http://www.semrush.com/bot.html)" "mantech8.com"
136.243.220.213 - - [22/Sep/2022:21:05:52 -0700] "GET /?camp-fire/37438308.html HTTP/1.1" 500 - "-" "Mozilla/5.0 (compatible; DataForSeoBot/1.0; +https://dataforseo.com/dataforseo-bot)" "mantech8.com"
185.191.171.23 - - [22/Sep/2022:21:05:56 -0700] "GET /?camp-fire%2F15558277.html HTTP/1.1" 500 - "-" "Mozilla/5.0 (compatible; SemrushBot/7~bl; +http://www.semrush.com/bot.html)" "mantech8.com"
136.243.220.213 - - [22/Sep/2022:21:05:58 -0700] "GET /?camp-fire/36856316.html HTTP/1.1" 500 - "-" "Mozilla/5.0 (compatible; DataForSeoBot/1.0; +https://dataforseo.com/dataforseo-bot)" "mantech8.com"
136.243.220.213 - - [22/Sep/2022:21:06:02 -0700] "GET /?camp-fire/7633574.html HTTP/1.1" 500 - "-" "Mozilla/5.0 (compatible; DataForSeoBot/1.0; +https://dataforseo.com/dataforseo-bot)" "mantech8.com"
136.243.220.213 - - [22/Sep/2022:21:06:03 -0700] "GET /?camp-fire/39428150.html HTTP/1.1" 500 - "-" "Mozilla/5.0 (compatible; DataForSeoBot/1.0; +https://dataforseo.com/dataforseo-bot)" "mantech8.com"
185.191.171.18 - - [22/Sep/2022:21:06:04 -0700] "GET /?camp-fire%2F41467571.html HTTP/1.1" 500 - "-" "Mozilla/5.0 (compatible; SemrushBot/7~bl; +http://www.semrush.com/bot.html)" "mantech8.com"
136.243.220.213 - - [22/Sep/2022:21:06:07 -0700] "GET /?camp-fire/37559208.html HTTP/1.1" 500 - "-" "Mozilla/5.0 (compatible; DataForSeoBot/1.0; +https://dataforseo.com/dataforseo-bot)" "mantech8.com"
136.243.220.213 - - [22/Sep/2022:21:06:10 -0700] "GET /?camp-fire/18916756.html HTTP/1.1" 500 - "-" "Mozilla/5.0 (compatible; DataForSeoBot/1.0; +https://dataforseo.com/dataforseo-bot)" "mantech8.com"
136.243.220.213 - - [22/Sep/2022:21:06:13 -0700] "GET /?camp-fire/37387459.html HTTP/1.1" 500 - "-" "Mozilla/5.0 (compatible; DataForSeoBot/1.0; +https://dataforseo.com/dataforseo-bot)" "mantech8.com"
136.243.220.213 - - [22/Sep/2022:21:06:14 -0700] "GET /?camp-fire/34406555.html HTTP/1.1" 500 - "-" "Mozilla/5.0 (compatible; DataForSeoBot/1.0; +https://dataforseo.com/dataforseo-bot)" "mantech8.com"
136.243.220.213 - - [22/Sep/2022:21:06:16 -0700] "GET /?camp-fire/11548242.html HTTP/1.1" 500 - "-" "Mozilla/5.0 (compatible; DataForSeoBot/1.0; +https://dataforseo.com/dataforseo-bot)" "mantech8.com"
136.243.220.213 - - [22/Sep/2022:21:06:21 -0700] "GET /?camp-fire/35653630.html HTTP/1.1" 500 - "-" "Mozilla/5.0 (compatible; DataForSeoBot/1.0; +https://dataforseo.com/dataforseo-bot)" "mantech8.com"
136.243.220.213 - - [22/Sep/2022:21:06:24 -0700] "GET /?camp-fire/5018500.html HTTP/1.1" 500 - "-" "Mozilla/5.0 (compatible; DataForSeoBot/1.0; +https://dataforseo.com/dataforseo-bot)" "mantech8.com"
136.243.220.213 - - [22/Sep/2022:21:06:29 -0700] "GET /?camp-fire/30553821.html HTTP/1.1" 500 - "-" "Mozilla/5.0 (compatible; DataForSeoBot/1.0; +https://dataforseo.com/dataforseo-bot)" "mantech8.com"
49.32.168.3 - - [22/Sep/2022:21:06:29 -0700] "GET /hydro.php HTTP/1.1" 200 14239 "https://www.google.com/" "Mozilla/5.0 (Linux; Android 11; Redmi Note 8 Pro) AppleWebKit/537.36 (KHTML, like Gecko) Chrome/105.0.0.0 Mobile Safari/537.36" "www.mantech8.com"
49.32.168.3 - - [22/Sep/2022:21:06:30 -0700] "GET /css/style2.css HTTP/1.1" 200 8414 "http://www.mantech8.com/hydro.php" "Mozilla/5.0 (Linux; Android 11; Redmi Note 8 Pro) AppleWebKit/537.36 (KHTML, like Gecko) Chrome/105.0.0.0 Mobile Safari/537.36" "www.mantech8.com"
49.32.168.3 - - [22/Sep/2022:21:06:30 -0700] "GET /css/responsive1.css HTTP/1.1" 200 1710 "http://www.mantech8.com/hydro.php" "Mozilla/5.0 (Linux; Android 11; Redmi Note 8 Pro) AppleWebKit/537.36 (KHTML, like Gecko) Chrome/105.0.0.0 Mobile Safari/537.36" "www.mantech8.com"
49.32.168.3 - - [22/Sep/2022:21:06:30 -0700] "GET /engine1/jquery.js HTTP/1.1" 200 33282 "http://www.mantech8.com/hydro.php" "Mozilla/5.0 (Linux; Android 11; Redmi Note 8 Pro) AppleWebKit/537.36 (KHTML, like Gecko) Chrome/105.0.0.0 Mobile Safari/537.36" "www.mantech8.com"
49.32.168.3 - - [22/Sep/2022:21:06:30 -0700] "GET /css/style.css HTTP/1.1" 200 126990 "http://www.mantech8.com/hydro.php" "Mozilla/5.0 (Linux; Android 11; Redmi Note 8 Pro) AppleWebKit/537.36 (KHTML, like Gecko) Chrome/105.0.0.0 Mobile Safari/537.36" "www.mantech8.com"
49.32.168.3 - - [22/Sep/2022:21:06:30 -0700] "GET /css/animate.css HTTP/1.1" 200 4264 "http://www.mantech8.com/css/style2.css" "Mozilla/5.0 (Linux; Android 11; Redmi Note 8 Pro) AppleWebKit/537.36 (KHTML, like Gecko) Chrome/105.0.0.0 Mobile Safari/537.36" "www.mantech8.com"
49.32.168.3 - - [22/Sep/2022:21:06:30 -0700] "GET /css/hover.css HTTP/1.1" 200 8530 "http://www.mantech8.com/css/style2.css" "Mozilla/5.0 (Linux; Android 11; Redmi Note 8 Pro) AppleWebKit/537.36 (KHTML, like Gecko) Chrome/105.0.0.0 Mobile Safari/537.36" "www.mantech8.com"
49.32.168.3 - - [22/Sep/2022:21:06:30 -0700] "GET /css/flaticon.css HTTP/1.1" 200 321 "http://www.mantech8.com/css/style2.css" "Mozilla/5.0 (Linux; Android 11; Redmi Note 8 Pro) AppleWebKit/537.36 (KHTML, like Gecko) Chrome/105.0.0.0 Mobile Safari/537.36" "www.mantech8.com"
49.32.168.3 - - [22/Sep/2022:21:06:31 -0700] "GET /css/font-awesome.css HTTP/1.1" 200 5793 "http://www.mantech8.com/css/style2.css" "Mozilla/5.0 (Linux; Android 11; Redmi Note 8 Pro) AppleWebKit/537.36 (KHTML, like Gecko) Chrome/105.0.0.0 Mobile Safari/537.36" "www.mantech8.com"
49.32.168.3 - - [22/Sep/2022:21:06:31 -0700] "GET /images/flag-23-gif.gif HTTP/1.1" 200 20141 "http://www.mantech8.com/hydro.php" "Mozilla/5.0 (Linux; Android 11; Redmi Note 8 Pro) AppleWebKit/537.36 (KHTML, like Gecko) Chrome/105.0.0.0 Mobile Safari/537.36" "www.mantech8.com"
49.32.168.3 - - [22/Sep/2022:21:06:32 -0700] "GET /images/logo1.png HTTP/1.1" 200 2143 "http://www.mantech8.com/hydro.php" "Mozilla/5.0 (Linux; Android 11; Redmi Note 8 Pro) AppleWebKit/537.36 (KHTML, like Gecko) Chrome/105.0.0.0 Mobile Safari/537.36" "www.mantech8.com"
49.32.168.3 - - [22/Sep/2022:21:06:32 -0700] "GET /js/bootstrap.min.js HTTP/1.1" 200 9765 "http://www.mantech8.com/hydro.php" "Mozilla/5.0 (Linux; Android 11; Redmi Note 8 Pro) AppleWebKit/537.36 (KHTML, like Gecko) Chrome/105.0.0.0 Mobile Safari/537.36" "www.mantech8.com"
49.32.168.3 - - [22/Sep/2022:21:06:32 -0700] "GET /js/script1.js HTTP/1.1" 200 2007 "http://www.mantech8.com/hydro.php" "Mozilla/5.0 (Linux; Android 11; Redmi Note 8 Pro) AppleWebKit/537.36 (KHTML, like Gecko) Chrome/105.0.0.0 Mobile Safari/537.36" "www.mantech8.com"
49.32.168.3 - - [22/Sep/2022:21:06:32 -0700] "GET /js/script.js HTTP/1.1" 200 7687 "http://www.mantech8.com/hydro.php" "Mozilla/5.0 (Linux; Android 11; Redmi Note 8 Pro) AppleWebKit/537.36 (KHTML, like Gecko) Chrome/105.0.0.0 Mobile Safari/537.36" "www.mantech8.com"
49.32.168.3 - - [22/Sep/2022:21:06:32 -0700] "GET /bimages/ework/sh3.jpg HTTP/1.1" 200 172700 "http://www.mantech8.com/hydro.php" "Mozilla/5.0 (Linux; Android 11; Redmi Note 8 Pro) AppleWebKit/537.36 (KHTML, like Gecko) Chrome/105.0.0.0 Mobile Safari/537.36" "www.mantech8.com"
49.32.168.3 - - [22/Sep/2022:21:06:32 -0700] "GET /js/core.min.js HTTP/1.1" 200 42721 "http://www.mantech8.com/hydro.php" "Mozilla/5.0 (Linux; Android 11; Redmi Note 8 Pro) AppleWebKit/537.36 (KHTML, like Gecko) Chrome/105.0.0.0 Mobile Safari/537.36" "www.mantech8.com"
49.32.168.3 - - [22/Sep/2022:21:06:32 -0700] "GET /fonts/fontawesome-webfont.woff2?v=4.5.0 HTTP/1.1" 200 66624 "http://www.mantech8.com/css/style.css" "Mozilla/5.0 (Linux; Android 11; Redmi Note 8 Pro) AppleWebKit/537.36 (KHTML, like Gecko) Chrome/105.0.0.0 Mobile Safari/537.36" "www.mantech8.com"
49.32.168.3 - - [22/Sep/2022:21:06:32 -0700] "GET /fonts/MaterialIcons-Regular.woff2 HTTP/1.1" 200 36888 "http://www.mantech8.com/css/style.css" "Mozilla/5.0 (Linux; Android 11; Redmi Note 8 Pro) AppleWebKit/537.36 (KHTML, like Gecko) Chrome/105.0.0.0 Mobile Safari/537.36" "www.mantech8.com"
49.32.168.3 - - [22/Sep/2022:21:06:33 -0700] "GET /images/favicon.ico HTTP/1.1" 200 241886 "http://www.mantech8.com/hydro.php" "Mozilla/5.0 (Linux; Android 11; Redmi Note 8 Pro) AppleWebKit/537.36 (KHTML, like Gecko) Chrome/105.0.0.0 Mobile Safari/537.36" "www.mantech8.com"
136.243.220.213 - - [22/Sep/2022:21:06:33 -0700] "GET /?camp-fire/21285627.html HTTP/1.1" 500 - "-" "Mozilla/5.0 (compatible; DataForSeoBot/1.0; +https://dataforseo.com/dataforseo-bot)" "mantech8.com"
185.191.171.1 - - [22/Sep/2022:21:06:38 -0700] "GET /?camp-fire%2F22049821.html HTTP/1.1" 500 - "-" "Mozilla/5.0 (compatible; SemrushBot/7~bl; +http://www.semrush.com/bot.html)" "mantech8.com"
136.243.220.213 - - [22/Sep/2022:21:06:39 -0700] "GET /?camp-fire/19081965.html HTTP/1.1" 500 - "-" "Mozilla/5.0 (compatible; DataForSeoBot/1.0; +https://dataforseo.com/dataforseo-bot)" "mantech8.com"
136.243.220.213 - - [22/Sep/2022:21:06:42 -0700] "GET /?camp-fire/5018700.html HTTP/1.1" 500 - "-" "Mozilla/5.0 (compatible; DataForSeoBot/1.0; +https://dataforseo.com/dataforseo-bot)" "mantech8.com"
136.243.220.213 - - [22/Sep/2022:21:06:50 -0700] "GET /?camp-fire/28297930.html HTTP/1.1" 500 - "-" "Mozilla/5.0 (compatible; DataForSeoBot/1.0; +https://dataforseo.com/dataforseo-bot)" "mantech8.com"
66.249.66.210 - - [22/Sep/2022:21:06:53 -0700] "GET /sitemap37.xml HTTP/1.1" 404 88 "-" "Mozilla/5.0 (compatible; Googlebot/2.1; +http://www.google.com/bot.html)" "mantech8.com"
136.243.220.213 - - [22/Sep/2022:21:06:53 -0700] "GET /?camp-fire/41857172.html HTTP/1.1" 500 - "-" "Mozilla/5.0 (compatible; DataForSeoBot/1.0; +https://dataforseo.com/dataforseo-bot)" "mantech8.com"
136.243.220.213 - - [22/Sep/2022:21:06:55 -0700] "GET /?camp-fire/45163271.html HTTP/1.1" 500 - "-" "Mozilla/5.0 (compatible; DataForSeoBot/1.0; +https://dataforseo.com/dataforseo-bot)" "mantech8.com"
185.191.171.23 - - [22/Sep/2022:21:06:56 -0700] "GET /?camp-fire%2F37364663.html HTTP/1.1" 500 - "-" "Mozilla/5.0 (compatible; SemrushBot/7~bl; +http://www.semrush.com/bot.html)" "mantech8.com"
136.243.220.213 - - [22/Sep/2022:21:06:58 -0700] "GET /?camp-fire/5018600.html HTTP/1.1" 500 - "-" "Mozilla/5.0 (compatible; DataForSeoBot/1.0; +https://dataforseo.com/dataforseo-bot)" "mantech8.com"
136.243.220.213 - - [22/Sep/2022:21:07:02 -0700] "GET /?camp-fire/13450083.html HTTP/1.1" 500 - "-" "Mozilla/5.0 (compatible; DataForSeoBot/1.0; +https://dataforseo.com/dataforseo-bot)" "mantech8.com"
136.243.220.213 - - [22/Sep/2022:21:07:06 -0700] "GET /?camp-fire/6150593.html HTTP/1.1" 500 - "-" "Mozilla/5.0 (compatible; DataForSeoBot/1.0; +https://dataforseo.com/dataforseo-bot)" "mantech8.com"
136.243.220.213 - - [22/Sep/2022:21:07:10 -0700] "GET /?camp-fire/20446726.html HTTP/1.1" 500 - "-" "Mozilla/5.0 (compatible; DataForSeoBot/1.0; +https://dataforseo.com/dataforseo-bot)" "mantech8.com"
136.243.220.213 - - [22/Sep/2022:21:07:14 -0700] "GET /?camp-fire/4899172.html HTTP/1.1" 500 - "-" "Mozilla/5.0 (compatible; DataForSeoBot/1.0; +https://dataforseo.com/dataforseo-bot)" "mantech8.com"
136.243.220.213 - - [22/Sep/2022:21:07:18 -0700] "GET /?camp-fire/21127865.html HTTP/1.1" 500 - "-" "Mozilla/5.0 (compatible; DataForSeoBot/1.0; +https://dataforseo.com/dataforseo-bot)" "mantech8.com"
185.191.171.16 - - [22/Sep/2022:21:07:21 -0700] "GET /?camp-fire%2F16062451.html HTTP/1.1" 500 - "-" "Mozilla/5.0 (compatible; SemrushBot/7~bl; +http://www.semrush.com/bot.html)" "mantech8.com"
136.243.220.213 - - [22/Sep/2022:21:07:22 -0700] "GET /?camp-fire/32593266.html HTTP/1.1" 500 - "-" "Mozilla/5.0 (compatible; DataForSeoBot/1.0; +https://dataforseo.com/dataforseo-bot)" "mantech8.com"
136.243.220.213 - - [22/Sep/2022:21:07:27 -0700] "GET /?camp-fire/32191064.html HTTP/1.1" 500 - "-" "Mozilla/5.0 (compatible; DataForSeoBot/1.0; +https://dataforseo.com/dataforseo-bot)" "mantech8.com"
185.191.171.6 - - [22/Sep/2022:21:07:29 -0700] "GET /?camp-fire%2F15450983.html HTTP/1.1" 500 - "-" "Mozilla/5.0 (compatible; SemrushBot/7~bl; +http://www.semrush.com/bot.html)" "mantech8.com"
136.243.220.213 - - [22/Sep/2022:21:07:32 -0700] "GET /?camp-fire/31732471.html HTTP/1.1" 500 - "-" "Mozilla/5.0 (compatible; DataForSeoBot/1.0; +https://dataforseo.com/dataforseo-bot)" "mantech8.com"
136.243.220.213 - - [22/Sep/2022:21:07:35 -0700] "GET /?camp-fire/35653930.html HTTP/1.1" 500 - "-" "Mozilla/5.0 (compatible; DataForSeoBot/1.0; +https://dataforseo.com/dataforseo-bot)" "mantech8.com"
40.77.167.51 - - [22/Sep/2022:21:07:43 -0700] "GET /index.php/qiaojis.xml HTTP/1.1" 200 332265 "-" "Mozilla/5.0 (compatible; bingbot/2.0; +http://www.bing.com/bingbot.htm)" "mantech8.com"
136.243.220.213 - - [22/Sep/2022:21:07:45 -0700] "GET /?camp-fire/38791725.html HTTP/1.1" 500 - "-" "Mozilla/5.0 (compatible; DataForSeoBot/1.0; +https://dataforseo.com/dataforseo-bot)" "mantech8.com"
207.46.13.48 - - [22/Sep/2022:21:07:49 -0700] "GET /index.php?ascensor.xml HTTP/1.1" 200 302326 "-" "Mozilla/5.0 (compatible; bingbot/2.0; +http://www.bing.com/bingbot.htm)" "mantech8.com"
136.243.220.213 - - [22/Sep/2022:21:07:50 -0700] "GET /?camp-fire/22779332.html HTTP/1.1" 500 - "-" "Mozilla/5.0 (compatible; DataForSeoBot/1.0; +https://dataforseo.com/dataforseo-bot)" "mantech8.com"
136.243.220.213 - - [22/Sep/2022:21:07:54 -0700] "GET /?camp-fire/11389308.html HTTP/1.1" 500 - "-" "Mozilla/5.0 (compatible; DataForSeoBot/1.0; +https://dataforseo.com/dataforseo-bot)" "mantech8.com"
136.243.220.213 - - [22/Sep/2022:21:07:55 -0700] "GET /?camp-fire/28008950.html HTTP/1.1" 500 - "-" "Mozilla/5.0 (compatible; DataForSeoBot/1.0; +https://dataforseo.com/dataforseo-bot)" "mantech8.com"
136.243.220.213 - - [22/Sep/2022:21:07:57 -0700] "GET /?camp-fire/5119959.html HTTP/1.1" 500 - "-" "Mozilla/5.0 (compatible; DataForSeoBot/1.0; +https://dataforseo.com/dataforseo-bot)" "mantech8.com"
136.243.220.213 - - [22/Sep/2022:21:07:58 -0700] "GET /?camp-fire/39428250.html HTTP/1.1" 500 - "-" "Mozilla/5.0 (compatible; DataForSeoBot/1.0; +https://dataforseo.com/dataforseo-bot)" "mantech8.com"
136.243.220.213 - - [22/Sep/2022:21:08:03 -0700] "GET /?camp-fire/11390108.html HTTP/1.1" 500 - "-" "Mozilla/5.0 (compatible; DataForSeoBot/1.0; +https://dataforseo.com/dataforseo-bot)" "mantech8.com"
136.243.220.213 - - [22/Sep/2022:21:08:07 -0700] "GET /?camp-fire/30862963.html HTTP/1.1" 500 - "-" "Mozilla/5.0 (compatible; DataForSeoBot/1.0; +https://dataforseo.com/dataforseo-bot)" "mantech8.com"
136.243.220.213 - - [22/Sep/2022:21:08:11 -0700] "GET /?camp-fire/32375089.html HTTP/1.1" 500 - "-" "Mozilla/5.0 (compatible; DataForSeoBot/1.0; +https://dataforseo.com/dataforseo-bot)" "mantech8.com"
136.243.220.213 - - [22/Sep/2022:21:08:15 -0700] "GET /?camp-fire/5157753.html HTTP/1.1" 500 - "-" "Mozilla/5.0 (compatible; DataForSeoBot/1.0; +https://dataforseo.com/dataforseo-bot)" "mantech8.com"
136.243.220.213 - - [22/Sep/2022:21:08:16 -0700] "GET /?camp-fire/29819251.html HTTP/1.1" 500 - "-" "Mozilla/5.0 (compatible; DataForSeoBot/1.0; +https://dataforseo.com/dataforseo-bot)" "mantech8.com"
136.243.220.213 - - [22/Sep/2022:21:08:20 -0700] "GET /?camp-fire/39428050.html HTTP/1.1" 500 - "-" "Mozilla/5.0 (compatible; DataForSeoBot/1.0; +https://dataforseo.com/dataforseo-bot)" "mantech8.com"
136.243.220.213 - - [22/Sep/2022:21:08:24 -0700] "GET /?camp-fire/19081765.html HTTP/1.1" 500 - "-" "Mozilla/5.0 (compatible; DataForSeoBot/1.0; +https://dataforseo.com/dataforseo-bot)" "mantech8.com"
136.243.220.213 - - [22/Sep/2022:21:08:28 -0700] "GET /?camp-fire/7022698.html HTTP/1.1" 500 - "-" "Mozilla/5.0 (compatible; DataForSeoBot/1.0; +https://dataforseo.com/dataforseo-bot)" "mantech8.com"
40.77.167.11 - - [22/Sep/2022:21:08:30 -0700] "GET /index.php?kiger.xml HTTP/1.1" 200 335952 "-" "Mozilla/5.0 (compatible; bingbot/2.0; +http://www.bing.com/bingbot.htm)" "mantech8.com"
40.77.167.11 - - [22/Sep/2022:21:08:31 -0700] "GET /index.php?sitemap7965.xml HTTP/1.1" 200 242598 "-" "Mozilla/5.0 (compatible; bingbot/2.0; +http://www.bing.com/bingbot.htm)" "mantech8.com"
136.243.220.213 - - [22/Sep/2022:21:08:32 -0700] "GET /?camp-fire/9057777.html HTTP/1.1" 500 - "-" "Mozilla/5.0 (compatible; DataForSeoBot/1.0; +https://dataforseo.com/dataforseo-bot)" "mantech8.com"
136.243.220.213 - - [22/Sep/2022:21:08:34 -0700] "GET /?camp-fire/5120959.html HTTP/1.1" 500 - "-" "Mozilla/5.0 (compatible; DataForSeoBot/1.0; +https://dataforseo.com/dataforseo-bot)" "mantech8.com"
136.243.220.213 - - [22/Sep/2022:21:08:40 -0700] "GET /?camp-fire/38791625.html HTTP/1.1" 500 - "-" "Mozilla/5.0 (compatible; DataForSeoBot/1.0; +https://dataforseo.com/dataforseo-bot)" "mantech8.com"
136.243.220.213 - - [22/Sep/2022:21:08:45 -0700] "GET /?camp-fire/5561651.html HTTP/1.1" 500 - "-" "Mozilla/5.0 (compatible; DataForSeoBot/1.0; +https://dataforseo.com/dataforseo-bot)" "mantech8.com"
216.244.66.241 - - [22/Sep/2022:21:08:45 -0700] "GET /images/IDN%20B2.jpg HTTP/1.1" 200 614753 "-" "Mozilla/5.0 (compatible; DotBot/1.2; +https://opensiteexplorer.org/dotbot; help@moz.com)" "www.mantech8.com"
136.243.220.213 - - [22/Sep/2022:21:08:48 -0700] "GET /?camp-fire/43901988.html HTTP/1.1" 500 - "-" "Mozilla/5.0 (compatible; DataForSeoBot/1.0; +https://dataforseo.com/dataforseo-bot)" "mantech8.com"
136.243.220.213 - - [22/Sep/2022:21:08:51 -0700] "GET /?camp-fire/5017600.html HTTP/1.1" 500 - "-" "Mozilla/5.0 (compatible; DataForSeoBot/1.0; +https://dataforseo.com/dataforseo-bot)" "mantech8.com"
136.243.220.213 - - [22/Sep/2022:21:08:52 -0700] "GET /?camp-fire/7085400.html HTTP/1.1" 500 - "-" "Mozilla/5.0 (compatible; DataForSeoBot/1.0; +https://dataforseo.com/dataforseo-bot)" "mantech8.com"
136.243.220.213 - - [22/Sep/2022:21:08:57 -0700] "GET /?camp-fire/45556703.html HTTP/1.1" 500 - "-" "Mozilla/5.0 (compatible; DataForSeoBot/1.0; +https://dataforseo.com/dataforseo-bot)" "mantech8.com"
136.243.220.213 - - [22/Sep/2022:21:08:58 -0700] "GET /?camp-fire/37558008.html HTTP/1.1" 500 - "-" "Mozilla/5.0 (compatible; DataForSeoBot/1.0; +https://dataforseo.com/dataforseo-bot)" "mantech8.com"
185.191.171.35 - - [22/Sep/2022:21:09:00 -0700] "GET /?camp-fire%2F27987070.html HTTP/1.1" 500 - "-" "Mozilla/5.0 (compatible; SemrushBot/7~bl; +http://www.semrush.com/bot.html)" "mantech8.com"
136.243.220.213 - - [22/Sep/2022:21:09:03 -0700] "GET /?camp-fire/28297730.html HTTP/1.1" 500 - "-" "Mozilla/5.0 (compatible; DataForSeoBot/1.0; +https://dataforseo.com/dataforseo-bot)" "mantech8.com"
136.243.220.213 - - [22/Sep/2022:21:09:04 -0700] "GET /?camp-fire/9057277.html HTTP/1.1" 500 - "-" "Mozilla/5.0 (compatible; DataForSeoBot/1.0; +https://dataforseo.com/dataforseo-bot)" "mantech8.com"
136.243.220.213 - - [22/Sep/2022:21:09:06 -0700] "GET /?camp-fire/36856816.html HTTP/1.1" 500 - "-" "Mozilla/5.0 (compatible; DataForSeoBot/1.0; +https://dataforseo.com/dataforseo-bot)" "mantech8.com"
136.243.220.213 - - [22/Sep/2022:21:09:09 -0700] "GET /?camp-fire/41903203.html HTTP/1.1" 500 - "-" "Mozilla/5.0 (compatible; DataForSeoBot/1.0; +https://dataforseo.com/dataforseo-bot)" "mantech8.com"
136.243.220.213 - - [22/Sep/2022:21:09:13 -0700] "GET /?camp-fire/7632274.html HTTP/1.1" 500 - "-" "Mozilla/5.0 (compatible; DataForSeoBot/1.0; +https://dataforseo.com/dataforseo-bot)" "mantech8.com"
136.243.220.213 - - [22/Sep/2022:21:09:18 -0700] "GET /?camp-fire/7632874.html HTTP/1.1" 500 - "-" "Mozilla/5.0 (compatible; DataForSeoBot/1.0; +https://dataforseo.com/dataforseo-bot)" "mantech8.com"
136.243.220.213 - - [22/Sep/2022:21:09:21 -0700] "GET /?camp-fire/18561187.html HTTP/1.1" 500 - "-" "Mozilla/5.0 (compatible; DataForSeoBot/1.0; +https://dataforseo.com/dataforseo-bot)" "mantech8.com"
136.243.220.213 - - [22/Sep/2022:21:09:25 -0700] "GET /?camp-fire/21129165.html HTTP/1.1" 500 - "-" "Mozilla/5.0 (compatible; DataForSeoBot/1.0; +https://dataforseo.com/dataforseo-bot)" "mantech8.com"
207.46.13.41 - - [22/Sep/2022:21:09:26 -0700] "GET /index.php/limunu.xml HTTP/1.1" 200 267769 "-" "Mozilla/5.0 (compatible; bingbot/2.0; +http://www.bing.com/bingbot.htm)" "mantech8.com"
136.243.220.213 - - [22/Sep/2022:21:09:29 -0700] "GET /?camp-fire/31660759.html HTTP/1.1" 500 - "-" "Mozilla/5.0 (compatible; DataForSeoBot/1.0; +https://dataforseo.com/dataforseo-bot)" "mantech8.com"
136.243.220.213 - - [22/Sep/2022:21:09:34 -0700] "GET /?camp-fire/29682676.html HTTP/1.1" 500 - "-" "Mozilla/5.0 (compatible; DataForSeoBot/1.0; +https://dataforseo.com/dataforseo-bot)" "mantech8.com"
216.244.66.241 - - [22/Sep/2022:21:09:35 -0700] "GET /images/c3.jpg HTTP/1.1" 200 106010 "-" "Mozilla/5.0 (compatible; DotBot/1.2; +https://opensiteexplorer.org/dotbot; help@moz.com)" "www.mantech8.com"
136.243.220.213 - - [22/Sep/2022:21:09:38 -0700] "GET /?camp-fire/19267546.html HTTP/1.1" 500 - "-" "Mozilla/5.0 (compatible; DataForSeoBot/1.0; +https://dataforseo.com/dataforseo-bot)" "mantech8.com"
136.243.220.213 - - [22/Sep/2022:21:09:39 -0700] "GET /?camp-fire/44076850.html HTTP/1.1" 500 - "-" "Mozilla/5.0 (compatible; DataForSeoBot/1.0; +https://dataforseo.com/dataforseo-bot)" "mantech8.com"
136.243.220.213 - - [22/Sep/2022:21:09:43 -0700] "GET /?camp-fire/40812978.html HTTP/1.1" 500 - "-" "Mozilla/5.0 (compatible; DataForSeoBot/1.0; +https://dataforseo.com/dataforseo-bot)" "mantech8.com"
185.191.171.23 - - [22/Sep/2022:21:09:45 -0700] "GET /?camp-fire%2F17560229.html HTTP/1.1" 500 - "-" "Mozilla/5.0 (compatible; SemrushBot/7~bl; +http://www.semrush.com/bot.html)" "mantech8.com"
136.243.220.213 - - [22/Sep/2022:21:09:47 -0700] "GET /?camp-fire/42596792.html HTTP/1.1" 500 - "-" "Mozilla/5.0 (compatible; DataForSeoBot/1.0; +https://dataforseo.com/dataforseo-bot)" "mantech8.com"
136.243.220.213 - - [22/Sep/2022:21:09:52 -0700] "GET /?camp-fire/41856772.html HTTP/1.1" 500 - "-" "Mozilla/5.0 (compatible; DataForSeoBot/1.0; +https://dataforseo.com/dataforseo-bot)" "mantech8.com"
136.243.220.213 - - [22/Sep/2022:21:09:55 -0700] "GET /?camp-fire/43646876.html HTTP/1.1" 500 - "-" "Mozilla/5.0 (compatible; DataForSeoBot/1.0; +https://dataforseo.com/dataforseo-bot)" "mantech8.com"
185.191.171.35 - - [22/Sep/2022:21:09:55 -0700] "GET /?camp-fire%2F42242834.html HTTP/1.1" 500 - "-" "Mozilla/5.0 (compatible; SemrushBot/7~bl; +http://www.semrush.com/bot.html)" "mantech8.com"
136.243.220.213 - - [22/Sep/2022:21:10:00 -0700] "GET /?camp-fire/39471638.html HTTP/1.1" 500 - "-" "Mozilla/5.0 (compatible; DataForSeoBot/1.0; +https://dataforseo.com/dataforseo-bot)" "mantech8.com"
185.191.171.17 - - [22/Sep/2022:21:10:00 -0700] "GET /?camp-fire%2F54409572.html HTTP/1.1" 500 - "-" "Mozilla/5.0 (compatible; SemrushBot/7~bl; +http://www.semrush.com/bot.html)" "mantech8.com"
136.243.220.213 - - [22/Sep/2022:21:10:02 -0700] "GET /?camp-fire/27707333.html HTTP/1.1" 500 - "-" "Mozilla/5.0 (compatible; DataForSeoBot/1.0; +https://dataforseo.com/dataforseo-bot)" "mantech8.com"
136.243.220.213 - - [22/Sep/2022:21:10:03 -0700] "GET /?camp-fire/37203493.html HTTP/1.1" 500 - "-" "Mozilla/5.0 (compatible; DataForSeoBot/1.0; +https://dataforseo.com/dataforseo-bot)" "mantech8.com"
136.243.220.213 - - [22/Sep/2022:21:10:08 -0700] "GET /?camp-fire/45824649.html HTTP/1.1" 500 - "-" "Mozilla/5.0 (compatible; DataForSeoBot/1.0; +https://dataforseo.com/dataforseo-bot)" "mantech8.com"
136.243.220.213 - - [22/Sep/2022:21:10:10 -0700] "GET /?camp-fire/41857472.html HTTP/1.1" 500 - "-" "Mozilla/5.0 (compatible; DataForSeoBot/1.0; +https://dataforseo.com/dataforseo-bot)" "mantech8.com"
185.191.171.20 - - [22/Sep/2022:21:10:13 -0700] "GET /?camp-fire%2F3383798.html HTTP/1.1" 500 - "-" "Mozilla/5.0 (compatible; SemrushBot/7~bl; +http://www.semrush.com/bot.html)" "mantech8.com"
136.243.220.213 - - [22/Sep/2022:21:10:13 -0700] "GET /?camp-fire/18561487.html HTTP/1.1" 500 - "-" "Mozilla/5.0 (compatible; DataForSeoBot/1.0; +https://dataforseo.com/dataforseo-bot)" "mantech8.com"
136.243.220.213 - - [22/Sep/2022:21:10:17 -0700] "GET /?camp-fire/5120259.html HTTP/1.1" 500 - "-" "Mozilla/5.0 (compatible; DataForSeoBot/1.0; +https://dataforseo.com/dataforseo-bot)" "mantech8.com"
185.191.171.22 - - [22/Sep/2022:21:10:18 -0700] "GET /?camp-fire%2F93840668.html HTTP/1.1" 500 - "-" "Mozilla/5.0 (compatible; SemrushBot/7~bl; +http://www.semrush.com/bot.html)" "mantech8.com"
136.243.220.213 - - [22/Sep/2022:21:10:21 -0700] "GET /?camp-fire/19208583.html HTTP/1.1" 500 - "-" "Mozilla/5.0 (compatible; DataForSeoBot/1.0; +https://dataforseo.com/dataforseo-bot)" "mantech8.com"
136.243.220.213 - - [22/Sep/2022:21:10:25 -0700] "GET /?camp-fire/20446126.html HTTP/1.1" 500 - "-" "Mozilla/5.0 (compatible; DataForSeoBot/1.0; +https://dataforseo.com/dataforseo-bot)" "mantech8.com"
136.243.220.213 - - [22/Sep/2022:21:10:29 -0700] "GET /?camp-fire/11375021.html HTTP/1.1" 500 - "-" "Mozilla/5.0 (compatible; DataForSeoBot/1.0; +https://dataforseo.com/dataforseo-bot)" "mantech8.com"
136.243.220.213 - - [22/Sep/2022:21:10:34 -0700] "GET /?camp-fire/13451083.html HTTP/1.1" 500 - "-" "Mozilla/5.0 (compatible; DataForSeoBot/1.0; +https://dataforseo.com/dataforseo-bot)" "mantech8.com"
185.191.171.10 - - [22/Sep/2022:21:10:38 -0700] "GET /?camp-fire%2F35152225.html HTTP/1.1" 500 - "-" "Mozilla/5.0 (compatible; SemrushBot/7~bl; +http://www.semrush.com/bot.html)" "mantech8.com"
136.243.220.213 - - [22/Sep/2022:21:10:38 -0700] "GET /?camp-fire/15679176.html HTTP/1.1" 500 - "-" "Mozilla/5.0 (compatible; DataForSeoBot/1.0; +https://dataforseo.com/dataforseo-bot)" "mantech8.com"
136.243.220.213 - - [22/Sep/2022:21:10:40 -0700] "GET /?camp-fire/30863463.html HTTP/1.1" 500 - "-" "Mozilla/5.0 (compatible; DataForSeoBot/1.0; +https://dataforseo.com/dataforseo-bot)" "mantech8.com"
185.191.171.38 - - [22/Sep/2022:21:10:41 -0700] "GET /?camp-fire%2F41963284.html HTTP/1.1" 500 - "-" "Mozilla/5.0 (compatible; SemrushBot/7~bl; +http://www.semrush.com/bot.html)" "mantech8.com"
136.243.220.213 - - [22/Sep/2022:21:10:44 -0700] "GET /?camp-fire/39472138.html HTTP/1.1" 500 - "-" "Mozilla/5.0 (compatible; DataForSeoBot/1.0; +https://dataforseo.com/dataforseo-bot)" "mantech8.com"
207.46.13.41 - - [22/Sep/2022:21:10:45 -0700] "GET /index.php?sitemap3259.xml HTTP/1.1" 200 296406 "-" "Mozilla/5.0 (compatible; bingbot/2.0; +http://www.bing.com/bingbot.htm)" "mantech8.com"
136.243.220.213 - - [22/Sep/2022:21:10:49 -0700] "GET /?camp-fire/14278757.html HTTP/1.1" 500 - "-" "Mozilla/5.0 (compatible; DataForSeoBot/1.0; +https://dataforseo.com/dataforseo-bot)" "mantech8.com"
136.243.220.213 - - [22/Sep/2022:21:10:54 -0700] "GET /?camp-fire/43647676.html HTTP/1.1" 500 - "-" "Mozilla/5.0 (compatible; DataForSeoBot/1.0; +https://dataforseo.com/dataforseo-bot)" "mantech8.com"
136.243.220.213 - - [22/Sep/2022:21:10:57 -0700] "GET /?camp-fire/21864161.html HTTP/1.1" 500 - "-" "Mozilla/5.0 (compatible; DataForSeoBot/1.0; +https://dataforseo.com/dataforseo-bot)" "mantech8.com"
136.243.220.213 - - [22/Sep/2022:21:11:01 -0700] "GET /?camp-fire/18560987.html HTTP/1.1" 500 - "-" "Mozilla/5.0 (compatible; DataForSeoBot/1.0; +https://dataforseo.com/dataforseo-bot)" "mantech8.com"
185.191.171.17 - - [22/Sep/2022:21:11:04 -0700] "GET /?camp-fire%2F42251434.html HTTP/1.1" 500 - "-" "Mozilla/5.0 (compatible; SemrushBot/7~bl; +http://www.semrush.com/bot.html)" "mantech8.com"
136.243.220.213 - - [22/Sep/2022:21:11:06 -0700] "GET /?camp-fire/11547842.html HTTP/1.1" 500 - "-" "Mozilla/5.0 (compatible; DataForSeoBot/1.0; +https://dataforseo.com/dataforseo-bot)" "mantech8.com"
136.243.220.213 - - [22/Sep/2022:21:11:10 -0700] "GET /?camp-fire/45163371.html HTTP/1.1" 500 - "-" "Mozilla/5.0 (compatible; DataForSeoBot/1.0; +https://dataforseo.com/dataforseo-bot)" "mantech8.com"
136.243.220.213 - - [22/Sep/2022:21:11:15 -0700] "GET /?camp-fire/7084100.html HTTP/1.1" 500 - "-" "Mozilla/5.0 (compatible; DataForSeoBot/1.0; +https://dataforseo.com/dataforseo-bot)" "mantech8.com"
136.243.220.213 - - [22/Sep/2022:21:11:18 -0700] "GET /?camp-fire/40813678.html HTTP/1.1" 500 - "-" "Mozilla/5.0 (compatible; DataForSeoBot/1.0; +https://dataforseo.com/dataforseo-bot)" "mantech8.com"
185.191.171.44 - - [22/Sep/2022:21:11:20 -0700] "GET /?camp-fire%2F8169278.html HTTP/1.1" 500 - "-" "Mozilla/5.0 (compatible; SemrushBot/7~bl; +http://www.semrush.com/bot.html)" "mantech8.com"
136.243.220.213 - - [22/Sep/2022:21:11:23 -0700] "GET /?camp-fire/4244569.html HTTP/1.1" 500 - "-" "Mozilla/5.0 (compatible; DataForSeoBot/1.0; +https://dataforseo.com/dataforseo-bot)" "mantech8.com"
136.243.220.213 - - [22/Sep/2022:21:11:27 -0700] "GET /?camp-fire/40813378.html HTTP/1.1" 500 - "-" "Mozilla/5.0 (compatible; DataForSeoBot/1.0; +https://dataforseo.com/dataforseo-bot)" "mantech8.com"
136.243.220.213 - - [22/Sep/2022:21:11:30 -0700] "GET /?camp-fire/4898872.html HTTP/1.1" 500 - "-" "Mozilla/5.0 (compatible; DataForSeoBot/1.0; +https://dataforseo.com/dataforseo-bot)" "mantech8.com"
136.243.220.213 - - [22/Sep/2022:21:11:32 -0700] "GET /?camp-fire/42597092.html HTTP/1.1" 500 - "-" "Mozilla/5.0 (compatible; DataForSeoBot/1.0; +https://dataforseo.com/dataforseo-bot)" "mantech8.com"
136.243.220.213 - - [22/Sep/2022:21:11:37 -0700] "GET /?camp-fire/18916156.html HTTP/1.1" 500 - "-" "Mozilla/5.0 (compatible; DataForSeoBot/1.0; +https://dataforseo.com/dataforseo-bot)" "mantech8.com"
136.243.220.213 - - [22/Sep/2022:21:11:40 -0700] "GET /?camp-fire/25382817.html HTTP/1.1" 500 - "-" "Mozilla/5.0 (compatible; DataForSeoBot/1.0; +https://dataforseo.com/dataforseo-bot)" "mantech8.com"
136.243.220.213 - - [22/Sep/2022:21:11:44 -0700] "GET /?camp-fire/31064897.html HTTP/1.1" 500 - "-" "Mozilla/5.0 (compatible; DataForSeoBot/1.0; +https://dataforseo.com/dataforseo-bot)" "mantech8.com"
136.243.220.213 - - [22/Sep/2022:21:11:48 -0700] "GET /?camp-fire/36262368.html HTTP/1.1" 500 - "-" "Mozilla/5.0 (compatible; DataForSeoBot/1.0; +https://dataforseo.com/dataforseo-bot)" "mantech8.com"
136.243.220.213 - - [22/Sep/2022:21:11:50 -0700] "GET /?camp-fire/24540335.html HTTP/1.1" 500 - "-" "Mozilla/5.0 (compatible; DataForSeoBot/1.0; +https://dataforseo.com/dataforseo-bot)" "mantech8.com"
136.243.220.213 - - [22/Sep/2022:21:11:54 -0700] "GET /?camp-fire/13938490.html HTTP/1.1" 500 - "-" "Mozilla/5.0 (compatible; DataForSeoBot/1.0; +https://dataforseo.com/dataforseo-bot)" "mantech8.com"
136.243.220.213 - - [22/Sep/2022:21:11:55 -0700] "GET /?camp-fire/20446526.html HTTP/1.1" 500 - "-" "Mozilla/5.0 (compatible; DataForSeoBot/1.0; +https://dataforseo.com/dataforseo-bot)" "mantech8.com"
136.243.220.213 - - [22/Sep/2022:21:11:56 -0700] "GET /?camp-fire/38792525.html HTTP/1.1" 500 - "-" "Mozilla/5.0 (compatible; DataForSeoBot/1.0; +https://dataforseo.com/dataforseo-bot)" "mantech8.com"
136.243.220.213 - - [22/Sep/2022:21:12:00 -0700] "GET /?camp-fire/37203393.html HTTP/1.1" 500 - "-" "Mozilla/5.0 (compatible; DataForSeoBot/1.0; +https://dataforseo.com/dataforseo-bot)" "mantech8.com"
136.243.220.213 - - [22/Sep/2022:21:12:01 -0700] "GET /?camp-fire/42800435.html HTTP/1.1" 500 - "-" "Mozilla/5.0 (compatible; DataForSeoBot/1.0; +https://dataforseo.com/dataforseo-bot)" "mantech8.com"
207.46.13.104 - - [22/Sep/2022:21:12:12 -0700] "GET /ambrilidine.xml HTTP/1.1" 404 88 "-" "Mozilla/5.0 (compatible; bingbot/2.0; +http://www.bing.com/bingbot.htm)" "mantech8.com"
185.191.171.36 - - [22/Sep/2022:21:12:41 -0700] "GET /?camp-fire%2F39977903.html HTTP/1.1" 500 - "-" "Mozilla/5.0 (compatible; SemrushBot/7~bl; +http://www.semrush.com/bot.html)" "mantech8.com"
207.46.13.104 - - [22/Sep/2022:21:12:52 -0700] "GET /index.php/sitemap149.xml HTTP/1.1" 200 244256 "-" "Mozilla/5.0 (compatible; bingbot/2.0; +http://www.bing.com/bingbot.htm)" "mantech8.com"
40.77.167.51 - - [22/Sep/2022:21:12:57 -0700] "GET /index.php/curlyhead.xml HTTP/1.1" 200 274393 "-" "Mozilla/5.0 (compatible; bingbot/2.0; +http://www.bing.com/bingbot.htm)" "mantech8.com"
136.243.220.213 - - [22/Sep/2022:21:12:58 -0700] "GET /?camp-fire/7633774.html HTTP/1.1" 500 - "-" "Mozilla/5.0 (compatible; DataForSeoBot/1.0; +https://dataforseo.com/dataforseo-bot)" "mantech8.com"
136.243.220.213 - - [22/Sep/2022:21:13:01 -0700] "GET /?camp-fire/19209183.html HTTP/1.1" 500 - "-" "Mozilla/5.0 (compatible; DataForSeoBot/1.0; +https://dataforseo.com/dataforseo-bot)" "mantech8.com"
136.243.220.213 - - [22/Sep/2022:21:13:05 -0700] "GET /?camp-fire/29880382.html HTTP/1.1" 500 - "-" "Mozilla/5.0 (compatible; DataForSeoBot/1.0; +https://dataforseo.com/dataforseo-bot)" "mantech8.com"
136.243.220.213 - - [22/Sep/2022:21:13:08 -0700] "GET /?camp-fire/7085000.html HTTP/1.1" 500 - "-" "Mozilla/5.0 (compatible; DataForSeoBot/1.0; +https://dataforseo.com/dataforseo-bot)" "mantech8.com"
136.243.220.213 - - [22/Sep/2022:21:13:12 -0700] "GET /?camp-fire/24541135.html HTTP/1.1" 500 - "-" "Mozilla/5.0 (compatible; DataForSeoBot/1.0; +https://dataforseo.com/dataforseo-bot)" "mantech8.com"
136.243.220.213 - - [22/Sep/2022:21:13:16 -0700] "GET /?camp-fire/31733871.html HTTP/1.1" 500 - "-" "Mozilla/5.0 (compatible; DataForSeoBot/1.0; +https://dataforseo.com/dataforseo-bot)" "mantech8.com"
136.243.220.213 - - [22/Sep/2022:21:13:21 -0700] "GET /?camp-fire/11389008.html HTTP/1.1" 500 - "-" "Mozilla/5.0 (compatible; DataForSeoBot/1.0; +https://dataforseo.com/dataforseo-bot)" "mantech8.com"
136.243.220.213 - - [22/Sep/2022:21:13:25 -0700] "GET /?camp-fire/29682776.html HTTP/1.1" 500 - "-" "Mozilla/5.0 (compatible; DataForSeoBot/1.0; +https://dataforseo.com/dataforseo-bot)" "mantech8.com"
136.243.220.213 - - [22/Sep/2022:21:13:28 -0700] "GET /?camp-fire/15678376.html HTTP/1.1" 500 - "-" "Mozilla/5.0 (compatible; DataForSeoBot/1.0; +https://dataforseo.com/dataforseo-bot)" "mantech8.com"
207.46.13.48 - - [22/Sep/2022:21:13:32 -0700] "GET /index.php?sitemap77.xml HTTP/1.1" 200 321995 "-" "Mozilla/5.0 (compatible; bingbot/2.0; +http://www.bing.com/bingbot.htm)" "mantech8.com"
136.243.220.213 - - [22/Sep/2022:21:13:32 -0700] "GET /?camp-fire/36263468.html HTTP/1.1" 500 - "-" "Mozilla/5.0 (compatible; DataForSeoBot/1.0; +https://dataforseo.com/dataforseo-bot)" "mantech8.com"
136.243.220.213 - - [22/Sep/2022:21:13:37 -0700] "GET /?camp-fire/18559787.html HTTP/1.1" 500 - "-" "Mozilla/5.0 (compatible; DataForSeoBot/1.0; +https://dataforseo.com/dataforseo-bot)" "mantech8.com"
136.243.220.213 - - [22/Sep/2022:21:13:40 -0700] "GET /?camp-fire/31025170.html HTTP/1.1" 500 - "-" "Mozilla/5.0 (compatible; DataForSeoBot/1.0; +https://dataforseo.com/dataforseo-bot)" "mantech8.com"
136.243.220.213 - - [22/Sep/2022:21:13:44 -0700] "GET /?camp-fire/19081465.html HTTP/1.1" 500 - "-" "Mozilla/5.0 (compatible; DataForSeoBot/1.0; +https://dataforseo.com/dataforseo-bot)" "mantech8.com"
136.243.220.213 - - [22/Sep/2022:21:13:48 -0700] "GET /?camp-fire/36305125.html HTTP/1.1" 500 - "-" "Mozilla/5.0 (compatible; DataForSeoBot/1.0; +https://dataforseo.com/dataforseo-bot)" "mantech8.com"
136.243.220.213 - - [22/Sep/2022:21:13:50 -0700] "GET /?camp-fire/27366206.html HTTP/1.1" 500 - "-" "Mozilla/5.0 (compatible; DataForSeoBot/1.0; +https://dataforseo.com/dataforseo-bot)" "mantech8.com"
136.243.220.213 - - [22/Sep/2022:21:13:53 -0700] "GET /?camp-fire/45556103.html HTTP/1.1" 500 - "-" "Mozilla/5.0 (compatible; DataForSeoBot/1.0; +https://dataforseo.com/dataforseo-bot)" "mantech8.com"
185.191.171.17 - - [22/Sep/2022:21:13:53 -0700] "GET /?camp-fire%2F28264281.html HTTP/1.1" 500 - "-" "Mozilla/5.0 (compatible; SemrushBot/7~bl; +http://www.semrush.com/bot.html)" "mantech8.com"
136.243.220.213 - - [22/Sep/2022:21:13:55 -0700] "GET /?camp-fire/11547742.html HTTP/1.1" 500 - "-" "Mozilla/5.0 (compatible; DataForSeoBot/1.0; +https://dataforseo.com/dataforseo-bot)" "mantech8.com"
136.243.220.213 - - [22/Sep/2022:21:14:01 -0700] "GET /?camp-fire/34258241.html HTTP/1.1" 500 - "-" "Mozilla/5.0 (compatible; DataForSeoBot/1.0; +https://dataforseo.com/dataforseo-bot)" "mantech8.com"
136.243.220.213 - - [22/Sep/2022:21:14:06 -0700] "GET /?camp-fire/32189564.html HTTP/1.1" 500 - "-" "Mozilla/5.0 (compatible; DataForSeoBot/1.0; +https://dataforseo.com/dataforseo-bot)" "mantech8.com"
136.243.220.213 - - [22/Sep/2022:21:14:10 -0700] "GET /?camp-fire/31418909.html HTTP/1.1" 500 - "-" "Mozilla/5.0 (compatible; DataForSeoBot/1.0; +https://dataforseo.com/dataforseo-bot)" "mantech8.com"
207.46.13.48 - - [22/Sep/2022:21:14:10 -0700] "GET /index.php/sitemap6075.xml HTTP/1.1" 200 279691 "-" "Mozilla/5.0 (compatible; bingbot/2.0; +http://www.bing.com/bingbot.htm)" "mantech8.com"
136.243.220.213 - - [22/Sep/2022:21:14:14 -0700] "GET /?camp-fire/11389108.html HTTP/1.1" 500 - "-" "Mozilla/5.0 (compatible; DataForSeoBot/1.0; +https://dataforseo.com/dataforseo-bot)" "mantech8.com"
136.243.220.213 - - [22/Sep/2022:21:14:22 -0700] "GET /?camp-fire/15232509.html HTTP/1.1" 500 - "-" "Mozilla/5.0 (compatible; DataForSeoBot/1.0; +https://dataforseo.com/dataforseo-bot)" "mantech8.com"
136.243.220.213 - - [22/Sep/2022:21:14:24 -0700] "GET /?camp-fire/6867678.html HTTP/1.1" 500 - "-" "Mozilla/5.0 (compatible; DataForSeoBot/1.0; +https://dataforseo.com/dataforseo-bot)" "mantech8.com"
157.55.39.87 - - [22/Sep/2022:21:14:28 -0700] "GET /index.php?sitemap3787.xml HTTP/1.1" 200 289815 "-" "Mozilla/5.0 (compatible; bingbot/2.0; +http://www.bing.com/bingbot.htm)" "mantech8.com"
136.243.220.213 - - [22/Sep/2022:21:14:29 -0700] "GET /?camp-fire/29819351.html HTTP/1.1" 500 - "-" "Mozilla/5.0 (compatible; DataForSeoBot/1.0; +https://dataforseo.com/dataforseo-bot)" "mantech8.com"
136.243.220.213 - - [22/Sep/2022:21:14:32 -0700] "GET /?camp-fire/9058277.html HTTP/1.1" 500 - "-" "Mozilla/5.0 (compatible; DataForSeoBot/1.0; +https://dataforseo.com/dataforseo-bot)" "mantech8.com"
136.243.220.213 - - [22/Sep/2022:21:14:34 -0700] "GET /?camp-fire/4898272.html HTTP/1.1" 500 - "-" "Mozilla/5.0 (compatible; DataForSeoBot/1.0; +https://dataforseo.com/dataforseo-bot)" "mantech8.com"
136.243.220.213 - - [22/Sep/2022:21:14:36 -0700] "GET /?camp-fire/31347871.html HTTP/1.1" 500 - "-" "Mozilla/5.0 (compatible; DataForSeoBot/1.0; +https://dataforseo.com/dataforseo-bot)" "mantech8.com"
185.191.171.35 - - [22/Sep/2022:21:14:36 -0700] "GET /?camp-fire%2F38958892.html HTTP/1.1" 500 - "-" "Mozilla/5.0 (compatible; SemrushBot/7~bl; +http://www.semrush.com/bot.html)" "mantech8.com"
185.191.171.4 - - [22/Sep/2022:21:14:38 -0700] "GET /?camp-fire%2F17603927.html HTTP/1.1" 500 - "-" "Mozilla/5.0 (compatible; SemrushBot/7~bl; +http://www.semrush.com/bot.html)" "mantech8.com"
136.243.220.213 - - [22/Sep/2022:21:14:39 -0700] "GET /?camp-fire/37202293.html HTTP/1.1" 500 - "-" "Mozilla/5.0 (compatible; DataForSeoBot/1.0; +https://dataforseo.com/dataforseo-bot)" "mantech8.com"
136.243.220.213 - - [22/Sep/2022:21:14:43 -0700] "GET /?camp-fire/21284627.html HTTP/1.1" 500 - "-" "Mozilla/5.0 (compatible; DataForSeoBot/1.0; +https://dataforseo.com/dataforseo-bot)" "mantech8.com"
136.243.220.213 - - [22/Sep/2022:21:14:47 -0700] "GET /?camp-fire/18594972.html HTTP/1.1" 500 - "-" "Mozilla/5.0 (compatible; DataForSeoBot/1.0; +https://dataforseo.com/dataforseo-bot)" "mantech8.com"
40.77.167.11 - - [22/Sep/2022:21:14:51 -0700] "GET /index.php/sitemap705.xml HTTP/1.1" 200 308246 "-" "Mozilla/5.0 (compatible; bingbot/2.0; +http://www.bing.com/bingbot.htm)" "mantech8.com"
136.243.220.213 - - [22/Sep/2022:21:14:51 -0700] "GET /?camp-fire/45882434.html HTTP/1.1" 500 - "-" "Mozilla/5.0 (compatible; DataForSeoBot/1.0; +https://dataforseo.com/dataforseo-bot)" "mantech8.com"
136.243.220.213 - - [22/Sep/2022:21:14:55 -0700] "GET /?camp-fire/21763381.html HTTP/1.1" 500 - "-" "Mozilla/5.0 (compatible; DataForSeoBot/1.0; +https://dataforseo.com/dataforseo-bot)" "mantech8.com"
136.243.220.213 - - [22/Sep/2022:21:14:56 -0700] "GET /?camp-fire/28008350.html HTTP/1.1" 500 - "-" "Mozilla/5.0 (compatible; DataForSeoBot/1.0; +https://dataforseo.com/dataforseo-bot)" "mantech8.com"
136.243.220.213 - - [22/Sep/2022:21:14:57 -0700] "GET /?camp-fire/5019300.html HTTP/1.1" 500 - "-" "Mozilla/5.0 (compatible; DataForSeoBot/1.0; +https://dataforseo.com/dataforseo-bot)" "mantech8.com"
136.243.220.213 - - [22/Sep/2022:21:15:02 -0700] "GET /?camp-fire/4244869.html HTTP/1.1" 500 - "-" "Mozilla/5.0 (compatible; DataForSeoBot/1.0; +https://dataforseo.com/dataforseo-bot)" "mantech8.com"
