136.243.220.213 - - [22/Sep/2022:21:27:38 -0700] "GET /?camp-fire/21865461.html HTTP/1.1" 500 - "-" "Mozilla/5.0 (compatible; DataForSeoBot/1.0; +https://dataforseo.com/dataforseo-bot)" "mantech8.com"
136.243.220.213 - - [22/Sep/2022:21:27:42 -0700] "GET /?camp-fire/44076450.html HTTP/1.1" 500 - "-" "Mozilla/5.0 (compatible; DataForSeoBot/1.0; +https://dataforseo.com/dataforseo-bot)" "mantech8.com"
185.191.171.1 - - [22/Sep/2022:21:27:45 -0700] "GET /?camp-fire%2F18113851.html HTTP/1.1" 500 - "-" "Mozilla/5.0 (compatible; SemrushBot/7~bl; +http://www.semrush.com/bot.html)" "mantech8.com"
136.243.220.213 - - [22/Sep/2022:21:27:47 -0700] "GET /?camp-fire/18916656.html HTTP/1.1" 500 - "-" "Mozilla/5.0 (compatible; DataForSeoBot/1.0; +https://dataforseo.com/dataforseo-bot)" "mantech8.com"
136.243.220.213 - - [22/Sep/2022:21:27:48 -0700] "GET /?camp-fire/11026380.html HTTP/1.1" 500 - "-" "Mozilla/5.0 (compatible; DataForSeoBot/1.0; +https://dataforseo.com/dataforseo-bot)" "mantech8.com"
185.191.171.39 - - [22/Sep/2022:21:27:50 -0700] "GET /?camp-fire%2F33098016.html HTTP/1.1" 500 - "-" "Mozilla/5.0 (compatible; SemrushBot/7~bl; +http://www.semrush.com/bot.html)" "mantech8.com"
136.243.220.213 - - [22/Sep/2022:21:27:52 -0700] "GET /?camp-fire/14279157.html HTTP/1.1" 500 - "-" "Mozilla/5.0 (compatible; DataForSeoBot/1.0; +https://dataforseo.com/dataforseo-bot)" "mantech8.com"
185.191.171.4 - - [22/Sep/2022:21:27:53 -0700] "GET /?camp-fire%2F41826271.html HTTP/1.1" 500 - "-" "Mozilla/5.0 (compatible; SemrushBot/7~bl; +http://www.semrush.com/bot.html)" "mantech8.com"
136.243.220.213 - - [22/Sep/2022:21:27:53 -0700] "GET /?camp-fire/39427150.html HTTP/1.1" 500 - "-" "Mozilla/5.0 (compatible; DataForSeoBot/1.0; +https://dataforseo.com/dataforseo-bot)" "mantech8.com"
136.243.220.213 - - [22/Sep/2022:21:27:55 -0700] "GET /?camp-fire/18268524.html HTTP/1.1" 500 - "-" "Mozilla/5.0 (compatible; DataForSeoBot/1.0; +https://dataforseo.com/dataforseo-bot)" "mantech8.com"
136.243.220.213 - - [22/Sep/2022:21:27:58 -0700] "GET /?camp-fire/43576802.html HTTP/1.1" 500 - "-" "Mozilla/5.0 (compatible; DataForSeoBot/1.0; +https://dataforseo.com/dataforseo-bot)" "mantech8.com"
136.243.220.213 - - [22/Sep/2022:21:28:03 -0700] "GET /?camp-fire/11375621.html HTTP/1.1" 500 - "-" "Mozilla/5.0 (compatible; DataForSeoBot/1.0; +https://dataforseo.com/dataforseo-bot)" "mantech8.com"
185.191.171.10 - - [22/Sep/2022:21:28:04 -0700] "GET /?camp-fire%2F28955166.html HTTP/1.1" 500 - "-" "Mozilla/5.0 (compatible; SemrushBot/7~bl; +http://www.semrush.com/bot.html)" "mantech8.com"
136.243.220.213 - - [22/Sep/2022:21:28:06 -0700] "GET /?camp-fire/11548842.html HTTP/1.1" 500 - "-" "Mozilla/5.0 (compatible; DataForSeoBot/1.0; +https://dataforseo.com/dataforseo-bot)" "mantech8.com"
136.243.220.213 - - [22/Sep/2022:21:28:10 -0700] "GET /?camp-fire/21865161.html HTTP/1.1" 500 - "-" "Mozilla/5.0 (compatible; DataForSeoBot/1.0; +https://dataforseo.com/dataforseo-bot)" "mantech8.com"
136.243.220.213 - - [22/Sep/2022:21:28:14 -0700] "GET /?camp-fire/32374589.html HTTP/1.1" 500 - "-" "Mozilla/5.0 (compatible; DataForSeoBot/1.0; +https://dataforseo.com/dataforseo-bot)" "mantech8.com"
136.243.220.213 - - [22/Sep/2022:21:28:18 -0700] "GET /?camp-fire/27706033.html HTTP/1.1" 500 - "-" "Mozilla/5.0 (compatible; DataForSeoBot/1.0; +https://dataforseo.com/dataforseo-bot)" "mantech8.com"
136.243.220.213 - - [22/Sep/2022:21:28:23 -0700] "GET /?camp-fire/36304925.html HTTP/1.1" 500 - "-" "Mozilla/5.0 (compatible; DataForSeoBot/1.0; +https://dataforseo.com/dataforseo-bot)" "mantech8.com"
136.243.220.213 - - [22/Sep/2022:21:28:27 -0700] "GET /?camp-fire/11027180.html HTTP/1.1" 500 - "-" "Mozilla/5.0 (compatible; DataForSeoBot/1.0; +https://dataforseo.com/dataforseo-bot)" "mantech8.com"
136.243.220.213 - - [22/Sep/2022:21:28:30 -0700] "GET /?camp-fire/13449883.html HTTP/1.1" 500 - "-" "Mozilla/5.0 (compatible; DataForSeoBot/1.0; +https://dataforseo.com/dataforseo-bot)" "mantech8.com"
136.243.220.213 - - [22/Sep/2022:21:28:34 -0700] "GET /?camp-fire/25105906.html HTTP/1.1" 500 - "-" "Mozilla/5.0 (compatible; DataForSeoBot/1.0; +https://dataforseo.com/dataforseo-bot)" "mantech8.com"
136.243.220.213 - - [22/Sep/2022:21:28:38 -0700] "GET /?camp-fire/38792325.html HTTP/1.1" 500 - "-" "Mozilla/5.0 (compatible; DataForSeoBot/1.0; +https://dataforseo.com/dataforseo-bot)" "mantech8.com"
136.243.220.213 - - [22/Sep/2022:21:28:39 -0700] "GET /?camp-fire/18561387.html HTTP/1.1" 500 - "-" "Mozilla/5.0 (compatible; DataForSeoBot/1.0; +https://dataforseo.com/dataforseo-bot)" "mantech8.com"
136.243.220.213 - - [22/Sep/2022:21:28:40 -0700] "GET /?camp-fire/25106306.html HTTP/1.1" 500 - "-" "Mozilla/5.0 (compatible; DataForSeoBot/1.0; +https://dataforseo.com/dataforseo-bot)" "mantech8.com"
136.243.220.213 - - [22/Sep/2022:21:28:44 -0700] "GET /?camp-fire/37387359.html HTTP/1.1" 500 - "-" "Mozilla/5.0 (compatible; DataForSeoBot/1.0; +https://dataforseo.com/dataforseo-bot)" "mantech8.com"
136.243.220.213 - - [22/Sep/2022:21:28:46 -0700] "GET /?camp-fire/31206926.html HTTP/1.1" 500 - "-" "Mozilla/5.0 (compatible; DataForSeoBot/1.0; +https://dataforseo.com/dataforseo-bot)" "mantech8.com"
136.243.220.213 - - [22/Sep/2022:21:28:47 -0700] "GET /?camp-fire/31207126.html HTTP/1.1" 500 - "-" "Mozilla/5.0 (compatible; DataForSeoBot/1.0; +https://dataforseo.com/dataforseo-bot)" "mantech8.com"
136.243.220.213 - - [22/Sep/2022:21:28:51 -0700] "GET /?camp-fire/28007550.html HTTP/1.1" 500 - "-" "Mozilla/5.0 (compatible; DataForSeoBot/1.0; +https://dataforseo.com/dataforseo-bot)" "mantech8.com"
207.46.13.48 - - [22/Sep/2022:21:28:52 -0700] "GET /index.php?kujienavaca.xml HTTP/1.1" 200 264668 "-" "Mozilla/5.0 (compatible; bingbot/2.0; +http://www.bing.com/bingbot.htm)" "mantech8.com"
136.243.220.213 - - [22/Sep/2022:21:28:52 -0700] "GET /?camp-fire/38890617.html HTTP/1.1" 500 - "-" "Mozilla/5.0 (compatible; DataForSeoBot/1.0; +https://dataforseo.com/dataforseo-bot)" "mantech8.com"
136.243.220.213 - - [22/Sep/2022:21:28:56 -0700] "GET /?camp-fire/18063181.html HTTP/1.1" 500 - "-" "Mozilla/5.0 (compatible; DataForSeoBot/1.0; +https://dataforseo.com/dataforseo-bot)" "mantech8.com"
136.243.220.213 - - [22/Sep/2022:21:28:58 -0700] "GET /?camp-fire/16746526.html HTTP/1.1" 500 - "-" "Mozilla/5.0 (compatible; DataForSeoBot/1.0; +https://dataforseo.com/dataforseo-bot)" "mantech8.com"
136.243.220.213 - - [22/Sep/2022:21:29:01 -0700] "GET /?camp-fire/39427950.html HTTP/1.1" 500 - "-" "Mozilla/5.0 (compatible; DataForSeoBot/1.0; +https://dataforseo.com/dataforseo-bot)" "mantech8.com"
185.191.171.4 - - [22/Sep/2022:21:29:02 -0700] "GET /?camp-fire%2F56557378.html HTTP/1.1" 500 - "-" "Mozilla/5.0 (compatible; SemrushBot/7~bl; +http://www.semrush.com/bot.html)" "mantech8.com"
136.243.220.213 - - [22/Sep/2022:21:29:06 -0700] "GET /?camp-fire/26705147.html HTTP/1.1" 500 - "-" "Mozilla/5.0 (compatible; DataForSeoBot/1.0; +https://dataforseo.com/dataforseo-bot)" "mantech8.com"
136.243.220.213 - - [22/Sep/2022:21:29:07 -0700] "GET /?camp-fire/9058077.html HTTP/1.1" 500 - "-" "Mozilla/5.0 (compatible; DataForSeoBot/1.0; +https://dataforseo.com/dataforseo-bot)" "mantech8.com"
185.191.171.11 - - [22/Sep/2022:21:29:08 -0700] "GET /?camp-fire%2F18863527.html HTTP/1.1" 500 - "-" "Mozilla/5.0 (compatible; SemrushBot/7~bl; +http://www.semrush.com/bot.html)" "mantech8.com"
136.243.220.213 - - [22/Sep/2022:21:29:11 -0700] "GET /?camp-fire/28311235.html HTTP/1.1" 500 - "-" "Mozilla/5.0 (compatible; DataForSeoBot/1.0; +https://dataforseo.com/dataforseo-bot)" "mantech8.com"
185.191.171.43 - - [22/Sep/2022:21:29:11 -0700] "GET /?camp-fire%2F30694255.html HTTP/1.1" 500 - "-" "Mozilla/5.0 (compatible; SemrushBot/7~bl; +http://www.semrush.com/bot.html)" "mantech8.com"
136.243.220.213 - - [22/Sep/2022:21:29:13 -0700] "GET /?camp-fire/24598830.html HTTP/1.1" 500 - "-" "Mozilla/5.0 (compatible; DataForSeoBot/1.0; +https://dataforseo.com/dataforseo-bot)" "mantech8.com"
136.243.220.213 - - [22/Sep/2022:21:29:18 -0700] "GET /?camp-fire/34407055.html HTTP/1.1" 500 - "-" "Mozilla/5.0 (compatible; DataForSeoBot/1.0; +https://dataforseo.com/dataforseo-bot)" "mantech8.com"
185.191.171.43 - - [22/Sep/2022:21:29:20 -0700] "GET /?camp-fire%2F28848066.html HTTP/1.1" 500 - "-" "Mozilla/5.0 (compatible; SemrushBot/7~bl; +http://www.semrush.com/bot.html)" "mantech8.com"
136.243.220.213 - - [22/Sep/2022:21:29:22 -0700] "GET /?camp-fire/27365706.html HTTP/1.1" 500 - "-" "Mozilla/5.0 (compatible; DataForSeoBot/1.0; +https://dataforseo.com/dataforseo-bot)" "mantech8.com"
136.243.220.213 - - [22/Sep/2022:21:29:25 -0700] "GET /?camp-fire/27508926.html HTTP/1.1" 500 - "-" "Mozilla/5.0 (compatible; DataForSeoBot/1.0; +https://dataforseo.com/dataforseo-bot)" "mantech8.com"
136.243.220.213 - - [22/Sep/2022:21:29:29 -0700] "GET /?camp-fire/42799935.html HTTP/1.1" 500 - "-" "Mozilla/5.0 (compatible; DataForSeoBot/1.0; +https://dataforseo.com/dataforseo-bot)" "mantech8.com"
136.243.220.213 - - [22/Sep/2022:21:29:33 -0700] "GET /?camp-fire/39876502.html HTTP/1.1" 500 - "-" "Mozilla/5.0 (compatible; DataForSeoBot/1.0; +https://dataforseo.com/dataforseo-bot)" "mantech8.com"
136.243.220.213 - - [22/Sep/2022:21:29:38 -0700] "GET /?camp-fire/11533209.html HTTP/1.1" 500 - "-" "Mozilla/5.0 (compatible; DataForSeoBot/1.0; +https://dataforseo.com/dataforseo-bot)" "mantech8.com"
136.243.220.213 - - [22/Sep/2022:21:29:41 -0700] "GET /?camp-fire/31953830.html HTTP/1.1" 500 - "-" "Mozilla/5.0 (compatible; DataForSeoBot/1.0; +https://dataforseo.com/dataforseo-bot)" "mantech8.com"
136.243.220.213 - - [22/Sep/2022:21:29:45 -0700] "GET /?camp-fire/35727950.html HTTP/1.1" 500 - "-" "Mozilla/5.0 (compatible; DataForSeoBot/1.0; +https://dataforseo.com/dataforseo-bot)" "mantech8.com"
136.243.220.213 - - [22/Sep/2022:21:29:50 -0700] "GET /?camp-fire/19080832.html HTTP/1.1" 500 - "-" "Mozilla/5.0 (compatible; DataForSeoBot/1.0; +https://dataforseo.com/dataforseo-bot)" "mantech8.com"
136.243.220.213 - - [22/Sep/2022:21:29:53 -0700] "GET /?camp-fire/9056977.html HTTP/1.1" 500 - "-" "Mozilla/5.0 (compatible; DataForSeoBot/1.0; +https://dataforseo.com/dataforseo-bot)" "mantech8.com"
136.243.220.213 - - [22/Sep/2022:21:29:57 -0700] "GET /?camp-fire/20445326.html HTTP/1.1" 500 - "-" "Mozilla/5.0 (compatible; DataForSeoBot/1.0; +https://dataforseo.com/dataforseo-bot)" "mantech8.com"
136.243.220.213 - - [22/Sep/2022:21:29:58 -0700] "GET /?camp-fire/18560287.html HTTP/1.1" 500 - "-" "Mozilla/5.0 (compatible; DataForSeoBot/1.0; +https://dataforseo.com/dataforseo-bot)" "mantech8.com"
136.243.220.213 - - [22/Sep/2022:21:30:02 -0700] "GET /?camp-fire/20305665.html HTTP/1.1" 500 - "-" "Mozilla/5.0 (compatible; DataForSeoBot/1.0; +https://dataforseo.com/dataforseo-bot)" "mantech8.com"
207.46.13.48 - - [22/Sep/2022:21:30:03 -0700] "GET /index.php?camp-fire/101523602.html HTTP/1.1" 200 81580 "-" "Mozilla/5.0 (compatible; bingbot/2.0; +http://www.bing.com/bingbot.htm)" "mantech8.com"
207.46.13.48 - - [22/Sep/2022:21:30:03 -0700] "GET /sitemap26.xml HTTP/1.1" 404 88 "-" "Mozilla/5.0 (compatible; bingbot/2.0; +http://www.bing.com/bingbot.htm)" "mantech8.com"
207.46.13.48 - - [22/Sep/2022:21:30:05 -0700] "GET /index.php/sitemap3400.xml HTTP/1.1" 200 323076 "-" "Mozilla/5.0 (compatible; bingbot/2.0; +http://www.bing.com/bingbot.htm)" "mantech8.com"
136.243.220.213 - - [22/Sep/2022:21:30:07 -0700] "GET /?camp-fire/25383117.html HTTP/1.1" 500 - "-" "Mozilla/5.0 (compatible; DataForSeoBot/1.0; +https://dataforseo.com/dataforseo-bot)" "mantech8.com"
136.243.220.213 - - [22/Sep/2022:21:30:10 -0700] "GET /?camp-fire/11027680.html HTTP/1.1" 500 - "-" "Mozilla/5.0 (compatible; DataForSeoBot/1.0; +https://dataforseo.com/dataforseo-bot)" "mantech8.com"
136.243.220.213 - - [22/Sep/2022:21:30:12 -0700] "GET /?camp-fire/21127765.html HTTP/1.1" 500 - "-" "Mozilla/5.0 (compatible; DataForSeoBot/1.0; +https://dataforseo.com/dataforseo-bot)" "mantech8.com"
136.243.220.213 - - [22/Sep/2022:21:30:16 -0700] "GET /?camp-fire/6867778.html HTTP/1.1" 500 - "-" "Mozilla/5.0 (compatible; DataForSeoBot/1.0; +https://dataforseo.com/dataforseo-bot)" "mantech8.com"
136.243.220.213 - - [22/Sep/2022:21:30:21 -0700] "GET /?camp-fire/8540455.html HTTP/1.1" 500 - "-" "Mozilla/5.0 (compatible; DataForSeoBot/1.0; +https://dataforseo.com/dataforseo-bot)" "mantech8.com"
136.243.220.213 - - [22/Sep/2022:21:30:27 -0700] "GET /?camp-fire/35092925.html HTTP/1.1" 500 - "-" "Mozilla/5.0 (compatible; DataForSeoBot/1.0; +https://dataforseo.com/dataforseo-bot)" "mantech8.com"
136.243.220.213 - - [22/Sep/2022:21:30:30 -0700] "GET /?camp-fire/35772838.html HTTP/1.1" 500 - "-" "Mozilla/5.0 (compatible; DataForSeoBot/1.0; +https://dataforseo.com/dataforseo-bot)" "mantech8.com"
146.70.27.3 - - [22/Sep/2022:21:30:31 -0700] "GET /index.php?/article.aspx?id=5401%27 HTTP/1.1" 500 - "-" "BaiduSpider" "www.mantech8.com"
136.243.220.213 - - [22/Sep/2022:21:30:35 -0700] "GET /?camp-fire/17680459.html HTTP/1.1" 500 - "-" "Mozilla/5.0 (compatible; DataForSeoBot/1.0; +https://dataforseo.com/dataforseo-bot)" "mantech8.com"
136.243.220.213 - - [22/Sep/2022:21:30:38 -0700] "GET /?camp-fire/29818251.html HTTP/1.1" 500 - "-" "Mozilla/5.0 (compatible; DataForSeoBot/1.0; +https://dataforseo.com/dataforseo-bot)" "mantech8.com"
136.243.220.213 - - [22/Sep/2022:21:30:41 -0700] "GET /?camp-fire/27508226.html HTTP/1.1" 500 - "-" "Mozilla/5.0 (compatible; DataForSeoBot/1.0; +https://dataforseo.com/dataforseo-bot)" "mantech8.com"
136.243.220.213 - - [22/Sep/2022:21:30:43 -0700] "GET /?camp-fire/46593034.html HTTP/1.1" 500 - "-" "Mozilla/5.0 (compatible; DataForSeoBot/1.0; +https://dataforseo.com/dataforseo-bot)" "mantech8.com"
136.243.220.213 - - [22/Sep/2022:21:30:47 -0700] "GET /?camp-fire/42125849.html HTTP/1.1" 500 - "-" "Mozilla/5.0 (compatible; DataForSeoBot/1.0; +https://dataforseo.com/dataforseo-bot)" "mantech8.com"
136.243.220.213 - - [22/Sep/2022:21:30:51 -0700] "GET /?camp-fire/4243969.html HTTP/1.1" 500 - "-" "Mozilla/5.0 (compatible; DataForSeoBot/1.0; +https://dataforseo.com/dataforseo-bot)" "mantech8.com"
136.243.220.213 - - [22/Sep/2022:21:30:55 -0700] "GET /?camp-fire/3167478.html HTTP/1.1" 500 - "-" "Mozilla/5.0 (compatible; DataForSeoBot/1.0; +https://dataforseo.com/dataforseo-bot)" "mantech8.com"
136.243.220.213 - - [22/Sep/2022:21:30:59 -0700] "GET /?camp-fire/39472338.html HTTP/1.1" 500 - "-" "Mozilla/5.0 (compatible; DataForSeoBot/1.0; +https://dataforseo.com/dataforseo-bot)" "mantech8.com"
136.243.220.213 - - [22/Sep/2022:21:31:03 -0700] "GET /?camp-fire/10579557.html HTTP/1.1" 500 - "-" "Mozilla/5.0 (compatible; DataForSeoBot/1.0; +https://dataforseo.com/dataforseo-bot)" "mantech8.com"
40.77.167.51 - - [22/Sep/2022:21:31:06 -0700] "GET /index.php?infuriates.xml HTTP/1.1" 200 238936 "-" "Mozilla/5.0 (compatible; bingbot/2.0; +http://www.bing.com/bingbot.htm)" "mantech8.com"
136.243.220.213 - - [22/Sep/2022:21:31:08 -0700] "GET /?camp-fire/545869.html HTTP/1.1" 500 - "-" "Mozilla/5.0 (compatible; DataForSeoBot/1.0; +https://dataforseo.com/dataforseo-bot)" "mantech8.com"
40.77.167.51 - - [22/Sep/2022:21:31:07 -0700] "GET /index.php?sitemap76.xml HTTP/1.1" 200 267612 "-" "Mozilla/5.0 (compatible; bingbot/2.0; +http://www.bing.com/bingbot.htm)" "mantech8.com"
157.55.39.87 - - [22/Sep/2022:21:31:10 -0700] "GET /index.php?sitemap50086.xml HTTP/1.1" 200 262424 "-" "Mozilla/5.0 AppleWebKit/537.36 (KHTML, like Gecko; compatible; bingbot/2.0; +http://www.bing.com/bingbot.htm) Chrome/103.0.5060.134 Safari/537.36" "mantech8.com"
136.243.220.213 - - [22/Sep/2022:21:31:12 -0700] "GET /?camp-fire/20841235.html HTTP/1.1" 500 - "-" "Mozilla/5.0 (compatible; DataForSeoBot/1.0; +https://dataforseo.com/dataforseo-bot)" "mantech8.com"
207.46.13.104 - - [22/Sep/2022:21:31:15 -0700] "GET /index.php/sitemap593.xml HTTP/1.1" 200 338561 "-" "Mozilla/5.0 (compatible; bingbot/2.0; +http://www.bing.com/bingbot.htm)" "mantech8.com"
136.243.220.213 - - [22/Sep/2022:21:31:16 -0700] "GET /?camp-fire/27961959.html HTTP/1.1" 500 - "-" "Mozilla/5.0 (compatible; DataForSeoBot/1.0; +https://dataforseo.com/dataforseo-bot)" "mantech8.com"
136.243.220.213 - - [22/Sep/2022:21:31:20 -0700] "GET /?camp-fire/27648971.html HTTP/1.1" 500 - "-" "Mozilla/5.0 (compatible; DataForSeoBot/1.0; +https://dataforseo.com/dataforseo-bot)" "mantech8.com"
185.191.171.11 - - [22/Sep/2022:21:31:22 -0700] "GET /?camp-fire%2F15223287.html HTTP/1.1" 500 - "-" "Mozilla/5.0 (compatible; SemrushBot/7~bl; +http://www.semrush.com/bot.html)" "mantech8.com"
136.243.220.213 - - [22/Sep/2022:21:31:24 -0700] "GET /?camp-fire/1428690.html HTTP/1.1" 500 - "-" "Mozilla/5.0 (compatible; DataForSeoBot/1.0; +https://dataforseo.com/dataforseo-bot)" "mantech8.com"
136.243.220.213 - - [22/Sep/2022:21:31:28 -0700] "GET /?camp-fire/32190864.html HTTP/1.1" 500 - "-" "Mozilla/5.0 (compatible; DataForSeoBot/1.0; +https://dataforseo.com/dataforseo-bot)" "mantech8.com"
136.243.220.213 - - [22/Sep/2022:21:31:30 -0700] "GET /?camp-fire/20306265.html HTTP/1.1" 500 - "-" "Mozilla/5.0 (compatible; DataForSeoBot/1.0; +https://dataforseo.com/dataforseo-bot)" "mantech8.com"
136.243.220.213 - - [22/Sep/2022:21:31:35 -0700] "GET /?camp-fire/13451483.html HTTP/1.1" 500 - "-" "Mozilla/5.0 (compatible; DataForSeoBot/1.0; +https://dataforseo.com/dataforseo-bot)" "mantech8.com"
136.243.220.213 - - [22/Sep/2022:21:31:39 -0700] "GET /?camp-fire/7857065.html HTTP/1.1" 500 - "-" "Mozilla/5.0 (compatible; DataForSeoBot/1.0; +https://dataforseo.com/dataforseo-bot)" "mantech8.com"
136.243.220.213 - - [22/Sep/2022:21:31:43 -0700] "GET /?camp-fire/14570124.html HTTP/1.1" 500 - "-" "Mozilla/5.0 (compatible; DataForSeoBot/1.0; +https://dataforseo.com/dataforseo-bot)" "mantech8.com"
136.243.220.213 - - [22/Sep/2022:21:31:44 -0700] "GET /?camp-fire/11547542.html HTTP/1.1" 500 - "-" "Mozilla/5.0 (compatible; DataForSeoBot/1.0; +https://dataforseo.com/dataforseo-bot)" "mantech8.com"
136.243.220.213 - - [22/Sep/2022:21:31:46 -0700] "GET /?camp-fire/7849542.html HTTP/1.1" 500 - "-" "Mozilla/5.0 (compatible; DataForSeoBot/1.0; +https://dataforseo.com/dataforseo-bot)" "mantech8.com"
207.46.13.41 - - [22/Sep/2022:21:31:48 -0700] "GET /index.php?sitemap3125.xml HTTP/1.1" 200 344412 "-" "Mozilla/5.0 AppleWebKit/537.36 (KHTML, like Gecko; compatible; bingbot/2.0; +http://www.bing.com/bingbot.htm) Chrome/103.0.5060.134 Safari/537.36" "mantech8.com"
136.243.220.213 - - [22/Sep/2022:21:31:50 -0700] "GET /?camp-fire/1863151.html HTTP/1.1" 500 - "-" "Mozilla/5.0 (compatible; DataForSeoBot/1.0; +https://dataforseo.com/dataforseo-bot)" "mantech8.com"
136.243.220.213 - - [22/Sep/2022:21:31:54 -0700] "GET /?camp-fire/31348971.html HTTP/1.1" 500 - "-" "Mozilla/5.0 (compatible; DataForSeoBot/1.0; +https://dataforseo.com/dataforseo-bot)" "mantech8.com"
136.243.220.213 - - [22/Sep/2022:21:31:58 -0700] "GET /?camp-fire/7328080.html HTTP/1.1" 500 - "-" "Mozilla/5.0 (compatible; DataForSeoBot/1.0; +https://dataforseo.com/dataforseo-bot)" "mantech8.com"
136.243.220.213 - - [22/Sep/2022:21:32:01 -0700] "GET /?camp-fire/29819151.html HTTP/1.1" 500 - "-" "Mozilla/5.0 (compatible; DataForSeoBot/1.0; +https://dataforseo.com/dataforseo-bot)" "mantech8.com"
136.243.220.213 - - [22/Sep/2022:21:32:06 -0700] "GET /?camp-fire/28007450.html HTTP/1.1" 500 - "-" "Mozilla/5.0 (compatible; DataForSeoBot/1.0; +https://dataforseo.com/dataforseo-bot)" "mantech8.com"
136.243.220.213 - - [22/Sep/2022:21:32:10 -0700] "GET /?camp-fire/33503793.html HTTP/1.1" 500 - "-" "Mozilla/5.0 (compatible; DataForSeoBot/1.0; +https://dataforseo.com/dataforseo-bot)" "mantech8.com"
136.243.220.213 - - [22/Sep/2022:21:32:14 -0700] "GET /?camp-fire/14569424.html HTTP/1.1" 500 - "-" "Mozilla/5.0 (compatible; DataForSeoBot/1.0; +https://dataforseo.com/dataforseo-bot)" "mantech8.com"
136.243.220.213 - - [22/Sep/2022:21:32:15 -0700] "GET /?camp-fire/43646576.html HTTP/1.1" 500 - "-" "Mozilla/5.0 (compatible; DataForSeoBot/1.0; +https://dataforseo.com/dataforseo-bot)" "mantech8.com"
136.243.220.213 - - [22/Sep/2022:21:32:20 -0700] "GET /?camp-fire/37437808.html HTTP/1.1" 500 - "-" "Mozilla/5.0 (compatible; DataForSeoBot/1.0; +https://dataforseo.com/dataforseo-bot)" "mantech8.com"
136.243.220.213 - - [22/Sep/2022:21:32:24 -0700] "GET /?camp-fire/36159560.html HTTP/1.1" 500 - "-" "Mozilla/5.0 (compatible; DataForSeoBot/1.0; +https://dataforseo.com/dataforseo-bot)" "mantech8.com"
185.191.171.11 - - [22/Sep/2022:21:32:26 -0700] "GET /?camp-fire%2F9812083.html HTTP/1.1" 500 - "-" "Mozilla/5.0 (compatible; SemrushBot/7~bl; +http://www.semrush.com/bot.html)" "mantech8.com"
136.243.220.213 - - [22/Sep/2022:21:32:29 -0700] "GET /?camp-fire/21761981.html HTTP/1.1" 500 - "-" "Mozilla/5.0 (compatible; DataForSeoBot/1.0; +https://dataforseo.com/dataforseo-bot)" "mantech8.com"
136.243.220.213 - - [22/Sep/2022:21:32:33 -0700] "GET /?camp-fire/15383165.html HTTP/1.1" 500 - "-" "Mozilla/5.0 (compatible; DataForSeoBot/1.0; +https://dataforseo.com/dataforseo-bot)" "mantech8.com"
40.77.167.51 - - [22/Sep/2022:21:32:35 -0700] "GET /index.php/sitemap3781.xml HTTP/1.1" 200 243271 "-" "Mozilla/5.0 (compatible; bingbot/2.0; +http://www.bing.com/bingbot.htm)" "mantech8.com"
136.243.220.213 - - [22/Sep/2022:21:32:39 -0700] "GET /?camp-fire/30864063.html HTTP/1.1" 500 - "-" "Mozilla/5.0 (compatible; DataForSeoBot/1.0; +https://dataforseo.com/dataforseo-bot)" "mantech8.com"
185.191.171.10 - - [22/Sep/2022:21:32:39 -0700] "GET /?camp-fire%2F10212883.html HTTP/1.1" 500 - "-" "Mozilla/5.0 (compatible; SemrushBot/7~bl; +http://www.semrush.com/bot.html)" "mantech8.com"
136.243.220.213 - - [22/Sep/2022:21:32:42 -0700] "GET /?camp-fire/35331138.html HTTP/1.1" 500 - "-" "Mozilla/5.0 (compatible; DataForSeoBot/1.0; +https://dataforseo.com/dataforseo-bot)" "mantech8.com"
136.243.220.213 - - [22/Sep/2022:21:32:47 -0700] "GET /?camp-fire/43575302.html HTTP/1.1" 500 - "-" "Mozilla/5.0 (compatible; DataForSeoBot/1.0; +https://dataforseo.com/dataforseo-bot)" "mantech8.com"
136.243.220.213 - - [22/Sep/2022:21:32:51 -0700] "GET /?camp-fire/26119551.html HTTP/1.1" 500 - "-" "Mozilla/5.0 (compatible; DataForSeoBot/1.0; +https://dataforseo.com/dataforseo-bot)" "mantech8.com"
136.243.220.213 - - [22/Sep/2022:21:32:55 -0700] "GET /?camp-fire/39031238.html HTTP/1.1" 500 - "-" "Mozilla/5.0 (compatible; DataForSeoBot/1.0; +https://dataforseo.com/dataforseo-bot)" "mantech8.com"
185.191.171.26 - - [22/Sep/2022:21:32:57 -0700] "GET /?camp-fire%2F25907409.html HTTP/1.1" 500 - "-" "Mozilla/5.0 (compatible; SemrushBot/7~bl; +http://www.semrush.com/bot.html)" "mantech8.com"
136.243.220.213 - - [22/Sep/2022:21:32:59 -0700] "GET /?camp-fire/31347771.html HTTP/1.1" 500 - "-" "Mozilla/5.0 (compatible; DataForSeoBot/1.0; +https://dataforseo.com/dataforseo-bot)" "mantech8.com"
185.191.171.43 - - [22/Sep/2022:21:33:00 -0700] "GET /?camp-fire%2F20880856.html HTTP/1.1" 500 - "-" "Mozilla/5.0 (compatible; SemrushBot/7~bl; +http://www.semrush.com/bot.html)" "mantech8.com"
136.243.220.213 - - [22/Sep/2022:21:33:02 -0700] "GET /?camp-fire/25383517.html HTTP/1.1" 500 - "-" "Mozilla/5.0 (compatible; DataForSeoBot/1.0; +https://dataforseo.com/dataforseo-bot)" "mantech8.com"
136.243.220.213 - - [22/Sep/2022:21:33:04 -0700] "GET /?camp-fire/28007650.html HTTP/1.1" 500 - "-" "Mozilla/5.0 (compatible; DataForSeoBot/1.0; +https://dataforseo.com/dataforseo-bot)" "mantech8.com"
185.191.171.34 - - [22/Sep/2022:21:33:06 -0700] "GET /?camp-fire%2F73256376.html HTTP/1.1" 500 - "-" "Mozilla/5.0 (compatible; SemrushBot/7~bl; +http://www.semrush.com/bot.html)" "mantech8.com"
136.243.220.213 - - [22/Sep/2022:21:33:08 -0700] "GET /?camp-fire/4158165.html HTTP/1.1" 500 - "-" "Mozilla/5.0 (compatible; DataForSeoBot/1.0; +https://dataforseo.com/dataforseo-bot)" "mantech8.com"
136.243.220.213 - - [22/Sep/2022:21:33:12 -0700] "GET /?camp-fire/11374121.html HTTP/1.1" 500 - "-" "Mozilla/5.0 (compatible; DataForSeoBot/1.0; +https://dataforseo.com/dataforseo-bot)" "mantech8.com"
136.243.220.213 - - [22/Sep/2022:21:33:16 -0700] "GET /?camp-fire/19080965.html HTTP/1.1" 500 - "-" "Mozilla/5.0 (compatible; DataForSeoBot/1.0; +https://dataforseo.com/dataforseo-bot)" "mantech8.com"
136.243.220.213 - - [22/Sep/2022:21:33:20 -0700] "GET /?camp-fire/32593766.html HTTP/1.1" 500 - "-" "Mozilla/5.0 (compatible; DataForSeoBot/1.0; +https://dataforseo.com/dataforseo-bot)" "mantech8.com"
136.243.220.213 - - [22/Sep/2022:21:33:21 -0700] "GET /?camp-fire/4036598.html HTTP/1.1" 500 - "-" "Mozilla/5.0 (compatible; DataForSeoBot/1.0; +https://dataforseo.com/dataforseo-bot)" "mantech8.com"
136.243.220.213 - - [22/Sep/2022:21:33:25 -0700] "GET /?camp-fire/37436908.html HTTP/1.1" 500 - "-" "Mozilla/5.0 (compatible; DataForSeoBot/1.0; +https://dataforseo.com/dataforseo-bot)" "mantech8.com"
136.243.220.213 - - [22/Sep/2022:21:33:29 -0700] "GET /?camp-fire/32374789.html HTTP/1.1" 500 - "-" "Mozilla/5.0 (compatible; DataForSeoBot/1.0; +https://dataforseo.com/dataforseo-bot)" "mantech8.com"
185.191.171.2 - - [22/Sep/2022:21:33:31 -0700] "GET /?camp-fire%2F21623817.html HTTP/1.1" 500 - "-" "Mozilla/5.0 (compatible; SemrushBot/7~bl; +http://www.semrush.com/bot.html)" "mantech8.com"
136.243.220.213 - - [22/Sep/2022:21:33:33 -0700] "GET /?camp-fire/21683417.html HTTP/1.1" 500 - "-" "Mozilla/5.0 (compatible; DataForSeoBot/1.0; +https://dataforseo.com/dataforseo-bot)" "mantech8.com"
136.243.220.213 - - [22/Sep/2022:21:33:38 -0700] "GET /?camp-fire/10238790.html HTTP/1.1" 500 - "-" "Mozilla/5.0 (compatible; DataForSeoBot/1.0; +https://dataforseo.com/dataforseo-bot)" "mantech8.com"
136.243.220.213 - - [22/Sep/2022:21:33:41 -0700] "GET /?camp-fire/13980959.html HTTP/1.1" 500 - "-" "Mozilla/5.0 (compatible; DataForSeoBot/1.0; +https://dataforseo.com/dataforseo-bot)" "mantech8.com"
136.243.220.213 - - [22/Sep/2022:21:33:45 -0700] "GET /?camp-fire/35331338.html HTTP/1.1" 500 - "-" "Mozilla/5.0 (compatible; DataForSeoBot/1.0; +https://dataforseo.com/dataforseo-bot)" "mantech8.com"
136.243.220.213 - - [22/Sep/2022:21:33:49 -0700] "GET /?camp-fire/45882534.html HTTP/1.1" 500 - "-" "Mozilla/5.0 (compatible; DataForSeoBot/1.0; +https://dataforseo.com/dataforseo-bot)" "mantech8.com"
185.191.171.23 - - [22/Sep/2022:21:33:53 -0700] "GET /?camp-fire%2F71961800.html HTTP/1.1" 500 - "-" "Mozilla/5.0 (compatible; SemrushBot/7~bl; +http://www.semrush.com/bot.html)" "mantech8.com"
136.243.220.213 - - [22/Sep/2022:21:33:53 -0700] "GET /?camp-fire/32374189.html HTTP/1.1" 500 - "-" "Mozilla/5.0 (compatible; DataForSeoBot/1.0; +https://dataforseo.com/dataforseo-bot)" "mantech8.com"
136.243.220.213 - - [22/Sep/2022:21:33:58 -0700] "GET /?camp-fire/37113978.html HTTP/1.1" 500 - "-" "Mozilla/5.0 (compatible; DataForSeoBot/1.0; +https://dataforseo.com/dataforseo-bot)" "mantech8.com"
136.243.220.213 - - [22/Sep/2022:21:34:02 -0700] "GET /?camp-fire/20446826.html HTTP/1.1" 500 - "-" "Mozilla/5.0 (compatible; DataForSeoBot/1.0; +https://dataforseo.com/dataforseo-bot)" "mantech8.com"
136.243.220.213 - - [22/Sep/2022:21:34:06 -0700] "GET /?camp-fire/39030138.html HTTP/1.1" 500 - "-" "Mozilla/5.0 (compatible; DataForSeoBot/1.0; +https://dataforseo.com/dataforseo-bot)" "mantech8.com"
136.243.220.213 - - [22/Sep/2022:21:34:10 -0700] "GET /?camp-fire/33860008.html HTTP/1.1" 500 - "-" "Mozilla/5.0 (compatible; DataForSeoBot/1.0; +https://dataforseo.com/dataforseo-bot)" "mantech8.com"
136.243.220.213 - - [22/Sep/2022:21:34:15 -0700] "GET /?camp-fire/7675521.html HTTP/1.1" 500 - "-" "Mozilla/5.0 (compatible; DataForSeoBot/1.0; +https://dataforseo.com/dataforseo-bot)" "mantech8.com"
136.243.220.213 - - [22/Sep/2022:21:34:19 -0700] "GET /?camp-fire/4842055.html HTTP/1.1" 500 - "-" "Mozilla/5.0 (compatible; DataForSeoBot/1.0; +https://dataforseo.com/dataforseo-bot)" "mantech8.com"
136.243.220.213 - - [22/Sep/2022:21:34:23 -0700] "GET /?camp-fire/5158053.html HTTP/1.1" 500 - "-" "Mozilla/5.0 (compatible; DataForSeoBot/1.0; +https://dataforseo.com/dataforseo-bot)" "mantech8.com"
136.243.220.213 - - [22/Sep/2022:21:34:25 -0700] "GET /?camp-fire/42801335.html HTTP/1.1" 500 - "-" "Mozilla/5.0 (compatible; DataForSeoBot/1.0; +https://dataforseo.com/dataforseo-bot)" "mantech8.com"
136.243.220.213 - - [22/Sep/2022:21:34:30 -0700] "GET /?camp-fire/43902888.html HTTP/1.1" 500 - "-" "Mozilla/5.0 (compatible; DataForSeoBot/1.0; +https://dataforseo.com/dataforseo-bot)" "mantech8.com"
136.243.220.213 - - [22/Sep/2022:21:34:34 -0700] "GET /?camp-fire/4257985.html HTTP/1.1" 500 - "-" "Mozilla/5.0 (compatible; DataForSeoBot/1.0; +https://dataforseo.com/dataforseo-bot)" "mantech8.com"
185.191.171.25 - - [22/Sep/2022:21:34:39 -0700] "GET /?camp-fire%2F49054308.html HTTP/1.1" 500 - "-" "Mozilla/5.0 (compatible; SemrushBot/7~bl; +http://www.semrush.com/bot.html)" "mantech8.com"
136.243.220.213 - - [22/Sep/2022:21:34:39 -0700] "GET /?camp-fire/37558808.html HTTP/1.1" 500 - "-" "Mozilla/5.0 (compatible; DataForSeoBot/1.0; +https://dataforseo.com/dataforseo-bot)" "mantech8.com"
136.243.220.213 - - [22/Sep/2022:21:34:40 -0700] "GET /?camp-fire/37437608.html HTTP/1.1" 500 - "-" "Mozilla/5.0 (compatible; DataForSeoBot/1.0; +https://dataforseo.com/dataforseo-bot)" "mantech8.com"
136.243.220.213 - - [22/Sep/2022:21:34:44 -0700] "GET /?camp-fire/4897572.html HTTP/1.1" 500 - "-" "Mozilla/5.0 (compatible; DataForSeoBot/1.0; +https://dataforseo.com/dataforseo-bot)" "mantech8.com"
136.243.220.213 - - [22/Sep/2022:21:34:48 -0700] "GET /?camp-fire/26705247.html HTTP/1.1" 500 - "-" "Mozilla/5.0 (compatible; DataForSeoBot/1.0; +https://dataforseo.com/dataforseo-bot)" "mantech8.com"
136.243.220.213 - - [22/Sep/2022:21:34:52 -0700] "GET /?camp-fire/24539835.html HTTP/1.1" 500 - "-" "Mozilla/5.0 (compatible; DataForSeoBot/1.0; +https://dataforseo.com/dataforseo-bot)" "mantech8.com"
136.243.220.213 - - [22/Sep/2022:21:34:56 -0700] "GET /?camp-fire/17649280.html HTTP/1.1" 500 - "-" "Mozilla/5.0 (compatible; DataForSeoBot/1.0; +https://dataforseo.com/dataforseo-bot)" "mantech8.com"
136.243.220.213 - - [22/Sep/2022:21:34:59 -0700] "GET /?camp-fire/31026570.html HTTP/1.1" 500 - "-" "Mozilla/5.0 (compatible; DataForSeoBot/1.0; +https://dataforseo.com/dataforseo-bot)" "mantech8.com"
136.243.220.213 - - [22/Sep/2022:21:35:03 -0700] "GET /?camp-fire/28804906.html HTTP/1.1" 500 - "-" "Mozilla/5.0 (compatible; DataForSeoBot/1.0; +https://dataforseo.com/dataforseo-bot)" "mantech8.com"
136.243.220.213 - - [22/Sep/2022:21:35:07 -0700] "GET /?camp-fire/15382765.html HTTP/1.1" 500 - "-" "Mozilla/5.0 (compatible; DataForSeoBot/1.0; +https://dataforseo.com/dataforseo-bot)" "mantech8.com"
136.243.220.213 - - [22/Sep/2022:21:35:12 -0700] "GET /?camp-fire/25383417.html HTTP/1.1" 500 - "-" "Mozilla/5.0 (compatible; DataForSeoBot/1.0; +https://dataforseo.com/dataforseo-bot)" "mantech8.com"
136.243.220.213 - - [22/Sep/2022:21:35:16 -0700] "GET /?camp-fire/28805906.html HTTP/1.1" 500 - "-" "Mozilla/5.0 (compatible; DataForSeoBot/1.0; +https://dataforseo.com/dataforseo-bot)" "mantech8.com"
185.191.171.6 - - [22/Sep/2022:21:35:17 -0700] "GET /?camp-fire%2F24366965.html HTTP/1.1" 500 - "-" "Mozilla/5.0 (compatible; SemrushBot/7~bl; +http://www.semrush.com/bot.html)" "mantech8.com"
136.243.220.213 - - [22/Sep/2022:21:35:20 -0700] "GET /?camp-fire/27326470.html HTTP/1.1" 500 - "-" "Mozilla/5.0 (compatible; DataForSeoBot/1.0; +https://dataforseo.com/dataforseo-bot)" "mantech8.com"
136.243.220.213 - - [22/Sep/2022:21:35:25 -0700] "GET /?camp-fire/26854821.html HTTP/1.1" 500 - "-" "Mozilla/5.0 (compatible; DataForSeoBot/1.0; +https://dataforseo.com/dataforseo-bot)" "mantech8.com"
136.243.220.213 - - [22/Sep/2022:21:35:29 -0700] "GET /?camp-fire/31419709.html HTTP/1.1" 500 - "-" "Mozilla/5.0 (compatible; DataForSeoBot/1.0; +https://dataforseo.com/dataforseo-bot)" "mantech8.com"
136.243.220.213 - - [22/Sep/2022:21:35:31 -0700] "GET /?camp-fire/30404147.html HTTP/1.1" 500 - "-" "Mozilla/5.0 (compatible; DataForSeoBot/1.0; +https://dataforseo.com/dataforseo-bot)" "mantech8.com"
185.191.171.15 - - [22/Sep/2022:21:35:34 -0700] "GET /?camp-fire%2F42208749.html HTTP/1.1" 500 - "-" "Mozilla/5.0 (compatible; SemrushBot/7~bl; +http://www.semrush.com/bot.html)" "mantech8.com"
136.243.220.213 - - [22/Sep/2022:21:35:35 -0700] "GET /?camp-fire/5156953.html HTTP/1.1" 500 - "-" "Mozilla/5.0 (compatible; DataForSeoBot/1.0; +https://dataforseo.com/dataforseo-bot)" "mantech8.com"
136.243.220.213 - - [22/Sep/2022:21:35:39 -0700] "GET /?camp-fire/28805206.html HTTP/1.1" 500 - "-" "Mozilla/5.0 (compatible; DataForSeoBot/1.0; +https://dataforseo.com/dataforseo-bot)" "mantech8.com"
114.119.133.182 - - [22/Sep/2022:21:35:41 -0700] "GET /index.php?limunu.xml HTTP/1.1" 200 315361 "-" "Mozilla/5.0 (compatible;PetalBot;+https://webmaster.petalsearch.com/site/petalbot)" "mantech8.com"
136.243.220.213 - - [22/Sep/2022:21:35:43 -0700] "GET /?camp-fire/37202793.html HTTP/1.1" 500 - "-" "Mozilla/5.0 (compatible; DataForSeoBot/1.0; +https://dataforseo.com/dataforseo-bot)" "mantech8.com"
136.243.220.213 - - [22/Sep/2022:21:35:47 -0700] "GET /?camp-fire/26181082.html HTTP/1.1" 500 - "-" "Mozilla/5.0 (compatible; DataForSeoBot/1.0; +https://dataforseo.com/dataforseo-bot)" "mantech8.com"
136.243.220.213 - - [22/Sep/2022:21:35:48 -0700] "GET /?camp-fire/37113578.html HTTP/1.1" 500 - "-" "Mozilla/5.0 (compatible; DataForSeoBot/1.0; +https://dataforseo.com/dataforseo-bot)" "mantech8.com"
136.243.220.213 - - [22/Sep/2022:21:35:49 -0700] "GET /?camp-fire/3167778.html HTTP/1.1" 500 - "-" "Mozilla/5.0 (compatible; DataForSeoBot/1.0; +https://dataforseo.com/dataforseo-bot)" "mantech8.com"
40.77.167.11 - - [22/Sep/2022:21:35:52 -0700] "GET /index.php/kujienavaca.xml HTTP/1.1" 200 244255 "-" "Mozilla/5.0 (compatible; bingbot/2.0; +http://www.bing.com/bingbot.htm)" "mantech8.com"
136.243.220.213 - - [22/Sep/2022:21:35:53 -0700] "GET /?camp-fire/16606765.html HTTP/1.1" 500 - "-" "Mozilla/5.0 (compatible; DataForSeoBot/1.0; +https://dataforseo.com/dataforseo-bot)" "mantech8.com"
136.243.220.213 - - [22/Sep/2022:21:35:57 -0700] "GET /?camp-fire/25106006.html HTTP/1.1" 500 - "-" "Mozilla/5.0 (compatible; DataForSeoBot/1.0; +https://dataforseo.com/dataforseo-bot)" "mantech8.com"
136.243.220.213 - - [22/Sep/2022:21:36:01 -0700] "GET /?camp-fire/25984076.html HTTP/1.1" 500 - "-" "Mozilla/5.0 (compatible; DataForSeoBot/1.0; +https://dataforseo.com/dataforseo-bot)" "mantech8.com"
136.243.220.213 - - [22/Sep/2022:21:36:05 -0700] "GET /?camp-fire/39947776.html HTTP/1.1" 500 - "-" "Mozilla/5.0 (compatible; DataForSeoBot/1.0; +https://dataforseo.com/dataforseo-bot)" "mantech8.com"
136.243.220.213 - - [22/Sep/2022:21:36:09 -0700] "GET /?camp-fire/32605425.html HTTP/1.1" 500 - "-" "Mozilla/5.0 (compatible; DataForSeoBot/1.0; +https://dataforseo.com/dataforseo-bot)" "mantech8.com"
207.46.13.48 - - [22/Sep/2022:21:36:12 -0700] "GET /?sitemap995.xml HTTP/1.1" 200 248222 "-" "Mozilla/5.0 (compatible; bingbot/2.0; +http://www.bing.com/bingbot.htm)" "mantech8.com"
136.243.220.213 - - [22/Sep/2022:21:36:13 -0700] "GET /?camp-fire/1318900.html HTTP/1.1" 500 - "-" "Mozilla/5.0 (compatible; DataForSeoBot/1.0; +https://dataforseo.com/dataforseo-bot)" "mantech8.com"
136.243.220.213 - - [22/Sep/2022:21:36:18 -0700] "GET /?camp-fire/30560041.html HTTP/1.1" 500 - "-" "Mozilla/5.0 (compatible; DataForSeoBot/1.0; +https://dataforseo.com/dataforseo-bot)" "mantech8.com"
136.243.220.213 - - [22/Sep/2022:21:36:22 -0700] "GET /?camp-fire/39947976.html HTTP/1.1" 500 - "-" "Mozilla/5.0 (compatible; DataForSeoBot/1.0; +https://dataforseo.com/dataforseo-bot)" "mantech8.com"
136.243.220.213 - - [22/Sep/2022:21:36:26 -0700] "GET /?camp-fire/3323198.html HTTP/1.1" 500 - "-" "Mozilla/5.0 (compatible; DataForSeoBot/1.0; +https://dataforseo.com/dataforseo-bot)" "mantech8.com"
136.243.220.213 - - [22/Sep/2022:21:36:29 -0700] "GET /?camp-fire/28894466.html HTTP/1.1" 500 - "-" "Mozilla/5.0 (compatible; DataForSeoBot/1.0; +https://dataforseo.com/dataforseo-bot)" "mantech8.com"
136.243.220.213 - - [22/Sep/2022:21:36:32 -0700] "GET /?camp-fire/33688259.html HTTP/1.1" 500 - "-" "Mozilla/5.0 (compatible; DataForSeoBot/1.0; +https://dataforseo.com/dataforseo-bot)" "mantech8.com"
136.243.220.213 - - [22/Sep/2022:21:36:35 -0700] "GET /?camp-fire/18063781.html HTTP/1.1" 500 - "-" "Mozilla/5.0 (compatible; DataForSeoBot/1.0; +https://dataforseo.com/dataforseo-bot)" "mantech8.com"
185.191.171.11 - - [22/Sep/2022:21:36:36 -0700] "GET /?camp-fire%2F36035435.html HTTP/1.1" 500 - "-" "Mozilla/5.0 (compatible; SemrushBot/7~bl; +http://www.semrush.com/bot.html)" "mantech8.com"
207.46.13.41 - - [22/Sep/2022:21:36:38 -0700] "GET /index.php?sitemap7789.xml HTTP/1.1" 200 245713 "-" "Mozilla/5.0 AppleWebKit/537.36 (KHTML, like Gecko; compatible; bingbot/2.0; +http://www.bing.com/bingbot.htm) Chrome/103.0.5060.134 Safari/537.36" "mantech8.com"
136.243.220.213 - - [22/Sep/2022:21:36:39 -0700] "GET /?camp-fire/28676089.html HTTP/1.1" 500 - "-" "Mozilla/5.0 (compatible; DataForSeoBot/1.0; +https://dataforseo.com/dataforseo-bot)" "mantech8.com"
136.243.220.213 - - [22/Sep/2022:21:36:43 -0700] "GET /?camp-fire/14569524.html HTTP/1.1" 500 - "-" "Mozilla/5.0 (compatible; DataForSeoBot/1.0; +https://dataforseo.com/dataforseo-bot)" "mantech8.com"
136.243.220.213 - - [22/Sep/2022:21:36:47 -0700] "GET /?camp-fire/15217556.html HTTP/1.1" 500 - "-" "Mozilla/5.0 (compatible; DataForSeoBot/1.0; +https://dataforseo.com/dataforseo-bot)" "mantech8.com"
136.243.220.213 - - [22/Sep/2022:21:36:51 -0700] "GET /?camp-fire/23667306.html HTTP/1.1" 500 - "-" "Mozilla/5.0 (compatible; DataForSeoBot/1.0; +https://dataforseo.com/dataforseo-bot)" "mantech8.com"
136.243.220.213 - - [22/Sep/2022:21:36:54 -0700] "GET /?camp-fire/35772938.html HTTP/1.1" 500 - "-" "Mozilla/5.0 (compatible; DataForSeoBot/1.0; +https://dataforseo.com/dataforseo-bot)" "mantech8.com"
136.243.220.213 - - [22/Sep/2022:21:36:57 -0700] "GET /?camp-fire/24308650.html HTTP/1.1" 500 - "-" "Mozilla/5.0 (compatible; DataForSeoBot/1.0; +https://dataforseo.com/dataforseo-bot)" "mantech8.com"
136.243.220.213 - - [22/Sep/2022:21:37:02 -0700] "GET /?camp-fire/33688159.html HTTP/1.1" 500 - "-" "Mozilla/5.0 (compatible; DataForSeoBot/1.0; +https://dataforseo.com/dataforseo-bot)" "mantech8.com"
136.243.220.213 - - [22/Sep/2022:21:37:05 -0700] "GET /?camp-fire/1198972.html HTTP/1.1" 500 - "-" "Mozilla/5.0 (compatible; DataForSeoBot/1.0; +https://dataforseo.com/dataforseo-bot)" "mantech8.com"
157.55.39.87 - - [22/Sep/2022:21:37:09 -0700] "GET /index.php?sitemap429.xml HTTP/1.1" 200 295006 "-" "Mozilla/5.0 AppleWebKit/537.36 (KHTML, like Gecko; compatible; bingbot/2.0; +http://www.bing.com/bingbot.htm) Chrome/103.0.5060.134 Safari/537.36" "mantech8.com"
185.191.171.15 - - [22/Sep/2022:21:37:10 -0700] "GET /?camp-fire%2F30724355.html HTTP/1.1" 500 - "-" "Mozilla/5.0 (compatible; SemrushBot/7~bl; +http://www.semrush.com/bot.html)" "mantech8.com"
136.243.220.213 - - [22/Sep/2022:21:37:10 -0700] "GET /?camp-fire/42893534.html HTTP/1.1" 500 - "-" "Mozilla/5.0 (compatible; DataForSeoBot/1.0; +https://dataforseo.com/dataforseo-bot)" "mantech8.com"
185.191.171.41 - - [22/Sep/2022:21:37:12 -0700] "GET /?camp-fire%2F24548730.html HTTP/1.1" 500 - "-" "Mozilla/5.0 (compatible; SemrushBot/7~bl; +http://www.semrush.com/bot.html)" "mantech8.com"
136.243.220.213 - - [22/Sep/2022:21:37:14 -0700] "GET /?camp-fire/14861487.html HTTP/1.1" 500 - "-" "Mozilla/5.0 (compatible; DataForSeoBot/1.0; +https://dataforseo.com/dataforseo-bot)" "mantech8.com"
136.243.220.213 - - [22/Sep/2022:21:37:19 -0700] "GET /?camp-fire/545569.html HTTP/1.1" 500 - "-" "Mozilla/5.0 (compatible; DataForSeoBot/1.0; +https://dataforseo.com/dataforseo-bot)" "mantech8.com"
136.243.220.213 - - [22/Sep/2022:21:37:24 -0700] "GET /?camp-fire/33859808.html HTTP/1.1" 500 - "-" "Mozilla/5.0 (compatible; DataForSeoBot/1.0; +https://dataforseo.com/dataforseo-bot)" "mantech8.com"
136.243.220.213 - - [22/Sep/2022:21:37:27 -0700] "GET /?camp-fire/1458253.html HTTP/1.1" 500 - "-" "Mozilla/5.0 (compatible; DataForSeoBot/1.0; +https://dataforseo.com/dataforseo-bot)" "mantech8.com"
136.243.220.213 - - [22/Sep/2022:21:37:28 -0700] "GET /?camp-fire/14895572.html HTTP/1.1" 500 - "-" "Mozilla/5.0 (compatible; DataForSeoBot/1.0; +https://dataforseo.com/dataforseo-bot)" "mantech8.com"
136.243.220.213 - - [22/Sep/2022:21:37:29 -0700] "GET /?camp-fire/33859508.html HTTP/1.1" 500 - "-" "Mozilla/5.0 (compatible; DataForSeoBot/1.0; +https://dataforseo.com/dataforseo-bot)" "mantech8.com"
136.243.220.213 - - [22/Sep/2022:21:37:30 -0700] "GET /?camp-fire/32460660.html HTTP/1.1" 500 - "-" "Mozilla/5.0 (compatible; DataForSeoBot/1.0; +https://dataforseo.com/dataforseo-bot)" "mantech8.com"
136.243.220.213 - - [22/Sep/2022:21:37:34 -0700] "GET /?camp-fire/25983976.html HTTP/1.1" 500 - "-" "Mozilla/5.0 (compatible; DataForSeoBot/1.0; +https://dataforseo.com/dataforseo-bot)" "mantech8.com"
136.243.220.213 - - [22/Sep/2022:21:37:39 -0700] "GET /?camp-fire/1458153.html HTTP/1.1" 500 - "-" "Mozilla/5.0 (compatible; DataForSeoBot/1.0; +https://dataforseo.com/dataforseo-bot)" "mantech8.com"
136.243.220.213 - - [22/Sep/2022:21:37:42 -0700] "GET /?camp-fire/2450793.html HTTP/1.1" 500 - "-" "Mozilla/5.0 (compatible; DataForSeoBot/1.0; +https://dataforseo.com/dataforseo-bot)" "mantech8.com"
185.191.171.36 - - [22/Sep/2022:21:37:44 -0700] "GET /?camp-fire%2F44771881.html HTTP/1.1" 500 - "-" "Mozilla/5.0 (compatible; SemrushBot/7~bl; +http://www.semrush.com/bot.html)" "mantech8.com"
136.243.220.213 - - [22/Sep/2022:21:37:44 -0700] "GET /?camp-fire/35773438.html HTTP/1.1" 500 - "-" "Mozilla/5.0 (compatible; DataForSeoBot/1.0; +https://dataforseo.com/dataforseo-bot)" "mantech8.com"
185.191.171.9 - - [22/Sep/2022:21:37:46 -0700] "GET /?camp-fire%2F29235071.html HTTP/1.1" 500 - "-" "Mozilla/5.0 (compatible; SemrushBot/7~bl; +http://www.semrush.com/bot.html)" "mantech8.com"
136.243.220.213 - - [22/Sep/2022:21:37:49 -0700] "GET /?camp-fire/35772738.html HTTP/1.1" 500 - "-" "Mozilla/5.0 (compatible; DataForSeoBot/1.0; +https://dataforseo.com/dataforseo-bot)" "mantech8.com"
136.243.220.213 - - [22/Sep/2022:21:37:52 -0700] "GET /?camp-fire/28033571.html HTTP/1.1" 500 - "-" "Mozilla/5.0 (compatible; DataForSeoBot/1.0; +https://dataforseo.com/dataforseo-bot)" "mantech8.com"
136.243.220.213 - - [22/Sep/2022:21:37:57 -0700] "GET /?camp-fire/338198.html HTTP/1.1" 500 - "-" "Mozilla/5.0 (compatible; DataForSeoBot/1.0; +https://dataforseo.com/dataforseo-bot)" "mantech8.com"
136.243.220.213 - - [22/Sep/2022:21:38:01 -0700] "GET /?camp-fire/27961459.html HTTP/1.1" 500 - "-" "Mozilla/5.0 (compatible; DataForSeoBot/1.0; +https://dataforseo.com/dataforseo-bot)" "mantech8.com"
136.243.220.213 - - [22/Sep/2022:21:38:02 -0700] "GET /?camp-fire/41464471.html HTTP/1.1" 500 - "-" "Mozilla/5.0 (compatible; DataForSeoBot/1.0; +https://dataforseo.com/dataforseo-bot)" "mantech8.com"
136.243.220.213 - - [22/Sep/2022:21:38:06 -0700] "GET /?camp-fire/39877002.html HTTP/1.1" 500 - "-" "Mozilla/5.0 (compatible; DataForSeoBot/1.0; +https://dataforseo.com/dataforseo-bot)" "mantech8.com"
157.55.39.87 - - [22/Sep/2022:21:38:09 -0700] "GET /index.php/sitemap7953.xml HTTP/1.1" 200 307182 "-" "Mozilla/5.0 (compatible; bingbot/2.0; +http://www.bing.com/bingbot.htm)" "mantech8.com"
136.243.220.213 - - [22/Sep/2022:21:38:10 -0700] "GET /?camp-fire/38890517.html HTTP/1.1" 500 - "-" "Mozilla/5.0 (compatible; DataForSeoBot/1.0; +https://dataforseo.com/dataforseo-bot)" "mantech8.com"
136.243.220.213 - - [22/Sep/2022:21:38:15 -0700] "GET /?camp-fire/41464971.html HTTP/1.1" 500 - "-" "Mozilla/5.0 (compatible; DataForSeoBot/1.0; +https://dataforseo.com/dataforseo-bot)" "mantech8.com"
136.243.220.213 - - [22/Sep/2022:21:38:18 -0700] "GET /?camp-fire/26854321.html HTTP/1.1" 500 - "-" "Mozilla/5.0 (compatible; DataForSeoBot/1.0; +https://dataforseo.com/dataforseo-bot)" "mantech8.com"
136.243.220.213 - - [22/Sep/2022:21:38:22 -0700] "GET /?camp-fire/32563668.html HTTP/1.1" 500 - "-" "Mozilla/5.0 (compatible; DataForSeoBot/1.0; +https://dataforseo.com/dataforseo-bot)" "mantech8.com"
136.243.220.213 - - [22/Sep/2022:21:38:25 -0700] "GET /?camp-fire/27164763.html HTTP/1.1" 500 - "-" "Mozilla/5.0 (compatible; DataForSeoBot/1.0; +https://dataforseo.com/dataforseo-bot)" "mantech8.com"
136.243.220.213 - - [22/Sep/2022:21:38:29 -0700] "GET /?camp-fire/38898292.html HTTP/1.1" 500 - "-" "Mozilla/5.0 (compatible; DataForSeoBot/1.0; +https://dataforseo.com/dataforseo-bot)" "mantech8.com"
157.55.39.87 - - [22/Sep/2022:21:38:30 -0700] "GET /index.php?sitemap3401.xml HTTP/1.1" 200 347970 "-" "Mozilla/5.0 AppleWebKit/537.36 (KHTML, like Gecko; compatible; bingbot/2.0; +http://www.bing.com/bingbot.htm) Chrome/103.0.5060.134 Safari/537.36" "mantech8.com"
136.243.220.213 - - [22/Sep/2022:21:38:32 -0700] "GET /?camp-fire/27961259.html HTTP/1.1" 500 - "-" "Mozilla/5.0 (compatible; DataForSeoBot/1.0; +https://dataforseo.com/dataforseo-bot)" "mantech8.com"
136.243.220.213 - - [22/Sep/2022:21:38:37 -0700] "GET /?camp-fire/4331596.html HTTP/1.1" 500 - "-" "Mozilla/5.0 (compatible; DataForSeoBot/1.0; +https://dataforseo.com/dataforseo-bot)" "mantech8.com"
136.243.220.213 - - [22/Sep/2022:21:38:40 -0700] "GET /?camp-fire/4158565.html HTTP/1.1" 500 - "-" "Mozilla/5.0 (compatible; DataForSeoBot/1.0; +https://dataforseo.com/dataforseo-bot)" "mantech8.com"
185.191.171.24 - - [22/Sep/2022:21:38:43 -0700] "GET /?camp-fire%2F23641906.html HTTP/1.1" 500 - "-" "Mozilla/5.0 (compatible; SemrushBot/7~bl; +http://www.semrush.com/bot.html)" "mantech8.com"
136.243.220.213 - - [22/Sep/2022:21:38:44 -0700] "GET /?camp-fire/40203388.html HTTP/1.1" 500 - "-" "Mozilla/5.0 (compatible; DataForSeoBot/1.0; +https://dataforseo.com/dataforseo-bot)" "mantech8.com"
136.243.220.213 - - [22/Sep/2022:21:38:48 -0700] "GET /?camp-fire/3933774.html HTTP/1.1" 500 - "-" "Mozilla/5.0 (compatible; DataForSeoBot/1.0; +https://dataforseo.com/dataforseo-bot)" "mantech8.com"
136.243.220.213 - - [22/Sep/2022:21:38:52 -0700] "GET /?camp-fire/7327980.html HTTP/1.1" 500 - "-" "Mozilla/5.0 (compatible; DataForSeoBot/1.0; +https://dataforseo.com/dataforseo-bot)" "mantech8.com"
185.191.171.24 - - [22/Sep/2022:21:38:54 -0700] "GET /?camp-fire%2F23964833.html HTTP/1.1" 500 - "-" "Mozilla/5.0 (compatible; SemrushBot/7~bl; +http://www.semrush.com/bot.html)" "mantech8.com"
136.243.220.213 - - [22/Sep/2022:21:38:56 -0700] "GET /?camp-fire/32563468.html HTTP/1.1" 500 - "-" "Mozilla/5.0 (compatible; DataForSeoBot/1.0; +https://dataforseo.com/dataforseo-bot)" "mantech8.com"
136.243.220.213 - - [22/Sep/2022:21:39:01 -0700] "GET /?camp-fire/4158265.html HTTP/1.1" 500 - "-" "Mozilla/5.0 (compatible; DataForSeoBot/1.0; +https://dataforseo.com/dataforseo-bot)" "mantech8.com"
136.243.220.213 - - [22/Sep/2022:21:39:05 -0700] "GET /?camp-fire/4158765.html HTTP/1.1" 500 - "-" "Mozilla/5.0 (compatible; DataForSeoBot/1.0; +https://dataforseo.com/dataforseo-bot)" "mantech8.com"
185.191.171.14 - - [22/Sep/2022:21:39:08 -0700] "GET /?camp-fire%2F40406008.html HTTP/1.1" 500 - "-" "Mozilla/5.0 (compatible; SemrushBot/7~bl; +http://www.semrush.com/bot.html)" "mantech8.com"
34.142.211.173 - - [22/Sep/2022:21:39:08 -0700] "GET / HTTP/1.1" 500 - "-" "Mozilla/5.0 (Windows NT 10.0; Win64; x64) AppleWebKit/537.36 (KHTML, like Gecko) Chrome/71.0.3578.98 Safari/537.36" "www.mantech8.com"
34.142.135.250 - - [22/Sep/2022:21:39:08 -0700] "GET / HTTP/1.1" 500 - "-" "Mozilla/5.0 (Macintosh; Intel Mac OS X 10_15_7) AppleWebKit/537.36 (KHTML, like Gecko) Chrome/100.0.5005.61 Safari/537.36" "www.mantech8.com"
34.126.70.8 - - [22/Sep/2022:21:39:08 -0700] "GET / HTTP/1.1" 500 - "-" "python-requests/2.28.1" "www.mantech8.com"
136.243.220.213 - - [22/Sep/2022:21:39:09 -0700] "GET /?camp-fire/28033771.html HTTP/1.1" 500 - "-" "Mozilla/5.0 (compatible; DataForSeoBot/1.0; +https://dataforseo.com/dataforseo-bot)" "mantech8.com"
34.126.70.8 - - [22/Sep/2022:21:39:09 -0700] "GET / HTTP/1.1" 500 - "-" "python-requests/2.28.1" "www.mantech8.com"
136.243.220.213 - - [22/Sep/2022:21:39:13 -0700] "GET /?camp-fire/27365997.html HTTP/1.1" 500 - "-" "Mozilla/5.0 (compatible; DataForSeoBot/1.0; +https://dataforseo.com/dataforseo-bot)" "mantech8.com"
185.191.171.8 - - [22/Sep/2022:21:39:13 -0700] "GET /?camp-fire%2F25093006.html HTTP/1.1" 500 - "-" "Mozilla/5.0 (compatible; SemrushBot/7~bl; +http://www.semrush.com/bot.html)" "mantech8.com"
136.243.220.213 - - [22/Sep/2022:21:39:18 -0700] "GET /?camp-fire/42183434.html HTTP/1.1" 500 - "-" "Mozilla/5.0 (compatible; DataForSeoBot/1.0; +https://dataforseo.com/dataforseo-bot)" "mantech8.com"
136.243.220.213 - - [22/Sep/2022:21:39:21 -0700] "GET /?camp-fire/37113378.html HTTP/1.1" 500 - "-" "Mozilla/5.0 (compatible; DataForSeoBot/1.0; +https://dataforseo.com/dataforseo-bot)" "mantech8.com"
136.243.220.213 - - [22/Sep/2022:21:39:24 -0700] "GET /?camp-fire/10579157.html HTTP/1.1" 500 - "-" "Mozilla/5.0 (compatible; DataForSeoBot/1.0; +https://dataforseo.com/dataforseo-bot)" "mantech8.com"
185.191.171.17 - - [22/Sep/2022:21:39:27 -0700] "GET /?camp-fire%2F62437450.html HTTP/1.1" 500 - "-" "Mozilla/5.0 (compatible; SemrushBot/7~bl; +http://www.semrush.com/bot.html)" "mantech8.com"
136.243.220.213 - - [22/Sep/2022:21:39:28 -0700] "GET /?camp-fire/28310935.html HTTP/1.1" 500 - "-" "Mozilla/5.0 (compatible; DataForSeoBot/1.0; +https://dataforseo.com/dataforseo-bot)" "mantech8.com"
136.243.220.213 - - [22/Sep/2022:21:39:32 -0700] "GET /?camp-fire/4258285.html HTTP/1.1" 500 - "-" "Mozilla/5.0 (compatible; DataForSeoBot/1.0; +https://dataforseo.com/dataforseo-bot)" "mantech8.com"
136.243.220.213 - - [22/Sep/2022:21:39:36 -0700] "GET /?camp-fire/33738308.html HTTP/1.1" 500 - "-" "Mozilla/5.0 (compatible; DataForSeoBot/1.0; +https://dataforseo.com/dataforseo-bot)" "mantech8.com"
136.243.220.213 - - [22/Sep/2022:21:39:40 -0700] "GET /?camp-fire/35093125.html HTTP/1.1" 500 - "-" "Mozilla/5.0 (compatible; DataForSeoBot/1.0; +https://dataforseo.com/dataforseo-bot)" "mantech8.com"
