207.46.13.48 - - [22/Sep/2022:17:23:58 -0700] "GET /index.php?sitemap-index-10.xml HTTP/1.1" 200 7027 "-" "Mozilla/5.0 AppleWebKit/537.36 (KHTML, like Gecko; compatible; bingbot/2.0; +http://www.bing.com/bingbot.htm) Chrome/103.0.5060.134 Safari/537.36" "mantech8.com"
136.243.220.213 - - [22/Sep/2022:17:23:58 -0700] "GET /?camp-fire/34892793.html HTTP/1.1" 500 - "-" "Mozilla/5.0 (compatible; DataForSeoBot/1.0; +https://dataforseo.com/dataforseo-bot)" "mantech8.com"
136.243.220.213 - - [22/Sep/2022:17:24:02 -0700] "GET /?camp-fire/28553663.html HTTP/1.1" 500 - "-" "Mozilla/5.0 (compatible; DataForSeoBot/1.0; +https://dataforseo.com/dataforseo-bot)" "mantech8.com"
185.191.171.8 - - [22/Sep/2022:17:24:02 -0700] "GET /?camp-fire%2F21624017.html HTTP/1.1" 500 - "-" "Mozilla/5.0 (compatible; SemrushBot/7~bl; +http://www.semrush.com/bot.html)" "mantech8.com"
136.243.220.213 - - [22/Sep/2022:17:24:07 -0700] "GET /?camp-fire/2587372.html HTTP/1.1" 500 - "-" "Mozilla/5.0 (compatible; DataForSeoBot/1.0; +https://dataforseo.com/dataforseo-bot)" "mantech8.com"
136.243.220.213 - - [22/Sep/2022:17:24:10 -0700] "GET /?camp-fire/32096255.html HTTP/1.1" 500 - "-" "Mozilla/5.0 (compatible; DataForSeoBot/1.0; +https://dataforseo.com/dataforseo-bot)" "mantech8.com"
136.243.220.213 - - [22/Sep/2022:17:24:14 -0700] "GET /?camp-fire/43245003.html HTTP/1.1" 500 - "-" "Mozilla/5.0 (compatible; DataForSeoBot/1.0; +https://dataforseo.com/dataforseo-bot)" "mantech8.com"
136.243.220.213 - - [22/Sep/2022:17:24:18 -0700] "GET /?camp-fire/9580778.html HTTP/1.1" 500 - "-" "Mozilla/5.0 (compatible; DataForSeoBot/1.0; +https://dataforseo.com/dataforseo-bot)" "mantech8.com"
136.243.220.213 - - [22/Sep/2022:17:24:23 -0700] "GET /?camp-fire/40286992.html HTTP/1.1" 500 - "-" "Mozilla/5.0 (compatible; DataForSeoBot/1.0; +https://dataforseo.com/dataforseo-bot)" "mantech8.com"
136.243.220.213 - - [22/Sep/2022:17:24:27 -0700] "GET /?camp-fire/29109609.html HTTP/1.1" 500 - "-" "Mozilla/5.0 (compatible; DataForSeoBot/1.0; +https://dataforseo.com/dataforseo-bot)" "mantech8.com"
136.243.220.213 - - [22/Sep/2022:17:24:31 -0700] "GET /?camp-fire/18817765.html HTTP/1.1" 500 - "-" "Mozilla/5.0 (compatible; DataForSeoBot/1.0; +https://dataforseo.com/dataforseo-bot)" "mantech8.com"
136.243.220.213 - - [22/Sep/2022:17:24:35 -0700] "GET /?camp-fire/40286392.html HTTP/1.1" 500 - "-" "Mozilla/5.0 (compatible; DataForSeoBot/1.0; +https://dataforseo.com/dataforseo-bot)" "mantech8.com"
136.243.220.213 - - [22/Sep/2022:17:24:36 -0700] "GET /?camp-fire/28754397.html HTTP/1.1" 500 - "-" "Mozilla/5.0 (compatible; DataForSeoBot/1.0; +https://dataforseo.com/dataforseo-bot)" "mantech8.com"
207.46.13.48 - - [22/Sep/2022:17:24:38 -0700] "GET /index.php?sitemap59.xml HTTP/1.1" 200 347526 "-" "Mozilla/5.0 AppleWebKit/537.36 (KHTML, like Gecko; compatible; bingbot/2.0; +http://www.bing.com/bingbot.htm) Chrome/103.0.5060.134 Safari/537.36" "mantech8.com"
136.243.220.213 - - [22/Sep/2022:17:24:40 -0700] "GET /?camp-fire/29037571.html HTTP/1.1" 500 - "-" "Mozilla/5.0 (compatible; DataForSeoBot/1.0; +https://dataforseo.com/dataforseo-bot)" "mantech8.com"
136.243.220.213 - - [22/Sep/2022:17:24:44 -0700] "GET /?camp-fire/23072117.html HTTP/1.1" 500 - "-" "Mozilla/5.0 (compatible; DataForSeoBot/1.0; +https://dataforseo.com/dataforseo-bot)" "mantech8.com"
136.243.220.213 - - [22/Sep/2022:17:24:48 -0700] "GET /?camp-fire/9580878.html HTTP/1.1" 500 - "-" "Mozilla/5.0 (compatible; DataForSeoBot/1.0; +https://dataforseo.com/dataforseo-bot)" "mantech8.com"
136.243.220.213 - - [22/Sep/2022:17:24:53 -0700] "GET /?camp-fire/29880264.html HTTP/1.1" 500 - "-" "Mozilla/5.0 (compatible; DataForSeoBot/1.0; +https://dataforseo.com/dataforseo-bot)" "mantech8.com"
136.243.220.213 - - [22/Sep/2022:17:24:57 -0700] "GET /?camp-fire/11139983.html HTTP/1.1" 500 - "-" "Mozilla/5.0 (compatible; DataForSeoBot/1.0; +https://dataforseo.com/dataforseo-bot)" "mantech8.com"
185.191.171.25 - - [22/Sep/2022:17:25:00 -0700] "GET /?camp-fire%2F11235569.html HTTP/1.1" 500 - "-" "Mozilla/5.0 (compatible; SemrushBot/7~bl; +http://www.semrush.com/bot.html)" "mantech8.com"
136.243.220.213 - - [22/Sep/2022:17:25:01 -0700] "GET /?camp-fire/16249687.html HTTP/1.1" 500 - "-" "Mozilla/5.0 (compatible; DataForSeoBot/1.0; +https://dataforseo.com/dataforseo-bot)" "mantech8.com"
136.243.220.213 - - [22/Sep/2022:17:25:05 -0700] "GET /?camp-fire/15958424.html HTTP/1.1" 500 - "-" "Mozilla/5.0 (compatible; DataForSeoBot/1.0; +https://dataforseo.com/dataforseo-bot)" "mantech8.com"
136.243.220.213 - - [22/Sep/2022:17:25:09 -0700] "GET /?camp-fire/3838993.html HTTP/1.1" 500 - "-" "Mozilla/5.0 (compatible; DataForSeoBot/1.0; +https://dataforseo.com/dataforseo-bot)" "mantech8.com"
136.243.220.213 - - [22/Sep/2022:17:25:11 -0700] "GET /?camp-fire/15369359.html HTTP/1.1" 500 - "-" "Mozilla/5.0 (compatible; DataForSeoBot/1.0; +https://dataforseo.com/dataforseo-bot)" "mantech8.com"
136.243.220.213 - - [22/Sep/2022:17:25:12 -0700] "GET /?camp-fire/30283766.html HTTP/1.1" 500 - "-" "Mozilla/5.0 (compatible; DataForSeoBot/1.0; +https://dataforseo.com/dataforseo-bot)" "mantech8.com"
136.243.220.213 - - [22/Sep/2022:17:25:16 -0700] "GET /?camp-fire/43572834.html HTTP/1.1" 500 - "-" "Mozilla/5.0 (compatible; DataForSeoBot/1.0; +https://dataforseo.com/dataforseo-bot)" "mantech8.com"
114.119.133.190 - - [22/Sep/2022:17:25:18 -0700] "GET /index.php?sitemap1263.xml HTTP/1.1" 200 321123 "-" "Mozilla/5.0 (compatible;PetalBot;+https://webmaster.petalsearch.com/site/petalbot)" "mantech8.com"
136.243.220.213 - - [22/Sep/2022:17:25:19 -0700] "GET /?camp-fire/33342830.html HTTP/1.1" 500 - "-" "Mozilla/5.0 (compatible; DataForSeoBot/1.0; +https://dataforseo.com/dataforseo-bot)" "mantech8.com"
136.243.220.213 - - [22/Sep/2022:17:25:23 -0700] "GET /?camp-fire/19452581.html HTTP/1.1" 500 - "-" "Mozilla/5.0 (compatible; DataForSeoBot/1.0; +https://dataforseo.com/dataforseo-bot)" "mantech8.com"
136.243.220.213 - - [22/Sep/2022:17:25:28 -0700] "GET /?camp-fire/3839293.html HTTP/1.1" 500 - "-" "Mozilla/5.0 (compatible; DataForSeoBot/1.0; +https://dataforseo.com/dataforseo-bot)" "mantech8.com"
136.243.220.213 - - [22/Sep/2022:17:25:32 -0700] "GET /?camp-fire/33849160.html HTTP/1.1" 500 - "-" "Mozilla/5.0 (compatible; DataForSeoBot/1.0; +https://dataforseo.com/dataforseo-bot)" "mantech8.com"
136.243.220.213 - - [22/Sep/2022:17:25:36 -0700] "GET /?camp-fire/29350959.html HTTP/1.1" 500 - "-" "Mozilla/5.0 (compatible; DataForSeoBot/1.0; +https://dataforseo.com/dataforseo-bot)" "mantech8.com"
136.243.220.213 - - [22/Sep/2022:17:25:41 -0700] "GET /?camp-fire/22229835.html HTTP/1.1" 500 - "-" "Mozilla/5.0 (compatible; DataForSeoBot/1.0; +https://dataforseo.com/dataforseo-bot)" "mantech8.com"
136.243.220.213 - - [22/Sep/2022:17:25:45 -0700] "GET /?camp-fire/34891493.html HTTP/1.1" 500 - "-" "Mozilla/5.0 (compatible; DataForSeoBot/1.0; +https://dataforseo.com/dataforseo-bot)" "mantech8.com"
136.243.220.213 - - [22/Sep/2022:17:25:49 -0700] "GET /?camp-fire/15369259.html HTTP/1.1" 500 - "-" "Mozilla/5.0 (compatible; DataForSeoBot/1.0; +https://dataforseo.com/dataforseo-bot)" "mantech8.com"
136.243.220.213 - - [22/Sep/2022:17:25:51 -0700] "GET /?camp-fire/29350659.html HTTP/1.1" 500 - "-" "Mozilla/5.0 (compatible; DataForSeoBot/1.0; +https://dataforseo.com/dataforseo-bot)" "mantech8.com"
136.243.220.213 - - [22/Sep/2022:17:25:56 -0700] "GET /?camp-fire/28754697.html HTTP/1.1" 500 - "-" "Mozilla/5.0 (compatible; DataForSeoBot/1.0; +https://dataforseo.com/dataforseo-bot)" "mantech8.com"
185.191.171.12 - - [22/Sep/2022:17:25:58 -0700] "GET /robots.txt HTTP/1.1" 200 2442 "-" "Mozilla/5.0 (compatible; SemrushBot/7~bl; +http://www.semrush.com/bot.html)" "mantech8.com"
185.191.171.34 - - [22/Sep/2022:17:25:58 -0700] "GET /?camp-fire%2F63139651.html HTTP/1.1" 500 - "-" "Mozilla/5.0 (compatible; SemrushBot/7~bl; +http://www.semrush.com/bot.html)" "mantech8.com"
136.243.220.213 - - [22/Sep/2022:17:26:00 -0700] "GET /?camp-fire/1934569.html HTTP/1.1" 500 - "-" "Mozilla/5.0 (compatible; DataForSeoBot/1.0; +https://dataforseo.com/dataforseo-bot)" "mantech8.com"
136.243.220.213 - - [22/Sep/2022:17:26:03 -0700] "GET /?camp-fire/31948741.html HTTP/1.1" 500 - "-" "Mozilla/5.0 (compatible; DataForSeoBot/1.0; +https://dataforseo.com/dataforseo-bot)" "mantech8.com"
136.243.220.213 - - [22/Sep/2022:17:26:08 -0700] "GET /?camp-fire/11626590.html HTTP/1.1" 500 - "-" "Mozilla/5.0 (compatible; DataForSeoBot/1.0; +https://dataforseo.com/dataforseo-bot)" "mantech8.com"
136.243.220.213 - - [22/Sep/2022:17:26:12 -0700] "GET /?camp-fire/6230755.html HTTP/1.1" 500 - "-" "Mozilla/5.0 (compatible; DataForSeoBot/1.0; +https://dataforseo.com/dataforseo-bot)" "mantech8.com"
136.243.220.213 - - [22/Sep/2022:17:26:14 -0700] "GET /?camp-fire/35127608.html HTTP/1.1" 500 - "-" "Mozilla/5.0 (compatible; DataForSeoBot/1.0; +https://dataforseo.com/dataforseo-bot)" "mantech8.com"
136.243.220.213 - - [22/Sep/2022:17:26:18 -0700] "GET /?camp-fire/19036680.html HTTP/1.1" 500 - "-" "Mozilla/5.0 (compatible; DataForSeoBot/1.0; +https://dataforseo.com/dataforseo-bot)" "mantech8.com"
136.243.220.213 - - [22/Sep/2022:17:26:22 -0700] "GET /?camp-fire/34545516.html HTTP/1.1" 500 - "-" "Mozilla/5.0 (compatible; DataForSeoBot/1.0; +https://dataforseo.com/dataforseo-bot)" "mantech8.com"
136.243.220.213 - - [22/Sep/2022:17:26:25 -0700] "GET /?camp-fire/20470432.html HTTP/1.1" 500 - "-" "Mozilla/5.0 (compatible; DataForSeoBot/1.0; +https://dataforseo.com/dataforseo-bot)" "mantech8.com"
136.243.220.213 - - [22/Sep/2022:17:26:30 -0700] "GET /?camp-fire/28243721.html HTTP/1.1" 500 - "-" "Mozilla/5.0 (compatible; DataForSeoBot/1.0; +https://dataforseo.com/dataforseo-bot)" "mantech8.com"
136.243.220.213 - - [22/Sep/2022:17:26:32 -0700] "GET /?camp-fire/18818865.html HTTP/1.1" 500 - "-" "Mozilla/5.0 (compatible; DataForSeoBot/1.0; +https://dataforseo.com/dataforseo-bot)" "mantech8.com"
185.191.171.38 - - [22/Sep/2022:17:26:33 -0700] "GET /?camp-fire%2F30682355.html HTTP/1.1" 500 - "-" "Mozilla/5.0 (compatible; SemrushBot/7~bl; +http://www.semrush.com/bot.html)" "mantech8.com"
136.243.220.213 - - [22/Sep/2022:17:26:36 -0700] "GET /?camp-fire/36719838.html HTTP/1.1" 500 - "-" "Mozilla/5.0 (compatible; DataForSeoBot/1.0; +https://dataforseo.com/dataforseo-bot)" "mantech8.com"
207.46.13.48 - - [22/Sep/2022:17:26:38 -0700] "GET /index.php?sitemap6069.xml HTTP/1.1" 200 311966 "-" "Mozilla/5.0 (compatible; bingbot/2.0; +http://www.bing.com/bingbot.htm)" "mantech8.com"
136.243.220.213 - - [22/Sep/2022:17:26:40 -0700] "GET /?camp-fire/35248708.html HTTP/1.1" 500 - "-" "Mozilla/5.0 (compatible; DataForSeoBot/1.0; +https://dataforseo.com/dataforseo-bot)" "mantech8.com"
136.243.220.213 - - [22/Sep/2022:17:26:44 -0700] "GET /?camp-fire/27570582.html HTTP/1.1" 500 - "-" "Mozilla/5.0 (compatible; DataForSeoBot/1.0; +https://dataforseo.com/dataforseo-bot)" "mantech8.com"
185.191.171.17 - - [22/Sep/2022:17:26:46 -0700] "GET /?camp-fire%2F30085881.html HTTP/1.1" 500 - "-" "Mozilla/5.0 (compatible; SemrushBot/7~bl; +http://www.semrush.com/bot.html)" "mantech8.com"
185.191.171.8 - - [22/Sep/2022:17:26:48 -0700] "GET /?camp-fire%2F38140372.html HTTP/1.1" 500 - "-" "Mozilla/5.0 (compatible; SemrushBot/7~bl; +http://www.semrush.com/bot.html)" "mantech8.com"
136.243.220.213 - - [22/Sep/2022:17:26:49 -0700] "GET /?camp-fire/30282566.html HTTP/1.1" 500 - "-" "Mozilla/5.0 (compatible; DataForSeoBot/1.0; +https://dataforseo.com/dataforseo-bot)" "mantech8.com"
136.243.220.213 - - [22/Sep/2022:17:26:54 -0700] "GET /?camp-fire/37116450.html HTTP/1.1" 500 - "-" "Mozilla/5.0 (compatible; DataForSeoBot/1.0; +https://dataforseo.com/dataforseo-bot)" "mantech8.com"
136.243.220.213 - - [22/Sep/2022:17:26:58 -0700] "GET /?camp-fire/27508951.html HTTP/1.1" 500 - "-" "Mozilla/5.0 (compatible; DataForSeoBot/1.0; +https://dataforseo.com/dataforseo-bot)" "mantech8.com"
185.191.171.10 - - [22/Sep/2022:17:26:58 -0700] "GET /?camp-fire%2F87692025.html HTTP/1.1" 500 - "-" "Mozilla/5.0 (compatible; SemrushBot/7~bl; +http://www.semrush.com/bot.html)" "mantech8.com"
185.191.171.7 - - [22/Sep/2022:17:27:04 -0700] "GET /?camp-fire%2F39150298.html HTTP/1.1" 500 - "-" "Mozilla/5.0 (compatible; SemrushBot/7~bl; +http://www.semrush.com/bot.html)" "mantech8.com"
136.243.220.213 - - [22/Sep/2022:17:27:04 -0700] "GET /?camp-fire/2698729.html HTTP/1.1" 500 - "-" "Mozilla/5.0 (compatible; DataForSeoBot/1.0; +https://dataforseo.com/dataforseo-bot)" "mantech8.com"
136.243.220.213 - - [22/Sep/2022:17:27:08 -0700] "GET /?camp-fire/8716480.html HTTP/1.1" 500 - "-" "Mozilla/5.0 (compatible; DataForSeoBot/1.0; +https://dataforseo.com/dataforseo-bot)" "mantech8.com"
136.243.220.213 - - [22/Sep/2022:17:27:10 -0700] "GET /?camp-fire/16897883.html HTTP/1.1" 500 - "-" "Mozilla/5.0 (compatible; DataForSeoBot/1.0; +https://dataforseo.com/dataforseo-bot)" "mantech8.com"
136.243.220.213 - - [22/Sep/2022:17:27:13 -0700] "GET /?camp-fire/43245703.html HTTP/1.1" 500 - "-" "Mozilla/5.0 (compatible; DataForSeoBot/1.0; +https://dataforseo.com/dataforseo-bot)" "mantech8.com"
136.243.220.213 - - [22/Sep/2022:17:27:18 -0700] "GET /?camp-fire/4774000.html HTTP/1.1" 500 - "-" "Mozilla/5.0 (compatible; DataForSeoBot/1.0; +https://dataforseo.com/dataforseo-bot)" "mantech8.com"
185.191.171.15 - - [22/Sep/2022:17:27:20 -0700] "GET /?camp-fire%2F4206985.html HTTP/1.1" 500 - "-" "Mozilla/5.0 (compatible; SemrushBot/7~bl; +http://www.semrush.com/bot.html)" "mantech8.com"
136.243.220.213 - - [22/Sep/2022:17:27:22 -0700] "GET /?camp-fire/13368176.html HTTP/1.1" 500 - "-" "Mozilla/5.0 (compatible; DataForSeoBot/1.0; +https://dataforseo.com/dataforseo-bot)" "mantech8.com"
136.243.220.213 - - [22/Sep/2022:17:27:26 -0700] "GET /?camp-fire/41265602.html HTTP/1.1" 500 - "-" "Mozilla/5.0 (compatible; DataForSeoBot/1.0; +https://dataforseo.com/dataforseo-bot)" "mantech8.com"
136.243.220.213 - - [22/Sep/2022:17:27:29 -0700] "GET /?camp-fire/29037171.html HTTP/1.1" 500 - "-" "Mozilla/5.0 (compatible; DataForSeoBot/1.0; +https://dataforseo.com/dataforseo-bot)" "mantech8.com"
136.243.220.213 - - [22/Sep/2022:17:27:34 -0700] "GET /?camp-fire/5646685.html HTTP/1.1" 500 - "-" "Mozilla/5.0 (compatible; DataForSeoBot/1.0; +https://dataforseo.com/dataforseo-bot)" "mantech8.com"
136.243.220.213 - - [22/Sep/2022:17:27:38 -0700] "GET /?camp-fire/25395633.html HTTP/1.1" 500 - "-" "Mozilla/5.0 (compatible; DataForSeoBot/1.0; +https://dataforseo.com/dataforseo-bot)" "mantech8.com"
207.46.13.104 - - [22/Sep/2022:17:27:41 -0700] "GET /?sitemap43154.xml HTTP/1.1" 200 254375 "-" "Mozilla/5.0 (compatible; bingbot/2.0; +http://www.bing.com/bingbot.htm)" "mantech8.com"
136.243.220.213 - - [22/Sep/2022:17:27:42 -0700] "GET /?camp-fire/4774900.html HTTP/1.1" 500 - "-" "Mozilla/5.0 (compatible; DataForSeoBot/1.0; +https://dataforseo.com/dataforseo-bot)" "mantech8.com"
136.243.220.213 - - [22/Sep/2022:17:27:46 -0700] "GET /?camp-fire/43245503.html HTTP/1.1" 500 - "-" "Mozilla/5.0 (compatible; DataForSeoBot/1.0; +https://dataforseo.com/dataforseo-bot)" "mantech8.com"
185.191.171.44 - - [22/Sep/2022:17:27:49 -0700] "GET /?camp-fire%2F27982247.html HTTP/1.1" 500 - "-" "Mozilla/5.0 (compatible; SemrushBot/7~bl; +http://www.semrush.com/bot.html)" "mantech8.com"
136.243.220.213 - - [22/Sep/2022:17:27:50 -0700] "GET /?camp-fire/18975027.html HTTP/1.1" 500 - "-" "Mozilla/5.0 (compatible; DataForSeoBot/1.0; +https://dataforseo.com/dataforseo-bot)" "mantech8.com"
136.243.220.213 - - [22/Sep/2022:17:27:54 -0700] "GET /?camp-fire/4773700.html HTTP/1.1" 500 - "-" "Mozilla/5.0 (compatible; DataForSeoBot/1.0; +https://dataforseo.com/dataforseo-bot)" "mantech8.com"
136.243.220.213 - - [22/Sep/2022:17:27:55 -0700] "GET /?camp-fire/4773600.html HTTP/1.1" 500 - "-" "Mozilla/5.0 (compatible; DataForSeoBot/1.0; +https://dataforseo.com/dataforseo-bot)" "mantech8.com"
40.77.167.11 - - [22/Sep/2022:17:27:58 -0700] "GET /index.php/sitemap2842.xml HTTP/1.1" 200 264030 "-" "Mozilla/5.0 (compatible; bingbot/2.0; +http://www.bing.com/bingbot.htm)" "mantech8.com"
136.243.220.213 - - [22/Sep/2022:17:27:59 -0700] "GET /?camp-fire/39591503.html HTTP/1.1" 500 - "-" "Mozilla/5.0 (compatible; DataForSeoBot/1.0; +https://dataforseo.com/dataforseo-bot)" "mantech8.com"
185.191.171.34 - - [22/Sep/2022:17:28:02 -0700] "GET /?camp-fire%2F38151803.html HTTP/1.1" 500 - "-" "Mozilla/5.0 (compatible; SemrushBot/7~bl; +http://www.semrush.com/bot.html)" "mantech8.com"
136.243.220.213 - - [22/Sep/2022:17:28:04 -0700] "GET /?camp-fire/27570682.html HTTP/1.1" 500 - "-" "Mozilla/5.0 (compatible; DataForSeoBot/1.0; +https://dataforseo.com/dataforseo-bot)" "mantech8.com"
136.243.220.213 - - [22/Sep/2022:17:28:08 -0700] "GET /?camp-fire/26495006.html HTTP/1.1" 500 - "-" "Mozilla/5.0 (compatible; DataForSeoBot/1.0; +https://dataforseo.com/dataforseo-bot)" "mantech8.com"
136.243.220.213 - - [22/Sep/2022:17:28:10 -0700] "GET /?camp-fire/31949141.html HTTP/1.1" 500 - "-" "Mozilla/5.0 (compatible; DataForSeoBot/1.0; +https://dataforseo.com/dataforseo-bot)" "mantech8.com"
136.243.220.213 - - [22/Sep/2022:17:28:15 -0700] "GET /?camp-fire/25987930.html HTTP/1.1" 500 - "-" "Mozilla/5.0 (compatible; DataForSeoBot/1.0; +https://dataforseo.com/dataforseo-bot)" "mantech8.com"
136.243.220.213 - - [22/Sep/2022:17:28:18 -0700] "GET /?camp-fire/35126608.html HTTP/1.1" 500 - "-" "Mozilla/5.0 (compatible; DataForSeoBot/1.0; +https://dataforseo.com/dataforseo-bot)" "mantech8.com"
136.243.220.213 - - [22/Sep/2022:17:28:23 -0700] "GET /?camp-fire/8716380.html HTTP/1.1" 500 - "-" "Mozilla/5.0 (compatible; DataForSeoBot/1.0; +https://dataforseo.com/dataforseo-bot)" "mantech8.com"
136.243.220.213 - - [22/Sep/2022:17:28:27 -0700] "GET /?camp-fire/16897683.html HTTP/1.1" 500 - "-" "Mozilla/5.0 (compatible; DataForSeoBot/1.0; +https://dataforseo.com/dataforseo-bot)" "mantech8.com"
136.243.220.213 - - [22/Sep/2022:17:28:30 -0700] "GET /?camp-fire/40489735.html HTTP/1.1" 500 - "-" "Mozilla/5.0 (compatible; DataForSeoBot/1.0; +https://dataforseo.com/dataforseo-bot)" "mantech8.com"
136.243.220.213 - - [22/Sep/2022:17:28:34 -0700] "GET /?camp-fire/2847553.html HTTP/1.1" 500 - "-" "Mozilla/5.0 (compatible; DataForSeoBot/1.0; +https://dataforseo.com/dataforseo-bot)" "mantech8.com"
136.243.220.213 - - [22/Sep/2022:17:28:39 -0700] "GET /?camp-fire/37161838.html HTTP/1.1" 500 - "-" "Mozilla/5.0 (compatible; DataForSeoBot/1.0; +https://dataforseo.com/dataforseo-bot)" "mantech8.com"
207.46.13.104 - - [22/Sep/2022:17:28:41 -0700] "GET /index.php?sitemap5027.xml HTTP/1.1" 200 320846 "-" "Mozilla/5.0 (compatible; bingbot/2.0; +http://www.bing.com/bingbot.htm)" "mantech8.com"
136.243.220.213 - - [22/Sep/2022:17:28:43 -0700] "GET /?camp-fire/11967457.html HTTP/1.1" 500 - "-" "Mozilla/5.0 (compatible; DataForSeoBot/1.0; +https://dataforseo.com/dataforseo-bot)" "mantech8.com"
136.243.220.213 - - [22/Sep/2022:17:28:45 -0700] "GET /?camp-fire/1726898.html HTTP/1.1" 500 - "-" "Mozilla/5.0 (compatible; DataForSeoBot/1.0; +https://dataforseo.com/dataforseo-bot)" "mantech8.com"
136.243.220.213 - - [22/Sep/2022:17:28:48 -0700] "GET /?camp-fire/36719938.html HTTP/1.1" 500 - "-" "Mozilla/5.0 (compatible; DataForSeoBot/1.0; +https://dataforseo.com/dataforseo-bot)" "mantech8.com"
207.46.13.48 - - [22/Sep/2022:17:28:50 -0700] "GET /index.php?sitemap200.xml HTTP/1.1" 200 244271 "-" "Mozilla/5.0 (compatible; bingbot/2.0; +http://www.bing.com/bingbot.htm)" "mantech8.com"
136.243.220.213 - - [22/Sep/2022:17:28:52 -0700] "GET /?camp-fire/34545716.html HTTP/1.1" 500 - "-" "Mozilla/5.0 (compatible; DataForSeoBot/1.0; +https://dataforseo.com/dataforseo-bot)" "mantech8.com"
136.243.220.213 - - [22/Sep/2022:17:28:55 -0700] "GET /?camp-fire/39547072.html HTTP/1.1" 500 - "-" "Mozilla/5.0 (compatible; DataForSeoBot/1.0; +https://dataforseo.com/dataforseo-bot)" "mantech8.com"
136.243.220.213 - - [22/Sep/2022:17:29:00 -0700] "GET /?camp-fire/12921209.html HTTP/1.1" 500 - "-" "Mozilla/5.0 (compatible; DataForSeoBot/1.0; +https://dataforseo.com/dataforseo-bot)" "mantech8.com"
40.77.167.51 - - [22/Sep/2022:17:29:01 -0700] "GET /index.php?sitemap895.xml HTTP/1.1" 200 278486 "-" "Mozilla/5.0 AppleWebKit/537.36 (KHTML, like Gecko; compatible; bingbot/2.0; +http://www.bing.com/bingbot.htm) Chrome/103.0.5060.134 Safari/537.36" "mantech8.com"
112.219.116.162 - - [22/Sep/2022:17:29:02 -0700] "GET /scaffolding.php HTTP/1.1" 200 13407 "https://www.google.com/" "Mozilla/5.0 (Windows NT 10.0; Win64; x64) AppleWebKit/537.36 (KHTML, like Gecko) Chrome/105.0.0.0 Safari/537.36 Edg/105.0.1343.42" "www.mantech8.com"
112.219.116.162 - - [22/Sep/2022:17:29:02 -0700] "GET /css/style2.css HTTP/1.1" 200 8414 "http://www.mantech8.com/scaffolding.php" "Mozilla/5.0 (Windows NT 10.0; Win64; x64) AppleWebKit/537.36 (KHTML, like Gecko) Chrome/105.0.0.0 Safari/537.36 Edg/105.0.1343.42" "www.mantech8.com"
112.219.116.162 - - [22/Sep/2022:17:29:02 -0700] "GET /css/responsive1.css HTTP/1.1" 200 1710 "http://www.mantech8.com/scaffolding.php" "Mozilla/5.0 (Windows NT 10.0; Win64; x64) AppleWebKit/537.36 (KHTML, like Gecko) Chrome/105.0.0.0 Safari/537.36 Edg/105.0.1343.42" "www.mantech8.com"
112.219.116.162 - - [22/Sep/2022:17:29:02 -0700] "GET /css/animate.css HTTP/1.1" 200 4264 "http://www.mantech8.com/css/style2.css" "Mozilla/5.0 (Windows NT 10.0; Win64; x64) AppleWebKit/537.36 (KHTML, like Gecko) Chrome/105.0.0.0 Safari/537.36 Edg/105.0.1343.42" "www.mantech8.com"
112.219.116.162 - - [22/Sep/2022:17:29:02 -0700] "GET /css/style.css HTTP/1.1" 200 126990 "http://www.mantech8.com/scaffolding.php" "Mozilla/5.0 (Windows NT 10.0; Win64; x64) AppleWebKit/537.36 (KHTML, like Gecko) Chrome/105.0.0.0 Safari/537.36 Edg/105.0.1343.42" "www.mantech8.com"
112.219.116.162 - - [22/Sep/2022:17:29:02 -0700] "GET /engine1/jquery.js HTTP/1.1" 200 33282 "http://www.mantech8.com/scaffolding.php" "Mozilla/5.0 (Windows NT 10.0; Win64; x64) AppleWebKit/537.36 (KHTML, like Gecko) Chrome/105.0.0.0 Safari/537.36 Edg/105.0.1343.42" "www.mantech8.com"
112.219.116.162 - - [22/Sep/2022:17:29:03 -0700] "GET /css/flaticon.css HTTP/1.1" 200 321 "http://www.mantech8.com/css/style2.css" "Mozilla/5.0 (Windows NT 10.0; Win64; x64) AppleWebKit/537.36 (KHTML, like Gecko) Chrome/105.0.0.0 Safari/537.36 Edg/105.0.1343.42" "www.mantech8.com"
112.219.116.162 - - [22/Sep/2022:17:29:03 -0700] "GET /css/hover.css HTTP/1.1" 200 8530 "http://www.mantech8.com/css/style2.css" "Mozilla/5.0 (Windows NT 10.0; Win64; x64) AppleWebKit/537.36 (KHTML, like Gecko) Chrome/105.0.0.0 Safari/537.36 Edg/105.0.1343.42" "www.mantech8.com"
112.219.116.162 - - [22/Sep/2022:17:29:03 -0700] "GET /css/font-awesome.css HTTP/1.1" 200 5793 "http://www.mantech8.com/css/style2.css" "Mozilla/5.0 (Windows NT 10.0; Win64; x64) AppleWebKit/537.36 (KHTML, like Gecko) Chrome/105.0.0.0 Safari/537.36 Edg/105.0.1343.42" "www.mantech8.com"
112.219.116.162 - - [22/Sep/2022:17:29:03 -0700] "GET /js/script1.js HTTP/1.1" 200 2007 "http://www.mantech8.com/scaffolding.php" "Mozilla/5.0 (Windows NT 10.0; Win64; x64) AppleWebKit/537.36 (KHTML, like Gecko) Chrome/105.0.0.0 Safari/537.36 Edg/105.0.1343.42" "www.mantech8.com"
112.219.116.162 - - [22/Sep/2022:17:29:03 -0700] "GET /js/script.js HTTP/1.1" 200 7687 "http://www.mantech8.com/scaffolding.php" "Mozilla/5.0 (Windows NT 10.0; Win64; x64) AppleWebKit/537.36 (KHTML, like Gecko) Chrome/105.0.0.0 Safari/537.36 Edg/105.0.1343.42" "www.mantech8.com"
112.219.116.162 - - [22/Sep/2022:17:29:03 -0700] "GET /js/bootstrap.min.js HTTP/1.1" 200 9765 "http://www.mantech8.com/scaffolding.php" "Mozilla/5.0 (Windows NT 10.0; Win64; x64) AppleWebKit/537.36 (KHTML, like Gecko) Chrome/105.0.0.0 Safari/537.36 Edg/105.0.1343.42" "www.mantech8.com"
112.219.116.162 - - [22/Sep/2022:17:29:03 -0700] "GET /js/core.min.js HTTP/1.1" 200 42721 "http://www.mantech8.com/scaffolding.php" "Mozilla/5.0 (Windows NT 10.0; Win64; x64) AppleWebKit/537.36 (KHTML, like Gecko) Chrome/105.0.0.0 Safari/537.36 Edg/105.0.1343.42" "www.mantech8.com"
112.219.116.162 - - [22/Sep/2022:17:29:03 -0700] "GET /images/flag-23-gif.gif HTTP/1.1" 200 20141 "http://www.mantech8.com/scaffolding.php" "Mozilla/5.0 (Windows NT 10.0; Win64; x64) AppleWebKit/537.36 (KHTML, like Gecko) Chrome/105.0.0.0 Safari/537.36 Edg/105.0.1343.42" "www.mantech8.com"
112.219.116.162 - - [22/Sep/2022:17:29:03 -0700] "GET /images/logo1.png HTTP/1.1" 200 2143 "http://www.mantech8.com/scaffolding.php" "Mozilla/5.0 (Windows NT 10.0; Win64; x64) AppleWebKit/537.36 (KHTML, like Gecko) Chrome/105.0.0.0 Safari/537.36 Edg/105.0.1343.42" "www.mantech8.com"
112.219.116.162 - - [22/Sep/2022:17:29:03 -0700] "GET /bimages/electric/sh2.jpg HTTP/1.1" 200 237260 "http://www.mantech8.com/scaffolding.php" "Mozilla/5.0 (Windows NT 10.0; Win64; x64) AppleWebKit/537.36 (KHTML, like Gecko) Chrome/105.0.0.0 Safari/537.36 Edg/105.0.1343.42" "www.mantech8.com"
112.219.116.162 - - [22/Sep/2022:17:29:03 -0700] "GET /fonts/MaterialIcons-Regular.woff2 HTTP/1.1" 200 36888 "http://www.mantech8.com/css/style.css" "Mozilla/5.0 (Windows NT 10.0; Win64; x64) AppleWebKit/537.36 (KHTML, like Gecko) Chrome/105.0.0.0 Safari/537.36 Edg/105.0.1343.42" "www.mantech8.com"
112.219.116.162 - - [22/Sep/2022:17:29:03 -0700] "GET /fonts/fontawesome-webfont.woff2?v=4.5.0 HTTP/1.1" 200 66624 "http://www.mantech8.com/css/style.css" "Mozilla/5.0 (Windows NT 10.0; Win64; x64) AppleWebKit/537.36 (KHTML, like Gecko) Chrome/105.0.0.0 Safari/537.36 Edg/105.0.1343.42" "www.mantech8.com"
112.219.116.162 - - [22/Sep/2022:17:29:03 -0700] "GET /js/wow.min.js HTTP/1.1" 200 2731 "http://www.mantech8.com/scaffolding.php" "Mozilla/5.0 (Windows NT 10.0; Win64; x64) AppleWebKit/537.36 (KHTML, like Gecko) Chrome/105.0.0.0 Safari/537.36 Edg/105.0.1343.42" "www.mantech8.com"
112.219.116.162 - - [22/Sep/2022:17:29:03 -0700] "GET /js/jquery.ui.totop.min.js HTTP/1.1" 200 510 "http://www.mantech8.com/scaffolding.php" "Mozilla/5.0 (Windows NT 10.0; Win64; x64) AppleWebKit/537.36 (KHTML, like Gecko) Chrome/105.0.0.0 Safari/537.36 Edg/105.0.1343.42" "www.mantech8.com"
136.243.220.213 - - [22/Sep/2022:17:29:03 -0700] "GET /?camp-fire/26494406.html HTTP/1.1" 500 - "-" "Mozilla/5.0 (compatible; DataForSeoBot/1.0; +https://dataforseo.com/dataforseo-bot)" "mantech8.com"
112.219.116.162 - - [22/Sep/2022:17:29:05 -0700] "GET /images/favicon.ico HTTP/1.1" 200 241886 "http://www.mantech8.com/scaffolding.php" "Mozilla/5.0 (Windows NT 10.0; Win64; x64) AppleWebKit/537.36 (KHTML, like Gecko) Chrome/105.0.0.0 Safari/537.36 Edg/105.0.1343.42" "www.mantech8.com"
136.243.220.213 - - [22/Sep/2022:17:29:07 -0700] "GET /?camp-fire/2817590.html HTTP/1.1" 500 - "-" "Mozilla/5.0 (compatible; DataForSeoBot/1.0; +https://dataforseo.com/dataforseo-bot)" "mantech8.com"
185.191.171.23 - - [22/Sep/2022:17:29:09 -0700] "GET /?camp-fire%2F38140451.html HTTP/1.1" 500 - "-" "Mozilla/5.0 (compatible; SemrushBot/7~bl; +http://www.semrush.com/bot.html)" "mantech8.com"
136.243.220.213 - - [22/Sep/2022:17:29:11 -0700] "GET /?camp-fire/2697629.html HTTP/1.1" 500 - "-" "Mozilla/5.0 (compatible; DataForSeoBot/1.0; +https://dataforseo.com/dataforseo-bot)" "mantech8.com"
136.243.220.213 - - [22/Sep/2022:17:29:15 -0700] "GET /?camp-fire/3839393.html HTTP/1.1" 500 - "-" "Mozilla/5.0 (compatible; DataForSeoBot/1.0; +https://dataforseo.com/dataforseo-bot)" "mantech8.com"
136.243.220.213 - - [22/Sep/2022:17:29:20 -0700] "GET /?camp-fire/33952668.html HTTP/1.1" 500 - "-" "Mozilla/5.0 (compatible; DataForSeoBot/1.0; +https://dataforseo.com/dataforseo-bot)" "mantech8.com"
136.243.220.213 - - [22/Sep/2022:17:29:24 -0700] "GET /?camp-fire/9064421.html HTTP/1.1" 500 - "-" "Mozilla/5.0 (compatible; DataForSeoBot/1.0; +https://dataforseo.com/dataforseo-bot)" "mantech8.com"
136.243.220.213 - - [22/Sep/2022:17:29:28 -0700] "GET /?camp-fire/43513849.html HTTP/1.1" 500 - "-" "Mozilla/5.0 (compatible; DataForSeoBot/1.0; +https://dataforseo.com/dataforseo-bot)" "mantech8.com"
185.191.171.19 - - [22/Sep/2022:17:29:30 -0700] "GET /?camp-fire%2F3339100.html HTTP/1.1" 500 - "-" "Mozilla/5.0 (compatible; SemrushBot/7~bl; +http://www.semrush.com/bot.html)" "mantech8.com"
136.243.220.213 - - [22/Sep/2022:17:29:33 -0700] "GET /?camp-fire/13368576.html HTTP/1.1" 500 - "-" "Mozilla/5.0 (compatible; DataForSeoBot/1.0; +https://dataforseo.com/dataforseo-bot)" "mantech8.com"
136.243.220.213 - - [22/Sep/2022:17:29:34 -0700] "GET /?camp-fire/41766850.html HTTP/1.1" 500 - "-" "Mozilla/5.0 (compatible; DataForSeoBot/1.0; +https://dataforseo.com/dataforseo-bot)" "mantech8.com"
136.243.220.213 - - [22/Sep/2022:17:29:38 -0700] "GET /?camp-fire/11627190.html HTTP/1.1" 500 - "-" "Mozilla/5.0 (compatible; DataForSeoBot/1.0; +https://dataforseo.com/dataforseo-bot)" "mantech8.com"
185.191.171.25 - - [22/Sep/2022:17:29:38 -0700] "GET /?camp-fire%2F28443764.html HTTP/1.1" 500 - "-" "Mozilla/5.0 (compatible; SemrushBot/7~bl; +http://www.semrush.com/bot.html)" "mantech8.com"
136.243.220.213 - - [22/Sep/2022:17:29:39 -0700] "GET /?camp-fire/34546216.html HTTP/1.1" 500 - "-" "Mozilla/5.0 (compatible; DataForSeoBot/1.0; +https://dataforseo.com/dataforseo-bot)" "mantech8.com"
136.243.220.213 - - [22/Sep/2022:17:29:43 -0700] "GET /?camp-fire/16250187.html HTTP/1.1" 500 - "-" "Mozilla/5.0 (compatible; DataForSeoBot/1.0; +https://dataforseo.com/dataforseo-bot)" "mantech8.com"
136.243.220.213 - - [22/Sep/2022:17:29:48 -0700] "GET /?camp-fire/36482025.html HTTP/1.1" 500 - "-" "Mozilla/5.0 (compatible; DataForSeoBot/1.0; +https://dataforseo.com/dataforseo-bot)" "mantech8.com"
136.243.220.213 - - [22/Sep/2022:17:29:51 -0700] "GET /?camp-fire/16283472.html HTTP/1.1" 500 - "-" "Mozilla/5.0 (compatible; DataForSeoBot/1.0; +https://dataforseo.com/dataforseo-bot)" "mantech8.com"
136.243.220.213 - - [22/Sep/2022:17:29:55 -0700] "GET /?camp-fire/12922909.html HTTP/1.1" 500 - "-" "Mozilla/5.0 (compatible; DataForSeoBot/1.0; +https://dataforseo.com/dataforseo-bot)" "mantech8.com"
157.55.39.87 - - [22/Sep/2022:17:29:55 -0700] "GET /index.php/sitemap873.xml HTTP/1.1" 200 252201 "-" "Mozilla/5.0 (compatible; bingbot/2.0; +http://www.bing.com/bingbot.htm)" "mantech8.com"
136.243.220.213 - - [22/Sep/2022:17:29:59 -0700] "GET /?camp-fire/2810359.html HTTP/1.1" 500 - "-" "Mozilla/5.0 (compatible; DataForSeoBot/1.0; +https://dataforseo.com/dataforseo-bot)" "mantech8.com"
40.77.167.51 - - [22/Sep/2022:17:30:02 -0700] "GET /index.php?sitemap866.xml HTTP/1.1" 200 330306 "-" "Mozilla/5.0 (compatible; bingbot/2.0; +http://www.bing.com/bingbot.htm)" "mantech8.com"
136.243.220.213 - - [22/Sep/2022:17:30:03 -0700] "GET /?camp-fire/8717180.html HTTP/1.1" 500 - "-" "Mozilla/5.0 (compatible; DataForSeoBot/1.0; +https://dataforseo.com/dataforseo-bot)" "mantech8.com"
136.243.220.213 - - [22/Sep/2022:17:30:07 -0700] "GET /?camp-fire/13368376.html HTTP/1.1" 500 - "-" "Mozilla/5.0 (compatible; DataForSeoBot/1.0; +https://dataforseo.com/dataforseo-bot)" "mantech8.com"
185.191.171.7 - - [22/Sep/2022:17:30:08 -0700] "GET /?camp-fire%2F48986089.html HTTP/1.1" 500 - "-" "Mozilla/5.0 (compatible; SemrushBot/7~bl; +http://www.semrush.com/bot.html)" "mantech8.com"
136.243.220.213 - - [22/Sep/2022:17:30:09 -0700] "GET /?camp-fire/33951768.html HTTP/1.1" 500 - "-" "Mozilla/5.0 (compatible; DataForSeoBot/1.0; +https://dataforseo.com/dataforseo-bot)" "mantech8.com"
136.243.220.213 - - [22/Sep/2022:17:30:11 -0700] "GET /?camp-fire/15370459.html HTTP/1.1" 500 - "-" "Mozilla/5.0 (compatible; DataForSeoBot/1.0; +https://dataforseo.com/dataforseo-bot)" "mantech8.com"
136.243.220.213 - - [22/Sep/2022:17:30:15 -0700] "GET /?camp-fire/16606456.html HTTP/1.1" 500 - "-" "Mozilla/5.0 (compatible; DataForSeoBot/1.0; +https://dataforseo.com/dataforseo-bot)" "mantech8.com"
136.243.220.213 - - [22/Sep/2022:17:30:20 -0700] "GET /?camp-fire/29880564.html HTTP/1.1" 500 - "-" "Mozilla/5.0 (compatible; DataForSeoBot/1.0; +https://dataforseo.com/dataforseo-bot)" "mantech8.com"
136.243.220.213 - - [22/Sep/2022:17:30:22 -0700] "GET /?camp-fire/41592088.html HTTP/1.1" 500 - "-" "Mozilla/5.0 (compatible; DataForSeoBot/1.0; +https://dataforseo.com/dataforseo-bot)" "mantech8.com"
207.46.13.104 - - [22/Sep/2022:17:30:21 -0700] "GET /index.php/viton.xml HTTP/1.1" 200 238751 "-" "Mozilla/5.0 AppleWebKit/537.36 (KHTML, like Gecko; compatible; bingbot/2.0; +http://www.bing.com/bingbot.htm) Chrome/103.0.5060.134 Safari/537.36" "mantech8.com"
136.243.220.213 - - [22/Sep/2022:17:30:25 -0700] "GET /?camp-fire/30064589.html HTTP/1.1" 500 - "-" "Mozilla/5.0 (compatible; DataForSeoBot/1.0; +https://dataforseo.com/dataforseo-bot)" "mantech8.com"
136.243.220.213 - - [22/Sep/2022:17:30:29 -0700] "GET /?camp-fire/4774300.html HTTP/1.1" 500 - "-" "Mozilla/5.0 (compatible; DataForSeoBot/1.0; +https://dataforseo.com/dataforseo-bot)" "mantech8.com"
136.243.220.213 - - [22/Sep/2022:17:30:33 -0700] "GET /?camp-fire/35127308.html HTTP/1.1" 500 - "-" "Mozilla/5.0 (compatible; DataForSeoBot/1.0; +https://dataforseo.com/dataforseo-bot)" "mantech8.com"
136.243.220.213 - - [22/Sep/2022:17:30:36 -0700] "GET /?camp-fire/16250487.html HTTP/1.1" 500 - "-" "Mozilla/5.0 (compatible; DataForSeoBot/1.0; +https://dataforseo.com/dataforseo-bot)" "mantech8.com"
136.243.220.213 - - [22/Sep/2022:17:30:41 -0700] "GET /?camp-fire/15370659.html HTTP/1.1" 500 - "-" "Mozilla/5.0 (compatible; DataForSeoBot/1.0; +https://dataforseo.com/dataforseo-bot)" "mantech8.com"
136.243.220.213 - - [22/Sep/2022:17:30:45 -0700] "GET /?camp-fire/25697050.html HTTP/1.1" 500 - "-" "Mozilla/5.0 (compatible; DataForSeoBot/1.0; +https://dataforseo.com/dataforseo-bot)" "mantech8.com"
136.243.220.213 - - [22/Sep/2022:17:30:49 -0700] "GET /?camp-fire/36481825.html HTTP/1.1" 500 - "-" "Mozilla/5.0 (compatible; DataForSeoBot/1.0; +https://dataforseo.com/dataforseo-bot)" "mantech8.com"
114.119.133.165 - - [22/Sep/2022:17:30:50 -0700] "GET /index.php?scillism.xml HTTP/1.1" 200 259687 "-" "Mozilla/5.0 (Linux; Android 7.0;) AppleWebKit/537.36 (KHTML, like Gecko) Mobile Safari/537.36 (compatible; PetalBot;+https://webmaster.petalsearch.com/site/petalbot)" "mantech8.com"
136.243.220.213 - - [22/Sep/2022:17:30:53 -0700] "GET /?camp-fire/35247908.html HTTP/1.1" 500 - "-" "Mozilla/5.0 (compatible; DataForSeoBot/1.0; +https://dataforseo.com/dataforseo-bot)" "mantech8.com"
136.243.220.213 - - [22/Sep/2022:17:30:57 -0700] "GET /?camp-fire/25396833.html HTTP/1.1" 500 - "-" "Mozilla/5.0 (compatible; DataForSeoBot/1.0; +https://dataforseo.com/dataforseo-bot)" "mantech8.com"
185.191.171.39 - - [22/Sep/2022:17:30:57 -0700] "GET /?camp-fire%2F94929183.html HTTP/1.1" 500 - "-" "Mozilla/5.0 (compatible; SemrushBot/7~bl; +http://www.semrush.com/bot.html)" "mantech8.com"
207.46.13.48 - - [22/Sep/2022:17:30:59 -0700] "GET /?sitemap3.xml HTTP/1.1" 200 238113 "-" "Mozilla/5.0 (compatible; bingbot/2.0; +http://www.bing.com/bingbot.htm)" "mantech8.com"
136.243.220.213 - - [22/Sep/2022:17:31:01 -0700] "GET /?camp-fire/33342530.html HTTP/1.1" 500 - "-" "Mozilla/5.0 (compatible; DataForSeoBot/1.0; +https://dataforseo.com/dataforseo-bot)" "mantech8.com"
185.191.171.15 - - [22/Sep/2022:17:31:04 -0700] "GET /?camp-fire%2F33944263.html HTTP/1.1" 500 - "-" "Mozilla/5.0 (compatible; SemrushBot/7~bl; +http://www.semrush.com/bot.html)" "mantech8.com"
136.243.220.213 - - [22/Sep/2022:17:31:06 -0700] "GET /?camp-fire/4774600.html HTTP/1.1" 500 - "-" "Mozilla/5.0 (compatible; DataForSeoBot/1.0; +https://dataforseo.com/dataforseo-bot)" "mantech8.com"
136.243.220.213 - - [22/Sep/2022:17:31:09 -0700] "GET /?camp-fire/37162538.html HTTP/1.1" 500 - "-" "Mozilla/5.0 (compatible; DataForSeoBot/1.0; +https://dataforseo.com/dataforseo-bot)" "mantech8.com"
136.243.220.213 - - [22/Sep/2022:17:31:13 -0700] "GET /?camp-fire/12921709.html HTTP/1.1" 500 - "-" "Mozilla/5.0 (compatible; DataForSeoBot/1.0; +https://dataforseo.com/dataforseo-bot)" "mantech8.com"
185.191.171.25 - - [22/Sep/2022:17:31:16 -0700] "GET /?camp-fire%2F93401159.html HTTP/1.1" 500 - "-" "Mozilla/5.0 (compatible; SemrushBot/7~bl; +http://www.semrush.com/bot.html)" "mantech8.com"
136.243.220.213 - - [22/Sep/2022:17:31:16 -0700] "GET /?camp-fire/27373276.html HTTP/1.1" 500 - "-" "Mozilla/5.0 (compatible; DataForSeoBot/1.0; +https://dataforseo.com/dataforseo-bot)" "mantech8.com"
136.243.220.213 - - [22/Sep/2022:17:31:21 -0700] "GET /?camp-fire/16957546.html HTTP/1.1" 500 - "-" "Mozilla/5.0 (compatible; DataForSeoBot/1.0; +https://dataforseo.com/dataforseo-bot)" "mantech8.com"
185.191.171.39 - - [22/Sep/2022:17:31:22 -0700] "GET /?camp-fire%2F26002859.html HTTP/1.1" 500 - "-" "Mozilla/5.0 (compatible; SemrushBot/7~bl; +http://www.semrush.com/bot.html)" "mantech8.com"
185.191.171.6 - - [22/Sep/2022:17:31:25 -0700] "GET /?camp-fire%2F16262465.html HTTP/1.1" 500 - "-" "Mozilla/5.0 (compatible; SemrushBot/7~bl; +http://www.semrush.com/bot.html)" "mantech8.com"
136.243.220.213 - - [22/Sep/2022:17:31:26 -0700] "GET /?camp-fire/3251751.html HTTP/1.1" 500 - "-" "Mozilla/5.0 (compatible; DataForSeoBot/1.0; +https://dataforseo.com/dataforseo-bot)" "mantech8.com"
136.243.220.213 - - [22/Sep/2022:17:31:30 -0700] "GET /?camp-fire/26494806.html HTTP/1.1" 500 - "-" "Mozilla/5.0 (compatible; DataForSeoBot/1.0; +https://dataforseo.com/dataforseo-bot)" "mantech8.com"
136.243.220.213 - - [22/Sep/2022:17:31:34 -0700] "GET /?camp-fire/41265002.html HTTP/1.1" 500 - "-" "Mozilla/5.0 (compatible; DataForSeoBot/1.0; +https://dataforseo.com/dataforseo-bot)" "mantech8.com"
136.243.220.213 - - [22/Sep/2022:17:31:35 -0700] "GET /?camp-fire/9237042.html HTTP/1.1" 500 - "-" "Mozilla/5.0 (compatible; DataForSeoBot/1.0; +https://dataforseo.com/dataforseo-bot)" "mantech8.com"
136.243.220.213 - - [22/Sep/2022:17:31:39 -0700] "GET /?camp-fire/9064221.html HTTP/1.1" 500 - "-" "Mozilla/5.0 (compatible; DataForSeoBot/1.0; +https://dataforseo.com/dataforseo-bot)" "mantech8.com"
136.243.220.213 - - [22/Sep/2022:17:31:43 -0700] "GET /?camp-fire/16606556.html HTTP/1.1" 500 - "-" "Mozilla/5.0 (compatible; DataForSeoBot/1.0; +https://dataforseo.com/dataforseo-bot)" "mantech8.com"
136.243.220.213 - - [22/Sep/2022:17:31:47 -0700] "GET /?camp-fire/32097155.html HTTP/1.1" 500 - "-" "Mozilla/5.0 (compatible; DataForSeoBot/1.0; +https://dataforseo.com/dataforseo-bot)" "mantech8.com"
136.243.220.213 - - [22/Sep/2022:17:31:48 -0700] "GET /?camp-fire/43572534.html HTTP/1.1" 500 - "-" "Mozilla/5.0 (compatible; DataForSeoBot/1.0; +https://dataforseo.com/dataforseo-bot)" "mantech8.com"
136.243.220.213 - - [22/Sep/2022:17:31:49 -0700] "GET /?camp-fire/41766150.html HTTP/1.1" 500 - "-" "Mozilla/5.0 (compatible; DataForSeoBot/1.0; +https://dataforseo.com/dataforseo-bot)" "mantech8.com"
136.243.220.213 - - [22/Sep/2022:17:31:52 -0700] "GET /?camp-fire/34891893.html HTTP/1.1" 500 - "-" "Mozilla/5.0 (compatible; DataForSeoBot/1.0; +https://dataforseo.com/dataforseo-bot)" "mantech8.com"
136.243.220.213 - - [22/Sep/2022:17:31:56 -0700] "GET /?camp-fire/40280117.html HTTP/1.1" 500 - "-" "Mozilla/5.0 (compatible; DataForSeoBot/1.0; +https://dataforseo.com/dataforseo-bot)" "mantech8.com"
136.243.220.213 - - [22/Sep/2022:17:32:00 -0700] "GET /?camp-fire/22229335.html HTTP/1.1" 500 - "-" "Mozilla/5.0 (compatible; DataForSeoBot/1.0; +https://dataforseo.com/dataforseo-bot)" "mantech8.com"
40.77.167.51 - - [22/Sep/2022:17:32:02 -0700] "GET /index.php?sitemap6085.xml HTTP/1.1" 200 301996 "-" "Mozilla/5.0 (compatible; bingbot/2.0; +http://www.bing.com/bingbot.htm)" "mantech8.com"
136.243.220.213 - - [22/Sep/2022:17:32:03 -0700] "GET /?camp-fire/15369659.html HTTP/1.1" 500 - "-" "Mozilla/5.0 (compatible; DataForSeoBot/1.0; +https://dataforseo.com/dataforseo-bot)" "mantech8.com"
136.243.220.213 - - [22/Sep/2022:17:32:08 -0700] "GET /?camp-fire/31948841.html HTTP/1.1" 500 - "-" "Mozilla/5.0 (compatible; DataForSeoBot/1.0; +https://dataforseo.com/dataforseo-bot)" "mantech8.com"
136.243.220.213 - - [22/Sep/2022:17:32:12 -0700] "GET /?camp-fire/22230235.html HTTP/1.1" 500 - "-" "Mozilla/5.0 (compatible; DataForSeoBot/1.0; +https://dataforseo.com/dataforseo-bot)" "mantech8.com"
185.191.171.24 - - [22/Sep/2022:17:32:12 -0700] "GET /?camp-fire%2F27284370.html HTTP/1.1" 500 - "-" "Mozilla/5.0 (compatible; SemrushBot/7~bl; +http://www.semrush.com/bot.html)" "mantech8.com"
136.243.220.213 - - [22/Sep/2022:17:32:14 -0700] "GET /?camp-fire/40489535.html HTTP/1.1" 500 - "-" "Mozilla/5.0 (compatible; DataForSeoBot/1.0; +https://dataforseo.com/dataforseo-bot)" "mantech8.com"
136.243.220.213 - - [22/Sep/2022:17:32:18 -0700] "GET /?camp-fire/38503078.html HTTP/1.1" 500 - "-" "Mozilla/5.0 (compatible; DataForSeoBot/1.0; +https://dataforseo.com/dataforseo-bot)" "mantech8.com"
136.243.220.213 - - [22/Sep/2022:17:32:22 -0700] "GET /?camp-fire/41336476.html HTTP/1.1" 500 - "-" "Mozilla/5.0 (compatible; DataForSeoBot/1.0; +https://dataforseo.com/dataforseo-bot)" "mantech8.com"
157.55.39.87 - - [22/Sep/2022:17:32:26 -0700] "GET /index.php/sitemap318.xml HTTP/1.1" 200 340577 "-" "Mozilla/5.0 (compatible; bingbot/2.0; +http://www.bing.com/bingbot.htm)" "mantech8.com"
136.243.220.213 - - [22/Sep/2022:17:32:27 -0700] "GET /?camp-fire/11627290.html HTTP/1.1" 500 - "-" "Mozilla/5.0 (compatible; DataForSeoBot/1.0; +https://dataforseo.com/dataforseo-bot)" "mantech8.com"
136.243.220.213 - - [22/Sep/2022:17:32:31 -0700] "GET /?camp-fire/25055406.html HTTP/1.1" 500 - "-" "Mozilla/5.0 (compatible; DataForSeoBot/1.0; +https://dataforseo.com/dataforseo-bot)" "mantech8.com"
136.243.220.213 - - [22/Sep/2022:17:32:35 -0700] "GET /?camp-fire/33994525.html HTTP/1.1" 500 - "-" "Mozilla/5.0 (compatible; DataForSeoBot/1.0; +https://dataforseo.com/dataforseo-bot)" "mantech8.com"
136.243.220.213 - - [22/Sep/2022:17:32:38 -0700] "GET /?camp-fire/18818265.html HTTP/1.1" 500 - "-" "Mozilla/5.0 (compatible; DataForSeoBot/1.0; +https://dataforseo.com/dataforseo-bot)" "mantech8.com"
40.77.167.11 - - [22/Sep/2022:17:32:39 -0700] "GET /index.php?curlyhead.xml HTTP/1.1" 200 258044 "-" "Mozilla/5.0 (compatible; bingbot/2.0; +http://www.bing.com/bingbot.htm)" "mantech8.com"
136.243.220.213 - - [22/Sep/2022:17:32:42 -0700] "GET /?camp-fire/39592203.html HTTP/1.1" 500 - "-" "Mozilla/5.0 (compatible; DataForSeoBot/1.0; +https://dataforseo.com/dataforseo-bot)" "mantech8.com"
136.243.220.213 - - [22/Sep/2022:17:32:47 -0700] "GET /?camp-fire/25698450.html HTTP/1.1" 500 - "-" "Mozilla/5.0 (compatible; DataForSeoBot/1.0; +https://dataforseo.com/dataforseo-bot)" "mantech8.com"
136.243.220.213 - - [22/Sep/2022:17:32:49 -0700] "GET /?camp-fire/19038280.html HTTP/1.1" 500 - "-" "Mozilla/5.0 (compatible; DataForSeoBot/1.0; +https://dataforseo.com/dataforseo-bot)" "mantech8.com"
136.243.220.213 - - [22/Sep/2022:17:32:53 -0700] "GET /?camp-fire/30064489.html HTTP/1.1" 500 - "-" "Mozilla/5.0 (compatible; DataForSeoBot/1.0; +https://dataforseo.com/dataforseo-bot)" "mantech8.com"
136.243.220.213 - - [22/Sep/2022:17:32:58 -0700] "GET /?camp-fire/25395833.html HTTP/1.1" 500 - "-" "Mozilla/5.0 (compatible; DataForSeoBot/1.0; +https://dataforseo.com/dataforseo-bot)" "mantech8.com"
40.77.167.11 - - [22/Sep/2022:17:32:59 -0700] "GET /?sitemap59.xml HTTP/1.1" 200 276836 "-" "Mozilla/5.0 (compatible; bingbot/2.0; +http://www.bing.com/bingbot.htm)" "mantech8.com"
136.243.220.213 - - [22/Sep/2022:17:33:02 -0700] "GET /?camp-fire/28243321.html HTTP/1.1" 500 - "-" "Mozilla/5.0 (compatible; DataForSeoBot/1.0; +https://dataforseo.com/dataforseo-bot)" "mantech8.com"
136.243.220.213 - - [22/Sep/2022:17:33:06 -0700] "GET /?camp-fire/43514449.html HTTP/1.1" 500 - "-" "Mozilla/5.0 (compatible; DataForSeoBot/1.0; +https://dataforseo.com/dataforseo-bot)" "mantech8.com"
136.243.220.213 - - [22/Sep/2022:17:33:10 -0700] "GET /?camp-fire/43513549.html HTTP/1.1" 500 - "-" "Mozilla/5.0 (compatible; DataForSeoBot/1.0; +https://dataforseo.com/dataforseo-bot)" "mantech8.com"
136.243.220.213 - - [22/Sep/2022:17:33:13 -0700] "GET /?camp-fire/40287392.html HTTP/1.1" 500 - "-" "Mozilla/5.0 (compatible; DataForSeoBot/1.0; +https://dataforseo.com/dataforseo-bot)" "mantech8.com"
185.191.171.12 - - [22/Sep/2022:17:33:14 -0700] "GET /?camp-fire%2F7646008.html HTTP/1.1" 500 - "-" "Mozilla/5.0 (compatible; SemrushBot/7~bl; +http://www.semrush.com/bot.html)" "mantech8.com"
136.243.220.213 - - [22/Sep/2022:17:33:18 -0700] "GET /?camp-fire/2697129.html HTTP/1.1" 500 - "-" "Mozilla/5.0 (compatible; DataForSeoBot/1.0; +https://dataforseo.com/dataforseo-bot)" "mantech8.com"
136.243.220.213 - - [22/Sep/2022:17:33:23 -0700] "GET /?camp-fire/43571734.html HTTP/1.1" 500 - "-" "Mozilla/5.0 (compatible; DataForSeoBot/1.0; +https://dataforseo.com/dataforseo-bot)" "mantech8.com"
157.55.39.87 - - [22/Sep/2022:17:33:25 -0700] "GET /index.php/sitemap880.xml HTTP/1.1" 200 320022 "-" "Mozilla/5.0 (compatible; bingbot/2.0; +http://www.bing.com/bingbot.htm)" "mantech8.com"
136.243.220.213 - - [22/Sep/2022:17:33:28 -0700] "GET /?camp-fire/42854171.html HTTP/1.1" 500 - "-" "Mozilla/5.0 (compatible; DataForSeoBot/1.0; +https://dataforseo.com/dataforseo-bot)" "mantech8.com"
136.243.220.213 - - [22/Sep/2022:17:33:29 -0700] "GET /?camp-fire/11967057.html HTTP/1.1" 500 - "-" "Mozilla/5.0 (compatible; DataForSeoBot/1.0; +https://dataforseo.com/dataforseo-bot)" "mantech8.com"
136.243.220.213 - - [22/Sep/2022:17:33:34 -0700] "GET /?camp-fire/6746677.html HTTP/1.1" 500 - "-" "Mozilla/5.0 (compatible; DataForSeoBot/1.0; +https://dataforseo.com/dataforseo-bot)" "mantech8.com"
185.191.171.25 - - [22/Sep/2022:17:33:35 -0700] "GET /?camp-fire%2F16351956.html HTTP/1.1" 500 - "-" "Mozilla/5.0 (compatible; SemrushBot/7~bl; +http://www.semrush.com/bot.html)" "mantech8.com"
136.243.220.213 - - [22/Sep/2022:17:33:36 -0700] "GET /?camp-fire/44283034.html HTTP/1.1" 500 - "-" "Mozilla/5.0 (compatible; DataForSeoBot/1.0; +https://dataforseo.com/dataforseo-bot)" "mantech8.com"
185.191.171.23 - - [22/Sep/2022:17:33:40 -0700] "GET /?camp-fire%2F42370251.html HTTP/1.1" 500 - "-" "Mozilla/5.0 (compatible; SemrushBot/7~bl; +http://www.semrush.com/bot.html)" "mantech8.com"
207.46.13.104 - - [22/Sep/2022:17:33:40 -0700] "GET /index.php/sitemap321.xml HTTP/1.1" 200 252356 "-" "Mozilla/5.0 (compatible; bingbot/2.0; +http://www.bing.com/bingbot.htm)" "mantech8.com"
207.46.13.104 - - [22/Sep/2022:17:33:42 -0700] "GET /index.php/sitemap3113.xml HTTP/1.1" 200 345131 "-" "Mozilla/5.0 (compatible; bingbot/2.0; +http://www.bing.com/bingbot.htm)" "mantech8.com"
136.243.220.213 - - [22/Sep/2022:17:33:48 -0700] "GET /?camp-fire/4555978.html HTTP/1.1" 500 - "-" "Mozilla/5.0 (compatible; DataForSeoBot/1.0; +https://dataforseo.com/dataforseo-bot)" "mantech8.com"
185.191.171.4 - - [22/Sep/2022:17:33:48 -0700] "GET /?camp-fire%2F20826635.html HTTP/1.1" 500 - "-" "Mozilla/5.0 (compatible; SemrushBot/7~bl; +http://www.semrush.com/bot.html)" "mantech8.com"
136.243.220.213 - - [22/Sep/2022:17:33:53 -0700] "GET /?camp-fire/5720196.html HTTP/1.1" 500 - "-" "Mozilla/5.0 (compatible; DataForSeoBot/1.0; +https://dataforseo.com/dataforseo-bot)" "mantech8.com"
136.243.220.213 - - [22/Sep/2022:17:33:57 -0700] "GET /?camp-fire/11627690.html HTTP/1.1" 500 - "-" "Mozilla/5.0 (compatible; DataForSeoBot/1.0; +https://dataforseo.com/dataforseo-bot)" "mantech8.com"
40.77.167.11 - - [22/Sep/2022:17:33:59 -0700] "GET /?dehydrochlorinases.xml HTTP/1.1" 200 279439 "-" "Mozilla/5.0 AppleWebKit/537.36 (KHTML, like Gecko; compatible; bingbot/2.0; +http://www.bing.com/bingbot.htm) Chrome/103.0.5060.134 Safari/537.36" "mantech8.com"
136.243.220.213 - - [22/Sep/2022:17:34:01 -0700] "GET /?camp-fire/34546316.html HTTP/1.1" 500 - "-" "Mozilla/5.0 (compatible; DataForSeoBot/1.0; +https://dataforseo.com/dataforseo-bot)" "mantech8.com"
136.243.220.213 - - [22/Sep/2022:17:34:06 -0700] "GET /?camp-fire/26494206.html HTTP/1.1" 500 - "-" "Mozilla/5.0 (compatible; DataForSeoBot/1.0; +https://dataforseo.com/dataforseo-bot)" "mantech8.com"
136.243.220.213 - - [22/Sep/2022:17:34:10 -0700] "GET /?camp-fire/16605556.html HTTP/1.1" 500 - "-" "Mozilla/5.0 (compatible; DataForSeoBot/1.0; +https://dataforseo.com/dataforseo-bot)" "mantech8.com"
136.243.220.213 - - [22/Sep/2022:17:34:14 -0700] "GET /?camp-fire/39546772.html HTTP/1.1" 500 - "-" "Mozilla/5.0 (compatible; DataForSeoBot/1.0; +https://dataforseo.com/dataforseo-bot)" "mantech8.com"
136.243.220.213 - - [22/Sep/2022:17:34:18 -0700] "GET /?camp-fire/40286692.html HTTP/1.1" 500 - "-" "Mozilla/5.0 (compatible; DataForSeoBot/1.0; +https://dataforseo.com/dataforseo-bot)" "mantech8.com"
136.243.220.213 - - [22/Sep/2022:17:34:22 -0700] "GET /?camp-fire/28897326.html HTTP/1.1" 500 - "-" "Mozilla/5.0 (compatible; DataForSeoBot/1.0; +https://dataforseo.com/dataforseo-bot)" "mantech8.com"
136.243.220.213 - - [22/Sep/2022:17:34:26 -0700] "GET /?camp-fire/29880464.html HTTP/1.1" 500 - "-" "Mozilla/5.0 (compatible; DataForSeoBot/1.0; +https://dataforseo.com/dataforseo-bot)" "mantech8.com"
136.243.220.213 - - [22/Sep/2022:17:34:27 -0700] "GET /?camp-fire/19037280.html HTTP/1.1" 500 - "-" "Mozilla/5.0 (compatible; DataForSeoBot/1.0; +https://dataforseo.com/dataforseo-bot)" "mantech8.com"
185.191.171.21 - - [22/Sep/2022:17:34:30 -0700] "GET /?camp-fire%2F25257533.html HTTP/1.1" 500 - "-" "Mozilla/5.0 (compatible; SemrushBot/7~bl; +http://www.semrush.com/bot.html)" "mantech8.com"
136.243.220.213 - - [22/Sep/2022:17:34:32 -0700] "GET /?camp-fire/16250987.html HTTP/1.1" 500 - "-" "Mozilla/5.0 (compatible; DataForSeoBot/1.0; +https://dataforseo.com/dataforseo-bot)" "mantech8.com"
136.243.220.213 - - [22/Sep/2022:17:34:34 -0700] "GET /?camp-fire/35077359.html HTTP/1.1" 500 - "-" "Mozilla/5.0 (compatible; DataForSeoBot/1.0; +https://dataforseo.com/dataforseo-bot)" "mantech8.com"
185.191.171.22 - - [22/Sep/2022:17:34:38 -0700] "GET /?camp-fire%2F27347897.html HTTP/1.1" 500 - "-" "Mozilla/5.0 (compatible; SemrushBot/7~bl; +http://www.semrush.com/bot.html)" "mantech8.com"
