185.191.171.41 - - [20/Sep/2022:21:10:32 -0700] "GET /?camp-fire%2F39895676.html HTTP/1.1" 500 - "-" "Mozilla/5.0 (compatible; SemrushBot/7~bl; +http://www.semrush.com/bot.html)" "mantech8.com"
136.243.220.213 - - [20/Sep/2022:21:10:32 -0700] "GET /?camp-fire/3034500.html HTTP/1.1" 500 - "-" "Mozilla/5.0 (compatible; DataForSeoBot/1.0; +https://dataforseo.com/dataforseo-bot)" "mantech8.com"
185.191.171.1 - - [20/Sep/2022:21:10:33 -0700] "GET /?camp-fire%2F10195190.html HTTP/1.1" 500 - "-" "Mozilla/5.0 (compatible; SemrushBot/7~bl; +http://www.semrush.com/bot.html)" "mantech8.com"
136.243.220.213 - - [20/Sep/2022:21:10:36 -0700] "GET /?camp-fire/5873465.html HTTP/1.1" 500 - "-" "Mozilla/5.0 (compatible; DataForSeoBot/1.0; +https://dataforseo.com/dataforseo-bot)" "mantech8.com"
136.243.220.213 - - [20/Sep/2022:21:10:40 -0700] "GET /?camp-fire/35218893.html HTTP/1.1" 500 - "-" "Mozilla/5.0 (compatible; DataForSeoBot/1.0; +https://dataforseo.com/dataforseo-bot)" "mantech8.com"
136.243.220.213 - - [20/Sep/2022:21:10:44 -0700] "GET /?camp-fire/9391421.html HTTP/1.1" 500 - "-" "Mozilla/5.0 (compatible; DataForSeoBot/1.0; +https://dataforseo.com/dataforseo-bot)" "mantech8.com"
136.243.220.213 - - [20/Sep/2022:21:10:48 -0700] "GET /?camp-fire/36808125.html HTTP/1.1" 500 - "-" "Mozilla/5.0 (compatible; DataForSeoBot/1.0; +https://dataforseo.com/dataforseo-bot)" "mantech8.com"
136.243.220.213 - - [20/Sep/2022:21:10:49 -0700] "GET /?camp-fire/11953490.html HTTP/1.1" 500 - "-" "Mozilla/5.0 (compatible; DataForSeoBot/1.0; +https://dataforseo.com/dataforseo-bot)" "mantech8.com"
185.191.171.37 - - [20/Sep/2022:21:10:51 -0700] "GET /?camp-fire%2F11484709.html HTTP/1.1" 500 - "-" "Mozilla/5.0 (compatible; SemrushBot/7~bl; +http://www.semrush.com/bot.html)" "mantech8.com"
136.243.220.213 - - [20/Sep/2022:21:10:54 -0700] "GET /?camp-fire/6047796.html HTTP/1.1" 500 - "-" "Mozilla/5.0 (compatible; DataForSeoBot/1.0; +https://dataforseo.com/dataforseo-bot)" "mantech8.com"
136.243.220.213 - - [20/Sep/2022:21:10:55 -0700] "GET /?camp-fire/30609566.html HTTP/1.1" 500 - "-" "Mozilla/5.0 (compatible; DataForSeoBot/1.0; +https://dataforseo.com/dataforseo-bot)" "mantech8.com"
136.243.220.213 - - [20/Sep/2022:21:10:59 -0700] "GET /?camp-fire/29748971.html HTTP/1.1" 500 - "-" "Mozilla/5.0 (compatible; DataForSeoBot/1.0; +https://dataforseo.com/dataforseo-bot)" "mantech8.com"
136.243.220.213 - - [20/Sep/2022:21:11:03 -0700] "GET /?camp-fire/34872716.html HTTP/1.1" 500 - "-" "Mozilla/5.0 (compatible; DataForSeoBot/1.0; +https://dataforseo.com/dataforseo-bot)" "mantech8.com"
136.243.220.213 - - [20/Sep/2022:21:11:07 -0700] "GET /?camp-fire/5649174.html HTTP/1.1" 500 - "-" "Mozilla/5.0 (compatible; DataForSeoBot/1.0; +https://dataforseo.com/dataforseo-bot)" "mantech8.com"
136.243.220.213 - - [20/Sep/2022:21:11:09 -0700] "GET /?camp-fire/34278968.html HTTP/1.1" 500 - "-" "Mozilla/5.0 (compatible; DataForSeoBot/1.0; +https://dataforseo.com/dataforseo-bot)" "mantech8.com"
136.243.220.213 - - [20/Sep/2022:21:11:13 -0700] "GET /?camp-fire/18321965.html HTTP/1.1" 500 - "-" "Mozilla/5.0 (compatible; DataForSeoBot/1.0; +https://dataforseo.com/dataforseo-bot)" "mantech8.com"
136.243.220.213 - - [20/Sep/2022:21:11:17 -0700] "GET /?camp-fire/29081397.html HTTP/1.1" 500 - "-" "Mozilla/5.0 (compatible; DataForSeoBot/1.0; +https://dataforseo.com/dataforseo-bot)" "mantech8.com"
136.243.220.213 - - [20/Sep/2022:21:11:21 -0700] "GET /?camp-fire/27834951.html HTTP/1.1" 500 - "-" "Mozilla/5.0 (compatible; DataForSeoBot/1.0; +https://dataforseo.com/dataforseo-bot)" "mantech8.com"
66.84.29.22 - - [20/Sep/2022:21:11:25 -0700] "GET /contact.php HTTP/1.1" 200 29238 "http://mantech8.com/contact.php" "Mozilla/5.0 (Windows NT 10.0; WOW64) AppleWebKit/537.36 (KHTML, like Gecko) Chrome/90.0.4400.8 Safari/537.36" "mantech8.com"
136.243.220.213 - - [20/Sep/2022:21:11:25 -0700] "GET /?camp-fire/33670230.html HTTP/1.1" 500 - "-" "Mozilla/5.0 (compatible; DataForSeoBot/1.0; +https://dataforseo.com/dataforseo-bot)" "mantech8.com"
136.243.220.213 - - [20/Sep/2022:21:11:29 -0700] "GET /?camp-fire/5973685.html HTTP/1.1" 500 - "-" "Mozilla/5.0 (compatible; DataForSeoBot/1.0; +https://dataforseo.com/dataforseo-bot)" "mantech8.com"
66.84.29.22 - - [20/Sep/2022:21:11:31 -0700] "POST /mailer.php HTTP/1.1" 500 - "http://mantech8.com/contact.php" "Mozilla/5.0 (Windows NT 10.0; WOW64) AppleWebKit/537.36 (KHTML, like Gecko) Chrome/90.0.4400.8 Safari/537.36" "mantech8.com"
136.243.220.213 - - [20/Sep/2022:21:11:33 -0700] "GET /?camp-fire/3172853.html HTTP/1.1" 500 - "-" "Mozilla/5.0 (compatible; DataForSeoBot/1.0; +https://dataforseo.com/dataforseo-bot)" "mantech8.com"
136.243.220.213 - - [20/Sep/2022:21:11:37 -0700] "GET /?camp-fire/17098065.html HTTP/1.1" 500 - "-" "Mozilla/5.0 (compatible; DataForSeoBot/1.0; +https://dataforseo.com/dataforseo-bot)" "mantech8.com"
136.243.220.213 - - [20/Sep/2022:21:11:41 -0700] "GET /?camp-fire/43180171.html HTTP/1.1" 500 - "-" "Mozilla/5.0 (compatible; DataForSeoBot/1.0; +https://dataforseo.com/dataforseo-bot)" "mantech8.com"
136.243.220.213 - - [20/Sep/2022:21:11:45 -0700] "GET /?camp-fire/11954290.html HTTP/1.1" 500 - "-" "Mozilla/5.0 (compatible; DataForSeoBot/1.0; +https://dataforseo.com/dataforseo-bot)" "mantech8.com"
136.243.220.213 - - [20/Sep/2022:21:11:50 -0700] "GET /?camp-fire/6046596.html HTTP/1.1" 500 - "-" "Mozilla/5.0 (compatible; DataForSeoBot/1.0; +https://dataforseo.com/dataforseo-bot)" "mantech8.com"
136.243.220.213 - - [20/Sep/2022:21:11:51 -0700] "GET /?camp-fire/19778481.html HTTP/1.1" 500 - "-" "Mozilla/5.0 (compatible; DataForSeoBot/1.0; +https://dataforseo.com/dataforseo-bot)" "mantech8.com"
136.243.220.213 - - [20/Sep/2022:21:11:52 -0700] "GET /?camp-fire/9390421.html HTTP/1.1" 500 - "-" "Mozilla/5.0 (compatible; DataForSeoBot/1.0; +https://dataforseo.com/dataforseo-bot)" "mantech8.com"
136.243.220.213 - - [20/Sep/2022:21:11:56 -0700] "GET /?camp-fire/40606517.html HTTP/1.1" 500 - "-" "Mozilla/5.0 (compatible; DataForSeoBot/1.0; +https://dataforseo.com/dataforseo-bot)" "mantech8.com"
185.191.171.37 - - [20/Sep/2022:21:12:00 -0700] "GET /?camp-fire%2F84777777.html HTTP/1.1" 500 - "-" "Mozilla/5.0 (compatible; SemrushBot/7~bl; +http://www.semrush.com/bot.html)" "mantech8.com"
136.243.220.213 - - [20/Sep/2022:21:12:01 -0700] "GET /?camp-fire/19364080.html HTTP/1.1" 500 - "-" "Mozilla/5.0 (compatible; DataForSeoBot/1.0; +https://dataforseo.com/dataforseo-bot)" "mantech8.com"
136.243.220.213 - - [20/Sep/2022:21:12:04 -0700] "GET /?camp-fire/19364680.html HTTP/1.1" 500 - "-" "Mozilla/5.0 (compatible; DataForSeoBot/1.0; +https://dataforseo.com/dataforseo-bot)" "mantech8.com"
136.243.220.213 - - [20/Sep/2022:21:12:08 -0700] "GET /?camp-fire/43841049.html HTTP/1.1" 500 - "-" "Mozilla/5.0 (compatible; DataForSeoBot/1.0; +https://dataforseo.com/dataforseo-bot)" "mantech8.com"
136.243.220.213 - - [20/Sep/2022:21:12:12 -0700] "GET /?camp-fire/29365371.html HTTP/1.1" 500 - "-" "Mozilla/5.0 (compatible; DataForSeoBot/1.0; +https://dataforseo.com/dataforseo-bot)" "mantech8.com"
136.243.220.213 - - [20/Sep/2022:21:12:16 -0700] "GET /?camp-fire/39873772.html HTTP/1.1" 500 - "-" "Mozilla/5.0 (compatible; DataForSeoBot/1.0; +https://dataforseo.com/dataforseo-bot)" "mantech8.com"
136.243.220.213 - - [20/Sep/2022:21:12:20 -0700] "GET /?camp-fire/35403759.html HTTP/1.1" 500 - "-" "Mozilla/5.0 (compatible; DataForSeoBot/1.0; +https://dataforseo.com/dataforseo-bot)" "mantech8.com"
136.243.220.213 - - [20/Sep/2022:21:12:24 -0700] "GET /?camp-fire/35454108.html HTTP/1.1" 500 - "-" "Mozilla/5.0 (compatible; DataForSeoBot/1.0; +https://dataforseo.com/dataforseo-bot)" "mantech8.com"
136.243.220.213 - - [20/Sep/2022:21:12:28 -0700] "GET /?camp-fire/16285224.html HTTP/1.1" 500 - "-" "Mozilla/5.0 (compatible; DataForSeoBot/1.0; +https://dataforseo.com/dataforseo-bot)" "mantech8.com"
136.243.220.213 - - [20/Sep/2022:21:12:32 -0700] "GET /?camp-fire/35219093.html HTTP/1.1" 500 - "-" "Mozilla/5.0 (compatible; DataForSeoBot/1.0; +https://dataforseo.com/dataforseo-bot)" "mantech8.com"
136.243.220.213 - - [20/Sep/2022:21:12:33 -0700] "GET /?camp-fire/3024629.html HTTP/1.1" 500 - "-" "Mozilla/5.0 (compatible; DataForSeoBot/1.0; +https://dataforseo.com/dataforseo-bot)" "mantech8.com"
136.243.220.213 - - [20/Sep/2022:21:12:37 -0700] "GET /?camp-fire/16610372.html HTTP/1.1" 500 - "-" "Mozilla/5.0 (compatible; DataForSeoBot/1.0; +https://dataforseo.com/dataforseo-bot)" "mantech8.com"
136.243.220.213 - - [20/Sep/2022:21:12:41 -0700] "GET /?camp-fire/9391621.html HTTP/1.1" 500 - "-" "Mozilla/5.0 (compatible; DataForSeoBot/1.0; +https://dataforseo.com/dataforseo-bot)" "mantech8.com"
136.243.220.213 - - [20/Sep/2022:21:12:45 -0700] "GET /?camp-fire/6046896.html HTTP/1.1" 500 - "-" "Mozilla/5.0 (compatible; DataForSeoBot/1.0; +https://dataforseo.com/dataforseo-bot)" "mantech8.com"
136.243.220.213 - - [20/Sep/2022:21:12:47 -0700] "GET /?camp-fire/20795732.html HTTP/1.1" 500 - "-" "Mozilla/5.0 (compatible; DataForSeoBot/1.0; +https://dataforseo.com/dataforseo-bot)" "mantech8.com"
65.169.38.73 - - [20/Sep/2022:21:12:49 -0700] "GET /contact.php HTTP/1.1" 200 29238 "http://mantech8.com/contact.php" "Mozilla/5.0 (Windows NT 6.1; Win64; x64) AppleWebKit/537.36 (KHTML, like Gecko) Chrome/90.0.4430.85 Safari/537.36 Edg/90.0.818.49" "mantech8.com"
136.243.220.213 - - [20/Sep/2022:21:12:51 -0700] "GET /?camp-fire/41592702.html HTTP/1.1" 500 - "-" "Mozilla/5.0 (compatible; DataForSeoBot/1.0; +https://dataforseo.com/dataforseo-bot)" "mantech8.com"
65.169.38.73 - - [20/Sep/2022:21:12:54 -0700] "POST /mailer.php HTTP/1.1" 500 - "http://mantech8.com/contact.php" "Mozilla/5.0 (Windows NT 6.1; Win64; x64) AppleWebKit/537.36 (KHTML, like Gecko) Chrome/90.0.4430.85 Safari/537.36 Edg/90.0.818.49" "mantech8.com"
136.243.220.213 - - [20/Sep/2022:21:12:55 -0700] "GET /?camp-fire/25381806.html HTTP/1.1" 500 - "-" "Mozilla/5.0 (compatible; DataForSeoBot/1.0; +https://dataforseo.com/dataforseo-bot)" "mantech8.com"
136.243.220.213 - - [20/Sep/2022:21:12:59 -0700] "GET /?camp-fire/11467383.html HTTP/1.1" 500 - "-" "Mozilla/5.0 (compatible; DataForSeoBot/1.0; +https://dataforseo.com/dataforseo-bot)" "mantech8.com"
136.243.220.213 - - [20/Sep/2022:21:13:03 -0700] "GET /?camp-fire/23398817.html HTTP/1.1" 500 - "-" "Mozilla/5.0 (compatible; DataForSeoBot/1.0; +https://dataforseo.com/dataforseo-bot)" "mantech8.com"
52.34.41.216 - - [20/Sep/2022:21:13:08 -0700] "GET /index.php?camp-fire/72189271.html HTTP/1.1" 500 - "-" "Mozilla/5.0 (Windows NT 6.1; Win64; x64) AppleWebKit/537.36 (KHTML, like Gecko) Chrome/72.0.3626.109 Safari/537.36" "www.mantech8.com"
185.191.171.13 - - [20/Sep/2022:21:13:32 -0700] "GET /?camp-fire%2F11955676.html HTTP/1.1" 500 - "-" "Mozilla/5.0 (compatible; SemrushBot/7~bl; +http://www.semrush.com/bot.html)" "mantech8.com"
185.191.171.41 - - [20/Sep/2022:21:13:45 -0700] "GET /?camp-fire%2F8892208.html HTTP/1.1" 500 - "-" "Mozilla/5.0 (compatible; SemrushBot/7~bl; +http://www.semrush.com/bot.html)" "mantech8.com"
136.243.220.213 - - [20/Sep/2022:21:13:54 -0700] "GET /?camp-fire/34872816.html HTTP/1.1" 500 - "-" "Mozilla/5.0 (compatible; DataForSeoBot/1.0; +https://dataforseo.com/dataforseo-bot)" "mantech8.com"
136.243.220.213 - - [20/Sep/2022:21:13:55 -0700] "GET /?camp-fire/16576787.html HTTP/1.1" 500 - "-" "Mozilla/5.0 (compatible; DataForSeoBot/1.0; +https://dataforseo.com/dataforseo-bot)" "mantech8.com"
136.243.220.213 - - [20/Sep/2022:21:13:56 -0700] "GET /?camp-fire/19301927.html HTTP/1.1" 500 - "-" "Mozilla/5.0 (compatible; DataForSeoBot/1.0; +https://dataforseo.com/dataforseo-bot)" "mantech8.com"
136.243.220.213 - - [20/Sep/2022:21:14:00 -0700] "GET /?camp-fire/19364280.html HTTP/1.1" 500 - "-" "Mozilla/5.0 (compatible; DataForSeoBot/1.0; +https://dataforseo.com/dataforseo-bot)" "mantech8.com"
136.243.220.213 - - [20/Sep/2022:21:14:04 -0700] "GET /?camp-fire/37443150.html HTTP/1.1" 500 - "-" "Mozilla/5.0 (compatible; DataForSeoBot/1.0; +https://dataforseo.com/dataforseo-bot)" "mantech8.com"
136.243.220.213 - - [20/Sep/2022:21:14:08 -0700] "GET /?camp-fire/36808325.html HTTP/1.1" 500 - "-" "Mozilla/5.0 (compatible; DataForSeoBot/1.0; +https://dataforseo.com/dataforseo-bot)" "mantech8.com"
136.243.220.213 - - [20/Sep/2022:21:14:13 -0700] "GET /?camp-fire/33669230.html HTTP/1.1" 500 - "-" "Mozilla/5.0 (compatible; DataForSeoBot/1.0; +https://dataforseo.com/dataforseo-bot)" "mantech8.com"
136.243.220.213 - - [20/Sep/2022:21:14:16 -0700] "GET /?camp-fire/43572203.html HTTP/1.1" 500 - "-" "Mozilla/5.0 (compatible; DataForSeoBot/1.0; +https://dataforseo.com/dataforseo-bot)" "mantech8.com"
136.243.220.213 - - [20/Sep/2022:21:14:20 -0700] "GET /?camp-fire/28570021.html HTTP/1.1" 500 - "-" "Mozilla/5.0 (compatible; DataForSeoBot/1.0; +https://dataforseo.com/dataforseo-bot)" "mantech8.com"
136.243.220.213 - - [20/Sep/2022:21:14:24 -0700] "GET /?camp-fire/7073377.html HTTP/1.1" 500 - "-" "Mozilla/5.0 (compatible; DataForSeoBot/1.0; +https://dataforseo.com/dataforseo-bot)" "mantech8.com"
136.243.220.213 - - [20/Sep/2022:21:14:25 -0700] "GET /?camp-fire/11466583.html HTTP/1.1" 500 - "-" "Mozilla/5.0 (compatible; DataForSeoBot/1.0; +https://dataforseo.com/dataforseo-bot)" "mantech8.com"
136.243.220.213 - - [20/Sep/2022:21:14:30 -0700] "GET /?camp-fire/37488038.html HTTP/1.1" 500 - "-" "Mozilla/5.0 (compatible; DataForSeoBot/1.0; +https://dataforseo.com/dataforseo-bot)" "mantech8.com"
136.243.220.213 - - [20/Sep/2022:21:14:34 -0700] "GET /?camp-fire/30207064.html HTTP/1.1" 500 - "-" "Mozilla/5.0 (compatible; DataForSeoBot/1.0; +https://dataforseo.com/dataforseo-bot)" "mantech8.com"
136.243.220.213 - - [20/Sep/2022:21:14:38 -0700] "GET /?camp-fire/3173253.html HTTP/1.1" 500 - "-" "Mozilla/5.0 (compatible; DataForSeoBot/1.0; +https://dataforseo.com/dataforseo-bot)" "mantech8.com"
136.243.220.213 - - [20/Sep/2022:21:14:42 -0700] "GET /?camp-fire/30026835.html HTTP/1.1" 500 - "-" "Mozilla/5.0 (compatible; DataForSeoBot/1.0; +https://dataforseo.com/dataforseo-bot)" "mantech8.com"
136.243.220.213 - - [20/Sep/2022:21:14:46 -0700] "GET /?camp-fire/19301627.html HTTP/1.1" 500 - "-" "Mozilla/5.0 (compatible; DataForSeoBot/1.0; +https://dataforseo.com/dataforseo-bot)" "mantech8.com"
136.243.220.213 - - [20/Sep/2022:21:14:50 -0700] "GET /?camp-fire/38828578.html HTTP/1.1" 500 - "-" "Mozilla/5.0 (compatible; DataForSeoBot/1.0; +https://dataforseo.com/dataforseo-bot)" "mantech8.com"
136.243.220.213 - - [20/Sep/2022:21:14:54 -0700] "GET /?camp-fire/5037998.html HTTP/1.1" 500 - "-" "Mozilla/5.0 (compatible; DataForSeoBot/1.0; +https://dataforseo.com/dataforseo-bot)" "mantech8.com"
136.243.220.213 - - [20/Sep/2022:21:14:58 -0700] "GET /?camp-fire/29676759.html HTTP/1.1" 500 - "-" "Mozilla/5.0 (compatible; DataForSeoBot/1.0; +https://dataforseo.com/dataforseo-bot)" "mantech8.com"
185.191.171.42 - - [20/Sep/2022:21:15:02 -0700] "GET /?camp-fire%2F6305577.html HTTP/1.1" 500 - "-" "Mozilla/5.0 (compatible; SemrushBot/7~bl; +http://www.semrush.com/bot.html)" "mantech8.com"
136.243.220.213 - - [20/Sep/2022:21:15:02 -0700] "GET /?camp-fire/34321125.html HTTP/1.1" 500 - "-" "Mozilla/5.0 (compatible; DataForSeoBot/1.0; +https://dataforseo.com/dataforseo-bot)" "mantech8.com"
136.243.220.213 - - [20/Sep/2022:21:15:06 -0700] "GET /?camp-fire/28879863.html HTTP/1.1" 500 - "-" "Mozilla/5.0 (compatible; DataForSeoBot/1.0; +https://dataforseo.com/dataforseo-bot)" "mantech8.com"
136.243.220.213 - - [20/Sep/2022:21:15:10 -0700] "GET /?camp-fire/3035000.html HTTP/1.1" 500 - "-" "Mozilla/5.0 (compatible; DataForSeoBot/1.0; +https://dataforseo.com/dataforseo-bot)" "mantech8.com"
185.191.171.17 - - [20/Sep/2022:21:15:12 -0700] "GET /?camp-fire%2F15744765.html HTTP/1.1" 500 - "-" "Mozilla/5.0 (compatible; SemrushBot/7~bl; +http://www.semrush.com/bot.html)" "mantech8.com"
136.243.220.213 - - [20/Sep/2022:21:15:14 -0700] "GET /?camp-fire/33669930.html HTTP/1.1" 500 - "-" "Mozilla/5.0 (compatible; DataForSeoBot/1.0; +https://dataforseo.com/dataforseo-bot)" "mantech8.com"
136.243.220.213 - - [20/Sep/2022:21:15:18 -0700] "GET /?camp-fire/26821506.html HTTP/1.1" 500 - "-" "Mozilla/5.0 (compatible; DataForSeoBot/1.0; +https://dataforseo.com/dataforseo-bot)" "mantech8.com"
136.243.220.213 - - [20/Sep/2022:21:15:22 -0700] "GET /?camp-fire/16970284.html HTTP/1.1" 500 - "-" "Mozilla/5.0 (compatible; DataForSeoBot/1.0; +https://dataforseo.com/dataforseo-bot)" "mantech8.com"
136.243.220.213 - - [20/Sep/2022:21:15:23 -0700] "GET /?camp-fire/39918803.html HTTP/1.1" 500 - "-" "Mozilla/5.0 (compatible; DataForSeoBot/1.0; +https://dataforseo.com/dataforseo-bot)" "mantech8.com"
136.243.220.213 - - [20/Sep/2022:21:15:27 -0700] "GET /?camp-fire/3144290.html HTTP/1.1" 500 - "-" "Mozilla/5.0 (compatible; DataForSeoBot/1.0; +https://dataforseo.com/dataforseo-bot)" "mantech8.com"
136.243.220.213 - - [20/Sep/2022:21:15:31 -0700] "GET /?camp-fire/16285424.html HTTP/1.1" 500 - "-" "Mozilla/5.0 (compatible; DataForSeoBot/1.0; +https://dataforseo.com/dataforseo-bot)" "mantech8.com"
136.243.220.213 - - [20/Sep/2022:21:15:35 -0700] "GET /?camp-fire/43899034.html HTTP/1.1" 500 - "-" "Mozilla/5.0 (compatible; DataForSeoBot/1.0; +https://dataforseo.com/dataforseo-bot)" "mantech8.com"
136.243.220.213 - - [20/Sep/2022:21:15:36 -0700] "GET /?camp-fire/19880261.html HTTP/1.1" 500 - "-" "Mozilla/5.0 (compatible; DataForSeoBot/1.0; +https://dataforseo.com/dataforseo-bot)" "mantech8.com"
136.243.220.213 - - [20/Sep/2022:21:15:41 -0700] "GET /?camp-fire/41592402.html HTTP/1.1" 500 - "-" "Mozilla/5.0 (compatible; DataForSeoBot/1.0; +https://dataforseo.com/dataforseo-bot)" "mantech8.com"
136.243.220.213 - - [20/Sep/2022:21:15:44 -0700] "GET /?camp-fire/6556755.html HTTP/1.1" 500 - "-" "Mozilla/5.0 (compatible; DataForSeoBot/1.0; +https://dataforseo.com/dataforseo-bot)" "mantech8.com"
185.191.171.37 - - [20/Sep/2022:21:15:47 -0700] "GET /?camp-fire%2F41356406.html HTTP/1.1" 500 - "-" "Mozilla/5.0 (compatible; SemrushBot/7~bl; +http://www.semrush.com/bot.html)" "mantech8.com"
136.243.220.213 - - [20/Sep/2022:21:15:48 -0700] "GET /?camp-fire/5649974.html HTTP/1.1" 500 - "-" "Mozilla/5.0 (compatible; DataForSeoBot/1.0; +https://dataforseo.com/dataforseo-bot)" "mantech8.com"
136.243.220.213 - - [20/Sep/2022:21:15:49 -0700] "GET /?camp-fire/9042780.html HTTP/1.1" 500 - "-" "Mozilla/5.0 (compatible; DataForSeoBot/1.0; +https://dataforseo.com/dataforseo-bot)" "mantech8.com"
136.243.220.213 - - [20/Sep/2022:21:15:50 -0700] "GET /?camp-fire/34278768.html HTTP/1.1" 500 - "-" "Mozilla/5.0 (compatible; DataForSeoBot/1.0; +https://dataforseo.com/dataforseo-bot)" "mantech8.com"
136.243.220.213 - - [20/Sep/2022:21:15:54 -0700] "GET /?camp-fire/28570521.html HTTP/1.1" 500 - "-" "Mozilla/5.0 (compatible; DataForSeoBot/1.0; +https://dataforseo.com/dataforseo-bot)" "mantech8.com"
136.243.220.213 - - [20/Sep/2022:21:15:58 -0700] "GET /?camp-fire/2261569.html HTTP/1.1" 500 - "-" "Mozilla/5.0 (compatible; DataForSeoBot/1.0; +https://dataforseo.com/dataforseo-bot)" "mantech8.com"
136.243.220.213 - - [20/Sep/2022:21:16:04 -0700] "GET /?camp-fire/40605517.html HTTP/1.1" 500 - "-" "Mozilla/5.0 (compatible; DataForSeoBot/1.0; +https://dataforseo.com/dataforseo-bot)" "mantech8.com"
136.243.220.213 - - [20/Sep/2022:21:16:08 -0700] "GET /?camp-fire/28570421.html HTTP/1.1" 500 - "-" "Mozilla/5.0 (compatible; DataForSeoBot/1.0; +https://dataforseo.com/dataforseo-bot)" "mantech8.com"
136.243.220.213 - - [20/Sep/2022:21:16:10 -0700] "GET /?camp-fire/43840349.html HTTP/1.1" 500 - "-" "Mozilla/5.0 (compatible; DataForSeoBot/1.0; +https://dataforseo.com/dataforseo-bot)" "mantech8.com"
136.243.220.213 - - [20/Sep/2022:21:16:14 -0700] "GET /?camp-fire/29223526.html HTTP/1.1" 500 - "-" "Mozilla/5.0 (compatible; DataForSeoBot/1.0; +https://dataforseo.com/dataforseo-bot)" "mantech8.com"
185.191.171.37 - - [20/Sep/2022:21:16:17 -0700] "GET /?camp-fire%2F39001835.html HTTP/1.1" 500 - "-" "Mozilla/5.0 (compatible; SemrushBot/7~bl; +http://www.semrush.com/bot.html)" "mantech8.com"
136.243.220.213 - - [20/Sep/2022:21:16:18 -0700] "GET /?camp-fire/19779381.html HTTP/1.1" 500 - "-" "Mozilla/5.0 (compatible; DataForSeoBot/1.0; +https://dataforseo.com/dataforseo-bot)" "mantech8.com"
136.243.220.213 - - [20/Sep/2022:21:16:22 -0700] "GET /?camp-fire/29224626.html HTTP/1.1" 500 - "-" "Mozilla/5.0 (compatible; DataForSeoBot/1.0; +https://dataforseo.com/dataforseo-bot)" "mantech8.com"
185.191.171.18 - - [20/Sep/2022:21:16:25 -0700] "GET /?camp-fire%2F6105596.html HTTP/1.1" 500 - "-" "Mozilla/5.0 (compatible; SemrushBot/7~bl; +http://www.semrush.com/bot.html)" "mantech8.com"
136.243.220.213 - - [20/Sep/2022:21:16:26 -0700] "GET /?camp-fire/18461826.html HTTP/1.1" 500 - "-" "Mozilla/5.0 (compatible; DataForSeoBot/1.0; +https://dataforseo.com/dataforseo-bot)" "mantech8.com"
185.191.171.4 - - [20/Sep/2022:21:16:29 -0700] "GET /?camp-fire%2F69657224.html HTTP/1.1" 500 - "-" "Mozilla/5.0 (compatible; SemrushBot/7~bl; +http://www.semrush.com/bot.html)" "mantech8.com"
136.243.220.213 - - [20/Sep/2022:21:16:31 -0700] "GET /?camp-fire/29748771.html HTTP/1.1" 500 - "-" "Mozilla/5.0 (compatible; DataForSeoBot/1.0; +https://dataforseo.com/dataforseo-bot)" "mantech8.com"
136.243.220.213 - - [20/Sep/2022:21:16:34 -0700] "GET /?camp-fire/34278668.html HTTP/1.1" 500 - "-" "Mozilla/5.0 (compatible; DataForSeoBot/1.0; +https://dataforseo.com/dataforseo-bot)" "mantech8.com"
136.243.220.213 - - [20/Sep/2022:21:16:38 -0700] "GET /?camp-fire/16284624.html HTTP/1.1" 500 - "-" "Mozilla/5.0 (compatible; DataForSeoBot/1.0; +https://dataforseo.com/dataforseo-bot)" "mantech8.com"
136.243.220.213 - - [20/Sep/2022:21:16:39 -0700] "GET /?camp-fire/3173853.html HTTP/1.1" 500 - "-" "Mozilla/5.0 (compatible; DataForSeoBot/1.0; +https://dataforseo.com/dataforseo-bot)" "mantech8.com"
136.243.220.213 - - [20/Sep/2022:21:16:43 -0700] "GET /?camp-fire/26821706.html HTTP/1.1" 500 - "-" "Mozilla/5.0 (compatible; DataForSeoBot/1.0; +https://dataforseo.com/dataforseo-bot)" "mantech8.com"
136.243.220.213 - - [20/Sep/2022:21:16:47 -0700] "GET /?camp-fire/3034800.html HTTP/1.1" 500 - "-" "Mozilla/5.0 (compatible; DataForSeoBot/1.0; +https://dataforseo.com/dataforseo-bot)" "mantech8.com"
136.243.220.213 - - [20/Sep/2022:21:16:51 -0700] "GET /?camp-fire/30610466.html HTTP/1.1" 500 - "-" "Mozilla/5.0 (compatible; DataForSeoBot/1.0; +https://dataforseo.com/dataforseo-bot)" "mantech8.com"
185.191.171.2 - - [20/Sep/2022:21:16:53 -0700] "GET /?camp-fire%2F109532917.html HTTP/1.1" 500 - "-" "Mozilla/5.0 (compatible; SemrushBot/7~bl; +http://www.semrush.com/bot.html)" "mantech8.com"
136.243.220.213 - - [20/Sep/2022:21:16:55 -0700] "GET /?camp-fire/9391121.html HTTP/1.1" 500 - "-" "Mozilla/5.0 (compatible; DataForSeoBot/1.0; +https://dataforseo.com/dataforseo-bot)" "mantech8.com"
87.250.224.78 - - [20/Sep/2022:21:16:57 -0700] "GET /robots.txt HTTP/1.1" 200 26464 "-" "Mozilla/5.0 (compatible; YandexBot/3.0; +http://yandex.com/bots)" "mantech8.com"
136.243.220.213 - - [20/Sep/2022:21:16:59 -0700] "GET /?camp-fire/11953990.html HTTP/1.1" 500 - "-" "Mozilla/5.0 (compatible; DataForSeoBot/1.0; +https://dataforseo.com/dataforseo-bot)" "mantech8.com"
5.255.231.105 - - [20/Sep/2022:21:17:00 -0700] "GET /?sitemap4357.xml HTTP/1.1" 200 250606 "-" "Mozilla/5.0 (compatible; YandexBot/3.0; +http://yandex.com/bots)" "mantech8.com"
136.243.220.213 - - [20/Sep/2022:21:17:03 -0700] "GET /?camp-fire/5973285.html HTTP/1.1" 500 - "-" "Mozilla/5.0 (compatible; DataForSeoBot/1.0; +https://dataforseo.com/dataforseo-bot)" "mantech8.com"
5.45.207.112 - - [20/Sep/2022:21:17:03 -0700] "GET /limunu.xml HTTP/1.1" 404 88 "-" "Mozilla/5.0 (compatible; YandexBot/3.0; +http://yandex.com/bots)" "mantech8.com"
207.46.13.23 - - [20/Sep/2022:21:17:03 -0700] "GET /index.php?sitemap48.xml HTTP/1.1" 200 340341 "-" "Mozilla/5.0 (compatible; bingbot/2.0; +http://www.bing.com/bingbot.htm)" "mantech8.com"
95.108.213.65 - - [20/Sep/2022:21:17:06 -0700] "GET /?successional.xml HTTP/1.1" 200 227493 "-" "Mozilla/5.0 (compatible; YandexBot/3.0; +http://yandex.com/bots)" "mantech8.com"
136.243.220.213 - - [20/Sep/2022:21:17:08 -0700] "GET /?camp-fire/17097565.html HTTP/1.1" 500 - "-" "Mozilla/5.0 (compatible; DataForSeoBot/1.0; +https://dataforseo.com/dataforseo-bot)" "mantech8.com"
5.255.231.116 - - [20/Sep/2022:21:17:09 -0700] "GET /index.php?dejerator.xml HTTP/1.1" 200 253997 "-" "Mozilla/5.0 (compatible; YandexBot/3.0; +http://yandex.com/bots)" "mantech8.com"
87.250.224.29 - - [20/Sep/2022:21:17:12 -0700] "GET /unistrand.xml HTTP/1.1" 404 88 "-" "Mozilla/5.0 (compatible; YandexBot/3.0; +http://yandex.com/bots)" "mantech8.com"
136.243.220.213 - - [20/Sep/2022:21:17:13 -0700] "GET /?camp-fire/28420747.html HTTP/1.1" 500 - "-" "Mozilla/5.0 (compatible; DataForSeoBot/1.0; +https://dataforseo.com/dataforseo-bot)" "mantech8.com"
95.108.213.22 - - [20/Sep/2022:21:17:14 -0700] "GET /?sitemap348.xml HTTP/1.1" 200 261044 "-" "Mozilla/5.0 (compatible; YandexBot/3.0; +http://yandex.com/bots)" "mantech8.com"
136.243.220.213 - - [20/Sep/2022:21:17:17 -0700] "GET /?camp-fire/29364571.html HTTP/1.1" 500 - "-" "Mozilla/5.0 (compatible; DataForSeoBot/1.0; +https://dataforseo.com/dataforseo-bot)" "mantech8.com"
5.255.253.113 - - [20/Sep/2022:21:17:17 -0700] "GET /ravenings.xml HTTP/1.1" 404 88 "-" "Mozilla/5.0 (compatible; YandexBot/3.0; +http://yandex.com/bots)" "mantech8.com"
136.243.220.213 - - [20/Sep/2022:21:17:19 -0700] "GET /?camp-fire/15696359.html HTTP/1.1" 500 - "-" "Mozilla/5.0 (compatible; DataForSeoBot/1.0; +https://dataforseo.com/dataforseo-bot)" "mantech8.com"
5.255.253.142 - - [20/Sep/2022:21:17:19 -0700] "GET /index.php/sitemap306.xml HTTP/1.1" 200 240052 "-" "Mozilla/5.0 (compatible; YandexBot/3.0; +http://yandex.com/bots)" "mantech8.com"
136.243.220.213 - - [20/Sep/2022:21:17:22 -0700] "GET /?camp-fire/42092650.html HTTP/1.1" 500 - "-" "Mozilla/5.0 (compatible; DataForSeoBot/1.0; +https://dataforseo.com/dataforseo-bot)" "mantech8.com"
87.250.224.90 - - [20/Sep/2022:21:17:22 -0700] "GET /index.php?sitemap7.xml HTTP/1.1" 200 273476 "-" "Mozilla/5.0 (compatible; YandexBot/3.0; +http://yandex.com/bots)" "mantech8.com"
136.243.220.213 - - [20/Sep/2022:21:17:22 -0700] "GET /?camp-fire/41662876.html HTTP/1.1" 500 - "-" "Mozilla/5.0 (compatible; DataForSeoBot/1.0; +https://dataforseo.com/dataforseo-bot)" "mantech8.com"
136.243.220.213 - - [20/Sep/2022:21:17:23 -0700] "GET /?camp-fire/29041770.html HTTP/1.1" 500 - "-" "Mozilla/5.0 (compatible; DataForSeoBot/1.0; +https://dataforseo.com/dataforseo-bot)" "mantech8.com"
5.255.231.204 - - [20/Sep/2022:21:17:25 -0700] "GET /index.php/sitemap6270.xml HTTP/1.1" 200 301841 "-" "Mozilla/5.0 (compatible; YandexBot/3.0; +http://yandex.com/bots)" "mantech8.com"
185.191.171.2 - - [20/Sep/2022:21:17:27 -0700] "GET /?camp-fire%2F2040100.html HTTP/1.1" 500 - "-" "Mozilla/5.0 (compatible; SemrushBot/7~bl; +http://www.semrush.com/bot.html)" "mantech8.com"
136.243.220.213 - - [20/Sep/2022:21:17:27 -0700] "GET /?camp-fire/16576287.html HTTP/1.1" 500 - "-" "Mozilla/5.0 (compatible; DataForSeoBot/1.0; +https://dataforseo.com/dataforseo-bot)" "mantech8.com"
5.255.253.169 - - [20/Sep/2022:21:17:28 -0700] "GET /index.php/sitemap71.xml HTTP/1.1" 200 241695 "-" "Mozilla/5.0 (compatible; YandexBot/3.0; +http://yandex.com/bots)" "mantech8.com"
95.108.213.39 - - [20/Sep/2022:21:17:30 -0700] "GET /sitemap1.xml HTTP/1.1" 404 88 "-" "Mozilla/5.0 (compatible; YandexBot/3.0; +http://yandex.com/bots)" "mantech8.com"
136.243.220.213 - - [20/Sep/2022:21:17:31 -0700] "GET /?camp-fire/27835151.html HTTP/1.1" 500 - "-" "Mozilla/5.0 (compatible; DataForSeoBot/1.0; +https://dataforseo.com/dataforseo-bot)" "mantech8.com"
136.243.220.213 - - [20/Sep/2022:21:17:31 -0700] "GET /?camp-fire/42092750.html HTTP/1.1" 500 - "-" "Mozilla/5.0 (compatible; DataForSeoBot/1.0; +https://dataforseo.com/dataforseo-bot)" "mantech8.com"
87.250.224.50 - - [20/Sep/2022:21:17:33 -0700] "GET /index.php/sitemap-index-2.xml HTTP/1.1" 200 5415 "-" "Mozilla/5.0 (compatible; YandexBot/3.0; +http://yandex.com/bots)" "mantech8.com"
95.108.213.22 - - [20/Sep/2022:21:17:35 -0700] "GET /sitemap19.xml HTTP/1.1" 404 88 "-" "Mozilla/5.0 (compatible; YandexBot/3.0; +http://yandex.com/bots)" "mantech8.com"
136.243.220.213 - - [20/Sep/2022:21:17:35 -0700] "GET /?camp-fire/22556135.html HTTP/1.1" 500 - "-" "Mozilla/5.0 (compatible; DataForSeoBot/1.0; +https://dataforseo.com/dataforseo-bot)" "mantech8.com"
87.250.224.69 - - [20/Sep/2022:21:17:37 -0700] "GET /index.php?sitemap445.xml HTTP/1.1" 200 239697 "-" "Mozilla/5.0 (compatible; YandexBot/3.0; +http://yandex.com/bots)" "mantech8.com"
136.243.220.213 - - [20/Sep/2022:21:17:39 -0700] "GET /?camp-fire/27834851.html HTTP/1.1" 500 - "-" "Mozilla/5.0 (compatible; DataForSeoBot/1.0; +https://dataforseo.com/dataforseo-bot)" "mantech8.com"
213.180.203.87 - - [20/Sep/2022:21:17:40 -0700] "GET /index.php/sitemap306.xml HTTP/1.1" 200 297920 "-" "Mozilla/5.0 (compatible; YandexBot/3.0; +http://yandex.com/bots)" "mantech8.com"
136.243.220.213 - - [20/Sep/2022:21:17:43 -0700] "GET /?camp-fire/35453308.html HTTP/1.1" 500 - "-" "Mozilla/5.0 (compatible; DataForSeoBot/1.0; +https://dataforseo.com/dataforseo-bot)" "mantech8.com"
40.77.167.27 - - [20/Sep/2022:21:17:44 -0700] "GET /?qiaojis.xml HTTP/1.1" 200 226109 "-" "Mozilla/5.0 AppleWebKit/537.36 (KHTML, like Gecko; compatible; bingbot/2.0; +http://www.bing.com/bingbot.htm) Chrome/103.0.5060.134 Safari/537.36" "mantech8.com"
136.243.220.213 - - [20/Sep/2022:21:17:47 -0700] "GET /?camp-fire/6557655.html HTTP/1.1" 500 - "-" "Mozilla/5.0 (compatible; DataForSeoBot/1.0; +https://dataforseo.com/dataforseo-bot)" "mantech8.com"
136.243.220.213 - - [20/Sep/2022:21:17:51 -0700] "GET /?camp-fire/43180371.html HTTP/1.1" 500 - "-" "Mozilla/5.0 (compatible; DataForSeoBot/1.0; +https://dataforseo.com/dataforseo-bot)" "mantech8.com"
136.243.220.213 - - [20/Sep/2022:21:17:55 -0700] "GET /?camp-fire/35575108.html HTTP/1.1" 500 - "-" "Mozilla/5.0 (compatible; DataForSeoBot/1.0; +https://dataforseo.com/dataforseo-bot)" "mantech8.com"
136.243.220.213 - - [20/Sep/2022:21:17:59 -0700] "GET /?camp-fire/30207164.html HTTP/1.1" 500 - "-" "Mozilla/5.0 (compatible; DataForSeoBot/1.0; +https://dataforseo.com/dataforseo-bot)" "mantech8.com"
136.243.220.213 - - [20/Sep/2022:21:18:00 -0700] "GET /?camp-fire/22556435.html HTTP/1.1" 500 - "-" "Mozilla/5.0 (compatible; DataForSeoBot/1.0; +https://dataforseo.com/dataforseo-bot)" "mantech8.com"
136.243.220.213 - - [20/Sep/2022:21:18:04 -0700] "GET /?camp-fire/5973785.html HTTP/1.1" 500 - "-" "Mozilla/5.0 (compatible; DataForSeoBot/1.0; +https://dataforseo.com/dataforseo-bot)" "mantech8.com"
136.243.220.213 - - [20/Sep/2022:21:18:08 -0700] "GET /?camp-fire/20796732.html HTTP/1.1" 500 - "-" "Mozilla/5.0 (compatible; DataForSeoBot/1.0; +https://dataforseo.com/dataforseo-bot)" "mantech8.com"
136.243.220.213 - - [20/Sep/2022:21:18:12 -0700] "GET /?camp-fire/39918503.html HTTP/1.1" 500 - "-" "Mozilla/5.0 (compatible; DataForSeoBot/1.0; +https://dataforseo.com/dataforseo-bot)" "mantech8.com"
136.243.220.213 - - [20/Sep/2022:21:18:17 -0700] "GET /?camp-fire/41591902.html HTTP/1.1" 500 - "-" "Mozilla/5.0 (compatible; DataForSeoBot/1.0; +https://dataforseo.com/dataforseo-bot)" "mantech8.com"
185.191.171.8 - - [20/Sep/2022:21:18:17 -0700] "GET /?camp-fire%2F32899551.html HTTP/1.1" 500 - "-" "Mozilla/5.0 (compatible; SemrushBot/7~bl; +http://www.semrush.com/bot.html)" "mantech8.com"
136.243.220.213 - - [20/Sep/2022:21:18:20 -0700] "GET /?camp-fire/17283146.html HTTP/1.1" 500 - "-" "Mozilla/5.0 (compatible; DataForSeoBot/1.0; +https://dataforseo.com/dataforseo-bot)" "mantech8.com"
136.243.220.213 - - [20/Sep/2022:21:18:22 -0700] "GET /?camp-fire/11466783.html HTTP/1.1" 500 - "-" "Mozilla/5.0 (compatible; DataForSeoBot/1.0; +https://dataforseo.com/dataforseo-bot)" "mantech8.com"
136.243.220.213 - - [20/Sep/2022:21:18:22 -0700] "GET /?camp-fire/36807625.html HTTP/1.1" 500 - "-" "Mozilla/5.0 (compatible; DataForSeoBot/1.0; +https://dataforseo.com/dataforseo-bot)" "mantech8.com"
136.243.220.213 - - [20/Sep/2022:21:18:23 -0700] "GET /?camp-fire/30610366.html HTTP/1.1" 500 - "-" "Mozilla/5.0 (compatible; DataForSeoBot/1.0; +https://dataforseo.com/dataforseo-bot)" "mantech8.com"
136.243.220.213 - - [20/Sep/2022:21:18:24 -0700] "GET /?camp-fire/9405708.html HTTP/1.1" 500 - "-" "Mozilla/5.0 (compatible; DataForSeoBot/1.0; +https://dataforseo.com/dataforseo-bot)" "mantech8.com"
185.191.171.9 - - [20/Sep/2022:21:18:27 -0700] "GET /?camp-fire%2F31018470.html HTTP/1.1" 500 - "-" "Mozilla/5.0 (compatible; SemrushBot/7~bl; +http://www.semrush.com/bot.html)" "mantech8.com"
136.243.220.213 - - [20/Sep/2022:21:18:28 -0700] "GET /?camp-fire/40613992.html HTTP/1.1" 500 - "-" "Mozilla/5.0 (compatible; DataForSeoBot/1.0; +https://dataforseo.com/dataforseo-bot)" "mantech8.com"
5.255.253.142 - - [20/Sep/2022:21:18:31 -0700] "GET /index.php/sitemap3640.xml HTTP/1.1" 200 248036 "-" "Mozilla/5.0 (compatible; YandexBot/3.0; +http://yandex.com/bots)" "mantech8.com"
136.243.220.213 - - [20/Sep/2022:21:18:32 -0700] "GET /?camp-fire/19364180.html HTTP/1.1" 500 - "-" "Mozilla/5.0 (compatible; DataForSeoBot/1.0; +https://dataforseo.com/dataforseo-bot)" "mantech8.com"
185.191.171.4 - - [20/Sep/2022:21:18:32 -0700] "GET /?camp-fire%2F30172066.html HTTP/1.1" 500 - "-" "Mozilla/5.0 (compatible; SemrushBot/7~bl; +http://www.semrush.com/bot.html)" "mantech8.com"
77.75.79.31 - - [20/Sep/2022:21:18:34 -0700] "GET /sitemap215.xml HTTP/1.1" 404 88 "-" "Mozilla/5.0 (compatible; SeznamBot/4.0-RC1; +http://napoveda.seznam.cz/seznambot-intro/)" "mantech8.com"
136.243.220.213 - - [20/Sep/2022:21:18:36 -0700] "GET /?camp-fire/2914972.html HTTP/1.1" 500 - "-" "Mozilla/5.0 (compatible; DataForSeoBot/1.0; +https://dataforseo.com/dataforseo-bot)" "mantech8.com"
95.108.213.65 - - [20/Sep/2022:21:18:36 -0700] "GET /index.php/sitemap2364.xml HTTP/1.1" 200 282793 "-" "Mozilla/5.0 (compatible; YandexBot/3.0; +http://yandex.com/bots)" "mantech8.com"
87.250.224.98 - - [20/Sep/2022:21:18:38 -0700] "GET /index.php/sitemap2364.xml HTTP/1.1" 200 262020 "-" "Mozilla/5.0 (compatible; YandexBot/3.0; +http://yandex.com/bots)" "mantech8.com"
136.243.220.213 - - [20/Sep/2022:21:18:40 -0700] "GET /?camp-fire/44609334.html HTTP/1.1" 500 - "-" "Mozilla/5.0 (compatible; DataForSeoBot/1.0; +https://dataforseo.com/dataforseo-bot)" "mantech8.com"
136.243.220.213 - - [20/Sep/2022:21:18:45 -0700] "GET /?camp-fire/6047496.html HTTP/1.1" 500 - "-" "Mozilla/5.0 (compatible; DataForSeoBot/1.0; +https://dataforseo.com/dataforseo-bot)" "mantech8.com"
136.243.220.213 - - [20/Sep/2022:21:18:48 -0700] "GET /?camp-fire/9043480.html HTTP/1.1" 500 - "-" "Mozilla/5.0 (compatible; DataForSeoBot/1.0; +https://dataforseo.com/dataforseo-bot)" "mantech8.com"
136.243.220.213 - - [20/Sep/2022:21:18:52 -0700] "GET /?camp-fire/5874365.html HTTP/1.1" 500 - "-" "Mozilla/5.0 (compatible; DataForSeoBot/1.0; +https://dataforseo.com/dataforseo-bot)" "mantech8.com"
87.250.224.51 - - [20/Sep/2022:21:18:54 -0700] "GET /index.php/sitemap5772.xml HTTP/1.1" 200 254054 "-" "Mozilla/5.0 (compatible; YandexBot/3.0; +http://yandex.com/bots)" "mantech8.com"
136.243.220.213 - - [20/Sep/2022:21:18:56 -0700] "GET /?camp-fire/40816735.html HTTP/1.1" 500 - "-" "Mozilla/5.0 (compatible; DataForSeoBot/1.0; +https://dataforseo.com/dataforseo-bot)" "mantech8.com"
87.250.224.78 - - [20/Sep/2022:21:18:57 -0700] "GET /index.php/sitemap618.xml HTTP/1.1" 200 317814 "-" "Mozilla/5.0 (compatible; YandexBot/3.0; +http://yandex.com/bots)" "mantech8.com"
136.243.220.213 - - [20/Sep/2022:21:19:00 -0700] "GET /?camp-fire/33669330.html HTTP/1.1" 500 - "-" "Mozilla/5.0 (compatible; DataForSeoBot/1.0; +https://dataforseo.com/dataforseo-bot)" "mantech8.com"
136.243.220.213 - - [20/Sep/2022:21:19:04 -0700] "GET /?camp-fire/22556935.html HTTP/1.1" 500 - "-" "Mozilla/5.0 (compatible; DataForSeoBot/1.0; +https://dataforseo.com/dataforseo-bot)" "mantech8.com"
136.243.220.213 - - [20/Sep/2022:21:19:08 -0700] "GET /?camp-fire/15696459.html HTTP/1.1" 500 - "-" "Mozilla/5.0 (compatible; DataForSeoBot/1.0; +https://dataforseo.com/dataforseo-bot)" "mantech8.com"
136.243.220.213 - - [20/Sep/2022:21:19:12 -0700] "GET /?camp-fire/29082297.html HTTP/1.1" 500 - "-" "Mozilla/5.0 (compatible; DataForSeoBot/1.0; +https://dataforseo.com/dataforseo-bot)" "mantech8.com"
136.243.220.213 - - [20/Sep/2022:21:19:16 -0700] "GET /?camp-fire/22557135.html HTTP/1.1" 500 - "-" "Mozilla/5.0 (compatible; DataForSeoBot/1.0; +https://dataforseo.com/dataforseo-bot)" "mantech8.com"
136.243.220.213 - - [20/Sep/2022:21:19:20 -0700] "GET /?camp-fire/2260969.html HTTP/1.1" 500 - "-" "Mozilla/5.0 (compatible; DataForSeoBot/1.0; +https://dataforseo.com/dataforseo-bot)" "mantech8.com"
136.243.220.213 - - [20/Sep/2022:21:19:24 -0700] "GET /?camp-fire/28569721.html HTTP/1.1" 500 - "-" "Mozilla/5.0 (compatible; DataForSeoBot/1.0; +https://dataforseo.com/dataforseo-bot)" "mantech8.com"
136.243.220.213 - - [20/Sep/2022:21:19:25 -0700] "GET /?camp-fire/5649774.html HTTP/1.1" 500 - "-" "Mozilla/5.0 (compatible; DataForSeoBot/1.0; +https://dataforseo.com/dataforseo-bot)" "mantech8.com"
136.243.220.213 - - [20/Sep/2022:21:19:30 -0700] "GET /?camp-fire/33669530.html HTTP/1.1" 500 - "-" "Mozilla/5.0 (compatible; DataForSeoBot/1.0; +https://dataforseo.com/dataforseo-bot)" "mantech8.com"
185.191.171.20 - - [20/Sep/2022:21:19:30 -0700] "GET /?camp-fire%2F39960402.html HTTP/1.1" 500 - "-" "Mozilla/5.0 (compatible; SemrushBot/7~bl; +http://www.semrush.com/bot.html)" "mantech8.com"
136.243.220.213 - - [20/Sep/2022:21:19:33 -0700] "GET /?camp-fire/37443350.html HTTP/1.1" 500 - "-" "Mozilla/5.0 (compatible; DataForSeoBot/1.0; +https://dataforseo.com/dataforseo-bot)" "mantech8.com"
136.243.220.213 - - [20/Sep/2022:21:19:37 -0700] "GET /?camp-fire/36808725.html HTTP/1.1" 500 - "-" "Mozilla/5.0 (compatible; DataForSeoBot/1.0; +https://dataforseo.com/dataforseo-bot)" "mantech8.com"
136.243.220.213 - - [20/Sep/2022:21:19:41 -0700] "GET /?camp-fire/20796232.html HTTP/1.1" 500 - "-" "Mozilla/5.0 (compatible; DataForSeoBot/1.0; +https://dataforseo.com/dataforseo-bot)" "mantech8.com"
66.249.66.23 - - [20/Sep/2022:21:19:44 -0700] "GET /camp-fire/31232713.html HTTP/1.1" 404 88 "-" "Mozilla/5.0 (Linux; Android 6.0.1; Nexus 5X Build/MMB29P) AppleWebKit/537.36 (KHTML, like Gecko) Chrome/105.0.5195.102 Mobile Safari/537.36 (compatible; Googlebot/2.1; +http://www.google.com/bot.html)" "www.mantech8.com"
136.243.220.213 - - [20/Sep/2022:21:19:45 -0700] "GET /?camp-fire/40817535.html HTTP/1.1" 500 - "-" "Mozilla/5.0 (compatible; DataForSeoBot/1.0; +https://dataforseo.com/dataforseo-bot)" "mantech8.com"
136.243.220.213 - - [20/Sep/2022:21:19:49 -0700] "GET /?camp-fire/30026235.html HTTP/1.1" 500 - "-" "Mozilla/5.0 (compatible; DataForSeoBot/1.0; +https://dataforseo.com/dataforseo-bot)" "mantech8.com"
136.243.220.213 - - [20/Sep/2022:21:19:54 -0700] "GET /?camp-fire/5873265.html HTTP/1.1" 500 - "-" "Mozilla/5.0 (compatible; DataForSeoBot/1.0; +https://dataforseo.com/dataforseo-bot)" "mantech8.com"
136.243.220.213 - - [20/Sep/2022:21:19:58 -0700] "GET /?camp-fire/26314030.html HTTP/1.1" 500 - "-" "Mozilla/5.0 (compatible; DataForSeoBot/1.0; +https://dataforseo.com/dataforseo-bot)" "mantech8.com"
136.243.220.213 - - [20/Sep/2022:21:20:02 -0700] "GET /?camp-fire/28420047.html HTTP/1.1" 500 - "-" "Mozilla/5.0 (compatible; DataForSeoBot/1.0; +https://dataforseo.com/dataforseo-bot)" "mantech8.com"
136.243.220.213 - - [20/Sep/2022:21:20:07 -0700] "GET /?camp-fire/41918788.html HTTP/1.1" 500 - "-" "Mozilla/5.0 (compatible; DataForSeoBot/1.0; +https://dataforseo.com/dataforseo-bot)" "mantech8.com"
185.191.171.25 - - [20/Sep/2022:21:20:07 -0700] "GET /?camp-fire%2F15300656.html HTTP/1.1" 500 - "-" "Mozilla/5.0 (compatible; SemrushBot/7~bl; +http://www.semrush.com/bot.html)" "mantech8.com"
136.243.220.213 - - [20/Sep/2022:21:20:10 -0700] "GET /?camp-fire/2053198.html HTTP/1.1" 500 - "-" "Mozilla/5.0 (compatible; DataForSeoBot/1.0; +https://dataforseo.com/dataforseo-bot)" "mantech8.com"
136.243.220.213 - - [20/Sep/2022:21:20:11 -0700] "GET /?camp-fire/5874165.html HTTP/1.1" 500 - "-" "Mozilla/5.0 (compatible; DataForSeoBot/1.0; +https://dataforseo.com/dataforseo-bot)" "mantech8.com"
136.243.220.213 - - [20/Sep/2022:21:20:15 -0700] "GET /?camp-fire/30206764.html HTTP/1.1" 500 - "-" "Mozilla/5.0 (compatible; DataForSeoBot/1.0; +https://dataforseo.com/dataforseo-bot)" "mantech8.com"
185.191.171.15 - - [20/Sep/2022:21:20:17 -0700] "GET /?camp-fire%2F3785198.html HTTP/1.1" 500 - "-" "Mozilla/5.0 (compatible; SemrushBot/7~bl; +http://www.semrush.com/bot.html)" "mantech8.com"
136.243.220.213 - - [20/Sep/2022:21:20:18 -0700] "GET /?camp-fire/25723433.html HTTP/1.1" 500 - "-" "Mozilla/5.0 (compatible; DataForSeoBot/1.0; +https://dataforseo.com/dataforseo-bot)" "mantech8.com"
136.243.220.213 - - [20/Sep/2022:21:20:20 -0700] "GET /?camp-fire/29042770.html HTTP/1.1" 500 - "-" "Mozilla/5.0 (compatible; DataForSeoBot/1.0; +https://dataforseo.com/dataforseo-bot)" "mantech8.com"
136.243.220.213 - - [20/Sep/2022:21:20:24 -0700] "GET /?camp-fire/39918603.html HTTP/1.1" 500 - "-" "Mozilla/5.0 (compatible; DataForSeoBot/1.0; +https://dataforseo.com/dataforseo-bot)" "mantech8.com"
136.243.220.213 - - [20/Sep/2022:21:20:28 -0700] "GET /?camp-fire/18322065.html HTTP/1.1" 500 - "-" "Mozilla/5.0 (compatible; DataForSeoBot/1.0; +https://dataforseo.com/dataforseo-bot)" "mantech8.com"
54.161.98.198 - - [20/Sep/2022:21:20:31 -0700] "GET /index.php?camp-fire/35646240.html HTTP/1.1" 500 - "-" "Mozilla/5.0 (Windows NT 6.1; Win64; x64) AppleWebKit/537.36 (KHTML, like Gecko) Chrome/72.0.3626.109 Safari/537.36" "www.mantech8.com"
136.243.220.213 - - [20/Sep/2022:21:20:32 -0700] "GET /?camp-fire/4165993.html HTTP/1.1" 500 - "-" "Mozilla/5.0 (compatible; DataForSeoBot/1.0; +https://dataforseo.com/dataforseo-bot)" "mantech8.com"
136.243.220.213 - - [20/Sep/2022:21:20:36 -0700] "GET /?camp-fire/29081097.html HTTP/1.1" 500 - "-" "Mozilla/5.0 (compatible; DataForSeoBot/1.0; +https://dataforseo.com/dataforseo-bot)" "mantech8.com"
185.191.171.44 - - [20/Sep/2022:21:20:39 -0700] "GET /?camp-fire%2F51764706.html HTTP/1.1" 500 - "-" "Mozilla/5.0 (compatible; SemrushBot/7~bl; +http://www.semrush.com/bot.html)" "mantech8.com"
136.243.220.213 - - [20/Sep/2022:21:20:40 -0700] "GET /?camp-fire/3144190.html HTTP/1.1" 500 - "-" "Mozilla/5.0 (compatible; DataForSeoBot/1.0; +https://dataforseo.com/dataforseo-bot)" "mantech8.com"
136.243.220.213 - - [20/Sep/2022:21:20:41 -0700] "GET /?camp-fire/35575708.html HTTP/1.1" 500 - "-" "Mozilla/5.0 (compatible; DataForSeoBot/1.0; +https://dataforseo.com/dataforseo-bot)" "mantech8.com"
136.243.220.213 - - [20/Sep/2022:21:20:45 -0700] "GET /?camp-fire/28570321.html HTTP/1.1" 500 - "-" "Mozilla/5.0 (compatible; DataForSeoBot/1.0; +https://dataforseo.com/dataforseo-bot)" "mantech8.com"
124.161.172.38 - - [20/Sep/2022:21:20:46 -0700] "GET /contact.php HTTP/1.1" 200 29238 "http://mantech8.com/contact.php" "Mozilla/5.0 (Windows NT 6.1; WOW64) AppleWebKit/537.36 (KHTML, like Gecko) Chrome/90.0.4430.85 Safari/537.36" "mantech8.com"
136.243.220.213 - - [20/Sep/2022:21:20:49 -0700] "GET /?camp-fire/23398917.html HTTP/1.1" 500 - "-" "Mozilla/5.0 (compatible; DataForSeoBot/1.0; +https://dataforseo.com/dataforseo-bot)" "mantech8.com"
136.243.220.213 - - [20/Sep/2022:21:20:53 -0700] "GET /?camp-fire/16969884.html HTTP/1.1" 500 - "-" "Mozilla/5.0 (compatible; DataForSeoBot/1.0; +https://dataforseo.com/dataforseo-bot)" "mantech8.com"
136.243.220.213 - - [20/Sep/2022:21:21:00 -0700] "GET /?camp-fire/28570621.html HTTP/1.1" 500 - "-" "Mozilla/5.0 (compatible; DataForSeoBot/1.0; +https://dataforseo.com/dataforseo-bot)" "mantech8.com"
136.243.220.213 - - [20/Sep/2022:21:21:01 -0700] "GET /?camp-fire/3136959.html HTTP/1.1" 500 - "-" "Mozilla/5.0 (compatible; DataForSeoBot/1.0; +https://dataforseo.com/dataforseo-bot)" "mantech8.com"
136.243.220.213 - - [20/Sep/2022:21:21:05 -0700] "GET /?camp-fire/3174053.html HTTP/1.1" 500 - "-" "Mozilla/5.0 (compatible; DataForSeoBot/1.0; +https://dataforseo.com/dataforseo-bot)" "mantech8.com"
103.144.42.210 - - [20/Sep/2022:21:21:05 -0700] "GET /contact.php HTTP/1.1" 200 29238 "http://mantech8.com/contact.php" "Mozilla/5.0 (Windows NT 6.1; WOW64) AppleWebKit/537.36 (KHTML, like Gecko) Chrome/90.0.4430.85 Safari/537.36" "mantech8.com"
103.144.42.210 - - [20/Sep/2022:21:21:07 -0700] "POST /mailer.php HTTP/1.1" 500 - "http://mantech8.com/contact.php" "Mozilla/5.0 (Windows NT 6.1; WOW64) AppleWebKit/537.36 (KHTML, like Gecko) Chrome/90.0.4430.85 Safari/537.36" "mantech8.com"
136.243.220.213 - - [20/Sep/2022:21:21:09 -0700] "GET /?camp-fire/43898634.html HTTP/1.1" 500 - "-" "Mozilla/5.0 (compatible; DataForSeoBot/1.0; +https://dataforseo.com/dataforseo-bot)" "mantech8.com"
136.243.220.213 - - [20/Sep/2022:21:21:10 -0700] "GET /?camp-fire/19364780.html HTTP/1.1" 500 - "-" "Mozilla/5.0 (compatible; DataForSeoBot/1.0; +https://dataforseo.com/dataforseo-bot)" "mantech8.com"
136.243.220.213 - - [20/Sep/2022:21:21:14 -0700] "GET /?camp-fire/34321325.html HTTP/1.1" 500 - "-" "Mozilla/5.0 (compatible; DataForSeoBot/1.0; +https://dataforseo.com/dataforseo-bot)" "mantech8.com"
136.243.220.213 - - [20/Sep/2022:21:21:18 -0700] "GET /?camp-fire/16611172.html HTTP/1.1" 500 - "-" "Mozilla/5.0 (compatible; DataForSeoBot/1.0; +https://dataforseo.com/dataforseo-bot)" "mantech8.com"
136.243.220.213 - - [20/Sep/2022:21:21:22 -0700] "GET /?camp-fire/43840749.html HTTP/1.1" 500 - "-" "Mozilla/5.0 (compatible; DataForSeoBot/1.0; +https://dataforseo.com/dataforseo-bot)" "mantech8.com"
40.77.167.27 - - [20/Sep/2022:21:21:25 -0700] "GET /camp-fire/31459765.html HTTP/1.1" 404 88 "-" "Mozilla/5.0 (compatible; bingbot/2.0; +http://www.bing.com/bingbot.htm)" "mantech8.com"
136.243.220.213 - - [20/Sep/2022:21:21:26 -0700] "GET /?camp-fire/28879463.html HTTP/1.1" 500 - "-" "Mozilla/5.0 (compatible; DataForSeoBot/1.0; +https://dataforseo.com/dataforseo-bot)" "mantech8.com"
5.255.231.105 - - [20/Sep/2022:21:21:28 -0700] "GET /index.php/sitemap63.xml HTTP/1.1" 200 275865 "-" "Mozilla/5.0 (compatible; YandexBot/3.0; +http://yandex.com/bots)" "mantech8.com"
136.243.220.213 - - [20/Sep/2022:21:21:30 -0700] "GET /?camp-fire/30609666.html HTTP/1.1" 500 - "-" "Mozilla/5.0 (compatible; DataForSeoBot/1.0; +https://dataforseo.com/dataforseo-bot)" "mantech8.com"
185.191.171.2 - - [20/Sep/2022:21:21:30 -0700] "GET /?camp-fire%2F16728626.html HTTP/1.1" 500 - "-" "Mozilla/5.0 (compatible; SemrushBot/7~bl; +http://www.semrush.com/bot.html)" "mantech8.com"
136.243.220.213 - - [20/Sep/2022:21:21:34 -0700] "GET /?camp-fire/34320625.html HTTP/1.1" 500 - "-" "Mozilla/5.0 (compatible; DataForSeoBot/1.0; +https://dataforseo.com/dataforseo-bot)" "mantech8.com"
136.243.220.213 - - [20/Sep/2022:21:21:38 -0700] "GET /?camp-fire/16285024.html HTTP/1.1" 500 - "-" "Mozilla/5.0 (compatible; DataForSeoBot/1.0; +https://dataforseo.com/dataforseo-bot)" "mantech8.com"
136.243.220.213 - - [20/Sep/2022:21:21:42 -0700] "GET /?camp-fire/23398717.html HTTP/1.1" 500 - "-" "Mozilla/5.0 (compatible; DataForSeoBot/1.0; +https://dataforseo.com/dataforseo-bot)" "mantech8.com"
136.243.220.213 - - [20/Sep/2022:21:21:46 -0700] "GET /?camp-fire/35403559.html HTTP/1.1" 500 - "-" "Mozilla/5.0 (compatible; DataForSeoBot/1.0; +https://dataforseo.com/dataforseo-bot)" "mantech8.com"
136.243.220.213 - - [20/Sep/2022:21:21:48 -0700] "GET /?camp-fire/43180571.html HTTP/1.1" 500 - "-" "Mozilla/5.0 (compatible; DataForSeoBot/1.0; +https://dataforseo.com/dataforseo-bot)" "mantech8.com"
136.243.220.213 - - [20/Sep/2022:21:21:52 -0700] "GET /?camp-fire/29224026.html HTTP/1.1" 500 - "-" "Mozilla/5.0 (compatible; DataForSeoBot/1.0; +https://dataforseo.com/dataforseo-bot)" "mantech8.com"
136.243.220.213 - - [20/Sep/2022:21:21:52 -0700] "GET /?camp-fire/5039098.html HTTP/1.1" 500 - "-" "Mozilla/5.0 (compatible; DataForSeoBot/1.0; +https://dataforseo.com/dataforseo-bot)" "mantech8.com"
136.243.220.213 - - [20/Sep/2022:21:21:57 -0700] "GET /?camp-fire/9405608.html HTTP/1.1" 500 - "-" "Mozilla/5.0 (compatible; DataForSeoBot/1.0; +https://dataforseo.com/dataforseo-bot)" "mantech8.com"
136.243.220.213 - - [20/Sep/2022:21:22:01 -0700] "GET /?camp-fire/2914772.html HTTP/1.1" 500 - "-" "Mozilla/5.0 (compatible; DataForSeoBot/1.0; +https://dataforseo.com/dataforseo-bot)" "mantech8.com"
136.243.220.213 - - [20/Sep/2022:21:22:01 -0700] "GET /?camp-fire/3173953.html HTTP/1.1" 500 - "-" "Mozilla/5.0 (compatible; DataForSeoBot/1.0; +https://dataforseo.com/dataforseo-bot)" "mantech8.com"
136.243.220.213 - - [20/Sep/2022:21:22:02 -0700] "GET /?camp-fire/9565042.html HTTP/1.1" 500 - "-" "Mozilla/5.0 (compatible; DataForSeoBot/1.0; +https://dataforseo.com/dataforseo-bot)" "mantech8.com"
136.243.220.213 - - [20/Sep/2022:21:22:06 -0700] "GET /?camp-fire/22556235.html HTTP/1.1" 500 - "-" "Mozilla/5.0 (compatible; DataForSeoBot/1.0; +https://dataforseo.com/dataforseo-bot)" "mantech8.com"
185.191.171.22 - - [20/Sep/2022:21:22:06 -0700] "GET /?camp-fire%2F1403259.html HTTP/1.1" 500 - "-" "Mozilla/5.0 (compatible; SemrushBot/7~bl; +http://www.semrush.com/bot.html)" "mantech8.com"
136.243.220.213 - - [20/Sep/2022:21:22:10 -0700] "GET /?camp-fire/16610172.html HTTP/1.1" 500 - "-" "Mozilla/5.0 (compatible; DataForSeoBot/1.0; +https://dataforseo.com/dataforseo-bot)" "mantech8.com"
136.243.220.213 - - [20/Sep/2022:21:22:11 -0700] "GET /?camp-fire/39873472.html HTTP/1.1" 500 - "-" "Mozilla/5.0 (compatible; DataForSeoBot/1.0; +https://dataforseo.com/dataforseo-bot)" "mantech8.com"
136.243.220.213 - - [20/Sep/2022:21:22:15 -0700] "GET /?camp-fire/2260669.html HTTP/1.1" 500 - "-" "Mozilla/5.0 (compatible; DataForSeoBot/1.0; +https://dataforseo.com/dataforseo-bot)" "mantech8.com"
