136.243.220.213 - - [18/Sep/2022:22:02:57 -0700] "GET /?camp-fire/14587809.html HTTP/1.1" 500 - "-" "Mozilla/5.0 (compatible; DataForSeoBot/1.0; +https://dataforseo.com/dataforseo-bot)" "mantech8.com"
136.243.220.213 - - [18/Sep/2022:22:03:01 -0700] "GET /?camp-fire/7213565.html HTTP/1.1" 500 - "-" "Mozilla/5.0 (compatible; DataForSeoBot/1.0; +https://dataforseo.com/dataforseo-bot)" "mantech8.com"
136.243.220.213 - - [18/Sep/2022:22:03:05 -0700] "GET /?camp-fire/30420797.html HTTP/1.1" 500 - "-" "Mozilla/5.0 (compatible; DataForSeoBot/1.0; +https://dataforseo.com/dataforseo-bot)" "mantech8.com"
136.243.220.213 - - [18/Sep/2022:22:03:09 -0700] "GET /?camp-fire/7212865.html HTTP/1.1" 500 - "-" "Mozilla/5.0 (compatible; DataForSeoBot/1.0; +https://dataforseo.com/dataforseo-bot)" "mantech8.com"
136.243.220.213 - - [18/Sep/2022:22:03:13 -0700] "GET /?camp-fire/36743459.html HTTP/1.1" 500 - "-" "Mozilla/5.0 (compatible; DataForSeoBot/1.0; +https://dataforseo.com/dataforseo-bot)" "mantech8.com"
136.243.220.213 - - [18/Sep/2022:22:03:17 -0700] "GET /?camp-fire/13634457.html HTTP/1.1" 500 - "-" "Mozilla/5.0 (compatible; DataForSeoBot/1.0; +https://dataforseo.com/dataforseo-bot)" "mantech8.com"
136.243.220.213 - - [18/Sep/2022:22:03:21 -0700] "GET /?camp-fire/7386296.html HTTP/1.1" 500 - "-" "Mozilla/5.0 (compatible; DataForSeoBot/1.0; +https://dataforseo.com/dataforseo-bot)" "mantech8.com"
136.243.220.213 - - [18/Sep/2022:22:03:25 -0700] "GET /?camp-fire/21219561.html HTTP/1.1" 500 - "-" "Mozilla/5.0 (compatible; DataForSeoBot/1.0; +https://dataforseo.com/dataforseo-bot)" "mantech8.com"
136.243.220.213 - - [18/Sep/2022:22:03:29 -0700] "GET /?camp-fire/7896055.html HTTP/1.1" 500 - "-" "Mozilla/5.0 (compatible; DataForSeoBot/1.0; +https://dataforseo.com/dataforseo-bot)" "mantech8.com"
136.243.220.213 - - [18/Sep/2022:22:03:33 -0700] "GET /?camp-fire/44912203.html HTTP/1.1" 500 - "-" "Mozilla/5.0 (compatible; DataForSeoBot/1.0; +https://dataforseo.com/dataforseo-bot)" "mantech8.com"
136.243.220.213 - - [18/Sep/2022:22:03:37 -0700] "GET /?camp-fire/24738217.html HTTP/1.1" 500 - "-" "Mozilla/5.0 (compatible; DataForSeoBot/1.0; +https://dataforseo.com/dataforseo-bot)" "mantech8.com"
185.191.171.8 - - [18/Sep/2022:22:03:41 -0700] "GET /?camp-fire%2F23477978.html HTTP/1.1" 500 - "-" "Mozilla/5.0 (compatible; SemrushBot/7~bl; +http://www.semrush.com/bot.html)" "mantech8.com"
136.243.220.213 - - [18/Sep/2022:22:03:41 -0700] "GET /?camp-fire/36792908.html HTTP/1.1" 500 - "-" "Mozilla/5.0 (compatible; DataForSeoBot/1.0; +https://dataforseo.com/dataforseo-bot)" "mantech8.com"
35.240.203.152 - - [18/Sep/2022:22:03:42 -0700] "GET / HTTP/1.1" 500 - "-" "python-requests/2.28.1" "www.mantech8.com"
35.240.203.152 - - [18/Sep/2022:22:03:43 -0700] "GET / HTTP/1.1" 500 - "-" "python-requests/2.28.1" "www.mantech8.com"
136.243.220.213 - - [18/Sep/2022:22:03:45 -0700] "GET /?camp-fire/31088671.html HTTP/1.1" 500 - "-" "Mozilla/5.0 (compatible; DataForSeoBot/1.0; +https://dataforseo.com/dataforseo-bot)" "mantech8.com"
136.243.220.213 - - [18/Sep/2022:22:03:49 -0700] "GET /?camp-fire/5505593.html HTTP/1.1" 500 - "-" "Mozilla/5.0 (compatible; DataForSeoBot/1.0; +https://dataforseo.com/dataforseo-bot)" "mantech8.com"
185.191.171.3 - - [18/Sep/2022:22:03:51 -0700] "GET /?camp-fire%2F110990235.html HTTP/1.1" 500 - "-" "Mozilla/5.0 (compatible; SemrushBot/7~bl; +http://www.semrush.com/bot.html)" "mantech8.com"
136.243.220.213 - - [18/Sep/2022:22:03:53 -0700] "GET /?camp-fire/4512253.html HTTP/1.1" 500 - "-" "Mozilla/5.0 (compatible; DataForSeoBot/1.0; +https://dataforseo.com/dataforseo-bot)" "mantech8.com"
136.243.220.213 - - [18/Sep/2022:22:03:57 -0700] "GET /?camp-fire/3393198.html HTTP/1.1" 500 - "-" "Mozilla/5.0 (compatible; DataForSeoBot/1.0; +https://dataforseo.com/dataforseo-bot)" "mantech8.com"
136.243.220.213 - - [18/Sep/2022:22:04:01 -0700] "GET /?camp-fire/11248178.html HTTP/1.1" 500 - "-" "Mozilla/5.0 (compatible; DataForSeoBot/1.0; +https://dataforseo.com/dataforseo-bot)" "mantech8.com"
136.243.220.213 - - [18/Sep/2022:22:04:05 -0700] "GET /?camp-fire/14588509.html HTTP/1.1" 500 - "-" "Mozilla/5.0 (compatible; DataForSeoBot/1.0; +https://dataforseo.com/dataforseo-bot)" "mantech8.com"
136.243.220.213 - - [18/Sep/2022:22:04:09 -0700] "GET /?camp-fire/31365135.html HTTP/1.1" 500 - "-" "Mozilla/5.0 (compatible; DataForSeoBot/1.0; +https://dataforseo.com/dataforseo-bot)" "mantech8.com"
136.243.220.213 - - [18/Sep/2022:22:04:10 -0700] "GET /?camp-fire/18309484.html HTTP/1.1" 500 - "-" "Mozilla/5.0 (compatible; DataForSeoBot/1.0; +https://dataforseo.com/dataforseo-bot)" "mantech8.com"
136.243.220.213 - - [18/Sep/2022:22:04:14 -0700] "GET /?camp-fire/41257503.html HTTP/1.1" 500 - "-" "Mozilla/5.0 (compatible; DataForSeoBot/1.0; +https://dataforseo.com/dataforseo-bot)" "mantech8.com"
136.243.220.213 - - [18/Sep/2022:22:04:18 -0700] "GET /?camp-fire/43257588.html HTTP/1.1" 500 - "-" "Mozilla/5.0 (compatible; DataForSeoBot/1.0; +https://dataforseo.com/dataforseo-bot)" "mantech8.com"
136.243.220.213 - - [18/Sep/2022:22:04:22 -0700] "GET /?camp-fire/41258603.html HTTP/1.1" 500 - "-" "Mozilla/5.0 (compatible; DataForSeoBot/1.0; +https://dataforseo.com/dataforseo-bot)" "mantech8.com"
185.191.171.44 - - [18/Sep/2022:22:04:26 -0700] "GET /?camp-fire%2F16454746.html HTTP/1.1" 500 - "-" "Mozilla/5.0 (compatible; SemrushBot/7~bl; +http://www.semrush.com/bot.html)" "mantech8.com"
136.243.220.213 - - [18/Sep/2022:22:04:26 -0700] "GET /?camp-fire/20484665.html HTTP/1.1" 500 - "-" "Mozilla/5.0 (compatible; DataForSeoBot/1.0; +https://dataforseo.com/dataforseo-bot)" "mantech8.com"
136.243.220.213 - - [18/Sep/2022:22:04:30 -0700] "GET /?camp-fire/3393098.html HTTP/1.1" 500 - "-" "Mozilla/5.0 (compatible; DataForSeoBot/1.0; +https://dataforseo.com/dataforseo-bot)" "mantech8.com"
136.243.220.213 - - [18/Sep/2022:22:04:34 -0700] "GET /?camp-fire/30563226.html HTTP/1.1" 500 - "-" "Mozilla/5.0 (compatible; DataForSeoBot/1.0; +https://dataforseo.com/dataforseo-bot)" "mantech8.com"
136.243.220.213 - - [18/Sep/2022:22:04:38 -0700] "GET /?camp-fire/31730489.html HTTP/1.1" 500 - "-" "Mozilla/5.0 (compatible; DataForSeoBot/1.0; +https://dataforseo.com/dataforseo-bot)" "mantech8.com"
136.243.220.213 - - [18/Sep/2022:22:04:42 -0700] "GET /?camp-fire/38386138.html HTTP/1.1" 500 - "-" "Mozilla/5.0 (compatible; DataForSeoBot/1.0; +https://dataforseo.com/dataforseo-bot)" "mantech8.com"
136.243.220.213 - - [18/Sep/2022:22:04:46 -0700] "GET /?camp-fire/31948566.html HTTP/1.1" 500 - "-" "Mozilla/5.0 (compatible; DataForSeoBot/1.0; +https://dataforseo.com/dataforseo-bot)" "mantech8.com"
136.243.220.213 - - [18/Sep/2022:22:04:50 -0700] "GET /?camp-fire/45238234.html HTTP/1.1" 500 - "-" "Mozilla/5.0 (compatible; DataForSeoBot/1.0; +https://dataforseo.com/dataforseo-bot)" "mantech8.com"
185.191.171.41 - - [18/Sep/2022:22:04:51 -0700] "GET /?camp-fire%2F3951574.html HTTP/1.1" 500 - "-" "Mozilla/5.0 (compatible; SemrushBot/7~bl; +http://www.semrush.com/bot.html)" "mantech8.com"
136.243.220.213 - - [18/Sep/2022:22:04:54 -0700] "GET /?camp-fire/35008330.html HTTP/1.1" 500 - "-" "Mozilla/5.0 (compatible; DataForSeoBot/1.0; +https://dataforseo.com/dataforseo-bot)" "mantech8.com"
136.243.220.213 - - [18/Sep/2022:22:04:58 -0700] "GET /?camp-fire/12806383.html HTTP/1.1" 500 - "-" "Mozilla/5.0 (compatible; DataForSeoBot/1.0; +https://dataforseo.com/dataforseo-bot)" "mantech8.com"
136.243.220.213 - - [18/Sep/2022:22:05:03 -0700] "GET /?camp-fire/42930902.html HTTP/1.1" 500 - "-" "Mozilla/5.0 (compatible; DataForSeoBot/1.0; +https://dataforseo.com/dataforseo-bot)" "mantech8.com"
136.243.220.213 - - [18/Sep/2022:22:05:07 -0700] "GET /?camp-fire/4482790.html HTTP/1.1" 500 - "-" "Mozilla/5.0 (compatible; DataForSeoBot/1.0; +https://dataforseo.com/dataforseo-bot)" "mantech8.com"
185.191.171.3 - - [18/Sep/2022:22:05:07 -0700] "GET /?camp-fire%2F28167053.html HTTP/1.1" 500 - "-" "Mozilla/5.0 (compatible; SemrushBot/7~bl; +http://www.semrush.com/bot.html)" "mantech8.com"
136.243.220.213 - - [18/Sep/2022:22:05:10 -0700] "GET /?camp-fire/35008830.html HTTP/1.1" 500 - "-" "Mozilla/5.0 (compatible; DataForSeoBot/1.0; +https://dataforseo.com/dataforseo-bot)" "mantech8.com"
136.243.220.213 - - [18/Sep/2022:22:05:14 -0700] "GET /?camp-fire/35619068.html HTTP/1.1" 500 - "-" "Mozilla/5.0 (compatible; DataForSeoBot/1.0; +https://dataforseo.com/dataforseo-bot)" "mantech8.com"
136.243.220.213 - - [18/Sep/2022:22:05:19 -0700] "GET /?camp-fire/15034976.html HTTP/1.1" 500 - "-" "Mozilla/5.0 (compatible; DataForSeoBot/1.0; +https://dataforseo.com/dataforseo-bot)" "mantech8.com"
136.243.220.213 - - [18/Sep/2022:22:05:22 -0700] "GET /?camp-fire/36914908.html HTTP/1.1" 500 - "-" "Mozilla/5.0 (compatible; DataForSeoBot/1.0; +https://dataforseo.com/dataforseo-bot)" "mantech8.com"
136.243.220.213 - - [18/Sep/2022:22:05:27 -0700] "GET /?camp-fire/41952692.html HTTP/1.1" 500 - "-" "Mozilla/5.0 (compatible; DataForSeoBot/1.0; +https://dataforseo.com/dataforseo-bot)" "mantech8.com"
136.243.220.213 - - [18/Sep/2022:22:05:30 -0700] "GET /?camp-fire/18436965.html HTTP/1.1" 500 - "-" "Mozilla/5.0 (compatible; DataForSeoBot/1.0; +https://dataforseo.com/dataforseo-bot)" "mantech8.com"
136.243.220.213 - - [18/Sep/2022:22:05:34 -0700] "GET /?camp-fire/41257403.html HTTP/1.1" 500 - "-" "Mozilla/5.0 (compatible; DataForSeoBot/1.0; +https://dataforseo.com/dataforseo-bot)" "mantech8.com"
136.243.220.213 - - [18/Sep/2022:22:05:38 -0700] "GET /?camp-fire/4482290.html HTTP/1.1" 500 - "-" "Mozilla/5.0 (compatible; DataForSeoBot/1.0; +https://dataforseo.com/dataforseo-bot)" "mantech8.com"
136.243.220.213 - - [18/Sep/2022:22:05:39 -0700] "GET /?camp-fire/4373600.html HTTP/1.1" 500 - "-" "Mozilla/5.0 (compatible; DataForSeoBot/1.0; +https://dataforseo.com/dataforseo-bot)" "mantech8.com"
136.243.220.213 - - [18/Sep/2022:22:05:43 -0700] "GET /?camp-fire/29759847.html HTTP/1.1" 500 - "-" "Mozilla/5.0 (compatible; DataForSeoBot/1.0; +https://dataforseo.com/dataforseo-bot)" "mantech8.com"
185.191.171.13 - - [18/Sep/2022:22:05:44 -0700] "GET /?camp-fire%2F39584766.html HTTP/1.1" 500 - "-" "Mozilla/5.0 (compatible; SemrushBot/7~bl; +http://www.semrush.com/bot.html)" "mantech8.com"
136.243.220.213 - - [18/Sep/2022:22:05:47 -0700] "GET /?camp-fire/35660225.html HTTP/1.1" 500 - "-" "Mozilla/5.0 (compatible; DataForSeoBot/1.0; +https://dataforseo.com/dataforseo-bot)" "mantech8.com"
136.243.220.213 - - [18/Sep/2022:22:05:51 -0700] "GET /?camp-fire/5505993.html HTTP/1.1" 500 - "-" "Mozilla/5.0 (compatible; DataForSeoBot/1.0; +https://dataforseo.com/dataforseo-bot)" "mantech8.com"
185.191.171.15 - - [18/Sep/2022:22:05:51 -0700] "GET /?camp-fire%2F104381108.html HTTP/1.1" 500 - "-" "Mozilla/5.0 (compatible; SemrushBot/7~bl; +http://www.semrush.com/bot.html)" "mantech8.com"
136.243.220.213 - - [18/Sep/2022:22:05:55 -0700] "GET /?camp-fire/27061833.html HTTP/1.1" 500 - "-" "Mozilla/5.0 (compatible; DataForSeoBot/1.0; +https://dataforseo.com/dataforseo-bot)" "mantech8.com"
136.243.220.213 - - [18/Sep/2022:22:05:59 -0700] "GET /?camp-fire/38386338.html HTTP/1.1" 500 - "-" "Mozilla/5.0 (compatible; DataForSeoBot/1.0; +https://dataforseo.com/dataforseo-bot)" "mantech8.com"
136.243.220.213 - - [18/Sep/2022:22:06:00 -0700] "GET /?camp-fire/17624024.html HTTP/1.1" 500 - "-" "Mozilla/5.0 (compatible; DataForSeoBot/1.0; +https://dataforseo.com/dataforseo-bot)" "mantech8.com"
136.243.220.213 - - [18/Sep/2022:22:06:04 -0700] "GET /?camp-fire/30774809.html HTTP/1.1" 500 - "-" "Mozilla/5.0 (compatible; DataForSeoBot/1.0; +https://dataforseo.com/dataforseo-bot)" "mantech8.com"
185.191.171.40 - - [18/Sep/2022:22:06:07 -0700] "GET /?camp-fire%2F16279785.html HTTP/1.1" 500 - "-" "Mozilla/5.0 (compatible; SemrushBot/7~bl; +http://www.semrush.com/bot.html)" "mantech8.com"
136.243.220.213 - - [18/Sep/2022:22:06:08 -0700] "GET /?camp-fire/18272356.html HTTP/1.1" 500 - "-" "Mozilla/5.0 (compatible; DataForSeoBot/1.0; +https://dataforseo.com/dataforseo-bot)" "mantech8.com"
136.243.220.213 - - [18/Sep/2022:22:06:12 -0700] "GET /?camp-fire/38148125.html HTTP/1.1" 500 - "-" "Mozilla/5.0 (compatible; DataForSeoBot/1.0; +https://dataforseo.com/dataforseo-bot)" "mantech8.com"
136.243.220.213 - - [18/Sep/2022:22:06:16 -0700] "GET /?camp-fire/4512853.html HTTP/1.1" 500 - "-" "Mozilla/5.0 (compatible; DataForSeoBot/1.0; +https://dataforseo.com/dataforseo-bot)" "mantech8.com"
136.243.220.213 - - [18/Sep/2022:22:06:20 -0700] "GET /?camp-fire/17624824.html HTTP/1.1" 500 - "-" "Mozilla/5.0 (compatible; DataForSeoBot/1.0; +https://dataforseo.com/dataforseo-bot)" "mantech8.com"
136.243.220.213 - - [18/Sep/2022:22:06:25 -0700] "GET /?camp-fire/38828038.html HTTP/1.1" 500 - "-" "Mozilla/5.0 (compatible; DataForSeoBot/1.0; +https://dataforseo.com/dataforseo-bot)" "mantech8.com"
136.243.220.213 - - [18/Sep/2022:22:06:28 -0700] "GET /?camp-fire/31545864.html HTTP/1.1" 500 - "-" "Mozilla/5.0 (compatible; DataForSeoBot/1.0; +https://dataforseo.com/dataforseo-bot)" "mantech8.com"
136.243.220.213 - - [18/Sep/2022:22:06:32 -0700] "GET /?camp-fire/41945217.html HTTP/1.1" 500 - "-" "Mozilla/5.0 (compatible; DataForSeoBot/1.0; +https://dataforseo.com/dataforseo-bot)" "mantech8.com"
136.243.220.213 - - [18/Sep/2022:22:06:36 -0700] "GET /?camp-fire/17950372.html HTTP/1.1" 500 - "-" "Mozilla/5.0 (compatible; DataForSeoBot/1.0; +https://dataforseo.com/dataforseo-bot)" "mantech8.com"
136.243.220.213 - - [18/Sep/2022:22:06:40 -0700] "GET /?camp-fire/13633557.html HTTP/1.1" 500 - "-" "Mozilla/5.0 (compatible; DataForSeoBot/1.0; +https://dataforseo.com/dataforseo-bot)" "mantech8.com"
136.243.220.213 - - [18/Sep/2022:22:06:44 -0700] "GET /?camp-fire/36557693.html HTTP/1.1" 500 - "-" "Mozilla/5.0 (compatible; DataForSeoBot/1.0; +https://dataforseo.com/dataforseo-bot)" "mantech8.com"
136.243.220.213 - - [18/Sep/2022:22:06:48 -0700] "GET /?camp-fire/27652630.html HTTP/1.1" 500 - "-" "Mozilla/5.0 (compatible; DataForSeoBot/1.0; +https://dataforseo.com/dataforseo-bot)" "mantech8.com"
136.243.220.213 - - [18/Sep/2022:22:06:52 -0700] "GET /?camp-fire/44911603.html HTTP/1.1" 500 - "-" "Mozilla/5.0 (compatible; DataForSeoBot/1.0; +https://dataforseo.com/dataforseo-bot)" "mantech8.com"
136.243.220.213 - - [18/Sep/2022:22:06:56 -0700] "GET /?camp-fire/44519571.html HTTP/1.1" 500 - "-" "Mozilla/5.0 (compatible; DataForSeoBot/1.0; +https://dataforseo.com/dataforseo-bot)" "mantech8.com"
136.243.220.213 - - [18/Sep/2022:22:07:00 -0700] "GET /?camp-fire/41945817.html HTTP/1.1" 500 - "-" "Mozilla/5.0 (compatible; DataForSeoBot/1.0; +https://dataforseo.com/dataforseo-bot)" "mantech8.com"
136.243.220.213 - - [18/Sep/2022:22:07:04 -0700] "GET /?camp-fire/10745308.html HTTP/1.1" 500 - "-" "Mozilla/5.0 (compatible; DataForSeoBot/1.0; +https://dataforseo.com/dataforseo-bot)" "mantech8.com"
136.243.220.213 - - [18/Sep/2022:22:07:08 -0700] "GET /?camp-fire/4917451.html HTTP/1.1" 500 - "-" "Mozilla/5.0 (compatible; DataForSeoBot/1.0; +https://dataforseo.com/dataforseo-bot)" "mantech8.com"
185.191.171.4 - - [18/Sep/2022:22:07:10 -0700] "GET /?camp-fire%2F7789480.html HTTP/1.1" 500 - "-" "Mozilla/5.0 (compatible; SemrushBot/7~bl; +http://www.semrush.com/bot.html)" "mantech8.com"
136.243.220.213 - - [18/Sep/2022:22:07:12 -0700] "GET /?camp-fire/7896955.html HTTP/1.1" 500 - "-" "Mozilla/5.0 (compatible; DataForSeoBot/1.0; +https://dataforseo.com/dataforseo-bot)" "mantech8.com"
136.243.220.213 - - [18/Sep/2022:22:07:16 -0700] "GET /?camp-fire/30219463.html HTTP/1.1" 500 - "-" "Mozilla/5.0 (compatible; DataForSeoBot/1.0; +https://dataforseo.com/dataforseo-bot)" "mantech8.com"
136.243.220.213 - - [18/Sep/2022:22:07:20 -0700] "GET /?camp-fire/17035459.html HTTP/1.1" 500 - "-" "Mozilla/5.0 (compatible; DataForSeoBot/1.0; +https://dataforseo.com/dataforseo-bot)" "mantech8.com"
136.243.220.213 - - [18/Sep/2022:22:07:21 -0700] "GET /?camp-fire/45948334.html HTTP/1.1" 500 - "-" "Mozilla/5.0 (compatible; DataForSeoBot/1.0; +https://dataforseo.com/dataforseo-bot)" "mantech8.com"
136.243.220.213 - - [18/Sep/2022:22:07:22 -0700] "GET /?camp-fire/43002376.html HTTP/1.1" 500 - "-" "Mozilla/5.0 (compatible; DataForSeoBot/1.0; +https://dataforseo.com/dataforseo-bot)" "mantech8.com"
136.243.220.213 - - [18/Sep/2022:22:07:26 -0700] "GET /?camp-fire/19662465.html HTTP/1.1" 500 - "-" "Mozilla/5.0 (compatible; DataForSeoBot/1.0; +https://dataforseo.com/dataforseo-bot)" "mantech8.com"
185.191.171.11 - - [18/Sep/2022:22:07:27 -0700] "GET /?camp-fire%2F49781317.html HTTP/1.1" 500 - "-" "Mozilla/5.0 (compatible; SemrushBot/7~bl; +http://www.semrush.com/bot.html)" "mantech8.com"
136.243.220.213 - - [18/Sep/2022:22:07:30 -0700] "GET /?camp-fire/6441200.html HTTP/1.1" 500 - "-" "Mozilla/5.0 (compatible; DataForSeoBot/1.0; +https://dataforseo.com/dataforseo-bot)" "mantech8.com"
136.243.220.213 - - [18/Sep/2022:22:07:34 -0700] "GET /?camp-fire/10382280.html HTTP/1.1" 500 - "-" "Mozilla/5.0 (compatible; DataForSeoBot/1.0; +https://dataforseo.com/dataforseo-bot)" "mantech8.com"
136.243.220.213 - - [18/Sep/2022:22:07:38 -0700] "GET /?camp-fire/13292790.html HTTP/1.1" 500 - "-" "Mozilla/5.0 (compatible; DataForSeoBot/1.0; +https://dataforseo.com/dataforseo-bot)" "mantech8.com"
185.191.171.2 - - [18/Sep/2022:22:07:39 -0700] "GET /?camp-fire%2F15203956.html HTTP/1.1" 500 - "-" "Mozilla/5.0 (compatible; SemrushBot/7~bl; +http://www.semrush.com/bot.html)" "mantech8.com"
136.243.220.213 - - [18/Sep/2022:22:07:42 -0700] "GET /?camp-fire/14588009.html HTTP/1.1" 500 - "-" "Mozilla/5.0 (compatible; DataForSeoBot/1.0; +https://dataforseo.com/dataforseo-bot)" "mantech8.com"
136.243.220.213 - - [18/Sep/2022:22:07:46 -0700] "GET /?camp-fire/31730689.html HTTP/1.1" 500 - "-" "Mozilla/5.0 (compatible; DataForSeoBot/1.0; +https://dataforseo.com/dataforseo-bot)" "mantech8.com"
136.243.220.213 - - [18/Sep/2022:22:07:50 -0700] "GET /?camp-fire/41952592.html HTTP/1.1" 500 - "-" "Mozilla/5.0 (compatible; DataForSeoBot/1.0; +https://dataforseo.com/dataforseo-bot)" "mantech8.com"
136.243.220.213 - - [18/Sep/2022:22:07:54 -0700] "GET /?camp-fire/21220161.html HTTP/1.1" 500 - "-" "Mozilla/5.0 (compatible; DataForSeoBot/1.0; +https://dataforseo.com/dataforseo-bot)" "mantech8.com"
136.243.220.213 - - [18/Sep/2022:22:07:58 -0700] "GET /?camp-fire/18563983.html HTTP/1.1" 500 - "-" "Mozilla/5.0 (compatible; DataForSeoBot/1.0; +https://dataforseo.com/dataforseo-bot)" "mantech8.com"
136.243.220.213 - - [18/Sep/2022:22:08:00 -0700] "GET /?camp-fire/17035959.html HTTP/1.1" 500 - "-" "Mozilla/5.0 (compatible; DataForSeoBot/1.0; +https://dataforseo.com/dataforseo-bot)" "mantech8.com"
136.243.220.213 - - [18/Sep/2022:22:08:03 -0700] "GET /?camp-fire/6223178.html HTTP/1.1" 500 - "-" "Mozilla/5.0 (compatible; DataForSeoBot/1.0; +https://dataforseo.com/dataforseo-bot)" "mantech8.com"
136.243.220.213 - - [18/Sep/2022:22:08:07 -0700] "GET /?camp-fire/30380770.html HTTP/1.1" 500 - "-" "Mozilla/5.0 (compatible; DataForSeoBot/1.0; +https://dataforseo.com/dataforseo-bot)" "mantech8.com"
136.243.220.213 - - [18/Sep/2022:22:08:11 -0700] "GET /?camp-fire/30420697.html HTTP/1.1" 500 - "-" "Mozilla/5.0 (compatible; DataForSeoBot/1.0; +https://dataforseo.com/dataforseo-bot)" "mantech8.com"
136.243.220.213 - - [18/Sep/2022:22:08:16 -0700] "GET /?camp-fire/35618568.html HTTP/1.1" 500 - "-" "Mozilla/5.0 (compatible; DataForSeoBot/1.0; +https://dataforseo.com/dataforseo-bot)" "mantech8.com"
136.243.220.213 - - [18/Sep/2022:22:08:19 -0700] "GET /?camp-fire/23895835.html HTTP/1.1" 500 - "-" "Mozilla/5.0 (compatible; DataForSeoBot/1.0; +https://dataforseo.com/dataforseo-bot)" "mantech8.com"
136.243.220.213 - - [18/Sep/2022:22:08:24 -0700] "GET /?camp-fire/18623446.html HTTP/1.1" 500 - "-" "Mozilla/5.0 (compatible; DataForSeoBot/1.0; +https://dataforseo.com/dataforseo-bot)" "mantech8.com"
136.243.220.213 - - [18/Sep/2022:22:08:27 -0700] "GET /?camp-fire/45237534.html HTTP/1.1" 500 - "-" "Mozilla/5.0 (compatible; DataForSeoBot/1.0; +https://dataforseo.com/dataforseo-bot)" "mantech8.com"
136.243.220.213 - - [18/Sep/2022:22:08:31 -0700] "GET /?camp-fire/41212672.html HTTP/1.1" 500 - "-" "Mozilla/5.0 (compatible; DataForSeoBot/1.0; +https://dataforseo.com/dataforseo-bot)" "mantech8.com"
136.243.220.213 - - [18/Sep/2022:22:08:35 -0700] "GET /?camp-fire/21219761.html HTTP/1.1" 500 - "-" "Mozilla/5.0 (compatible; DataForSeoBot/1.0; +https://dataforseo.com/dataforseo-bot)" "mantech8.com"
185.191.171.44 - - [18/Sep/2022:22:08:39 -0700] "GET /?camp-fire%2F3339200.html HTTP/1.1" 500 - "-" "Mozilla/5.0 (compatible; SemrushBot/7~bl; +http://www.semrush.com/bot.html)" "mantech8.com"
136.243.220.213 - - [18/Sep/2022:22:08:39 -0700] "GET /?camp-fire/18622646.html HTTP/1.1" 500 - "-" "Mozilla/5.0 (compatible; DataForSeoBot/1.0; +https://dataforseo.com/dataforseo-bot)" "mantech8.com"
136.243.220.213 - - [18/Sep/2022:22:08:43 -0700] "GET /?camp-fire/20483365.html HTTP/1.1" 500 - "-" "Mozilla/5.0 (compatible; DataForSeoBot/1.0; +https://dataforseo.com/dataforseo-bot)" "mantech8.com"
136.243.220.213 - - [18/Sep/2022:22:08:47 -0700] "GET /?camp-fire/4512053.html HTTP/1.1" 500 - "-" "Mozilla/5.0 (compatible; DataForSeoBot/1.0; +https://dataforseo.com/dataforseo-bot)" "mantech8.com"
185.191.171.12 - - [18/Sep/2022:22:08:49 -0700] "GET /?camp-fire%2F19870842.html HTTP/1.1" 500 - "-" "Mozilla/5.0 (compatible; SemrushBot/7~bl; +http://www.semrush.com/bot.html)" "mantech8.com"
136.243.220.213 - - [18/Sep/2022:22:08:51 -0700] "GET /?camp-fire/31730889.html HTTP/1.1" 500 - "-" "Mozilla/5.0 (compatible; DataForSeoBot/1.0; +https://dataforseo.com/dataforseo-bot)" "mantech8.com"
136.243.220.213 - - [18/Sep/2022:22:08:55 -0700] "GET /?camp-fire/31949166.html HTTP/1.1" 500 - "-" "Mozilla/5.0 (compatible; DataForSeoBot/1.0; +https://dataforseo.com/dataforseo-bot)" "mantech8.com"
136.243.220.213 - - [18/Sep/2022:22:08:59 -0700] "GET /?camp-fire/21220561.html HTTP/1.1" 500 - "-" "Mozilla/5.0 (compatible; DataForSeoBot/1.0; +https://dataforseo.com/dataforseo-bot)" "mantech8.com"
66.249.66.27 - - [18/Sep/2022:22:09:03 -0700] "GET /assets/images/common/icon_search.svg HTTP/1.1" 404 88 "https://www.mantech8.com/index.php?camp-fire/20096736.html" "Mozilla/5.0 (Linux; Android 6.0.1; Nexus 5X Build/MMB29P) AppleWebKit/537.36 (KHTML, like Gecko) Chrome/105.0.5195.102 Mobile Safari/537.36 (compatible; Googlebot/2.1; +http://www.google.com/bot.html)" "www.mantech8.com"
136.243.220.213 - - [18/Sep/2022:22:09:03 -0700] "GET /?camp-fire/4513053.html HTTP/1.1" 500 - "-" "Mozilla/5.0 (compatible; DataForSeoBot/1.0; +https://dataforseo.com/dataforseo-bot)" "mantech8.com"
136.243.220.213 - - [18/Sep/2022:22:09:07 -0700] "GET /?camp-fire/13633257.html HTTP/1.1" 500 - "-" "Mozilla/5.0 (compatible; DataForSeoBot/1.0; +https://dataforseo.com/dataforseo-bot)" "mantech8.com"
185.191.171.17 - - [18/Sep/2022:22:09:08 -0700] "GET /?camp-fire%2F38315678.html HTTP/1.1" 500 - "-" "Mozilla/5.0 (compatible; SemrushBot/7~bl; +http://www.semrush.com/bot.html)" "mantech8.com"
136.243.220.213 - - [18/Sep/2022:22:09:11 -0700] "GET /?camp-fire/42155735.html HTTP/1.1" 500 - "-" "Mozilla/5.0 (compatible; DataForSeoBot/1.0; +https://dataforseo.com/dataforseo-bot)" "mantech8.com"
136.243.220.213 - - [18/Sep/2022:22:09:15 -0700] "GET /?camp-fire/29038276.html HTTP/1.1" 500 - "-" "Mozilla/5.0 (compatible; DataForSeoBot/1.0; +https://dataforseo.com/dataforseo-bot)" "mantech8.com"
136.243.220.213 - - [18/Sep/2022:22:09:19 -0700] "GET /?camp-fire/4512753.html HTTP/1.1" 500 - "-" "Mozilla/5.0 (compatible; DataForSeoBot/1.0; +https://dataforseo.com/dataforseo-bot)" "mantech8.com"
136.243.220.213 - - [18/Sep/2022:22:09:24 -0700] "GET /?camp-fire/15035276.html HTTP/1.1" 500 - "-" "Mozilla/5.0 (compatible; DataForSeoBot/1.0; +https://dataforseo.com/dataforseo-bot)" "mantech8.com"
136.243.220.213 - - [18/Sep/2022:22:09:27 -0700] "GET /?camp-fire/43432650.html HTTP/1.1" 500 - "-" "Mozilla/5.0 (compatible; DataForSeoBot/1.0; +https://dataforseo.com/dataforseo-bot)" "mantech8.com"
136.243.220.213 - - [18/Sep/2022:22:09:31 -0700] "GET /?camp-fire/43257988.html HTTP/1.1" 500 - "-" "Mozilla/5.0 (compatible; DataForSeoBot/1.0; +https://dataforseo.com/dataforseo-bot)" "mantech8.com"
136.243.220.213 - - [18/Sep/2022:22:09:35 -0700] "GET /?camp-fire/30420497.html HTTP/1.1" 500 - "-" "Mozilla/5.0 (compatible; DataForSeoBot/1.0; +https://dataforseo.com/dataforseo-bot)" "mantech8.com"
136.243.220.213 - - [18/Sep/2022:22:09:36 -0700] "GET /?camp-fire/7312385.html HTTP/1.1" 500 - "-" "Mozilla/5.0 (compatible; DataForSeoBot/1.0; +https://dataforseo.com/dataforseo-bot)" "mantech8.com"
185.191.171.40 - - [18/Sep/2022:22:09:40 -0700] "GET /?camp-fire%2F120884471.html HTTP/1.1" 500 - "-" "Mozilla/5.0 (compatible; SemrushBot/7~bl; +http://www.semrush.com/bot.html)" "mantech8.com"
136.243.220.213 - - [18/Sep/2022:22:09:40 -0700] "GET /?camp-fire/31365235.html HTTP/1.1" 500 - "-" "Mozilla/5.0 (compatible; DataForSeoBot/1.0; +https://dataforseo.com/dataforseo-bot)" "mantech8.com"
136.243.220.213 - - [18/Sep/2022:22:09:44 -0700] "GET /?camp-fire/29039276.html HTTP/1.1" 500 - "-" "Mozilla/5.0 (compatible; DataForSeoBot/1.0; +https://dataforseo.com/dataforseo-bot)" "mantech8.com"
136.243.220.213 - - [18/Sep/2022:22:09:48 -0700] "GET /?camp-fire/40168578.html HTTP/1.1" 500 - "-" "Mozilla/5.0 (compatible; DataForSeoBot/1.0; +https://dataforseo.com/dataforseo-bot)" "mantech8.com"
136.243.220.213 - - [18/Sep/2022:22:09:52 -0700] "GET /?camp-fire/17916587.html HTTP/1.1" 500 - "-" "Mozilla/5.0 (compatible; DataForSeoBot/1.0; +https://dataforseo.com/dataforseo-bot)" "mantech8.com"
185.191.171.44 - - [18/Sep/2022:22:09:56 -0700] "GET /?camp-fire%2F14859678.html HTTP/1.1" 500 - "-" "Mozilla/5.0 (compatible; SemrushBot/7~bl; +http://www.semrush.com/bot.html)" "mantech8.com"
136.243.220.213 - - [18/Sep/2022:22:09:56 -0700] "GET /?camp-fire/15035176.html HTTP/1.1" 500 - "-" "Mozilla/5.0 (compatible; DataForSeoBot/1.0; +https://dataforseo.com/dataforseo-bot)" "mantech8.com"
136.243.220.213 - - [18/Sep/2022:22:10:00 -0700] "GET /?camp-fire/10730021.html HTTP/1.1" 500 - "-" "Mozilla/5.0 (compatible; DataForSeoBot/1.0; +https://dataforseo.com/dataforseo-bot)" "mantech8.com"
185.191.171.19 - - [18/Sep/2022:22:10:03 -0700] "GET /?camp-fire%2F5391985.html HTTP/1.1" 500 - "-" "Mozilla/5.0 (compatible; SemrushBot/7~bl; +http://www.semrush.com/bot.html)" "mantech8.com"
136.243.220.213 - - [18/Sep/2022:22:10:05 -0700] "GET /?camp-fire/13292690.html HTTP/1.1" 500 - "-" "Mozilla/5.0 (compatible; DataForSeoBot/1.0; +https://dataforseo.com/dataforseo-bot)" "mantech8.com"
136.243.220.213 - - [18/Sep/2022:22:10:08 -0700] "GET /?camp-fire/29909421.html HTTP/1.1" 500 - "-" "Mozilla/5.0 (compatible; DataForSeoBot/1.0; +https://dataforseo.com/dataforseo-bot)" "mantech8.com"
40.77.167.54 - - [18/Sep/2022:22:10:12 -0700] "GET /index.php?camp-fire/23772809.html HTTP/1.1" 200 56477 "-" "Mozilla/5.0 AppleWebKit/537.36 (KHTML, like Gecko; compatible; bingbot/2.0; +http://www.bing.com/bingbot.htm) Chrome/103.0.5060.134 Safari/537.36" "mantech8.com"
136.243.220.213 - - [18/Sep/2022:22:10:12 -0700] "GET /?camp-fire/31545764.html HTTP/1.1" 500 - "-" "Mozilla/5.0 (compatible; DataForSeoBot/1.0; +https://dataforseo.com/dataforseo-bot)" "mantech8.com"
40.77.167.54 - - [18/Sep/2022:22:10:12 -0700] "GET /bimages/gallery/s2.jpg HTTP/1.1" 200 253028 "-" "Mozilla/5.0 AppleWebKit/537.36 (KHTML, like Gecko; compatible; bingbot/2.0; +http://www.bing.com/bingbot.htm) Chrome/103.0.5060.134 Safari/537.36" "mantech8.com"
136.243.220.213 - - [18/Sep/2022:22:10:16 -0700] "GET /?camp-fire/36914508.html HTTP/1.1" 500 - "-" "Mozilla/5.0 (compatible; DataForSeoBot/1.0; +https://dataforseo.com/dataforseo-bot)" "mantech8.com"
185.191.171.2 - - [18/Sep/2022:22:10:18 -0700] "GET /?camp-fire%2F35710538.html HTTP/1.1" 500 - "-" "Mozilla/5.0 (compatible; SemrushBot/7~bl; +http://www.semrush.com/bot.html)" "mantech8.com"
136.243.220.213 - - [18/Sep/2022:22:10:20 -0700] "GET /?camp-fire/42156035.html HTTP/1.1" 500 - "-" "Mozilla/5.0 (compatible; DataForSeoBot/1.0; +https://dataforseo.com/dataforseo-bot)" "mantech8.com"
136.243.220.213 - - [18/Sep/2022:22:10:24 -0700] "GET /?camp-fire/6988974.html HTTP/1.1" 500 - "-" "Mozilla/5.0 (compatible; DataForSeoBot/1.0; +https://dataforseo.com/dataforseo-bot)" "mantech8.com"
136.243.220.213 - - [18/Sep/2022:22:10:28 -0700] "GET /?camp-fire/36557993.html HTTP/1.1" 500 - "-" "Mozilla/5.0 (compatible; DataForSeoBot/1.0; +https://dataforseo.com/dataforseo-bot)" "mantech8.com"
136.243.220.213 - - [18/Sep/2022:22:10:32 -0700] "GET /?camp-fire/36793008.html HTTP/1.1" 500 - "-" "Mozilla/5.0 (compatible; DataForSeoBot/1.0; +https://dataforseo.com/dataforseo-bot)" "mantech8.com"
136.243.220.213 - - [18/Sep/2022:22:10:36 -0700] "GET /?camp-fire/3392898.html HTTP/1.1" 500 - "-" "Mozilla/5.0 (compatible; DataForSeoBot/1.0; +https://dataforseo.com/dataforseo-bot)" "mantech8.com"
136.243.220.213 - - [18/Sep/2022:22:10:40 -0700] "GET /?camp-fire/43002576.html HTTP/1.1" 500 - "-" "Mozilla/5.0 (compatible; DataForSeoBot/1.0; +https://dataforseo.com/dataforseo-bot)" "mantech8.com"
136.243.220.213 - - [18/Sep/2022:22:10:44 -0700] "GET /?camp-fire/29236482.html HTTP/1.1" 500 - "-" "Mozilla/5.0 (compatible; DataForSeoBot/1.0; +https://dataforseo.com/dataforseo-bot)" "mantech8.com"
136.243.220.213 - - [18/Sep/2022:22:10:48 -0700] "GET /?camp-fire/30218763.html HTTP/1.1" 500 - "-" "Mozilla/5.0 (compatible; DataForSeoBot/1.0; +https://dataforseo.com/dataforseo-bot)" "mantech8.com"
185.191.171.9 - - [18/Sep/2022:22:10:52 -0700] "GET /?camp-fire%2F28087397.html HTTP/1.1" 500 - "-" "Mozilla/5.0 (compatible; SemrushBot/7~bl; +http://www.semrush.com/bot.html)" "mantech8.com"
136.243.220.213 - - [18/Sep/2022:22:10:52 -0700] "GET /?camp-fire/27653630.html HTTP/1.1" 500 - "-" "Mozilla/5.0 (compatible; DataForSeoBot/1.0; +https://dataforseo.com/dataforseo-bot)" "mantech8.com"
136.243.220.213 - - [18/Sep/2022:22:10:56 -0700] "GET /?camp-fire/13633757.html HTTP/1.1" 500 - "-" "Mozilla/5.0 (compatible; DataForSeoBot/1.0; +https://dataforseo.com/dataforseo-bot)" "mantech8.com"
136.243.220.213 - - [18/Sep/2022:22:11:00 -0700] "GET /?camp-fire/29758847.html HTTP/1.1" 500 - "-" "Mozilla/5.0 (compatible; DataForSeoBot/1.0; +https://dataforseo.com/dataforseo-bot)" "mantech8.com"
185.191.171.25 - - [18/Sep/2022:22:11:02 -0700] "GET /?camp-fire%2F75846624.html HTTP/1.1" 500 - "-" "Mozilla/5.0 (compatible; SemrushBot/7~bl; +http://www.semrush.com/bot.html)" "mantech8.com"
136.243.220.213 - - [18/Sep/2022:22:11:04 -0700] "GET /?camp-fire/10745608.html HTTP/1.1" 500 - "-" "Mozilla/5.0 (compatible; DataForSeoBot/1.0; +https://dataforseo.com/dataforseo-bot)" "mantech8.com"
136.243.220.213 - - [18/Sep/2022:22:11:08 -0700] "GET /?camp-fire/20704180.html HTTP/1.1" 500 - "-" "Mozilla/5.0 (compatible; DataForSeoBot/1.0; +https://dataforseo.com/dataforseo-bot)" "mantech8.com"
136.243.220.213 - - [18/Sep/2022:22:11:12 -0700] "GET /?camp-fire/31088971.html HTTP/1.1" 500 - "-" "Mozilla/5.0 (compatible; DataForSeoBot/1.0; +https://dataforseo.com/dataforseo-bot)" "mantech8.com"
185.191.171.18 - - [18/Sep/2022:22:11:15 -0700] "GET /?camp-fire%2F11240457.html HTTP/1.1" 500 - "-" "Mozilla/5.0 (compatible; SemrushBot/7~bl; +http://www.semrush.com/bot.html)" "mantech8.com"
136.243.220.213 - - [18/Sep/2022:22:11:16 -0700] "GET /?camp-fire/15034176.html HTTP/1.1" 500 - "-" "Mozilla/5.0 (compatible; DataForSeoBot/1.0; +https://dataforseo.com/dataforseo-bot)" "mantech8.com"
136.243.220.213 - - [18/Sep/2022:22:11:20 -0700] "GET /?camp-fire/15034576.html HTTP/1.1" 500 - "-" "Mozilla/5.0 (compatible; DataForSeoBot/1.0; +https://dataforseo.com/dataforseo-bot)" "mantech8.com"
40.77.167.27 - - [18/Sep/2022:22:11:20 -0700] "GET /services.php HTTP/1.1" 200 39198 "-" "Mozilla/5.0 (compatible; bingbot/2.0; +http://www.bing.com/bingbot.htm)" "mantech8.com"
136.243.220.213 - - [18/Sep/2022:22:11:24 -0700] "GET /?camp-fire/31015959.html HTTP/1.1" 500 - "-" "Mozilla/5.0 (compatible; DataForSeoBot/1.0; +https://dataforseo.com/dataforseo-bot)" "mantech8.com"
136.243.220.213 - - [18/Sep/2022:22:11:28 -0700] "GET /?camp-fire/33615041.html HTTP/1.1" 500 - "-" "Mozilla/5.0 (compatible; DataForSeoBot/1.0; +https://dataforseo.com/dataforseo-bot)" "mantech8.com"
136.243.220.213 - - [18/Sep/2022:22:11:32 -0700] "GET /?camp-fire/19801526.html HTTP/1.1" 500 - "-" "Mozilla/5.0 (compatible; DataForSeoBot/1.0; +https://dataforseo.com/dataforseo-bot)" "mantech8.com"
136.243.220.213 - - [18/Sep/2022:22:11:36 -0700] "GET /?camp-fire/10903242.html HTTP/1.1" 500 - "-" "Mozilla/5.0 (compatible; DataForSeoBot/1.0; +https://dataforseo.com/dataforseo-bot)" "mantech8.com"
136.243.220.213 - - [18/Sep/2022:22:11:40 -0700] "GET /?camp-fire/4374700.html HTTP/1.1" 500 - "-" "Mozilla/5.0 (compatible; DataForSeoBot/1.0; +https://dataforseo.com/dataforseo-bot)" "mantech8.com"
136.243.220.213 - - [18/Sep/2022:22:11:45 -0700] "GET /?camp-fire/5505093.html HTTP/1.1" 500 - "-" "Mozilla/5.0 (compatible; DataForSeoBot/1.0; +https://dataforseo.com/dataforseo-bot)" "mantech8.com"
136.243.220.213 - - [18/Sep/2022:22:11:49 -0700] "GET /?camp-fire/41212372.html HTTP/1.1" 500 - "-" "Mozilla/5.0 (compatible; DataForSeoBot/1.0; +https://dataforseo.com/dataforseo-bot)" "mantech8.com"
136.243.220.213 - - [18/Sep/2022:22:11:52 -0700] "GET /?camp-fire/43257388.html HTTP/1.1" 500 - "-" "Mozilla/5.0 (compatible; DataForSeoBot/1.0; +https://dataforseo.com/dataforseo-bot)" "mantech8.com"
207.46.13.23 - - [18/Sep/2022:22:11:53 -0700] "GET /css/responsive1.css HTTP/1.1" 200 1710 "-" "Mozilla/5.0 (compatible; bingbot/2.0; +http://www.bing.com/bingbot.htm)" "mantech8.com"
207.46.13.23 - - [18/Sep/2022:22:11:53 -0700] "GET /revolution/js/revolution.extension.slideanims.min.js HTTP/1.1" 200 6622 "-" "Mozilla/5.0 (compatible; bingbot/2.0; +http://www.bing.com/bingbot.htm)" "mantech8.com"
136.243.220.213 - - [18/Sep/2022:22:11:56 -0700] "GET /?camp-fire/42155835.html HTTP/1.1" 500 - "-" "Mozilla/5.0 (compatible; DataForSeoBot/1.0; +https://dataforseo.com/dataforseo-bot)" "mantech8.com"
207.46.13.106 - - [18/Sep/2022:22:11:58 -0700] "GET /enginenew/style.css HTTP/1.1" 200 2803 "-" "Mozilla/5.0 (compatible; bingbot/2.0; +http://www.bing.com/bingbot.htm)" "mantech8.com"
207.46.13.106 - - [18/Sep/2022:22:11:58 -0700] "GET /revolution/js/revolution.extension.actions.min.js HTTP/1.1" 200 2110 "-" "Mozilla/5.0 (compatible; bingbot/2.0; +http://www.bing.com/bingbot.htm)" "mantech8.com"
136.243.220.213 - - [18/Sep/2022:22:12:00 -0700] "GET /?camp-fire/26721906.html HTTP/1.1" 500 - "-" "Mozilla/5.0 (compatible; DataForSeoBot/1.0; +https://dataforseo.com/dataforseo-bot)" "mantech8.com"
157.55.39.86 - - [18/Sep/2022:22:12:01 -0700] "GET /revolution/js/jquery.themepunch.tools.min.js HTTP/1.1" 200 36033 "-" "Mozilla/5.0 (compatible; bingbot/2.0; +http://www.bing.com/bingbot.htm)" "mantech8.com"
40.77.167.27 - - [18/Sep/2022:22:12:02 -0700] "GET /enginenew/script.js HTTP/1.1" 200 2804 "-" "Mozilla/5.0 (compatible; bingbot/2.0; +http://www.bing.com/bingbot.htm)" "mantech8.com"
136.243.220.213 - - [18/Sep/2022:22:12:04 -0700] "GET /?camp-fire/43001776.html HTTP/1.1" 500 - "-" "Mozilla/5.0 (compatible; DataForSeoBot/1.0; +https://dataforseo.com/dataforseo-bot)" "mantech8.com"
136.243.220.213 - - [18/Sep/2022:22:12:08 -0700] "GET /?camp-fire/6441000.html HTTP/1.1" 500 - "-" "Mozilla/5.0 (compatible; DataForSeoBot/1.0; +https://dataforseo.com/dataforseo-bot)" "mantech8.com"
136.243.220.213 - - [18/Sep/2022:22:12:12 -0700] "GET /?camp-fire/17036559.html HTTP/1.1" 500 - "-" "Mozilla/5.0 (compatible; DataForSeoBot/1.0; +https://dataforseo.com/dataforseo-bot)" "mantech8.com"
136.243.220.213 - - [18/Sep/2022:22:12:16 -0700] "GET /?camp-fire/10383080.html HTTP/1.1" 500 - "-" "Mozilla/5.0 (compatible; DataForSeoBot/1.0; +https://dataforseo.com/dataforseo-bot)" "mantech8.com"
136.243.220.213 - - [18/Sep/2022:22:12:20 -0700] "GET /?camp-fire/6440300.html HTTP/1.1" 500 - "-" "Mozilla/5.0 (compatible; DataForSeoBot/1.0; +https://dataforseo.com/dataforseo-bot)" "mantech8.com"
136.243.220.213 - - [18/Sep/2022:22:12:24 -0700] "GET /?camp-fire/28161006.html HTTP/1.1" 500 - "-" "Mozilla/5.0 (compatible; DataForSeoBot/1.0; +https://dataforseo.com/dataforseo-bot)" "mantech8.com"
136.243.220.213 - - [18/Sep/2022:22:12:29 -0700] "GET /?camp-fire/17949572.html HTTP/1.1" 500 - "-" "Mozilla/5.0 (compatible; DataForSeoBot/1.0; +https://dataforseo.com/dataforseo-bot)" "mantech8.com"
136.243.220.213 - - [18/Sep/2022:22:12:33 -0700] "GET /?camp-fire/36793708.html HTTP/1.1" 500 - "-" "Mozilla/5.0 (compatible; DataForSeoBot/1.0; +https://dataforseo.com/dataforseo-bot)" "mantech8.com"
136.243.220.213 - - [18/Sep/2022:22:12:37 -0700] "GET /?camp-fire/44911103.html HTTP/1.1" 500 - "-" "Mozilla/5.0 (compatible; DataForSeoBot/1.0; +https://dataforseo.com/dataforseo-bot)" "mantech8.com"
136.243.220.213 - - [18/Sep/2022:22:12:41 -0700] "GET /?camp-fire/27363150.html HTTP/1.1" 500 - "-" "Mozilla/5.0 (compatible; DataForSeoBot/1.0; +https://dataforseo.com/dataforseo-bot)" "mantech8.com"
136.243.220.213 - - [18/Sep/2022:22:12:45 -0700] "GET /?camp-fire/4363329.html HTTP/1.1" 500 - "-" "Mozilla/5.0 (compatible; DataForSeoBot/1.0; +https://dataforseo.com/dataforseo-bot)" "mantech8.com"
136.243.220.213 - - [18/Sep/2022:22:12:49 -0700] "GET /?camp-fire/38385338.html HTTP/1.1" 500 - "-" "Mozilla/5.0 (compatible; DataForSeoBot/1.0; +https://dataforseo.com/dataforseo-bot)" "mantech8.com"
136.243.220.213 - - [18/Sep/2022:22:12:53 -0700] "GET /?camp-fire/4364429.html HTTP/1.1" 500 - "-" "Mozilla/5.0 (compatible; DataForSeoBot/1.0; +https://dataforseo.com/dataforseo-bot)" "mantech8.com"
136.243.220.213 - - [18/Sep/2022:22:12:57 -0700] "GET /?camp-fire/4482590.html HTTP/1.1" 500 - "-" "Mozilla/5.0 (compatible; DataForSeoBot/1.0; +https://dataforseo.com/dataforseo-bot)" "mantech8.com"
136.243.220.213 - - [18/Sep/2022:22:13:01 -0700] "GET /?camp-fire/38783250.html HTTP/1.1" 500 - "-" "Mozilla/5.0 (compatible; DataForSeoBot/1.0; +https://dataforseo.com/dataforseo-bot)" "mantech8.com"
136.243.220.213 - - [18/Sep/2022:22:13:05 -0700] "GET /?camp-fire/36211416.html HTTP/1.1" 500 - "-" "Mozilla/5.0 (compatible; DataForSeoBot/1.0; +https://dataforseo.com/dataforseo-bot)" "mantech8.com"
136.243.220.213 - - [18/Sep/2022:22:13:09 -0700] "GET /?camp-fire/27062533.html HTTP/1.1" 500 - "-" "Mozilla/5.0 (compatible; DataForSeoBot/1.0; +https://dataforseo.com/dataforseo-bot)" "mantech8.com"
136.243.220.213 - - [18/Sep/2022:22:13:13 -0700] "GET /?camp-fire/45949034.html HTTP/1.1" 500 - "-" "Mozilla/5.0 (compatible; DataForSeoBot/1.0; +https://dataforseo.com/dataforseo-bot)" "mantech8.com"
136.243.220.213 - - [18/Sep/2022:22:13:17 -0700] "GET /?camp-fire/20483665.html HTTP/1.1" 500 - "-" "Mozilla/5.0 (compatible; DataForSeoBot/1.0; +https://dataforseo.com/dataforseo-bot)" "mantech8.com"
136.243.220.213 - - [18/Sep/2022:22:13:21 -0700] "GET /?camp-fire/27363550.html HTTP/1.1" 500 - "-" "Mozilla/5.0 (compatible; DataForSeoBot/1.0; +https://dataforseo.com/dataforseo-bot)" "mantech8.com"
136.243.220.213 - - [18/Sep/2022:22:13:25 -0700] "GET /?camp-fire/30704071.html HTTP/1.1" 500 - "-" "Mozilla/5.0 (compatible; DataForSeoBot/1.0; +https://dataforseo.com/dataforseo-bot)" "mantech8.com"
185.191.171.2 - - [18/Sep/2022:22:13:28 -0700] "GET /?camp-fire%2F27317197.html HTTP/1.1" 500 - "-" "Mozilla/5.0 (compatible; SemrushBot/7~bl; +http://www.semrush.com/bot.html)" "mantech8.com"
136.243.220.213 - - [18/Sep/2022:22:13:29 -0700] "GET /?camp-fire/24738117.html HTTP/1.1" 500 - "-" "Mozilla/5.0 (compatible; DataForSeoBot/1.0; +https://dataforseo.com/dataforseo-bot)" "mantech8.com"
136.243.220.213 - - [18/Sep/2022:22:13:33 -0700] "GET /?camp-fire/3392498.html HTTP/1.1" 500 - "-" "Mozilla/5.0 (compatible; DataForSeoBot/1.0; +https://dataforseo.com/dataforseo-bot)" "mantech8.com"
136.243.220.213 - - [18/Sep/2022:22:13:37 -0700] "GET /?camp-fire/12806083.html HTTP/1.1" 500 - "-" "Mozilla/5.0 (compatible; DataForSeoBot/1.0; +https://dataforseo.com/dataforseo-bot)" "mantech8.com"
136.243.220.213 - - [18/Sep/2022:22:13:41 -0700] "GET /?camp-fire/38386438.html HTTP/1.1" 500 - "-" "Mozilla/5.0 (compatible; DataForSeoBot/1.0; +https://dataforseo.com/dataforseo-bot)" "mantech8.com"
136.243.220.213 - - [18/Sep/2022:22:13:45 -0700] "GET /?camp-fire/26721406.html HTTP/1.1" 500 - "-" "Mozilla/5.0 (compatible; DataForSeoBot/1.0; +https://dataforseo.com/dataforseo-bot)" "mantech8.com"
136.243.220.213 - - [18/Sep/2022:22:13:49 -0700] "GET /?camp-fire/24737717.html HTTP/1.1" 500 - "-" "Mozilla/5.0 (compatible; DataForSeoBot/1.0; +https://dataforseo.com/dataforseo-bot)" "mantech8.com"
136.243.220.213 - - [18/Sep/2022:22:13:53 -0700] "GET /?camp-fire/3599769.html HTTP/1.1" 500 - "-" "Mozilla/5.0 (compatible; DataForSeoBot/1.0; +https://dataforseo.com/dataforseo-bot)" "mantech8.com"
185.191.171.7 - - [18/Sep/2022:22:13:55 -0700] "GET /?camp-fire%2F27700033.html HTTP/1.1" 500 - "-" "Mozilla/5.0 (compatible; SemrushBot/7~bl; +http://www.semrush.com/bot.html)" "mantech8.com"
136.243.220.213 - - [18/Sep/2022:22:14:02 -0700] "GET /?camp-fire/7212965.html HTTP/1.1" 500 - "-" "Mozilla/5.0 (compatible; DataForSeoBot/1.0; +https://dataforseo.com/dataforseo-bot)" "mantech8.com"
207.46.13.23 - - [18/Sep/2022:22:14:04 -0700] "GET /camp-fire/87438001.html HTTP/1.1" 404 88 "-" "Mozilla/5.0 (compatible; bingbot/2.0; +http://www.bing.com/bingbot.htm)" "www.mantech8.com"
136.243.220.213 - - [18/Sep/2022:22:14:06 -0700] "GET /?camp-fire/4483390.html HTTP/1.1" 500 - "-" "Mozilla/5.0 (compatible; DataForSeoBot/1.0; +https://dataforseo.com/dataforseo-bot)" "mantech8.com"
185.191.171.10 - - [18/Sep/2022:22:14:08 -0700] "GET /?camp-fire%2F77970180.html HTTP/1.1" 500 - "-" "Mozilla/5.0 (compatible; SemrushBot/7~bl; +http://www.semrush.com/bot.html)" "mantech8.com"
136.243.220.213 - - [18/Sep/2022:22:14:10 -0700] "GET /?camp-fire/31949766.html HTTP/1.1" 500 - "-" "Mozilla/5.0 (compatible; DataForSeoBot/1.0; +https://dataforseo.com/dataforseo-bot)" "mantech8.com"
136.243.220.213 - - [18/Sep/2022:22:14:14 -0700] "GET /?camp-fire/29235482.html HTTP/1.1" 500 - "-" "Mozilla/5.0 (compatible; DataForSeoBot/1.0; +https://dataforseo.com/dataforseo-bot)" "mantech8.com"
136.243.220.213 - - [18/Sep/2022:22:14:18 -0700] "GET /?camp-fire/13293790.html HTTP/1.1" 500 - "-" "Mozilla/5.0 (compatible; DataForSeoBot/1.0; +https://dataforseo.com/dataforseo-bot)" "mantech8.com"
185.191.171.37 - - [18/Sep/2022:22:14:21 -0700] "GET /?camp-fire%2F107730835.html HTTP/1.1" 500 - "-" "Mozilla/5.0 (compatible; SemrushBot/7~bl; +http://www.semrush.com/bot.html)" "mantech8.com"
136.243.220.213 - - [18/Sep/2022:22:14:22 -0700] "GET /?camp-fire/33763055.html HTTP/1.1" 500 - "-" "Mozilla/5.0 (compatible; DataForSeoBot/1.0; +https://dataforseo.com/dataforseo-bot)" "mantech8.com"
136.243.220.213 - - [18/Sep/2022:22:14:26 -0700] "GET /?camp-fire/7896455.html HTTP/1.1" 500 - "-" "Mozilla/5.0 (compatible; DataForSeoBot/1.0; +https://dataforseo.com/dataforseo-bot)" "mantech8.com"
136.243.220.213 - - [18/Sep/2022:22:14:30 -0700] "GET /?camp-fire/45948834.html HTTP/1.1" 500 - "-" "Mozilla/5.0 (compatible; DataForSeoBot/1.0; +https://dataforseo.com/dataforseo-bot)" "mantech8.com"
136.243.220.213 - - [18/Sep/2022:22:14:34 -0700] "GET /?camp-fire/23896435.html HTTP/1.1" 500 - "-" "Mozilla/5.0 (compatible; DataForSeoBot/1.0; +https://dataforseo.com/dataforseo-bot)" "mantech8.com"
136.243.220.213 - - [18/Sep/2022:22:14:38 -0700] "GET /?camp-fire/41257903.html HTTP/1.1" 500 - "-" "Mozilla/5.0 (compatible; DataForSeoBot/1.0; +https://dataforseo.com/dataforseo-bot)" "mantech8.com"
136.243.220.213 - - [18/Sep/2022:22:14:42 -0700] "GET /?camp-fire/17916387.html HTTP/1.1" 500 - "-" "Mozilla/5.0 (compatible; DataForSeoBot/1.0; +https://dataforseo.com/dataforseo-bot)" "mantech8.com"
136.243.220.213 - - [18/Sep/2022:22:14:44 -0700] "GET /?camp-fire/33613841.html HTTP/1.1" 500 - "-" "Mozilla/5.0 (compatible; DataForSeoBot/1.0; +https://dataforseo.com/dataforseo-bot)" "mantech8.com"
136.243.220.213 - - [18/Sep/2022:22:14:47 -0700] "GET /?camp-fire/17950172.html HTTP/1.1" 500 - "-" "Mozilla/5.0 (compatible; DataForSeoBot/1.0; +https://dataforseo.com/dataforseo-bot)" "mantech8.com"
136.243.220.213 - - [18/Sep/2022:22:14:51 -0700] "GET /?camp-fire/18438065.html HTTP/1.1" 500 - "-" "Mozilla/5.0 (compatible; DataForSeoBot/1.0; +https://dataforseo.com/dataforseo-bot)" "mantech8.com"
136.243.220.213 - - [18/Sep/2022:22:14:55 -0700] "GET /?camp-fire/36558493.html HTTP/1.1" 500 - "-" "Mozilla/5.0 (compatible; DataForSeoBot/1.0; +https://dataforseo.com/dataforseo-bot)" "mantech8.com"
136.243.220.213 - - [18/Sep/2022:22:14:59 -0700] "GET /?camp-fire/45948034.html HTTP/1.1" 500 - "-" "Mozilla/5.0 (compatible; DataForSeoBot/1.0; +https://dataforseo.com/dataforseo-bot)" "mantech8.com"
136.243.220.213 - - [18/Sep/2022:22:15:03 -0700] "GET /?camp-fire/31730789.html HTTP/1.1" 500 - "-" "Mozilla/5.0 (compatible; DataForSeoBot/1.0; +https://dataforseo.com/dataforseo-bot)" "mantech8.com"
136.243.220.213 - - [18/Sep/2022:22:15:07 -0700] "GET /?camp-fire/44519171.html HTTP/1.1" 500 - "-" "Mozilla/5.0 (compatible; DataForSeoBot/1.0; +https://dataforseo.com/dataforseo-bot)" "mantech8.com"
136.243.220.213 - - [18/Sep/2022:22:15:11 -0700] "GET /?camp-fire/29908821.html HTTP/1.1" 500 - "-" "Mozilla/5.0 (compatible; DataForSeoBot/1.0; +https://dataforseo.com/dataforseo-bot)" "mantech8.com"
136.243.220.213 - - [18/Sep/2022:22:15:15 -0700] "GET /?camp-fire/19802026.html HTTP/1.1" 500 - "-" "Mozilla/5.0 (compatible; DataForSeoBot/1.0; +https://dataforseo.com/dataforseo-bot)" "mantech8.com"
136.243.220.213 - - [18/Sep/2022:22:15:19 -0700] "GET /?camp-fire/24737817.html HTTP/1.1" 500 - "-" "Mozilla/5.0 (compatible; DataForSeoBot/1.0; +https://dataforseo.com/dataforseo-bot)" "mantech8.com"
192.111.139.165 - - [18/Sep/2022:22:15:19 -0700] "GET /contact.php HTTP/1.1" 200 29238 "http://mantech8.com/contact.php" "Mozilla/5.0 (Windows NT 6.3; Win64; x64) AppleWebKit/537.36 (KHTML, like Gecko) Chrome/90.0.4430.85 Safari/537.36 Edg/90.0.818.49" "mantech8.com"
136.243.220.213 - - [18/Sep/2022:22:15:23 -0700] "GET /?camp-fire/4513353.html HTTP/1.1" 500 - "-" "Mozilla/5.0 (compatible; DataForSeoBot/1.0; +https://dataforseo.com/dataforseo-bot)" "mantech8.com"
192.111.139.165 - - [18/Sep/2022:22:15:25 -0700] "GET /verificationimage.php?2649 HTTP/1.1" 200 1343 "http://mantech8.com/contact.php" "Mozilla/5.0 (Windows NT 6.3; Win64; x64) AppleWebKit/537.36 (KHTML, like Gecko) Chrome/90.0.4430.85 Safari/537.36 Edg/90.0.818.49" "mantech8.com"
136.243.220.213 - - [18/Sep/2022:22:15:27 -0700] "GET /?camp-fire/7312785.html HTTP/1.1" 500 - "-" "Mozilla/5.0 (compatible; DataForSeoBot/1.0; +https://dataforseo.com/dataforseo-bot)" "mantech8.com"
136.243.220.213 - - [18/Sep/2022:22:15:31 -0700] "GET /?camp-fire/19661165.html HTTP/1.1" 500 - "-" "Mozilla/5.0 (compatible; DataForSeoBot/1.0; +https://dataforseo.com/dataforseo-bot)" "mantech8.com"
136.243.220.213 - - [18/Sep/2022:22:15:35 -0700] "GET /?camp-fire/38782750.html HTTP/1.1" 500 - "-" "Mozilla/5.0 (compatible; DataForSeoBot/1.0; +https://dataforseo.com/dataforseo-bot)" "mantech8.com"
136.243.220.213 - - [18/Sep/2022:22:15:40 -0700] "GET /?camp-fire/43001876.html HTTP/1.1" 500 - "-" "Mozilla/5.0 (compatible; DataForSeoBot/1.0; +https://dataforseo.com/dataforseo-bot)" "mantech8.com"
185.191.171.34 - - [18/Sep/2022:22:15:40 -0700] "GET /?camp-fire%2F27893951.html HTTP/1.1" 500 - "-" "Mozilla/5.0 (compatible; SemrushBot/7~bl; +http://www.semrush.com/bot.html)" "mantech8.com"
40.77.167.54 - - [18/Sep/2022:22:15:42 -0700] "GET /?camp-fire/22755057.html HTTP/1.1" 200 45927 "-" "Mozilla/5.0 (compatible; bingbot/2.0; +http://www.bing.com/bingbot.htm)" "mantech8.com"
185.191.171.4 - - [18/Sep/2022:22:15:42 -0700] "GET /?camp-fire%2F80394183.html HTTP/1.1" 500 - "-" "Mozilla/5.0 (compatible; SemrushBot/7~bl; +http://www.semrush.com/bot.html)" "mantech8.com"
136.243.220.213 - - [18/Sep/2022:22:15:44 -0700] "GET /?camp-fire/20703480.html HTTP/1.1" 500 - "-" "Mozilla/5.0 (compatible; DataForSeoBot/1.0; +https://dataforseo.com/dataforseo-bot)" "mantech8.com"
136.243.220.213 - - [18/Sep/2022:22:15:47 -0700] "GET /?camp-fire/11247378.html HTTP/1.1" 500 - "-" "Mozilla/5.0 (compatible; DataForSeoBot/1.0; +https://dataforseo.com/dataforseo-bot)" "mantech8.com"
136.243.220.213 - - [18/Sep/2022:22:15:52 -0700] "GET /?camp-fire/38146925.html HTTP/1.1" 500 - "-" "Mozilla/5.0 (compatible; DataForSeoBot/1.0; +https://dataforseo.com/dataforseo-bot)" "mantech8.com"
136.243.220.213 - - [18/Sep/2022:22:15:56 -0700] "GET /?camp-fire/19801826.html HTTP/1.1" 500 - "-" "Mozilla/5.0 (compatible; DataForSeoBot/1.0; +https://dataforseo.com/dataforseo-bot)" "mantech8.com"
185.191.171.33 - - [18/Sep/2022:22:15:59 -0700] "GET /?camp-fire%2F25122306.html HTTP/1.1" 500 - "-" "Mozilla/5.0 (compatible; SemrushBot/7~bl; +http://www.semrush.com/bot.html)" "mantech8.com"
136.243.220.213 - - [18/Sep/2022:22:16:00 -0700] "GET /?camp-fire/30775109.html HTTP/1.1" 500 - "-" "Mozilla/5.0 (compatible; DataForSeoBot/1.0; +https://dataforseo.com/dataforseo-bot)" "mantech8.com"
136.243.220.213 - - [18/Sep/2022:22:16:04 -0700] "GET /?camp-fire/17624324.html HTTP/1.1" 500 - "-" "Mozilla/5.0 (compatible; DataForSeoBot/1.0; +https://dataforseo.com/dataforseo-bot)" "mantech8.com"
136.243.220.213 - - [18/Sep/2022:22:16:06 -0700] "GET /?camp-fire/7313385.html HTTP/1.1" 500 - "-" "Mozilla/5.0 (compatible; DataForSeoBot/1.0; +https://dataforseo.com/dataforseo-bot)" "mantech8.com"
136.243.220.213 - - [18/Sep/2022:22:16:07 -0700] "GET /?camp-fire/20640827.html HTTP/1.1" 500 - "-" "Mozilla/5.0 (compatible; DataForSeoBot/1.0; +https://dataforseo.com/dataforseo-bot)" "mantech8.com"
